04-03 22:27:20.166 4414 5222 I FusedLocation: (REDACTED) location delivery to %s blocked - too fast
04-03 22:27:20.166 4414 5222 I FusedLocation: (REDACTED) location delivery to %s blocked - too close
04-03 22:27:20.167 2635 4007 D LocationManagerService: incoming location from: fused
04-03 22:27:20.167 2635 4007 D LocationManagerService: incoming location from: fused
04-03 22:27:20.186 3836 7492 D PhoneInterfaceManager: [PhoneIntfMgr] QueryTelephonyChecker-getDataNetworkTypeForSubscriber: packageName = com.innowireless.xcal.mobile5, isGrant = true
04-03 22:27:20.242 5064 11036 D DebugReportServiceHidlClient: getReport 1.1...
04-03 22:27:20.242 1229 1229 E LocSvc_HIDL_DebugReportService: Invalid count: 0
04-03 22:27:20.242 1229 1229 E LocSvc_HIDL_DebugReportService: Invalid count: 0
04-03 22:27:20.243 1229 1229 E LocSvc_HIDL_DebugReportService: Invalid count: 0
04-03 22:27:20.243 1229 1229 E LocSvc_HIDL_DebugReportService: Invalid count: 0
04-03 22:27:20.243 5064 11036 D DebugReportServiceHidlClient: getReport 1.1 success: true
04-03 22:27:20.244 5064 11036 D DebugReportServiceHidlClient: getReport 1.0 success: true
04-03 22:27:20.248 1219 4348 I vendor.qti.bluetooth@1.0-ibs_handler: ProcessIbsCmd: Received IBS_SLEEP_IND: 0xFE
04-03 22:27:20.311 1219 4348 I vendor.qti.bluetooth@1.0-ibs_handler: ProcessIbsCmd: Received IBS_WAKE_IND: 0xFD
04-03 22:27:20.311 1219 4348 I vendor.qti.bluetooth@1.0-ibs_handler: ProcessIbsCmd: Writing IBS_WAKE_ACK
04-03 22:27:20.312 3836 7492 D PhoneInterfaceManager: [PhoneIntfMgr] QueryTelephonyChecker-getDataNetworkTypeForSubscriber: packageName = com.innowireless.xcal.mobile5, isGrant = true
04-03 22:27:20.344 3247 4531 D OplusBluetoothSarManager: onDataActivity() direction: 0
04-03 22:27:20.345 3247 4531 D OplusBluetoothSarManager: getBaseSarMode() isBluetoothTx: true, isCellularTx: false, is2_4GWifiTx: false, is5GWifiTx: false, isReceiverOn: false
04-03 22:27:20.345 3247 4531 D OplusBluetoothSarManager: getSarMode() baseSarMode: BT_BODY_SAR_MODE(1)
04-03 22:27:20.345 3247 4531 D OplusBluetoothSarManager: getSarMode() newSarMode: BT_BODY_SAR_MODE(17)
04-03 22:27:20.345 3247 4531 D OplusBluetoothSarManager: currentSarMode: BT_WWAN_BODY_SAR_MODE(25), newSarMode: BT_BODY_SAR_MODE(17)
04-03 22:27:20.345 3247 4531 D oplus_bt_power: set_max_power_impl mode: 17
04-03 22:27:20.345 3247 4531 I oplus_bt_power: set_max_power_impl start parsing config file
04-03 22:27:20.345 3247 4531 I oplus_bt_power: set_max_power_impl continue parsing config file
04-03 22:27:20.345 3247 4531 D oplus_bt_power: set_max_power_impl, sar_mode=17, br_sar=0x2a, edr_sar=0x20, ble_sar=0x28
04-03 22:27:20.348 3270 3754 D NetworkController.MobileSignalController(7): onMobileStatusChanged= updateTelephony=false mobileStatus=[activityIn=false,activityOut=false,dataSim=true,carrierNetworkChangeMode=false,dataState=2,serviceState=mVoiceRegState=0(IN_SERVICE), mDataRegState=0(IN_SERVICE),signalStrength=4,telephonyDisplayInfo=TelephonyDisplayInfo {network=LTE, override=NR_NSA}]
04-03 22:27:20.349 3247 4353 D oplus_bt_power: power_cntrl_callback: param->opcode=fcda subopcode=e status=0
04-03 22:27:20.375 3270 3754 I BaseMobileSignalControllerExt: showDataIcon:true
04-03 22:27:20.379 2635 3024 D WifiActiveModeWarden: there is no primary client manager, return the default one
04-03 22:27:20.427 1219 4348 I vendor.qti.bluetooth@1.0-ibs_handler: ProcessIbsCmd: Received IBS_SLEEP_IND: 0xFE
04-03 22:27:20.429 1255 1255 I android.hardware.thermal@2.0-service.qti: Sensor Name:shell_frametemp: 39.9. prev severity:0. cur severity:0 New severity:0
04-03 22:27:20.430 1255 1255 I android.hardware.thermal@2.0-service.qti: Sensor Name:skintemp: 42.423. prev severity:0. cur severity:3 New severity:3
04-03 22:27:20.431 1255 1255 I android.hardware.thermal@2.0-service.qti: Sensor Name:shell_fronttemp: 39.9. prev severity:0. cur severity:0 New severity:0
04-03 22:27:20.431 1255 1255 I android.hardware.thermal@2.0-service.qti: Sensor Name:shell_backtemp: 39.9. prev severity:0. cur severity:0 New severity:0
04-03 22:27:20.441 1219 4348 I vendor.qti.bluetooth@1.0-ibs_handler: ProcessIbsCmd: Received IBS_WAKE_IND: 0xFD
04-03 22:27:20.441 1219 4348 I vendor.qti.bluetooth@1.0-ibs_handler: ProcessIbsCmd: Writing IBS_WAKE_ACK
04-03 22:27:20.485 3836 20675 D PhoneInterfaceManager: [PhoneIntfMgr] QueryTelephonyChecker-getDataNetworkTypeForSubscriber: packageName = com.innowireless.xcal.mobile5, isGrant = true
04-03 22:27:20.534 3836 20675 D PhoneInterfaceManager: [PhoneIntfMgr] QueryTelephonyChecker-getDataNetworkTypeForSubscriber: packageName = com.innowireless.xcal.mobile5, isGrant = true
04-03 22:27:20.553 1219 4348 I vendor.qti.bluetooth@1.0-ibs_handler: ProcessIbsCmd: Received IBS_SLEEP_IND: 0xFE
04-03 22:27:20.573 1219 4348 I vendor.qti.bluetooth@1.0-ibs_handler: ProcessIbsCmd: Received IBS_WAKE_IND: 0xFD
04-03 22:27:20.574 1219 4348 I vendor.qti.bluetooth@1.0-ibs_handler: ProcessIbsCmd: Writing IBS_WAKE_ACK
04-03 22:27:20.579 4414 31697 I NearbyMediums: Received advertisement header BleAdvertisementHeader { version=2, numSlots=2, serviceIdBloomFilter=[ 0x17 0x23 0x35 0x5a 0x32 0x34 0x11 0x32 0x23 0x2e ], advertisementHash=[ 0x87 0x63 0xc5 0xe8 ], psm=27614, supportExtendedAdvertisement=false}. Will retry reading its GATT advertisement.
04-03 22:27:20.579 4414 31697 I NearbyMediums: Not allow Gatt actions during scanning.
04-03 22:27:20.600 3836 20675 D PhoneInterfaceManager: [PhoneIntfMgr] QueryTelephonyChecker-getDataNetworkTypeForSubscriber: packageName = com.innowireless.xcal.mobile5, isGrant = true
04-03 22:27:20.612 3836 20675 D PhoneInterfaceManager: [PhoneIntfMgr] QueryTelephonyChecker-getDataNetworkTypeForSubscriber: packageName = com.innowireless.xcal.mobile5, isGrant = true
04-03 22:27:20.687 3836 20675 D PhoneInterfaceManager: [PhoneIntfMgr] QueryTelephonyChecker-getDataNetworkTypeForSubscriber: packageName = com.innowireless.xcal.mobile5, isGrant = true
04-03 22:27:20.735 3836 7492 D PhoneInterfaceManager: [PhoneIntfMgr] QueryTelephonyChecker-getDataNetworkTypeForSubscriber: packageName = com.innowireless.xcal.mobile5, isGrant = true
04-03 22:27:20.760 1219 4348 I vendor.qti.bluetooth@1.0-ibs_handler: ProcessIbsCmd: Received IBS_SLEEP_IND: 0xFE
04-03 22:27:20.806 8162 10977 D GPS : NMEA is invaild.
04-03 22:27:20.807 8162 10977 D GPS : mNMEASatelites : 7
04-03 22:27:20.811 8162 10977 D GPS : Android GPS is invaild.
04-03 22:27:20.841 1219 4348 I vendor.qti.bluetooth@1.0-ibs_handler: ProcessIbsCmd: Received IBS_WAKE_IND: 0xFD
04-03 22:27:20.841 1219 4348 I vendor.qti.bluetooth@1.0-ibs_handler: ProcessIbsCmd: Writing IBS_WAKE_ACK
04-03 22:27:20.883 3836 7492 D PhoneInterfaceManager: [PhoneIntfMgr] QueryTelephonyChecker-getDataNetworkTypeForSubscriber: packageName = com.innowireless.xcal.mobile5, isGrant = true
04-03 22:27:20.886 2635 3024 D WifiActiveModeWarden: there is no primary client manager, return the default one
04-03 22:27:20.886 2635 4007 D WifiService: getWifiEnabledState primaryClientMode is mDefaultClientModeManager
04-03 22:27:21.100 1219 4348 I vendor.qti.bluetooth@1.0-ibs_handler: ProcessIbsCmd: Received IBS_SLEEP_IND: 0xFE
04-03 22:27:21.146 2635 3000 D OplusLocationStatistics: on recordTaskMark, key: gnssReportLocation
04-03 22:27:21.147 2635 2655 D LocationManagerService: incoming location from: gps
04-03 22:27:21.148 2635 2655 D LocationManagerService: incoming location from: gps
04-03 22:27:21.162 4414 5222 I FusedLocation: (REDACTED) location delivery to %s blocked - too close
04-03 22:27:21.163 4414 5222 I FusedLocation: (REDACTED) location delivery to %s blocked - too fast
04-03 22:27:21.164 4414 5222 I FusedLocation: (REDACTED) location delivery to %s blocked - too close
04-03 22:27:21.165 2635 4174 D LocationManagerService: incoming location from: fused
04-03 22:27:21.165 2635 4174 D LocationManagerService: incoming location from: fused
04-03 22:27:21.186 3836 7492 D PhoneInterfaceManager: [PhoneIntfMgr] QueryTelephonyChecker-getDataNetworkTypeForSubscriber: packageName = com.innowireless.xcal.mobile5, isGrant = true
04-03 22:27:21.242 5064 11036 D DebugReportServiceHidlClient: getReport 1.1...
04-03 22:27:21.242 1229 1229 E LocSvc_HIDL_DebugReportService: Invalid count: 0
04-03 22:27:21.242 1229 1229 E LocSvc_HIDL_DebugReportService: Invalid count: 0
04-03 22:27:21.242 1229 1229 E LocSvc_HIDL_DebugReportService: Invalid count: 0
04-03 22:27:21.242 1229 1229 E LocSvc_HIDL_DebugReportService: Invalid count: 0
04-03 22:27:21.243 5064 11036 D DebugReportServiceHidlClient: getReport 1.1 success: true
04-03 22:27:21.243 5064 11036 D DebugReportServiceHidlClient: getReport 1.0 success: true
04-03 22:27:21.310 3836 7492 D PhoneInterfaceManager: [PhoneIntfMgr] QueryTelephonyChecker-getDataNetworkTypeForSubscriber: packageName = com.innowireless.xcal.mobile5, isGrant = true
04-03 22:27:21.382 2635 3024 D WifiActiveModeWarden: there is no primary client manager, return the default one
04-03 22:27:21.434 1255 1255 I android.hardware.thermal@2.0-service.qti: Sensor Name:shell_frametemp: 39.9. prev severity:0. cur severity:0 New severity:0
04-03 22:27:21.435 1255 1255 I android.hardware.thermal@2.0-service.qti: Sensor Name:skintemp: 42.528. prev severity:0. cur severity:3 New severity:3
04-03 22:27:21.436 1255 1255 I android.hardware.thermal@2.0-service.qti: Sensor Name:shell_fronttemp: 39.9. prev severity:0. cur severity:0 New severity:0
04-03 22:27:21.436 1255 1255 I android.hardware.thermal@2.0-service.qti: Sensor Name:shell_backtemp: 39.9. prev severity:0. cur severity:0 New severity:0
04-03 22:27:21.484 3836 7492 D PhoneInterfaceManager: [PhoneIntfMgr] QueryTelephonyChecker-getDataNetworkTypeForSubscriber: packageName = com.innowireless.xcal.mobile5, isGrant = true
04-03 22:27:21.533 3836 20675 D PhoneInterfaceManager: [PhoneIntfMgr] QueryTelephonyChecker-getDataNetworkTypeForSubscriber: packageName = com.innowireless.xcal.mobile5, isGrant = true
04-03 22:27:21.561 3836 7492 D PhoneInterfaceManager: [PhoneIntfMgr] QueryTelephonyChecker-getDataNetworkTypeForSubscriber: packageName = com.innowireless.xcal.mobile5, isGrant = true
04-03 22:27:21.600 3836 7492 D PhoneInterfaceManager: [PhoneIntfMgr] QueryTelephonyChecker-getDataNetworkTypeForSubscriber: packageName = com.innowireless.xcal.mobile5, isGrant = true
04-03 22:27:21.619 1219 4348 I vendor.qti.bluetooth@1.0-ibs_handler: ProcessIbsCmd: Received IBS_WAKE_IND: 0xFD
04-03 22:27:21.619 1219 4348 I vendor.qti.bluetooth@1.0-ibs_handler: ProcessIbsCmd: Writing IBS_WAKE_ACK
04-03 22:27:21.637 3836 20675 D PhoneInterfaceManager: [PhoneIntfMgr] QueryTelephonyChecker-getDataNetworkTypeForSubscriber: packageName = com.innowireless.xcal.mobile5, isGrant = true
04-03 22:27:21.681 1219 4357 I vendor.qti.bluetooth@1.0-ibs_handler: DeviceSleep: TX Awake, Sending SLEEP_IND
04-03 22:27:21.704 1219 4348 I vendor.qti.bluetooth@1.0-ibs_handler: ProcessIbsCmd: Received IBS_SLEEP_IND: 0xFE
04-03 22:27:21.704 1219 4348 D vendor.qti.bluetooth@1.0-ibs_handler: SerialClockVote: vote for UART CLK OFF
04-03 22:27:21.722 1219 4348 I vendor.qti.bluetooth@1.0-ibs_handler: ProcessIbsCmd: Received IBS_WAKE_IND: 0xFD
04-03 22:27:21.722 1219 4348 D vendor.qti.bluetooth@1.0-ibs_handler: SerialClockVote: vote for UART CLK ON
04-03 22:27:21.722 1219 4348 I vendor.qti.bluetooth@1.0-ibs_handler: ProcessIbsCmd: Writing IBS_WAKE_ACK
04-03 22:27:21.732 4414 31045 I NearbyMediums: Received advertisement header BleAdvertisementHeader { version=2, numSlots=2, serviceIdBloomFilter=[ 0x17 0x23 0x35 0x5a 0x32 0x34 0x11 0x32 0x23 0x2e ], advertisementHash=[ 0x87 0x63 0xc5 0xe8 ], psm=27614, supportExtendedAdvertisement=false}. Will retry reading its GATT advertisement.
04-03 22:27:21.732 4414 31045 I NearbyMediums: Not allow Gatt actions during scanning.
04-03 22:27:21.736 3836 7492 D PhoneInterfaceManager: [PhoneIntfMgr] QueryTelephonyChecker-getDataNetworkTypeForSubscriber: packageName = com.innowireless.xcal.mobile5, isGrant = true
04-03 22:27:21.804 1219 4348 I vendor.qti.bluetooth@1.0-ibs_handler: ProcessIbsCmd: Received IBS_SLEEP_IND: 0xFE
04-03 22:27:21.804 1219 4348 D vendor.qti.bluetooth@1.0-ibs_handler: SerialClockVote: vote for UART CLK OFF
04-03 22:27:21.805 8162 10977 D GPS : NMEA is invaild.
04-03 22:27:21.806 8162 10977 D GPS : mNMEASatelites : 7
04-03 22:27:21.810 8162 10977 D GPS : Android GPS is invaild.
04-03 22:27:21.930 3836 7492 D PhoneInterfaceManager: [PhoneIntfMgr] QueryTelephonyChecker-getDataNetworkTypeForSubscriber: packageName = com.innowireless.xcal.mobile5, isGrant = true
04-03 22:27:21.932 2635 3024 D WifiActiveModeWarden: there is no primary client manager, return the default one
04-03 22:27:21.933 2635 4174 D WifiService: getWifiEnabledState primaryClientMode is mDefaultClientModeManager
04-03 22:27:21.955 1219 4143 D vendor.qti.bluetooth@1.0-wake_lock: Release wakelock is released
04-03 22:27:22.124 2635 2705 D OplusFeatureBrightnessBarController: mDarkLevel: 0
04-03 22:27:22.145 2635 3163 D OplusLocationStatistics: on recordTaskMark, key: gnssReportLocation
04-03 22:27:22.145 2635 2655 D LocationManagerService: incoming location from: gps
04-03 22:27:22.147 2635 2655 D LocationManagerService: incoming location from: gps
04-03 22:27:22.165 4414 5222 I FusedLocation: (REDACTED) location delivery to %s blocked - too close
04-03 22:27:22.166 4414 5222 I FusedLocation: (REDACTED) location delivery to %s blocked - too fast
04-03 22:27:22.167 4414 5222 I FusedLocation: (REDACTED) location delivery to %s blocked - too close
04-03 22:27:22.168 2635 5661 D LocationManagerService: incoming location from: fused
04-03 22:27:22.168 2635 5661 D LocationManagerService: incoming location from: fused
04-03 22:27:22.187 3836 7492 D PhoneInterfaceManager: [PhoneIntfMgr] QueryTelephonyChecker-getDataNetworkTypeForSubscriber: packageName = com.innowireless.xcal.mobile5, isGrant = true
04-03 22:27:22.242 5064 11036 D DebugReportServiceHidlClient: getReport 1.1...
04-03 22:27:22.243 1229 1229 E LocSvc_HIDL_DebugReportService: Invalid count: 0
04-03 22:27:22.243 1229 1229 E LocSvc_HIDL_DebugReportService: Invalid count: 0
04-03 22:27:22.243 1229 1229 E LocSvc_HIDL_DebugReportService: Invalid count: 0
04-03 22:27:22.243 1229 1229 E LocSvc_HIDL_DebugReportService: Invalid count: 0
04-03 22:27:22.243 5064 11036 D DebugReportServiceHidlClient: getReport 1.1 success: true
04-03 22:27:22.243 5064 11036 D DebugReportServiceHidlClient: getReport 1.0 success: true
04-03 22:27:22.311 3836 7492 D PhoneInterfaceManager: [PhoneIntfMgr] QueryTelephonyChecker-getDataNetworkTypeForSubscriber: packageName = com.innowireless.xcal.mobile5, isGrant = true
04-03 22:27:22.329 1219 4348 I vendor.qti.bluetooth@1.0-ibs_handler: ProcessIbsCmd: Received IBS_WAKE_IND: 0xFD
04-03 22:27:22.329 1219 4348 D vendor.qti.bluetooth@1.0-ibs_handler: SerialClockVote: vote for UART CLK ON
04-03 22:27:22.330 1219 4348 D vendor.qti.bluetooth@1.0-wake_lock: Acquire wakelock is acquired
04-03 22:27:22.330 1219 4348 I vendor.qti.bluetooth@1.0-ibs_handler: ProcessIbsCmd: Writing IBS_WAKE_ACK
04-03 22:27:22.350 4414 31045 I NearbyMediums: Received advertisement header BleAdvertisementHeader { version=2, numSlots=2, serviceIdBloomFilter=[ 0x17 0x23 0x35 0x5a 0x32 0x34 0x11 0x32 0x23 0x2e ], advertisementHash=[ 0x87 0x63 0xc5 0xe8 ], psm=27614, supportExtendedAdvertisement=false}. Will retry reading its GATT advertisement.
04-03 22:27:22.350 4414 31045 I NearbyMediums: Not allow Gatt actions during scanning.
04-03 22:27:22.368 3247 4531 D OplusBluetoothSarManager: onDataActivity() direction: 3
04-03 22:27:22.368 3247 4531 D OplusBluetoothSarManager: getBaseSarMode() isBluetoothTx: true, isCellularTx: true, is2_4GWifiTx: false, is5GWifiTx: false, isReceiverOn: false
04-03 22:27:22.368 3247 4531 D OplusBluetoothSarManager: getSarMode() baseSarMode: BT_WWAN_BODY_SAR_MODE(9)
04-03 22:27:22.368 3247 4531 D OplusBluetoothSarManager: getSarMode() newSarMode: BT_WWAN_BODY_SAR_MODE(25)
04-03 22:27:22.368 3247 4531 D OplusBluetoothSarManager: currentSarMode: BT_BODY_SAR_MODE(17), newSarMode: BT_WWAN_BODY_SAR_MODE(25)
04-03 22:27:22.368 3247 4531 D oplus_bt_power: set_max_power_impl mode: 25
04-03 22:27:22.368 3247 4531 I oplus_bt_power: set_max_power_impl start parsing config file
04-03 22:27:22.368 3247 4531 I oplus_bt_power: set_max_power_impl continue parsing config file
04-03 22:27:22.368 3247 4531 D oplus_bt_power: set_max_power_impl, sar_mode=25, br_sar=0x2a, edr_sar=0x20, ble_sar=0x28
04-03 22:27:22.369 1219 1219 I vendor.qti.bluetooth@1.0-ibs_handler: DeviceWakeUp: Writing IBS_WAKE_IND
04-03 22:27:22.370 3270 3754 D NetworkController.MobileSignalController(7): onMobileStatusChanged= updateTelephony=false mobileStatus=[activityIn=true,activityOut=true,dataSim=true,carrierNetworkChangeMode=false,dataState=2,serviceState=mVoiceRegState=0(IN_SERVICE), mDataRegState=0(IN_SERVICE),signalStrength=4,telephonyDisplayInfo=TelephonyDisplayInfo {network=LTE, override=NR_NSA}]
04-03 22:27:22.370 1219 4348 I vendor.qti.bluetooth@1.0-ibs_handler: ProcessIbsCmd: Received IBS_WAKE_ACK: 0xFC
04-03 22:27:22.370 1219 4348 I vendor.qti.bluetooth@1.0-ibs_handler: ProcessIbsCmd: Signal wack_cond_
04-03 22:27:22.370 1219 1219 D vendor.qti.bluetooth@1.0-ibs_handler: DeviceWakeUp: Unblocked from waiting for FC, pthread_cond_timedwait ret = 0
04-03 22:27:22.372 3247 4353 D oplus_bt_power: power_cntrl_callback: param->opcode=fcda subopcode=e status=0
04-03 22:27:22.385 2635 3024 D WifiActiveModeWarden: there is no primary client manager, return the default one
04-03 22:27:22.393 3270 3754 I BaseMobileSignalControllerExt: showDataIcon:true
04-03 22:27:22.437 1255 1255 I android.hardware.thermal@2.0-service.qti: Sensor Name:shell_frametemp: 39.9. prev severity:0. cur severity:0 New severity:0
04-03 22:27:22.439 1255 1255 I android.hardware.thermal@2.0-service.qti: Sensor Name:skintemp: 42.608. prev severity:0. cur severity:3 New severity:3
04-03 22:27:22.439 1255 1255 I android.hardware.thermal@2.0-service.qti: Sensor Name:shell_fronttemp: 39.9. prev severity:0. cur severity:0 New severity:0
04-03 22:27:22.440 1255 1255 I android.hardware.thermal@2.0-service.qti: Sensor Name:shell_backtemp: 39.9. prev severity:0. cur severity:0 New severity:0
04-03 22:27:22.451 1219 4348 I vendor.qti.bluetooth@1.0-ibs_handler: ProcessIbsCmd: Received IBS_SLEEP_IND: 0xFE
04-03 22:27:22.488 3836 7492 D PhoneInterfaceManager: [PhoneIntfMgr] QueryTelephonyChecker-getDataNetworkTypeForSubscriber: packageName = com.innowireless.xcal.mobile5, isGrant = true
04-03 22:27:22.534 3836 20675 D PhoneInterfaceManager: [PhoneIntfMgr] QueryTelephonyChecker-getDataNetworkTypeForSubscriber: packageName = com.innowireless.xcal.mobile5, isGrant = true
04-03 22:27:22.567 1219 4348 I vendor.qti.bluetooth@1.0-ibs_handler: ProcessIbsCmd: Received IBS_WAKE_IND: 0xFD
04-03 22:27:22.567 1219 4348 I vendor.qti.bluetooth@1.0-ibs_handler: ProcessIbsCmd: Writing IBS_WAKE_ACK
04-03 22:27:22.573 3836 20675 D PhoneInterfaceManager: [PhoneIntfMgr] QueryTelephonyChecker-getDataNetworkTypeForSubscriber: packageName = com.innowireless.xcal.mobile5, isGrant = true
04-03 22:27:22.574 2635 3024 D WifiActiveModeWarden: there is no primary client manager, return the default one
04-03 22:27:22.574 2635 4007 D WifiService: getWifiEnabledState primaryClientMode is mDefaultClientModeManager
04-03 22:27:22.578 3836 7492 D PhoneInterfaceManager: [PhoneIntfMgr] QueryTelephonyChecker-getDataNetworkTypeForSubscriber: packageName = com.innowireless.xcal.mobile5, isGrant = true
04-03 22:27:22.603 3836 20675 D PhoneInterfaceManager: [PhoneIntfMgr] QueryTelephonyChecker-getDataNetworkTypeForSubscriber: packageName = com.innowireless.xcal.mobile5, isGrant = true
04-03 22:27:22.609 2635 5661 D WifiNl80211Manager: Scan result ready event
04-03 22:27:22.609 2635 5661 D WifiNative: Scan result ready event
04-03 22:27:22.610 2635 3024 D WifiActiveModeWarden: there is no primary client manager, return the default one
04-03 22:27:22.610 2635 3024 D WifiService: getWifiEnabledState primaryClientMode is mDefaultClientModeManager
04-03 22:27:22.623 2635 3024 D WifiActiveModeWarden: there is no primary client manager, return the default one
04-03 22:27:22.623 2635 3024 D WifiActiveModeWarden: there is no primary client manager, return the default one
04-03 22:27:22.623 2635 3024 D OplusScanResultsProxy: fewApNum:5
04-03 22:27:22.624 2635 3059 D WificondScannerImpl: Filtering out scan result AN***5G, a8:**:**:**:13:3a time diff 3521777ms
04-03 22:27:22.624 2635 3059 D WificondScannerImpl: Filtering out scan result Ai***Fi, 80:**:**:**:1d:92 time diff 20051252ms
04-03 22:27:22.624 2635 3059 D WificondScannerImpl: Filtering out scan result Am***5g, a2:**:**:**:61:2c time diff 13512452ms
04-03 22:27:22.624 2635 3059 D WificondScannerImpl: Filtering out scan result Ai***72, 20:**:**:**:7c:91 time diff 15025644ms
04-03 22:27:22.625 2635 3059 D WificondScannerImpl: Filtering out scan result Ad***ce, 78:**:**:**:de:49 time diff 4791888ms
04-03 22:27:22.625 2635 3059 D WificondScannerImpl: Filtering out scan result RI***I , b8:**:**:**:a5:66 time diff 4752225ms
04-03 22:27:22.625 2635 3059 D WificondScannerImpl: Filtering out 6 scan results.
04-03 22:27:22.633 2635 2635 D OplusRouterBoostVendorCommImpl: isApGameDupPktSupport: mVendorCommEnabled = true, mApInfo.mApGameDupPkt = 0
04-03 22:27:22.634 2635 2635 D WN_S : receive WifiManager.SCAN_RESULTS_AVAILABLE_ACTION
04-03 22:27:22.635 3270 3754 D WifiManager: getScanResults check resulttrue
04-03 22:27:22.635 4414 31602 I FrewleTileCacheManagerV: (REDACTED) Fetched %d AP models from cache
04-03 22:27:22.635 2635 3024 D WakeupController: Attempted to handleScanResults while not enabled
04-03 22:27:22.636 2635 3147 D WifiManager: getScanResults check resulttrue
04-03 22:27:22.636 4414 31409 D WifiManager: getScanResults check resulttrue
04-03 22:27:22.647 1219 4348 I vendor.qti.bluetooth@1.0-ibs_handler: ProcessIbsCmd: Received IBS_SLEEP_IND: 0xFE
04-03 22:27:22.665 2635 4007 D LocationManagerService: incoming location from: network
04-03 22:27:22.665 2635 4007 D LocationManagerService: incoming location from: network
04-03 22:27:22.665 4414 5222 I fbsw : Received empty WiFi-RTT scan. [CONTEXT service_id=6 ]
04-03 22:27:22.678 3836 7492 D PhoneInterfaceManager: [PhoneIntfMgr] QueryTelephonyChecker-getDataNetworkTypeForSubscriber: packageName = com.innowireless.xcal.mobile5, isGrant = true
04-03 22:27:22.736 3836 7492 D PhoneInterfaceManager: [PhoneIntfMgr] QueryTelephonyChecker-getDataNetworkTypeForSubscriber: packageName = com.innowireless.xcal.mobile5, isGrant = true
04-03 22:27:22.740 1219 4348 I vendor.qti.bluetooth@1.0-ibs_handler: ProcessIbsCmd: Received IBS_WAKE_IND: 0xFD
04-03 22:27:22.740 1219 4348 I vendor.qti.bluetooth@1.0-ibs_handler: ProcessIbsCmd: Writing IBS_WAKE_ACK
04-03 22:27:22.775 2635 3024 D WifiActiveModeWarden: there is no primary client manager, return the default one
04-03 22:27:22.785 3247 4353 W bt_l2cap: L2CAP - Calling CongestionStatus_Cb (true),CID:0x0047,XmitQ:21,Quota:20
04-03 22:27:22.804 8162 10977 D GPS : NMEA is invaild.
04-03 22:27:22.804 8162 10977 D GPS : mNMEASatelites : 6
04-03 22:27:22.805 8162 10977 D GPS : Android GPS is invaild.
04-03 22:27:22.850 1219 4348 I vendor.qti.bluetooth@1.0-ibs_handler: ProcessIbsCmd: Received IBS_SLEEP_IND: 0xFE
04-03 22:27:22.929 1219 4348 I vendor.qti.bluetooth@1.0-ibs_handler: ProcessIbsCmd: Received IBS_WAKE_IND: 0xFD
04-03 22:27:22.929 1219 4348 I vendor.qti.bluetooth@1.0-ibs_handler: ProcessIbsCmd: Writing IBS_WAKE_ACK
04-03 22:27:22.930 3270 3270 I BaseMobileSignalControllerExt: showDataIcon:true
04-03 22:27:22.983 3836 8673 D PhoneInterfaceManager: [PhoneIntfMgr] QueryTelephonyChecker-getDataNetworkTypeForSubscriber: packageName = com.innowireless.xcal.mobile5, isGrant = true
04-03 22:27:22.986 2635 3024 D WifiActiveModeWarden: there is no primary client manager, return the default one
04-03 22:27:22.986 2635 3967 D WifiService: getWifiEnabledState primaryClientMode is mDefaultClientModeManager
04-03 22:27:23.051 1219 4348 I vendor.qti.bluetooth@1.0-ibs_handler: ProcessIbsCmd: Received IBS_SLEEP_IND: 0xFE
04-03 22:27:23.071 1219 4348 I vendor.qti.bluetooth@1.0-ibs_handler: ProcessIbsCmd: Received IBS_WAKE_IND: 0xFD
04-03 22:27:23.071 1219 4348 I vendor.qti.bluetooth@1.0-ibs_handler: ProcessIbsCmd: Writing IBS_WAKE_ACK
04-03 22:27:23.146 2635 3163 D OplusLocationStatistics: on recordTaskMark, key: gnssReportLocation
04-03 22:27:23.147 2635 2655 D LocationManagerService: incoming location from: gps
04-03 22:27:23.148 2635 2655 D LocationManagerService: incoming location from: gps
04-03 22:27:23.162 1219 4348 I vendor.qti.bluetooth@1.0-ibs_handler: ProcessIbsCmd: Received IBS_SLEEP_IND: 0xFE
04-03 22:27:23.175 4414 5222 I FusedLocation: (REDACTED) location delivery to %s blocked - too close
04-03 22:27:23.176 1219 4348 I vendor.qti.bluetooth@1.0-ibs_handler: ProcessIbsCmd: Received IBS_WAKE_IND: 0xFD
04-03 22:27:23.176 1219 4348 I vendor.qti.bluetooth@1.0-ibs_handler: ProcessIbsCmd: Writing IBS_WAKE_ACK
04-03 22:27:23.177 4414 5222 I FusedLocation: (REDACTED) location delivery to %s blocked - too fast
04-03 22:27:23.177 4414 5222 I FusedLocation: (REDACTED) location delivery to %s blocked - too close
04-03 22:27:23.178 2635 3967 D LocationManagerService: incoming location from: fused
04-03 22:27:23.178 2635 3967 D LocationManagerService: incoming location from: fused
04-03 22:27:23.187 3836 8673 D PhoneInterfaceManager: [PhoneIntfMgr] QueryTelephonyChecker-getDataNetworkTypeForSubscriber: packageName = com.innowireless.xcal.mobile5, isGrant = true
04-03 22:27:23.242 4414 31611 I NearbyMediums: Found Fast Ble Advertisements :
04-03 22:27:23.242 4414 31611 I NearbyMediums: BleAdvertisement { version=2, socketVersion=2, isFast=true, serviceIdHash=null, data=[ 0x23 0x35 0x5a 0x32 0x34 0x11 0x32 0x23 0x2e 0x87 0x63 0xc5 0xe8 0x6b 0xde 0xd8 0xb4 0xf9 0xcc 0xb0 0x7b 0xe1 0xb9 ], deviceToken=[ 0xff 0x0b ], rxAdvertisement=null } : 8 times.
04-03 22:27:23.242 4414 31611 I NearbyMediums: BleAdvertisement { version=2, socketVersion=2, isFast=true, serviceIdHash=null, data=[ 0x23 0x4a 0x32 0x52 0x54 0x11 0x34 0x28 0x68 0x0d 0xd3 0x3e 0x66 0xe1 0xda 0xb2 0x19 0xb7 0xc3 0xfb 0x59 0xab 0x39 ], deviceToken=[ 0x34 0xb6 ], rxAdvertisement=null } : 4 times.
04-03 22:27:23.242 4414 31611 I NearbyMediums: Total 12 fast advertisements from 2 unique advertisers.
04-03 22:27:23.242 4414 31611 I NearbyMediums: Found BLE GATT Advertisements :
04-03 22:27:23.242 4414 31611 I NearbyMediums: BleAdvertisement { version=2, socketVersion=2, isFast=false, serviceIdHash=[ 0xfc 0x9f 0x5e ], data=[ 0x23 0xfc 0x9f 0x5e 0x45 0x37 0x37 0x50 0x1d 0x06 0x2e 0x32 0xdb 0x0c 0x22 0x06 0xe8 0xd7 0xac 0x9e 0x48 0x95 0xe4 0x57 0x9f 0x7a 0x0b 0x50 0x72 0x61 0x74 0x69 0x6b 0x27 0x73 0x20 0x50 0x43 0x30 0x89 0x4a 0xc6 0x21 0x12 0x00 0x00 ], deviceToken=[ 0x11 0xe0 ], rxAdvertisement=null } : 11 times.
04-03 22:27:23.242 4414 31611 I NearbyMediums: Total 11 GATT advertisements from 1 unique advertisers.
04-03 22:27:23.243 5064 11036 D DebugReportServiceHidlClient: getReport 1.1...
04-03 22:27:23.243 1229 1229 E LocSvc_HIDL_DebugReportService: Invalid count: 0
04-03 22:27:23.243 1229 1229 E LocSvc_HIDL_DebugReportService: Invalid count: 0
04-03 22:27:23.243 1229 1229 E LocSvc_HIDL_DebugReportService: Invalid count: 0
04-03 22:27:23.243 1229 1229 E LocSvc_HIDL_DebugReportService: Invalid count: 0
04-03 22:27:23.246 5064 11036 D DebugReportServiceHidlClient: getReport 1.1 success: true
04-03 22:27:23.246 5064 11036 D DebugReportServiceHidlClient: getReport 1.0 success: true
04-03 22:27:23.311 3836 8673 D PhoneInterfaceManager: [PhoneIntfMgr] QueryTelephonyChecker-getDataNetworkTypeForSubscriber: packageName = com.innowireless.xcal.mobile5, isGrant = true
04-03 22:27:23.344 1219 4348 I vendor.qti.bluetooth@1.0-ibs_handler: ProcessIbsCmd: Received IBS_SLEEP_IND: 0xFE
04-03 22:27:23.386 1219 4348 I vendor.qti.bluetooth@1.0-ibs_handler: ProcessIbsCmd: Received IBS_WAKE_IND: 0xFD
04-03 22:27:23.386 1219 4348 I vendor.qti.bluetooth@1.0-ibs_handler: ProcessIbsCmd: Writing IBS_WAKE_ACK
04-03 22:27:23.387 2635 3024 D WifiActiveModeWarden: there is no primary client manager, return the default one
04-03 22:27:23.440 1255 1255 I android.hardware.thermal@2.0-service.qti: Sensor Name:shell_frametemp: 39.9. prev severity:0. cur severity:0 New severity:0
04-03 22:27:23.441 1255 1255 I android.hardware.thermal@2.0-service.qti: Sensor Name:skintemp: 42.574. prev severity:0. cur severity:3 New severity:3
04-03 22:27:23.442 1255 1255 I android.hardware.thermal@2.0-service.qti: Sensor Name:shell_fronttemp: 39.9. prev severity:0. cur severity:0 New severity:0
04-03 22:27:23.442 1255 1255 I android.hardware.thermal@2.0-service.qti: Sensor Name:shell_backtemp: 39.9. prev severity:0. cur severity:0 New severity:0
04-03 22:27:23.443 3270 3270 I BaseMobileSignalControllerExt: showDataIcon:true
04-03 22:27:23.452 3270 3270 I BaseMobileSignalControllerExt: showDataIcon:true
04-03 22:27:23.487 3836 20675 D PhoneInterfaceManager: [PhoneIntfMgr] QueryTelephonyChecker-getDataNetworkTypeForSubscriber: packageName = com.innowireless.xcal.mobile5, isGrant = true
04-03 22:27:23.535 3836 20675 D PhoneInterfaceManager: [PhoneIntfMgr] QueryTelephonyChecker-getDataNetworkTypeForSubscriber: packageName = com.innowireless.xcal.mobile5, isGrant = true
04-03 22:27:23.541 1219 4348 I vendor.qti.bluetooth@1.0-ibs_handler: ProcessIbsCmd: Received IBS_SLEEP_IND: 0xFE
04-03 22:27:23.582 3836 8673 D PhoneInterfaceManager: [PhoneIntfMgr] QueryTelephonyChecker-getDataNetworkTypeForSubscriber: packageName = com.innowireless.xcal.mobile5, isGrant = true
04-03 22:27:23.596 1219 4348 I vendor.qti.bluetooth@1.0-ibs_handler: ProcessIbsCmd: Received IBS_WAKE_IND: 0xFD
04-03 22:27:23.596 1219 4348 I vendor.qti.bluetooth@1.0-ibs_handler: ProcessIbsCmd: Writing IBS_WAKE_ACK
04-03 22:27:23.602 3836 20675 D PhoneInterfaceManager: [PhoneIntfMgr] QueryTelephonyChecker-getDataNetworkTypeForSubscriber: packageName = com.innowireless.xcal.mobile5, isGrant = true
04-03 22:27:23.664 3836 20675 D PhoneInterfaceManager: [PhoneIntfMgr] QueryTelephonyChecker-getDataNetworkTypeForSubscriber: packageName = com.innowireless.xcal.mobile5, isGrant = true
04-03 22:27:23.735 3836 20675 D PhoneInterfaceManager: [PhoneIntfMgr] QueryTelephonyChecker-getDataNetworkTypeForSubscriber: packageName = com.innowireless.xcal.mobile5, isGrant = true
04-03 22:27:23.813 8162 10977 D GPS : NMEA is invaild.
04-03 22:27:23.813 8162 10977 D GPS : mNMEASatelites : 5
04-03 22:27:23.817 8162 10977 D GPS : Android GPS is invaild.
04-03 22:27:23.924 2635 2705 D OplusFeatureBrightnessBarController: mDarkLevel: 0
04-03 22:27:23.939 1219 4348 I vendor.qti.bluetooth@1.0-ibs_handler: ProcessIbsCmd: Received IBS_SLEEP_IND: 0xFE
04-03 22:27:23.977 2635 3024 D WifiActiveModeWarden: there is no primary client manager, return the default one
04-03 22:27:23.978 2635 5661 D WifiService: getWifiEnabledState primaryClientMode is mDefaultClientModeManager
04-03 22:27:23.979 4414 5588 W Settings: Setting airplane_mode_on has moved from android.provider.Settings.System to android.provider.Settings.Global, returning read-only value.
04-03 22:27:23.984 4414 31409 W SystemServiceRegistry: No service published for: wifirtt
04-03 22:27:23.994 2635 3024 D WifiActiveModeWarden: there is no primary client manager, return the default one
04-03 22:27:23.995 2635 3024 D WifiActiveModeWarden: there is no primary client manager, return the default one
04-03 22:27:24.038 3836 20675 D PhoneInterfaceManager: [PhoneIntfMgr] QueryTelephonyChecker-getDataNetworkTypeForSubscriber: packageName = com.innowireless.xcal.mobile5, isGrant = true
04-03 22:27:24.040 2635 3024 D WifiActiveModeWarden: there is no primary client manager, return the default one
04-03 22:27:24.040 2635 5661 D WifiService: getWifiEnabledState primaryClientMode is mDefaultClientModeManager
04-03 22:27:24.143 2635 2680 D OplusLocationStatistics: on recordTaskMark, key: gnssReportLocation
04-03 22:27:24.144 2635 2655 D LocationManagerService: incoming location from: gps
04-03 22:27:24.145 2635 2655 D LocationManagerService: incoming location from: gps
04-03 22:27:24.164 4414 5222 I FusedLocation: (REDACTED) location delivery to %s blocked - too close
04-03 22:27:24.166 4414 5222 I FusedLocation: (REDACTED) location delivery to %s blocked - too fast
04-03 22:27:24.166 4414 5222 I FusedLocation: (REDACTED) location delivery to %s blocked - too close
04-03 22:27:24.167 2635 3967 D LocationManagerService: incoming location from: fused
04-03 22:27:24.167 2635 3967 D LocationManagerService: incoming location from: fused
04-03 22:27:24.187 3836 20675 D PhoneInterfaceManager: [PhoneIntfMgr] QueryTelephonyChecker-getDataNetworkTypeForSubscriber: packageName = com.innowireless.xcal.mobile5, isGrant = true
04-03 22:27:24.243 5064 11036 D DebugReportServiceHidlClient: getReport 1.1...
04-03 22:27:24.244 1229 1229 E LocSvc_HIDL_DebugReportService: Invalid count: 0
04-03 22:27:24.244 1229 1229 E LocSvc_HIDL_DebugReportService: Invalid count: 0
04-03 22:27:24.244 1229 1229 E LocSvc_HIDL_DebugReportService: Invalid count: 0
04-03 22:27:24.244 1229 1229 E LocSvc_HIDL_DebugReportService: Invalid count: 0
04-03 22:27:24.245 5064 11036 D DebugReportServiceHidlClient: getReport 1.1 success: true
04-03 22:27:24.245 5064 11036 D DebugReportServiceHidlClient: getReport 1.0 success: true
04-03 22:27:24.298 1219 4348 I vendor.qti.bluetooth@1.0-ibs_handler: ProcessIbsCmd: Received IBS_WAKE_IND: 0xFD
04-03 22:27:24.298 1219 4348 I vendor.qti.bluetooth@1.0-ibs_handler: ProcessIbsCmd: Writing IBS_WAKE_ACK
04-03 22:27:24.309 3836 20675 D PhoneInterfaceManager: [PhoneIntfMgr] QueryTelephonyChecker-getDataNetworkTypeForSubscriber: packageName = com.innowireless.xcal.mobile5, isGrant = true
04-03 22:27:24.390 2635 3024 D WifiActiveModeWarden: there is no primary client manager, return the default one
04-03 22:27:24.392 3247 4531 D OplusBluetoothSarManager: onDataActivity() direction: 0
04-03 22:27:24.392 3247 4531 D OplusBluetoothSarManager: getBaseSarMode() isBluetoothTx: true, isCellularTx: false, is2_4GWifiTx: false, is5GWifiTx: false, isReceiverOn: false
04-03 22:27:24.392 3247 4531 D OplusBluetoothSarManager: getSarMode() baseSarMode: BT_BODY_SAR_MODE(1)
04-03 22:27:24.392 3247 4531 D OplusBluetoothSarManager: getSarMode() newSarMode: BT_BODY_SAR_MODE(17)
04-03 22:27:24.392 3247 4531 D OplusBluetoothSarManager: currentSarMode: BT_WWAN_BODY_SAR_MODE(25), newSarMode: BT_BODY_SAR_MODE(17)
04-03 22:27:24.393 3247 4531 D oplus_bt_power: set_max_power_impl mode: 17
04-03 22:27:24.393 3247 4531 I oplus_bt_power: set_max_power_impl start parsing config file
04-03 22:27:24.393 3247 4531 I oplus_bt_power: set_max_power_impl continue parsing config file
04-03 22:27:24.393 3247 4531 D oplus_bt_power: set_max_power_impl, sar_mode=17, br_sar=0x2a, edr_sar=0x20, ble_sar=0x28
04-03 22:27:24.395 3270 3754 D NetworkController.MobileSignalController(7): onMobileStatusChanged= updateTelephony=false mobileStatus=[activityIn=false,activityOut=false,dataSim=true,carrierNetworkChangeMode=false,dataState=2,serviceState=mVoiceRegState=0(IN_SERVICE), mDataRegState=0(IN_SERVICE),signalStrength=4,telephonyDisplayInfo=TelephonyDisplayInfo {network=LTE, override=NR_NSA}]
04-03 22:27:24.405 3247 4353 D oplus_bt_power: power_cntrl_callback: param->opcode=fcda subopcode=e status=0
04-03 22:27:24.427 3270 3754 D SystemUi--: getDebugState, e = android.provider.Settings$SettingNotFoundException: systemui_internal_debug
04-03 22:27:24.434 3270 3754 I BaseMobileSignalControllerExt: showDataIcon:true
04-03 22:27:24.442 1255 1255 I android.hardware.thermal@2.0-service.qti: Sensor Name:shell_frametemp: 39.9. prev severity:0. cur severity:0 New severity:0
04-03 22:27:24.444 1255 1255 I android.hardware.thermal@2.0-service.qti: Sensor Name:skintemp: 42.442. prev severity:0. cur severity:3 New severity:3
04-03 22:27:24.444 1255 1255 I android.hardware.thermal@2.0-service.qti: Sensor Name:shell_fronttemp: 39.9. prev severity:0. cur severity:0 New severity:0
04-03 22:27:24.444 1255 1255 I android.hardware.thermal@2.0-service.qti: Sensor Name:shell_backtemp: 39.9. prev severity:0. cur severity:0 New severity:0
04-03 22:27:24.482 1219 4348 I vendor.qti.bluetooth@1.0-ibs_handler: ProcessIbsCmd: Received IBS_SLEEP_IND: 0xFE
04-03 22:27:24.489 3836 7492 D PhoneInterfaceManager: [PhoneIntfMgr] QueryTelephonyChecker-getDataNetworkTypeForSubscriber: packageName = com.innowireless.xcal.mobile5, isGrant = true
04-03 22:27:24.534 3836 7492 D PhoneInterfaceManager: [PhoneIntfMgr] QueryTelephonyChecker-getDataNetworkTypeForSubscriber: packageName = com.innowireless.xcal.mobile5, isGrant = true
04-03 22:27:24.567 3836 7492 D PhoneInterfaceManager: [PhoneIntfMgr] QueryTelephonyChecker-getDataNetworkTypeForSubscriber: packageName = com.innowireless.xcal.mobile5, isGrant = true
04-03 22:27:24.584 2661 2668 E Diag_Lib: [IMS_AP]"ims-rtp-daemon ims_rtp_qmi_handler_thread_func waiting on select thread>"
04-03 22:27:24.585 2661 2668 E Diag_Lib: [IMS_AP]"ims-rtp-daemon ims_rtp_qmi_handler_thread_func waiting on select thread>"
04-03 22:27:24.586 2661 2668 E Diag_Lib: [IMS_AP]"ims-rtp-daemon ims_rtp_qmi_handler_thread_func waiting on select thread>"
04-03 22:27:24.587 2661 2668 E Diag_Lib: [IMS_AP]"ims-rtp-daemon ims_rtp_qmi_handler_thread_func waiting on select thread>"
04-03 22:27:24.588 2661 2668 E Diag_Lib: [IMS_AP]"ims-rtp-daemon ims_rtp_qmi_handler_thread_func waiting on select thread>"
04-03 22:27:24.589 2661 2668 E Diag_Lib: [IMS_AP]"ims-rtp-daemon ims_rtp_qmi_handler_thread_func waiting on select thread>"
04-03 22:27:24.601 3836 7492 D PhoneInterfaceManager: [PhoneIntfMgr] QueryTelephonyChecker-getDataNetworkTypeForSubscriber: packageName = com.innowireless.xcal.mobile5, isGrant = true
04-03 22:27:24.627 3836 20675 D PhoneInterfaceManager: [PhoneIntfMgr] QueryTelephonyChecker-getDataNetworkTypeForSubscriber: packageName = com.innowireless.xcal.mobile5, isGrant = true
04-03 22:27:24.735 3836 20675 D PhoneInterfaceManager: [PhoneIntfMgr] QueryTelephonyChecker-getDataNetworkTypeForSubscriber: packageName = com.innowireless.xcal.mobile5, isGrant = true
04-03 22:27:24.810 8162 10977 D GPS : NMEA is invaild.
04-03 22:27:24.811 8162 10977 D GPS : mNMEASatelites : 5
04-03 22:27:24.815 8162 10977 D GPS : Android GPS is invaild.
04-03 22:27:24.877 1219 4348 I vendor.qti.bluetooth@1.0-ibs_handler: ProcessIbsCmd: Received IBS_WAKE_IND: 0xFD
04-03 22:27:24.877 1219 4348 I vendor.qti.bluetooth@1.0-ibs_handler: ProcessIbsCmd: Writing IBS_WAKE_ACK
04-03 22:27:24.884 4414 31697 I NearbyMediums: Received advertisement header BleAdvertisementHeader { version=2, numSlots=2, serviceIdBloomFilter=[ 0x17 0x23 0x35 0x5a 0x32 0x34 0x11 0x32 0x23 0x2e ], advertisementHash=[ 0x87 0x63 0xc5 0xe8 ], psm=27614, supportExtendedAdvertisement=false}. Will retry reading its GATT advertisement.
04-03 22:27:24.884 4414 31697 I NearbyMediums: Not allow Gatt actions during scanning.
04-03 22:27:24.960 1219 4348 I vendor.qti.bluetooth@1.0-ibs_handler: ProcessIbsCmd: Received IBS_SLEEP_IND: 0xFE
04-03 22:27:24.966 1219 4348 I vendor.qti.bluetooth@1.0-ibs_handler: ProcessIbsCmd: Received IBS_WAKE_IND: 0xFD
04-03 22:27:24.966 1219 4348 I vendor.qti.bluetooth@1.0-ibs_handler: ProcessIbsCmd: Writing IBS_WAKE_ACK
04-03 22:27:25.049 1219 4348 I vendor.qti.bluetooth@1.0-ibs_handler: ProcessIbsCmd: Received IBS_SLEEP_IND: 0xFE
04-03 22:27:25.061 1219 4348 I vendor.qti.bluetooth@1.0-ibs_handler: ProcessIbsCmd: Received IBS_WAKE_IND: 0xFD
04-03 22:27:25.061 1219 4348 I vendor.qti.bluetooth@1.0-ibs_handler: ProcessIbsCmd: Writing IBS_WAKE_ACK
04-03 22:27:25.110 3836 20675 D PhoneInterfaceManager: [PhoneIntfMgr] QueryTelephonyChecker-getDataNetworkTypeForSubscriber: packageName = com.innowireless.xcal.mobile5, isGrant = true
04-03 22:27:25.114 2635 3024 D WifiActiveModeWarden: there is no primary client manager, return the default one
04-03 22:27:25.115 2635 5661 D WifiService: getWifiEnabledState primaryClientMode is mDefaultClientModeManager
04-03 22:27:25.129 2635 2705 D OplusFeatureBrightnessBarController: mDarkLevel: 0
04-03 22:27:25.135 2635 2680 D OplusLocationStatistics: on recordTaskMark, key: gnssReportLocation
04-03 22:27:25.135 2635 2655 D LocationManagerService: incoming location from: gps
04-03 22:27:25.138 2635 2655 D LocationManagerService: incoming location from: gps
04-03 22:27:25.141 1219 4348 I vendor.qti.bluetooth@1.0-ibs_handler: ProcessIbsCmd: Received IBS_SLEEP_IND: 0xFE
04-03 22:27:25.162 4414 5222 I FusedLocation: (REDACTED) location delivery to %s blocked - too close
04-03 22:27:25.163 4414 5222 I FusedLocation: (REDACTED) location delivery to %s blocked - too fast
04-03 22:27:25.163 4414 5222 I FusedLocation: (REDACTED) location delivery to %s blocked - too close
04-03 22:27:25.164 2635 5661 D LocationManagerService: incoming location from: fused
04-03 22:27:25.164 2635 5661 D LocationManagerService: incoming location from: fused
04-03 22:27:25.186 3836 20675 D PhoneInterfaceManager: [PhoneIntfMgr] QueryTelephonyChecker-getDataNetworkTypeForSubscriber: packageName = com.innowireless.xcal.mobile5, isGrant = true
04-03 22:27:25.243 5064 11036 D DebugReportServiceHidlClient: getReport 1.1...
04-03 22:27:25.243 1229 1229 E LocSvc_HIDL_DebugReportService: Invalid count: 0
04-03 22:27:25.244 1229 1229 E LocSvc_HIDL_DebugReportService: Invalid count: 0
04-03 22:27:25.244 1229 1229 E LocSvc_HIDL_DebugReportService: Invalid count: 0
04-03 22:27:25.244 1229 1229 E LocSvc_HIDL_DebugReportService: Invalid count: 0
04-03 22:27:25.244 5064 11036 D DebugReportServiceHidlClient: getReport 1.1 success: true
04-03 22:27:25.244 5064 11036 D DebugReportServiceHidlClient: getReport 1.0 success: true
04-03 22:27:25.311 3836 20675 D PhoneInterfaceManager: [PhoneIntfMgr] QueryTelephonyChecker-getDataNetworkTypeForSubscriber: packageName = com.innowireless.xcal.mobile5, isGrant = true
04-03 22:27:25.393 2635 3024 D WifiActiveModeWarden: there is no primary client manager, return the default one
04-03 22:27:25.400 1219 4357 I vendor.qti.bluetooth@1.0-ibs_handler: DeviceSleep: TX Awake, Sending SLEEP_IND
04-03 22:27:25.401 1219 4357 D vendor.qti.bluetooth@1.0-ibs_handler: SerialClockVote: vote for UART CLK OFF
04-03 22:27:25.411 3836 20675 D PhoneInterfaceManager: [PhoneIntfMgr] QueryTelephonyChecker-getDataNetworkTypeForSubscriber: packageName = com.innowireless.xcal.mobile5, isGrant = true
04-03 22:27:25.416 3247 4531 D OplusBluetoothSarManager: onDataActivity() direction: 3
04-03 22:27:25.419 3247 4531 D OplusBluetoothSarManager: getBaseSarMode() isBluetoothTx: true, isCellularTx: true, is2_4GWifiTx: false, is5GWifiTx: false, isReceiverOn: false
04-03 22:27:25.419 3247 4531 D OplusBluetoothSarManager: getSarMode() baseSarMode: BT_WWAN_BODY_SAR_MODE(9)
04-03 22:27:25.420 3247 4531 D OplusBluetoothSarManager: getSarMode() newSarMode: BT_WWAN_BODY_SAR_MODE(25)
04-03 22:27:25.420 3270 3754 D NetworkController.MobileSignalController(7): onMobileStatusChanged= updateTelephony=false mobileStatus=[activityIn=true,activityOut=true,dataSim=true,carrierNetworkChangeMode=false,dataState=2,serviceState=mVoiceRegState=0(IN_SERVICE), mDataRegState=0(IN_SERVICE),signalStrength=4,telephonyDisplayInfo=TelephonyDisplayInfo {network=LTE, override=NR_NSA}]
04-03 22:27:25.420 3247 4531 D OplusBluetoothSarManager: currentSarMode: BT_BODY_SAR_MODE(17), newSarMode: BT_WWAN_BODY_SAR_MODE(25)
04-03 22:27:25.420 3247 4531 D oplus_bt_power: set_max_power_impl mode: 25
04-03 22:27:25.420 3247 4531 I oplus_bt_power: set_max_power_impl start parsing config file
04-03 22:27:25.420 3247 4531 I oplus_bt_power: set_max_power_impl continue parsing config file
04-03 22:27:25.420 3247 4531 D oplus_bt_power: set_max_power_impl, sar_mode=25, br_sar=0x2a, edr_sar=0x20, ble_sar=0x28
04-03 22:27:25.421 1219 1219 D vendor.qti.bluetooth@1.0-ibs_handler: SerialClockVote: vote for UART CLK ON
04-03 22:27:25.421 1219 1219 D vendor.qti.bluetooth@1.0-uart_transport: SocRxDWakeup: Flow off->Change UART baudrate to 38.4kbs->send 0x00->Change UART baudrate to max->Flow on
04-03 22:27:25.421 1219 1219 I vendor.qti.bluetooth@1.0-uart_transport: ## userial_vendor_ioctl: UART Flow Off
04-03 22:27:25.423 1219 1219 I vendor.qti.bluetooth@1.0-uart_transport: ## userial_vendor_set_baud: 17
04-03 22:27:25.432 1219 1219 I vendor.qti.bluetooth@1.0-uart_transport: SetBaudRate: in BOTHER
04-03 22:27:25.432 1219 1219 I vendor.qti.bluetooth@1.0-uart_transport: ## userial_vendor_ioctl: UART Flow On
04-03 22:27:25.432 1219 1219 I vendor.qti.bluetooth@1.0-ibs_handler: DeviceWakeUp: Writing IBS_WAKE_IND
04-03 22:27:25.432 1219 4348 I vendor.qti.bluetooth@1.0-ibs_handler: ProcessIbsCmd: Received IBS_WAKE_ACK: 0xFC
04-03 22:27:25.432 1219 4348 I vendor.qti.bluetooth@1.0-ibs_handler: ProcessIbsCmd: Signal wack_cond_
04-03 22:27:25.432 1219 1219 D vendor.qti.bluetooth@1.0-ibs_handler: DeviceWakeUp: Unblocked from waiting for FC, pthread_cond_timedwait ret = 0
04-03 22:27:25.433 1219 4348 I vendor.qti.bluetooth@1.0-ibs_handler: ProcessIbsCmd: Received IBS_WAKE_IND: 0xFD
04-03 22:27:25.433 1219 4348 I vendor.qti.bluetooth@1.0-ibs_handler: ProcessIbsCmd: Writing IBS_WAKE_ACK
04-03 22:27:25.439 3247 4353 D oplus_bt_power: power_cntrl_callback: param->opcode=fcda subopcode=e status=0
04-03 22:27:25.441 3270 3754 I BaseMobileSignalControllerExt: showDataIcon:true
04-03 22:27:25.443 1255 1255 I android.hardware.thermal@2.0-service.qti: Sensor Name:shell_frametemp: 39.9. prev severity:0. cur severity:0 New severity:0
04-03 22:27:25.444 1255 1255 I android.hardware.thermal@2.0-service.qti: Sensor Name:skintemp: 42.438. prev severity:0. cur severity:3 New severity:3
04-03 22:27:25.444 1255 1255 I android.hardware.thermal@2.0-service.qti: Sensor Name:shell_fronttemp: 39.9. prev severity:0. cur severity:0 New severity:0
04-03 22:27:25.444 1255 1255 I android.hardware.thermal@2.0-service.qti: Sensor Name:shell_backtemp: 39.9. prev severity:0. cur severity:0 New severity:0
04-03 22:27:25.467 3836 20675 D PhoneInterfaceManager: [PhoneIntfMgr] QueryTelephonyChecker-getDataNetworkTypeForSubscriber: packageName = com.innowireless.xcal.mobile5, isGrant = true
04-03 22:27:25.485 3836 7492 D PhoneInterfaceManager: [PhoneIntfMgr] QueryTelephonyChecker-getDataNetworkTypeForSubscriber: packageName = com.innowireless.xcal.mobile5, isGrant = true
04-03 22:27:25.536 3836 7492 D PhoneInterfaceManager: [PhoneIntfMgr] QueryTelephonyChecker-getDataNetworkTypeForSubscriber: packageName = com.innowireless.xcal.mobile5, isGrant = true
04-03 22:27:25.568 1219 4348 I vendor.qti.bluetooth@1.0-ibs_handler: ProcessIbsCmd: Received IBS_SLEEP_IND: 0xFE
04-03 22:27:25.592 3836 7492 D PhoneInterfaceManager: [PhoneIntfMgr] QueryTelephonyChecker-getDataNetworkTypeForSubscriber: packageName = com.innowireless.xcal.mobile5, isGrant = true
04-03 22:27:25.602 3836 20675 D PhoneInterfaceManager: [PhoneIntfMgr] QueryTelephonyChecker-getDataNetworkTypeForSubscriber: packageName = com.innowireless.xcal.mobile5, isGrant = true
04-03 22:27:25.678 1219 4348 I vendor.qti.bluetooth@1.0-ibs_handler: ProcessIbsCmd: Received IBS_WAKE_IND: 0xFD
04-03 22:27:25.678 1219 4348 I vendor.qti.bluetooth@1.0-ibs_handler: ProcessIbsCmd: Writing IBS_WAKE_ACK
04-03 22:27:25.686 2661 2668 E Diag_Lib: [IMS_AP]"ims-rtp-daemon ims_rtp_qmi_handler_thread_func waiting on select thread>"
04-03 22:27:25.695 3836 7492 D PhoneInterfaceManager: [PhoneIntfMgr] QueryTelephonyChecker-getDataNetworkTypeForSubscriber: packageName = com.innowireless.xcal.mobile5, isGrant = true
04-03 22:27:25.735 3836 7492 D PhoneInterfaceManager: [PhoneIntfMgr] QueryTelephonyChecker-getDataNetworkTypeForSubscriber: packageName = com.innowireless.xcal.mobile5, isGrant = true
04-03 22:27:25.760 3836 7492 D PhoneInterfaceManager: [PhoneIntfMgr] QueryTelephonyChecker-getDataNetworkTypeForSubscriber: packageName = com.innowireless.xcal.mobile5, isGrant = true
04-03 22:27:25.762 2635 3024 D WifiActiveModeWarden: there is no primary client manager, return the default one
04-03 22:27:25.762 2635 4007 D WifiService: getWifiEnabledState primaryClientMode is mDefaultClientModeManager
04-03 22:27:25.806 8162 10977 D GPS : NMEA is invaild.
04-03 22:27:25.806 8162 10977 D GPS : mNMEASatelites : 5
04-03 22:27:25.807 8162 10977 D GPS : Android GPS is invaild.
04-03 22:27:25.835 1219 4348 I vendor.qti.bluetooth@1.0-ibs_handler: ProcessIbsCmd: Received IBS_SLEEP_IND: 0xFE
04-03 22:27:25.909 1219 4348 I vendor.qti.bluetooth@1.0-ibs_handler: ProcessIbsCmd: Received IBS_WAKE_IND: 0xFD
04-03 22:27:25.909 1219 4348 I vendor.qti.bluetooth@1.0-ibs_handler: ProcessIbsCmd: Writing IBS_WAKE_ACK
04-03 22:27:25.956 2635 3024 D WifiActiveModeWarden: there is no primary client manager, return the default one
04-03 22:27:25.964 3247 4353 W bt_l2cap: L2CAP - Calling CongestionStatus_Cb (true),CID:0x0047,XmitQ:21,Quota:20
04-03 22:27:26.021 1219 4348 I vendor.qti.bluetooth@1.0-ibs_handler: ProcessIbsCmd: Received IBS_SLEEP_IND: 0xFE
04-03 22:27:26.114 1219 4348 I vendor.qti.bluetooth@1.0-ibs_handler: ProcessIbsCmd: Received IBS_WAKE_IND: 0xFD
04-03 22:27:26.115 1219 4348 I vendor.qti.bluetooth@1.0-ibs_handler: ProcessIbsCmd: Writing IBS_WAKE_ACK
04-03 22:27:26.144 2635 3163 D OplusLocationStatistics: on recordTaskMark, key: gnssReportLocation
04-03 22:27:26.145 2635 2655 D LocationManagerService: incoming location from: gps
04-03 22:27:26.147 2635 2655 D LocationManagerService: incoming location from: gps
04-03 22:27:26.164 4414 5222 I FusedLocation: (REDACTED) location delivery to %s blocked - too close
04-03 22:27:26.165 4414 5222 I FusedLocation: (REDACTED) location delivery to %s blocked - too fast
04-03 22:27:26.166 4414 5222 I FusedLocation: (REDACTED) location delivery to %s blocked - too close
04-03 22:27:26.166 2635 7201 D LocationManagerService: incoming location from: fused
