04-03 21:52:37.753 2635 2705 D VRR [OPlusRefreshRateService]: notifyBrightnessChange brightness: 357.0
04-03 21:52:37.753 2635 2705 D VRR [OPlusRefreshRateService]: notifyNitsChange nits: 86.54653 discrete nits: 41.10367
04-03 21:52:37.755 2635 2711 D VRR [OPlusRefreshRateService]: handleBrightnessChange nits: 86.54653
04-03 21:52:37.781 2635 3161 D LightsServiceExtImpl: baseSetLightLocked end.
04-03 21:52:37.783 2635 3161 D OplusFeatureDCBacklight: notifySfRepaintEverything begin mCurrentDCMode:-1
04-03 21:52:37.787 2635 2705 D OplusDisplayPowerControllerExtImpl: original brightness to dataBase:357 final brightness:357.0 scale:1.0 reason:4 darkLevel:0
04-03 21:52:37.788 2635 2705 D DisplayPowerController[0]: Animating brightness: target=357.0, rate=124.0, source= 7
04-03 21:52:37.788 2635 2705 D VRR [OPlusRefreshRateService]: notifyBrightnessChange brightness: 357.0
04-03 21:52:37.788 2635 2658 D DisplayManagerService: Delivering display event: displayId=0, event=4
04-03 21:52:37.810 2635 3161 D LightsServiceExtImpl: baseSetLightLocked end.
04-03 21:52:37.812 2635 3161 D OplusFeatureDCBacklight: notifySfRepaintEverything begin mCurrentDCMode:-1
04-03 21:52:37.822 2635 2705 D OplusDisplayPowerControllerExtImpl: original brightness to dataBase:357 final brightness:357.0 scale:1.0 reason:4 darkLevel:0
04-03 21:52:37.823 2635 2705 D DisplayPowerController[0]: Animating brightness: target=357.0, rate=124.0, source= 7
04-03 21:52:37.823 2635 2705 D VRR [OPlusRefreshRateService]: notifyBrightnessChange brightness: 357.0
04-03 21:52:37.823 2635 2658 D DisplayManagerService: Delivering display event: displayId=0, event=4
04-03 21:52:37.830 2635 3161 D LightsServiceExtImpl: baseSetLightLocked end.
04-03 21:52:37.832 2635 3161 D OplusFeatureDCBacklight: notifySfRepaintEverything begin mCurrentDCMode:-1
04-03 21:52:37.836 2635 2705 D OplusDisplayPowerControllerExtImpl: original brightness to dataBase:357 final brightness:357.0 scale:1.0 reason:4 darkLevel:0
04-03 21:52:37.837 2635 2705 D DisplayPowerController[0]: Animating brightness: target=357.0, rate=124.0, source= 7
04-03 21:52:37.837 2635 2705 D VRR [OPlusRefreshRateService]: notifyBrightnessChange brightness: 357.0
04-03 21:52:37.837 2635 2658 D DisplayManagerService: Delivering display event: displayId=0, event=4
04-03 21:52:37.855 2635 3161 D LightsServiceExtImpl: baseSetLightLocked end.
04-03 21:52:37.856 2635 3161 D OplusFeatureDCBacklight: notifySfRepaintEverything begin mCurrentDCMode:-1
04-03 21:52:37.862 2635 2705 D OplusDisplayPowerControllerExtImpl: original brightness to dataBase:357 final brightness:357.0 scale:1.0 reason:4 darkLevel:0
04-03 21:52:37.862 2635 2705 D DisplayPowerController[0]: Animating brightness: target=357.0, rate=124.0, source= 7
04-03 21:52:37.862 2635 2705 D VRR [OPlusRefreshRateService]: notifyBrightnessChange brightness: 357.0
04-03 21:52:37.863 2635 2658 D DisplayManagerService: Delivering display event: displayId=0, event=4
04-03 21:52:37.875 2635 3161 D LightsServiceExtImpl: baseSetLightLocked end.
04-03 21:52:37.877 2635 3161 D OplusFeatureDCBacklight: notifySfRepaintEverything begin mCurrentDCMode:-1
04-03 21:52:37.882 2635 2705 D OplusDisplayPowerControllerExtImpl: original brightness to dataBase:357 final brightness:357.0 scale:1.0 reason:4 darkLevel:0
04-03 21:52:37.883 2635 2705 D DisplayPowerController[0]: Animating brightness: target=357.0, rate=124.0, source= 7
04-03 21:52:37.883 2635 2705 D VRR [OPlusRefreshRateService]: notifyBrightnessChange brightness: 357.0
04-03 21:52:37.883 2635 2658 D DisplayManagerService: Delivering display event: displayId=0, event=4
04-03 21:52:37.918 2635 3161 D LightsServiceExtImpl: baseSetLightLocked end.
04-03 21:52:37.919 2635 3161 D OplusFeatureDCBacklight: notifySfRepaintEverything begin mCurrentDCMode:-1
04-03 21:52:37.922 2635 2705 D OplusDisplayPowerControllerExtImpl: original brightness to dataBase:357 final brightness:357.0 scale:1.0 reason:4 darkLevel:0
04-03 21:52:37.922 2635 2705 D DisplayPowerController[0]: Animating brightness: target=357.0, rate=124.0, source= 7
04-03 21:52:37.922 2635 2705 D VRR [OPlusRefreshRateService]: notifyBrightnessChange brightness: 357.0
04-03 21:52:37.923 2635 2658 D DisplayManagerService: Delivering display event: displayId=0, event=4
04-03 21:52:37.955 2635 3161 D LightsServiceExtImpl: baseSetLightLocked end.
04-03 21:52:37.956 2635 3161 D OplusFeatureDCBacklight: notifySfRepaintEverything begin mCurrentDCMode:-1
04-03 21:52:37.963 2635 2705 D OplusDisplayPowerControllerExtImpl: original brightness to dataBase:357 final brightness:357.0 scale:1.0 reason:4 darkLevel:0
04-03 21:52:37.963 2635 2705 D DisplayPowerController[0]: Animating brightness: target=357.0, rate=124.0, source= 7
04-03 21:52:37.963 2635 2705 D VRR [OPlusRefreshRateService]: notifyBrightnessChange brightness: 357.0
04-03 21:52:37.964 2635 2658 D DisplayManagerService: Delivering display event: displayId=0, event=4
04-03 21:52:37.964 2635 2705 D OplusDisplayPowerControllerExtImpl: original brightness to dataBase:357 final brightness:357.0 scale:1.0 reason:4 darkLevel:0
04-03 21:52:37.964 2635 2705 D DisplayPowerController[0]: Animating brightness: target=357.0, rate=124.0, source= 7
04-03 21:52:37.964 2635 2705 D VRR [OPlusRefreshRateService]: notifyBrightnessChange brightness: 357.0
04-03 21:52:37.965 2635 3161 D LightsServiceExtImpl: baseSetLightLocked end.
04-03 21:52:37.966 2635 3161 D OplusFeatureDCBacklight: notifySfRepaintEverything begin mCurrentDCMode:-1
04-03 21:52:37.970 2635 2705 D OplusDisplayPowerControllerExtImpl: original brightness to dataBase:357 final brightness:357.0 scale:1.0 reason:4 darkLevel:0
04-03 21:52:37.971 2635 2705 D DisplayPowerController[0]: Animating brightness: target=357.0, rate=124.0, source= 7
04-03 21:52:37.971 2635 2705 D VRR [OPlusRefreshRateService]: notifyBrightnessChange brightness: 357.0
04-03 21:52:37.971 2635 2658 D DisplayManagerService: Delivering display event: displayId=0, event=4
04-03 21:52:37.988 2635 3161 D LightsServiceExtImpl: baseSetLightLocked end.
04-03 21:52:37.989 2635 3161 D OplusFeatureDCBacklight: notifySfRepaintEverything begin mCurrentDCMode:-1
04-03 21:52:37.993 2635 2705 D OplusDisplayPowerControllerExtImpl: original brightness to dataBase:357 final brightness:357.0 scale:1.0 reason:4 darkLevel:0
04-03 21:52:37.994 2635 2705 D DisplayPowerController[0]: Animating brightness: target=357.0, rate=124.0, source= 7
04-03 21:52:37.994 2635 2705 D VRR [OPlusRefreshRateService]: notifyBrightnessChange brightness: 357.0
04-03 21:52:37.994 2635 2658 D DisplayManagerService: Delivering display event: displayId=0, event=4
04-03 21:52:38.031 2635 3161 D LightsServiceExtImpl: baseSetLightLocked end.
04-03 21:52:38.034 2635 3161 D OplusFeatureDCBacklight: notifySfRepaintEverything begin mCurrentDCMode:-1
04-03 21:52:38.044 2635 2705 D OplusDisplayPowerControllerExtImpl: original brightness to dataBase:357 final brightness:357.0 scale:1.0 reason:4 darkLevel:0
04-03 21:52:38.045 2635 2705 D DisplayPowerController[0]: Animating brightness: target=357.0, rate=124.0, source= 7
04-03 21:52:38.045 2635 2705 D VRR [OPlusRefreshRateService]: notifyBrightnessChange brightness: 357.0
04-03 21:52:38.046 2635 2658 D DisplayManagerService: Delivering display event: displayId=0, event=4
04-03 21:52:38.048 2635 3161 D LightsServiceExtImpl: baseSetLightLocked end.
04-03 21:52:38.052 2635 3161 D OplusFeatureDCBacklight: notifySfRepaintEverything begin mCurrentDCMode:-1
04-03 21:52:38.060 2635 2705 D OplusDisplayPowerControllerExtImpl: original brightness to dataBase:357 final brightness:357.0 scale:1.0 reason:4 darkLevel:0
04-03 21:52:38.060 2635 2705 D DisplayPowerController[0]: Animating brightness: target=357.0, rate=124.0, source= 7
04-03 21:52:38.060 2635 2705 D VRR [OPlusRefreshRateService]: notifyBrightnessChange brightness: 357.0
04-03 21:52:38.060 2635 2658 D DisplayManagerService: Delivering display event: displayId=0, event=4
04-03 21:52:38.074 2635 3161 D LightsServiceExtImpl: baseSetLightLocked end.
04-03 21:52:38.075 2635 3161 D OplusFeatureDCBacklight: notifySfRepaintEverything begin mCurrentDCMode:-1
04-03 21:52:38.079 2635 2705 D OplusDisplayPowerControllerExtImpl: original brightness to dataBase:357 final brightness:357.0 scale:1.0 reason:4 darkLevel:0
04-03 21:52:38.079 2635 2705 D DisplayPowerController[0]: Animating brightness: target=357.0, rate=124.0, source= 7
04-03 21:52:38.079 2635 2705 D VRR [OPlusRefreshRateService]: notifyBrightnessChange brightness: 357.0
04-03 21:52:38.079 2635 2658 D DisplayManagerService: Delivering display event: displayId=0, event=4
04-03 21:52:38.107 2635 3161 D LightsServiceExtImpl: baseSetLightLocked end.
04-03 21:52:38.109 2635 3161 D OplusFeatureDCBacklight: notifySfRepaintEverything begin mCurrentDCMode:-1
04-03 21:52:38.112 2635 2705 D OplusDisplayPowerControllerExtImpl: original brightness to dataBase:357 final brightness:357.0 scale:1.0 reason:4 darkLevel:0
04-03 21:52:38.112 2635 2705 D DisplayPowerController[0]: Animating brightness: target=357.0, rate=124.0, source= 7
04-03 21:52:38.112 2635 2705 D VRR [OPlusRefreshRateService]: notifyBrightnessChange brightness: 357.0
04-03 21:52:38.112 2635 2658 D DisplayManagerService: Delivering display event: displayId=0, event=4
04-03 21:52:38.132 2635 3161 D LightsServiceExtImpl: baseSetLightLocked end.
04-03 21:52:38.134 2635 3161 D OplusFeatureDCBacklight: notifySfRepaintEverything begin mCurrentDCMode:-1
04-03 21:52:38.137 2635 2705 D OplusDisplayPowerControllerExtImpl: original brightness to dataBase:357 final brightness:357.0 scale:1.0 reason:4 darkLevel:0
04-03 21:52:38.137 2635 2705 D DisplayPowerController[0]: Animating brightness: target=357.0, rate=124.0, source= 7
04-03 21:52:38.137 2635 2705 D VRR [OPlusRefreshRateService]: notifyBrightnessChange brightness: 357.0
04-03 21:52:38.138 2635 2658 D DisplayManagerService: Delivering display event: displayId=0, event=4
04-03 21:52:38.154 2635 3161 D LightsServiceExtImpl: baseSetLightLocked end.
04-03 21:52:38.155 2635 3161 D OplusFeatureDCBacklight: notifySfRepaintEverything begin mCurrentDCMode:-1
04-03 21:52:38.157 2635 2705 D OplusDisplayPowerControllerExtImpl: original brightness to dataBase:357 final brightness:357.0 scale:1.0 reason:4 darkLevel:0
04-03 21:52:38.157 2635 2705 D DisplayPowerController[0]: Animating brightness: target=357.0, rate=124.0, source= 7
04-03 21:52:38.158 2635 2705 D VRR [OPlusRefreshRateService]: notifyBrightnessChange brightness: 357.0
04-03 21:52:38.158 2635 2658 D DisplayManagerService: Delivering display event: displayId=0, event=4
04-03 21:52:38.188 2635 3161 D LightsServiceExtImpl: baseSetLightLocked end.
04-03 21:52:38.189 2635 3161 D OplusFeatureDCBacklight: notifySfRepaintEverything begin mCurrentDCMode:-1
04-03 21:52:38.193 2635 2705 D OplusDisplayPowerControllerExtImpl: original brightness to dataBase:357 final brightness:357.0 scale:1.0 reason:4 darkLevel:0
04-03 21:52:38.193 2635 2705 D DisplayPowerController[0]: Animating brightness: target=357.0, rate=124.0, source= 7
04-03 21:52:38.193 2635 2705 D VRR [OPlusRefreshRateService]: notifyBrightnessChange brightness: 357.0
04-03 21:52:38.193 2635 2658 D DisplayManagerService: Delivering display event: displayId=0, event=4
04-03 21:52:38.207 2635 3161 D LightsServiceExtImpl: baseSetLightLocked end.
04-03 21:52:38.208 2635 3161 D OplusFeatureDCBacklight: notifySfRepaintEverything begin mCurrentDCMode:-1
04-03 21:52:38.211 2635 2705 D OplusDisplayPowerControllerExtImpl: original brightness to dataBase:357 final brightness:357.0 scale:1.0 reason:4 darkLevel:0
04-03 21:52:38.211 2635 2705 D DisplayPowerController[0]: Animating brightness: target=357.0, rate=124.0, source= 7
04-03 21:52:38.211 2635 2705 D VRR [OPlusRefreshRateService]: notifyBrightnessChange brightness: 357.0
04-03 21:52:38.212 2635 2658 D DisplayManagerService: Delivering display event: displayId=0, event=4
04-03 21:52:38.232 2635 3161 D LightsServiceExtImpl: baseSetLightLocked end.
04-03 21:52:38.233 2635 3161 D OplusFeatureDCBacklight: notifySfRepaintEverything begin mCurrentDCMode:-1
04-03 21:52:38.237 2635 2705 D OplusDisplayPowerControllerExtImpl: original brightness to dataBase:357 final brightness:357.0 scale:1.0 reason:4 darkLevel:0
04-03 21:52:38.237 2635 2705 D DisplayPowerController[0]: Animating brightness: target=357.0, rate=124.0, source= 7
04-03 21:52:38.237 2635 2705 D VRR [OPlusRefreshRateService]: notifyBrightnessChange brightness: 357.0
04-03 21:52:38.238 2635 2658 D DisplayManagerService: Delivering display event: displayId=0, event=4
04-03 21:52:38.254 2635 2711 D VRR [OPlusSurfaceFlingerController]: setTouchIdle : TouchIdleBean{mEnable=true, mHwEnable=true, mSwEnable=true, mAdfrEnable=false, mTimeOut=4000, mContentThreshold=-1, mContentGapMs=500, mBrightnessLimit=200, mNitLimit=-1, mLowestRate=60, mBlackList=[], mReadingWhiteList=[], mSpecialTimeOutMap={}, mSwWhiteList=[], mSwNegligibleOverlay=[], mHwDisablePanel=[], mAdfrToHwList=[]}
04-03 21:52:38.265 2635 3161 D LightsServiceExtImpl: baseSetLightLocked end.
04-03 21:52:38.267 2635 3161 D OplusFeatureDCBacklight: notifySfRepaintEverything begin mCurrentDCMode:-1
04-03 21:52:38.279 2635 2705 D OplusDisplayPowerControllerExtImpl: original brightness to dataBase:357 final brightness:357.0 scale:1.0 reason:4 darkLevel:0
04-03 21:52:38.279 2635 2705 D DisplayPowerController[0]: Animating brightness: target=357.0, rate=124.0, source= 7
04-03 21:52:38.279 2635 2705 D VRR [OPlusRefreshRateService]: notifyBrightnessChange brightness: 357.0
04-03 21:52:38.279 2635 2658 D DisplayManagerService: Delivering display event: displayId=0, event=4
04-03 21:52:38.283 2635 2711 D VRR [OPlusRefreshRateService]: onConfigChanged physicalDisplayId: 4630946962717273473 modeId: 0
04-03 21:52:38.284 2635 2658 I DisplayDeviceRepository: Display device changed: DisplayDeviceInfo{"Built-in Screen": uniqueId="local:4630946962717273473", 1080 x 2400, modeId 1, defaultModeId 1, supportedModes [{id=1, width=1080, height=2400, fps=60.000004, alternativeRefreshRates=[90.0]}, {id=2, width=1080, height=2400, fps=90.0, alternativeRefreshRates=[60.000004]}], colorMode 0, supportedColorModes [0, 7, 9], hdrCapabilities HdrCapabilities{mSupportedHdrTypes=[2, 3, 4], mMaxLuminance=540.0, mMaxAverageLuminance=270.1, mMinLuminance=0.2}, allmSupported false, gameContentTypeSupported false, density 450, 409.432 x 409.127 dpi, appVsyncOff 1000000, presDeadline 16666666, touch INTERNAL, rotation 0, type INTERNAL, address {port=129, model=0x40446dba0e6fed}, deviceProductInfo DeviceProductInfo{name=, manufacturerPnpId=QCM, productId=1, modelYear=null, manufactureDate=ManufactureDate{week=27, year=2006}, connectionToSinkType=0}, state ON, frameRateOverride , brightnessMinimum 0.0, brightnessMaximum 1.0, brightnessDefault 1600.0, roundedCorners RoundedCorners{[RoundedCorner{position=TopLeft, radius=56, center=Point(56, 56)}, RoundedCorner{position=TopRight, radius=56, center=Point(1024, 56)}, RoundedCorner{position=BottomRight, radius=56, center=Point(1024, 2344)}, RoundedCorner{position=BottomLeft, radius=56, center=Point(56, 2344)}]}, FLAG_DEFAULT_DISPLAY, FLAG_ROTATES_WITH_CONTENT, FLAG_SECURE, FLAG_SUPPORTS_PROTECTED_BUFFERS}
04-03 21:52:38.287 2635 2658 D DisplayManagerService: Delivering display event: displayId=0, event=2
04-03 21:52:38.288 2635 3161 D LightsServiceExtImpl: baseSetLightLocked end.
04-03 21:52:38.288 2635 2635 I WallpaperManagerServiceExt: removeDisplayData. displayId = 0
04-03 21:52:38.289 2635 3161 D OplusFeatureDCBacklight: notifySfRepaintEverything begin mCurrentDCMode:-1
04-03 21:52:38.293 2635 2705 D OplusDisplayPowerControllerExtImpl: original brightness to dataBase:357 final brightness:357.0 scale:1.0 reason:4 darkLevel:0
04-03 21:52:38.293 2635 2705 D DisplayPowerController[0]: Animating brightness: target=357.0, rate=124.0, source= 7
04-03 21:52:38.293 2635 2705 D VRR [OPlusRefreshRateService]: notifyBrightnessChange brightness: 357.0
04-03 21:52:38.304 2635 4787 D OplusProxyWakeLock: remove uid: 10329 wiht all pids from wakelockUidInfo list
04-03 21:52:38.314 2635 2658 D DisplayManagerService: Delivering display event: displayId=0, event=4
04-03 21:52:38.319 2635 3161 D LightsServiceExtImpl: baseSetLightLocked end.
04-03 21:52:38.320 2635 3161 D OplusFeatureDCBacklight: notifySfRepaintEverything begin mCurrentDCMode:-1
04-03 21:52:38.323 2635 2705 D OplusDisplayPowerControllerExtImpl: original brightness to dataBase:357 final brightness:357.0 scale:1.0 reason:4 darkLevel:0
04-03 21:52:38.323 2635 2705 D DisplayPowerController[0]: Animating brightness: target=357.0, rate=124.0, source= 7
04-03 21:52:38.323 2635 2705 D VRR [OPlusRefreshRateService]: notifyBrightnessChange brightness: 357.0
04-03 21:52:38.324 2635 2658 D DisplayManagerService: Delivering display event: displayId=0, event=4
04-03 21:52:38.349 2635 3161 D LightsServiceExtImpl: baseSetLightLocked end.
04-03 21:52:38.350 2635 3161 D OplusFeatureDCBacklight: notifySfRepaintEverything begin mCurrentDCMode:-1
04-03 21:52:38.354 2635 2705 D OplusDisplayPowerControllerExtImpl: original brightness to dataBase:357 final brightness:357.0 scale:1.0 reason:4 darkLevel:0
04-03 21:52:38.355 2635 2705 D DisplayPowerController[0]: Animating brightness: target=357.0, rate=124.0, source= 7
04-03 21:52:38.355 2635 2705 D VRR [OPlusRefreshRateService]: notifyBrightnessChange brightness: 357.0
04-03 21:52:38.356 2635 2658 D DisplayManagerService: Delivering display event: displayId=0, event=4
04-03 21:52:38.362 2635 3161 D LightsServiceExtImpl: baseSetLightLocked end.
04-03 21:52:38.364 2635 3161 D OplusFeatureDCBacklight: notifySfRepaintEverything begin mCurrentDCMode:-1
04-03 21:52:38.367 2635 2705 D OplusDisplayPowerControllerExtImpl: original brightness to dataBase:357 final brightness:357.0 scale:1.0 reason:4 darkLevel:0
04-03 21:52:38.367 2635 2705 D DisplayPowerController[0]: Animating brightness: target=357.0, rate=124.0, source= 7
04-03 21:52:38.367 2635 2705 D VRR [OPlusRefreshRateService]: notifyBrightnessChange brightness: 357.0
04-03 21:52:38.368 2635 2658 D DisplayManagerService: Delivering display event: displayId=0, event=4
04-03 21:52:38.382 2635 3161 D LightsServiceExtImpl: baseSetLightLocked end.
04-03 21:52:38.384 2635 2711 D VRR [OPlusRefreshRateService]: handleConfigIdChange physicalDisplayId: 4630946962717273473 configId: 0
04-03 21:52:38.385 2635 3161 D OplusFeatureDCBacklight: notifySfRepaintEverything begin mCurrentDCMode:-1
04-03 21:52:38.388 2635 2705 D OplusDisplayPowerControllerExtImpl: original brightness to dataBase:357 final brightness:357.0 scale:1.0 reason:4 darkLevel:0
04-03 21:52:38.389 2635 2705 D DisplayPowerController[0]: Animating brightness: target=357.0, rate=124.0, source= 7
04-03 21:52:38.389 2635 2705 D VRR [OPlusRefreshRateService]: notifyBrightnessChange brightness: 357.0
04-03 21:52:38.389 2635 2658 D DisplayManagerService: Delivering display event: displayId=0, event=4
04-03 21:52:38.464 2635 3161 D LightsServiceExtImpl: baseSetLightLocked end.
04-03 21:52:38.466 2635 3161 D OplusFeatureDCBacklight: notifySfRepaintEverything begin mCurrentDCMode:-1
04-03 21:52:38.473 2635 2705 D OplusDisplayPowerControllerExtImpl: original brightness to dataBase:357 final brightness:357.0 scale:1.0 reason:4 darkLevel:0
04-03 21:52:38.473 2635 2705 D DisplayPowerController[0]: Animating brightness: target=357.0, rate=124.0, source= 7
04-03 21:52:38.473 2635 2705 D VRR [OPlusRefreshRateService]: notifyBrightnessChange brightness: 357.0
04-03 21:52:38.479 2635 2658 D DisplayManagerService: Delivering display event: displayId=0, event=4
04-03 21:52:38.488 2635 3161 D LightsServiceExtImpl: baseSetLightLocked end.
04-03 21:52:38.491 2635 3161 D OplusFeatureDCBacklight: notifySfRepaintEverything begin mCurrentDCMode:-1
04-03 21:52:38.496 2635 2705 D OplusDisplayPowerControllerExtImpl: original brightness to dataBase:357 final brightness:357.0 scale:1.0 reason:4 darkLevel:0
04-03 21:52:38.496 2635 2705 D DisplayPowerController[0]: Animating brightness: target=357.0, rate=124.0, source= 7
04-03 21:52:38.496 2635 2705 D VRR [OPlusRefreshRateService]: notifyBrightnessChange brightness: 357.0
04-03 21:52:38.497 2635 2658 D DisplayManagerService: Delivering display event: displayId=0, event=4
04-03 21:52:38.543 8162 8162 I Quality : Skipped: true 1 cost 17.383759 refreshRate 0 processName com.innowireless.xcal.mobile5
04-03 21:52:38.564 2635 3161 D LightsServiceExtImpl: baseSetLightLocked end.
04-03 21:52:38.566 2635 3161 D OplusFeatureDCBacklight: notifySfRepaintEverything begin mCurrentDCMode:-1
04-03 21:52:38.574 2635 2705 D OplusDisplayPowerControllerExtImpl: original brightness to dataBase:357 final brightness:357.0 scale:1.0 reason:4 darkLevel:0
04-03 21:52:38.574 2635 2705 D DisplayPowerController[0]: Animating brightness: target=357.0, rate=124.0, source= 7
04-03 21:52:38.575 2635 2705 D VRR [OPlusRefreshRateService]: notifyBrightnessChange brightness: 357.0
04-03 21:52:38.575 2635 2658 D DisplayManagerService: Delivering display event: displayId=0, event=4
04-03 21:52:38.582 2635 3161 D LightsServiceExtImpl: baseSetLightLocked end.
04-03 21:52:38.583 2635 3161 D OplusFeatureDCBacklight: notifySfRepaintEverything begin mCurrentDCMode:-1
04-03 21:52:38.587 2635 2705 D OplusDisplayPowerControllerExtImpl: original brightness to dataBase:357 final brightness:357.0 scale:1.0 reason:4 darkLevel:0
04-03 21:52:38.587 2635 2705 D DisplayPowerController[0]: Animating brightness: target=357.0, rate=124.0, source= 7
04-03 21:52:38.587 2635 2705 D VRR [OPlusRefreshRateService]: notifyBrightnessChange brightness: 357.0
04-03 21:52:38.588 2635 2658 D DisplayManagerService: Delivering display event: displayId=0, event=4
04-03 21:52:38.637 2635 3161 D LightsServiceExtImpl: baseSetLightLocked end.
04-03 21:52:38.638 2635 3161 D OplusFeatureDCBacklight: notifySfRepaintEverything begin mCurrentDCMode:-1
04-03 21:52:38.642 2635 2705 D OplusDisplayPowerControllerExtImpl: original brightness to dataBase:357 final brightness:357.0 scale:1.0 reason:4 darkLevel:0
04-03 21:52:38.642 2635 2705 D DisplayPowerController[0]: Animating brightness: target=357.0, rate=124.0, source= 7
04-03 21:52:38.642 2635 2705 D VRR [OPlusRefreshRateService]: notifyBrightnessChange brightness: 357.0
04-03 21:52:38.643 2635 2658 D DisplayManagerService: Delivering display event: displayId=0, event=4
04-03 21:52:38.665 2635 3161 D LightsServiceExtImpl: baseSetLightLocked end.
04-03 21:52:38.667 2635 3161 D OplusFeatureDCBacklight: notifySfRepaintEverything begin mCurrentDCMode:-1
04-03 21:52:38.670 2635 2705 D OplusDisplayPowerControllerExtImpl: original brightness to dataBase:357 final brightness:357.0 scale:1.0 reason:4 darkLevel:0
04-03 21:52:38.670 2635 2705 D DisplayPowerController[0]: Animating brightness: target=357.0, rate=124.0, source= 7
04-03 21:52:38.670 2635 2705 D VRR [OPlusRefreshRateService]: notifyBrightnessChange brightness: 357.0
04-03 21:52:38.671 2635 2658 D DisplayManagerService: Delivering display event: displayId=0, event=4
04-03 21:52:38.678 2635 3161 D LightsServiceExtImpl: baseSetLightLocked end.
04-03 21:52:38.679 2635 3161 D OplusFeatureDCBacklight: notifySfRepaintEverything begin mCurrentDCMode:-1
04-03 21:52:38.682 2635 2705 D OplusDisplayPowerControllerExtImpl: original brightness to dataBase:357 final brightness:357.0 scale:1.0 reason:4 darkLevel:0
04-03 21:52:38.684 2635 2705 D DisplayPowerController[0]: Animating brightness: target=357.0, rate=124.0, source= 7
04-03 21:52:38.684 2635 2705 D VRR [OPlusRefreshRateService]: notifyBrightnessChange brightness: 357.0
04-03 21:52:38.684 2635 2658 D DisplayManagerService: Delivering display event: displayId=0, event=4
04-03 21:52:38.699 2635 3161 D LightsServiceExtImpl: baseSetLightLocked end.
04-03 21:52:38.700 2635 3161 D OplusFeatureDCBacklight: notifySfRepaintEverything begin mCurrentDCMode:-1
04-03 21:52:38.704 2635 2705 D OplusDisplayPowerControllerExtImpl: original brightness to dataBase:357 final brightness:357.0 scale:1.0 reason:4 darkLevel:0
04-03 21:52:38.704 2635 2705 D DisplayPowerController[0]: Animating brightness: target=357.0, rate=124.0, source= 7
04-03 21:52:38.704 2635 2705 D VRR [OPlusRefreshRateService]: notifyBrightnessChange brightness: 357.0
04-03 21:52:38.705 2635 2658 D DisplayManagerService: Delivering display event: displayId=0, event=4
04-03 21:52:38.715 2635 3161 D LightsServiceExtImpl: baseSetLightLocked end.
04-03 21:52:38.717 2635 3161 D OplusFeatureDCBacklight: notifySfRepaintEverything begin mCurrentDCMode:-1
04-03 21:52:38.721 2635 2705 D OplusDisplayPowerControllerExtImpl: original brightness to dataBase:357 final brightness:357.0 scale:1.0 reason:4 darkLevel:0
04-03 21:52:38.721 2635 2705 D DisplayPowerController[0]: Animating brightness: target=357.0, rate=124.0, source= 7
04-03 21:52:38.721 2635 2705 D VRR [OPlusRefreshRateService]: notifyBrightnessChange brightness: 357.0
04-03 21:52:38.721 2635 2658 D DisplayManagerService: Delivering display event: displayId=0, event=4
04-03 21:52:38.732 2635 3161 D LightsServiceExtImpl: baseSetLightLocked end.
04-03 21:52:38.734 2635 3161 D OplusFeatureDCBacklight: notifySfRepaintEverything begin mCurrentDCMode:-1
04-03 21:52:38.737 2635 2705 D OplusDisplayPowerControllerExtImpl: original brightness to dataBase:357 final brightness:357.0 scale:1.0 reason:4 darkLevel:0
04-03 21:52:38.738 2635 2705 D DisplayPowerController[0]: Animating brightness: target=357.0, rate=124.0, source= 7
04-03 21:52:38.738 2635 2705 D VRR [OPlusRefreshRateService]: notifyBrightnessChange brightness: 357.0
04-03 21:52:38.738 2635 2658 D DisplayManagerService: Delivering display event: displayId=0, event=4
04-03 21:52:38.748 2635 3161 D LightsServiceExtImpl: baseSetLightLocked end.
04-03 21:52:38.750 2635 3161 D OplusFeatureDCBacklight: notifySfRepaintEverything begin mCurrentDCMode:-1
04-03 21:52:38.753 2635 2705 D OplusDisplayPowerControllerExtImpl: original brightness to dataBase:357 final brightness:357.0 scale:1.0 reason:4 darkLevel:0
04-03 21:52:38.754 2635 2705 D DisplayPowerController[0]: Animating brightness: target=357.0, rate=124.0, source= 7
04-03 21:52:38.754 2635 2705 D VRR [OPlusRefreshRateService]: notifyBrightnessChange brightness: 357.0
04-03 21:52:38.754 2635 2658 D DisplayManagerService: Delivering display event: displayId=0, event=4
04-03 21:52:38.765 2635 3161 D LightsServiceExtImpl: baseSetLightLocked end.
04-03 21:52:38.766 2635 3161 D OplusFeatureDCBacklight: notifySfRepaintEverything begin mCurrentDCMode:-1
04-03 21:52:38.769 2635 2705 D OplusDisplayPowerControllerExtImpl: original brightness to dataBase:357 final brightness:357.0 scale:1.0 reason:4 darkLevel:0
04-03 21:52:38.769 2635 2705 D DisplayPowerController[0]: Animating brightness: target=357.0, rate=124.0, source= 7
04-03 21:52:38.769 2635 2705 D VRR [OPlusRefreshRateService]: notifyBrightnessChange brightness: 357.0
04-03 21:52:38.770 2635 2658 D DisplayManagerService: Delivering display event: displayId=0, event=4
04-03 21:52:38.782 2635 3161 D LightsServiceExtImpl: baseSetLightLocked end.
04-03 21:52:38.783 2635 3161 D OplusFeatureDCBacklight: notifySfRepaintEverything begin mCurrentDCMode:-1
04-03 21:52:38.787 2635 2705 D OplusDisplayPowerControllerExtImpl: original brightness to dataBase:357 final brightness:357.0 scale:1.0 reason:4 darkLevel:0
04-03 21:52:38.787 2635 2705 D DisplayPowerController[0]: Animating brightness: target=357.0, rate=124.0, source= 7
04-03 21:52:38.787 2635 2705 D VRR [OPlusRefreshRateService]: notifyBrightnessChange brightness: 357.0
04-03 21:52:38.788 2635 2658 D DisplayManagerService: Delivering display event: displayId=0, event=4
04-03 21:52:38.798 2635 3161 D LightsServiceExtImpl: baseSetLightLocked end.
04-03 21:52:38.800 2635 3161 D OplusFeatureDCBacklight: notifySfRepaintEverything begin mCurrentDCMode:-1
04-03 21:52:38.803 2635 2705 D OplusDisplayPowerControllerExtImpl: original brightness to dataBase:357 final brightness:357.0 scale:1.0 reason:4 darkLevel:0
04-03 21:52:38.803 2635 2705 D DisplayPowerController[0]: Animating brightness: target=357.0, rate=124.0, source= 7
04-03 21:52:38.803 2635 2705 D VRR [OPlusRefreshRateService]: notifyBrightnessChange brightness: 357.0
04-03 21:52:38.803 2635 2658 D DisplayManagerService: Delivering display event: displayId=0, event=4
04-03 21:52:38.815 2635 3161 D LightsServiceExtImpl: baseSetLightLocked end.
04-03 21:52:38.816 2635 3161 D OplusFeatureDCBacklight: notifySfRepaintEverything begin mCurrentDCMode:-1
04-03 21:52:38.819 2635 2705 D OplusDisplayPowerControllerExtImpl: original brightness to dataBase:357 final brightness:357.0 scale:1.0 reason:4 darkLevel:0
04-03 21:52:38.819 2635 2705 D DisplayPowerController[0]: Animating brightness: target=357.0, rate=124.0, source= 7
04-03 21:52:38.819 2635 2705 D VRR [OPlusRefreshRateService]: notifyBrightnessChange brightness: 357.0
04-03 21:52:38.820 2635 2658 D DisplayManagerService: Delivering display event: displayId=0, event=4
04-03 21:52:38.832 2635 3161 D LightsServiceExtImpl: baseSetLightLocked end.
04-03 21:52:38.833 2635 3161 D OplusFeatureDCBacklight: notifySfRepaintEverything begin mCurrentDCMode:-1
04-03 21:52:38.835 2635 2705 D OplusDisplayPowerControllerExtImpl: original brightness to dataBase:357 final brightness:357.0 scale:1.0 reason:4 darkLevel:0
04-03 21:52:38.835 2635 2705 D DisplayPowerController[0]: Animating brightness: target=357.0, rate=124.0, source= 7
04-03 21:52:38.836 2635 2705 D VRR [OPlusRefreshRateService]: notifyBrightnessChange brightness: 357.0
04-03 21:52:38.836 2635 2658 D DisplayManagerService: Delivering display event: displayId=0, event=4
04-03 21:52:38.848 2635 3161 D LightsServiceExtImpl: baseSetLightLocked end.
04-03 21:52:38.849 2635 3161 D OplusFeatureDCBacklight: notifySfRepaintEverything begin mCurrentDCMode:-1
04-03 21:52:38.852 2635 2705 D OplusDisplayPowerControllerExtImpl: original brightness to dataBase:357 final brightness:357.0 scale:1.0 reason:4 darkLevel:0
04-03 21:52:38.852 2635 2705 D DisplayPowerController[0]: Animating brightness: target=357.0, rate=124.0, source= 7
04-03 21:52:38.852 2635 2705 D VRR [OPlusRefreshRateService]: notifyBrightnessChange brightness: 357.0
04-03 21:52:38.853 2635 2658 D DisplayManagerService: Delivering display event: displayId=0, event=4
04-03 21:52:38.882 2635 3161 D LightsServiceExtImpl: baseSetLightLocked end.
04-03 21:52:38.883 2635 3161 D OplusFeatureDCBacklight: notifySfRepaintEverything begin mCurrentDCMode:-1
04-03 21:52:38.887 2635 2705 D OplusDisplayPowerControllerExtImpl: original brightness to dataBase:357 final brightness:357.0 scale:1.0 reason:4 darkLevel:0
04-03 21:52:38.887 2635 2705 D DisplayPowerController[0]: Animating brightness: target=357.0, rate=124.0, source= 7
04-03 21:52:38.887 2635 2705 D VRR [OPlusRefreshRateService]: notifyBrightnessChange brightness: 357.0
04-03 21:52:38.888 2635 2658 D DisplayManagerService: Delivering display event: displayId=0, event=4
04-03 21:52:38.895 2635 3161 D LightsServiceExtImpl: baseSetLightLocked end.
04-03 21:52:38.896 2635 3161 D OplusFeatureDCBacklight: notifySfRepaintEverything begin mCurrentDCMode:-1
04-03 21:52:38.899 2635 2705 D OplusDisplayPowerControllerExtImpl: original brightness to dataBase:357 final brightness:357.0 scale:1.0 reason:4 darkLevel:0
04-03 21:52:38.899 2635 2705 D DisplayPowerController[0]: Animating brightness: target=357.0, rate=124.0, source= 7
04-03 21:52:38.899 2635 2705 D VRR [OPlusRefreshRateService]: notifyBrightnessChange brightness: 357.0
04-03 21:52:38.899 2635 2658 D DisplayManagerService: Delivering display event: displayId=0, event=4
04-03 21:52:38.915 2635 3161 D LightsServiceExtImpl: baseSetLightLocked end.
04-03 21:52:38.916 2635 3161 D OplusFeatureDCBacklight: notifySfRepaintEverything begin mCurrentDCMode:-1
04-03 21:52:38.921 2635 2705 D OplusDisplayPowerControllerExtImpl: original brightness to dataBase:357 final brightness:357.0 scale:1.0 reason:4 darkLevel:0
04-03 21:52:38.921 2635 2705 D DisplayPowerController[0]: Animating brightness: target=357.0, rate=124.0, source= 7
04-03 21:52:38.921 2635 2705 D VRR [OPlusRefreshRateService]: notifyBrightnessChange brightness: 357.0
04-03 21:52:38.921 2635 2658 D DisplayManagerService: Delivering display event: displayId=0, event=4
04-03 21:52:38.932 2635 3161 D LightsServiceExtImpl: baseSetLightLocked end.
04-03 21:52:38.933 2635 3161 D OplusFeatureDCBacklight: notifySfRepaintEverything begin mCurrentDCMode:-1
04-03 21:52:38.939 2635 2705 D OplusDisplayPowerControllerExtImpl: original brightness to dataBase:357 final brightness:357.0 scale:1.0 reason:4 darkLevel:0
04-03 21:52:38.940 2635 2705 D DisplayPowerController[0]: Animating brightness: target=357.0, rate=124.0, source= 7
04-03 21:52:38.940 2635 2705 D VRR [OPlusRefreshRateService]: notifyBrightnessChange brightness: 357.0
04-03 21:52:38.941 2635 2658 D DisplayManagerService: Delivering display event: displayId=0, event=4
04-03 21:52:38.965 2635 3161 D LightsServiceExtImpl: baseSetLightLocked end.
04-03 21:52:38.968 2635 3161 D OplusFeatureDCBacklight: notifySfRepaintEverything begin mCurrentDCMode:-1
04-03 21:52:38.971 2635 2705 D OplusDisplayPowerControllerExtImpl: original brightness to dataBase:357 final brightness:357.0 scale:1.0 reason:4 darkLevel:0
04-03 21:52:38.971 2635 2705 D DisplayPowerController[0]: Animating brightness: target=357.0, rate=124.0, source= 7
04-03 21:52:38.971 2635 2705 D VRR [OPlusRefreshRateService]: notifyBrightnessChange brightness: 357.0
04-03 21:52:38.971 2635 2658 D DisplayManagerService: Delivering display event: displayId=0, event=4
04-03 21:52:38.982 2635 3161 D LightsServiceExtImpl: baseSetLightLocked end.
04-03 21:52:38.983 2635 3161 D OplusFeatureDCBacklight: notifySfRepaintEverything begin mCurrentDCMode:-1
04-03 21:52:38.987 2635 2705 D OplusDisplayPowerControllerExtImpl: original brightness to dataBase:357 final brightness:357.0 scale:1.0 reason:4 darkLevel:0
04-03 21:52:38.987 2635 2705 D DisplayPowerController[0]: Animating brightness: target=357.0, rate=124.0, source= 7
04-03 21:52:38.987 2635 2705 D VRR [OPlusRefreshRateService]: notifyBrightnessChange brightness: 357.0
04-03 21:52:38.987 2635 2658 D DisplayManagerService: Delivering display event: displayId=0, event=4
04-03 21:52:39.015 2635 3161 D LightsServiceExtImpl: baseSetLightLocked end.
04-03 21:52:39.016 2635 3161 D OplusFeatureDCBacklight: notifySfRepaintEverything begin mCurrentDCMode:-1
04-03 21:52:39.023 2635 2705 D OplusDisplayPowerControllerExtImpl: original brightness to dataBase:357 final brightness:357.0 scale:1.0 reason:4 darkLevel:0
04-03 21:52:39.023 2635 2705 D DisplayPowerController[0]: Animating brightness: target=357.0, rate=124.0, source= 7
04-03 21:52:39.023 2635 2705 D VRR [OPlusRefreshRateService]: notifyBrightnessChange brightness: 357.0
04-03 21:52:39.025 2635 2658 D DisplayManagerService: Delivering display event: displayId=0, event=4
04-03 21:52:39.029 2635 3161 D LightsServiceExtImpl: baseSetLightLocked end.
04-03 21:52:39.032 2635 3161 D OplusFeatureDCBacklight: notifySfRepaintEverything begin mCurrentDCMode:-1
04-03 21:52:39.040 2635 2705 D OplusDisplayPowerControllerExtImpl: original brightness to dataBase:357 final brightness:357.0 scale:1.0 reason:4 darkLevel:0
04-03 21:52:39.041 2635 2705 D DisplayPowerController[0]: Animating brightness: target=357.0, rate=124.0, source= 7
04-03 21:52:39.041 2635 2705 D VRR [OPlusRefreshRateService]: notifyBrightnessChange brightness: 357.0
04-03 21:52:39.041 2635 2658 D DisplayManagerService: Delivering display event: displayId=0, event=4
04-03 21:52:39.113 2635 3161 D LightsServiceExtImpl: baseSetLightLocked end.
04-03 21:52:39.116 2635 3161 D OplusFeatureDCBacklight: notifySfRepaintEverything begin mCurrentDCMode:-1
04-03 21:52:39.121 2635 2705 D OplusDisplayPowerControllerExtImpl: original brightness to dataBase:357 final brightness:357.0 scale:1.0 reason:4 darkLevel:0
04-03 21:52:39.124 2635 2705 D DisplayPowerController[0]: Animating brightness: target=357.0, rate=124.0, source= 7
04-03 21:52:39.124 2635 2705 D VRR [OPlusRefreshRateService]: notifyBrightnessChange brightness: 357.0
04-03 21:52:39.125 2635 2658 D DisplayManagerService: Delivering display event: displayId=0, event=4
04-03 21:52:39.139 2635 3161 D LightsServiceExtImpl: baseSetLightLocked end.
04-03 21:52:39.141 2635 3161 D OplusFeatureDCBacklight: notifySfRepaintEverything begin mCurrentDCMode:-1
04-03 21:52:39.148 2635 2705 D OplusDisplayPowerControllerExtImpl: original brightness to dataBase:357 final brightness:357.0 scale:1.0 reason:4 darkLevel:0
04-03 21:52:39.148 2635 3161 D LightsServiceExtImpl: baseSetLightLocked end.
04-03 21:52:39.148 2635 2705 D DisplayPowerController[0]: Animating brightness: target=357.0, rate=124.0, source= 7
04-03 21:52:39.148 2635 2705 D VRR [OPlusRefreshRateService]: notifyBrightnessChange brightness: 357.0
04-03 21:52:39.151 2635 3161 D OplusFeatureDCBacklight: notifySfRepaintEverything begin mCurrentDCMode:-1
04-03 21:52:39.152 2635 2658 D DisplayManagerService: Delivering display event: displayId=0, event=4
04-03 21:52:39.167 2635 2705 D OplusDisplayPowerControllerExtImpl: original brightness to dataBase:357 final brightness:357.0 scale:1.0 reason:4 darkLevel:0
04-03 21:52:39.167 2635 2705 D DisplayPowerController[0]: Animating brightness: target=357.0, rate=124.0, source= 7
04-03 21:52:39.167 2635 2705 D VRR [OPlusRefreshRateService]: notifyBrightnessChange brightness: 357.0
04-03 21:52:39.168 2635 3161 D LightsServiceExtImpl: baseSetLightLocked end.
04-03 21:52:39.168 2635 2658 D DisplayManagerService: Delivering display event: displayId=0, event=4
04-03 21:52:39.169 2635 3161 D OplusFeatureDCBacklight: notifySfRepaintEverything begin mCurrentDCMode:-1
04-03 21:52:39.169 2635 2705 D OplusDisplayPowerControllerExtImpl: original brightness to dataBase:357 final brightness:357.0 scale:1.0 reason:4 darkLevel:0
04-03 21:52:39.169 2635 2705 D DisplayPowerController[0]: Animating brightness: target=357.0, rate=124.0, source= 7
04-03 21:52:39.169 2635 2705 D VRR [OPlusRefreshRateService]: notifyBrightnessChange brightness: 357.0
04-03 21:52:39.172 2635 2705 D OplusDisplayPowerControllerExtImpl: original brightness to dataBase:357 final brightness:357.0 scale:1.0 reason:4 darkLevel:0
04-03 21:52:39.172 2635 2705 D DisplayPowerController[0]: Animating brightness: target=357.0, rate=124.0, source= 7
04-03 21:52:39.172 2635 2705 D VRR [OPlusRefreshRateService]: notifyBrightnessChange brightness: 357.0
04-03 21:52:39.172 2635 2658 D DisplayManagerService: Delivering display event: displayId=0, event=4
04-03 21:52:39.198 2635 3161 D LightsServiceExtImpl: baseSetLightLocked end.
04-03 21:52:39.200 2635 3161 D OplusFeatureDCBacklight: notifySfRepaintEverything begin mCurrentDCMode:-1
04-03 21:52:39.206 2635 2705 D OplusDisplayPowerControllerExtImpl: original brightness to dataBase:357 final brightness:357.0 scale:1.0 reason:4 darkLevel:0
04-03 21:52:39.206 2635 2705 D DisplayPowerController[0]: Animating brightness: target=357.0, rate=124.0, source= 7
04-03 21:52:39.207 2635 2705 D VRR [OPlusRefreshRateService]: notifyBrightnessChange brightness: 357.0
04-03 21:52:39.207 2635 2658 D DisplayManagerService: Delivering display event: displayId=0, event=4
04-03 21:52:39.215 2635 3161 D LightsServiceExtImpl: baseSetLightLocked end.
04-03 21:52:39.216 2635 3161 D OplusFeatureDCBacklight: notifySfRepaintEverything begin mCurrentDCMode:-1
04-03 21:52:39.219 2635 2705 D OplusDisplayPowerControllerExtImpl: original brightness to dataBase:357 final brightness:357.0 scale:1.0 reason:4 darkLevel:0
04-03 21:52:39.220 2635 2705 D DisplayPowerController[0]: Animating brightness: target=357.0, rate=124.0, source= 7
04-03 21:52:39.220 2635 2705 D VRR [OPlusRefreshRateService]: notifyBrightnessChange brightness: 357.0
04-03 21:52:39.220 2635 2658 D DisplayManagerService: Delivering display event: displayId=0, event=4
04-03 21:52:39.231 2635 3161 D LightsServiceExtImpl: baseSetLightLocked end.
04-03 21:52:39.232 2635 3161 D OplusFeatureDCBacklight: notifySfRepaintEverything begin mCurrentDCMode:-1
04-03 21:52:39.235 2635 2705 D OplusDisplayPowerControllerExtImpl: original brightness to dataBase:357 final brightness:357.0 scale:1.0 reason:4 darkLevel:0
04-03 21:52:39.235 2635 2705 D DisplayPowerController[0]: Animating brightness: target=357.0, rate=124.0, source= 7
04-03 21:52:39.235 2635 2705 D VRR [OPlusRefreshRateService]: notifyBrightnessChange brightness: 357.0
04-03 21:52:39.235 2635 2658 D DisplayManagerService: Delivering display event: displayId=0, event=4
04-03 21:52:39.248 2635 3161 D LightsServiceExtImpl: baseSetLightLocked end.
04-03 21:52:39.249 2635 3161 D OplusFeatureDCBacklight: notifySfRepaintEverything begin mCurrentDCMode:-1
04-03 21:52:39.252 2635 2705 D OplusDisplayPowerControllerExtImpl: original brightness to dataBase:357 final brightness:357.0 scale:1.0 reason:4 darkLevel:0
04-03 21:52:39.253 2635 2705 D DisplayPowerController[0]: Animating brightness: target=357.0, rate=124.0, source= 7
04-03 21:52:39.253 2635 2705 D VRR [OPlusRefreshRateService]: notifyBrightnessChange brightness: 357.0
04-03 21:52:39.253 2635 2658 D DisplayManagerService: Delivering display event: displayId=0, event=4
04-03 21:52:39.281 2635 3161 D LightsServiceExtImpl: baseSetLightLocked end.
04-03 21:52:39.284 2635 3161 D OplusFeatureDCBacklight: notifySfRepaintEverything begin mCurrentDCMode:-1
04-03 21:52:39.291 2635 2705 D OplusDisplayPowerControllerExtImpl: original brightness to dataBase:357 final brightness:357.0 scale:1.0 reason:4 darkLevel:0
04-03 21:52:39.291 2635 2705 D DisplayPowerController[0]: Animating brightness: target=357.0, rate=124.0, source= 7
04-03 21:52:39.291 2635 2705 D VRR [OPlusRefreshRateService]: notifyBrightnessChange brightness: 357.0
04-03 21:52:39.291 2635 2658 D DisplayManagerService: Delivering display event: displayId=0, event=4
04-03 21:52:39.315 2635 3161 D LightsServiceExtImpl: baseSetLightLocked end.
04-03 21:52:39.316 2635 3161 D OplusFeatureDCBacklight: notifySfRepaintEverything begin mCurrentDCMode:-1
04-03 21:52:39.321 2635 2705 D OplusDisplayPowerControllerExtImpl: original brightness to dataBase:357 final brightness:357.0 scale:1.0 reason:4 darkLevel:0
04-03 21:52:39.321 2635 2705 D DisplayPowerController[0]: Animating brightness: target=357.0, rate=124.0, source= 7
04-03 21:52:39.321 2635 2705 D VRR [OPlusRefreshRateService]: notifyBrightnessChange brightness: 357.0
04-03 21:52:39.322 2635 2658 D DisplayManagerService: Delivering display event: displayId=0, event=4
04-03 21:52:39.348 2635 3161 D LightsServiceExtImpl: baseSetLightLocked end.
04-03 21:52:39.350 2635 3161 D OplusFeatureDCBacklight: notifySfRepaintEverything begin mCurrentDCMode:-1
04-03 21:52:39.356 2635 2705 D OplusDisplayPowerControllerExtImpl: original brightness to dataBase:357 final brightness:357.0 scale:1.0 reason:4 darkLevel:0
04-03 21:52:39.356 2635 2705 D DisplayPowerController[0]: Animating brightness: target=357.0, rate=124.0, source= 7
04-03 21:52:39.356 2635 2705 D VRR [OPlusRefreshRateService]: notifyBrightnessChange brightness: 357.0
04-03 21:52:39.356 2635 2658 D DisplayManagerService: Delivering display event: displayId=0, event=4
04-03 21:52:39.362 2635 3161 D LightsServiceExtImpl: baseSetLightLocked end.
04-03 21:52:39.364 2635 3161 D OplusFeatureDCBacklight: notifySfRepaintEverything begin mCurrentDCMode:-1
04-03 21:52:39.369 2635 2705 D OplusDisplayPowerControllerExtImpl: original brightness to dataBase:357 final brightness:357.0 scale:1.0 reason:4 darkLevel:0
04-03 21:52:39.369 2635 2705 D DisplayPowerController[0]: Animating brightness: target=357.0, rate=124.0, source= 7
04-03 21:52:39.369 2635 2705 D VRR [OPlusRefreshRateService]: notifyBrightnessChange brightness: 357.0
04-03 21:52:39.370 2635 2658 D DisplayManagerService: Delivering display event: displayId=0, event=4
04-03 21:52:39.381 2635 3161 D LightsServiceExtImpl: baseSetLightLocked end.
04-03 21:52:39.383 2635 3161 D OplusFeatureDCBacklight: notifySfRepaintEverything begin mCurrentDCMode:-1
04-03 21:52:39.391 2635 2705 D OplusDisplayPowerControllerExtImpl: original brightness to dataBase:357 final brightness:357.0 scale:1.0 reason:4 darkLevel:0
04-03 21:52:39.392 2635 2705 D DisplayPowerController[0]: Animating brightness: target=357.0, rate=124.0, source= 7
04-03 21:52:39.392 2635 2705 D VRR [OPlusRefreshRateService]: notifyBrightnessChange brightness: 357.0
04-03 21:52:39.393 2635 2658 D DisplayManagerService: Delivering display event: displayId=0, event=4
04-03 21:52:39.415 2635 3161 D LightsServiceExtImpl: baseSetLightLocked end.
04-03 21:52:39.416 2635 3161 D OplusFeatureDCBacklight: notifySfRepaintEverything begin mCurrentDCMode:-1
04-03 21:52:39.423 2635 2705 D OplusDisplayPowerControllerExtImpl: original brightness to dataBase:357 final brightness:357.0 scale:1.0 reason:4 darkLevel:0
04-03 21:52:39.424 2635 2705 D DisplayPowerController[0]: Animating brightness: target=357.0, rate=124.0, source= 7
04-03 21:52:39.424 2635 2705 D VRR [OPlusRefreshRateService]: notifyBrightnessChange brightness: 357.0
04-03 21:52:39.425 2635 2658 D DisplayManagerService: Delivering display event: displayId=0, event=4
04-03 21:52:39.431 2635 3161 D LightsServiceExtImpl: baseSetLightLocked end.
04-03 21:52:39.434 2635 3161 D OplusFeatureDCBacklight: notifySfRepaintEverything begin mCurrentDCMode:-1
04-03 21:52:39.439 2635 2705 D OplusDisplayPowerControllerExtImpl: original brightness to dataBase:357 final brightness:357.0 scale:1.0 reason:4 darkLevel:0
04-03 21:52:39.440 2635 2705 D DisplayPowerController[0]: Animating brightness: target=357.0, rate=124.0, source= 7
04-03 21:52:39.440 2635 2705 D VRR [OPlusRefreshRateService]: notifyBrightnessChange brightness: 357.0
04-03 21:52:39.441 2635 2658 D DisplayManagerService: Delivering display event: displayId=0, event=4
04-03 21:52:39.465 2635 3161 D LightsServiceExtImpl: baseSetLightLocked end.
04-03 21:52:39.467 2635 3161 D OplusFeatureDCBacklight: notifySfRepaintEverything begin mCurrentDCMode:-1
04-03 21:52:39.475 2635 2705 D OplusDisplayPowerControllerExtImpl: original brightness to dataBase:357 final brightness:357.0 scale:1.0 reason:4 darkLevel:0
04-03 21:52:39.475 2635 2705 D DisplayPowerController[0]: Animating brightness: target=357.0, rate=124.0, source= 7
04-03 21:52:39.475 2635 2705 D VRR [OPlusRefreshRateService]: notifyBrightnessChange brightness: 357.0
04-03 21:52:39.476 2635 2658 D DisplayManagerService: Delivering display event: displayId=0, event=4
04-03 21:52:39.498 2635 3161 D LightsServiceExtImpl: baseSetLightLocked end.
04-03 21:52:39.501 2635 3161 D OplusFeatureDCBacklight: notifySfRepaintEverything begin mCurrentDCMode:-1
04-03 21:52:39.515 2635 2705 D OplusDisplayPowerControllerExtImpl: original brightness to dataBase:357 final brightness:357.0 scale:1.0 reason:4 darkLevel:0
04-03 21:52:39.515 2635 2705 D DisplayPowerController[0]: Animating brightness: target=357.0, rate=124.0, source= 7
04-03 21:52:39.515 2635 2705 D VRR [OPlusRefreshRateService]: notifyBrightnessChange brightness: 357.0
04-03 21:52:39.516 2635 2658 D DisplayManagerService: Delivering display event: displayId=0, event=4
04-03 21:52:39.517 2635 2705 D OplusDisplayPowerControllerExtImpl: original brightness to dataBase:357 final brightness:357.0 scale:1.0 reason:4 darkLevel:0
04-03 21:52:39.517 2635 2705 D DisplayPowerController[0]: Animating brightness: target=357.0, rate=124.0, source= 7
04-03 21:52:39.517 2635 2705 D VRR [OPlusRefreshRateService]: notifyBrightnessChange brightness: 357.0
04-03 21:52:39.518 2635 3161 D LightsServiceExtImpl: baseSetLightLocked end.
04-03 21:52:39.520 2635 3161 D OplusFeatureDCBacklight: notifySfRepaintEverything begin mCurrentDCMode:-1
04-03 21:52:39.524 2635 2705 D OplusDisplayPowerControllerExtImpl: original brightness to dataBase:357 final brightness:357.0 scale:1.0 reason:4 darkLevel:0
04-03 21:52:39.525 2635 2705 D DisplayPowerController[0]: Animating brightness: target=357.0, rate=124.0, source= 7
04-03 21:52:39.525 2635 2705 D VRR [OPlusRefreshRateService]: notifyBrightnessChange brightness: 357.0
04-03 21:52:39.525 2635 2658 D DisplayManagerService: Delivering display event: displayId=0, event=4
04-03 21:52:39.526 8162 8162 I Quality : Skipped: false 1 cost 17.118383 refreshRate 0 processName com.innowireless.xcal.mobile5
04-03 21:52:39.531 2635 3161 D LightsServiceExtImpl: baseSetLightLocked end.
04-03 21:52:39.532 2635 3161 D OplusFeatureDCBacklight: notifySfRepaintEverything begin mCurrentDCMode:-1
04-03 21:52:39.535 2635 2705 D OplusDisplayPowerControllerExtImpl: original brightness to dataBase:357 final brightness:357.0 scale:1.0 reason:4 darkLevel:0
04-03 21:52:39.535 2635 2705 D DisplayPowerController[0]: Animating brightness: target=357.0, rate=124.0, source= 7
04-03 21:52:39.536 2635 2705 D VRR [OPlusRefreshRateService]: notifyBrightnessChange brightness: 357.0
04-03 21:52:39.536 2635 2658 D DisplayManagerService: Delivering display event: displayId=0, event=4
04-03 21:52:39.564 2635 3161 D LightsServiceExtImpl: baseSetLightLocked end.
04-03 21:52:39.565 2635 3161 D OplusFeatureDCBacklight: notifySfRepaintEverything begin mCurrentDCMode:-1
04-03 21:52:39.570 2635 2705 D OplusDisplayPowerControllerExtImpl: original brightness to dataBase:357 final brightness:357.0 scale:1.0 reason:4 darkLevel:0
04-03 21:52:39.570 2635 2705 D DisplayPowerController[0]: Animating brightness: target=357.0, rate=124.0, source= 7
04-03 21:52:39.570 2635 2705 D VRR [OPlusRefreshRateService]: notifyBrightnessChange brightness: 357.0
04-03 21:52:39.570 2635 2658 D DisplayManagerService: Delivering display event: displayId=0, event=4
04-03 21:52:39.598 2635 3161 D LightsServiceExtImpl: baseSetLightLocked end.
04-03 21:52:39.601 2635 3161 D OplusFeatureDCBacklight: notifySfRepaintEverything begin mCurrentDCMode:-1
