04-03 22:19:42.392 2635 2705 D OplusDisplayPowerControllerExtImpl: original brightness to dataBase:359 final brightness:359.0 scale:1.0 reason:4 darkLevel:0
04-03 22:19:42.393 2635 2705 D DisplayPowerController[0]: Animating brightness: target=359.0, rate=124.0, source= 7
04-03 22:19:42.393 2635 2705 D VRR [OPlusRefreshRateService]: notifyBrightnessChange brightness: 359.0
04-03 22:19:42.394 2635 2658 D DisplayManagerService: Delivering display event: displayId=0, event=4
04-03 22:19:42.403 2635 3161 D LightsServiceExtImpl: baseSetLightLocked end.
04-03 22:19:42.411 2635 2705 D OplusDisplayPowerControllerExtImpl: original brightness to dataBase:359 final brightness:359.0 scale:1.0 reason:4 darkLevel:0
04-03 22:19:42.411 2635 2705 D DisplayPowerController[0]: Animating brightness: target=359.0, rate=124.0, source= 7
04-03 22:19:42.411 2635 2705 D VRR [OPlusRefreshRateService]: notifyBrightnessChange brightness: 359.0
04-03 22:19:42.411 2635 2658 D DisplayManagerService: Delivering display event: displayId=0, event=4
04-03 22:19:42.435 2635 3161 D LightsServiceExtImpl: baseSetLightLocked end.
04-03 22:19:42.445 2635 2705 D OplusDisplayPowerControllerExtImpl: original brightness to dataBase:359 final brightness:359.0 scale:1.0 reason:4 darkLevel:0
04-03 22:19:42.446 2635 2705 D DisplayPowerController[0]: Animating brightness: target=359.0, rate=124.0, source= 7
04-03 22:19:42.446 2635 2705 D VRR [OPlusRefreshRateService]: notifyBrightnessChange brightness: 359.0
04-03 22:19:42.447 2635 2658 D DisplayManagerService: Delivering display event: displayId=0, event=4
04-03 22:19:42.455 2635 3161 D LightsServiceExtImpl: baseSetLightLocked end.
04-03 22:19:42.463 2635 2705 D OplusDisplayPowerControllerExtImpl: original brightness to dataBase:359 final brightness:359.0 scale:1.0 reason:4 darkLevel:0
04-03 22:19:42.463 2635 2705 D DisplayPowerController[0]: Animating brightness: target=359.0, rate=124.0, source= 7
04-03 22:19:42.463 2635 2705 D VRR [OPlusRefreshRateService]: notifyBrightnessChange brightness: 359.0
04-03 22:19:42.464 2635 2658 D DisplayManagerService: Delivering display event: displayId=0, event=4
04-03 22:19:42.471 2635 3161 D LightsServiceExtImpl: baseSetLightLocked end.
04-03 22:19:42.477 2635 2705 D OplusDisplayPowerControllerExtImpl: original brightness to dataBase:359 final brightness:359.0 scale:1.0 reason:4 darkLevel:0
04-03 22:19:42.477 2635 2705 D DisplayPowerController[0]: Animating brightness: target=359.0, rate=124.0, source= 7
04-03 22:19:42.477 2635 2705 D VRR [OPlusRefreshRateService]: notifyBrightnessChange brightness: 359.0
04-03 22:19:42.478 2635 2658 D DisplayManagerService: Delivering display event: displayId=0, event=4
04-03 22:19:42.500 2635 3161 D LightsServiceExtImpl: baseSetLightLocked end.
04-03 22:19:42.511 2635 2705 D OplusDisplayPowerControllerExtImpl: original brightness to dataBase:359 final brightness:359.0 scale:1.0 reason:4 darkLevel:0
04-03 22:19:42.511 2635 2705 D DisplayPowerController[0]: Animating brightness: target=359.0, rate=124.0, source= 7
04-03 22:19:42.512 2635 2705 D VRR [OPlusRefreshRateService]: notifyBrightnessChange brightness: 359.0
04-03 22:19:42.512 2635 2658 D DisplayManagerService: Delivering display event: displayId=0, event=4
04-03 22:19:42.513 2635 2705 D OplusDisplayPowerControllerExtImpl: original brightness to dataBase:359 final brightness:359.0 scale:1.0 reason:4 darkLevel:0
04-03 22:19:42.513 2635 2705 D DisplayPowerController[0]: Animating brightness: target=359.0, rate=124.0, source= 7
04-03 22:19:42.513 2635 2705 D VRR [OPlusRefreshRateService]: notifyBrightnessChange brightness: 359.0
04-03 22:19:42.521 2635 3161 D LightsServiceExtImpl: baseSetLightLocked end.
04-03 22:19:42.532 2635 2705 D OplusDisplayPowerControllerExtImpl: original brightness to dataBase:359 final brightness:359.0 scale:1.0 reason:4 darkLevel:0
04-03 22:19:42.532 2635 2705 D DisplayPowerController[0]: Animating brightness: target=359.0, rate=124.0, source= 7
04-03 22:19:42.532 2635 2705 D VRR [OPlusRefreshRateService]: notifyBrightnessChange brightness: 359.0
04-03 22:19:42.532 2635 2658 D DisplayManagerService: Delivering display event: displayId=0, event=4
04-03 22:19:42.536 2635 3161 D LightsServiceExtImpl: baseSetLightLocked end.
04-03 22:19:42.544 2635 2705 D OplusDisplayPowerControllerExtImpl: original brightness to dataBase:359 final brightness:359.0 scale:1.0 reason:4 darkLevel:0
04-03 22:19:42.545 2635 2705 D DisplayPowerController[0]: Animating brightness: target=359.0, rate=124.0, source= 7
04-03 22:19:42.545 2635 2705 D VRR [OPlusRefreshRateService]: notifyBrightnessChange brightness: 359.0
04-03 22:19:42.547 2635 2658 D DisplayManagerService: Delivering display event: displayId=0, event=4
04-03 22:19:42.552 2635 3161 D LightsServiceExtImpl: baseSetLightLocked end.
04-03 22:19:42.560 2635 2705 D OplusDisplayPowerControllerExtImpl: original brightness to dataBase:359 final brightness:359.0 scale:1.0 reason:4 darkLevel:0
04-03 22:19:42.560 2635 2705 D DisplayPowerController[0]: Animating brightness: target=359.0, rate=124.0, source= 7
04-03 22:19:42.561 2635 2705 D VRR [OPlusRefreshRateService]: notifyBrightnessChange brightness: 359.0
04-03 22:19:42.561 2635 2658 D DisplayManagerService: Delivering display event: displayId=0, event=4
04-03 22:19:42.561 2635 2705 D OplusDisplayPowerControllerExtImpl: original brightness to dataBase:359 final brightness:359.0 scale:1.0 reason:4 darkLevel:0
04-03 22:19:42.561 2635 2705 D DisplayPowerController[0]: Animating brightness: target=359.0, rate=124.0, source= 7
04-03 22:19:42.562 2635 2705 D VRR [OPlusRefreshRateService]: notifyBrightnessChange brightness: 359.0
04-03 22:19:42.569 2635 3161 D LightsServiceExtImpl: baseSetLightLocked end.
04-03 22:19:42.576 2635 2705 D OplusDisplayPowerControllerExtImpl: original brightness to dataBase:359 final brightness:359.0 scale:1.0 reason:4 darkLevel:0
04-03 22:19:42.576 2635 2705 D DisplayPowerController[0]: Animating brightness: target=359.0, rate=124.0, source= 7
04-03 22:19:42.576 2635 2705 D VRR [OPlusRefreshRateService]: notifyBrightnessChange brightness: 359.0
04-03 22:19:42.576 2635 2658 D DisplayManagerService: Delivering display event: displayId=0, event=4
04-03 22:19:42.577 2635 2705 D OplusDisplayPowerControllerExtImpl: original brightness to dataBase:359 final brightness:359.0 scale:1.0 reason:4 darkLevel:0
04-03 22:19:42.577 2635 2705 D DisplayPowerController[0]: Animating brightness: target=359.0, rate=124.0, source= 7
04-03 22:19:42.577 2635 2705 D VRR [OPlusRefreshRateService]: notifyBrightnessChange brightness: 359.0
04-03 22:19:42.587 2635 3161 D LightsServiceExtImpl: baseSetLightLocked end.
04-03 22:19:42.592 2635 2705 D OplusDisplayPowerControllerExtImpl: original brightness to dataBase:359 final brightness:359.0 scale:1.0 reason:4 darkLevel:0
04-03 22:19:42.592 2635 2705 D DisplayPowerController[0]: Animating brightness: target=359.0, rate=124.0, source= 7
04-03 22:19:42.592 2635 2705 D VRR [OPlusRefreshRateService]: notifyBrightnessChange brightness: 359.0
04-03 22:19:42.593 2635 2705 D OplusDisplayPowerControllerExtImpl: original brightness to dataBase:359 final brightness:359.0 scale:1.0 reason:4 darkLevel:0
04-03 22:19:42.593 2635 2705 D DisplayPowerController[0]: Animating brightness: target=359.0, rate=124.0, source= 7
04-03 22:19:42.593 2635 2658 D DisplayManagerService: Delivering display event: displayId=0, event=4
04-03 22:19:42.593 2635 2705 D VRR [OPlusRefreshRateService]: notifyBrightnessChange brightness: 359.0
04-03 22:19:42.603 2635 3161 D LightsServiceExtImpl: baseSetLightLocked end.
04-03 22:19:42.611 2635 2705 D OplusDisplayPowerControllerExtImpl: original brightness to dataBase:359 final brightness:359.0 scale:1.0 reason:4 darkLevel:0
04-03 22:19:42.611 2635 2705 D DisplayPowerController[0]: Animating brightness: target=359.0, rate=124.0, source= 7
04-03 22:19:42.611 2635 2705 D VRR [OPlusRefreshRateService]: notifyBrightnessChange brightness: 359.0
04-03 22:19:42.611 2635 2658 D DisplayManagerService: Delivering display event: displayId=0, event=4
04-03 22:19:42.645 2635 3161 D LightsServiceExtImpl: baseSetLightLocked end.
04-03 22:19:42.655 2635 2705 D OplusDisplayPowerControllerExtImpl: original brightness to dataBase:359 final brightness:359.0 scale:1.0 reason:4 darkLevel:0
04-03 22:19:42.656 2635 2705 D DisplayPowerController[0]: Animating brightness: target=359.0, rate=124.0, source= 7
04-03 22:19:42.656 2635 2705 D VRR [OPlusRefreshRateService]: notifyBrightnessChange brightness: 359.0
04-03 22:19:42.662 2635 2658 D DisplayManagerService: Delivering display event: displayId=0, event=4
04-03 22:19:42.663 2635 3161 D LightsServiceExtImpl: baseSetLightLocked end.
04-03 22:19:42.672 2635 2705 D OplusDisplayPowerControllerExtImpl: original brightness to dataBase:359 final brightness:359.0 scale:1.0 reason:4 darkLevel:0
04-03 22:19:42.673 2635 2705 D DisplayPowerController[0]: Animating brightness: target=359.0, rate=124.0, source= 7
04-03 22:19:42.673 2635 2705 D VRR [OPlusRefreshRateService]: notifyBrightnessChange brightness: 359.0
04-03 22:19:42.673 2635 2658 D DisplayManagerService: Delivering display event: displayId=0, event=4
04-03 22:19:42.737 2635 3161 D LightsServiceExtImpl: baseSetLightLocked end.
04-03 22:19:42.747 2635 2705 D OplusDisplayPowerControllerExtImpl: original brightness to dataBase:359 final brightness:359.0 scale:1.0 reason:4 darkLevel:0
04-03 22:19:42.747 2635 2705 D DisplayPowerController[0]: Animating brightness: target=359.0, rate=124.0, source= 7
04-03 22:19:42.748 2635 2705 D VRR [OPlusRefreshRateService]: notifyBrightnessChange brightness: 359.0
04-03 22:19:42.748 2635 2658 D DisplayManagerService: Delivering display event: displayId=0, event=4
04-03 22:19:42.756 2635 3161 D LightsServiceExtImpl: baseSetLightLocked end.
04-03 22:19:42.766 2635 2705 D OplusDisplayPowerControllerExtImpl: original brightness to dataBase:359 final brightness:359.0 scale:1.0 reason:4 darkLevel:0
04-03 22:19:42.766 2635 2705 D DisplayPowerController[0]: Animating brightness: target=359.0, rate=124.0, source= 7
04-03 22:19:42.767 2635 2705 D VRR [OPlusRefreshRateService]: notifyBrightnessChange brightness: 359.0
04-03 22:19:42.767 2635 2658 D DisplayManagerService: Delivering display event: displayId=0, event=4
04-03 22:19:42.783 2635 3161 D LightsServiceExtImpl: baseSetLightLocked end.
04-03 22:19:42.789 2635 2705 D OplusDisplayPowerControllerExtImpl: original brightness to dataBase:359 final brightness:359.0 scale:1.0 reason:4 darkLevel:0
04-03 22:19:42.789 2635 2705 D DisplayPowerController[0]: Animating brightness: target=359.0, rate=124.0, source= 7
04-03 22:19:42.789 2635 2705 D VRR [OPlusRefreshRateService]: notifyBrightnessChange brightness: 359.0
04-03 22:19:42.789 2635 2658 D DisplayManagerService: Delivering display event: displayId=0, event=4
04-03 22:19:42.799 2635 3161 D LightsServiceExtImpl: baseSetLightLocked end.
04-03 22:19:42.805 2635 2705 D OplusDisplayPowerControllerExtImpl: original brightness to dataBase:359 final brightness:359.0 scale:1.0 reason:4 darkLevel:0
04-03 22:19:42.806 2635 2705 D DisplayPowerController[0]: Animating brightness: target=359.0, rate=124.0, source= 7
04-03 22:19:42.806 2635 2705 D VRR [OPlusRefreshRateService]: notifyBrightnessChange brightness: 359.0
04-03 22:19:42.806 2635 2658 D DisplayManagerService: Delivering display event: displayId=0, event=4
04-03 22:19:42.817 2635 3161 D LightsServiceExtImpl: baseSetLightLocked end.
04-03 22:19:42.823 2635 2705 D OplusDisplayPowerControllerExtImpl: original brightness to dataBase:359 final brightness:359.0 scale:1.0 reason:4 darkLevel:0
04-03 22:19:42.823 2635 2705 D DisplayPowerController[0]: Animating brightness: target=359.0, rate=124.0, source= 7
04-03 22:19:42.823 2635 2705 D VRR [OPlusRefreshRateService]: notifyBrightnessChange brightness: 359.0
04-03 22:19:42.824 2635 2658 D DisplayManagerService: Delivering display event: displayId=0, event=4
04-03 22:19:42.919 2635 3161 D LightsServiceExtImpl: baseSetLightLocked end.
04-03 22:19:42.932 2635 2705 D OplusDisplayPowerControllerExtImpl: original brightness to dataBase:359 final brightness:359.0 scale:1.0 reason:4 darkLevel:0
04-03 22:19:42.932 2635 2705 D DisplayPowerController[0]: Animating brightness: target=359.0, rate=124.0, source= 7
04-03 22:19:42.933 2635 2705 D VRR [OPlusRefreshRateService]: notifyBrightnessChange brightness: 359.0
04-03 22:19:42.934 2635 2658 D DisplayManagerService: Delivering display event: displayId=0, event=4
04-03 22:19:42.968 2635 3161 D LightsServiceExtImpl: baseSetLightLocked end.
04-03 22:19:42.981 2635 2705 D OplusDisplayPowerControllerExtImpl: original brightness to dataBase:359 final brightness:359.0 scale:1.0 reason:4 darkLevel:0
04-03 22:19:42.981 2635 2705 D DisplayPowerController[0]: Animating brightness: target=359.0, rate=124.0, source= 7
04-03 22:19:42.982 2635 2705 D VRR [OPlusRefreshRateService]: notifyBrightnessChange brightness: 359.0
04-03 22:19:42.982 2635 2658 D DisplayManagerService: Delivering display event: displayId=0, event=4
04-03 22:19:43.015 2635 3161 D LightsServiceExtImpl: baseSetLightLocked end.
04-03 22:19:43.020 2635 2705 D OplusDisplayPowerControllerExtImpl: original brightness to dataBase:359 final brightness:359.0 scale:1.0 reason:4 darkLevel:0
04-03 22:19:43.020 2635 2705 D DisplayPowerController[0]: Animating brightness: target=359.0, rate=124.0, source= 7
04-03 22:19:43.020 2635 2705 D VRR [OPlusRefreshRateService]: notifyBrightnessChange brightness: 359.0
04-03 22:19:43.021 2635 2658 D DisplayManagerService: Delivering display event: displayId=0, event=4
04-03 22:19:43.049 2635 3161 D LightsServiceExtImpl: baseSetLightLocked end.
04-03 22:19:43.054 2635 2705 D OplusDisplayPowerControllerExtImpl: original brightness to dataBase:359 final brightness:359.0 scale:1.0 reason:4 darkLevel:0
04-03 22:19:43.055 2635 2705 D DisplayPowerController[0]: Animating brightness: target=359.0, rate=124.0, source= 7
04-03 22:19:43.055 2635 2705 D VRR [OPlusRefreshRateService]: notifyBrightnessChange brightness: 359.0
04-03 22:19:43.059 2635 2658 D DisplayManagerService: Delivering display event: displayId=0, event=4
04-03 22:19:43.096 2635 3161 D LightsServiceExtImpl: baseSetLightLocked end.
04-03 22:19:43.101 2635 2705 D OplusDisplayPowerControllerExtImpl: original brightness to dataBase:359 final brightness:359.0 scale:1.0 reason:4 darkLevel:0
04-03 22:19:43.102 2635 2705 D DisplayPowerController[0]: Animating brightness: target=359.0, rate=124.0, source= 7
04-03 22:19:43.102 2635 2705 D VRR [OPlusRefreshRateService]: notifyBrightnessChange brightness: 359.0
04-03 22:19:43.103 2635 2658 D DisplayManagerService: Delivering display event: displayId=0, event=4
04-03 22:19:43.183 2635 3161 D LightsServiceExtImpl: baseSetLightLocked end.
04-03 22:19:43.189 2635 2705 D OplusDisplayPowerControllerExtImpl: original brightness to dataBase:359 final brightness:359.0 scale:1.0 reason:4 darkLevel:0
04-03 22:19:43.189 2635 2705 D DisplayPowerController[0]: Animating brightness: target=359.0, rate=124.0, source= 7
04-03 22:19:43.189 2635 2705 D VRR [OPlusRefreshRateService]: notifyBrightnessChange brightness: 359.0
04-03 22:19:43.189 2635 2658 D DisplayManagerService: Delivering display event: displayId=0, event=4
04-03 22:19:43.231 2635 3161 D LightsServiceExtImpl: baseSetLightLocked end.
04-03 22:19:43.237 2635 2705 D OplusDisplayPowerControllerExtImpl: original brightness to dataBase:359 final brightness:359.0 scale:1.0 reason:4 darkLevel:0
04-03 22:19:43.237 2635 2705 D DisplayPowerController[0]: Animating brightness: target=359.0, rate=124.0, source= 7
04-03 22:19:43.237 2635 2705 D VRR [OPlusRefreshRateService]: notifyBrightnessChange brightness: 359.0
04-03 22:19:43.238 2635 2658 D DisplayManagerService: Delivering display event: displayId=0, event=4
04-03 22:19:43.266 2635 3161 D LightsServiceExtImpl: baseSetLightLocked end.
04-03 22:19:43.271 2635 2705 D OplusDisplayPowerControllerExtImpl: original brightness to dataBase:359 final brightness:359.0 scale:1.0 reason:4 darkLevel:0
04-03 22:19:43.271 2635 2705 D DisplayPowerController[0]: Animating brightness: target=359.0, rate=124.0, source= 7
04-03 22:19:43.271 2635 2705 D VRR [OPlusRefreshRateService]: notifyBrightnessChange brightness: 359.0
04-03 22:19:43.271 2635 2658 D DisplayManagerService: Delivering display event: displayId=0, event=4
04-03 22:19:43.298 2635 3161 D LightsServiceExtImpl: baseSetLightLocked end.
04-03 22:19:43.306 2635 2705 D OplusDisplayPowerControllerExtImpl: original brightness to dataBase:359 final brightness:359.0 scale:1.0 reason:4 darkLevel:0
04-03 22:19:43.306 2635 2705 D DisplayPowerController[0]: Animating brightness: target=359.0, rate=124.0, source= 7
04-03 22:19:43.306 2635 2705 D VRR [OPlusRefreshRateService]: notifyBrightnessChange brightness: 359.0
04-03 22:19:43.306 2635 2658 D DisplayManagerService: Delivering display event: displayId=0, event=4
04-03 22:19:43.349 2635 3161 D LightsServiceExtImpl: baseSetLightLocked end.
04-03 22:19:43.355 2635 2705 D OplusDisplayPowerControllerExtImpl: original brightness to dataBase:359 final brightness:359.0 scale:1.0 reason:4 darkLevel:0
04-03 22:19:43.355 2635 2705 D DisplayPowerController[0]: Animating brightness: target=359.0, rate=124.0, source= 7
04-03 22:19:43.356 2635 2705 D VRR [OPlusRefreshRateService]: notifyBrightnessChange brightness: 359.0
04-03 22:19:43.356 2635 2658 D DisplayManagerService: Delivering display event: displayId=0, event=4
04-03 22:19:43.430 2635 3161 D LightsServiceExtImpl: baseSetLightLocked end.
04-03 22:19:43.440 2635 2705 D OplusDisplayPowerControllerExtImpl: original brightness to dataBase:359 final brightness:359.0 scale:1.0 reason:4 darkLevel:0
04-03 22:19:43.440 2635 2705 D DisplayPowerController[0]: Animating brightness: target=359.0, rate=124.0, source= 7
04-03 22:19:43.440 2635 2705 D VRR [OPlusRefreshRateService]: notifyBrightnessChange brightness: 359.0
04-03 22:19:43.441 2635 2658 D DisplayManagerService: Delivering display event: displayId=0, event=4
04-03 22:19:43.448 2635 3161 D LightsServiceExtImpl: baseSetLightLocked end.
04-03 22:19:43.452 2635 2705 D OplusDisplayPowerControllerExtImpl: original brightness to dataBase:359 final brightness:359.0 scale:1.0 reason:4 darkLevel:0
04-03 22:19:43.453 2635 2705 D DisplayPowerController[0]: Animating brightness: target=359.0, rate=124.0, source= 7
04-03 22:19:43.453 2635 2705 D VRR [OPlusRefreshRateService]: notifyBrightnessChange brightness: 359.0
04-03 22:19:43.453 2635 2658 D DisplayManagerService: Delivering display event: displayId=0, event=4
04-03 22:19:43.502 2635 3161 D LightsServiceExtImpl: baseSetLightLocked end.
04-03 22:19:43.512 2635 2705 D OplusDisplayPowerControllerExtImpl: original brightness to dataBase:359 final brightness:359.0 scale:1.0 reason:4 darkLevel:0
04-03 22:19:43.512 2635 2705 D DisplayPowerController[0]: Animating brightness: target=359.0, rate=124.0, source= 7
04-03 22:19:43.513 2635 2705 D VRR [OPlusRefreshRateService]: notifyBrightnessChange brightness: 359.0
04-03 22:19:43.513 2635 2658 D DisplayManagerService: Delivering display event: displayId=0, event=4
04-03 22:19:43.528 2635 2705 D OplusFeatureBrightnessBarController: mDarkLevel: 0
04-03 22:19:43.531 2635 3156 D AIBrightnessModel: handleUpdateBrightness brightness change from BrightnessPoint:(6.724991, 359.33127, 175.56007, 86.90662)->BrightnessPoint:(5.526188, 298.4184, 30.538754, 72.92744) lux:30.27729, [24.0,29.0,31.0,33.0,33.0,31.0,30.0]
04-03 22:19:43.533 2635 2705 I ColorAutomaticBrightnessController: updateAutoBrightness: Auto
04-03 22:19:43.533 2635 2705 I ColorAutomaticBrightnessController: , sendUpdate = true, adjustment = 977.0, AIBrightness = 298, adjustManualBright = 298
04-03 22:19:43.535 2635 2705 D OplusDisplayPowerControllerExtImpl: original brightness to dataBase:298 final brightness:298.0 scale:1.0 reason:4 darkLevel:0
04-03 22:19:43.535 2635 2705 D DisplayPowerController[0]: Animating brightness: target=298.0, rate=25.0, source= 7
04-03 22:19:43.537 2635 2705 D VRR [OPlusRefreshRateService]: notifyBrightnessChange brightness: 298.0
04-03 22:19:43.537 2635 2705 D VRR [OPlusRefreshRateService]: notifyNitsChange nits: 72.84713 discrete nits: 86.751854
04-03 22:19:43.538 2635 2711 D VRR [OPlusRefreshRateService]: handleBrightnessChange nits: 72.84713
04-03 22:19:43.620 2635 3161 D LightsServiceExtImpl: baseSetLightLocked end.
04-03 22:19:43.633 2635 2705 D OplusDisplayPowerControllerExtImpl: original brightness to dataBase:298 final brightness:298.0 scale:1.0 reason:4 darkLevel:0
04-03 22:19:43.633 2635 2705 D DisplayPowerController[0]: Animating brightness: target=298.0, rate=25.0, source= 7
04-03 22:19:43.635 2635 2705 D VRR [OPlusRefreshRateService]: notifyBrightnessChange brightness: 298.0
04-03 22:19:43.635 2635 2658 D DisplayManagerService: Delivering display event: displayId=0, event=4
04-03 22:19:43.678 2635 3161 D LightsServiceExtImpl: baseSetLightLocked end.
04-03 22:19:43.686 2635 2705 D OplusDisplayPowerControllerExtImpl: original brightness to dataBase:298 final brightness:298.0 scale:1.0 reason:4 darkLevel:0
04-03 22:19:43.686 2635 2705 D DisplayPowerController[0]: Animating brightness: target=298.0, rate=25.0, source= 7
04-03 22:19:43.688 2635 2705 D VRR [OPlusRefreshRateService]: notifyBrightnessChange brightness: 298.0
04-03 22:19:43.689 2635 2658 D DisplayManagerService: Delivering display event: displayId=0, event=4
04-03 22:19:43.692 2635 3161 D LightsServiceExtImpl: baseSetLightLocked end.
04-03 22:19:43.701 2635 2705 D OplusDisplayPowerControllerExtImpl: original brightness to dataBase:298 final brightness:298.0 scale:1.0 reason:4 darkLevel:0
04-03 22:19:43.701 2635 2705 D DisplayPowerController[0]: Animating brightness: target=298.0, rate=25.0, source= 7
04-03 22:19:43.703 2635 2705 D VRR [OPlusRefreshRateService]: notifyBrightnessChange brightness: 298.0
04-03 22:19:43.703 2635 2658 D DisplayManagerService: Delivering display event: displayId=0, event=4
04-03 22:19:43.819 2635 3161 D LightsServiceExtImpl: baseSetLightLocked end.
04-03 22:19:43.838 2635 2705 D OplusDisplayPowerControllerExtImpl: original brightness to dataBase:298 final brightness:298.0 scale:1.0 reason:4 darkLevel:0
04-03 22:19:43.838 2635 2705 D DisplayPowerController[0]: Animating brightness: target=298.0, rate=25.0, source= 7
04-03 22:19:43.841 2635 2705 D VRR [OPlusRefreshRateService]: notifyBrightnessChange brightness: 298.0
04-03 22:19:43.842 2635 2658 D DisplayManagerService: Delivering display event: displayId=0, event=4
04-03 22:19:43.884 2635 3161 D LightsServiceExtImpl: baseSetLightLocked end.
04-03 22:19:43.896 2635 2705 D OplusDisplayPowerControllerExtImpl: original brightness to dataBase:298 final brightness:298.0 scale:1.0 reason:4 darkLevel:0
04-03 22:19:43.897 2635 2705 D DisplayPowerController[0]: Animating brightness: target=298.0, rate=25.0, source= 7
04-03 22:19:43.899 2635 2705 D VRR [OPlusRefreshRateService]: notifyBrightnessChange brightness: 298.0
04-03 22:19:43.899 2635 2658 D DisplayManagerService: Delivering display event: displayId=0, event=4
04-03 22:19:43.933 2635 3161 D LightsServiceExtImpl: baseSetLightLocked end.
04-03 22:19:43.945 2635 2705 D OplusDisplayPowerControllerExtImpl: original brightness to dataBase:298 final brightness:298.0 scale:1.0 reason:4 darkLevel:0
04-03 22:19:43.945 2635 2705 D DisplayPowerController[0]: Animating brightness: target=298.0, rate=25.0, source= 7
04-03 22:19:43.948 2635 2705 D VRR [OPlusRefreshRateService]: notifyBrightnessChange brightness: 298.0
04-03 22:19:43.948 2635 2658 D DisplayManagerService: Delivering display event: displayId=0, event=4
04-03 22:19:43.967 2635 3161 D LightsServiceExtImpl: baseSetLightLocked end.
04-03 22:19:43.976 2635 2705 D OplusDisplayPowerControllerExtImpl: original brightness to dataBase:298 final brightness:298.0 scale:1.0 reason:4 darkLevel:0
04-03 22:19:43.976 2635 2705 D DisplayPowerController[0]: Animating brightness: target=298.0, rate=25.0, source= 7
04-03 22:19:43.978 2635 2705 D VRR [OPlusRefreshRateService]: notifyBrightnessChange brightness: 298.0
04-03 22:19:43.979 2635 2658 D DisplayManagerService: Delivering display event: displayId=0, event=4
04-03 22:19:44.033 2635 3161 D LightsServiceExtImpl: baseSetLightLocked end.
04-03 22:19:44.045 2635 2705 D OplusDisplayPowerControllerExtImpl: original brightness to dataBase:298 final brightness:298.0 scale:1.0 reason:4 darkLevel:0
04-03 22:19:44.045 2635 2705 D DisplayPowerController[0]: Animating brightness: target=298.0, rate=25.0, source= 7
04-03 22:19:44.048 2635 2705 D VRR [OPlusRefreshRateService]: notifyBrightnessChange brightness: 298.0
04-03 22:19:44.048 2635 2658 D DisplayManagerService: Delivering display event: displayId=0, event=4
04-03 22:19:44.141 2635 3161 D LightsServiceExtImpl: baseSetLightLocked end.
04-03 22:19:44.149 2635 2705 D OplusDisplayPowerControllerExtImpl: original brightness to dataBase:298 final brightness:298.0 scale:1.0 reason:4 darkLevel:0
04-03 22:19:44.149 2635 2705 D DisplayPowerController[0]: Animating brightness: target=298.0, rate=25.0, source= 7
04-03 22:19:44.153 2635 2705 D VRR [OPlusRefreshRateService]: notifyBrightnessChange brightness: 298.0
04-03 22:19:44.153 2635 2658 D DisplayManagerService: Delivering display event: displayId=0, event=4
04-03 22:19:44.213 2635 3161 D LightsServiceExtImpl: baseSetLightLocked end.
04-03 22:19:44.218 2635 2705 D OplusDisplayPowerControllerExtImpl: original brightness to dataBase:298 final brightness:298.0 scale:1.0 reason:4 darkLevel:0
04-03 22:19:44.219 2635 2705 D DisplayPowerController[0]: Animating brightness: target=298.0, rate=25.0, source= 7
04-03 22:19:44.220 2635 2705 D VRR [OPlusRefreshRateService]: notifyBrightnessChange brightness: 298.0
04-03 22:19:44.221 2635 2658 D DisplayManagerService: Delivering display event: displayId=0, event=4
04-03 22:19:44.247 2635 3161 D LightsServiceExtImpl: baseSetLightLocked end.
04-03 22:19:44.251 2635 2705 D OplusDisplayPowerControllerExtImpl: original brightness to dataBase:298 final brightness:298.0 scale:1.0 reason:4 darkLevel:0
04-03 22:19:44.251 2635 2705 D DisplayPowerController[0]: Animating brightness: target=298.0, rate=25.0, source= 7
04-03 22:19:44.253 2635 2705 D VRR [OPlusRefreshRateService]: notifyBrightnessChange brightness: 298.0
04-03 22:19:44.253 2635 2658 D DisplayManagerService: Delivering display event: displayId=0, event=4
04-03 22:19:44.312 2635 3161 D LightsServiceExtImpl: baseSetLightLocked end.
04-03 22:19:44.318 2635 2705 D OplusDisplayPowerControllerExtImpl: original brightness to dataBase:298 final brightness:298.0 scale:1.0 reason:4 darkLevel:0
04-03 22:19:44.318 2635 2705 D DisplayPowerController[0]: Animating brightness: target=298.0, rate=25.0, source= 7
04-03 22:19:44.321 2635 2705 D VRR [OPlusRefreshRateService]: notifyBrightnessChange brightness: 298.0
04-03 22:19:44.321 2635 2658 D DisplayManagerService: Delivering display event: displayId=0, event=4
04-03 22:19:44.328 2635 2705 D OplusFeatureBrightnessBarController: mDarkLevel: 0
04-03 22:19:44.399 2635 3161 D LightsServiceExtImpl: baseSetLightLocked end.
04-03 22:19:44.409 2635 2705 D OplusDisplayPowerControllerExtImpl: original brightness to dataBase:298 final brightness:298.0 scale:1.0 reason:4 darkLevel:0
04-03 22:19:44.409 2635 2705 D DisplayPowerController[0]: Animating brightness: target=298.0, rate=25.0, source= 7
04-03 22:19:44.412 2635 2705 D VRR [OPlusRefreshRateService]: notifyBrightnessChange brightness: 298.0
04-03 22:19:44.412 2635 2658 D DisplayManagerService: Delivering display event: displayId=0, event=4
04-03 22:19:44.533 2635 3161 D LightsServiceExtImpl: baseSetLightLocked end.
04-03 22:19:44.551 2635 2705 D OplusDisplayPowerControllerExtImpl: original brightness to dataBase:298 final brightness:298.0 scale:1.0 reason:4 darkLevel:0
04-03 22:19:44.552 2635 2705 D DisplayPowerController[0]: Animating brightness: target=298.0, rate=25.0, source= 7
04-03 22:19:44.554 2635 2705 D VRR [OPlusRefreshRateService]: notifyBrightnessChange brightness: 298.0
04-03 22:19:44.555 2635 2658 D DisplayManagerService: Delivering display event: displayId=0, event=4
04-03 22:19:44.612 2635 3161 D LightsServiceExtImpl: baseSetLightLocked end.
04-03 22:19:44.618 2635 2705 D OplusDisplayPowerControllerExtImpl: original brightness to dataBase:298 final brightness:298.0 scale:1.0 reason:4 darkLevel:0
04-03 22:19:44.619 2635 2705 D DisplayPowerController[0]: Animating brightness: target=298.0, rate=25.0, source= 7
04-03 22:19:44.619 2635 2705 D VRR [OPlusRefreshRateService]: notifyBrightnessChange brightness: 298.0
04-03 22:19:44.620 2635 2658 D DisplayManagerService: Delivering display event: displayId=0, event=4
04-03 22:19:44.677 2635 3161 D LightsServiceExtImpl: baseSetLightLocked end.
04-03 22:19:44.684 2635 2705 D OplusDisplayPowerControllerExtImpl: original brightness to dataBase:298 final brightness:298.0 scale:1.0 reason:4 darkLevel:0
04-03 22:19:44.684 2635 2705 D DisplayPowerController[0]: Animating brightness: target=298.0, rate=25.0, source= 7
04-03 22:19:44.687 2635 2705 D VRR [OPlusRefreshRateService]: notifyBrightnessChange brightness: 298.0
04-03 22:19:44.687 2635 2658 D DisplayManagerService: Delivering display event: displayId=0, event=4
04-03 22:19:44.748 2635 3161 D LightsServiceExtImpl: baseSetLightLocked end.
04-03 22:19:44.758 2635 2705 D OplusDisplayPowerControllerExtImpl: original brightness to dataBase:298 final brightness:298.0 scale:1.0 reason:4 darkLevel:0
04-03 22:19:44.758 2635 2705 D DisplayPowerController[0]: Animating brightness: target=298.0, rate=25.0, source= 7
04-03 22:19:44.763 2635 2705 D VRR [OPlusRefreshRateService]: notifyBrightnessChange brightness: 298.0
04-03 22:19:44.763 2635 2658 D DisplayManagerService: Delivering display event: displayId=0, event=4
04-03 22:19:44.882 2635 3161 D LightsServiceExtImpl: baseSetLightLocked end.
04-03 22:19:44.899 2635 2705 D OplusDisplayPowerControllerExtImpl: original brightness to dataBase:298 final brightness:298.0 scale:1.0 reason:4 darkLevel:0
04-03 22:19:44.900 2635 2705 D DisplayPowerController[0]: Animating brightness: target=298.0, rate=25.0, source= 7
04-03 22:19:44.903 2635 2705 D VRR [OPlusRefreshRateService]: notifyBrightnessChange brightness: 298.0
04-03 22:19:44.903 2635 2658 D DisplayManagerService: Delivering display event: displayId=0, event=4
04-03 22:19:44.954 2635 3161 D LightsServiceExtImpl: baseSetLightLocked end.
04-03 22:19:44.971 2635 2705 D OplusDisplayPowerControllerExtImpl: original brightness to dataBase:298 final brightness:298.0 scale:1.0 reason:4 darkLevel:0
04-03 22:19:44.971 2635 2705 D DisplayPowerController[0]: Animating brightness: target=298.0, rate=25.0, source= 7
04-03 22:19:44.974 2635 2705 D VRR [OPlusRefreshRateService]: notifyBrightnessChange brightness: 298.0
04-03 22:19:44.975 2635 2658 D DisplayManagerService: Delivering display event: displayId=0, event=4
04-03 22:19:44.995 2635 3161 D LightsServiceExtImpl: baseSetLightLocked end.
04-03 22:19:45.002 2635 2705 D OplusDisplayPowerControllerExtImpl: original brightness to dataBase:298 final brightness:298.0 scale:1.0 reason:4 darkLevel:0
04-03 22:19:45.002 2635 2705 D DisplayPowerController[0]: Animating brightness: target=298.0, rate=25.0, source= 7
04-03 22:19:45.004 2635 2705 D VRR [OPlusRefreshRateService]: notifyBrightnessChange brightness: 298.0
04-03 22:19:45.004 2635 2658 D DisplayManagerService: Delivering display event: displayId=0, event=4
04-03 22:19:45.228 2635 3161 D LightsServiceExtImpl: baseSetLightLocked end.
04-03 22:19:45.232 2635 2705 D OplusDisplayPowerControllerExtImpl: original brightness to dataBase:298 final brightness:298.0 scale:1.0 reason:4 darkLevel:0
04-03 22:19:45.232 2635 2705 D DisplayPowerController[0]: Animating brightness: target=298.0, rate=25.0, source= 7
04-03 22:19:45.234 2635 2705 D VRR [OPlusRefreshRateService]: notifyBrightnessChange brightness: 298.0
04-03 22:19:45.234 2635 2658 D DisplayManagerService: Delivering display event: displayId=0, event=4
04-03 22:19:45.245 2635 3161 D LightsServiceExtImpl: baseSetLightLocked end.
04-03 22:19:45.250 2635 2705 D OplusDisplayPowerControllerExtImpl: original brightness to dataBase:298 final brightness:298.0 scale:1.0 reason:4 darkLevel:0
04-03 22:19:45.250 2635 2705 D DisplayPowerController[0]: Animating brightness: target=298.0, rate=25.0, source= 7
04-03 22:19:45.251 2635 2705 D VRR [OPlusRefreshRateService]: notifyBrightnessChange brightness: 298.0
04-03 22:19:45.251 2635 2658 D DisplayManagerService: Delivering display event: displayId=0, event=4
04-03 22:19:45.280 2635 3161 D LightsServiceExtImpl: baseSetLightLocked end.
04-03 22:19:45.284 2635 2705 D OplusDisplayPowerControllerExtImpl: original brightness to dataBase:298 final brightness:298.0 scale:1.0 reason:4 darkLevel:0
04-03 22:19:45.285 2635 2705 D DisplayPowerController[0]: Animating brightness: target=298.0, rate=25.0, source= 7
04-03 22:19:45.287 2635 2705 D VRR [OPlusRefreshRateService]: notifyBrightnessChange brightness: 298.0
04-03 22:19:45.287 2635 2658 D DisplayManagerService: Delivering display event: displayId=0, event=4
04-03 22:19:45.608 2635 3161 D LightsServiceExtImpl: baseSetLightLocked end.
04-03 22:19:45.629 2635 2705 D OplusDisplayPowerControllerExtImpl: original brightness to dataBase:298 final brightness:298.0 scale:1.0 reason:4 darkLevel:0
04-03 22:19:45.629 2635 2705 D DisplayPowerController[0]: Animating brightness: target=298.0, rate=25.0, source= 7
04-03 22:19:45.631 2635 2705 D VRR [OPlusRefreshRateService]: notifyBrightnessChange brightness: 298.0
04-03 22:19:45.631 2635 2658 D DisplayManagerService: Delivering display event: displayId=0, event=4
04-03 22:19:45.655 2635 3161 D LightsServiceExtImpl: baseSetLightLocked end.
04-03 22:19:45.661 2635 2705 D OplusDisplayPowerControllerExtImpl: original brightness to dataBase:298 final brightness:298.0 scale:1.0 reason:4 darkLevel:0
04-03 22:19:45.662 2635 2705 D DisplayPowerController[0]: Animating brightness: target=298.0, rate=25.0, source= 7
04-03 22:19:45.664 2635 2705 D VRR [OPlusRefreshRateService]: notifyBrightnessChange brightness: 298.0
04-03 22:19:45.664 2635 2658 D DisplayManagerService: Delivering display event: displayId=0, event=4
04-03 22:19:45.723 2635 3161 D LightsServiceExtImpl: baseSetLightLocked end.
04-03 22:19:45.731 2635 2705 D OplusDisplayPowerControllerExtImpl: original brightness to dataBase:298 final brightness:298.0 scale:1.0 reason:4 darkLevel:0
04-03 22:19:45.731 2635 2705 D DisplayPowerController[0]: Animating brightness: target=298.0, rate=25.0, source= 7
04-03 22:19:45.733 2635 2705 D VRR [OPlusRefreshRateService]: notifyBrightnessChange brightness: 298.0
04-03 22:19:45.733 2635 2658 D DisplayManagerService: Delivering display event: displayId=0, event=4
04-03 22:19:45.827 2635 2705 D OplusDisplayPowerControllerExtImpl: original brightness to dataBase:298 final brightness:298.0 scale:1.0 reason:4 darkLevel:0
04-03 22:19:45.828 2635 2705 D DisplayPowerController[0]: Animating brightness: target=298.0, rate=25.0, source= 7
04-03 22:19:45.828 2635 2705 D VRR [OPlusRefreshRateService]: notifyBrightnessChange brightness: 298.0
04-03 22:19:45.834 2635 3161 D LightsServiceExtImpl: baseSetLightLocked end.
04-03 22:19:45.846 2635 2705 D OplusDisplayPowerControllerExtImpl: original brightness to dataBase:298 final brightness:298.0 scale:1.0 reason:4 darkLevel:0
04-03 22:19:45.847 2635 2705 D DisplayPowerController[0]: Animating brightness: target=298.0, rate=25.0, source= 7
04-03 22:19:45.847 2635 2705 D VRR [OPlusRefreshRateService]: notifyBrightnessChange brightness: 298.0
04-03 22:19:45.853 2635 2658 D DisplayManagerService: Delivering display event: displayId=0, event=4
04-03 22:19:47.328 2635 2705 D OplusFeatureBrightnessBarController: mDarkLevel: 0
04-03 22:19:50.663 2635 5661 E AppOps : noteOperation
04-03 22:19:50.663 2635 5661 E AppOps : java.lang.SecurityException: Specified package com.android.phone under uid 10185 but it is not
04-03 22:19:50.663 2635 5661 E AppOps : at com.android.server.appop.AppOpsService.verifyAndGetBypass(AppOpsService.java:4696)
04-03 22:19:50.663 2635 5661 E AppOps : at com.android.server.appop.AppOpsService.noteOperationUnchecked(AppOpsService.java:3494)
04-03 22:19:50.663 2635 5661 E AppOps : at com.android.server.appop.AppOpsService.noteOperationImpl(AppOpsService.java:3482)
04-03 22:19:50.663 2635 5661 E AppOps : at com.android.server.appop.AppOpsService.access$3900(AppOpsService.java:220)
04-03 22:19:50.663 2635 5661 E AppOps : at com.android.server.appop.AppOpsService$CheckOpsDelegateDispatcher.lambda$noteOperation$4(AppOpsService.java:7639)
04-03 22:19:50.663 2635 5661 E AppOps : at com.android.server.appop.AppOpsService$CheckOpsDelegateDispatcher$$ExternalSyntheticLambda5.apply(Unknown Source:33)
04-03 22:19:50.663 2635 5661 E AppOps : at com.android.server.policy.AppOpsPolicy.noteOperation(AppOpsPolicy.java:221)
04-03 22:19:50.663 2635 5661 E AppOps : at com.android.server.appop.AppOpsService$CheckOpsDelegateDispatcher.noteOperation(AppOpsService.java:7637)
04-03 22:19:50.663 2635 5661 E AppOps : at com.android.server.appop.AppOpsService.noteOperation(AppOpsService.java:3466)
04-03 22:19:50.663 2635 5661 E AppOps : at com.android.internal.app.IAppOpsService$Stub.onTransact(IAppOpsService.java:476)
04-03 22:19:50.663 2635 5661 E AppOps : at com.android.server.appop.OplusAppOpsService.onTransact(OplusAppOpsService.java:38)
04-03 22:19:50.663 2635 5661 E AppOps : at android.os.Binder.execTransactInternal(Binder.java:1226)
04-03 22:19:50.663 2635 5661 E AppOps : at android.os.Binder.execTransact(Binder.java:1163)
04-03 22:19:50.684 2635 5661 E AppOps : noteOperation
04-03 22:19:50.684 2635 5661 E AppOps : java.lang.SecurityException: Specified package com.android.phone under uid 10185 but it is not
04-03 22:19:50.684 2635 5661 E AppOps : at com.android.server.appop.AppOpsService.verifyAndGetBypass(AppOpsService.java:4696)
04-03 22:19:50.684 2635 5661 E AppOps : at com.android.server.appop.AppOpsService.noteOperationUnchecked(AppOpsService.java:3494)
04-03 22:19:50.684 2635 5661 E AppOps : at com.android.server.appop.AppOpsService.noteOperationImpl(AppOpsService.java:3482)
04-03 22:19:50.684 2635 5661 E AppOps : at com.android.server.appop.AppOpsService.access$3900(AppOpsService.java:220)
04-03 22:19:50.684 2635 5661 E AppOps : at com.android.server.appop.AppOpsService$CheckOpsDelegateDispatcher.lambda$noteOperation$4(AppOpsService.java:7639)
04-03 22:19:50.684 2635 5661 E AppOps : at com.android.server.appop.AppOpsService$CheckOpsDelegateDispatcher$$ExternalSyntheticLambda5.apply(Unknown Source:33)
04-03 22:19:50.684 2635 5661 E AppOps : at com.android.server.policy.AppOpsPolicy.noteOperation(AppOpsPolicy.java:221)
04-03 22:19:50.684 2635 5661 E AppOps : at com.android.server.appop.AppOpsService$CheckOpsDelegateDispatcher.noteOperation(AppOpsService.java:7637)
04-03 22:19:50.684 2635 5661 E AppOps : at com.android.server.appop.AppOpsService.noteOperation(AppOpsService.java:3466)
04-03 22:19:50.684 2635 5661 E AppOps : at com.android.internal.app.IAppOpsService$Stub.onTransact(IAppOpsService.java:476)
04-03 22:19:50.684 2635 5661 E AppOps : at com.android.server.appop.OplusAppOpsService.onTransact(OplusAppOpsService.java:38)
04-03 22:19:50.684 2635 5661 E AppOps : at android.os.Binder.execTransactInternal(Binder.java:1226)
04-03 22:19:50.684 2635 5661 E AppOps : at android.os.Binder.execTransact(Binder.java:1163)
04-03 22:19:51.328 2635 2705 D OplusFeatureBrightnessBarController: mDarkLevel: 0
04-03 22:19:52.129 2635 2705 D OplusFeatureBrightnessBarController: mDarkLevel: 0
04-03 22:19:53.328 2635 2705 D OplusFeatureBrightnessBarController: mDarkLevel: 0
04-03 22:19:55.328 2635 2705 D OplusFeatureBrightnessBarController: mDarkLevel: 0
04-03 22:19:56.129 2635 2705 D OplusFeatureBrightnessBarController: mDarkLevel: 0
04-03 22:19:58.128 2635 2705 D OplusFeatureBrightnessBarController: mDarkLevel: 0
04-03 22:19:59.328 2635 2705 D OplusFeatureBrightnessBarController: mDarkLevel: 0
04-03 22:19:59.428 2635 5661 D CompatibilityChangeReporter: Compat change id reported: 135634846; UID 10192; state: DISABLED
04-03 22:19:59.429 2635 5661 D CompatibilityChangeReporter: Compat change id reported: 177438394; UID 10192; state: DISABLED
04-03 22:19:59.429 2635 5661 D CompatibilityChangeReporter: Compat change id reported: 135772972; UID 10192; state: DISABLED
04-03 22:19:59.429 2635 5661 D CompatibilityChangeReporter: Compat change id reported: 135754954; UID 10192; state: ENABLED
04-03 22:19:59.432 2635 2686 D CompatibilityChangeReporter: Compat change id reported: 143937733; UID 10192; state: ENABLED
04-03 22:19:59.476 2635 2686 I ActivityManager: Start proc 30882:com.oplus.eyeprotect/u0a192 for service {com.oplus.eyeprotect/com.oplus.eyeprotect.services.EyeProtectTileService}
04-03 22:19:59.477 2635 2686 W ContextImpl: Calling a method in the system process without a qualified user: android.app.ContextImpl.sendBroadcast:1175 com.android.server.am.OplusAppStartupConfig.sendAbnormalNotify:1210 com.android.server.am.OplusAppStartupConfig.notifyAbnormalInfo:1143 com.android.server.am.OplusAppStartupManager.handleStartAppInfo:5170 com.android.server.am.ProcessListExtImpl.hookHandleProcessStart:250
04-03 22:19:59.567 2635 3238 W SettingsProvider: You shouldn't keep your settings in the secure settings. This will soon become an error!!!
04-03 22:19:59.568 2635 3238 W SettingsProvider: You shouldn't keep your settings in the secure settings. This will soon become an error!!!
04-03 22:19:59.569 2635 3238 W SettingsProvider: You shouldn't keep your settings in the secure settings. This will soon become an error!!!
04-03 22:19:59.569 2635 3238 W SettingsProvider: You shouldn't keep your settings in the secure settings. This will soon become an error!!!
04-03 22:19:59.570 2635 3238 W SettingsProvider: You shouldn't keep your settings in the secure settings. This will soon become an error!!!
04-03 22:19:59.579 2635 2658 W EyeProtectCompatHandler: handleRgbMatrix: rgbMatrix is null, skip
04-03 22:19:59.596 2635 3238 W SettingsProvider: You shouldn't keep your settings in the secure settings. This will soon become an error!!!
04-03 22:20:00.027 2635 5661 E OplusCustomizeRestrictionManagerService: isBiometricDisabled start
04-03 22:20:00.028 2635 3238 E OplusCustomizeRestrictionManagerService: isBiometricDisabled start
04-03 22:20:00.528 2635 2705 D OplusFeatureBrightnessBarController: mDarkLevel: 0
04-03 22:20:02.328 2635 2705 D OplusFeatureBrightnessBarController: mDarkLevel: 0
04-03 22:20:03.328 2635 2705 D OplusFeatureBrightnessBarController: mDarkLevel: 0
04-03 22:20:06.728 2635 2705 D OplusFeatureBrightnessBarController: mDarkLevel: 0
04-03 22:20:07.656 8162 8162 I Quality : Skipped: false 2 cost 36.27475 refreshRate 0 processName com.innowireless.xcal.mobile5
04-03 22:20:07.929 2635 2705 D OplusFeatureBrightnessBarController: mDarkLevel: 0
04-03 22:20:08.927 2635 2705 D OplusFeatureBrightnessBarController: mDarkLevel: 0
04-03 22:20:09.728 2635 2705 D OplusFeatureBrightnessBarController: mDarkLevel: 0
04-03 22:20:12.130 2635 2705 D OplusFeatureBrightnessBarController: mDarkLevel: 0
04-03 22:20:12.629 8162 8162 I Quality : Skipped: false 1 cost 17.894596 refreshRate 0 processName com.innowireless.xcal.mobile5
04-03 22:20:14.327 2635 2705 D OplusFeatureBrightnessBarController: mDarkLevel: 0
04-03 22:20:16.927 2635 2705 D OplusFeatureBrightnessBarController: mDarkLevel: 0
04-03 22:20:17.728 2635 2705 D OplusFeatureBrightnessBarController: mDarkLevel: 0
04-03 22:20:17.731 2635 3156 D AIBrightnessModel: handleUpdateBrightness brightness change from BrightnessPoint:(5.526188, 298.4184, 30.538754, 72.92744)->BrightnessPoint:(6.75423, 361.4432, 183.39381, 87.28058) lux:178.75192, [178.0,179.0,180.0,178.0]
04-03 22:20:17.734 2635 2705 I ColorAutomaticBrightnessController: updateAutoBrightness: Auto
04-03 22:20:17.734 2635 2705 I ColorAutomaticBrightnessController: , sendUpdate = true, adjustment = 977.0, AIBrightness = 361, adjustManualBright = 361
04-03 22:20:17.735 2635 2705 D OplusDisplayPowerControllerExtImpl: original brightness to dataBase:361 final brightness:361.0 scale:1.0 reason:4 darkLevel:0
04-03 22:20:17.735 2635 2705 D DisplayPowerController[0]: Animating brightness: target=361.0, rate=123.0, source= 7
04-03 22:20:17.747 2635 2705 D VRR [OPlusRefreshRateService]: notifyBrightnessChange brightness: 361.0
04-03 22:20:17.747 2635 2705 D VRR [OPlusRefreshRateService]: notifyNitsChange nits: 87.23086 discrete nits: 72.84713
04-03 22:20:17.748 2635 2711 D VRR [OPlusRefreshRateService]: handleBrightnessChange nits: 87.23086
04-03 22:20:17.774 2635 3161 D LightsServiceExtImpl: baseSetLightLocked end.
04-03 22:20:17.784 2635 2705 D OplusDisplayPowerControllerExtImpl: original brightness to dataBase:361 final brightness:361.0 scale:1.0 reason:4 darkLevel:0
04-03 22:20:17.784 2635 2705 D DisplayPowerController[0]: Animating brightness: target=361.0, rate=123.0, source= 7
04-03 22:20:17.785 2635 2705 D VRR [OPlusRefreshRateService]: notifyBrightnessChange brightness: 361.0
04-03 22:20:17.785 2635 2658 D DisplayManagerService: Delivering display event: displayId=0, event=4
04-03 22:20:17.833 2635 3161 D LightsServiceExtImpl: baseSetLightLocked end.
04-03 22:20:17.847 2635 2705 D OplusDisplayPowerControllerExtImpl: original brightness to dataBase:361 final brightness:361.0 scale:1.0 reason:4 darkLevel:0
04-03 22:20:17.847 2635 2705 D DisplayPowerController[0]: Animating brightness: target=361.0, rate=123.0, source= 7
04-03 22:20:17.847 2635 2705 D VRR [OPlusRefreshRateService]: notifyBrightnessChange brightness: 361.0
04-03 22:20:17.848 2635 2658 D DisplayManagerService: Delivering display event: displayId=0, event=4
04-03 22:20:17.884 2635 3161 D LightsServiceExtImpl: baseSetLightLocked end.
04-03 22:20:17.897 2635 2705 D OplusDisplayPowerControllerExtImpl: original brightness to dataBase:361 final brightness:361.0 scale:1.0 reason:4 darkLevel:0
04-03 22:20:17.898 2635 2705 D DisplayPowerController[0]: Animating brightness: target=361.0, rate=123.0, source= 7
04-03 22:20:17.898 2635 2705 D VRR [OPlusRefreshRateService]: notifyBrightnessChange brightness: 361.0
04-03 22:20:17.899 2635 2658 D DisplayManagerService: Delivering display event: displayId=0, event=4
04-03 22:20:17.929 2635 3161 D LightsServiceExtImpl: baseSetLightLocked end.
04-03 22:20:17.934 2635 2705 D OplusDisplayPowerControllerExtImpl: original brightness to dataBase:361 final brightness:361.0 scale:1.0 reason:4 darkLevel:0
04-03 22:20:17.934 2635 2705 D DisplayPowerController[0]: Animating brightness: target=361.0, rate=123.0, source= 7
04-03 22:20:17.934 2635 2705 D VRR [OPlusRefreshRateService]: notifyBrightnessChange brightness: 361.0
04-03 22:20:17.934 2635 2658 D DisplayManagerService: Delivering display event: displayId=0, event=4
04-03 22:20:18.155 2635 3161 D LightsServiceExtImpl: baseSetLightLocked end.
04-03 22:20:18.159 2635 2705 D OplusDisplayPowerControllerExtImpl: original brightness to dataBase:361 final brightness:361.0 scale:1.0 reason:4 darkLevel:0
04-03 22:20:18.159 2635 2705 D DisplayPowerController[0]: Animating brightness: target=361.0, rate=123.0, source= 7
04-03 22:20:18.159 2635 2705 D VRR [OPlusRefreshRateService]: notifyBrightnessChange brightness: 361.0
04-03 22:20:18.160 2635 2658 D DisplayManagerService: Delivering display event: displayId=0, event=4
04-03 22:20:18.195 2635 3161 D LightsServiceExtImpl: baseSetLightLocked end.
04-03 22:20:18.202 2635 2705 D OplusDisplayPowerControllerExtImpl: original brightness to dataBase:361 final brightness:361.0 scale:1.0 reason:4 darkLevel:0
04-03 22:20:18.202 2635 2705 D DisplayPowerController[0]: Animating brightness: target=361.0, rate=123.0, source= 7
04-03 22:20:18.203 2635 2705 D VRR [OPlusRefreshRateService]: notifyBrightnessChange brightness: 361.0
04-03 22:20:18.203 2635 2658 D DisplayManagerService: Delivering display event: displayId=0, event=4
04-03 22:20:18.381 2635 3161 D LightsServiceExtImpl: baseSetLightLocked end.
04-03 22:20:18.393 2635 2705 D OplusDisplayPowerControllerExtImpl: original brightness to dataBase:361 final brightness:361.0 scale:1.0 reason:4 darkLevel:0
04-03 22:20:18.394 2635 2705 D DisplayPowerController[0]: Animating brightness: target=361.0, rate=123.0, source= 7
04-03 22:20:18.394 2635 2705 D VRR [OPlusRefreshRateService]: notifyBrightnessChange brightness: 361.0
04-03 22:20:18.395 2635 2658 D DisplayManagerService: Delivering display event: displayId=0, event=4
04-03 22:20:18.428 2635 3161 D LightsServiceExtImpl: baseSetLightLocked end.
04-03 22:20:18.434 2635 2705 D OplusDisplayPowerControllerExtImpl: original brightness to dataBase:361 final brightness:361.0 scale:1.0 reason:4 darkLevel:0
04-03 22:20:18.434 2635 2705 D DisplayPowerController[0]: Animating brightness: target=361.0, rate=123.0, source= 7
04-03 22:20:18.434 2635 2705 D VRR [OPlusRefreshRateService]: notifyBrightnessChange brightness: 361.0
04-03 22:20:18.434 2635 2658 D DisplayManagerService: Delivering display event: displayId=0, event=4
04-03 22:20:18.461 2635 3161 D LightsServiceExtImpl: baseSetLightLocked end.
04-03 22:20:18.467 2635 2705 D OplusDisplayPowerControllerExtImpl: original brightness to dataBase:361 final brightness:361.0 scale:1.0 reason:4 darkLevel:0
04-03 22:20:18.468 2635 2705 D DisplayPowerController[0]: Animating brightness: target=361.0, rate=123.0, source= 7
04-03 22:20:18.468 2635 2705 D VRR [OPlusRefreshRateService]: notifyBrightnessChange brightness: 361.0
04-03 22:20:18.468 2635 2658 D DisplayManagerService: Delivering display event: displayId=0, event=4
04-03 22:20:18.581 2635 3161 D LightsServiceExtImpl: baseSetLightLocked end.
04-03 22:20:18.600 2635 2705 D OplusDisplayPowerControllerExtImpl: original brightness to dataBase:361 final brightness:361.0 scale:1.0 reason:4 darkLevel:0
