04-03 22:22:23.739 2635 2711 D VRR [OPlusRefreshRateService]: handleBrightnessChange nits: 49.678368
04-03 22:22:23.765 2635 3161 D LightsServiceExtImpl: baseSetLightLocked end.
04-03 22:22:23.770 2635 2705 D OplusDisplayPowerControllerExtImpl: original brightness to dataBase:193 final brightness:193.0 scale:1.0 reason:4 darkLevel:0
04-03 22:22:23.771 2635 2705 D DisplayPowerController[0]: Animating brightness: target=193.0, rate=25.0, source= 7
04-03 22:22:23.772 2635 2705 D VRR [OPlusRefreshRateService]: notifyBrightnessChange brightness: 193.0
04-03 22:22:23.772 2635 2658 D DisplayManagerService: Delivering display event: displayId=0, event=4
04-03 22:22:23.781 2635 3161 D LightsServiceExtImpl: baseSetLightLocked end.
04-03 22:22:23.785 2635 2705 D OplusDisplayPowerControllerExtImpl: original brightness to dataBase:193 final brightness:193.0 scale:1.0 reason:4 darkLevel:0
04-03 22:22:23.785 2635 2705 D DisplayPowerController[0]: Animating brightness: target=193.0, rate=25.0, source= 7
04-03 22:22:23.787 2635 2705 D VRR [OPlusRefreshRateService]: notifyBrightnessChange brightness: 193.0
04-03 22:22:23.787 2635 2658 D DisplayManagerService: Delivering display event: displayId=0, event=4
04-03 22:22:23.817 2635 3161 D LightsServiceExtImpl: baseSetLightLocked end.
04-03 22:22:23.827 2635 2705 D OplusDisplayPowerControllerExtImpl: original brightness to dataBase:193 final brightness:193.0 scale:1.0 reason:4 darkLevel:0
04-03 22:22:23.827 2635 2705 D DisplayPowerController[0]: Animating brightness: target=193.0, rate=25.0, source= 7
04-03 22:22:23.831 2635 2705 D VRR [OPlusRefreshRateService]: notifyBrightnessChange brightness: 193.0
04-03 22:22:23.831 2635 2658 D DisplayManagerService: Delivering display event: displayId=0, event=4
04-03 22:22:23.834 2635 3161 D LightsServiceExtImpl: baseSetLightLocked end.
04-03 22:22:23.844 2635 2705 D OplusDisplayPowerControllerExtImpl: original brightness to dataBase:193 final brightness:193.0 scale:1.0 reason:4 darkLevel:0
04-03 22:22:23.844 2635 2705 D DisplayPowerController[0]: Animating brightness: target=193.0, rate=25.0, source= 7
04-03 22:22:23.846 2635 2705 D VRR [OPlusRefreshRateService]: notifyBrightnessChange brightness: 193.0
04-03 22:22:23.846 2635 2658 D DisplayManagerService: Delivering display event: displayId=0, event=4
04-03 22:22:23.867 2635 3161 D LightsServiceExtImpl: baseSetLightLocked end.
04-03 22:22:23.880 2635 2705 D OplusDisplayPowerControllerExtImpl: original brightness to dataBase:193 final brightness:193.0 scale:1.0 reason:4 darkLevel:0
04-03 22:22:23.881 2635 2705 D DisplayPowerController[0]: Animating brightness: target=193.0, rate=25.0, source= 7
04-03 22:22:23.882 2635 2705 D VRR [OPlusRefreshRateService]: notifyBrightnessChange brightness: 193.0
04-03 22:22:23.883 2635 2658 D DisplayManagerService: Delivering display event: displayId=0, event=4
04-03 22:22:23.901 2635 3161 D LightsServiceExtImpl: baseSetLightLocked end.
04-03 22:22:23.912 2635 2705 D OplusDisplayPowerControllerExtImpl: original brightness to dataBase:193 final brightness:193.0 scale:1.0 reason:4 darkLevel:0
04-03 22:22:23.912 2635 2705 D DisplayPowerController[0]: Animating brightness: target=193.0, rate=25.0, source= 7
04-03 22:22:23.916 2635 2705 D VRR [OPlusRefreshRateService]: notifyBrightnessChange brightness: 193.0
04-03 22:22:23.916 2635 2658 D DisplayManagerService: Delivering display event: displayId=0, event=4
04-03 22:22:23.923 2635 3161 D LightsServiceExtImpl: baseSetLightLocked end.
04-03 22:22:23.929 2635 2705 D OplusDisplayPowerControllerExtImpl: original brightness to dataBase:193 final brightness:193.0 scale:1.0 reason:4 darkLevel:0
04-03 22:22:23.929 2635 2705 D DisplayPowerController[0]: Animating brightness: target=193.0, rate=25.0, source= 7
04-03 22:22:23.931 2635 2705 D VRR [OPlusRefreshRateService]: notifyBrightnessChange brightness: 193.0
04-03 22:22:23.931 2635 2658 D DisplayManagerService: Delivering display event: displayId=0, event=4
04-03 22:22:23.964 2635 3161 D LightsServiceExtImpl: baseSetLightLocked end.
04-03 22:22:23.969 2635 2705 D OplusDisplayPowerControllerExtImpl: original brightness to dataBase:193 final brightness:193.0 scale:1.0 reason:4 darkLevel:0
04-03 22:22:23.969 2635 2705 D DisplayPowerController[0]: Animating brightness: target=193.0, rate=25.0, source= 7
04-03 22:22:23.970 2635 2705 D VRR [OPlusRefreshRateService]: notifyBrightnessChange brightness: 193.0
04-03 22:22:23.970 2635 2658 D DisplayManagerService: Delivering display event: displayId=0, event=4
04-03 22:22:24.000 2635 3161 D LightsServiceExtImpl: baseSetLightLocked end.
04-03 22:22:24.011 2635 2705 D OplusDisplayPowerControllerExtImpl: original brightness to dataBase:193 final brightness:193.0 scale:1.0 reason:4 darkLevel:0
04-03 22:22:24.011 2635 2705 D DisplayPowerController[0]: Animating brightness: target=193.0, rate=25.0, source= 7
04-03 22:22:24.014 2635 2705 D VRR [OPlusRefreshRateService]: notifyBrightnessChange brightness: 193.0
04-03 22:22:24.014 2635 2658 D DisplayManagerService: Delivering display event: displayId=0, event=4
04-03 22:22:24.036 2635 3161 D LightsServiceExtImpl: baseSetLightLocked end.
04-03 22:22:24.043 2635 2705 D OplusDisplayPowerControllerExtImpl: original brightness to dataBase:193 final brightness:193.0 scale:1.0 reason:4 darkLevel:0
04-03 22:22:24.044 2635 2705 D DisplayPowerController[0]: Animating brightness: target=193.0, rate=25.0, source= 7
04-03 22:22:24.045 2635 2705 D VRR [OPlusRefreshRateService]: notifyBrightnessChange brightness: 193.0
04-03 22:22:24.045 2635 2658 D DisplayManagerService: Delivering display event: displayId=0, event=4
04-03 22:22:24.067 2635 3161 D LightsServiceExtImpl: baseSetLightLocked end.
04-03 22:22:24.075 2635 2705 D OplusDisplayPowerControllerExtImpl: original brightness to dataBase:193 final brightness:193.0 scale:1.0 reason:4 darkLevel:0
04-03 22:22:24.075 2635 2705 D DisplayPowerController[0]: Animating brightness: target=193.0, rate=25.0, source= 7
04-03 22:22:24.077 2635 2705 D VRR [OPlusRefreshRateService]: notifyBrightnessChange brightness: 193.0
04-03 22:22:24.077 2635 2658 D DisplayManagerService: Delivering display event: displayId=0, event=4
04-03 22:22:24.077 2635 2705 D OplusDisplayPowerControllerExtImpl: original brightness to dataBase:193 final brightness:193.0 scale:1.0 reason:4 darkLevel:0
04-03 22:22:24.078 2635 2705 D DisplayPowerController[0]: Animating brightness: target=193.0, rate=25.0, source= 7
04-03 22:22:24.079 2635 2705 D VRR [OPlusRefreshRateService]: notifyBrightnessChange brightness: 193.0
04-03 22:22:24.085 2635 3161 D LightsServiceExtImpl: baseSetLightLocked end.
04-03 22:22:24.091 2635 2705 D OplusDisplayPowerControllerExtImpl: original brightness to dataBase:193 final brightness:193.0 scale:1.0 reason:4 darkLevel:0
04-03 22:22:24.091 2635 2705 D DisplayPowerController[0]: Animating brightness: target=193.0, rate=25.0, source= 7
04-03 22:22:24.093 2635 2705 D VRR [OPlusRefreshRateService]: notifyBrightnessChange brightness: 193.0
04-03 22:22:24.094 2635 2658 D DisplayManagerService: Delivering display event: displayId=0, event=4
04-03 22:22:24.128 2635 3161 D LightsServiceExtImpl: baseSetLightLocked end.
04-03 22:22:24.137 2635 2705 D OplusDisplayPowerControllerExtImpl: original brightness to dataBase:193 final brightness:193.0 scale:1.0 reason:4 darkLevel:0
04-03 22:22:24.137 2635 2705 D DisplayPowerController[0]: Animating brightness: target=193.0, rate=25.0, source= 7
04-03 22:22:24.143 2635 2705 D VRR [OPlusRefreshRateService]: notifyBrightnessChange brightness: 193.0
04-03 22:22:24.143 2635 2658 D DisplayManagerService: Delivering display event: displayId=0, event=4
04-03 22:22:24.161 2635 3161 D LightsServiceExtImpl: baseSetLightLocked end.
04-03 22:22:24.168 2635 2705 D OplusDisplayPowerControllerExtImpl: original brightness to dataBase:193 final brightness:193.0 scale:1.0 reason:4 darkLevel:0
04-03 22:22:24.168 2635 2705 D DisplayPowerController[0]: Animating brightness: target=193.0, rate=25.0, source= 7
04-03 22:22:24.169 2635 2705 D VRR [OPlusRefreshRateService]: notifyBrightnessChange brightness: 193.0
04-03 22:22:24.169 2635 2658 D DisplayManagerService: Delivering display event: displayId=0, event=4
04-03 22:22:24.190 2635 2695 D BatteryStatsImplExtImpl: updateDevicePowerDetails
04-03 22:22:24.191 2635 2695 D OplusRpmSubsystemManager: battery drained...
04-03 22:22:24.193 2635 2635 D OplusPowerMonitor: BATTERY DRAINED ... PreBatteryLevel=49 BatteryLevel=48 StepCurrent=23.258647021473845 Threshold:60.0 suspendRatio=0.0
04-03 22:22:24.196 2635 2695 D OplusRpmSubsystemManager: measureOplusRpmMasterStatsDelta...
04-03 22:22:24.196 2635 2695 D OplusRpmSubsystemManager: elapsedRealTimeDelta :261108
04-03 22:22:24.196 2635 2695 D OplusRpmSubsystemManager: mRpmSuspendRatioSummay: [ADSP:100.00,ADSP_ISLAND:0.00,APSS:0.00,CDSP:100.00,MPSS:0.00]
04-03 22:22:24.197 2635 2695 D BatteryStatsImplExtImpl: PowerDetails: time=2025-04-03-22-22-24, top=com.innowireless.xcal.mobile5.ui.Main_Activity, ref_counts=42187, ref_mode=0, brightness=0, refs_per_sec=6.0, modem_txTimeMs=[0, 0, 0, 0, 0], traffic=[3990968194,4203440860,146182315,257179076], ctr_drain=[157,1.39,0,8.08], rpmstat=[ADSP:100.00,ADSP_ISLAND:0.00,APSS:0.00,CDSP:100.00,MPSS:0.00], sap=false, audio=[spk:0, headset:0]
04-03 22:22:24.197 2635 2695 D BatteryStatsImplExtImpl: , modem=[activity:SettleObj{ what=LO date=04-03 22:00:41.984 duration=3585 screenOnRatio=100.00 screenOffRatio=0 power=53 current=115.48 networkType=MOBILE dataNetworkType=13 signalStrength=-83 aodState=0 softAp=false charge=false simCount=1 defaultPhone=0 apssSleepC=0 apssSleepRatio=0 mpssSleepC=0 mpssSleepRatio=0 vminSleepC=0 vminSleepRatio=0 vlowSleepC=0 vlowSleepRatio=0 modemPowermA[]=[115.62,102.00,129.06] sleepRatio=5.08 idleRatio=25.85 rxRatio=62.98 5gRxRatio=0 txSumRatio=6.09 5gTxSumRatio=0 txRatio[]=[7.18,20.53,14.79,14.35,43.16] 5gTxRatio[]=[0,0,0,0,0] techRatio[]=[0,0,0,0,68.35,0,0,0,0] rrcConn10sC[]=[38, 0] rrcConn20sC[]=[28, 0] rrcConnMore20sC[]=[43, 0] rrcConnC[]=[109, 0] csChangedC[]=[4, 0] psChangedC[]=[4, 0] iRatC[]=[0, 0] cellUpdateC[]=[15, 0] nwSrchC[]=[3, 0] nwSrchRatio[]=[0.36,0] lteRrcConnRatio[]=[82.52,0] psRegRatio[]=[100.00,0] csRegRatio[]=[100.00,0] psNoRegRatio[]=[0,100.00] csNoRegRatio[]=[0,100.00] sigGrid0Ratio[]=[0,0] endcActRatio[]=[11.75,0] saActRatio[]=[0,0] gpsRatio=100.00 wlanRatio=61.43 qrtrWakeupC={} allWakeupC={} appInWakeupC={} appOutWakeupC={} appWakeupRatio={} appTrafficC={} regReqFbC=[183, 0] regReqTransAcqDbC=[7918, 90384] saRrcConn10sC[]=[0, 0] saRrcConn20sC[]=[0, 0] saRrcConnMore20sC[]=[0, 0] saRrcConnC[]=[1231, 0] lteHoC[]=[0, 0] saHoC[]=[0, 0] saRrcConnRatio[]=[0,0] lteBandRatiosim0[]=[0,0,0,0,0,0,0,0,0] lteBandRatiosim1[]=[0,0,0,0,0,0,0,0,0] nrBandRatiosim0[]=[0,0,0,0,0,0] nrBandRatiosim1[]=[0,0,0,0,0,0] sensorStationaryC=0 sensorStationaryT=0 modemStationaryC=0 modemStationaryT=0}]
04-03 22:22:24.197 2635 2695 D BatteryStatsImplExtImpl: , endc=0
04-03 22:22:24.206 2635 2635 D BatteryStatsImplExtImpl: on receive oplus.intent.action.SMART5G_KEYINFO
04-03 22:22:24.206 2635 2635 D BatteryStatsImplExtImpl: on receive oplus.intent.action.SMART5G_KEYINFO
04-03 22:22:24.208 2635 3161 D LightsServiceExtImpl: baseSetLightLocked end.
04-03 22:22:24.213 2635 2705 D OplusDisplayPowerControllerExtImpl: original brightness to dataBase:193 final brightness:193.0 scale:1.0 reason:4 darkLevel:0
04-03 22:22:24.213 2635 2705 D DisplayPowerController[0]: Animating brightness: target=193.0, rate=25.0, source= 7
04-03 22:22:24.214 2635 2705 D VRR [OPlusRefreshRateService]: notifyBrightnessChange brightness: 193.0
04-03 22:22:24.214 2635 2658 D DisplayManagerService: Delivering display event: displayId=0, event=4
04-03 22:22:24.240 2635 2711 D VRR [OPlusSurfaceFlingerController]: setTouchIdle : TouchIdleBean{mEnable=true, mHwEnable=false, mSwEnable=true, mAdfrEnable=false, mTimeOut=4000, mContentThreshold=-1, mContentGapMs=500, mBrightnessLimit=200, mNitLimit=-1, mLowestRate=60, mBlackList=[], mReadingWhiteList=[], mSpecialTimeOutMap={}, mSwWhiteList=[], mSwNegligibleOverlay=[], mHwDisablePanel=[], mAdfrToHwList=[]}
04-03 22:22:24.259 2635 3161 D LightsServiceExtImpl: baseSetLightLocked end.
04-03 22:22:24.263 2635 2705 D OplusDisplayPowerControllerExtImpl: original brightness to dataBase:193 final brightness:193.0 scale:1.0 reason:4 darkLevel:0
04-03 22:22:24.263 2635 2705 D DisplayPowerController[0]: Animating brightness: target=193.0, rate=25.0, source= 7
04-03 22:22:24.265 2635 2705 D VRR [OPlusRefreshRateService]: notifyBrightnessChange brightness: 193.0
04-03 22:22:24.265 2635 2658 D DisplayManagerService: Delivering display event: displayId=0, event=4
04-03 22:22:24.274 2635 2711 D VRR [OPlusRefreshRateService]: onConfigChanged physicalDisplayId: 4630946962717273473 modeId: 1
04-03 22:22:24.275 2635 2658 I DisplayDeviceRepository: Display device changed: DisplayDeviceInfo{"Built-in Screen": uniqueId="local:4630946962717273473", 1080 x 2400, modeId 2, defaultModeId 1, supportedModes [{id=1, width=1080, height=2400, fps=60.000004, alternativeRefreshRates=[90.0]}, {id=2, width=1080, height=2400, fps=90.0, alternativeRefreshRates=[60.000004]}], colorMode 0, supportedColorModes [0, 7, 9], hdrCapabilities HdrCapabilities{mSupportedHdrTypes=[2, 3, 4], mMaxLuminance=540.0, mMaxAverageLuminance=270.1, mMinLuminance=0.2}, allmSupported false, gameContentTypeSupported false, density 450, 409.432 x 409.127 dpi, appVsyncOff 2000000, presDeadline 16111111, touch INTERNAL, rotation 0, type INTERNAL, address {port=129, model=0x40446dba0e6fed}, deviceProductInfo DeviceProductInfo{name=, manufacturerPnpId=QCM, productId=1, modelYear=null, manufactureDate=ManufactureDate{week=27, year=2006}, connectionToSinkType=0}, state ON, frameRateOverride , brightnessMinimum 0.0, brightnessMaximum 1.0, brightnessDefault 1600.0, roundedCorners RoundedCorners{[RoundedCorner{position=TopLeft, radius=56, center=Point(56, 56)}, RoundedCorner{position=TopRight, radius=56, center=Point(1024, 56)}, RoundedCorner{position=BottomRight, radius=56, center=Point(1024, 2344)}, RoundedCorner{position=BottomLeft, radius=56, center=Point(56, 2344)}]}, FLAG_DEFAULT_DISPLAY, FLAG_ROTATES_WITH_CONTENT, FLAG_SECURE, FLAG_SUPPORTS_PROTECTED_BUFFERS}
04-03 22:22:24.277 2635 2658 D DisplayManagerService: Delivering display event: displayId=0, event=2
04-03 22:22:24.277 2635 2635 I WallpaperManagerServiceExt: removeDisplayData. displayId = 0
04-03 22:22:24.280 2635 3161 D LightsServiceExtImpl: baseSetLightLocked end.
04-03 22:22:24.285 2635 2705 D OplusDisplayPowerControllerExtImpl: original brightness to dataBase:193 final brightness:193.0 scale:1.0 reason:4 darkLevel:0
04-03 22:22:24.285 2635 2705 D DisplayPowerController[0]: Animating brightness: target=193.0, rate=25.0, source= 7
04-03 22:22:24.287 2635 2705 D VRR [OPlusRefreshRateService]: notifyBrightnessChange brightness: 193.0
04-03 22:22:24.295 2635 2658 D DisplayManagerService: Delivering display event: displayId=0, event=4
04-03 22:22:24.314 2635 3161 D LightsServiceExtImpl: baseSetLightLocked end.
04-03 22:22:24.320 2635 2705 D OplusDisplayPowerControllerExtImpl: original brightness to dataBase:193 final brightness:193.0 scale:1.0 reason:4 darkLevel:0
04-03 22:22:24.321 2635 2705 D DisplayPowerController[0]: Animating brightness: target=193.0, rate=25.0, source= 7
04-03 22:22:24.322 2635 2705 D VRR [OPlusRefreshRateService]: notifyBrightnessChange brightness: 193.0
04-03 22:22:24.322 2635 2658 D DisplayManagerService: Delivering display event: displayId=0, event=4
04-03 22:22:24.365 2635 3161 D LightsServiceExtImpl: baseSetLightLocked end.
04-03 22:22:24.372 2635 2705 D OplusDisplayPowerControllerExtImpl: original brightness to dataBase:193 final brightness:193.0 scale:1.0 reason:4 darkLevel:0
04-03 22:22:24.372 2635 2705 D DisplayPowerController[0]: Animating brightness: target=193.0, rate=25.0, source= 7
04-03 22:22:24.373 2635 2705 D VRR [OPlusRefreshRateService]: notifyBrightnessChange brightness: 193.0
04-03 22:22:24.374 2635 2658 D DisplayManagerService: Delivering display event: displayId=0, event=4
04-03 22:22:24.375 2635 2711 D VRR [OPlusRefreshRateService]: handleConfigIdChange physicalDisplayId: 4630946962717273473 configId: 1
04-03 22:22:24.398 2635 3161 D LightsServiceExtImpl: baseSetLightLocked end.
04-03 22:22:24.405 2635 2705 D OplusDisplayPowerControllerExtImpl: original brightness to dataBase:193 final brightness:193.0 scale:1.0 reason:4 darkLevel:0
04-03 22:22:24.405 2635 2705 D DisplayPowerController[0]: Animating brightness: target=193.0, rate=25.0, source= 7
04-03 22:22:24.406 2635 2705 D VRR [OPlusRefreshRateService]: notifyBrightnessChange brightness: 193.0
04-03 22:22:24.407 2635 2658 D DisplayManagerService: Delivering display event: displayId=0, event=4
04-03 22:22:24.413 2635 3161 D LightsServiceExtImpl: baseSetLightLocked end.
04-03 22:22:24.417 2635 2705 D OplusDisplayPowerControllerExtImpl: original brightness to dataBase:193 final brightness:193.0 scale:1.0 reason:4 darkLevel:0
04-03 22:22:24.417 2635 2705 D DisplayPowerController[0]: Animating brightness: target=193.0, rate=25.0, source= 7
04-03 22:22:24.418 2635 2705 D VRR [OPlusRefreshRateService]: notifyBrightnessChange brightness: 193.0
04-03 22:22:24.419 2635 2658 D DisplayManagerService: Delivering display event: displayId=0, event=4
04-03 22:22:24.444 2635 3161 D LightsServiceExtImpl: baseSetLightLocked end.
04-03 22:22:24.449 2635 2705 D OplusDisplayPowerControllerExtImpl: original brightness to dataBase:193 final brightness:193.0 scale:1.0 reason:4 darkLevel:0
04-03 22:22:24.449 2635 2705 D DisplayPowerController[0]: Animating brightness: target=193.0, rate=25.0, source= 7
04-03 22:22:24.452 2635 2705 D VRR [OPlusRefreshRateService]: notifyBrightnessChange brightness: 193.0
04-03 22:22:24.453 2635 2658 D DisplayManagerService: Delivering display event: displayId=0, event=4
04-03 22:22:24.477 2635 3161 D LightsServiceExtImpl: baseSetLightLocked end.
04-03 22:22:24.487 2635 2705 D OplusDisplayPowerControllerExtImpl: original brightness to dataBase:193 final brightness:193.0 scale:1.0 reason:4 darkLevel:0
04-03 22:22:24.487 2635 2705 D DisplayPowerController[0]: Animating brightness: target=193.0, rate=25.0, source= 7
04-03 22:22:24.490 2635 2705 D VRR [OPlusRefreshRateService]: notifyBrightnessChange brightness: 193.0
04-03 22:22:24.491 2635 2658 D DisplayManagerService: Delivering display event: displayId=0, event=4
04-03 22:22:24.534 2635 3161 D LightsServiceExtImpl: baseSetLightLocked end.
04-03 22:22:24.544 2635 2705 D OplusDisplayPowerControllerExtImpl: original brightness to dataBase:193 final brightness:193.0 scale:1.0 reason:4 darkLevel:0
04-03 22:22:24.544 2635 2705 D DisplayPowerController[0]: Animating brightness: target=193.0, rate=25.0, source= 7
04-03 22:22:24.548 2635 2705 D VRR [OPlusRefreshRateService]: notifyBrightnessChange brightness: 193.0
04-03 22:22:24.549 2635 2658 D DisplayManagerService: Delivering display event: displayId=0, event=4
04-03 22:22:24.566 2635 3161 D LightsServiceExtImpl: baseSetLightLocked end.
04-03 22:22:24.571 2635 2705 D OplusDisplayPowerControllerExtImpl: original brightness to dataBase:193 final brightness:193.0 scale:1.0 reason:4 darkLevel:0
04-03 22:22:24.571 2635 2705 D DisplayPowerController[0]: Animating brightness: target=193.0, rate=25.0, source= 7
04-03 22:22:24.572 2635 2705 D VRR [OPlusRefreshRateService]: notifyBrightnessChange brightness: 193.0
04-03 22:22:24.573 2635 2658 D DisplayManagerService: Delivering display event: displayId=0, event=4
04-03 22:22:24.587 2635 3161 D LightsServiceExtImpl: baseSetLightLocked end.
04-03 22:22:24.595 2635 2705 D OplusDisplayPowerControllerExtImpl: original brightness to dataBase:193 final brightness:193.0 scale:1.0 reason:4 darkLevel:0
04-03 22:22:24.595 2635 2705 D DisplayPowerController[0]: Animating brightness: target=193.0, rate=25.0, source= 7
04-03 22:22:24.596 2635 2705 D VRR [OPlusRefreshRateService]: notifyBrightnessChange brightness: 193.0
04-03 22:22:24.597 2635 2658 D DisplayManagerService: Delivering display event: displayId=0, event=4
04-03 22:22:24.620 2635 3161 D LightsServiceExtImpl: baseSetLightLocked end.
04-03 22:22:24.625 2635 2705 D OplusDisplayPowerControllerExtImpl: original brightness to dataBase:193 final brightness:193.0 scale:1.0 reason:4 darkLevel:0
04-03 22:22:24.625 2635 2705 D DisplayPowerController[0]: Animating brightness: target=193.0, rate=25.0, source= 7
04-03 22:22:24.626 2635 2705 D VRR [OPlusRefreshRateService]: notifyBrightnessChange brightness: 193.0
04-03 22:22:24.627 2635 2658 D DisplayManagerService: Delivering display event: displayId=0, event=4
04-03 22:22:24.669 2635 3161 D LightsServiceExtImpl: baseSetLightLocked end.
04-03 22:22:24.674 2635 2705 D OplusDisplayPowerControllerExtImpl: original brightness to dataBase:193 final brightness:193.0 scale:1.0 reason:4 darkLevel:0
04-03 22:22:24.674 2635 2705 D DisplayPowerController[0]: Animating brightness: target=193.0, rate=25.0, source= 7
04-03 22:22:24.675 2635 2705 D VRR [OPlusRefreshRateService]: notifyBrightnessChange brightness: 193.0
04-03 22:22:24.675 2635 2658 D DisplayManagerService: Delivering display event: displayId=0, event=4
04-03 22:22:24.692 2635 3161 D LightsServiceExtImpl: baseSetLightLocked end.
04-03 22:22:24.698 2635 2705 D OplusDisplayPowerControllerExtImpl: original brightness to dataBase:193 final brightness:193.0 scale:1.0 reason:4 darkLevel:0
04-03 22:22:24.698 2635 2705 D DisplayPowerController[0]: Animating brightness: target=193.0, rate=25.0, source= 7
04-03 22:22:24.700 2635 2705 D VRR [OPlusRefreshRateService]: notifyBrightnessChange brightness: 193.0
04-03 22:22:24.701 2635 2658 D DisplayManagerService: Delivering display event: displayId=0, event=4
04-03 22:22:24.715 2635 3161 D LightsServiceExtImpl: baseSetLightLocked end.
04-03 22:22:24.723 2635 2705 D OplusDisplayPowerControllerExtImpl: original brightness to dataBase:193 final brightness:193.0 scale:1.0 reason:4 darkLevel:0
04-03 22:22:24.723 2635 2705 D DisplayPowerController[0]: Animating brightness: target=193.0, rate=25.0, source= 7
04-03 22:22:24.724 2635 2705 D VRR [OPlusRefreshRateService]: notifyBrightnessChange brightness: 193.0
04-03 22:22:24.725 2635 2658 D DisplayManagerService: Delivering display event: displayId=0, event=4
04-03 22:22:24.811 2635 3161 D LightsServiceExtImpl: baseSetLightLocked end.
04-03 22:22:24.829 2635 2705 D OplusDisplayPowerControllerExtImpl: original brightness to dataBase:193 final brightness:193.0 scale:1.0 reason:4 darkLevel:0
04-03 22:22:24.829 2635 2705 D DisplayPowerController[0]: Animating brightness: target=193.0, rate=25.0, source= 7
04-03 22:22:24.829 2635 3161 D LightsServiceExtImpl: baseSetLightLocked end.
04-03 22:22:24.830 2635 2705 D VRR [OPlusRefreshRateService]: notifyBrightnessChange brightness: 193.0
04-03 22:22:24.831 2635 2658 D DisplayManagerService: Delivering display event: displayId=0, event=4
04-03 22:22:24.839 2635 2705 D OplusDisplayPowerControllerExtImpl: original brightness to dataBase:193 final brightness:193.0 scale:1.0 reason:4 darkLevel:0
04-03 22:22:24.839 2635 2705 D DisplayPowerController[0]: Animating brightness: target=193.0, rate=25.0, source= 7
04-03 22:22:24.842 2635 2705 D VRR [OPlusRefreshRateService]: notifyBrightnessChange brightness: 193.0
04-03 22:22:24.842 2635 2658 D DisplayManagerService: Delivering display event: displayId=0, event=4
04-03 22:22:24.934 2635 3161 D LightsServiceExtImpl: baseSetLightLocked end.
04-03 22:22:24.945 2635 2705 D OplusDisplayPowerControllerExtImpl: original brightness to dataBase:193 final brightness:193.0 scale:1.0 reason:4 darkLevel:0
04-03 22:22:24.945 2635 2705 D DisplayPowerController[0]: Animating brightness: target=193.0, rate=25.0, source= 7
04-03 22:22:24.951 2635 2705 D VRR [OPlusRefreshRateService]: notifyBrightnessChange brightness: 193.0
04-03 22:22:24.952 2635 2658 D DisplayManagerService: Delivering display event: displayId=0, event=4
04-03 22:22:24.962 2635 3161 D LightsServiceExtImpl: baseSetLightLocked end.
04-03 22:22:24.969 2635 2705 D OplusDisplayPowerControllerExtImpl: original brightness to dataBase:193 final brightness:193.0 scale:1.0 reason:4 darkLevel:0
04-03 22:22:24.969 2635 2705 D DisplayPowerController[0]: Animating brightness: target=193.0, rate=25.0, source= 7
04-03 22:22:24.971 2635 2705 D VRR [OPlusRefreshRateService]: notifyBrightnessChange brightness: 193.0
04-03 22:22:24.972 2635 2658 D DisplayManagerService: Delivering display event: displayId=0, event=4
04-03 22:22:24.980 2635 3161 D LightsServiceExtImpl: baseSetLightLocked end.
04-03 22:22:24.985 2635 2705 D OplusDisplayPowerControllerExtImpl: original brightness to dataBase:193 final brightness:193.0 scale:1.0 reason:4 darkLevel:0
04-03 22:22:24.986 2635 2705 D DisplayPowerController[0]: Animating brightness: target=193.0, rate=25.0, source= 7
04-03 22:22:24.988 2635 2705 D VRR [OPlusRefreshRateService]: notifyBrightnessChange brightness: 193.0
04-03 22:22:24.988 2635 2658 D DisplayManagerService: Delivering display event: displayId=0, event=4
04-03 22:22:25.010 2635 3161 D LightsServiceExtImpl: baseSetLightLocked end.
04-03 22:22:25.019 2635 2705 D OplusDisplayPowerControllerExtImpl: original brightness to dataBase:193 final brightness:193.0 scale:1.0 reason:4 darkLevel:0
04-03 22:22:25.020 2635 2705 D DisplayPowerController[0]: Animating brightness: target=193.0, rate=25.0, source= 7
04-03 22:22:25.022 2635 2705 D VRR [OPlusRefreshRateService]: notifyBrightnessChange brightness: 193.0
04-03 22:22:25.022 2635 2658 D DisplayManagerService: Delivering display event: displayId=0, event=4
04-03 22:22:25.055 2635 3161 D LightsServiceExtImpl: baseSetLightLocked end.
04-03 22:22:25.064 2635 2705 D OplusDisplayPowerControllerExtImpl: original brightness to dataBase:193 final brightness:193.0 scale:1.0 reason:4 darkLevel:0
04-03 22:22:25.064 2635 2705 D DisplayPowerController[0]: Animating brightness: target=193.0, rate=25.0, source= 7
04-03 22:22:25.068 2635 2705 D VRR [OPlusRefreshRateService]: notifyBrightnessChange brightness: 193.0
04-03 22:22:25.069 2635 2658 D DisplayManagerService: Delivering display event: displayId=0, event=4
04-03 22:22:25.078 2635 3161 D LightsServiceExtImpl: baseSetLightLocked end.
04-03 22:22:25.083 2635 2705 D OplusDisplayPowerControllerExtImpl: original brightness to dataBase:193 final brightness:193.0 scale:1.0 reason:4 darkLevel:0
04-03 22:22:25.084 2635 2705 D DisplayPowerController[0]: Animating brightness: target=193.0, rate=25.0, source= 7
04-03 22:22:25.085 2635 2705 D VRR [OPlusRefreshRateService]: notifyBrightnessChange brightness: 193.0
04-03 22:22:25.086 2635 2658 D DisplayManagerService: Delivering display event: displayId=0, event=4
04-03 22:22:25.097 2635 3161 D LightsServiceExtImpl: baseSetLightLocked end.
04-03 22:22:25.102 2635 2705 D OplusDisplayPowerControllerExtImpl: original brightness to dataBase:193 final brightness:193.0 scale:1.0 reason:4 darkLevel:0
04-03 22:22:25.102 2635 2705 D DisplayPowerController[0]: Animating brightness: target=193.0, rate=25.0, source= 7
04-03 22:22:25.103 2635 2705 D VRR [OPlusRefreshRateService]: notifyBrightnessChange brightness: 193.0
04-03 22:22:25.104 2635 2658 D DisplayManagerService: Delivering display event: displayId=0, event=4
04-03 22:22:25.149 2635 3161 D LightsServiceExtImpl: baseSetLightLocked end.
04-03 22:22:25.153 2635 2705 D OplusDisplayPowerControllerExtImpl: original brightness to dataBase:193 final brightness:193.0 scale:1.0 reason:4 darkLevel:0
04-03 22:22:25.153 2635 2705 D DisplayPowerController[0]: Animating brightness: target=193.0, rate=25.0, source= 7
04-03 22:22:25.155 2635 2705 D VRR [OPlusRefreshRateService]: notifyBrightnessChange brightness: 193.0
04-03 22:22:25.155 2635 2658 D DisplayManagerService: Delivering display event: displayId=0, event=4
04-03 22:22:25.181 2635 3161 D LightsServiceExtImpl: baseSetLightLocked end.
04-03 22:22:25.189 2635 2705 D OplusDisplayPowerControllerExtImpl: original brightness to dataBase:193 final brightness:193.0 scale:1.0 reason:4 darkLevel:0
04-03 22:22:25.189 2635 2705 D DisplayPowerController[0]: Animating brightness: target=193.0, rate=25.0, source= 7
04-03 22:22:25.191 2635 2705 D VRR [OPlusRefreshRateService]: notifyBrightnessChange brightness: 193.0
04-03 22:22:25.191 2635 2658 D DisplayManagerService: Delivering display event: displayId=0, event=4
04-03 22:22:25.221 2635 3161 D LightsServiceExtImpl: baseSetLightLocked end.
04-03 22:22:25.228 2635 2705 D OplusDisplayPowerControllerExtImpl: original brightness to dataBase:193 final brightness:193.0 scale:1.0 reason:4 darkLevel:0
04-03 22:22:25.228 2635 2705 D DisplayPowerController[0]: Animating brightness: target=193.0, rate=25.0, source= 7
04-03 22:22:25.231 2635 2705 D VRR [OPlusRefreshRateService]: notifyBrightnessChange brightness: 193.0
04-03 22:22:25.231 2635 2658 D DisplayManagerService: Delivering display event: displayId=0, event=4
04-03 22:22:25.289 2635 3161 D LightsServiceExtImpl: baseSetLightLocked end.
04-03 22:22:25.297 2635 2705 D OplusDisplayPowerControllerExtImpl: original brightness to dataBase:193 final brightness:193.0 scale:1.0 reason:4 darkLevel:0
04-03 22:22:25.297 2635 2705 D DisplayPowerController[0]: Animating brightness: target=193.0, rate=25.0, source= 7
04-03 22:22:25.300 2635 2705 D VRR [OPlusRefreshRateService]: notifyBrightnessChange brightness: 193.0
04-03 22:22:25.301 2635 2658 D DisplayManagerService: Delivering display event: displayId=0, event=4
04-03 22:22:25.332 2635 3161 D LightsServiceExtImpl: baseSetLightLocked end.
04-03 22:22:25.336 2635 2705 D OplusDisplayPowerControllerExtImpl: original brightness to dataBase:193 final brightness:193.0 scale:1.0 reason:4 darkLevel:0
04-03 22:22:25.336 2635 2705 D DisplayPowerController[0]: Animating brightness: target=193.0, rate=25.0, source= 7
04-03 22:22:25.338 2635 2705 D VRR [OPlusRefreshRateService]: notifyBrightnessChange brightness: 193.0
04-03 22:22:25.339 2635 2658 D DisplayManagerService: Delivering display event: displayId=0, event=4
04-03 22:22:25.363 2635 3161 D LightsServiceExtImpl: baseSetLightLocked end.
04-03 22:22:25.367 2635 2705 D OplusDisplayPowerControllerExtImpl: original brightness to dataBase:193 final brightness:193.0 scale:1.0 reason:4 darkLevel:0
04-03 22:22:25.367 2635 2705 D DisplayPowerController[0]: Animating brightness: target=193.0, rate=25.0, source= 7
04-03 22:22:25.370 2635 2705 D VRR [OPlusRefreshRateService]: notifyBrightnessChange brightness: 193.0
04-03 22:22:25.370 2635 2658 D DisplayManagerService: Delivering display event: displayId=0, event=4
04-03 22:22:25.407 2635 3161 D LightsServiceExtImpl: baseSetLightLocked end.
04-03 22:22:25.413 2635 2705 D OplusDisplayPowerControllerExtImpl: original brightness to dataBase:193 final brightness:193.0 scale:1.0 reason:4 darkLevel:0
04-03 22:22:25.413 2635 2705 D DisplayPowerController[0]: Animating brightness: target=193.0, rate=25.0, source= 7
04-03 22:22:25.416 2635 2705 D VRR [OPlusRefreshRateService]: notifyBrightnessChange brightness: 193.0
04-03 22:22:25.416 2635 2658 D DisplayManagerService: Delivering display event: displayId=0, event=4
04-03 22:22:25.430 2635 3161 D LightsServiceExtImpl: baseSetLightLocked end.
04-03 22:22:25.433 2635 2705 D OplusDisplayPowerControllerExtImpl: original brightness to dataBase:193 final brightness:193.0 scale:1.0 reason:4 darkLevel:0
04-03 22:22:25.433 2635 2705 D DisplayPowerController[0]: Animating brightness: target=193.0, rate=25.0, source= 7
04-03 22:22:25.435 2635 2705 D VRR [OPlusRefreshRateService]: notifyBrightnessChange brightness: 193.0
04-03 22:22:25.435 2635 2658 D DisplayManagerService: Delivering display event: displayId=0, event=4
04-03 22:22:25.474 2635 3161 D LightsServiceExtImpl: baseSetLightLocked end.
04-03 22:22:25.480 2635 2705 D OplusDisplayPowerControllerExtImpl: original brightness to dataBase:193 final brightness:193.0 scale:1.0 reason:4 darkLevel:0
04-03 22:22:25.481 2635 2705 D DisplayPowerController[0]: Animating brightness: target=193.0, rate=25.0, source= 7
04-03 22:22:25.482 2635 2705 D VRR [OPlusRefreshRateService]: notifyBrightnessChange brightness: 193.0
04-03 22:22:25.482 2635 2658 D DisplayManagerService: Delivering display event: displayId=0, event=4
04-03 22:22:25.508 2635 3161 D LightsServiceExtImpl: baseSetLightLocked end.
04-03 22:22:25.513 2635 2705 D OplusDisplayPowerControllerExtImpl: original brightness to dataBase:193 final brightness:193.0 scale:1.0 reason:4 darkLevel:0
04-03 22:22:25.513 2635 2705 D DisplayPowerController[0]: Animating brightness: target=193.0, rate=25.0, source= 7
04-03 22:22:25.515 2635 2705 D VRR [OPlusRefreshRateService]: notifyBrightnessChange brightness: 193.0
04-03 22:22:25.515 2635 2658 D DisplayManagerService: Delivering display event: displayId=0, event=4
04-03 22:22:25.530 2635 3161 D LightsServiceExtImpl: baseSetLightLocked end.
04-03 22:22:25.536 2635 2705 D OplusDisplayPowerControllerExtImpl: original brightness to dataBase:193 final brightness:193.0 scale:1.0 reason:4 darkLevel:0
04-03 22:22:25.536 2635 2705 D DisplayPowerController[0]: Animating brightness: target=193.0, rate=25.0, source= 7
04-03 22:22:25.539 2635 2705 D VRR [OPlusRefreshRateService]: notifyBrightnessChange brightness: 193.0
04-03 22:22:25.540 2635 2658 D DisplayManagerService: Delivering display event: displayId=0, event=4
04-03 22:22:25.580 2635 3161 D LightsServiceExtImpl: baseSetLightLocked end.
04-03 22:22:25.591 2635 2705 D OplusDisplayPowerControllerExtImpl: original brightness to dataBase:193 final brightness:193.0 scale:1.0 reason:4 darkLevel:0
04-03 22:22:25.591 2635 2705 D DisplayPowerController[0]: Animating brightness: target=193.0, rate=25.0, source= 7
04-03 22:22:25.596 2635 2705 D VRR [OPlusRefreshRateService]: notifyBrightnessChange brightness: 193.0
04-03 22:22:25.599 2635 2658 D DisplayManagerService: Delivering display event: displayId=0, event=4
04-03 22:22:25.611 8162 8162 I Quality : Skipped: false 1 cost 11.11609 refreshRate 0 processName com.innowireless.xcal.mobile5
04-03 22:22:25.629 2635 3161 D LightsServiceExtImpl: baseSetLightLocked end.
04-03 22:22:25.633 2635 2705 D OplusDisplayPowerControllerExtImpl: original brightness to dataBase:193 final brightness:193.0 scale:1.0 reason:4 darkLevel:0
04-03 22:22:25.633 2635 2705 D DisplayPowerController[0]: Animating brightness: target=193.0, rate=25.0, source= 7
04-03 22:22:25.634 2635 2705 D VRR [OPlusRefreshRateService]: notifyBrightnessChange brightness: 193.0
04-03 22:22:25.634 2635 2658 D DisplayManagerService: Delivering display event: displayId=0, event=4
04-03 22:22:25.660 2635 3161 D LightsServiceExtImpl: baseSetLightLocked end.
04-03 22:22:25.666 2635 2705 D OplusDisplayPowerControllerExtImpl: original brightness to dataBase:193 final brightness:193.0 scale:1.0 reason:4 darkLevel:0
04-03 22:22:25.667 2635 2705 D DisplayPowerController[0]: Animating brightness: target=193.0, rate=25.0, source= 7
04-03 22:22:25.668 2635 2705 D VRR [OPlusRefreshRateService]: notifyBrightnessChange brightness: 193.0
04-03 22:22:25.668 2635 2658 D DisplayManagerService: Delivering display event: displayId=0, event=4
04-03 22:22:25.692 2635 3161 D LightsServiceExtImpl: baseSetLightLocked end.
04-03 22:22:25.701 2635 2705 D OplusDisplayPowerControllerExtImpl: original brightness to dataBase:193 final brightness:193.0 scale:1.0 reason:4 darkLevel:0
04-03 22:22:25.701 2635 2705 D DisplayPowerController[0]: Animating brightness: target=193.0, rate=25.0, source= 7
04-03 22:22:25.703 2635 2705 D VRR [OPlusRefreshRateService]: notifyBrightnessChange brightness: 193.0
04-03 22:22:25.704 2635 2658 D DisplayManagerService: Delivering display event: displayId=0, event=4
04-03 22:22:25.735 2635 3161 D LightsServiceExtImpl: baseSetLightLocked end.
04-03 22:22:25.740 2635 2705 D OplusDisplayPowerControllerExtImpl: original brightness to dataBase:193 final brightness:193.0 scale:1.0 reason:4 darkLevel:0
04-03 22:22:25.740 2635 2705 D DisplayPowerController[0]: Animating brightness: target=193.0, rate=25.0, source= 7
04-03 22:22:25.741 2635 2705 D VRR [OPlusRefreshRateService]: notifyBrightnessChange brightness: 193.0
04-03 22:22:25.741 2635 2658 D DisplayManagerService: Delivering display event: displayId=0, event=4
04-03 22:22:25.782 2635 3161 D LightsServiceExtImpl: baseSetLightLocked end.
04-03 22:22:25.791 2635 2705 D OplusDisplayPowerControllerExtImpl: original brightness to dataBase:193 final brightness:193.0 scale:1.0 reason:4 darkLevel:0
04-03 22:22:25.791 2635 2705 D DisplayPowerController[0]: Animating brightness: target=193.0, rate=25.0, source= 7
04-03 22:22:25.793 2635 2705 D VRR [OPlusRefreshRateService]: notifyBrightnessChange brightness: 193.0
04-03 22:22:25.793 2635 2658 D DisplayManagerService: Delivering display event: displayId=0, event=4
04-03 22:22:25.814 2635 3161 D LightsServiceExtImpl: baseSetLightLocked end.
04-03 22:22:25.823 2635 2705 D OplusDisplayPowerControllerExtImpl: original brightness to dataBase:193 final brightness:193.0 scale:1.0 reason:4 darkLevel:0
04-03 22:22:25.823 2635 2705 D DisplayPowerController[0]: Animating brightness: target=193.0, rate=25.0, source= 7
04-03 22:22:25.828 2635 2705 D VRR [OPlusRefreshRateService]: notifyBrightnessChange brightness: 193.0
04-03 22:22:25.829 2635 2658 D DisplayManagerService: Delivering display event: displayId=0, event=4
04-03 22:22:25.866 2635 3161 D LightsServiceExtImpl: baseSetLightLocked end.
04-03 22:22:25.879 2635 2705 D OplusDisplayPowerControllerExtImpl: original brightness to dataBase:193 final brightness:193.0 scale:1.0 reason:4 darkLevel:0
04-03 22:22:25.879 2635 2705 D DisplayPowerController[0]: Animating brightness: target=193.0, rate=25.0, source= 7
04-03 22:22:25.882 2635 2705 D VRR [OPlusRefreshRateService]: notifyBrightnessChange brightness: 193.0
04-03 22:22:25.883 2635 2658 D DisplayManagerService: Delivering display event: displayId=0, event=4
04-03 22:22:25.911 2635 3161 D LightsServiceExtImpl: baseSetLightLocked end.
04-03 22:22:25.923 2635 2705 D OplusDisplayPowerControllerExtImpl: original brightness to dataBase:193 final brightness:193.0 scale:1.0 reason:4 darkLevel:0
04-03 22:22:25.924 2635 2705 D DisplayPowerController[0]: Animating brightness: target=193.0, rate=25.0, source= 7
04-03 22:22:25.926 2635 2705 D VRR [OPlusRefreshRateService]: notifyBrightnessChange brightness: 193.0
04-03 22:22:25.928 2635 2658 D DisplayManagerService: Delivering display event: displayId=0, event=4
04-03 22:22:25.945 2635 3161 D LightsServiceExtImpl: baseSetLightLocked end.
04-03 22:22:25.955 2635 2705 D OplusDisplayPowerControllerExtImpl: original brightness to dataBase:193 final brightness:193.0 scale:1.0 reason:4 darkLevel:0
04-03 22:22:25.956 2635 2705 D DisplayPowerController[0]: Animating brightness: target=193.0, rate=25.0, source= 7
04-03 22:22:25.958 2635 2705 D VRR [OPlusRefreshRateService]: notifyBrightnessChange brightness: 193.0
04-03 22:22:25.959 2635 2658 D DisplayManagerService: Delivering display event: displayId=0, event=4
04-03 22:22:25.999 2635 3161 D LightsServiceExtImpl: baseSetLightLocked end.
04-03 22:22:26.008 2635 2705 D OplusDisplayPowerControllerExtImpl: original brightness to dataBase:193 final brightness:193.0 scale:1.0 reason:4 darkLevel:0
04-03 22:22:26.008 2635 2705 D DisplayPowerController[0]: Animating brightness: target=193.0, rate=25.0, source= 7
04-03 22:22:26.011 2635 2705 D VRR [OPlusRefreshRateService]: notifyBrightnessChange brightness: 193.0
04-03 22:22:26.012 2635 2658 D DisplayManagerService: Delivering display event: displayId=0, event=4
04-03 22:22:26.044 2635 3161 D LightsServiceExtImpl: baseSetLightLocked end.
04-03 22:22:26.054 2635 2705 D OplusDisplayPowerControllerExtImpl: original brightness to dataBase:193 final brightness:193.0 scale:1.0 reason:4 darkLevel:0
04-03 22:22:26.055 2635 2705 D DisplayPowerController[0]: Animating brightness: target=193.0, rate=25.0, source= 7
04-03 22:22:26.057 2635 2705 D VRR [OPlusRefreshRateService]: notifyBrightnessChange brightness: 193.0
04-03 22:22:26.057 2635 2658 D DisplayManagerService: Delivering display event: displayId=0, event=4
04-03 22:22:26.067 2635 3161 D LightsServiceExtImpl: baseSetLightLocked end.
04-03 22:22:26.078 2635 2705 D OplusDisplayPowerControllerExtImpl: original brightness to dataBase:193 final brightness:193.0 scale:1.0 reason:4 darkLevel:0
04-03 22:22:26.078 2635 2705 D DisplayPowerController[0]: Animating brightness: target=193.0, rate=25.0, source= 7
04-03 22:22:26.081 2635 2705 D VRR [OPlusRefreshRateService]: notifyBrightnessChange brightness: 193.0
04-03 22:22:26.081 2635 2658 D DisplayManagerService: Delivering display event: displayId=0, event=4
04-03 22:22:26.103 8162 8162 I Quality : Skipped: false 1 cost 14.526498 refreshRate 0 processName com.innowireless.xcal.mobile5
04-03 22:22:26.132 1338 1338 I Quality : SFJankCountInfo: 535; 0; 0; 7; 8; 6; 14; 18; 71; 0; 0
04-03 22:22:26.139 2635 3161 D LightsServiceExtImpl: baseSetLightLocked end.
04-03 22:22:26.147 2635 2705 D OplusDisplayPowerControllerExtImpl: original brightness to dataBase:193 final brightness:193.0 scale:1.0 reason:4 darkLevel:0
04-03 22:22:26.147 2635 2705 D DisplayPowerController[0]: Animating brightness: target=193.0, rate=25.0, source= 7
04-03 22:22:26.148 2635 2705 D VRR [OPlusRefreshRateService]: notifyBrightnessChange brightness: 193.0
04-03 22:22:26.148 2635 2658 D DisplayManagerService: Delivering display event: displayId=0, event=4
04-03 22:22:26.202 2635 3161 D LightsServiceExtImpl: baseSetLightLocked end.
04-03 22:22:26.209 2635 2705 D OplusDisplayPowerControllerExtImpl: original brightness to dataBase:193 final brightness:193.0 scale:1.0 reason:4 darkLevel:0
04-03 22:22:26.210 2635 2705 D DisplayPowerController[0]: Animating brightness: target=193.0, rate=25.0, source= 7
04-03 22:22:26.212 2635 2705 D VRR [OPlusRefreshRateService]: notifyBrightnessChange brightness: 193.0
04-03 22:22:26.213 2635 2658 D DisplayManagerService: Delivering display event: displayId=0, event=4
04-03 22:22:26.224 2635 3161 D LightsServiceExtImpl: baseSetLightLocked end.
04-03 22:22:26.232 2635 2705 D OplusDisplayPowerControllerExtImpl: original brightness to dataBase:193 final brightness:193.0 scale:1.0 reason:4 darkLevel:0
04-03 22:22:26.232 2635 2705 D DisplayPowerController[0]: Animating brightness: target=193.0, rate=25.0, source= 7
04-03 22:22:26.235 2635 2705 D VRR [OPlusRefreshRateService]: notifyBrightnessChange brightness: 193.0
04-03 22:22:26.236 2635 2658 D DisplayManagerService: Delivering display event: displayId=0, event=4
04-03 22:22:26.276 2635 3161 D LightsServiceExtImpl: baseSetLightLocked end.
04-03 22:22:26.283 2635 2705 D OplusDisplayPowerControllerExtImpl: original brightness to dataBase:193 final brightness:193.0 scale:1.0 reason:4 darkLevel:0
04-03 22:22:26.284 2635 2705 D DisplayPowerController[0]: Animating brightness: target=193.0, rate=25.0, source= 7
04-03 22:22:26.285 2635 2705 D VRR [OPlusRefreshRateService]: notifyBrightnessChange brightness: 193.0
04-03 22:22:26.285 2635 2658 D DisplayManagerService: Delivering display event: displayId=0, event=4
04-03 22:22:26.342 2635 3161 D LightsServiceExtImpl: baseSetLightLocked end.
04-03 22:22:26.348 2635 2705 D OplusDisplayPowerControllerExtImpl: original brightness to dataBase:193 final brightness:193.0 scale:1.0 reason:4 darkLevel:0
04-03 22:22:26.348 2635 2705 D DisplayPowerController[0]: Animating brightness: target=193.0, rate=25.0, source= 7
04-03 22:22:26.349 2635 2705 D VRR [OPlusRefreshRateService]: notifyBrightnessChange brightness: 193.0
04-03 22:22:26.350 2635 2658 D DisplayManagerService: Delivering display event: displayId=0, event=4
04-03 22:22:26.373 2635 3161 D LightsServiceExtImpl: baseSetLightLocked end.
04-03 22:22:26.377 2635 2705 D OplusDisplayPowerControllerExtImpl: original brightness to dataBase:193 final brightness:193.0 scale:1.0 reason:4 darkLevel:0
04-03 22:22:26.377 2635 2705 D DisplayPowerController[0]: Animating brightness: target=193.0, rate=25.0, source= 7
04-03 22:22:26.379 2635 2705 D VRR [OPlusRefreshRateService]: notifyBrightnessChange brightness: 193.0
04-03 22:22:26.379 2635 2658 D DisplayManagerService: Delivering display event: displayId=0, event=4
04-03 22:22:26.429 2635 3161 D LightsServiceExtImpl: baseSetLightLocked end.
04-03 22:22:26.433 2635 2705 D OplusDisplayPowerControllerExtImpl: original brightness to dataBase:193 final brightness:193.0 scale:1.0 reason:4 darkLevel:0
04-03 22:22:26.433 2635 2705 D DisplayPowerController[0]: Animating brightness: target=193.0, rate=25.0, source= 7
04-03 22:22:26.435 2635 2705 D VRR [OPlusRefreshRateService]: notifyBrightnessChange brightness: 193.0
04-03 22:22:26.435 2635 2658 D DisplayManagerService: Delivering display event: displayId=0, event=4
04-03 22:22:26.477 2635 3161 D LightsServiceExtImpl: baseSetLightLocked end.
04-03 22:22:26.487 2635 2705 D OplusDisplayPowerControllerExtImpl: original brightness to dataBase:193 final brightness:193.0 scale:1.0 reason:4 darkLevel:0
04-03 22:22:26.488 2635 2705 D DisplayPowerController[0]: Animating brightness: target=193.0, rate=25.0, source= 7
04-03 22:22:26.490 2635 2705 D VRR [OPlusRefreshRateService]: notifyBrightnessChange brightness: 193.0
04-03 22:22:26.490 2635 2658 D DisplayManagerService: Delivering display event: displayId=0, event=4
04-03 22:22:26.499 2635 3161 D LightsServiceExtImpl: baseSetLightLocked end.
04-03 22:22:26.504 2635 2705 D OplusDisplayPowerControllerExtImpl: original brightness to dataBase:193 final brightness:193.0 scale:1.0 reason:4 darkLevel:0
04-03 22:22:26.504 2635 2705 D DisplayPowerController[0]: Animating brightness: target=193.0, rate=25.0, source= 7
04-03 22:22:26.505 2635 2705 D VRR [OPlusRefreshRateService]: notifyBrightnessChange brightness: 193.0
04-03 22:22:26.505 2635 2658 D DisplayManagerService: Delivering display event: displayId=0, event=4
04-03 22:22:26.543 2635 3161 D LightsServiceExtImpl: baseSetLightLocked end.
04-03 22:22:26.556 2635 2705 D OplusDisplayPowerControllerExtImpl: original brightness to dataBase:193 final brightness:193.0 scale:1.0 reason:4 darkLevel:0
04-03 22:22:26.556 2635 2705 D DisplayPowerController[0]: Animating brightness: target=193.0, rate=25.0, source= 7
04-03 22:22:26.559 2635 2705 D VRR [OPlusRefreshRateService]: notifyBrightnessChange brightness: 193.0
04-03 22:22:26.560 2635 2658 D DisplayManagerService: Delivering display event: displayId=0, event=4
04-03 22:22:26.620 2635 3161 D LightsServiceExtImpl: baseSetLightLocked end.
04-03 22:22:26.622 8162 8162 I Quality : Skipped: false 2 cost 23.239088 refreshRate 0 processName com.innowireless.xcal.mobile5
04-03 22:22:26.627 2635 2705 D OplusDisplayPowerControllerExtImpl: original brightness to dataBase:193 final brightness:193.0 scale:1.0 reason:4 darkLevel:0
04-03 22:22:26.627 2635 2705 D DisplayPowerController[0]: Animating brightness: target=193.0, rate=25.0, source= 7
04-03 22:22:26.628 2635 2705 D VRR [OPlusRefreshRateService]: notifyBrightnessChange brightness: 193.0
04-03 22:22:26.628 2635 2658 D DisplayManagerService: Delivering display event: displayId=0, event=4
04-03 22:22:26.669 2635 3161 D LightsServiceExtImpl: baseSetLightLocked end.
04-03 22:22:26.670 2635 3161 D OplusFeatureDCBacklight: notifySfRepaintEverything begin mCurrentDCMode:-1
04-03 22:22:26.676 2635 2705 D OplusDisplayPowerControllerExtImpl: original brightness to dataBase:193 final brightness:193.0 scale:1.0 reason:4 darkLevel:0
04-03 22:22:26.676 2635 2705 D DisplayPowerController[0]: Animating brightness: target=193.0, rate=25.0, source= 7
04-03 22:22:26.677 2635 2705 D VRR [OPlusRefreshRateService]: notifyBrightnessChange brightness: 193.0
04-03 22:22:26.677 2635 2658 D DisplayManagerService: Delivering display event: displayId=0, event=4
04-03 22:22:26.702 2635 3161 D LightsServiceExtImpl: baseSetLightLocked end.
04-03 22:22:26.703 2635 3161 D OplusFeatureDCBacklight: notifySfRepaintEverything begin mCurrentDCMode:-1
04-03 22:22:26.707 2635 2705 D OplusDisplayPowerControllerExtImpl: original brightness to dataBase:193 final brightness:193.0 scale:1.0 reason:4 darkLevel:0
04-03 22:22:26.707 2635 2705 D DisplayPowerController[0]: Animating brightness: target=193.0, rate=25.0, source= 7
04-03 22:22:26.709 2635 2705 D VRR [OPlusRefreshRateService]: notifyBrightnessChange brightness: 193.0
04-03 22:22:26.709 2635 2658 D DisplayManagerService: Delivering display event: displayId=0, event=4
04-03 22:22:26.757 2635 3161 D LightsServiceExtImpl: baseSetLightLocked end.
04-03 22:22:26.759 2635 3161 D OplusFeatureDCBacklight: notifySfRepaintEverything begin mCurrentDCMode:-1
04-03 22:22:26.765 2635 2705 D OplusDisplayPowerControllerExtImpl: original brightness to dataBase:193 final brightness:193.0 scale:1.0 reason:4 darkLevel:0
04-03 22:22:26.765 2635 2705 D DisplayPowerController[0]: Animating brightness: target=193.0, rate=25.0, source= 7
04-03 22:22:26.769 2635 2705 D VRR [OPlusRefreshRateService]: notifyBrightnessChange brightness: 193.0
04-03 22:22:26.770 2635 2658 D DisplayManagerService: Delivering display event: displayId=0, event=4
04-03 22:22:26.847 2635 3161 D LightsServiceExtImpl: baseSetLightLocked end.
04-03 22:22:26.849 2635 3161 D OplusFeatureDCBacklight: notifySfRepaintEverything begin mCurrentDCMode:-1
04-03 22:22:26.860 2635 2705 D OplusDisplayPowerControllerExtImpl: original brightness to dataBase:193 final brightness:193.0 scale:1.0 reason:4 darkLevel:0
04-03 22:22:26.861 2635 2705 D DisplayPowerController[0]: Animating brightness: target=193.0, rate=25.0, source= 7
04-03 22:22:26.864 2635 2705 D VRR [OPlusRefreshRateService]: notifyBrightnessChange brightness: 193.0
04-03 22:22:26.865 2635 2658 D DisplayManagerService: Delivering display event: displayId=0, event=4
04-03 22:22:26.870 2635 3161 D LightsServiceExtImpl: baseSetLightLocked end.
04-03 22:22:26.872 2635 3161 D OplusFeatureDCBacklight: notifySfRepaintEverything begin mCurrentDCMode:-1
