04-03 22:27:26.167 2635 7201 D LocationManagerService: incoming location from: fused
04-03 22:27:26.179 3836 7492 D PhoneInterfaceManager: [PhoneIntfMgr] QueryTelephonyChecker-getDataNetworkTypeForSubscriber: packageName = com.innowireless.xcal.mobile5, isGrant = true
04-03 22:27:26.181 2635 3024 D WifiActiveModeWarden: there is no primary client manager, return the default one
04-03 22:27:26.181 2635 5661 D WifiService: getWifiEnabledState primaryClientMode is mDefaultClientModeManager
04-03 22:27:26.185 3836 20675 D PhoneInterfaceManager: [PhoneIntfMgr] QueryTelephonyChecker-getDataNetworkTypeForSubscriber: packageName = com.innowireless.xcal.mobile5, isGrant = true
04-03 22:27:26.226 1338 1338 I OplusPerfParmCount: The num of blur fliter in last 60015 ms is: 233
04-03 22:27:26.227 1338 1338 I OplusPerfParmCount: The num of frame in last 60015 ms is: 349, jank frame is 168, DisplayHAL is 0, SurfaceFlingerCpuDeadlineMissed is 29, SurfaceFlingerGpuDeadlineMissed is 0, AppDeadlineMissed is 0, PredictionError is 68, SurfaceFlingerScheduling is 70, BufferStuffing is 0, Unknown is 0, SurfaceFlingerStuffing is 1
04-03 22:27:26.227 1338 1338 I Quality : SFJankCountInfo: 349; 0; 0; 0; 2; 2; 58; 82; 4; 0; 0
04-03 22:27:26.227 1338 1338 I OplusPerfParmCount: The layer number in last 60015ms is: 5 layer, 529 time,
04-03 22:27:26.243 5064 11036 D DebugReportServiceHidlClient: getReport 1.1...
04-03 22:27:26.243 1229 1229 E LocSvc_HIDL_DebugReportService: Invalid count: 0
04-03 22:27:26.243 1229 1229 E LocSvc_HIDL_DebugReportService: Invalid count: 0
04-03 22:27:26.243 1229 1229 E LocSvc_HIDL_DebugReportService: Invalid count: 0
04-03 22:27:26.243 1229 1229 E LocSvc_HIDL_DebugReportService: Invalid count: 0
04-03 22:27:26.244 5064 11036 D DebugReportServiceHidlClient: getReport 1.1 success: true
04-03 22:27:26.244 5064 11036 D DebugReportServiceHidlClient: getReport 1.0 success: true
04-03 22:27:26.311 3836 20675 D PhoneInterfaceManager: [PhoneIntfMgr] QueryTelephonyChecker-getDataNetworkTypeForSubscriber: packageName = com.innowireless.xcal.mobile5, isGrant = true
04-03 22:27:26.396 1219 4348 I vendor.qti.bluetooth@1.0-ibs_handler: ProcessIbsCmd: Received IBS_SLEEP_IND: 0xFE
04-03 22:27:26.396 2635 3024 D WifiActiveModeWarden: there is no primary client manager, return the default one
04-03 22:27:26.404 1219 4348 I vendor.qti.bluetooth@1.0-ibs_handler: ProcessIbsCmd: Received IBS_WAKE_IND: 0xFD
04-03 22:27:26.404 1219 4348 I vendor.qti.bluetooth@1.0-ibs_handler: ProcessIbsCmd: Writing IBS_WAKE_ACK
04-03 22:27:26.446 1255 1255 I android.hardware.thermal@2.0-service.qti: Sensor Name:shell_frametemp: 39.9. prev severity:0. cur severity:0 New severity:0
04-03 22:27:26.448 1255 1255 I android.hardware.thermal@2.0-service.qti: Sensor Name:skintemp: 42.528. prev severity:0. cur severity:3 New severity:3
04-03 22:27:26.448 1255 1255 I android.hardware.thermal@2.0-service.qti: Sensor Name:shell_fronttemp: 39.9. prev severity:0. cur severity:0 New severity:0
04-03 22:27:26.448 1255 1255 I android.hardware.thermal@2.0-service.qti: Sensor Name:shell_backtemp: 39.9. prev severity:0. cur severity:0 New severity:0
04-03 22:27:26.490 3836 20675 D PhoneInterfaceManager: [PhoneIntfMgr] QueryTelephonyChecker-getDataNetworkTypeForSubscriber: packageName = com.innowireless.xcal.mobile5, isGrant = true
04-03 22:27:26.492 1219 4348 I vendor.qti.bluetooth@1.0-ibs_handler: ProcessIbsCmd: Received IBS_SLEEP_IND: 0xFE
04-03 22:27:26.536 3836 7492 D PhoneInterfaceManager: [PhoneIntfMgr] QueryTelephonyChecker-getDataNetworkTypeForSubscriber: packageName = com.innowireless.xcal.mobile5, isGrant = true
04-03 22:27:26.572 3836 20675 D PhoneInterfaceManager: [PhoneIntfMgr] QueryTelephonyChecker-getDataNetworkTypeForSubscriber: packageName = com.innowireless.xcal.mobile5, isGrant = true
04-03 22:27:26.591 3666 4099 D QtiRadiohidlIndication: onSignalStrengthChange: slotId = 0
04-03 22:27:26.591 3666 4099 D QtiRadioProxy: onSignalStrength slotId = 0 signalStrength = SignalStrength: Rsrp: -32768 Snr: -32768
04-03 22:27:26.591 3666 4101 D QtiRadioProxyHandler: : handleMessage msg.what = 11
04-03 22:27:26.591 3666 4101 D QtiRadioProxyHandler: : EVENT_ON_SIGNAL_STRENGTH
04-03 22:27:26.591 3666 4101 D QtiRadioProxy: onSignalStrength: Responding back for transaction = null
04-03 22:27:26.592 3881 9422 D NrNetworkService: onSignalStrength: slotId=0 token=Token: -1 status=Status: 1 signalStrength=SignalStrength: Rsrp: -32768 Snr: -32768
04-03 22:27:26.594 3666 4101 D QtiRadioProxy: onSignalStrength: Responding back for transaction = null
04-03 22:27:26.594 3666 4101 D QtiRadioProxy: onSignalStrength: Responding back for transaction = null
04-03 22:27:26.595 3836 7492 D ExtPhoneCallbackBase: UNIMPLEMENTED: onSignalStrength: slotId = 0 token = Token: -1 statusStatus: 1 signalStrength = SignalStrength: Rsrp: -32768 Snr: -32768
04-03 22:27:26.595 3666 4101 D QtiRadioProxy: onSignalStrength: Responding back for transaction = null
04-03 22:27:26.595 3836 7492 D ExtPhoneCallbackBase: UNIMPLEMENTED: onSignalStrength: slotId = 0 token = Token: -1 statusStatus: 1 signalStrength = SignalStrength: Rsrp: -32768 Snr: -32768
04-03 22:27:26.595 3666 4101 D QtiRadioProxy: onSignalStrength: Responding back for transaction = null
04-03 22:27:26.595 3836 7492 D ExtPhoneCallbackBase: UNIMPLEMENTED: onSignalStrength: slotId = 0 token = Token: -1 statusStatus: 1 signalStrength = SignalStrength: Rsrp: -32768 Snr: -32768
04-03 22:27:26.595 3666 4101 D QtiRadioProxy: onSignalStrength: Responding back for transaction = null
04-03 22:27:26.595 3836 7492 D ExtPhoneCallbackBase: UNIMPLEMENTED: onSignalStrength: slotId = 0 token = Token: -1 statusStatus: 1 signalStrength = SignalStrength: Rsrp: -32768 Snr: -32768
04-03 22:27:26.600 3836 20675 D PhoneInterfaceManager: [PhoneIntfMgr] QueryTelephonyChecker-getDataNetworkTypeForSubscriber: packageName = com.innowireless.xcal.mobile5, isGrant = true
04-03 22:27:26.612 1219 4348 I vendor.qti.bluetooth@1.0-ibs_handler: ProcessIbsCmd: Received IBS_WAKE_IND: 0xFD
04-03 22:27:26.613 1219 4348 I vendor.qti.bluetooth@1.0-ibs_handler: ProcessIbsCmd: Writing IBS_WAKE_ACK
04-03 22:27:26.614 3247 4353 W bt_l2cap: L2CAP - Calling CongestionStatus_Cb (true),CID:0x0047,XmitQ:21,Quota:20
04-03 22:27:26.615 3270 3754 D NetworkController.MobileSignalController(7): onMobileStatusChanged= updateTelephony=true mobileStatus=[activityIn=true,activityOut=true,dataSim=true,carrierNetworkChangeMode=false,dataState=2,serviceState=mVoiceRegState=0(IN_SERVICE), mDataRegState=0(IN_SERVICE),signalStrength=4,telephonyDisplayInfo=TelephonyDisplayInfo {network=LTE, override=NR_NSA}]
04-03 22:27:26.656 3836 20675 D PhoneInterfaceManager: [PhoneIntfMgr] QueryTelephonyChecker-getDataNetworkTypeForSubscriber: packageName = com.innowireless.xcal.mobile5, isGrant = true
04-03 22:27:26.698 1219 4348 I vendor.qti.bluetooth@1.0-ibs_handler: ProcessIbsCmd: Received IBS_SLEEP_IND: 0xFE
04-03 22:27:26.735 3836 20675 D PhoneInterfaceManager: [PhoneIntfMgr] QueryTelephonyChecker-getDataNetworkTypeForSubscriber: packageName = com.innowireless.xcal.mobile5, isGrant = true
04-03 22:27:26.766 1219 4348 I vendor.qti.bluetooth@1.0-ibs_handler: ProcessIbsCmd: Received IBS_WAKE_IND: 0xFD
04-03 22:27:26.766 1219 4348 I vendor.qti.bluetooth@1.0-ibs_handler: ProcessIbsCmd: Writing IBS_WAKE_ACK
04-03 22:27:26.811 8162 10977 D GPS : NMEA is invaild.
04-03 22:27:26.811 8162 10977 D GPS : mNMEASatelites : 5
04-03 22:27:26.815 8162 10977 D GPS : Android GPS is invaild.
04-03 22:27:26.881 4414 31045 I NearbyMediums: Received advertisement header BleAdvertisementHeader { version=2, numSlots=2, serviceIdBloomFilter=[ 0x17 0x23 0x35 0x5a 0x32 0x34 0x11 0x32 0x23 0x2e ], advertisementHash=[ 0x87 0x63 0xc5 0xe8 ], psm=27614, supportExtendedAdvertisement=false}. Will retry reading its GATT advertisement.
04-03 22:27:26.881 4414 31045 I NearbyMediums: Not allow Gatt actions during scanning.
04-03 22:27:27.124 2635 2705 D OplusFeatureBrightnessBarController: mDarkLevel: 0
04-03 22:27:27.139 1219 4348 I vendor.qti.bluetooth@1.0-ibs_handler: ProcessIbsCmd: Received IBS_SLEEP_IND: 0xFE
04-03 22:27:27.142 2635 2680 D OplusLocationStatistics: on recordTaskMark, key: gnssReportLocation
04-03 22:27:27.142 2635 2655 D LocationManagerService: incoming location from: gps
04-03 22:27:27.144 2635 2655 D LocationManagerService: incoming location from: gps
04-03 22:27:27.162 4414 5222 I FusedLocation: (REDACTED) location delivery to %s blocked - too close
04-03 22:27:27.163 4414 5222 I FusedLocation: (REDACTED) location delivery to %s blocked - too fast
04-03 22:27:27.164 4414 5222 I FusedLocation: (REDACTED) location delivery to %s blocked - too close
04-03 22:27:27.165 2635 3967 D LocationManagerService: incoming location from: fused
04-03 22:27:27.165 2635 3967 D LocationManagerService: incoming location from: fused
04-03 22:27:27.178 1219 4348 I vendor.qti.bluetooth@1.0-ibs_handler: ProcessIbsCmd: Received IBS_WAKE_IND: 0xFD
04-03 22:27:27.178 1219 4348 I vendor.qti.bluetooth@1.0-ibs_handler: ProcessIbsCmd: Writing IBS_WAKE_ACK
04-03 22:27:27.187 3836 20675 D PhoneInterfaceManager: [PhoneIntfMgr] QueryTelephonyChecker-getDataNetworkTypeForSubscriber: packageName = com.innowireless.xcal.mobile5, isGrant = true
04-03 22:27:27.232 3836 20675 D PhoneInterfaceManager: [PhoneIntfMgr] QueryTelephonyChecker-getDataNetworkTypeForSubscriber: packageName = com.innowireless.xcal.mobile5, isGrant = true
04-03 22:27:27.234 2635 3024 D WifiActiveModeWarden: there is no primary client manager, return the default one
04-03 22:27:27.235 2635 3967 D WifiService: getWifiEnabledState primaryClientMode is mDefaultClientModeManager
04-03 22:27:27.243 5064 11036 D DebugReportServiceHidlClient: getReport 1.1...
04-03 22:27:27.244 1229 1229 E LocSvc_HIDL_DebugReportService: Invalid count: 0
04-03 22:27:27.244 1229 1229 E LocSvc_HIDL_DebugReportService: Invalid count: 0
04-03 22:27:27.244 1229 1229 E LocSvc_HIDL_DebugReportService: Invalid count: 0
04-03 22:27:27.244 1229 1229 E LocSvc_HIDL_DebugReportService: Invalid count: 0
04-03 22:27:27.245 5064 11036 D DebugReportServiceHidlClient: getReport 1.1 success: true
04-03 22:27:27.245 5064 11036 D DebugReportServiceHidlClient: getReport 1.0 success: true
04-03 22:27:27.311 3836 20675 D PhoneInterfaceManager: [PhoneIntfMgr] QueryTelephonyChecker-getDataNetworkTypeForSubscriber: packageName = com.innowireless.xcal.mobile5, isGrant = true
04-03 22:27:27.312 1219 4348 I vendor.qti.bluetooth@1.0-ibs_handler: ProcessIbsCmd: Received IBS_SLEEP_IND: 0xFE
04-03 22:27:27.380 1219 4348 I vendor.qti.bluetooth@1.0-ibs_handler: ProcessIbsCmd: Received IBS_WAKE_IND: 0xFD
04-03 22:27:27.380 1219 4348 I vendor.qti.bluetooth@1.0-ibs_handler: ProcessIbsCmd: Writing IBS_WAKE_ACK
04-03 22:27:27.399 2635 3024 D WifiActiveModeWarden: there is no primary client manager, return the default one
04-03 22:27:27.449 3247 4531 D OplusBluetoothSarManager: onDataActivity() direction: 0
04-03 22:27:27.449 3247 4531 D OplusBluetoothSarManager: getBaseSarMode() isBluetoothTx: true, isCellularTx: false, is2_4GWifiTx: false, is5GWifiTx: false, isReceiverOn: false
04-03 22:27:27.449 3247 4531 D OplusBluetoothSarManager: getSarMode() baseSarMode: BT_BODY_SAR_MODE(1)
04-03 22:27:27.449 3247 4531 D OplusBluetoothSarManager: getSarMode() newSarMode: BT_BODY_SAR_MODE(17)
04-03 22:27:27.449 3247 4531 D OplusBluetoothSarManager: currentSarMode: BT_WWAN_BODY_SAR_MODE(25), newSarMode: BT_BODY_SAR_MODE(17)
04-03 22:27:27.449 3247 4531 D oplus_bt_power: set_max_power_impl mode: 17
04-03 22:27:27.450 3247 4531 I oplus_bt_power: set_max_power_impl start parsing config file
04-03 22:27:27.450 3247 4531 I oplus_bt_power: set_max_power_impl continue parsing config file
04-03 22:27:27.450 3247 4531 D oplus_bt_power: set_max_power_impl, sar_mode=17, br_sar=0x2a, edr_sar=0x20, ble_sar=0x28
04-03 22:27:27.452 1255 1255 I android.hardware.thermal@2.0-service.qti: Sensor Name:shell_frametemp: 39.9. prev severity:0. cur severity:0 New severity:0
04-03 22:27:27.452 3270 3754 D NetworkController.MobileSignalController(7): onMobileStatusChanged= updateTelephony=false mobileStatus=[activityIn=false,activityOut=false,dataSim=true,carrierNetworkChangeMode=false,dataState=2,serviceState=mVoiceRegState=0(IN_SERVICE), mDataRegState=0(IN_SERVICE),signalStrength=4,telephonyDisplayInfo=TelephonyDisplayInfo {network=LTE, override=NR_NSA}]
04-03 22:27:27.455 3247 4353 D oplus_bt_power: power_cntrl_callback: param->opcode=fcda subopcode=e status=0
04-03 22:27:27.456 1255 1255 I android.hardware.thermal@2.0-service.qti: Sensor Name:skintemp: 42.611. prev severity:0. cur severity:3 New severity:3
04-03 22:27:27.456 1255 1255 I android.hardware.thermal@2.0-service.qti: Sensor Name:shell_fronttemp: 39.9. prev severity:0. cur severity:0 New severity:0
04-03 22:27:27.456 1255 1255 I android.hardware.thermal@2.0-service.qti: Sensor Name:shell_backtemp: 39.9. prev severity:0. cur severity:0 New severity:0
04-03 22:27:27.480 3270 3754 I BaseMobileSignalControllerExt: showDataIcon:true
04-03 22:27:27.485 3836 8673 D PhoneInterfaceManager: [PhoneIntfMgr] QueryTelephonyChecker-getDataNetworkTypeForSubscriber: packageName = com.innowireless.xcal.mobile5, isGrant = true
04-03 22:27:27.534 3836 8673 D PhoneInterfaceManager: [PhoneIntfMgr] QueryTelephonyChecker-getDataNetworkTypeForSubscriber: packageName = com.innowireless.xcal.mobile5, isGrant = true
04-03 22:27:27.553 3836 20675 D PhoneInterfaceManager: [PhoneIntfMgr] QueryTelephonyChecker-getDataNetworkTypeForSubscriber: packageName = com.innowireless.xcal.mobile5, isGrant = true
04-03 22:27:27.601 3836 20675 D PhoneInterfaceManager: [PhoneIntfMgr] QueryTelephonyChecker-getDataNetworkTypeForSubscriber: packageName = com.innowireless.xcal.mobile5, isGrant = true
04-03 22:27:27.606 3836 8673 D PhoneInterfaceManager: [PhoneIntfMgr] QueryTelephonyChecker-getDataNetworkTypeForSubscriber: packageName = com.innowireless.xcal.mobile5, isGrant = true
04-03 22:27:27.631 2635 5661 D WifiNl80211Manager: Scan result ready event
04-03 22:27:27.631 2635 5661 D WifiNative: Scan result ready event
04-03 22:27:27.631 2635 3024 D WifiActiveModeWarden: there is no primary client manager, return the default one
04-03 22:27:27.631 2635 3024 D WifiService: getWifiEnabledState primaryClientMode is mDefaultClientModeManager
04-03 22:27:27.643 2635 3024 D WifiActiveModeWarden: there is no primary client manager, return the default one
04-03 22:27:27.643 2635 3024 D WifiActiveModeWarden: there is no primary client manager, return the default one
04-03 22:27:27.644 2635 3024 D OplusScanResultsProxy: fewApNum:5
04-03 22:27:27.657 2635 3059 D WificondScannerImpl: Filtering out scan result Go***dy, 90:**:**:**:a5:59 time diff 4102991ms
04-03 22:27:27.657 2635 3059 D WificondScannerImpl: Filtering out scan result Sa***4g, ba:**:**:**:a9:b1 time diff 4967908ms
04-03 22:27:27.658 2635 3059 D WificondScannerImpl: Filtering out scan result Ji***_2, 72:**:**:**:a5:5a time diff 4101003ms
04-03 22:27:27.658 2635 3059 D WificondScannerImpl: Filtering out scan result Ai***Fi, 80:**:**:**:1d:92 time diff 25071851ms
04-03 22:27:27.658 2635 3059 D WificondScannerImpl: Filtering out scan result 70*** 2, 9c:**:**:**:8a:65 time diff 4336600ms
04-03 22:27:27.659 2635 3059 D WificondScannerImpl: Filtering out scan result Am***5g, a2:**:**:**:61:2c time diff 18533051ms
04-03 22:27:27.659 2635 3059 D WificondScannerImpl: Filtering out scan result OL***YL, 00:**:**:**:06:ec time diff 4855737ms
04-03 22:27:27.659 2635 3059 D WificondScannerImpl: Filtering out scan result Ai***72, 20:**:**:**:7c:91 time diff 20046243ms
04-03 22:27:27.659 2635 3059 D WificondScannerImpl: Filtering out scan result Ad***ce, 78:**:**:**:de:49 time diff 9812487ms
04-03 22:27:27.660 2635 3059 D WificondScannerImpl: Filtering out scan result RI***I , b8:**:**:**:a5:66 time diff 9772824ms
04-03 22:27:27.660 2635 3059 D WificondScannerImpl: Filtering out scan result Pr***sa, 70:**:**:**:2a:f4 time diff 4869500ms
04-03 22:27:27.660 2635 3059 D WificondScannerImpl: Filtering out 11 scan results.
04-03 22:27:27.671 2635 2635 D OplusRouterBoostVendorCommImpl: isApGameDupPktSupport: mVendorCommEnabled = true, mApInfo.mApGameDupPkt = 0
04-03 22:27:27.671 2635 2635 D WN_S : receive WifiManager.SCAN_RESULTS_AVAILABLE_ACTION
04-03 22:27:27.671 3270 3754 D WifiManager: getScanResults check resulttrue
04-03 22:27:27.672 2635 3147 D WifiManager: getScanResults check resulttrue
04-03 22:27:27.673 2635 3024 D WakeupController: Attempted to handleScanResults while not enabled
04-03 22:27:27.675 4414 31602 D WifiManager: getScanResults check resulttrue
04-03 22:27:27.675 4414 31409 I FrewleTileCacheManagerV: (REDACTED) Fetched %d AP models from cache
04-03 22:27:27.714 2635 3967 D LocationManagerService: incoming location from: network
04-03 22:27:27.716 2635 3967 D LocationManagerService: incoming location from: network
04-03 22:27:27.718 1219 4348 I vendor.qti.bluetooth@1.0-ibs_handler: ProcessIbsCmd: Received IBS_SLEEP_IND: 0xFE
04-03 22:27:27.719 4414 5222 I fbsw : Received empty WiFi-RTT scan. [CONTEXT service_id=6 ]
04-03 22:27:27.735 1219 4348 I vendor.qti.bluetooth@1.0-ibs_handler: ProcessIbsCmd: Received IBS_WAKE_IND: 0xFD
04-03 22:27:27.735 1219 4348 I vendor.qti.bluetooth@1.0-ibs_handler: ProcessIbsCmd: Writing IBS_WAKE_ACK
04-03 22:27:27.736 3836 8673 D PhoneInterfaceManager: [PhoneIntfMgr] QueryTelephonyChecker-getDataNetworkTypeForSubscriber: packageName = com.innowireless.xcal.mobile5, isGrant = true
04-03 22:27:27.749 4414 31045 I NearbyMediums: Received advertisement header BleAdvertisementHeader { version=2, numSlots=2, serviceIdBloomFilter=[ 0x17 0x23 0x35 0x5a 0x32 0x34 0x11 0x32 0x23 0x2e ], advertisementHash=[ 0x87 0x63 0xc5 0xe8 ], psm=27614, supportExtendedAdvertisement=false}. Will retry reading its GATT advertisement.
04-03 22:27:27.750 4414 31045 I NearbyMediums: Not allow Gatt actions during scanning.
04-03 22:27:27.813 8162 10977 D GPS : NMEA is invaild.
04-03 22:27:27.813 8162 10977 D GPS : mNMEASatelites : 5
04-03 22:27:27.818 8162 10977 D GPS : Android GPS is invaild.
04-03 22:27:27.828 1219 4348 I vendor.qti.bluetooth@1.0-ibs_handler: ProcessIbsCmd: Received IBS_SLEEP_IND: 0xFE
04-03 22:27:27.841 1219 4348 I vendor.qti.bluetooth@1.0-ibs_handler: ProcessIbsCmd: Received IBS_WAKE_IND: 0xFD
04-03 22:27:27.841 1219 4348 I vendor.qti.bluetooth@1.0-ibs_handler: ProcessIbsCmd: Writing IBS_WAKE_ACK
04-03 22:27:27.925 1219 4348 I vendor.qti.bluetooth@1.0-ibs_handler: ProcessIbsCmd: Received IBS_SLEEP_IND: 0xFE
04-03 22:27:27.960 1219 4348 I vendor.qti.bluetooth@1.0-ibs_handler: ProcessIbsCmd: Received IBS_WAKE_IND: 0xFD
04-03 22:27:27.960 1219 4348 I vendor.qti.bluetooth@1.0-ibs_handler: ProcessIbsCmd: Writing IBS_WAKE_ACK
04-03 22:27:28.146 1219 4348 I vendor.qti.bluetooth@1.0-ibs_handler: ProcessIbsCmd: Received IBS_SLEEP_IND: 0xFE
04-03 22:27:28.148 2635 2680 D OplusLocationStatistics: on recordTaskMark, key: gnssReportLocation
04-03 22:27:28.148 2635 2655 D LocationManagerService: incoming location from: gps
04-03 22:27:28.150 2635 2655 D LocationManagerService: incoming location from: gps
04-03 22:27:28.164 4414 5222 I FusedLocation: (REDACTED) location delivery to %s blocked - too close
04-03 22:27:28.165 4414 5222 I FusedLocation: (REDACTED) location delivery to %s blocked - too close
04-03 22:27:28.167 2635 3967 D LocationManagerService: incoming location from: fused
04-03 22:27:28.167 2635 3967 D LocationManagerService: incoming location from: fused
04-03 22:27:28.174 4414 31602 I SemanticLocation: [InfMgr] No location reports after filtering [CONTEXT service_id=173 ]
04-03 22:27:28.188 3836 8673 D PhoneInterfaceManager: [PhoneIntfMgr] QueryTelephonyChecker-getDataNetworkTypeForSubscriber: packageName = com.innowireless.xcal.mobile5, isGrant = true
04-03 22:27:28.244 5064 11036 D DebugReportServiceHidlClient: getReport 1.1...
04-03 22:27:28.244 1229 1229 E LocSvc_HIDL_DebugReportService: Invalid count: 0
04-03 22:27:28.244 1229 1229 E LocSvc_HIDL_DebugReportService: Invalid count: 0
04-03 22:27:28.244 1229 1229 E LocSvc_HIDL_DebugReportService: Invalid count: 0
04-03 22:27:28.244 1229 1229 E LocSvc_HIDL_DebugReportService: Invalid count: 0
04-03 22:27:28.246 5064 11036 D DebugReportServiceHidlClient: getReport 1.1 success: true
04-03 22:27:28.247 5064 11036 D DebugReportServiceHidlClient: getReport 1.0 success: true
04-03 22:27:28.276 3836 8673 D PhoneInterfaceManager: [PhoneIntfMgr] QueryTelephonyChecker-getDataNetworkTypeForSubscriber: packageName = com.innowireless.xcal.mobile5, isGrant = true
04-03 22:27:28.279 2635 3024 D WifiActiveModeWarden: there is no primary client manager, return the default one
04-03 22:27:28.279 2635 5661 D WifiService: getWifiEnabledState primaryClientMode is mDefaultClientModeManager
04-03 22:27:28.311 3836 8673 D PhoneInterfaceManager: [PhoneIntfMgr] QueryTelephonyChecker-getDataNetworkTypeForSubscriber: packageName = com.innowireless.xcal.mobile5, isGrant = true
04-03 22:27:28.401 2635 3024 D WifiActiveModeWarden: there is no primary client manager, return the default one
04-03 22:27:28.453 1255 1255 I android.hardware.thermal@2.0-service.qti: Sensor Name:shell_frametemp: 39.9. prev severity:0. cur severity:0 New severity:0
04-03 22:27:28.455 1255 1255 I android.hardware.thermal@2.0-service.qti: Sensor Name:skintemp: 42.589. prev severity:0. cur severity:3 New severity:3
04-03 22:27:28.455 1255 1255 I android.hardware.thermal@2.0-service.qti: Sensor Name:shell_fronttemp: 39.9. prev severity:0. cur severity:0 New severity:0
04-03 22:27:28.455 1255 1255 I android.hardware.thermal@2.0-service.qti: Sensor Name:shell_backtemp: 39.9. prev severity:0. cur severity:0 New severity:0
04-03 22:27:28.493 3836 8673 D PhoneInterfaceManager: [PhoneIntfMgr] QueryTelephonyChecker-getDataNetworkTypeForSubscriber: packageName = com.innowireless.xcal.mobile5, isGrant = true
04-03 22:27:28.499 1219 4357 I vendor.qti.bluetooth@1.0-ibs_handler: DeviceSleep: TX Awake, Sending SLEEP_IND
04-03 22:27:28.500 1219 4357 D vendor.qti.bluetooth@1.0-ibs_handler: SerialClockVote: vote for UART CLK OFF
04-03 22:27:28.541 3836 20675 D PhoneInterfaceManager: [PhoneIntfMgr] QueryTelephonyChecker-getDataNetworkTypeForSubscriber: packageName = com.innowireless.xcal.mobile5, isGrant = true
04-03 22:27:28.600 3836 8673 D PhoneInterfaceManager: [PhoneIntfMgr] QueryTelephonyChecker-getDataNetworkTypeForSubscriber: packageName = com.innowireless.xcal.mobile5, isGrant = true
04-03 22:27:28.621 3836 20675 D PhoneInterfaceManager: [PhoneIntfMgr] QueryTelephonyChecker-getDataNetworkTypeForSubscriber: packageName = com.innowireless.xcal.mobile5, isGrant = true
04-03 22:27:28.652 1219 4143 D vendor.qti.bluetooth@1.0-wake_lock: Release wakelock is released
04-03 22:27:28.716 3836 8673 D PhoneInterfaceManager: [PhoneIntfMgr] QueryTelephonyChecker-getDataNetworkTypeForSubscriber: packageName = com.innowireless.xcal.mobile5, isGrant = true
04-03 22:27:28.718 1219 4348 I vendor.qti.bluetooth@1.0-ibs_handler: ProcessIbsCmd: Received IBS_WAKE_IND: 0xFD
04-03 22:27:28.718 1219 4348 D vendor.qti.bluetooth@1.0-ibs_handler: SerialClockVote: vote for UART CLK ON
04-03 22:27:28.720 1219 4348 D vendor.qti.bluetooth@1.0-wake_lock: Acquire wakelock is acquired
04-03 22:27:28.720 1219 4348 I vendor.qti.bluetooth@1.0-ibs_handler: ProcessIbsCmd: Writing IBS_WAKE_ACK
04-03 22:27:28.724 2635 2705 D OplusFeatureBrightnessBarController: mDarkLevel: 0
04-03 22:27:28.736 3836 20675 D PhoneInterfaceManager: [PhoneIntfMgr] QueryTelephonyChecker-getDataNetworkTypeForSubscriber: packageName = com.innowireless.xcal.mobile5, isGrant = true
04-03 22:27:28.815 8162 10977 D GPS : NMEA is invaild.
04-03 22:27:28.815 8162 10977 D GPS : mNMEASatelites : 3
04-03 22:27:28.820 8162 10977 D GPS : Android GPS is invaild.
04-03 22:27:28.837 3666 4099 D QtiRadiohidlIndication: onSignalStrengthChange: slotId = 0
04-03 22:27:28.837 3666 4099 D QtiRadioProxy: onSignalStrength slotId = 0 signalStrength = SignalStrength: Rsrp: -32768 Snr: -32768
04-03 22:27:28.840 3666 4101 D QtiRadioProxyHandler: : handleMessage msg.what = 11
04-03 22:27:28.840 3666 4101 D QtiRadioProxyHandler: : EVENT_ON_SIGNAL_STRENGTH
04-03 22:27:28.840 3666 4101 D QtiRadioProxy: onSignalStrength: Responding back for transaction = null
04-03 22:27:28.841 3881 9422 D NrNetworkService: onSignalStrength: slotId=0 token=Token: -1 status=Status: 1 signalStrength=SignalStrength: Rsrp: -32768 Snr: -32768
04-03 22:27:28.841 3666 4101 D QtiRadioProxy: onSignalStrength: Responding back for transaction = null
04-03 22:27:28.844 3666 4101 D QtiRadioProxy: onSignalStrength: Responding back for transaction = null
04-03 22:27:28.844 3836 20675 D ExtPhoneCallbackBase: UNIMPLEMENTED: onSignalStrength: slotId = 0 token = Token: -1 statusStatus: 1 signalStrength = SignalStrength: Rsrp: -32768 Snr: -32768
04-03 22:27:28.845 3666 4101 D QtiRadioProxy: onSignalStrength: Responding back for transaction = null
04-03 22:27:28.845 3836 20675 D ExtPhoneCallbackBase: UNIMPLEMENTED: onSignalStrength: slotId = 0 token = Token: -1 statusStatus: 1 signalStrength = SignalStrength: Rsrp: -32768 Snr: -32768
04-03 22:27:28.845 3666 4101 D QtiRadioProxy: onSignalStrength: Responding back for transaction = null
04-03 22:27:28.846 3836 20675 D ExtPhoneCallbackBase: UNIMPLEMENTED: onSignalStrength: slotId = 0 token = Token: -1 statusStatus: 1 signalStrength = SignalStrength: Rsrp: -32768 Snr: -32768
04-03 22:27:28.847 3666 4101 D QtiRadioProxy: onSignalStrength: Responding back for transaction = null
04-03 22:27:28.847 3836 20675 D ExtPhoneCallbackBase: UNIMPLEMENTED: onSignalStrength: slotId = 0 token = Token: -1 statusStatus: 1 signalStrength = SignalStrength: Rsrp: -32768 Snr: -32768
04-03 22:27:28.863 3270 3754 D NetworkController.MobileSignalController(7): onMobileStatusChanged= updateTelephony=true mobileStatus=[activityIn=false,activityOut=false,dataSim=true,carrierNetworkChangeMode=false,dataState=2,serviceState=mVoiceRegState=0(IN_SERVICE), mDataRegState=0(IN_SERVICE),signalStrength=4,telephonyDisplayInfo=TelephonyDisplayInfo {network=LTE, override=NR_NSA}]
04-03 22:27:28.925 1219 4348 I vendor.qti.bluetooth@1.0-ibs_handler: ProcessIbsCmd: Received IBS_SLEEP_IND: 0xFE
04-03 22:27:28.925 1219 4348 D vendor.qti.bluetooth@1.0-ibs_handler: SerialClockVote: vote for UART CLK OFF
04-03 22:27:28.960 1219 4348 I vendor.qti.bluetooth@1.0-ibs_handler: ProcessIbsCmd: Received IBS_WAKE_IND: 0xFD
04-03 22:27:28.960 1219 4348 D vendor.qti.bluetooth@1.0-ibs_handler: SerialClockVote: vote for UART CLK ON
04-03 22:27:28.961 1219 4348 I vendor.qti.bluetooth@1.0-ibs_handler: ProcessIbsCmd: Writing IBS_WAKE_ACK
04-03 22:27:28.968 1219 1219 I vendor.qti.bluetooth@1.0-ibs_handler: DeviceWakeUp: Writing IBS_WAKE_IND
04-03 22:27:28.968 1219 4348 I vendor.qti.bluetooth@1.0-ibs_handler: ProcessIbsCmd: Received IBS_WAKE_ACK: 0xFC
04-03 22:27:28.969 1219 4348 I vendor.qti.bluetooth@1.0-ibs_handler: ProcessIbsCmd: Signal wack_cond_
04-03 22:27:28.969 1219 1219 D vendor.qti.bluetooth@1.0-ibs_handler: DeviceWakeUp: Unblocked from waiting for FC, pthread_cond_timedwait ret = 0
04-03 22:27:28.970 3836 20675 D PhoneInterfaceManager: [PhoneIntfMgr] QueryTelephonyChecker-getDataNetworkTypeForSubscriber: packageName = com.innowireless.xcal.mobile5, isGrant = true
04-03 22:27:28.972 2635 3024 D WifiActiveModeWarden: there is no primary client manager, return the default one
04-03 22:27:28.972 2635 3598 D WifiService: getWifiEnabledState primaryClientMode is mDefaultClientModeManager
04-03 22:27:28.997 2635 3024 D WifiActiveModeWarden: there is no primary client manager, return the default one
04-03 22:27:28.998 2635 5661 D WifiService: getWifiEnabledState primaryClientMode is mDefaultClientModeManager
04-03 22:27:28.999 4414 5588 W Settings: Setting airplane_mode_on has moved from android.provider.Settings.System to android.provider.Settings.Global, returning read-only value.
04-03 22:27:29.003 4414 31602 W SystemServiceRegistry: No service published for: wifirtt
04-03 22:27:29.016 2635 3024 D WifiActiveModeWarden: there is no primary client manager, return the default one
04-03 22:27:29.016 2635 3024 D WifiActiveModeWarden: there is no primary client manager, return the default one
04-03 22:27:29.087 2635 3024 D WifiActiveModeWarden: there is no primary client manager, return the default one
04-03 22:27:29.091 3247 4353 W bt_l2cap: L2CAP - Calling CongestionStatus_Cb (true),CID:0x0047,XmitQ:21,Quota:20
04-03 22:27:29.143 2635 3163 D OplusLocationStatistics: on recordTaskMark, key: gnssReportLocation
04-03 22:27:29.143 2635 2655 D LocationManagerService: incoming location from: gps
04-03 22:27:29.144 2635 2655 D LocationManagerService: incoming location from: gps
04-03 22:27:29.156 1219 4348 I vendor.qti.bluetooth@1.0-ibs_handler: ProcessIbsCmd: Received IBS_SLEEP_IND: 0xFE
04-03 22:27:29.159 4414 5222 I FusedLocation: (REDACTED) location delivery to %s blocked - too close
04-03 22:27:29.160 4414 5222 I FusedLocation: (REDACTED) location delivery to %s blocked - too fast
04-03 22:27:29.160 4414 5222 I FusedLocation: (REDACTED) location delivery to %s blocked - too close
04-03 22:27:29.163 2635 4174 D LocationManagerService: incoming location from: fused
04-03 22:27:29.163 2635 4174 D LocationManagerService: incoming location from: fused
04-03 22:27:29.167 1219 4348 I vendor.qti.bluetooth@1.0-ibs_handler: ProcessIbsCmd: Received IBS_WAKE_IND: 0xFD
04-03 22:27:29.167 1219 4348 I vendor.qti.bluetooth@1.0-ibs_handler: ProcessIbsCmd: Writing IBS_WAKE_ACK
04-03 22:27:29.187 3836 7492 D PhoneInterfaceManager: [PhoneIntfMgr] QueryTelephonyChecker-getDataNetworkTypeForSubscriber: packageName = com.innowireless.xcal.mobile5, isGrant = true
04-03 22:27:29.244 5064 11036 D DebugReportServiceHidlClient: getReport 1.1...
04-03 22:27:29.245 1229 1229 E LocSvc_HIDL_DebugReportService: Invalid count: 0
04-03 22:27:29.245 1229 1229 E LocSvc_HIDL_DebugReportService: Invalid count: 0
04-03 22:27:29.245 1229 1229 E LocSvc_HIDL_DebugReportService: Invalid count: 0
04-03 22:27:29.245 1229 1229 E LocSvc_HIDL_DebugReportService: Invalid count: 0
04-03 22:27:29.246 5064 11036 D DebugReportServiceHidlClient: getReport 1.1 success: true
04-03 22:27:29.246 5064 11036 D DebugReportServiceHidlClient: getReport 1.0 success: true
04-03 22:27:29.292 1219 4348 I vendor.qti.bluetooth@1.0-ibs_handler: ProcessIbsCmd: Received IBS_SLEEP_IND: 0xFE
04-03 22:27:29.310 3836 7492 D PhoneInterfaceManager: [PhoneIntfMgr] QueryTelephonyChecker-getDataNetworkTypeForSubscriber: packageName = com.innowireless.xcal.mobile5, isGrant = true
04-03 22:27:29.320 3836 7492 D PhoneInterfaceManager: [PhoneIntfMgr] QueryTelephonyChecker-getDataNetworkTypeForSubscriber: packageName = com.innowireless.xcal.mobile5, isGrant = true
04-03 22:27:29.324 2635 3024 D WifiActiveModeWarden: there is no primary client manager, return the default one
04-03 22:27:29.324 2635 4174 D WifiService: getWifiEnabledState primaryClientMode is mDefaultClientModeManager
04-03 22:27:29.331 1219 4348 I vendor.qti.bluetooth@1.0-ibs_handler: ProcessIbsCmd: Received IBS_WAKE_IND: 0xFD
04-03 22:27:29.331 1219 4348 I vendor.qti.bluetooth@1.0-ibs_handler: ProcessIbsCmd: Writing IBS_WAKE_ACK
04-03 22:27:29.354 3247 4353 W bt_l2cap: L2CAP - Calling CongestionStatus_Cb (true),CID:0x0047,XmitQ:21,Quota:20
04-03 22:27:29.403 2635 3024 D WifiActiveModeWarden: there is no primary client manager, return the default one
04-03 22:27:29.456 1255 1255 I android.hardware.thermal@2.0-service.qti: Sensor Name:shell_frametemp: 39.9. prev severity:0. cur severity:0 New severity:0
04-03 22:27:29.458 1255 1255 I android.hardware.thermal@2.0-service.qti: Sensor Name:skintemp: 42.442. prev severity:0. cur severity:3 New severity:3
04-03 22:27:29.458 1255 1255 I android.hardware.thermal@2.0-service.qti: Sensor Name:shell_fronttemp: 39.9. prev severity:0. cur severity:0 New severity:0
04-03 22:27:29.458 1255 1255 I android.hardware.thermal@2.0-service.qti: Sensor Name:shell_backtemp: 39.9. prev severity:0. cur severity:0 New severity:0
04-03 22:27:29.476 4414 31045 I NearbyMediums: Received advertisement header BleAdvertisementHeader { version=2, numSlots=2, serviceIdBloomFilter=[ 0x17 0x23 0x35 0x5a 0x32 0x34 0x11 0x32 0x23 0x2e ], advertisementHash=[ 0x87 0x63 0xc5 0xe8 ], psm=27614, supportExtendedAdvertisement=false}. Will retry reading its GATT advertisement.
04-03 22:27:29.477 4414 31045 I NearbyMediums: Not allow Gatt actions during scanning.
04-03 22:27:29.489 3836 7492 D PhoneInterfaceManager: [PhoneIntfMgr] QueryTelephonyChecker-getDataNetworkTypeForSubscriber: packageName = com.innowireless.xcal.mobile5, isGrant = true
04-03 22:27:29.535 3836 20675 D PhoneInterfaceManager: [PhoneIntfMgr] QueryTelephonyChecker-getDataNetworkTypeForSubscriber: packageName = com.innowireless.xcal.mobile5, isGrant = true
04-03 22:27:29.568 3836 7492 D PhoneInterfaceManager: [PhoneIntfMgr] QueryTelephonyChecker-getDataNetworkTypeForSubscriber: packageName = com.innowireless.xcal.mobile5, isGrant = true
04-03 22:27:29.600 3836 20675 D PhoneInterfaceManager: [PhoneIntfMgr] QueryTelephonyChecker-getDataNetworkTypeForSubscriber: packageName = com.innowireless.xcal.mobile5, isGrant = true
04-03 22:27:29.615 3836 20675 D PhoneInterfaceManager: [PhoneIntfMgr] QueryTelephonyChecker-getDataNetworkTypeForSubscriber: packageName = com.innowireless.xcal.mobile5, isGrant = true
04-03 22:27:29.737 3836 20675 D PhoneInterfaceManager: [PhoneIntfMgr] QueryTelephonyChecker-getDataNetworkTypeForSubscriber: packageName = com.innowireless.xcal.mobile5, isGrant = true
04-03 22:27:29.813 8162 10977 D GPS : NMEA is invaild.
04-03 22:27:29.813 8162 10977 D GPS : mNMEASatelites : 3
04-03 22:27:29.817 8162 10977 D GPS : Android GPS is invaild.
04-03 22:27:29.857 1219 4348 I vendor.qti.bluetooth@1.0-ibs_handler: ProcessIbsCmd: Received IBS_SLEEP_IND: 0xFE
04-03 22:27:29.917 1219 4348 I vendor.qti.bluetooth@1.0-ibs_handler: ProcessIbsCmd: Received IBS_WAKE_IND: 0xFD
04-03 22:27:29.917 1219 4348 I vendor.qti.bluetooth@1.0-ibs_handler: ProcessIbsCmd: Writing IBS_WAKE_ACK
04-03 22:27:29.924 2635 2705 D OplusFeatureBrightnessBarController: mDarkLevel: 0
04-03 22:27:29.998 1219 4348 I vendor.qti.bluetooth@1.0-ibs_handler: ProcessIbsCmd: Received IBS_SLEEP_IND: 0xFE
04-03 22:27:30.040 1219 4348 I vendor.qti.bluetooth@1.0-ibs_handler: ProcessIbsCmd: Received IBS_WAKE_IND: 0xFD
04-03 22:27:30.040 1219 4348 I vendor.qti.bluetooth@1.0-ibs_handler: ProcessIbsCmd: Writing IBS_WAKE_ACK
04-03 22:27:30.053 4414 31611 I NearbyMediums: Received advertisement header BleAdvertisementHeader { version=2, numSlots=2, serviceIdBloomFilter=[ 0x17 0x23 0x35 0x5a 0x32 0x34 0x11 0x32 0x23 0x2e ], advertisementHash=[ 0x87 0x63 0xc5 0xe8 ], psm=27614, supportExtendedAdvertisement=false}. Will retry reading its GATT advertisement.
04-03 22:27:30.053 4414 31611 I NearbyMediums: Not allow Gatt actions during scanning.
04-03 22:27:30.147 2635 3163 D OplusLocationStatistics: on recordTaskMark, key: gnssReportLocation
04-03 22:27:30.147 2635 2655 D LocationManagerService: incoming location from: gps
04-03 22:27:30.148 1219 4348 I vendor.qti.bluetooth@1.0-ibs_handler: ProcessIbsCmd: Received IBS_SLEEP_IND: 0xFE
04-03 22:27:30.148 2635 2655 D LocationManagerService: incoming location from: gps
04-03 22:27:30.165 4414 5222 I FusedLocation: (REDACTED) location delivery to %s blocked - too close
04-03 22:27:30.166 4414 5222 I FusedLocation: (REDACTED) location delivery to %s blocked - too fast
04-03 22:27:30.166 4414 5222 I FusedLocation: (REDACTED) location delivery to %s blocked - too close
04-03 22:27:30.167 2635 4007 D LocationManagerService: incoming location from: fused
04-03 22:27:30.167 2635 4007 D LocationManagerService: incoming location from: fused
04-03 22:27:30.188 3836 20675 D PhoneInterfaceManager: [PhoneIntfMgr] QueryTelephonyChecker-getDataNetworkTypeForSubscriber: packageName = com.innowireless.xcal.mobile5, isGrant = true
04-03 22:27:30.245 5064 11036 D DebugReportServiceHidlClient: getReport 1.1...
04-03 22:27:30.246 1229 1229 E LocSvc_HIDL_DebugReportService: Invalid count: 0
04-03 22:27:30.246 1229 1229 E LocSvc_HIDL_DebugReportService: Invalid count: 0
04-03 22:27:30.246 1229 1229 E LocSvc_HIDL_DebugReportService: Invalid count: 0
04-03 22:27:30.246 1229 1229 E LocSvc_HIDL_DebugReportService: Invalid count: 0
04-03 22:27:30.247 5064 11036 D DebugReportServiceHidlClient: getReport 1.1 success: true
04-03 22:27:30.247 5064 11036 D DebugReportServiceHidlClient: getReport 1.0 success: true
04-03 22:27:30.311 3836 20675 D PhoneInterfaceManager: [PhoneIntfMgr] QueryTelephonyChecker-getDataNetworkTypeForSubscriber: packageName = com.innowireless.xcal.mobile5, isGrant = true
04-03 22:27:30.379 3836 20675 D PhoneInterfaceManager: [PhoneIntfMgr] QueryTelephonyChecker-getDataNetworkTypeForSubscriber: packageName = com.innowireless.xcal.mobile5, isGrant = true
04-03 22:27:30.381 2635 3024 D WifiActiveModeWarden: there is no primary client manager, return the default one
04-03 22:27:30.381 2635 4007 D WifiService: getWifiEnabledState primaryClientMode is mDefaultClientModeManager
04-03 22:27:30.405 2635 3024 D WifiActiveModeWarden: there is no primary client manager, return the default one
04-03 22:27:30.461 1255 1255 I android.hardware.thermal@2.0-service.qti: Sensor Name:shell_frametemp: 39.9. prev severity:0. cur severity:0 New severity:0
04-03 22:27:30.463 1255 1255 I android.hardware.thermal@2.0-service.qti: Sensor Name:skintemp: 42.445. prev severity:0. cur severity:3 New severity:3
04-03 22:27:30.463 1255 1255 I android.hardware.thermal@2.0-service.qti: Sensor Name:shell_fronttemp: 39.9. prev severity:0. cur severity:0 New severity:0
04-03 22:27:30.463 1255 1255 I android.hardware.thermal@2.0-service.qti: Sensor Name:shell_backtemp: 39.9. prev severity:0. cur severity:0 New severity:0
04-03 22:27:30.486 3247 4531 D OplusBluetoothSarManager: onDataActivity() direction: 3
04-03 22:27:30.486 3247 4531 D OplusBluetoothSarManager: getBaseSarMode() isBluetoothTx: true, isCellularTx: true, is2_4GWifiTx: false, is5GWifiTx: false, isReceiverOn: false
04-03 22:27:30.486 3247 4531 D OplusBluetoothSarManager: getSarMode() baseSarMode: BT_WWAN_BODY_SAR_MODE(9)
04-03 22:27:30.486 3247 4531 D OplusBluetoothSarManager: getSarMode() newSarMode: BT_WWAN_BODY_SAR_MODE(25)
04-03 22:27:30.486 3247 4531 D OplusBluetoothSarManager: currentSarMode: BT_BODY_SAR_MODE(17), newSarMode: BT_WWAN_BODY_SAR_MODE(25)
04-03 22:27:30.487 3247 4531 D oplus_bt_power: set_max_power_impl mode: 25
04-03 22:27:30.487 3247 4531 I oplus_bt_power: set_max_power_impl start parsing config file
04-03 22:27:30.487 3247 4531 I oplus_bt_power: set_max_power_impl continue parsing config file
04-03 22:27:30.487 3247 4531 D oplus_bt_power: set_max_power_impl, sar_mode=25, br_sar=0x2a, edr_sar=0x20, ble_sar=0x28
04-03 22:27:30.488 1219 4348 I vendor.qti.bluetooth@1.0-ibs_handler: ProcessIbsCmd: Received IBS_WAKE_IND: 0xFD
04-03 22:27:30.488 1219 4348 I vendor.qti.bluetooth@1.0-ibs_handler: ProcessIbsCmd: Writing IBS_WAKE_ACK
04-03 22:27:30.490 3270 3754 D NetworkController.MobileSignalController(7): onMobileStatusChanged= updateTelephony=false mobileStatus=[activityIn=true,activityOut=true,dataSim=true,carrierNetworkChangeMode=false,dataState=2,serviceState=mVoiceRegState=0(IN_SERVICE), mDataRegState=0(IN_SERVICE),signalStrength=4,telephonyDisplayInfo=TelephonyDisplayInfo {network=LTE, override=NR_NSA}]
04-03 22:27:30.491 3836 7492 D PhoneInterfaceManager: [PhoneIntfMgr] QueryTelephonyChecker-getDataNetworkTypeForSubscriber: packageName = com.innowireless.xcal.mobile5, isGrant = true
04-03 22:27:30.495 3247 4353 D oplus_bt_power: power_cntrl_callback: param->opcode=fcda subopcode=e status=0
04-03 22:27:30.519 3270 3754 I BaseMobileSignalControllerExt: showDataIcon:true
04-03 22:27:30.536 3836 20675 D PhoneInterfaceManager: [PhoneIntfMgr] QueryTelephonyChecker-getDataNetworkTypeForSubscriber: packageName = com.innowireless.xcal.mobile5, isGrant = true
04-03 22:27:30.570 3836 8673 D PhoneInterfaceManager: [PhoneIntfMgr] QueryTelephonyChecker-getDataNetworkTypeForSubscriber: packageName = com.innowireless.xcal.mobile5, isGrant = true
04-03 22:27:30.573 1219 4348 I vendor.qti.bluetooth@1.0-ibs_handler: ProcessIbsCmd: Received IBS_SLEEP_IND: 0xFE
04-03 22:27:30.577 1219 4348 I vendor.qti.bluetooth@1.0-ibs_handler: ProcessIbsCmd: Received IBS_WAKE_IND: 0xFD
04-03 22:27:30.577 1219 4348 I vendor.qti.bluetooth@1.0-ibs_handler: ProcessIbsCmd: Writing IBS_WAKE_ACK
04-03 22:27:30.603 3836 20675 D PhoneInterfaceManager: [PhoneIntfMgr] QueryTelephonyChecker-getDataNetworkTypeForSubscriber: packageName = com.innowireless.xcal.mobile5, isGrant = true
04-03 22:27:30.650 3836 8673 D PhoneInterfaceManager: [PhoneIntfMgr] QueryTelephonyChecker-getDataNetworkTypeForSubscriber: packageName = com.innowireless.xcal.mobile5, isGrant = true
04-03 22:27:30.658 1219 4348 I vendor.qti.bluetooth@1.0-ibs_handler: ProcessIbsCmd: Received IBS_SLEEP_IND: 0xFE
04-03 22:27:30.707 1219 4348 I vendor.qti.bluetooth@1.0-ibs_handler: ProcessIbsCmd: Received IBS_WAKE_IND: 0xFD
04-03 22:27:30.707 1219 4348 I vendor.qti.bluetooth@1.0-ibs_handler: ProcessIbsCmd: Writing IBS_WAKE_ACK
04-03 22:27:30.737 3836 8673 D PhoneInterfaceManager: [PhoneIntfMgr] QueryTelephonyChecker-getDataNetworkTypeForSubscriber: packageName = com.innowireless.xcal.mobile5, isGrant = true
04-03 22:27:30.788 1219 4348 I vendor.qti.bluetooth@1.0-ibs_handler: ProcessIbsCmd: Received IBS_SLEEP_IND: 0xFE
04-03 22:27:30.814 8162 10977 D GPS : NMEA is invaild.
04-03 22:27:30.814 8162 10977 D GPS : mNMEASatelites : 4
04-03 22:27:30.819 8162 10977 D GPS : Android GPS is invaild.
04-03 22:27:31.074 3666 4099 D QtiRadiohidlIndication: onSignalStrengthChange: slotId = 0
04-03 22:27:31.074 3666 4099 D QtiRadioProxy: onSignalStrength slotId = 0 signalStrength = SignalStrength: Rsrp: -32768 Snr: -32768
04-03 22:27:31.075 3666 4101 D QtiRadioProxyHandler: : handleMessage msg.what = 11
04-03 22:27:31.075 3666 4101 D QtiRadioProxyHandler: : EVENT_ON_SIGNAL_STRENGTH
04-03 22:27:31.076 3666 4101 D QtiRadioProxy: onSignalStrength: Responding back for transaction = null
04-03 22:27:31.076 3881 9422 D NrNetworkService: onSignalStrength: slotId=0 token=Token: -1 status=Status: 1 signalStrength=SignalStrength: Rsrp: -32768 Snr: -32768
04-03 22:27:31.079 3666 4101 D QtiRadioProxy: onSignalStrength: Responding back for transaction = null
04-03 22:27:31.080 3666 4101 D QtiRadioProxy: onSignalStrength: Responding back for transaction = null
04-03 22:27:31.081 3836 8673 D ExtPhoneCallbackBase: UNIMPLEMENTED: onSignalStrength: slotId = 0 token = Token: -1 statusStatus: 1 signalStrength = SignalStrength: Rsrp: -32768 Snr: -32768
04-03 22:27:31.081 3666 4101 D QtiRadioProxy: onSignalStrength: Responding back for transaction = null
04-03 22:27:31.082 3836 8673 D ExtPhoneCallbackBase: UNIMPLEMENTED: onSignalStrength: slotId = 0 token = Token: -1 statusStatus: 1 signalStrength = SignalStrength: Rsrp: -32768 Snr: -32768
04-03 22:27:31.083 3666 4101 D QtiRadioProxy: onSignalStrength: Responding back for transaction = null
04-03 22:27:31.083 3836 8673 D ExtPhoneCallbackBase: UNIMPLEMENTED: onSignalStrength: slotId = 0 token = Token: -1 statusStatus: 1 signalStrength = SignalStrength: Rsrp: -32768 Snr: -32768
04-03 22:27:31.083 3666 4101 D QtiRadioProxy: onSignalStrength: Responding back for transaction = null
04-03 22:27:31.084 3836 8673 D ExtPhoneCallbackBase: UNIMPLEMENTED: onSignalStrength: slotId = 0 token = Token: -1 statusStatus: 1 signalStrength = SignalStrength: Rsrp: -32768 Snr: -32768
04-03 22:27:31.107 3270 3754 D NetworkController.MobileSignalController(7): onMobileStatusChanged= updateTelephony=true mobileStatus=[activityIn=true,activityOut=true,dataSim=true,carrierNetworkChangeMode=false,dataState=2,serviceState=mVoiceRegState=0(IN_SERVICE), mDataRegState=0(IN_SERVICE),signalStrength=4,telephonyDisplayInfo=TelephonyDisplayInfo {network=LTE, override=NR_NSA}]
04-03 22:27:31.144 2635 9199 D OplusLocationStatistics: on recordTaskMark, key: gnssReportLocation
04-03 22:27:31.145 2635 2655 D LocationManagerService: incoming location from: gps
04-03 22:27:31.146 2635 2655 D LocationManagerService: incoming location from: gps
04-03 22:27:31.153 4414 5222 I FusedLocation: (REDACTED) location delivery to %s blocked - too close
04-03 22:27:31.155 4414 5222 I FusedLocation: (REDACTED) location delivery to %s blocked - too fast
04-03 22:27:31.156 4414 5222 I FusedLocation: (REDACTED) location delivery to %s blocked - too close
04-03 22:27:31.156 2635 3598 D LocationManagerService: incoming location from: fused
04-03 22:27:31.156 2635 3598 D LocationManagerService: incoming location from: fused
04-03 22:27:31.189 3836 8673 D PhoneInterfaceManager: [PhoneIntfMgr] QueryTelephonyChecker-getDataNetworkTypeForSubscriber: packageName = com.innowireless.xcal.mobile5, isGrant = true
04-03 22:27:31.223 1219 4348 I vendor.qti.bluetooth@1.0-ibs_handler: ProcessIbsCmd: Received IBS_WAKE_IND: 0xFD
04-03 22:27:31.223 1219 4348 I vendor.qti.bluetooth@1.0-ibs_handler: ProcessIbsCmd: Writing IBS_WAKE_ACK
04-03 22:27:31.247 5064 11036 D DebugReportServiceHidlClient: getReport 1.1...
04-03 22:27:31.248 1229 1229 E LocSvc_HIDL_DebugReportService: Invalid count: 0
04-03 22:27:31.248 1229 1229 E LocSvc_HIDL_DebugReportService: Invalid count: 0
04-03 22:27:31.248 1229 1229 E LocSvc_HIDL_DebugReportService: Invalid count: 0
04-03 22:27:31.248 1229 1229 E LocSvc_HIDL_DebugReportService: Invalid count: 0
04-03 22:27:31.249 5064 11036 D DebugReportServiceHidlClient: getReport 1.1 success: true
04-03 22:27:31.249 5064 11036 D DebugReportServiceHidlClient: getReport 1.0 success: true
04-03 22:27:31.251 2635 3672 I OplusHansManager : uid=10266, pkg=com.innowireless.xcal.smart4g cannot transition from R to M, importance=accessibility
04-03 22:27:31.309 3836 8673 D PhoneInterfaceManager: [PhoneIntfMgr] QueryTelephonyChecker-getDataNetworkTypeForSubscriber: packageName = com.innowireless.xcal.mobile5, isGrant = true
04-03 22:27:31.369 1219 4348 I vendor.qti.bluetooth@1.0-ibs_handler: ProcessIbsCmd: Received IBS_SLEEP_IND: 0xFE
04-03 22:27:31.408 2635 3024 D WifiActiveModeWarden: there is no primary client manager, return the default one
04-03 22:27:31.432 1219 4348 I vendor.qti.bluetooth@1.0-ibs_handler: ProcessIbsCmd: Received IBS_WAKE_IND: 0xFD
04-03 22:27:31.433 1219 4348 I vendor.qti.bluetooth@1.0-ibs_handler: ProcessIbsCmd: Writing IBS_WAKE_ACK
04-03 22:27:31.463 3836 8673 D PhoneInterfaceManager: [PhoneIntfMgr] QueryTelephonyChecker-getDataNetworkTypeForSubscriber: packageName = com.innowireless.xcal.mobile5, isGrant = true
04-03 22:27:31.463 1255 1255 I android.hardware.thermal@2.0-service.qti: Sensor Name:shell_frametemp: 39.9. prev severity:0. cur severity:0 New severity:0
04-03 22:27:31.465 1255 1255 I android.hardware.thermal@2.0-service.qti: Sensor Name:skintemp: 42.532. prev severity:0. cur severity:3 New severity:3
04-03 22:27:31.465 1255 1255 I android.hardware.thermal@2.0-service.qti: Sensor Name:shell_fronttemp: 39.9. prev severity:0. cur severity:0 New severity:0
04-03 22:27:31.465 1255 1255 I android.hardware.thermal@2.0-service.qti: Sensor Name:shell_backtemp: 39.9. prev severity:0. cur severity:0 New severity:0
04-03 22:27:31.467 2635 3024 D WifiActiveModeWarden: there is no primary client manager, return the default one
04-03 22:27:31.467 2635 3238 D WifiService: getWifiEnabledState primaryClientMode is mDefaultClientModeManager
04-03 22:27:31.488 1219 4357 I vendor.qti.bluetooth@1.0-ibs_handler: DeviceSleep: TX Awake, Sending SLEEP_IND
04-03 22:27:31.488 3836 8673 D PhoneInterfaceManager: [PhoneIntfMgr] QueryTelephonyChecker-getDataNetworkTypeForSubscriber: packageName = com.innowireless.xcal.mobile5, isGrant = true
04-03 22:27:31.497 3247 4531 D OplusBluetoothSarManager: onDataActivity() direction: 0
04-03 22:27:31.497 3247 4531 D OplusBluetoothSarManager: getBaseSarMode() isBluetoothTx: true, isCellularTx: false, is2_4GWifiTx: false, is5GWifiTx: false, isReceiverOn: false
04-03 22:27:31.497 3247 4531 D OplusBluetoothSarManager: getSarMode() baseSarMode: BT_BODY_SAR_MODE(1)
04-03 22:27:31.497 3247 4531 D OplusBluetoothSarManager: getSarMode() newSarMode: BT_BODY_SAR_MODE(17)
04-03 22:27:31.497 3247 4531 D OplusBluetoothSarManager: currentSarMode: BT_WWAN_BODY_SAR_MODE(25), newSarMode: BT_BODY_SAR_MODE(17)
04-03 22:27:31.497 3247 4531 D oplus_bt_power: set_max_power_impl mode: 17
04-03 22:27:31.497 3247 4531 I oplus_bt_power: set_max_power_impl start parsing config file
04-03 22:27:31.497 3247 4531 I oplus_bt_power: set_max_power_impl continue parsing config file
04-03 22:27:31.497 3247 4531 D oplus_bt_power: set_max_power_impl, sar_mode=17, br_sar=0x2a, edr_sar=0x20, ble_sar=0x28
04-03 22:27:31.497 3270 3754 D NetworkController.MobileSignalController(7): onMobileStatusChanged= updateTelephony=false mobileStatus=[activityIn=false,activityOut=false,dataSim=true,carrierNetworkChangeMode=false,dataState=2,serviceState=mVoiceRegState=0(IN_SERVICE), mDataRegState=0(IN_SERVICE),signalStrength=4,telephonyDisplayInfo=TelephonyDisplayInfo {network=LTE, override=NR_NSA}]
04-03 22:27:31.498 1219 1219 I vendor.qti.bluetooth@1.0-ibs_handler: DeviceWakeUp: Writing IBS_WAKE_IND
04-03 22:27:31.500 1219 4348 I vendor.qti.bluetooth@1.0-ibs_handler: ProcessIbsCmd: Received IBS_WAKE_ACK: 0xFC
04-03 22:27:31.500 1219 4348 I vendor.qti.bluetooth@1.0-ibs_handler: ProcessIbsCmd: Signal wack_cond_
04-03 22:27:31.500 1219 1219 D vendor.qti.bluetooth@1.0-ibs_handler: DeviceWakeUp: Unblocked from waiting for FC, pthread_cond_timedwait ret = 0
04-03 22:27:31.501 3247 4353 D oplus_bt_power: power_cntrl_callback: param->opcode=fcda subopcode=e status=0
04-03 22:27:31.515 3270 3754 I BaseMobileSignalControllerExt: showDataIcon:true
