04-03 22:22:46.730 2635 2705 D DisplayPowerController[0]: Animating brightness: target=324.0, rate=123.0, source= 7
04-03 22:22:46.731 2635 2705 D VRR [OPlusRefreshRateService]: notifyBrightnessChange brightness: 324.0
04-03 22:22:46.731 2635 2658 D DisplayManagerService: Delivering display event: displayId=0, event=4
04-03 22:22:46.756 2635 3161 D LightsServiceExtImpl: baseSetLightLocked end.
04-03 22:22:46.763 2635 2705 D OplusDisplayPowerControllerExtImpl: original brightness to dataBase:324 final brightness:324.0 scale:1.0 reason:4 darkLevel:0
04-03 22:22:46.763 2635 2705 D DisplayPowerController[0]: Animating brightness: target=324.0, rate=123.0, source= 7
04-03 22:22:46.764 2635 2705 D VRR [OPlusRefreshRateService]: notifyBrightnessChange brightness: 324.0
04-03 22:22:46.764 2635 2658 D DisplayManagerService: Delivering display event: displayId=0, event=4
04-03 22:22:46.798 2635 3161 D LightsServiceExtImpl: baseSetLightLocked end.
04-03 22:22:46.809 2635 2705 D OplusDisplayPowerControllerExtImpl: original brightness to dataBase:324 final brightness:324.0 scale:1.0 reason:4 darkLevel:0
04-03 22:22:46.809 2635 2705 D DisplayPowerController[0]: Animating brightness: target=324.0, rate=123.0, source= 7
04-03 22:22:46.809 2635 2705 D VRR [OPlusRefreshRateService]: notifyBrightnessChange brightness: 324.0
04-03 22:22:46.810 2635 2658 D DisplayManagerService: Delivering display event: displayId=0, event=4
04-03 22:22:46.818 2635 3161 D LightsServiceExtImpl: baseSetLightLocked end.
04-03 22:22:46.826 2635 2705 D OplusDisplayPowerControllerExtImpl: original brightness to dataBase:324 final brightness:324.0 scale:1.0 reason:4 darkLevel:0
04-03 22:22:46.827 2635 2705 D DisplayPowerController[0]: Animating brightness: target=324.0, rate=123.0, source= 7
04-03 22:22:46.827 2635 2705 D VRR [OPlusRefreshRateService]: notifyBrightnessChange brightness: 324.0
04-03 22:22:46.827 2635 2658 D DisplayManagerService: Delivering display event: displayId=0, event=4
04-03 22:22:46.830 2635 3161 D LightsServiceExtImpl: baseSetLightLocked end.
04-03 22:22:46.839 2635 2705 D OplusDisplayPowerControllerExtImpl: original brightness to dataBase:324 final brightness:324.0 scale:1.0 reason:4 darkLevel:0
04-03 22:22:46.840 2635 2705 D DisplayPowerController[0]: Animating brightness: target=324.0, rate=123.0, source= 7
04-03 22:22:46.840 2635 2705 D VRR [OPlusRefreshRateService]: notifyBrightnessChange brightness: 324.0
04-03 22:22:46.840 2635 2658 D DisplayManagerService: Delivering display event: displayId=0, event=4
04-03 22:22:46.864 2635 3161 D LightsServiceExtImpl: baseSetLightLocked end.
04-03 22:22:46.872 2635 2705 D OplusDisplayPowerControllerExtImpl: original brightness to dataBase:324 final brightness:324.0 scale:1.0 reason:4 darkLevel:0
04-03 22:22:46.872 2635 2705 D DisplayPowerController[0]: Animating brightness: target=324.0, rate=123.0, source= 7
04-03 22:22:46.872 2635 2705 D VRR [OPlusRefreshRateService]: notifyBrightnessChange brightness: 324.0
04-03 22:22:46.873 2635 2658 D DisplayManagerService: Delivering display event: displayId=0, event=4
04-03 22:22:46.928 2635 3161 D LightsServiceExtImpl: baseSetLightLocked end.
04-03 22:22:46.935 2635 2705 D OplusDisplayPowerControllerExtImpl: original brightness to dataBase:324 final brightness:324.0 scale:1.0 reason:4 darkLevel:0
04-03 22:22:46.936 2635 2705 D DisplayPowerController[0]: Animating brightness: target=324.0, rate=123.0, source= 7
04-03 22:22:46.936 2635 2705 D VRR [OPlusRefreshRateService]: notifyBrightnessChange brightness: 324.0
04-03 22:22:46.936 2635 2658 D DisplayManagerService: Delivering display event: displayId=0, event=4
04-03 22:22:46.982 2635 3161 D LightsServiceExtImpl: baseSetLightLocked end.
04-03 22:22:46.996 2635 2705 D OplusDisplayPowerControllerExtImpl: original brightness to dataBase:324 final brightness:324.0 scale:1.0 reason:4 darkLevel:0
04-03 22:22:46.997 2635 2705 D DisplayPowerController[0]: Animating brightness: target=324.0, rate=123.0, source= 7
04-03 22:22:46.997 2635 2705 D VRR [OPlusRefreshRateService]: notifyBrightnessChange brightness: 324.0
04-03 22:22:46.998 2635 2658 D DisplayManagerService: Delivering display event: displayId=0, event=4
04-03 22:22:47.064 2635 3161 D LightsServiceExtImpl: baseSetLightLocked end.
04-03 22:22:47.069 2635 2705 D OplusDisplayPowerControllerExtImpl: original brightness to dataBase:324 final brightness:324.0 scale:1.0 reason:4 darkLevel:0
04-03 22:22:47.069 2635 2705 D DisplayPowerController[0]: Animating brightness: target=324.0, rate=123.0, source= 7
04-03 22:22:47.069 2635 2705 D VRR [OPlusRefreshRateService]: notifyBrightnessChange brightness: 324.0
04-03 22:22:47.069 2635 2658 D DisplayManagerService: Delivering display event: displayId=0, event=4
04-03 22:22:47.136 2635 3161 D LightsServiceExtImpl: baseSetLightLocked end.
04-03 22:22:47.150 2635 2705 D OplusDisplayPowerControllerExtImpl: original brightness to dataBase:324 final brightness:324.0 scale:1.0 reason:4 darkLevel:0
04-03 22:22:47.150 2635 2705 D DisplayPowerController[0]: Animating brightness: target=324.0, rate=123.0, source= 7
04-03 22:22:47.150 2635 2705 D VRR [OPlusRefreshRateService]: notifyBrightnessChange brightness: 324.0
04-03 22:22:47.151 2635 2658 D DisplayManagerService: Delivering display event: displayId=0, event=4
04-03 22:22:47.192 2635 3161 D LightsServiceExtImpl: baseSetLightLocked end.
04-03 22:22:47.200 2635 2705 D OplusDisplayPowerControllerExtImpl: original brightness to dataBase:324 final brightness:324.0 scale:1.0 reason:4 darkLevel:0
04-03 22:22:47.200 2635 2705 D DisplayPowerController[0]: Animating brightness: target=324.0, rate=123.0, source= 7
04-03 22:22:47.201 2635 2705 D VRR [OPlusRefreshRateService]: notifyBrightnessChange brightness: 324.0
04-03 22:22:47.201 2635 2658 D DisplayManagerService: Delivering display event: displayId=0, event=4
04-03 22:22:47.329 2635 3161 D LightsServiceExtImpl: baseSetLightLocked end.
04-03 22:22:47.336 2635 2705 D OplusDisplayPowerControllerExtImpl: original brightness to dataBase:324 final brightness:324.0 scale:1.0 reason:4 darkLevel:0
04-03 22:22:47.336 2635 2705 D DisplayPowerController[0]: Animating brightness: target=324.0, rate=123.0, source= 7
04-03 22:22:47.336 2635 2705 D VRR [OPlusRefreshRateService]: notifyBrightnessChange brightness: 324.0
04-03 22:22:47.336 2635 2658 D DisplayManagerService: Delivering display event: displayId=0, event=4
04-03 22:22:47.361 2635 3161 D LightsServiceExtImpl: baseSetLightLocked end.
04-03 22:22:47.365 2635 2705 D OplusDisplayPowerControllerExtImpl: original brightness to dataBase:324 final brightness:324.0 scale:1.0 reason:4 darkLevel:0
04-03 22:22:47.365 2635 2705 D DisplayPowerController[0]: Animating brightness: target=324.0, rate=123.0, source= 7
04-03 22:22:47.365 2635 2705 D VRR [OPlusRefreshRateService]: notifyBrightnessChange brightness: 324.0
04-03 22:22:47.366 2635 2658 D DisplayManagerService: Delivering display event: displayId=0, event=4
04-03 22:22:47.413 2635 3161 D LightsServiceExtImpl: baseSetLightLocked end.
04-03 22:22:47.419 2635 2705 D OplusDisplayPowerControllerExtImpl: original brightness to dataBase:324 final brightness:324.0 scale:1.0 reason:4 darkLevel:0
04-03 22:22:47.419 2635 2705 D DisplayPowerController[0]: Animating brightness: target=324.0, rate=123.0, source= 7
04-03 22:22:47.419 2635 2705 D VRR [OPlusRefreshRateService]: notifyBrightnessChange brightness: 324.0
04-03 22:22:47.419 2635 2658 D DisplayManagerService: Delivering display event: displayId=0, event=4
04-03 22:22:47.512 2635 3161 D LightsServiceExtImpl: baseSetLightLocked end.
04-03 22:22:47.523 2635 2705 D OplusDisplayPowerControllerExtImpl: original brightness to dataBase:324 final brightness:324.0 scale:1.0 reason:4 darkLevel:0
04-03 22:22:47.523 2635 2705 D DisplayPowerController[0]: Animating brightness: target=324.0, rate=123.0, source= 7
04-03 22:22:47.523 2635 2705 D VRR [OPlusRefreshRateService]: notifyBrightnessChange brightness: 324.0
04-03 22:22:47.524 2635 2658 D DisplayManagerService: Delivering display event: displayId=0, event=4
04-03 22:22:47.550 2635 3161 D LightsServiceExtImpl: baseSetLightLocked end.
04-03 22:22:47.563 2635 2705 D OplusDisplayPowerControllerExtImpl: original brightness to dataBase:324 final brightness:324.0 scale:1.0 reason:4 darkLevel:0
04-03 22:22:47.564 2635 2705 D DisplayPowerController[0]: Animating brightness: target=324.0, rate=123.0, source= 7
04-03 22:22:47.564 2635 2705 D VRR [OPlusRefreshRateService]: notifyBrightnessChange brightness: 324.0
04-03 22:22:47.564 2635 2658 D DisplayManagerService: Delivering display event: displayId=0, event=4
04-03 22:22:47.596 2635 3161 D LightsServiceExtImpl: baseSetLightLocked end.
04-03 22:22:47.604 2635 2705 D OplusDisplayPowerControllerExtImpl: original brightness to dataBase:324 final brightness:324.0 scale:1.0 reason:4 darkLevel:0
04-03 22:22:47.605 2635 2705 D DisplayPowerController[0]: Animating brightness: target=324.0, rate=123.0, source= 7
04-03 22:22:47.605 2635 2705 D VRR [OPlusRefreshRateService]: notifyBrightnessChange brightness: 324.0
04-03 22:22:47.605 2635 2658 D DisplayManagerService: Delivering display event: displayId=0, event=4
04-03 22:22:47.655 2635 3161 D LightsServiceExtImpl: baseSetLightLocked end.
04-03 22:22:47.662 2635 2705 D OplusDisplayPowerControllerExtImpl: original brightness to dataBase:324 final brightness:324.0 scale:1.0 reason:4 darkLevel:0
04-03 22:22:47.663 2635 2705 D DisplayPowerController[0]: Animating brightness: target=324.0, rate=123.0, source= 7
04-03 22:22:47.663 2635 2705 D VRR [OPlusRefreshRateService]: notifyBrightnessChange brightness: 324.0
04-03 22:22:47.663 2635 2658 D DisplayManagerService: Delivering display event: displayId=0, event=4
04-03 22:22:47.708 2635 3161 D LightsServiceExtImpl: baseSetLightLocked end.
04-03 22:22:47.725 2635 2705 D OplusDisplayPowerControllerExtImpl: original brightness to dataBase:324 final brightness:324.0 scale:1.0 reason:4 darkLevel:0
04-03 22:22:47.725 2635 2705 D DisplayPowerController[0]: Animating brightness: target=324.0, rate=123.0, source= 7
04-03 22:22:47.725 2635 2705 D VRR [OPlusRefreshRateService]: notifyBrightnessChange brightness: 324.0
04-03 22:22:47.726 2635 2658 D DisplayManagerService: Delivering display event: displayId=0, event=4
04-03 22:22:47.757 2635 3161 D LightsServiceExtImpl: baseSetLightLocked end.
04-03 22:22:47.764 2635 2705 D OplusDisplayPowerControllerExtImpl: original brightness to dataBase:324 final brightness:324.0 scale:1.0 reason:4 darkLevel:0
04-03 22:22:47.764 2635 2705 D DisplayPowerController[0]: Animating brightness: target=324.0, rate=123.0, source= 7
04-03 22:22:47.764 2635 2705 D VRR [OPlusRefreshRateService]: notifyBrightnessChange brightness: 324.0
04-03 22:22:47.764 2635 2658 D DisplayManagerService: Delivering display event: displayId=0, event=4
04-03 22:22:47.795 2635 3161 D LightsServiceExtImpl: baseSetLightLocked end.
04-03 22:22:47.805 2635 2705 D OplusDisplayPowerControllerExtImpl: original brightness to dataBase:324 final brightness:324.0 scale:1.0 reason:4 darkLevel:0
04-03 22:22:47.805 2635 2705 D DisplayPowerController[0]: Animating brightness: target=324.0, rate=123.0, source= 7
04-03 22:22:47.806 2635 2705 D VRR [OPlusRefreshRateService]: notifyBrightnessChange brightness: 324.0
04-03 22:22:47.806 2635 2658 D DisplayManagerService: Delivering display event: displayId=0, event=4
04-03 22:22:47.927 2635 2705 D OplusFeatureBrightnessBarController: mDarkLevel: 0
04-03 22:22:47.994 2635 3161 D LightsServiceExtImpl: baseSetLightLocked end.
04-03 22:22:48.002 2635 2705 D OplusDisplayPowerControllerExtImpl: original brightness to dataBase:324 final brightness:324.0 scale:1.0 reason:4 darkLevel:0
04-03 22:22:48.003 2635 2705 D DisplayPowerController[0]: Animating brightness: target=324.0, rate=123.0, source= 7
04-03 22:22:48.003 2635 2705 D VRR [OPlusRefreshRateService]: notifyBrightnessChange brightness: 324.0
04-03 22:22:48.004 2635 2658 D DisplayManagerService: Delivering display event: displayId=0, event=4
04-03 22:22:48.029 2635 3161 D LightsServiceExtImpl: baseSetLightLocked end.
04-03 22:22:48.038 2635 2705 D OplusDisplayPowerControllerExtImpl: original brightness to dataBase:324 final brightness:324.0 scale:1.0 reason:4 darkLevel:0
04-03 22:22:48.038 2635 2705 D DisplayPowerController[0]: Animating brightness: target=324.0, rate=123.0, source= 7
04-03 22:22:48.038 2635 2705 D VRR [OPlusRefreshRateService]: notifyBrightnessChange brightness: 324.0
04-03 22:22:48.038 2635 2658 D DisplayManagerService: Delivering display event: displayId=0, event=4
04-03 22:22:48.191 2635 3161 D LightsServiceExtImpl: baseSetLightLocked end.
04-03 22:22:48.199 2635 2705 D OplusDisplayPowerControllerExtImpl: original brightness to dataBase:324 final brightness:324.0 scale:1.0 reason:4 darkLevel:0
04-03 22:22:48.199 2635 2705 D DisplayPowerController[0]: Animating brightness: target=324.0, rate=123.0, source= 7
04-03 22:22:48.200 2635 2705 D VRR [OPlusRefreshRateService]: notifyBrightnessChange brightness: 324.0
04-03 22:22:48.200 2635 2658 D DisplayManagerService: Delivering display event: displayId=0, event=4
04-03 22:22:48.222 2635 3161 D LightsServiceExtImpl: baseSetLightLocked end.
04-03 22:22:48.228 2635 2705 D OplusDisplayPowerControllerExtImpl: original brightness to dataBase:324 final brightness:324.0 scale:1.0 reason:4 darkLevel:0
04-03 22:22:48.229 2635 2705 D DisplayPowerController[0]: Animating brightness: target=324.0, rate=123.0, source= 7
04-03 22:22:48.229 2635 2705 D VRR [OPlusRefreshRateService]: notifyBrightnessChange brightness: 324.0
04-03 22:22:48.229 2635 2658 D DisplayManagerService: Delivering display event: displayId=0, event=4
04-03 22:22:48.256 2635 3161 D LightsServiceExtImpl: baseSetLightLocked end.
04-03 22:22:48.267 2635 2705 D OplusDisplayPowerControllerExtImpl: original brightness to dataBase:324 final brightness:324.0 scale:1.0 reason:4 darkLevel:0
04-03 22:22:48.268 2635 2705 D DisplayPowerController[0]: Animating brightness: target=324.0, rate=123.0, source= 7
04-03 22:22:48.268 2635 2705 D VRR [OPlusRefreshRateService]: notifyBrightnessChange brightness: 324.0
04-03 22:22:48.269 2635 2658 D DisplayManagerService: Delivering display event: displayId=0, event=4
04-03 22:22:48.345 2635 3161 D LightsServiceExtImpl: baseSetLightLocked end.
04-03 22:22:48.351 2635 2705 D OplusDisplayPowerControllerExtImpl: original brightness to dataBase:324 final brightness:324.0 scale:1.0 reason:4 darkLevel:0
04-03 22:22:48.351 2635 2705 D DisplayPowerController[0]: Animating brightness: target=324.0, rate=123.0, source= 7
04-03 22:22:48.351 2635 2705 D VRR [OPlusRefreshRateService]: notifyBrightnessChange brightness: 324.0
04-03 22:22:48.351 2635 2658 D DisplayManagerService: Delivering display event: displayId=0, event=4
04-03 22:22:48.393 2635 3161 D LightsServiceExtImpl: baseSetLightLocked end.
04-03 22:22:48.396 2635 2705 D OplusDisplayPowerControllerExtImpl: original brightness to dataBase:324 final brightness:324.0 scale:1.0 reason:4 darkLevel:0
04-03 22:22:48.396 2635 2705 D DisplayPowerController[0]: Animating brightness: target=324.0, rate=123.0, source= 7
04-03 22:22:48.396 2635 2705 D VRR [OPlusRefreshRateService]: notifyBrightnessChange brightness: 324.0
04-03 22:22:48.397 2635 2658 D DisplayManagerService: Delivering display event: displayId=0, event=4
04-03 22:22:48.426 2635 3161 D LightsServiceExtImpl: baseSetLightLocked end.
04-03 22:22:48.430 2635 2705 D OplusDisplayPowerControllerExtImpl: original brightness to dataBase:324 final brightness:324.0 scale:1.0 reason:4 darkLevel:0
04-03 22:22:48.430 2635 2705 D DisplayPowerController[0]: Animating brightness: target=324.0, rate=123.0, source= 7
04-03 22:22:48.430 2635 2705 D VRR [OPlusRefreshRateService]: notifyBrightnessChange brightness: 324.0
04-03 22:22:48.431 2635 2658 D DisplayManagerService: Delivering display event: displayId=0, event=4
04-03 22:22:48.477 2635 3161 D LightsServiceExtImpl: baseSetLightLocked end.
04-03 22:22:48.484 2635 2705 D OplusDisplayPowerControllerExtImpl: original brightness to dataBase:324 final brightness:324.0 scale:1.0 reason:4 darkLevel:0
04-03 22:22:48.484 2635 2705 D DisplayPowerController[0]: Animating brightness: target=324.0, rate=123.0, source= 7
04-03 22:22:48.484 2635 2705 D VRR [OPlusRefreshRateService]: notifyBrightnessChange brightness: 324.0
04-03 22:22:48.484 2635 2658 D DisplayManagerService: Delivering display event: displayId=0, event=4
04-03 22:22:48.564 2635 3161 D LightsServiceExtImpl: baseSetLightLocked end.
04-03 22:22:48.573 2635 2705 D OplusDisplayPowerControllerExtImpl: original brightness to dataBase:324 final brightness:324.0 scale:1.0 reason:4 darkLevel:0
04-03 22:22:48.573 2635 2705 D DisplayPowerController[0]: Animating brightness: target=324.0, rate=123.0, source= 7
04-03 22:22:48.573 2635 2705 D VRR [OPlusRefreshRateService]: notifyBrightnessChange brightness: 324.0
04-03 22:22:48.574 2635 2658 D DisplayManagerService: Delivering display event: displayId=0, event=4
04-03 22:22:48.614 2635 3161 D LightsServiceExtImpl: baseSetLightLocked end.
04-03 22:22:48.622 8162 8162 I Quality : Skipped: false 1 cost 21.041569 refreshRate 0 processName com.innowireless.xcal.mobile5
04-03 22:22:48.625 2635 2705 D OplusDisplayPowerControllerExtImpl: original brightness to dataBase:324 final brightness:324.0 scale:1.0 reason:4 darkLevel:0
04-03 22:22:48.625 2635 2705 D DisplayPowerController[0]: Animating brightness: target=324.0, rate=123.0, source= 7
04-03 22:22:48.626 2635 2705 D VRR [OPlusRefreshRateService]: notifyBrightnessChange brightness: 324.0
04-03 22:22:48.626 2635 2658 D DisplayManagerService: Delivering display event: displayId=0, event=4
04-03 22:22:48.656 2635 3161 D LightsServiceExtImpl: baseSetLightLocked end.
04-03 22:22:48.666 2635 2705 D OplusDisplayPowerControllerExtImpl: original brightness to dataBase:324 final brightness:324.0 scale:1.0 reason:4 darkLevel:0
04-03 22:22:48.666 2635 2705 D DisplayPowerController[0]: Animating brightness: target=324.0, rate=123.0, source= 7
04-03 22:22:48.667 2635 2705 D VRR [OPlusRefreshRateService]: notifyBrightnessChange brightness: 324.0
04-03 22:22:48.667 2635 2658 D DisplayManagerService: Delivering display event: displayId=0, event=4
04-03 22:22:48.690 2635 3161 D LightsServiceExtImpl: baseSetLightLocked end.
04-03 22:22:48.696 2635 2705 D OplusDisplayPowerControllerExtImpl: original brightness to dataBase:324 final brightness:324.0 scale:1.0 reason:4 darkLevel:0
04-03 22:22:48.696 2635 2705 D DisplayPowerController[0]: Animating brightness: target=324.0, rate=123.0, source= 7
04-03 22:22:48.697 2635 2705 D VRR [OPlusRefreshRateService]: notifyBrightnessChange brightness: 324.0
04-03 22:22:48.697 2635 2658 D DisplayManagerService: Delivering display event: displayId=0, event=4
04-03 22:22:48.721 2635 3161 D LightsServiceExtImpl: baseSetLightLocked end.
04-03 22:22:48.727 2635 2705 D OplusFeatureBrightnessBarController: mDarkLevel: 0
04-03 22:22:48.730 2635 2705 D OplusDisplayPowerControllerExtImpl: original brightness to dataBase:324 final brightness:324.0 scale:1.0 reason:4 darkLevel:0
04-03 22:22:48.730 2635 2705 D DisplayPowerController[0]: Animating brightness: target=324.0, rate=123.0, source= 7
04-03 22:22:48.730 2635 2705 D VRR [OPlusRefreshRateService]: notifyBrightnessChange brightness: 324.0
04-03 22:22:48.731 2635 2658 D DisplayManagerService: Delivering display event: displayId=0, event=4
04-03 22:22:48.796 2635 3161 D LightsServiceExtImpl: baseSetLightLocked end.
04-03 22:22:48.807 2635 2705 D OplusDisplayPowerControllerExtImpl: original brightness to dataBase:324 final brightness:324.0 scale:1.0 reason:4 darkLevel:0
04-03 22:22:48.807 2635 2705 D DisplayPowerController[0]: Animating brightness: target=324.0, rate=123.0, source= 7
04-03 22:22:48.807 2635 2705 D VRR [OPlusRefreshRateService]: notifyBrightnessChange brightness: 324.0
04-03 22:22:48.807 2635 2658 D DisplayManagerService: Delivering display event: displayId=0, event=4
04-03 22:22:48.866 2635 3161 D LightsServiceExtImpl: baseSetLightLocked end.
04-03 22:22:48.880 2635 2705 D OplusDisplayPowerControllerExtImpl: original brightness to dataBase:324 final brightness:324.0 scale:1.0 reason:4 darkLevel:0
04-03 22:22:48.880 2635 2705 D DisplayPowerController[0]: Animating brightness: target=324.0, rate=123.0, source= 7
04-03 22:22:48.880 2635 3161 D LightsServiceExtImpl: baseSetLightLocked end.
04-03 22:22:48.881 2635 2705 D VRR [OPlusRefreshRateService]: notifyBrightnessChange brightness: 324.0
04-03 22:22:48.881 2635 2658 D DisplayManagerService: Delivering display event: displayId=0, event=4
04-03 22:22:48.886 2635 2705 D OplusDisplayPowerControllerExtImpl: original brightness to dataBase:324 final brightness:324.0 scale:1.0 reason:4 darkLevel:0
04-03 22:22:48.886 2635 2705 D DisplayPowerController[0]: Animating brightness: target=324.0, rate=123.0, source= 7
04-03 22:22:48.887 2635 2705 D VRR [OPlusRefreshRateService]: notifyBrightnessChange brightness: 324.0
04-03 22:22:48.888 2635 2658 D DisplayManagerService: Delivering display event: displayId=0, event=4
04-03 22:22:48.909 2635 3161 D LightsServiceExtImpl: baseSetLightLocked end.
04-03 22:22:48.913 2635 2705 D OplusDisplayPowerControllerExtImpl: original brightness to dataBase:324 final brightness:324.0 scale:1.0 reason:4 darkLevel:0
04-03 22:22:48.913 2635 2705 D DisplayPowerController[0]: Animating brightness: target=324.0, rate=123.0, source= 7
04-03 22:22:48.913 2635 2705 D VRR [OPlusRefreshRateService]: notifyBrightnessChange brightness: 324.0
04-03 22:22:48.914 2635 2658 D DisplayManagerService: Delivering display event: displayId=0, event=4
04-03 22:22:48.956 2635 3161 D LightsServiceExtImpl: baseSetLightLocked end.
04-03 22:22:48.961 2635 2705 D OplusDisplayPowerControllerExtImpl: original brightness to dataBase:324 final brightness:324.0 scale:1.0 reason:4 darkLevel:0
04-03 22:22:48.961 2635 2705 D DisplayPowerController[0]: Animating brightness: target=324.0, rate=123.0, source= 7
04-03 22:22:48.961 2635 2705 D VRR [OPlusRefreshRateService]: notifyBrightnessChange brightness: 324.0
04-03 22:22:48.961 2635 2658 D DisplayManagerService: Delivering display event: displayId=0, event=4
04-03 22:22:49.022 2635 3161 D LightsServiceExtImpl: baseSetLightLocked end.
04-03 22:22:49.037 2635 2705 D OplusDisplayPowerControllerExtImpl: original brightness to dataBase:324 final brightness:324.0 scale:1.0 reason:4 darkLevel:0
04-03 22:22:49.037 2635 2705 D DisplayPowerController[0]: Animating brightness: target=324.0, rate=123.0, source= 7
04-03 22:22:49.038 2635 2705 D VRR [OPlusRefreshRateService]: notifyBrightnessChange brightness: 324.0
04-03 22:22:49.039 2635 2658 D DisplayManagerService: Delivering display event: displayId=0, event=4
04-03 22:22:49.040 2635 2705 D OplusDisplayPowerControllerExtImpl: original brightness to dataBase:324 final brightness:324.0 scale:1.0 reason:4 darkLevel:0
04-03 22:22:49.040 2635 2705 D DisplayPowerController[0]: Animating brightness: target=324.0, rate=123.0, source= 7
04-03 22:22:49.040 2635 2705 D VRR [OPlusRefreshRateService]: notifyBrightnessChange brightness: 324.0
04-03 22:22:49.048 2635 3161 D LightsServiceExtImpl: baseSetLightLocked end.
04-03 22:22:49.061 2635 2705 D OplusDisplayPowerControllerExtImpl: original brightness to dataBase:324 final brightness:324.0 scale:1.0 reason:4 darkLevel:0
04-03 22:22:49.061 2635 2705 D DisplayPowerController[0]: Animating brightness: target=324.0, rate=123.0, source= 7
04-03 22:22:49.061 2635 2705 D VRR [OPlusRefreshRateService]: notifyBrightnessChange brightness: 324.0
04-03 22:22:49.061 2635 2658 D DisplayManagerService: Delivering display event: displayId=0, event=4
04-03 22:22:50.927 2635 2705 D OplusFeatureBrightnessBarController: mDarkLevel: 0
04-03 22:22:53.727 2635 2705 D OplusFeatureBrightnessBarController: mDarkLevel: 0
04-03 22:22:54.927 2635 2705 D OplusFeatureBrightnessBarController: mDarkLevel: 0
04-03 22:22:55.927 2635 2705 D OplusFeatureBrightnessBarController: mDarkLevel: 0
04-03 22:22:59.128 2635 2705 D OplusFeatureBrightnessBarController: mDarkLevel: 0
04-03 22:22:59.620 8162 8162 I Quality : Skipped: false 1 cost 17.265568 refreshRate 0 processName com.innowireless.xcal.mobile5
04-03 22:23:00.013 2635 4007 E OplusCustomizeRestrictionManagerService: isBiometricDisabled start
04-03 22:23:00.014 2635 3973 E OplusCustomizeRestrictionManagerService: isBiometricDisabled start
04-03 22:23:00.127 2635 2705 D OplusFeatureBrightnessBarController: mDarkLevel: 0
04-03 22:23:00.621 8162 8162 I Quality : Skipped: false 1 cost 19.745079 refreshRate 0 processName com.innowireless.xcal.mobile5
04-03 22:23:01.327 2635 2705 D OplusFeatureBrightnessBarController: mDarkLevel: 0
04-03 22:23:01.620 8162 8162 I Quality : Skipped: false 1 cost 19.629002 refreshRate 0 processName com.innowireless.xcal.mobile5
04-03 22:23:04.128 2635 2705 D OplusFeatureBrightnessBarController: mDarkLevel: 0
04-03 22:23:05.140 2635 2705 D OplusFeatureBrightnessBarController: mDarkLevel: 0
04-03 22:23:07.526 2635 2705 D OplusFeatureBrightnessBarController: mDarkLevel: 0
04-03 22:23:08.726 2635 2705 D OplusFeatureBrightnessBarController: mDarkLevel: 0
04-03 22:23:09.526 2635 2705 D OplusFeatureBrightnessBarController: mDarkLevel: 0
04-03 22:23:12.526 2635 2705 D OplusFeatureBrightnessBarController: mDarkLevel: 0
04-03 22:23:12.622 8162 8162 I Quality : Skipped: false 1 cost 17.702185 refreshRate 0 processName com.innowireless.xcal.mobile5
04-03 22:23:13.327 2635 2705 D OplusFeatureBrightnessBarController: mDarkLevel: 0
04-03 22:23:14.121 8162 8162 I Quality : Skipped: false 1 cost 19.014624 refreshRate 0 processName com.innowireless.xcal.mobile5
04-03 22:23:14.133 2635 2705 D OplusFeatureBrightnessBarController: mDarkLevel: 0
04-03 22:23:14.621 8162 8162 I Quality : Skipped: false 1 cost 18.952805 refreshRate 0 processName com.innowireless.xcal.mobile5
04-03 22:23:15.623 8162 8162 I Quality : Skipped: false 1 cost 22.133987 refreshRate 0 processName com.innowireless.xcal.mobile5
04-03 22:23:15.926 2635 2705 D OplusFeatureBrightnessBarController: mDarkLevel: 0
04-03 22:23:16.622 8162 8162 I Quality : Skipped: false 1 cost 22.773909 refreshRate 0 processName com.innowireless.xcal.mobile5
04-03 22:23:17.132 2635 2705 D OplusFeatureBrightnessBarController: mDarkLevel: 0
04-03 22:23:18.526 2635 2705 D OplusFeatureBrightnessBarController: mDarkLevel: 0
04-03 22:23:19.526 2635 2705 D OplusFeatureBrightnessBarController: mDarkLevel: 0
04-03 22:23:21.526 2635 2705 D OplusFeatureBrightnessBarController: mDarkLevel: 0
04-03 22:23:22.327 2635 2705 D OplusFeatureBrightnessBarController: mDarkLevel: 0
04-03 22:23:23.128 2635 2705 D OplusFeatureBrightnessBarController: mDarkLevel: 0
04-03 22:23:25.526 2635 2705 D OplusFeatureBrightnessBarController: mDarkLevel: 0
04-03 22:23:25.622 8162 8162 I Quality : Skipped: false 1 cost 17.50228 refreshRate 0 processName com.innowireless.xcal.mobile5
04-03 22:23:26.148 1338 1338 I Quality : SFJankCountInfo: 466; 0; 0; 16; 23; 4; 11; 15; 82; 0; 0
04-03 22:23:26.726 2635 2705 D OplusFeatureBrightnessBarController: mDarkLevel: 0
04-03 22:23:27.627 8162 8162 I Quality : Skipped: false 1 cost 24.114449 refreshRate 0 processName com.innowireless.xcal.mobile5
04-03 22:23:27.926 2635 2705 D OplusFeatureBrightnessBarController: mDarkLevel: 0
04-03 22:23:28.620 8162 8162 I Quality : Skipped: false 1 cost 19.401573 refreshRate 0 processName com.innowireless.xcal.mobile5
04-03 22:23:29.726 2635 2705 D OplusFeatureBrightnessBarController: mDarkLevel: 0
04-03 22:23:30.166 8162 8162 I Quality : Skipped: false 1 cost 17.22741 refreshRate 0 processName com.innowireless.xcal.mobile5
04-03 22:23:30.928 2635 2705 D OplusFeatureBrightnessBarController: mDarkLevel: 0
04-03 22:23:31.170 8162 8162 I Quality : Skipped: false 1 cost 22.103333 refreshRate 0 processName com.innowireless.xcal.mobile5
04-03 22:23:31.926 2635 2705 D OplusFeatureBrightnessBarController: mDarkLevel: 0
04-03 22:23:33.021 2635 2685 I DropBoxManagerService: add tag=system_server_wtf isTagEnabled=true flags=0x2
04-03 22:23:33.029 2635 2685 D DropBoxManagerService: file :: /data/system/dropbox/system_server_wtf@1743699213024.txt
04-03 22:23:33.129 2635 2705 D OplusFeatureBrightnessBarController: mDarkLevel: 0
04-03 22:23:34.526 2635 2705 D OplusFeatureBrightnessBarController: mDarkLevel: 0
04-03 22:23:35.031 2635 2691 W BroadcastQueue: Background execution not allowed: receiving Intent { act=android.intent.action.DROPBOX_ENTRY_ADDED flg=0x10 (has extras) } to com.google.android.gms/.stats.service.DropBoxEntryAddedReceiver
04-03 22:23:35.145 8162 8162 I Quality : Skipped: true 1 cost 18.626568 refreshRate 0 processName com.innowireless.xcal.mobile5
04-03 22:23:35.726 2635 2705 D OplusFeatureBrightnessBarController: mDarkLevel: 0
04-03 22:23:37.525 2635 2705 D OplusFeatureBrightnessBarController: mDarkLevel: 0
04-03 22:23:38.623 8162 8162 I Quality : Skipped: false 1 cost 17.730724 refreshRate 0 processName com.innowireless.xcal.mobile5
04-03 22:23:39.526 2635 2705 D OplusFeatureBrightnessBarController: mDarkLevel: 0
04-03 22:23:39.623 8162 8162 I Quality : Skipped: false 1 cost 18.607012 refreshRate 0 processName com.innowireless.xcal.mobile5
04-03 22:23:40.621 8162 8162 I Quality : Skipped: false 1 cost 17.777756 refreshRate 0 processName com.innowireless.xcal.mobile5
04-03 22:23:40.926 2635 2705 D OplusFeatureBrightnessBarController: mDarkLevel: 0
04-03 22:23:41.588 2635 5020 D UsageStatsService: User[0] type=0 b=1743698536165 e=1743699221588 cb=1743656748833 ce=1743699136938 disk=0 all=3
04-03 22:23:41.621 8162 8162 I Quality : Skipped: false 1 cost 19.45562 refreshRate 0 processName com.innowireless.xcal.mobile5
04-03 22:23:41.985 2635 2635 D CompanionDeviceManagerService: onDeviceConnected(address = 24:C6:13:4B:20:1A)
04-03 22:23:41.985 2635 2635 I CompanionDeviceManagerService: onDeviceNearby(justAppeared, address = 24:C6:13:4B:20:1A)
04-03 22:23:42.019 2635 2635 E ActivityThread: Failed to find provider info for com.oplus.smartdrive.data.DataProvider
04-03 22:23:42.042 2635 2691 W BroadcastQueue: Permission Denial: receiving Intent { act=android.bluetooth.device.action.ACL_CONNECTED flg=0x5000010 (has extras) } to com.oplus.melody/.receiver.BluetoothBroadcastReceiver requires android.permission.BLUETOOTH_CONNECT due to sender com.android.bluetooth (uid 1002)
04-03 22:23:42.624 8162 8162 I Quality : Skipped: false 1 cost 23.46882 refreshRate 0 processName com.innowireless.xcal.mobile5
04-03 22:23:43.326 2635 2705 D OplusFeatureBrightnessBarController: mDarkLevel: 0
04-03 22:23:44.210 2635 2691 W BroadcastQueue: Background execution not allowed: receiving Intent { act=android.bluetooth.device.action.BOND_STATE_CHANGED flg=0x10 (has extras) } to com.google.android.gms/.chimera.GmsIntentOperationService$PersistentTrustedReceiver
04-03 22:23:44.225 2635 2691 W BroadcastQueue: Background execution not allowed: receiving Intent { act=android.bluetooth.device.action.BOND_STATE_CHANGED flg=0x10 (has extras) } to com.google.android.googlequicksearchbox/com.google.android.apps.gsa.broadcastreceiver.external.ExternalCommonBroadcastReceiver
04-03 22:23:44.240 2635 2691 D CompatibilityChangeReporter: Compat change id reported: 168419799; UID 1000; state: DISABLED
04-03 22:23:44.956 2635 2691 W BroadcastQueue: Background execution not allowed: receiving Intent { act=android.bluetooth.device.action.BOND_STATE_CHANGED flg=0x10 (has extras) } to com.google.android.gms/.chimera.GmsIntentOperationService$PersistentTrustedReceiver
04-03 22:23:44.971 2635 2691 W BroadcastQueue: Background execution not allowed: receiving Intent { act=android.bluetooth.device.action.BOND_STATE_CHANGED flg=0x10 (has extras) } to com.google.android.googlequicksearchbox/com.google.android.apps.gsa.broadcastreceiver.external.ExternalCommonBroadcastReceiver
04-03 22:23:45.127 2635 2705 D OplusFeatureBrightnessBarController: mDarkLevel: 0
04-03 22:23:46.125 2635 2705 D OplusFeatureBrightnessBarController: mDarkLevel: 0
04-03 22:23:46.926 2635 2705 D OplusFeatureBrightnessBarController: mDarkLevel: 0
04-03 22:23:48.926 2635 2705 D OplusFeatureBrightnessBarController: mDarkLevel: 0
04-03 22:23:49.179 8162 8162 I Quality : Skipped: false 1 cost 20.186068 refreshRate 0 processName com.innowireless.xcal.mobile5
04-03 22:23:50.130 2635 2705 D OplusFeatureBrightnessBarController: mDarkLevel: 0
04-03 22:23:51.129 2635 2705 D OplusFeatureBrightnessBarController: mDarkLevel: 0
04-03 22:23:51.986 2635 2635 D CompanionDeviceManagerService: TriggerDeviceDisappearedRunnable.run(address = 24:C6:13:4B:20:1A)
04-03 22:23:52.126 2635 2705 D OplusFeatureBrightnessBarController: mDarkLevel: 0
04-03 22:23:52.623 8162 8162 I Quality : Skipped: false 1 cost 18.797274 refreshRate 0 processName com.innowireless.xcal.mobile5
04-03 22:23:53.621 8162 8162 I Quality : Skipped: false 1 cost 18.3852 refreshRate 0 processName com.innowireless.xcal.mobile5
04-03 22:23:54.326 2635 2705 D OplusFeatureBrightnessBarController: mDarkLevel: 0
04-03 22:23:54.620 8162 8162 I Quality : Skipped: false 1 cost 19.065231 refreshRate 0 processName com.innowireless.xcal.mobile5
04-03 22:23:55.136 2635 2705 D OplusFeatureBrightnessBarController: mDarkLevel: 0
04-03 22:23:55.623 8162 8162 I Quality : Skipped: false 1 cost 21.965195 refreshRate 0 processName com.innowireless.xcal.mobile5
04-03 22:23:56.621 8162 8162 I Quality : Skipped: false 1 cost 21.886772 refreshRate 0 processName com.innowireless.xcal.mobile5
04-03 22:23:57.126 2635 2705 D OplusFeatureBrightnessBarController: mDarkLevel: 0
04-03 22:23:58.180 8162 8162 I Quality : Skipped: false 1 cost 16.891722 refreshRate 0 processName com.innowireless.xcal.mobile5
04-03 22:23:58.526 2635 2705 D OplusFeatureBrightnessBarController: mDarkLevel: 0
04-03 22:23:59.526 2635 2705 D OplusFeatureBrightnessBarController: mDarkLevel: 0
04-03 22:24:00.006 2635 5661 E OplusCustomizeRestrictionManagerService: isBiometricDisabled start
04-03 22:24:00.007 2635 4174 E OplusCustomizeRestrictionManagerService: isBiometricDisabled start
04-03 22:24:01.526 2635 2705 D OplusFeatureBrightnessBarController: mDarkLevel: 0
04-03 22:24:03.526 2635 2705 D OplusFeatureBrightnessBarController: mDarkLevel: 0
04-03 22:24:03.622 8162 8162 I Quality : Skipped: false 1 cost 17.306149 refreshRate 0 processName com.innowireless.xcal.mobile5
04-03 22:24:04.326 2635 2705 D OplusFeatureBrightnessBarController: mDarkLevel: 0
04-03 22:24:04.621 8162 8162 I Quality : Skipped: false 1 cost 17.63894 refreshRate 0 processName com.innowireless.xcal.mobile5
04-03 22:24:05.126 2635 2705 D OplusFeatureBrightnessBarController: mDarkLevel: 0
04-03 22:24:05.140 8162 8162 I Quality : Skipped: false 1 cost 20.583183 refreshRate 0 processName com.innowireless.xcal.mobile5
04-03 22:24:07.327 2635 2705 D OplusFeatureBrightnessBarController: mDarkLevel: 0
04-03 22:24:09.525 2635 2705 D OplusFeatureBrightnessBarController: mDarkLevel: 0
04-03 22:24:10.926 2635 2705 D OplusFeatureBrightnessBarController: mDarkLevel: 0
04-03 22:24:11.926 2635 2705 D OplusFeatureBrightnessBarController: mDarkLevel: 0
04-03 22:24:14.126 2635 2705 D OplusFeatureBrightnessBarController: mDarkLevel: 0
04-03 22:24:15.620 8162 8162 I Quality : Skipped: false 1 cost 16.988852 refreshRate 0 processName com.innowireless.xcal.mobile5
04-03 22:24:16.141 2635 2705 D OplusFeatureBrightnessBarController: mDarkLevel: 0
04-03 22:24:17.168 8162 8162 I Quality : Skipped: true 1 cost 17.454071 refreshRate 0 processName com.innowireless.xcal.mobile5
04-03 22:24:17.725 2635 2705 D OplusFeatureBrightnessBarController: mDarkLevel: 0
04-03 22:24:18.618 8162 8162 I Quality : Skipped: false 1 cost 18.898472 refreshRate 0 processName com.innowireless.xcal.mobile5
04-03 22:24:19.725 2635 2705 D OplusFeatureBrightnessBarController: mDarkLevel: 0
04-03 22:24:20.926 2635 2705 D OplusFeatureBrightnessBarController: mDarkLevel: 0
04-03 22:24:26.177 1338 1338 I Quality : SFJankCountInfo: 345; 0; 0; 12; 26; 21; 14; 11; 81; 0; 0
04-03 22:24:26.525 2635 2705 D OplusFeatureBrightnessBarController: mDarkLevel: 0
04-03 22:24:26.620 8162 8162 I Quality : Skipped: false 1 cost 17.123491 refreshRate 0 processName com.innowireless.xcal.mobile5
04-03 22:24:27.625 8162 8162 I Quality : Skipped: false 1 cost 22.872004 refreshRate 0 processName com.innowireless.xcal.mobile5
04-03 22:24:28.126 2635 2705 D OplusFeatureBrightnessBarController: mDarkLevel: 0
04-03 22:24:29.621 8162 8162 I Quality : Skipped: false 1 cost 22.170712 refreshRate 0 processName com.innowireless.xcal.mobile5
04-03 22:24:30.525 2635 2705 D OplusFeatureBrightnessBarController: mDarkLevel: 0
04-03 22:24:34.926 2635 2705 D OplusFeatureBrightnessBarController: mDarkLevel: 0
04-03 22:24:35.928 2635 2705 D OplusFeatureBrightnessBarController: mDarkLevel: 0
04-03 22:24:37.525 2635 2705 D OplusFeatureBrightnessBarController: mDarkLevel: 0
04-03 22:24:38.326 2635 2705 D OplusFeatureBrightnessBarController: mDarkLevel: 0
04-03 22:24:40.928 2635 2705 D OplusFeatureBrightnessBarController: mDarkLevel: 0
04-03 22:24:43.725 2635 2705 D OplusFeatureBrightnessBarController: mDarkLevel: 0
04-03 22:24:44.926 2635 2705 D OplusFeatureBrightnessBarController: mDarkLevel: 0
04-03 22:24:46.326 2635 2705 D OplusFeatureBrightnessBarController: mDarkLevel: 0
04-03 22:24:47.327 2635 2705 D OplusFeatureBrightnessBarController: mDarkLevel: 0
04-03 22:24:49.725 2635 2705 D OplusFeatureBrightnessBarController: mDarkLevel: 0
04-03 22:24:50.621 8162 8162 I Quality : Skipped: false 1 cost 17.78059 refreshRate 0 processName com.innowireless.xcal.mobile5
04-03 22:24:50.725 2635 2705 D OplusFeatureBrightnessBarController: mDarkLevel: 0
04-03 22:24:51.926 2635 2705 D OplusFeatureBrightnessBarController: mDarkLevel: 0
04-03 22:24:53.326 2635 2705 D OplusFeatureBrightnessBarController: mDarkLevel: 0
04-03 22:24:54.325 2635 2705 D OplusFeatureBrightnessBarController: mDarkLevel: 0
04-03 22:24:55.125 2635 2705 D OplusFeatureBrightnessBarController: mDarkLevel: 0
04-03 22:24:56.926 2635 2705 D OplusFeatureBrightnessBarController: mDarkLevel: 0
04-03 22:24:58.127 2635 2705 D OplusFeatureBrightnessBarController: mDarkLevel: 0
04-03 22:24:59.125 2635 2705 D OplusFeatureBrightnessBarController: mDarkLevel: 0
04-03 22:24:59.926 2635 2705 D OplusFeatureBrightnessBarController: mDarkLevel: 0
04-03 22:25:00.012 2635 3973 E OplusCustomizeRestrictionManagerService: isBiometricDisabled start
04-03 22:25:00.013 2635 5661 E OplusCustomizeRestrictionManagerService: isBiometricDisabled start
04-03 22:25:00.623 8162 8162 I Quality : Skipped: false 1 cost 18.24218 refreshRate 0 processName com.innowireless.xcal.mobile5
04-03 22:25:01.325 2635 2705 D OplusFeatureBrightnessBarController: mDarkLevel: 0
04-03 22:25:02.132 2635 2705 D OplusFeatureBrightnessBarController: mDarkLevel: 0
04-03 22:25:03.131 2635 2705 D OplusFeatureBrightnessBarController: mDarkLevel: 0
04-03 22:25:04.622 8162 8162 I Quality : Skipped: false 1 cost 23.001411 refreshRate 0 processName com.innowireless.xcal.mobile5
04-03 22:25:06.126 2635 2705 D OplusFeatureBrightnessBarController: mDarkLevel: 0
04-03 22:25:07.525 2635 2705 D OplusFeatureBrightnessBarController: mDarkLevel: 0
04-03 22:25:08.326 2635 2705 D OplusFeatureBrightnessBarController: mDarkLevel: 0
04-03 22:25:09.127 2635 2705 D OplusFeatureBrightnessBarController: mDarkLevel: 0
04-03 22:25:10.128 2635 2705 D OplusFeatureBrightnessBarController: mDarkLevel: 0
04-03 22:25:11.524 2635 2705 D OplusFeatureBrightnessBarController: mDarkLevel: 0
04-03 22:25:12.725 2635 2705 D OplusFeatureBrightnessBarController: mDarkLevel: 0
04-03 22:25:14.136 2635 2705 D OplusFeatureBrightnessBarController: mDarkLevel: 0
04-03 22:25:14.620 8162 8162 I Quality : Skipped: false 1 cost 19.72998 refreshRate 0 processName com.innowireless.xcal.mobile5
04-03 22:25:16.125 2635 2705 D OplusFeatureBrightnessBarController: mDarkLevel: 0
04-03 22:25:17.524 2635 2705 D OplusFeatureBrightnessBarController: mDarkLevel: 0
04-03 22:25:18.725 2635 2705 D OplusFeatureBrightnessBarController: mDarkLevel: 0
04-03 22:25:19.724 2635 2705 D OplusFeatureBrightnessBarController: mDarkLevel: 0
04-03 22:25:20.525 2635 2705 D OplusFeatureBrightnessBarController: mDarkLevel: 0
04-03 22:25:23.128 2635 2705 D OplusFeatureBrightnessBarController: mDarkLevel: 0
04-03 22:25:24.621 8162 8162 I Quality : Skipped: false 1 cost 17.417595 refreshRate 0 processName com.innowireless.xcal.mobile5
04-03 22:25:24.925 2635 2705 D OplusFeatureBrightnessBarController: mDarkLevel: 0
04-03 22:25:26.188 1338 1338 I Quality : SFJankCountInfo: 342; 0; 0; 1; 5; 23; 40; 21; 59; 0; 0
04-03 22:25:27.525 2635 2705 D OplusFeatureBrightnessBarController: mDarkLevel: 0
04-03 22:25:28.525 2635 2705 D OplusFeatureBrightnessBarController: mDarkLevel: 0
04-03 22:25:29.925 2635 2705 D OplusFeatureBrightnessBarController: mDarkLevel: 0
04-03 22:25:31.128 2635 2705 D OplusFeatureBrightnessBarController: mDarkLevel: 0
04-03 22:25:32.525 2635 2705 D OplusFeatureBrightnessBarController: mDarkLevel: 0
04-03 22:25:33.925 2635 2705 D OplusFeatureBrightnessBarController: mDarkLevel: 0
04-03 22:25:34.925 2635 2705 D OplusFeatureBrightnessBarController: mDarkLevel: 0
04-03 22:25:36.725 2635 2705 D OplusFeatureBrightnessBarController: mDarkLevel: 0
04-03 22:25:37.620 8162 8162 I Quality : Skipped: false 1 cost 17.451185 refreshRate 0 processName com.innowireless.xcal.mobile5
04-03 22:25:37.925 2635 2705 D OplusFeatureBrightnessBarController: mDarkLevel: 0
04-03 22:25:39.524 2635 2705 D OplusFeatureBrightnessBarController: mDarkLevel: 0
04-03 22:25:41.586 2635 5020 D UsageStatsService: User[0] type=0 b=1743699117425 e=1743699341586 cb=1743656748833 ce=1743699322176 disk=0 all=1
04-03 22:25:41.724 2635 2705 D OplusFeatureBrightnessBarController: mDarkLevel: 0
04-03 22:25:43.100 3861 3861 W ContextImpl: Calling a method in the system process without a qualified user: android.app.ContextImpl.startService:1819 android.content.ContextWrapper.startService:786 com.qualcomm.qti.qdma.job.QDMAJobManager.sendFileDeliverySession:1285 com.qualcomm.qti.qdma.job.QDMAJobManager.runQdmaJobOnDemandSessionStart:678 com.qualcomm.qti.qdma.job.QDMAJobEventHandler.handleMessage:133
04-03 22:25:43.925 2635 2705 D OplusFeatureBrightnessBarController: mDarkLevel: 0
04-03 22:25:44.725 2635 2705 D OplusFeatureBrightnessBarController: mDarkLevel: 0
04-03 22:25:46.084 3861 3861 W ContextImpl: Calling a method in the system process without a qualified user: android.app.ContextImpl.startService:1819 android.content.ContextWrapper.startService:786 com.qualcomm.qti.qdma.dme.DMENativeInterface.QDMAFileTransferResponse:2066 com.qualcomm.qti.qdma.transfer.QDMATransferDownload.sendDLResultMsgToHandler:325 com.qualcomm.qti.qdma.transfer.QDMATransferDownload.sendCombineResult:319
04-03 22:25:49.132 2635 2705 D OplusFeatureBrightnessBarController: mDarkLevel: 0
04-03 22:25:50.524 2635 2705 D OplusFeatureBrightnessBarController: mDarkLevel: 0
04-03 22:25:51.724 2635 2705 D OplusFeatureBrightnessBarController: mDarkLevel: 0
04-03 22:25:53.125 2635 2705 D OplusFeatureBrightnessBarController: mDarkLevel: 0
04-03 22:25:56.139 2635 2705 D OplusFeatureBrightnessBarController: mDarkLevel: 0
04-03 22:25:58.326 2635 2705 D OplusFeatureBrightnessBarController: mDarkLevel: 0
04-03 22:25:59.926 2635 2705 D OplusFeatureBrightnessBarController: mDarkLevel: 0
04-03 22:26:00.008 2635 4174 E OplusCustomizeRestrictionManagerService: isBiometricDisabled start
04-03 22:26:00.010 2635 7199 E OplusCustomizeRestrictionManagerService: isBiometricDisabled start
04-03 22:26:00.925 2635 2705 D OplusFeatureBrightnessBarController: mDarkLevel: 0
04-03 22:26:01.317 5455 5901 W ContextImpl: Calling a method in the system process without a qualified user: android.app.ContextImpl.bindService:1904 android.content.ContextWrapper.bindService:822 com.heytap.mcs.biz.statistics.agent.OBUSAgent.bindStatisticsApiService:8 com.heytap.mcs.biz.statistics.agent.OBUSAgent.upload:7 com.heytap.mcs.biz.statistics.agent.AgentManager.upload:3
04-03 22:26:01.323 2635 7199 D CompatibilityChangeReporter: Compat change id reported: 135634846; UID 1000; state: DISABLED
04-03 22:26:01.323 2635 7199 D CompatibilityChangeReporter: Compat change id reported: 177438394; UID 1000; state: DISABLED
04-03 22:26:01.324 2635 7199 D CompatibilityChangeReporter: Compat change id reported: 135772972; UID 1000; state: DISABLED
04-03 22:26:01.324 2635 7199 D CompatibilityChangeReporter: Compat change id reported: 135754954; UID 1000; state: ENABLED
04-03 22:26:01.325 5455 5901 W ContextImpl: Calling a method in the system process without a qualified user: android.app.ContextImpl.startService:1819 android.content.ContextWrapper.startService:786 com.heytap.mcs.service.McsService.a:13 com.heytap.mcs.service.McsService.a:4 com.heytap.mcs.service.McsService$c.run:41
04-03 22:26:01.330 5455 5901 W ContextImpl: Calling a method in the system process without a qualified user: android.app.ContextImpl.bindService:1904 android.content.ContextWrapper.bindService:822 com.heytap.mcs.biz.message.g.b:8 com.heytap.mcs.biz.message.g.a:94 com.heytap.mcs.biz.message.g.j:1
04-03 22:26:01.361 2635 2686 I ActivityManager: Start proc 31439:com.heytap.mcs.statistics/1000 for service {com.heytap.mcs/com.heytap.mcs.biz.statistics.service.StatisticsApiService}
04-03 22:26:01.399 2635 2686 W ActivityManager: Slow operation: 71ms so far, now at startProcess: returned from zygote!
04-03 22:26:01.399 2635 2686 W ActivityManager: Slow operation: 72ms so far, now at startProcess: done updating battery stats
04-03 22:26:01.399 2635 2686 W ActivityManager: Slow operation: 72ms so far, now at startProcess: building log message
04-03 22:26:01.400 2635 2686 I ActivityManager: Start proc 31450:com.heytap.mcs.appservice/1000 for service {com.heytap.mcs/com.heytap.mcs.biz.appservice.McsSdkService}
04-03 22:26:01.400 2635 2686 W ActivityManager: Slow operation: 72ms so far, now at startProcess: starting to update pids map
04-03 22:26:01.400 2635 2686 W ActivityManager: Slow operation: 72ms so far, now at startProcess: done updating pids map
04-03 22:26:01.400 2635 2686 W ActivityManager: Slow operation: 66ms so far, now at startProcess: asking zygote to start proc
04-03 22:26:01.424 2635 2686 W ActivityManager: Slow operation: 90ms so far, now at startProcess: returned from zygote!
04-03 22:26:01.435 2635 2686 W ActivityManager: Slow operation: 100ms so far, now at startProcess: done updating battery stats
04-03 22:26:01.435 2635 2686 W ActivityManager: Slow operation: 101ms so far, now at startProcess: building log message
04-03 22:26:01.435 2635 2686 I ActivityManager: Start proc 31460:com.heytap.mcs.biz.message/1000 for service {com.heytap.mcs/com.heytap.mcs.biz.message.MessageDealService}
04-03 22:26:01.435 2635 2686 W ActivityManager: Slow operation: 101ms so far, now at startProcess: starting to update pids map
04-03 22:26:01.435 2635 2686 W ActivityManager: Slow operation: 101ms so far, now at startProcess: done updating pids map
04-03 22:26:01.591 31460 31503 W ContextImpl: Calling a method in the system process without a qualified user: android.app.ContextImpl.startService:1819 android.content.ContextWrapper.startService:786 com.heytap.mcs.biz.message.h.a:18 com.heytap.mcs.biz.message.h.a:6 com.heytap.mcs.base.task.a.b:6
04-03 22:26:01.648 2635 3238 I ActivityManager: Process com.heytap.mcs.biz.message (pid 31460) has died: fg SVC
04-03 22:26:01.649 2635 3238 W ContextImpl: Calling a method in the system process without a qualified user: android.app.ContextImpl.sendBroadcast:1175 com.android.server.am.OplusExtraActivityManagerService.setKeyLockModeNormal:51 com.android.server.am.ActivityManagerServiceExtImpl.setKeyLockModeNormal:846 com.android.server.am.ActivityManagerService.appDiedLocked:3389 com.android.server.am.ActivityManagerService$AppDeathRecipient.binderDied:1531
04-03 22:26:01.924 2635 2705 D OplusFeatureBrightnessBarController: mDarkLevel: 0
04-03 22:26:02.621 8162 8162 I Quality : Skipped: false 1 cost 20.610746 refreshRate 0 processName com.innowireless.xcal.mobile5
04-03 22:26:03.131 2635 2705 D OplusFeatureBrightnessBarController: mDarkLevel: 0
04-03 22:26:04.127 2635 2705 D OplusFeatureBrightnessBarController: mDarkLevel: 0
04-03 22:26:04.619 8162 8162 I Quality : Skipped: false 1 cost 21.022133 refreshRate 0 processName com.innowireless.xcal.mobile5
04-03 22:26:05.128 2635 2705 D OplusFeatureBrightnessBarController: mDarkLevel: 0
04-03 22:26:06.131 2635 2705 D OplusFeatureBrightnessBarController: mDarkLevel: 0
04-03 22:26:06.642 31439 31439 W ContextImpl: Calling a method in the system process without a qualified user: android.app.ContextImpl.startService:1819 android.content.ContextWrapper.startService:786 com.heytap.mcs.biz.statistics.StaticProcessTrackStatusManager.exitCurrentProcess:11 com.heytap.mcs.biz.statistics.StaticProcessTrackStatusManager$1.handleMessage:3 android.os.Handler.dispatchMessage:102
04-03 22:26:06.692 2635 7199 I ActivityManager: Process com.heytap.mcs.statistics (pid 31439) has died: fg SVC
04-03 22:26:06.692 2635 7199 W ContextImpl: Calling a method in the system process without a qualified user: android.app.ContextImpl.sendBroadcast:1175 com.android.server.am.OplusExtraActivityManagerService.setKeyLockModeNormal:51 com.android.server.am.ActivityManagerServiceExtImpl.setKeyLockModeNormal:846 com.android.server.am.ActivityManagerService.appDiedLocked:3389 com.android.server.am.ActivityManagerService$AppDeathRecipient.binderDied:1531
04-03 22:26:16.124 2635 2705 D OplusFeatureBrightnessBarController: mDarkLevel: 0
04-03 22:26:17.524 2635 2705 D OplusFeatureBrightnessBarController: mDarkLevel: 0
04-03 22:26:19.094 2635 2635 D CompanionDeviceManagerService: 24:C6:13:4B:20:1A disconnected w/ reason: (1100) Local request
04-03 22:26:19.094 2635 2635 D CompanionDeviceManagerService: onDeviceDisconnected(address = 24:C6:13:4B:20:1A)
