04-03 22:12:15.016 2635 2705 D VRR [OPlusRefreshRateService]: notifyBrightnessChange brightness: 351.0
04-03 22:12:15.017 2635 2658 D DisplayManagerService: Delivering display event: displayId=0, event=4
04-03 22:12:15.038 3904 3998 D LinearmotorVibrator: vibrate: effect=WaveformEffect { 9857407, effectType=68, effectStrength=1, effectLoop=false, ringtoneVibrateType=-1, isRingtoneCustomized=false, ringtoneFilePath=, strengthSettingEnabled=true, asynchronous=false, usageHint=0 }
04-03 22:12:15.038 3904 3998 D WaveformEffect: getWaveFormDurationArray mEffectType=68 duration=30 indexOfKey=29
04-03 22:12:15.039 2635 3973 D WaveformEffect: getWaveFormDurationArray mEffectType=68 duration=30 indexOfKey=29
04-03 22:12:15.039 2635 3973 W VibratorManagerServiceExtImpl: impl ignoreVibrateForOneShotEffect: illegel effect params, curVibEffect=null ,newEffect=OplusNativeOneShotVibrationEffect{mWaveformId=7, mTiming=30, mEffectStrength=1600}
04-03 22:12:15.040 2635 3973 D VibratorManagerServiceExtImpl: startCustomizeVibratorLocked id= 0,size=1
04-03 22:12:15.040 2635 3973 D VibratorManagerServiceExtImpl: startCustomizeVibratorLocked withCallback=true
04-03 22:12:15.043 2635 3973 D VibratorManagerServiceExtImpl: onNoteVibratorOnLocked uid=10176, timing=30
04-03 22:12:15.043 2635 3973 D LinearMotorVibratorControler: OplusMirrorLinearMotorVibratorManager.turnOnLinearmotorVibrator
04-03 22:12:15.043 2635 3973 D LinearMotorVibratorControler: convertEffectStrength amplitude:1600
04-03 22:12:15.053 2635 3973 D WaveformEffect: getWaveFormDurationArray mEffectType=68 duration=30 indexOfKey=29
04-03 22:12:15.053 2635 3973 D LinearmotorVibratorService: linearMotorVibrate WAVEFORM_NODE_RAM, uid=10176 opPkg=com.android.launcher we.getWaveFormIndexArray()=[7] we.getWaveFormDurationArray()=[30] we.getStrengthSettingEnabled()=true
04-03 22:12:15.053 3904 3998 D WaveformEffect: getWaveFormDurationArray mEffectType=68 duration=30 indexOfKey=29
04-03 22:12:15.057 2635 3161 D LightsServiceExtImpl: baseSetLightLocked end.
04-03 22:12:15.060 2635 2705 D OplusDisplayPowerControllerExtImpl: original brightness to dataBase:351 final brightness:351.0 scale:1.0 reason:4 darkLevel:0
04-03 22:12:15.060 2635 2705 D DisplayPowerController[0]: Animating brightness: target=351.0, rate=123.0, source= 7
04-03 22:12:15.060 2635 2705 D VRR [OPlusRefreshRateService]: notifyBrightnessChange brightness: 351.0
04-03 22:12:15.061 2635 2658 D DisplayManagerService: Delivering display event: displayId=0, event=4
04-03 22:12:15.094 2635 3161 D LightsServiceExtImpl: baseSetLightLocked end.
04-03 22:12:15.098 2635 2705 D OplusDisplayPowerControllerExtImpl: original brightness to dataBase:351 final brightness:351.0 scale:1.0 reason:4 darkLevel:0
04-03 22:12:15.099 2635 2705 D DisplayPowerController[0]: Animating brightness: target=351.0, rate=123.0, source= 7
04-03 22:12:15.099 2635 2705 D VRR [OPlusRefreshRateService]: notifyBrightnessChange brightness: 351.0
04-03 22:12:15.099 2635 2658 D DisplayManagerService: Delivering display event: displayId=0, event=4
04-03 22:12:15.113 3904 3998 D LinearmotorVibrator: vibrate: effect=WaveformEffect { b96b934, effectType=68, effectStrength=1, effectLoop=false, ringtoneVibrateType=-1, isRingtoneCustomized=false, ringtoneFilePath=, strengthSettingEnabled=true, asynchronous=false, usageHint=0 }
04-03 22:12:15.113 3904 3998 D WaveformEffect: getWaveFormDurationArray mEffectType=68 duration=30 indexOfKey=29
04-03 22:12:15.114 2635 3973 D WaveformEffect: getWaveFormDurationArray mEffectType=68 duration=30 indexOfKey=29
04-03 22:12:15.114 2635 3973 W VibratorManagerServiceExtImpl: impl ignoreVibrateForOneShotEffect: illegel effect params, curVibEffect=null ,newEffect=OplusNativeOneShotVibrationEffect{mWaveformId=7, mTiming=30, mEffectStrength=1600}
04-03 22:12:15.114 2635 3973 D VibratorManagerServiceExtImpl: startCustomizeVibratorLocked id= 0,size=1
04-03 22:12:15.114 2635 3973 D VibratorManagerServiceExtImpl: startCustomizeVibratorLocked withCallback=true
04-03 22:12:15.118 2635 3973 D VibratorManagerServiceExtImpl: onNoteVibratorOnLocked uid=10176, timing=30
04-03 22:12:15.118 2635 3973 D LinearMotorVibratorControler: OplusMirrorLinearMotorVibratorManager.turnOnLinearmotorVibrator
04-03 22:12:15.118 2635 3973 D LinearMotorVibratorControler: convertEffectStrength amplitude:1600
04-03 22:12:15.131 2635 3973 D WaveformEffect: getWaveFormDurationArray mEffectType=68 duration=30 indexOfKey=29
04-03 22:12:15.131 2635 3973 D LinearmotorVibratorService: linearMotorVibrate WAVEFORM_NODE_RAM, uid=10176 opPkg=com.android.launcher we.getWaveFormIndexArray()=[7] we.getWaveFormDurationArray()=[30] we.getStrengthSettingEnabled()=true
04-03 22:12:15.131 3904 3998 D WaveformEffect: getWaveFormDurationArray mEffectType=68 duration=30 indexOfKey=29
04-03 22:12:15.132 2635 2705 D OplusFeatureBrightnessBarController: mDarkLevel: 0
04-03 22:12:15.257 2635 3161 D LightsServiceExtImpl: baseSetLightLocked end.
04-03 22:12:15.263 2635 2705 D OplusDisplayPowerControllerExtImpl: original brightness to dataBase:351 final brightness:351.0 scale:1.0 reason:4 darkLevel:0
04-03 22:12:15.263 2635 2705 D DisplayPowerController[0]: Animating brightness: target=351.0, rate=123.0, source= 7
04-03 22:12:15.263 2635 2705 D VRR [OPlusRefreshRateService]: notifyBrightnessChange brightness: 351.0
04-03 22:12:15.264 2635 2658 D DisplayManagerService: Delivering display event: displayId=0, event=4
04-03 22:12:15.280 2635 3161 D LightsServiceExtImpl: baseSetLightLocked end.
04-03 22:12:15.286 2635 2705 D OplusDisplayPowerControllerExtImpl: original brightness to dataBase:351 final brightness:351.0 scale:1.0 reason:4 darkLevel:0
04-03 22:12:15.287 2635 2705 D DisplayPowerController[0]: Animating brightness: target=351.0, rate=123.0, source= 7
04-03 22:12:15.287 2635 2705 D VRR [OPlusRefreshRateService]: notifyBrightnessChange brightness: 351.0
04-03 22:12:15.287 2635 2658 D DisplayManagerService: Delivering display event: displayId=0, event=4
04-03 22:12:15.291 2635 3161 D LightsServiceExtImpl: baseSetLightLocked end.
04-03 22:12:15.295 2635 2705 D OplusDisplayPowerControllerExtImpl: original brightness to dataBase:351 final brightness:351.0 scale:1.0 reason:4 darkLevel:0
04-03 22:12:15.295 2635 2705 D DisplayPowerController[0]: Animating brightness: target=351.0, rate=123.0, source= 7
04-03 22:12:15.295 2635 2705 D VRR [OPlusRefreshRateService]: notifyBrightnessChange brightness: 351.0
04-03 22:12:15.295 2635 2658 D DisplayManagerService: Delivering display event: displayId=0, event=4
04-03 22:12:15.416 2635 3161 D LightsServiceExtImpl: baseSetLightLocked end.
04-03 22:12:15.426 2635 2705 D OplusDisplayPowerControllerExtImpl: original brightness to dataBase:351 final brightness:351.0 scale:1.0 reason:4 darkLevel:0
04-03 22:12:15.426 2635 2705 D DisplayPowerController[0]: Animating brightness: target=351.0, rate=123.0, source= 7
04-03 22:12:15.426 2635 2705 D VRR [OPlusRefreshRateService]: notifyBrightnessChange brightness: 351.0
04-03 22:12:15.427 2635 2658 D DisplayManagerService: Delivering display event: displayId=0, event=4
04-03 22:12:15.449 2635 3161 D LightsServiceExtImpl: baseSetLightLocked end.
04-03 22:12:15.454 2635 2705 D OplusDisplayPowerControllerExtImpl: original brightness to dataBase:351 final brightness:351.0 scale:1.0 reason:4 darkLevel:0
04-03 22:12:15.454 2635 2705 D DisplayPowerController[0]: Animating brightness: target=351.0, rate=123.0, source= 7
04-03 22:12:15.454 2635 2705 D VRR [OPlusRefreshRateService]: notifyBrightnessChange brightness: 351.0
04-03 22:12:15.455 2635 2658 D DisplayManagerService: Delivering display event: displayId=0, event=4
04-03 22:12:15.471 2635 3161 D LightsServiceExtImpl: baseSetLightLocked end.
04-03 22:12:15.477 2635 2705 D OplusDisplayPowerControllerExtImpl: original brightness to dataBase:351 final brightness:351.0 scale:1.0 reason:4 darkLevel:0
04-03 22:12:15.478 2635 2705 D DisplayPowerController[0]: Animating brightness: target=351.0, rate=123.0, source= 7
04-03 22:12:15.478 2635 2705 D VRR [OPlusRefreshRateService]: notifyBrightnessChange brightness: 351.0
04-03 22:12:15.478 2635 2658 D DisplayManagerService: Delivering display event: displayId=0, event=4
04-03 22:12:15.549 2635 3161 D LightsServiceExtImpl: baseSetLightLocked end.
04-03 22:12:15.561 2635 2705 D OplusDisplayPowerControllerExtImpl: original brightness to dataBase:351 final brightness:351.0 scale:1.0 reason:4 darkLevel:0
04-03 22:12:15.561 2635 2705 D DisplayPowerController[0]: Animating brightness: target=351.0, rate=123.0, source= 7
04-03 22:12:15.561 2635 2705 D VRR [OPlusRefreshRateService]: notifyBrightnessChange brightness: 351.0
04-03 22:12:15.562 2635 2658 D DisplayManagerService: Delivering display event: displayId=0, event=4
04-03 22:12:15.580 2635 3161 D LightsServiceExtImpl: baseSetLightLocked end.
04-03 22:12:15.585 2635 2705 D OplusDisplayPowerControllerExtImpl: original brightness to dataBase:351 final brightness:351.0 scale:1.0 reason:4 darkLevel:0
04-03 22:12:15.585 2635 2705 D DisplayPowerController[0]: Animating brightness: target=351.0, rate=123.0, source= 7
04-03 22:12:15.585 2635 2705 D VRR [OPlusRefreshRateService]: notifyBrightnessChange brightness: 351.0
04-03 22:12:15.586 2635 2658 D DisplayManagerService: Delivering display event: displayId=0, event=4
04-03 22:12:15.616 2635 3161 D LightsServiceExtImpl: baseSetLightLocked end.
04-03 22:12:15.619 2635 2705 D OplusDisplayPowerControllerExtImpl: original brightness to dataBase:351 final brightness:351.0 scale:1.0 reason:4 darkLevel:0
04-03 22:12:15.619 2635 2705 D DisplayPowerController[0]: Animating brightness: target=351.0, rate=123.0, source= 7
04-03 22:12:15.619 2635 2705 D VRR [OPlusRefreshRateService]: notifyBrightnessChange brightness: 351.0
04-03 22:12:15.619 2635 2658 D DisplayManagerService: Delivering display event: displayId=0, event=4
04-03 22:12:15.646 2635 3161 D LightsServiceExtImpl: baseSetLightLocked end.
04-03 22:12:15.651 2635 2705 D OplusDisplayPowerControllerExtImpl: original brightness to dataBase:351 final brightness:351.0 scale:1.0 reason:4 darkLevel:0
04-03 22:12:15.651 2635 2705 D DisplayPowerController[0]: Animating brightness: target=351.0, rate=123.0, source= 7
04-03 22:12:15.651 2635 2705 D VRR [OPlusRefreshRateService]: notifyBrightnessChange brightness: 351.0
04-03 22:12:15.652 2635 2658 D DisplayManagerService: Delivering display event: displayId=0, event=4
04-03 22:12:15.682 2635 3973 D CompactWindowManagerService: notifyCompactWindowState task: Task{a905f51 #5 type=undefined I=com.android.launcher/.Launcher U=0 rootTaskId=1 visible=true mode=fullscreen translucent=false sz=1}; hasFocus: false
04-03 22:12:15.689 2635 3973 D ActivityTaskManager: getStartingWindowType: newTask=false, taskSwitch=true, processRunning=true, allowTaskSnapshot=true, activityCreated=true, snapshot=TaskSnapshot{ mId=1743698532476 mTopActivityComponent=com.innowireless.xcal.mobile5/.ui.Main_Activity mSnapshot=android.hardware.HardwareBuffer@aaa37e3 (1080x2400) mColorSpace=sRGB IEC61966-2.1 (id=0, model=RGB) mOrientation=1 mRotation=0 mTaskSize=Point(1080, 2400) mContentInsets=[0,113][0,124] mIsLowResolution=false mIsRealSnapshot=true mWindowingMode=1 mAppearance=0 mIsTranslucent=false mHasImeSurface=false, record:ActivityRecord{ffa60fe u0 com.innowireless.xcal.mobile5/.ui.Main_Activity t8}
04-03 22:12:15.704 2635 3446 D OplusSecurePayManager: resume secure pay app : com.innowireless.xcal.mobile5
04-03 22:12:15.705 2635 2723 D OplusSecurePayManager: startSecurePayIntent,pkgName:com.innowireless.xcal.mobile5 UserHandle.CURRENT=UserHandle{-2}, mCurrentUserId=0
04-03 22:12:15.705 2635 2723 W ActivityManager: Unable to start service Intent { act=oplus.intent.action.SECURE_PAY_SCAN_RISK pkg=com.coloros.securepay (has extras) } U=0: not found
04-03 22:12:15.708 2635 3446 I OplusJoystickManager: handleApplicationSwitch deprecated!
04-03 22:12:15.708 2635 3912 D OplusEapManager: mTargetExitName :com.android.launcher
04-03 22:12:15.709 2635 3912 D VRR [OPlusFrontAppManager]: OnAppSwitchObserver: onAppExit , info.targetName = com.android.launcher
04-03 22:12:15.709 2635 3912 D VRR [OPlusFrontAppManager]: packageName: null
04-03 22:12:15.709 2635 2711 D VRR [OPlusRefreshRateService]: handleFrontAppChange pkgName: null
04-03 22:12:15.709 2635 2711 D VRR [OPlusExternalRefreshRateManager]: setFrontPackageName pkgName: null CurPkgName: com.android.launcher
04-03 22:12:15.710 2635 3912 D OplusEapManager: mTargetEnterName :com.innowireless.xcal.mobile5
04-03 22:12:15.710 2635 3912 D VRR [OPlusFrontAppManager]: OnAppSwitchObserver: onAppEnter , info.targetName = com.innowireless.xcal.mobile5
04-03 22:12:15.711 2635 3912 D VRR [OPlusFrontAppManager]: packageName: com.innowireless.xcal.mobile5
04-03 22:12:15.711 2635 2711 D VRR [OPlusRefreshRateService]: handleFrontAppChange pkgName: com.innowireless.xcal.mobile5
04-03 22:12:15.711 2635 2711 D VRR [OPlusExternalRefreshRateManager]: setFrontPackageName pkgName: com.innowireless.xcal.mobile5 CurPkgName: null
04-03 22:12:15.712 2635 3446 D TaskExtImpl: addColorModeOnResume resume=true pkg = com.innowireless.xcal.mobile5
04-03 22:12:15.713 2635 4007 D VRR [OPlusRefreshRateService]: setFrameRateTargetControl [ 0.0 , com.android.launcher , false , com.oplus.battery ]
04-03 22:12:15.713 2635 4007 D VRR [OPlusExternalRefreshRateManager]: [FRTC] FrameRate : 0 com.android.launcher false com.oplus.battery
04-03 22:12:15.713 2635 2711 D VRR [OPlusSurfaceFlingerController]: add frtc FrameRate : 0 com.android.launcher false com.oplus.battery
04-03 22:12:15.723 2635 5662 D OplusGameRotationService: lockRotationInGame: change state to 0
04-03 22:12:15.727 2635 3161 D LightsServiceExtImpl: baseSetLightLocked end.
04-03 22:12:15.728 2635 2658 D BatteryStatsImplExtImpl: pausedBatteryLevel:51 activityFocusedTimeInMin:0
04-03 22:12:15.730 2635 2658 D BatteryServiceExtImpl: getPsyBatteryRm
04-03 22:12:15.731 2635 2705 D OplusDisplayPowerControllerExtImpl: original brightness to dataBase:351 final brightness:351.0 scale:1.0 reason:4 darkLevel:0
04-03 22:12:15.731 2635 2705 D DisplayPowerController[0]: Animating brightness: target=351.0, rate=123.0, source= 7
04-03 22:12:15.731 2635 2705 D VRR [OPlusRefreshRateService]: notifyBrightnessChange brightness: 351.0
04-03 22:12:15.731 2635 2658 D OplusBatteryServiceFeature: getPsyBatteryRm: 1641
04-03 22:12:15.731 2635 2658 D OplusBatteryManager: getPsyBatteryRm: 1641
04-03 22:12:15.732 2635 2658 D BatteryStatsImplExtImpl: resumedUid:10395 resumedBatteryLevel:51 resumedPackage:com.innowireless.xcal.mobile5 resumedBatteryRealtimeCapacity:1641
04-03 22:12:15.732 2635 2658 D OplusKeepAliveManager: TOP_APP is ProcessRecord{3e3c58b 8162:com.innowireless.xcal.mobile5/u0a395} uid is 10395
04-03 22:12:15.732 2635 2693 E OplusThermalStats: Error getting package info: com.innowireless.xcal.mobile5
04-03 22:12:15.739 2635 2659 D CompactWindowManagerService: updateBackgroundSurface openingApp: ActivityRecord{ffa60fe u0 com.innowireless.xcal.mobile5/.ui.Main_Activity t8}
04-03 22:12:15.740 2635 2659 D OplusSplitScreenManagerService: isDragToSplitState mOplusSpiltScreenDnDUI is null, just return!
04-03 22:12:15.740 2635 2659 D OplusSplitScreenManagerService: isDragToSplitState mOplusSpiltScreenDnDUI is null, just return!
04-03 22:12:15.740 2635 2659 D OplusSplitScreenManagerService: isDragToSplitState mOplusSpiltScreenDnDUI is null, just return!
04-03 22:12:15.740 2635 2659 D OplusSplitScreenManagerService: isDragToSplitState mOplusSpiltScreenDnDUI is null, just return!
04-03 22:12:15.743 2635 4787 D OplusProxyWakeLock: remove uid: 10329 wiht all pids from wakelockUidInfo list
04-03 22:12:15.755 2635 2659 I WindowStateExtImpl: onSurfaceShowChange show = true mPackageName = com.innowireless.xcal.mobile5 parentPkgName = com.innowireless.xcal.mobile5
04-03 22:12:15.757 2635 2659 D WindowManager: Acquiring screen wakelock due to Window{cf19099 u0 SnapshotStartingWindow for taskId=8}
04-03 22:12:15.757 2635 2659 D OplusAONSmartDim: onWakeLockAcquireLocked: lock=127373745, flags=0x2000000a, packageName=android, tag="WindowManager", ws=WorkSource{10185}, uid=1000, pid=2635
04-03 22:12:15.771 2635 3161 D LightsServiceExtImpl: baseSetLightLocked end.
04-03 22:12:15.776 2635 2705 D OplusDisplayPowerControllerExtImpl: original brightness to dataBase:351 final brightness:351.0 scale:1.0 reason:4 darkLevel:0
04-03 22:12:15.776 2635 2705 D DisplayPowerController[0]: Animating brightness: target=351.0, rate=123.0, source= 7
04-03 22:12:15.776 2635 2705 D VRR [OPlusRefreshRateService]: notifyBrightnessChange brightness: 351.0
04-03 22:12:15.778 2635 2658 D DisplayManagerService: Delivering display event: displayId=0, event=4
04-03 22:12:15.791 2635 2658 D DisplayManagerService: Delivering display event: displayId=0, event=4
04-03 22:12:15.799 2635 2749 D CompactWindowManagerService: notifyCompactWindowState task: Task{eaf0eee #8 type=standard A=10395:com.innowireless.xcal.mobile5 U=0 visible=true mode=fullscreen translucent=false sz=1}; hasFocus: true
04-03 22:12:15.800 2635 2749 D ActivityTaskManager: onWindowFocusChanged Task{eaf0eee #8 type=standard A=10395:com.innowireless.xcal.mobile5 U=0 visible=true mode=fullscreen translucent=false sz=1} would transfer to compact
04-03 22:12:15.806 2635 3161 D LightsServiceExtImpl: baseSetLightLocked end.
04-03 22:12:15.813 2635 2705 D OplusDisplayPowerControllerExtImpl: original brightness to dataBase:351 final brightness:351.0 scale:1.0 reason:4 darkLevel:0
04-03 22:12:15.813 2635 2705 D DisplayPowerController[0]: Animating brightness: target=351.0, rate=123.0, source= 7
04-03 22:12:15.813 2635 2705 D VRR [OPlusRefreshRateService]: notifyBrightnessChange brightness: 351.0
04-03 22:12:15.815 2635 2658 D DisplayManagerService: Delivering display event: displayId=0, event=4
04-03 22:12:15.819 2635 4007 D OplusAppListInterceptManager: shouldFilterTask
04-03 22:12:15.820 2635 4007 D OplusAppListInterceptManager: shouldFilterTask::packageName = com.innowireless.xcal.mobile5
04-03 22:12:15.820 2635 4007 D OplusAppListInterceptManager: shouldFilterTask
04-03 22:12:15.820 2635 4007 D OplusAppListInterceptManager: shouldFilterTask::packageName = com.android.settings
04-03 22:12:15.827 2635 3161 D LightsServiceExtImpl: baseSetLightLocked end.
04-03 22:12:15.830 2635 2705 D OplusDisplayPowerControllerExtImpl: original brightness to dataBase:351 final brightness:351.0 scale:1.0 reason:4 darkLevel:0
04-03 22:12:15.830 2635 2705 D DisplayPowerController[0]: Animating brightness: target=351.0, rate=123.0, source= 7
04-03 22:12:15.830 2635 2705 D VRR [OPlusRefreshRateService]: notifyBrightnessChange brightness: 351.0
04-03 22:12:15.830 2635 2658 D DisplayManagerService: Delivering display event: displayId=0, event=4
04-03 22:12:15.830 8162 8162 I Quality : Skipped: true 1 cost 19.002151 refreshRate 0 processName com.innowireless.xcal.mobile5
04-03 22:12:15.840 2635 2659 D OplusStartingWindowManager: interceptRemoveStartingWindow activity.packageName=com.innowireless.xcal.mobile5 isSnapshot=true mStartingSurfaceRunnable=null
04-03 22:12:15.840 2635 2659 D OplusSplitScreenManagerService: notifyRemoveStartingWindow mOplusSpiltScreenDnDUI is null, just return!
04-03 22:12:15.849 8162 8162 I Quality : Skipped: false 1 cost 16.297033 refreshRate 0 processName com.innowireless.xcal.mobile5
04-03 22:12:15.860 2635 3161 D LightsServiceExtImpl: baseSetLightLocked end.
04-03 22:12:15.870 2635 2705 D OplusDisplayPowerControllerExtImpl: original brightness to dataBase:351 final brightness:351.0 scale:1.0 reason:4 darkLevel:0
04-03 22:12:15.870 2635 2705 D DisplayPowerController[0]: Animating brightness: target=351.0, rate=123.0, source= 7
04-03 22:12:15.870 2635 2705 D VRR [OPlusRefreshRateService]: notifyBrightnessChange brightness: 351.0
04-03 22:12:15.870 2635 2658 D DisplayManagerService: Delivering display event: displayId=0, event=4
04-03 22:12:15.915 2635 3161 D LightsServiceExtImpl: baseSetLightLocked end.
04-03 22:12:15.918 2635 2705 D OplusDisplayPowerControllerExtImpl: original brightness to dataBase:351 final brightness:351.0 scale:1.0 reason:4 darkLevel:0
04-03 22:12:15.918 2635 2705 D DisplayPowerController[0]: Animating brightness: target=351.0, rate=123.0, source= 7
04-03 22:12:15.918 2635 2705 D VRR [OPlusRefreshRateService]: notifyBrightnessChange brightness: 351.0
04-03 22:12:15.918 2635 2658 D DisplayManagerService: Delivering display event: displayId=0, event=4
04-03 22:12:15.960 2635 3161 D LightsServiceExtImpl: baseSetLightLocked end.
04-03 22:12:15.964 2635 2705 D OplusDisplayPowerControllerExtImpl: original brightness to dataBase:351 final brightness:351.0 scale:1.0 reason:4 darkLevel:0
04-03 22:12:15.964 2635 2705 D DisplayPowerController[0]: Animating brightness: target=351.0, rate=123.0, source= 7
04-03 22:12:15.964 2635 2705 D VRR [OPlusRefreshRateService]: notifyBrightnessChange brightness: 351.0
04-03 22:12:15.964 2635 2658 D DisplayManagerService: Delivering display event: displayId=0, event=4
04-03 22:12:15.982 2635 3161 D LightsServiceExtImpl: baseSetLightLocked end.
04-03 22:12:15.985 2635 2705 D OplusDisplayPowerControllerExtImpl: original brightness to dataBase:351 final brightness:351.0 scale:1.0 reason:4 darkLevel:0
04-03 22:12:15.985 2635 2705 D DisplayPowerController[0]: Animating brightness: target=351.0, rate=123.0, source= 7
04-03 22:12:15.985 2635 2705 D VRR [OPlusRefreshRateService]: notifyBrightnessChange brightness: 351.0
04-03 22:12:15.985 2635 2658 D DisplayManagerService: Delivering display event: displayId=0, event=4
04-03 22:12:16.004 2635 3161 D LightsServiceExtImpl: baseSetLightLocked end.
04-03 22:12:16.008 2635 2705 D OplusDisplayPowerControllerExtImpl: original brightness to dataBase:351 final brightness:351.0 scale:1.0 reason:4 darkLevel:0
04-03 22:12:16.008 2635 2705 D DisplayPowerController[0]: Animating brightness: target=351.0, rate=123.0, source= 7
04-03 22:12:16.008 2635 2705 D VRR [OPlusRefreshRateService]: notifyBrightnessChange brightness: 351.0
04-03 22:12:16.009 2635 2658 D DisplayManagerService: Delivering display event: displayId=0, event=4
04-03 22:12:16.049 2635 3161 D LightsServiceExtImpl: baseSetLightLocked end.
04-03 22:12:16.051 2635 2705 D OplusDisplayPowerControllerExtImpl: original brightness to dataBase:351 final brightness:351.0 scale:1.0 reason:4 darkLevel:0
04-03 22:12:16.051 2635 2705 D DisplayPowerController[0]: Animating brightness: target=351.0, rate=123.0, source= 7
04-03 22:12:16.051 2635 2705 D VRR [OPlusRefreshRateService]: notifyBrightnessChange brightness: 351.0
04-03 22:12:16.052 2635 2658 D DisplayManagerService: Delivering display event: displayId=0, event=4
04-03 22:12:16.104 2635 3161 D LightsServiceExtImpl: baseSetLightLocked end.
04-03 22:12:16.106 2635 2659 I WindowStateExtImpl: onSurfaceShowChange show = false mPackageName = com.innowireless.xcal.mobile5 parentPkgName = com.innowireless.xcal.mobile5
04-03 22:12:16.117 2635 2705 D OplusDisplayPowerControllerExtImpl: original brightness to dataBase:351 final brightness:351.0 scale:1.0 reason:4 darkLevel:0
04-03 22:12:16.117 2635 2705 D DisplayPowerController[0]: Animating brightness: target=351.0, rate=123.0, source= 7
04-03 22:12:16.117 2635 2705 D VRR [OPlusRefreshRateService]: notifyBrightnessChange brightness: 351.0
04-03 22:12:16.118 2635 2658 D DisplayManagerService: Delivering display event: displayId=0, event=4
04-03 22:12:16.121 2635 3446 I OplusAppSwitchManagerService: handleAppVisible , r = ActivityRecord{ffa60fe u0 com.innowireless.xcal.mobile5/.ui.Main_Activity t8}
04-03 22:12:16.125 2635 2659 I WindowStateExtImpl: onSurfaceShowChange show = false mPackageName = com.android.launcher parentPkgName = com.android.launcher
04-03 22:12:16.126 2635 3161 D LightsServiceExtImpl: baseSetLightLocked end.
04-03 22:12:16.131 2635 2705 D OplusDisplayPowerControllerExtImpl: original brightness to dataBase:351 final brightness:351.0 scale:1.0 reason:4 darkLevel:0
04-03 22:12:16.131 2635 2705 D DisplayPowerController[0]: Animating brightness: target=351.0, rate=123.0, source= 7
04-03 22:12:16.131 2635 2705 D VRR [OPlusRefreshRateService]: notifyBrightnessChange brightness: 351.0
04-03 22:12:16.150 2635 3161 D LightsServiceExtImpl: baseSetLightLocked end.
04-03 22:12:16.161 2635 2658 D DisplayManagerService: Delivering display event: displayId=0, event=4
04-03 22:12:16.162 2635 2658 I VRR [OPlusRefreshRateManager]: hasADFRFeature return false
04-03 22:12:16.162 2635 2658 I DisplayManagerService: Comparing display specs: baseModeId=1 allowGroupSwitching=false primaryRefreshRateRange=[0 90] appRequestRefreshRateRange=[0 90] vrrPolicy=POLICY_DEFAULT, existing: baseModeId=2 allowGroupSwitching=false primaryRefreshRateRange=[0 90] appRequestRefreshRateRange=[0 90] vrrPolicy=POLICY_DEFAULT
04-03 22:12:16.163 2635 2705 D OplusDisplayPowerControllerExtImpl: original brightness to dataBase:351 final brightness:351.0 scale:1.0 reason:4 darkLevel:0
04-03 22:12:16.163 2635 2705 D DisplayPowerController[0]: Animating brightness: target=351.0, rate=123.0, source= 7
04-03 22:12:16.163 2635 2705 D VRR [OPlusRefreshRateService]: notifyBrightnessChange brightness: 351.0
04-03 22:12:16.165 2635 2658 D DisplayManagerService: Delivering display event: displayId=0, event=4
04-03 22:12:16.170 2635 2711 D VRR [OPlusRefreshRateService]: onConfigChanged physicalDisplayId: 4630946962717273473 modeId: 1
04-03 22:12:16.204 2635 3161 D LightsServiceExtImpl: baseSetLightLocked end.
04-03 22:12:16.206 2635 2705 D OplusDisplayPowerControllerExtImpl: original brightness to dataBase:351 final brightness:351.0 scale:1.0 reason:4 darkLevel:0
04-03 22:12:16.206 2635 2705 D DisplayPowerController[0]: Animating brightness: target=351.0, rate=123.0, source= 7
04-03 22:12:16.206 2635 2705 D VRR [OPlusRefreshRateService]: notifyBrightnessChange brightness: 351.0
04-03 22:12:16.206 2635 2658 D DisplayManagerService: Delivering display event: displayId=0, event=4
04-03 22:12:16.209 2635 2705 D CameraDelegate: handleMessage:200
04-03 22:12:16.227 2635 3161 D LightsServiceExtImpl: baseSetLightLocked end.
04-03 22:12:16.230 2635 2705 D OplusDisplayPowerControllerExtImpl: original brightness to dataBase:351 final brightness:351.0 scale:1.0 reason:4 darkLevel:0
04-03 22:12:16.230 2635 2705 D DisplayPowerController[0]: Animating brightness: target=351.0, rate=123.0, source= 7
04-03 22:12:16.230 2635 2705 D VRR [OPlusRefreshRateService]: notifyBrightnessChange brightness: 351.0
04-03 22:12:16.231 2635 2658 D DisplayManagerService: Delivering display event: displayId=0, event=4
04-03 22:12:16.260 2635 3161 D LightsServiceExtImpl: baseSetLightLocked end.
04-03 22:12:16.264 2635 2705 D OplusDisplayPowerControllerExtImpl: original brightness to dataBase:351 final brightness:351.0 scale:1.0 reason:4 darkLevel:0
04-03 22:12:16.264 2635 2705 D DisplayPowerController[0]: Animating brightness: target=351.0, rate=123.0, source= 7
04-03 22:12:16.264 2635 2705 D VRR [OPlusRefreshRateService]: notifyBrightnessChange brightness: 351.0
04-03 22:12:16.264 2635 2658 D DisplayManagerService: Delivering display event: displayId=0, event=4
04-03 22:12:16.271 2635 2711 D VRR [OPlusRefreshRateService]: handleConfigIdChange physicalDisplayId: 4630946962717273473 configId: 1
04-03 22:12:16.293 2635 3161 D LightsServiceExtImpl: baseSetLightLocked end.
04-03 22:12:16.297 2635 2705 D OplusDisplayPowerControllerExtImpl: original brightness to dataBase:351 final brightness:351.0 scale:1.0 reason:4 darkLevel:0
04-03 22:12:16.297 2635 2705 D DisplayPowerController[0]: Animating brightness: target=351.0, rate=123.0, source= 7
04-03 22:12:16.297 2635 2705 D VRR [OPlusRefreshRateService]: notifyBrightnessChange brightness: 351.0
04-03 22:12:16.298 2635 2658 D DisplayManagerService: Delivering display event: displayId=0, event=4
04-03 22:12:16.312 2635 3161 D LightsServiceExtImpl: baseSetLightLocked end.
04-03 22:12:16.316 2635 2705 D OplusDisplayPowerControllerExtImpl: original brightness to dataBase:351 final brightness:351.0 scale:1.0 reason:4 darkLevel:0
04-03 22:12:16.316 2635 2705 D DisplayPowerController[0]: Animating brightness: target=351.0, rate=123.0, source= 7
04-03 22:12:16.316 2635 2705 D VRR [OPlusRefreshRateService]: notifyBrightnessChange brightness: 351.0
04-03 22:12:16.316 2635 2658 D DisplayManagerService: Delivering display event: displayId=0, event=4
04-03 22:12:16.332 2635 2705 D OplusFeatureBrightnessBarController: mDarkLevel: 0
04-03 22:12:16.348 2635 3161 D LightsServiceExtImpl: baseSetLightLocked end.
04-03 22:12:16.361 2635 2705 D OplusDisplayPowerControllerExtImpl: original brightness to dataBase:351 final brightness:351.0 scale:1.0 reason:4 darkLevel:0
04-03 22:12:16.362 2635 2705 D DisplayPowerController[0]: Animating brightness: target=351.0, rate=123.0, source= 7
04-03 22:12:16.363 2635 2705 D VRR [OPlusRefreshRateService]: notifyBrightnessChange brightness: 351.0
04-03 22:12:16.363 2635 2658 D DisplayManagerService: Delivering display event: displayId=0, event=4
04-03 22:12:16.401 2635 3161 D LightsServiceExtImpl: baseSetLightLocked end.
04-03 22:12:16.419 2635 2705 D OplusDisplayPowerControllerExtImpl: original brightness to dataBase:351 final brightness:351.0 scale:1.0 reason:4 darkLevel:0
04-03 22:12:16.419 2635 2705 D DisplayPowerController[0]: Animating brightness: target=351.0, rate=123.0, source= 7
04-03 22:12:16.419 2635 2705 D VRR [OPlusRefreshRateService]: notifyBrightnessChange brightness: 351.0
04-03 22:12:16.419 2635 2658 D DisplayManagerService: Delivering display event: displayId=0, event=4
04-03 22:12:16.425 2635 3161 D LightsServiceExtImpl: baseSetLightLocked end.
04-03 22:12:16.429 2635 2705 D OplusDisplayPowerControllerExtImpl: original brightness to dataBase:351 final brightness:351.0 scale:1.0 reason:4 darkLevel:0
04-03 22:12:16.430 2635 2705 D DisplayPowerController[0]: Animating brightness: target=351.0, rate=123.0, source= 7
04-03 22:12:16.430 2635 2705 D VRR [OPlusRefreshRateService]: notifyBrightnessChange brightness: 351.0
04-03 22:12:16.431 2635 2658 D DisplayManagerService: Delivering display event: displayId=0, event=4
04-03 22:12:16.459 2635 3161 D LightsServiceExtImpl: baseSetLightLocked end.
04-03 22:12:16.469 2635 2705 D OplusDisplayPowerControllerExtImpl: original brightness to dataBase:351 final brightness:351.0 scale:1.0 reason:4 darkLevel:0
04-03 22:12:16.469 2635 2705 D DisplayPowerController[0]: Animating brightness: target=351.0, rate=123.0, source= 7
04-03 22:12:16.469 2635 2705 D VRR [OPlusRefreshRateService]: notifyBrightnessChange brightness: 351.0
04-03 22:12:16.471 2635 2658 D DisplayManagerService: Delivering display event: displayId=0, event=4
04-03 22:12:16.510 2635 3161 D LightsServiceExtImpl: baseSetLightLocked end.
04-03 22:12:16.525 2635 2705 D OplusDisplayPowerControllerExtImpl: original brightness to dataBase:351 final brightness:351.0 scale:1.0 reason:4 darkLevel:0
04-03 22:12:16.526 2635 2705 D DisplayPowerController[0]: Animating brightness: target=351.0, rate=123.0, source= 7
04-03 22:12:16.527 2635 2705 D VRR [OPlusRefreshRateService]: notifyBrightnessChange brightness: 351.0
04-03 22:12:16.528 2635 2658 D DisplayManagerService: Delivering display event: displayId=0, event=4
04-03 22:12:16.540 2635 3161 D LightsServiceExtImpl: baseSetLightLocked end.
04-03 22:12:16.546 2635 2705 D OplusDisplayPowerControllerExtImpl: original brightness to dataBase:351 final brightness:351.0 scale:1.0 reason:4 darkLevel:0
04-03 22:12:16.547 2635 2705 D DisplayPowerController[0]: Animating brightness: target=351.0, rate=123.0, source= 7
04-03 22:12:16.547 2635 2705 D VRR [OPlusRefreshRateService]: notifyBrightnessChange brightness: 351.0
04-03 22:12:16.547 2635 2658 D DisplayManagerService: Delivering display event: displayId=0, event=4
04-03 22:12:16.567 2635 3161 D LightsServiceExtImpl: baseSetLightLocked end.
04-03 22:12:16.578 2635 2705 D OplusDisplayPowerControllerExtImpl: original brightness to dataBase:351 final brightness:351.0 scale:1.0 reason:4 darkLevel:0
04-03 22:12:16.578 2635 2705 D DisplayPowerController[0]: Animating brightness: target=351.0, rate=123.0, source= 7
04-03 22:12:16.578 2635 2705 D VRR [OPlusRefreshRateService]: notifyBrightnessChange brightness: 351.0
04-03 22:12:16.580 2635 2658 D DisplayManagerService: Delivering display event: displayId=0, event=4
04-03 22:12:16.589 2635 3161 D LightsServiceExtImpl: baseSetLightLocked end.
04-03 22:12:16.601 2635 2705 D OplusDisplayPowerControllerExtImpl: original brightness to dataBase:351 final brightness:351.0 scale:1.0 reason:4 darkLevel:0
04-03 22:12:16.601 2635 2705 D DisplayPowerController[0]: Animating brightness: target=351.0, rate=123.0, source= 7
04-03 22:12:16.601 2635 2705 D VRR [OPlusRefreshRateService]: notifyBrightnessChange brightness: 351.0
04-03 22:12:16.603 2635 2658 D DisplayManagerService: Delivering display event: displayId=0, event=4
04-03 22:12:16.618 8162 8162 I Quality : Skipped: false 1 cost 18.380184 refreshRate 0 processName com.innowireless.xcal.mobile5
04-03 22:12:16.622 2635 3161 D LightsServiceExtImpl: baseSetLightLocked end.
04-03 22:12:16.627 2635 2705 D OplusDisplayPowerControllerExtImpl: original brightness to dataBase:351 final brightness:351.0 scale:1.0 reason:4 darkLevel:0
04-03 22:12:16.627 2635 2705 D DisplayPowerController[0]: Animating brightness: target=351.0, rate=123.0, source= 7
04-03 22:12:16.627 2635 2705 D VRR [OPlusRefreshRateService]: notifyBrightnessChange brightness: 351.0
04-03 22:12:16.627 2635 2658 D DisplayManagerService: Delivering display event: displayId=0, event=4
04-03 22:12:16.640 2635 3161 D LightsServiceExtImpl: baseSetLightLocked end.
04-03 22:12:16.644 2635 2705 D OplusDisplayPowerControllerExtImpl: original brightness to dataBase:351 final brightness:351.0 scale:1.0 reason:4 darkLevel:0
04-03 22:12:16.644 2635 2705 D DisplayPowerController[0]: Animating brightness: target=351.0, rate=123.0, source= 7
04-03 22:12:16.644 2635 2705 D VRR [OPlusRefreshRateService]: notifyBrightnessChange brightness: 351.0
04-03 22:12:16.645 2635 2658 D DisplayManagerService: Delivering display event: displayId=0, event=4
04-03 22:12:16.659 2635 3161 D LightsServiceExtImpl: baseSetLightLocked end.
04-03 22:12:16.663 2635 2705 D OplusDisplayPowerControllerExtImpl: original brightness to dataBase:351 final brightness:351.0 scale:1.0 reason:4 darkLevel:0
04-03 22:12:16.663 2635 2705 D DisplayPowerController[0]: Animating brightness: target=351.0, rate=123.0, source= 7
04-03 22:12:16.663 2635 2705 D VRR [OPlusRefreshRateService]: notifyBrightnessChange brightness: 351.0
04-03 22:12:16.663 2635 2658 D DisplayManagerService: Delivering display event: displayId=0, event=4
04-03 22:12:16.681 2635 3161 D LightsServiceExtImpl: baseSetLightLocked end.
04-03 22:12:16.688 2635 2705 D OplusDisplayPowerControllerExtImpl: original brightness to dataBase:351 final brightness:351.0 scale:1.0 reason:4 darkLevel:0
04-03 22:12:16.688 2635 2705 D DisplayPowerController[0]: Animating brightness: target=351.0, rate=123.0, source= 7
04-03 22:12:16.688 2635 2705 D VRR [OPlusRefreshRateService]: notifyBrightnessChange brightness: 351.0
04-03 22:12:16.689 2635 2658 D DisplayManagerService: Delivering display event: displayId=0, event=4
04-03 22:12:16.713 2635 3161 D LightsServiceExtImpl: baseSetLightLocked end.
04-03 22:12:16.722 2635 2705 D OplusDisplayPowerControllerExtImpl: original brightness to dataBase:351 final brightness:351.0 scale:1.0 reason:4 darkLevel:0
04-03 22:12:16.722 2635 2705 D DisplayPowerController[0]: Animating brightness: target=351.0, rate=123.0, source= 7
04-03 22:12:16.723 2635 2705 D VRR [OPlusRefreshRateService]: notifyBrightnessChange brightness: 351.0
04-03 22:12:16.724 2635 2658 D DisplayManagerService: Delivering display event: displayId=0, event=4
04-03 22:12:16.766 2635 3161 D LightsServiceExtImpl: baseSetLightLocked end.
04-03 22:12:16.775 2635 2705 D OplusDisplayPowerControllerExtImpl: original brightness to dataBase:351 final brightness:351.0 scale:1.0 reason:4 darkLevel:0
04-03 22:12:16.775 2635 2705 D DisplayPowerController[0]: Animating brightness: target=351.0, rate=123.0, source= 7
04-03 22:12:16.776 2635 2705 D VRR [OPlusRefreshRateService]: notifyBrightnessChange brightness: 351.0
04-03 22:12:16.776 2635 2658 D DisplayManagerService: Delivering display event: displayId=0, event=4
04-03 22:12:16.796 2635 3161 D LightsServiceExtImpl: baseSetLightLocked end.
04-03 22:12:16.802 2635 2705 D OplusDisplayPowerControllerExtImpl: original brightness to dataBase:351 final brightness:351.0 scale:1.0 reason:4 darkLevel:0
04-03 22:12:16.803 2635 2705 D DisplayPowerController[0]: Animating brightness: target=351.0, rate=123.0, source= 7
04-03 22:12:16.803 2635 2705 D VRR [OPlusRefreshRateService]: notifyBrightnessChange brightness: 351.0
04-03 22:12:16.804 2635 2658 D DisplayManagerService: Delivering display event: displayId=0, event=4
04-03 22:12:16.809 2635 3161 D LightsServiceExtImpl: baseSetLightLocked end.
04-03 22:12:16.815 2635 2705 D OplusDisplayPowerControllerExtImpl: original brightness to dataBase:351 final brightness:351.0 scale:1.0 reason:4 darkLevel:0
04-03 22:12:16.815 2635 2705 D DisplayPowerController[0]: Animating brightness: target=351.0, rate=123.0, source= 7
04-03 22:12:16.815 2635 2705 D VRR [OPlusRefreshRateService]: notifyBrightnessChange brightness: 351.0
04-03 22:12:16.816 2635 2658 D DisplayManagerService: Delivering display event: displayId=0, event=4
04-03 22:12:16.855 2635 3161 D LightsServiceExtImpl: baseSetLightLocked end.
04-03 22:12:16.862 2635 2705 D OplusDisplayPowerControllerExtImpl: original brightness to dataBase:351 final brightness:351.0 scale:1.0 reason:4 darkLevel:0
04-03 22:12:16.863 2635 2705 D DisplayPowerController[0]: Animating brightness: target=351.0, rate=123.0, source= 7
04-03 22:12:16.863 2635 2705 D VRR [OPlusRefreshRateService]: notifyBrightnessChange brightness: 351.0
04-03 22:12:16.863 2635 2658 D DisplayManagerService: Delivering display event: displayId=0, event=4
04-03 22:12:16.876 2635 3161 D LightsServiceExtImpl: baseSetLightLocked end.
04-03 22:12:16.882 2635 2705 D OplusDisplayPowerControllerExtImpl: original brightness to dataBase:351 final brightness:351.0 scale:1.0 reason:4 darkLevel:0
04-03 22:12:16.883 2635 2705 D DisplayPowerController[0]: Animating brightness: target=351.0, rate=123.0, source= 7
04-03 22:12:16.883 2635 2705 D VRR [OPlusRefreshRateService]: notifyBrightnessChange brightness: 351.0
04-03 22:12:16.883 2635 2658 D DisplayManagerService: Delivering display event: displayId=0, event=4
04-03 22:12:16.896 2635 3161 D LightsServiceExtImpl: baseSetLightLocked end.
04-03 22:12:16.902 2635 2705 D OplusDisplayPowerControllerExtImpl: original brightness to dataBase:351 final brightness:351.0 scale:1.0 reason:4 darkLevel:0
04-03 22:12:16.902 2635 2705 D DisplayPowerController[0]: Animating brightness: target=351.0, rate=123.0, source= 7
04-03 22:12:16.902 2635 2705 D VRR [OPlusRefreshRateService]: notifyBrightnessChange brightness: 351.0
04-03 22:12:16.903 2635 2658 D DisplayManagerService: Delivering display event: displayId=0, event=4
04-03 22:12:16.927 2635 3161 D LightsServiceExtImpl: baseSetLightLocked end.
04-03 22:12:16.935 2635 2705 D OplusDisplayPowerControllerExtImpl: original brightness to dataBase:351 final brightness:351.0 scale:1.0 reason:4 darkLevel:0
04-03 22:12:16.936 2635 2705 D DisplayPowerController[0]: Animating brightness: target=351.0, rate=123.0, source= 7
04-03 22:12:16.936 2635 2705 D VRR [OPlusRefreshRateService]: notifyBrightnessChange brightness: 351.0
04-03 22:12:16.936 2635 2658 D DisplayManagerService: Delivering display event: displayId=0, event=4
04-03 22:12:16.956 2635 2705 D OplusDisplayPowerControllerExtImpl: original brightness to dataBase:351 final brightness:351.0 scale:1.0 reason:4 darkLevel:0
04-03 22:12:16.956 2635 2705 D DisplayPowerController[0]: Animating brightness: target=351.0, rate=123.0, source= 7
04-03 22:12:16.956 2635 2705 D VRR [OPlusRefreshRateService]: notifyBrightnessChange brightness: 351.0
04-03 22:12:16.956 2635 3161 D LightsServiceExtImpl: baseSetLightLocked end.
04-03 22:12:16.960 2635 2705 D OplusDisplayPowerControllerExtImpl: original brightness to dataBase:351 final brightness:351.0 scale:1.0 reason:4 darkLevel:0
04-03 22:12:16.961 2635 2705 D DisplayPowerController[0]: Animating brightness: target=351.0, rate=123.0, source= 7
04-03 22:12:16.961 2635 2705 D VRR [OPlusRefreshRateService]: notifyBrightnessChange brightness: 351.0
04-03 22:12:16.961 2635 2658 D DisplayManagerService: Delivering display event: displayId=0, event=4
04-03 22:12:17.133 2635 2705 D OplusFeatureBrightnessBarController: mDarkLevel: 0
04-03 22:12:17.888 8162 8162 I Quality : Skipped: false 1 cost 12.189622 refreshRate 0 processName com.innowireless.xcal.mobile5
04-03 22:12:18.132 2635 2705 D OplusFeatureBrightnessBarController: mDarkLevel: 0
04-03 22:12:18.621 8162 8162 I Quality : Skipped: false 1 cost 12.585347 refreshRate 0 processName com.innowireless.xcal.mobile5
04-03 22:12:19.690 2635 2711 D VRR [OPlusRefreshRateService]: onConfigChanged physicalDisplayId: 4630946962717273473 modeId: 0
04-03 22:12:19.691 2635 2658 I DisplayDeviceRepository: Display device changed: DisplayDeviceInfo{"Built-in Screen": uniqueId="local:4630946962717273473", 1080 x 2400, modeId 1, defaultModeId 1, supportedModes [{id=1, width=1080, height=2400, fps=60.000004, alternativeRefreshRates=[90.0]}, {id=2, width=1080, height=2400, fps=90.0, alternativeRefreshRates=[60.000004]}], colorMode 0, supportedColorModes [0, 7, 9], hdrCapabilities HdrCapabilities{mSupportedHdrTypes=[2, 3, 4], mMaxLuminance=540.0, mMaxAverageLuminance=270.1, mMinLuminance=0.2}, allmSupported false, gameContentTypeSupported false, density 450, 409.432 x 409.127 dpi, appVsyncOff 1000000, presDeadline 16666666, touch INTERNAL, rotation 0, type INTERNAL, address {port=129, model=0x40446dba0e6fed}, deviceProductInfo DeviceProductInfo{name=, manufacturerPnpId=QCM, productId=1, modelYear=null, manufactureDate=ManufactureDate{week=27, year=2006}, connectionToSinkType=0}, state ON, frameRateOverride , brightnessMinimum 0.0, brightnessMaximum 1.0, brightnessDefault 1600.0, roundedCorners RoundedCorners{[RoundedCorner{position=TopLeft, radius=56, center=Point(56, 56)}, RoundedCorner{position=TopRight, radius=56, center=Point(1024, 56)}, RoundedCorner{position=BottomRight, radius=56, center=Point(1024, 2344)}, RoundedCorner{position=BottomLeft, radius=56, center=Point(56, 2344)}]}, FLAG_DEFAULT_DISPLAY, FLAG_ROTATES_WITH_CONTENT, FLAG_SECURE, FLAG_SUPPORTS_PROTECTED_BUFFERS}
04-03 22:12:19.693 2635 2658 D DisplayManagerService: Delivering display event: displayId=0, event=2
04-03 22:12:19.703 2635 2635 I WallpaperManagerServiceExt: removeDisplayData. displayId = 0
04-03 22:12:19.791 2635 2711 D VRR [OPlusRefreshRateService]: handleConfigIdChange physicalDisplayId: 4630946962717273473 configId: 0
04-03 22:12:21.628 8162 8162 I Quality : Skipped: false 1 cost 18.963648 refreshRate 0 processName com.innowireless.xcal.mobile5
04-03 22:12:22.533 2635 2705 D OplusFeatureBrightnessBarController: mDarkLevel: 0
04-03 22:12:23.733 2635 2705 D OplusFeatureBrightnessBarController: mDarkLevel: 0
04-03 22:12:25.625 8162 8162 I Quality : Skipped: false 1 cost 21.38786 refreshRate 0 processName com.innowireless.xcal.mobile5
04-03 22:12:25.925 1338 1338 I Quality : SFJankCountInfo: 725; 0; 0; 9; 10; 8; 71; 38; 18; 0; 0
04-03 22:12:26.623 8162 8162 I Quality : Skipped: false 1 cost 19.894928 refreshRate 0 processName com.innowireless.xcal.mobile5
04-03 22:12:27.133 2635 2705 D OplusFeatureBrightnessBarController: mDarkLevel: 0
04-03 22:12:27.620 8162 8162 I Quality : Skipped: false 1 cost 18.340612 refreshRate 0 processName com.innowireless.xcal.mobile5
04-03 22:12:28.620 8162 8162 I Quality : Skipped: false 1 cost 19.731085 refreshRate 0 processName com.innowireless.xcal.mobile5
04-03 22:12:28.932 2635 2705 D OplusFeatureBrightnessBarController: mDarkLevel: 0
04-03 22:12:30.138 2635 2705 D OplusFeatureBrightnessBarController: mDarkLevel: 0
04-03 22:12:33.333 2635 2705 D OplusFeatureBrightnessBarController: mDarkLevel: 0
04-03 22:12:34.135 2635 2705 D OplusFeatureBrightnessBarController: mDarkLevel: 0
04-03 22:12:36.132 2635 2705 D OplusFeatureBrightnessBarController: mDarkLevel: 0
04-03 22:12:36.627 8162 8162 I Quality : Skipped: false 1 cost 19.795816 refreshRate 0 processName com.innowireless.xcal.mobile5
04-03 22:12:37.332 2635 2705 D OplusFeatureBrightnessBarController: mDarkLevel: 0
04-03 22:12:38.622 8162 8162 I Quality : Skipped: false 1 cost 18.225409 refreshRate 0 processName com.innowireless.xcal.mobile5
04-03 22:12:39.624 8162 8162 I Quality : Skipped: false 1 cost 21.121761 refreshRate 0 processName com.innowireless.xcal.mobile5
04-03 22:12:39.733 2635 2705 D OplusFeatureBrightnessBarController: mDarkLevel: 0
04-03 22:12:40.626 8162 8162 I Quality : Skipped: false 1 cost 24.226805 refreshRate 0 processName com.innowireless.xcal.mobile5
04-03 22:12:41.333 2635 2705 D OplusFeatureBrightnessBarController: mDarkLevel: 0
04-03 22:12:43.533 2635 2705 D OplusFeatureBrightnessBarController: mDarkLevel: 0
04-03 22:12:47.333 2635 2705 D OplusFeatureBrightnessBarController: mDarkLevel: 0
04-03 22:12:48.732 2635 2705 D OplusFeatureBrightnessBarController: mDarkLevel: 0
04-03 22:12:50.622 8162 8162 I Quality : Skipped: false 1 cost 18.115248 refreshRate 0 processName com.innowireless.xcal.mobile5
04-03 22:12:51.132 2635 2705 D OplusFeatureBrightnessBarController: mDarkLevel: 0
04-03 22:12:51.624 8162 8162 I Quality : Skipped: false 1 cost 22.086502 refreshRate 0 processName com.innowireless.xcal.mobile5
04-03 22:12:51.934 2635 2705 D OplusFeatureBrightnessBarController: mDarkLevel: 0
04-03 22:12:52.622 8162 8162 I Quality : Skipped: false 1 cost 21.476252 refreshRate 0 processName com.innowireless.xcal.mobile5
04-03 22:12:53.333 2635 2705 D OplusFeatureBrightnessBarController: mDarkLevel: 0
04-03 22:12:54.532 2635 2705 D OplusFeatureBrightnessBarController: mDarkLevel: 0
04-03 22:12:56.733 2635 2705 D OplusFeatureBrightnessBarController: mDarkLevel: 0
04-03 22:12:59.532 2635 2705 D OplusFeatureBrightnessBarController: mDarkLevel: 0
04-03 22:13:00.007 2635 4174 E OplusCustomizeRestrictionManagerService: isBiometricDisabled start
04-03 22:13:00.008 2635 3446 E OplusCustomizeRestrictionManagerService: isBiometricDisabled start
04-03 22:13:00.733 2635 2705 D OplusFeatureBrightnessBarController: mDarkLevel: 0
04-03 22:13:01.533 2635 2705 D OplusFeatureBrightnessBarController: mDarkLevel: 0
04-03 22:13:02.621 8162 8162 I Quality : Skipped: false 1 cost 18.799173 refreshRate 0 processName com.innowireless.xcal.mobile5
04-03 22:13:02.934 2635 2705 D OplusFeatureBrightnessBarController: mDarkLevel: 0
04-03 22:13:03.622 8162 8162 I Quality : Skipped: false 1 cost 21.92726 refreshRate 0 processName com.innowireless.xcal.mobile5
04-03 22:13:03.932 2635 2705 D OplusFeatureBrightnessBarController: mDarkLevel: 0
04-03 22:13:05.733 2635 2705 D OplusFeatureBrightnessBarController: mDarkLevel: 0
04-03 22:13:07.532 2635 2705 D OplusFeatureBrightnessBarController: mDarkLevel: 0
04-03 22:13:09.732 2635 2705 D OplusFeatureBrightnessBarController: mDarkLevel: 0
04-03 22:13:11.732 2635 2705 D OplusFeatureBrightnessBarController: mDarkLevel: 0
04-03 22:13:12.940 2635 2705 D OplusFeatureBrightnessBarController: mDarkLevel: 0
04-03 22:13:13.623 8162 8162 I Quality : Skipped: false 1 cost 18.81147 refreshRate 0 processName com.innowireless.xcal.mobile5
04-03 22:13:14.733 2635 2705 D OplusFeatureBrightnessBarController: mDarkLevel: 0
04-03 22:13:15.622 8162 8162 I Quality : Skipped: false 1 cost 20.774252 refreshRate 0 processName com.innowireless.xcal.mobile5
04-03 22:13:15.923 8162 8162 I Quality : Skipped: false 1 cost 22.426168 refreshRate 0 processName com.innowireless.xcal.mobile5
04-03 22:13:16.132 2635 2705 D OplusFeatureBrightnessBarController: mDarkLevel: 0
04-03 22:13:16.621 8162 8162 I Quality : Skipped: false 1 cost 20.987593 refreshRate 0 processName com.innowireless.xcal.mobile5
04-03 22:13:16.920 8162 8162 I Quality : Skipped: false 1 cost 20.805256 refreshRate 0 processName com.innowireless.xcal.mobile5
04-03 22:13:17.332 2635 2705 D OplusFeatureBrightnessBarController: mDarkLevel: 0
04-03 22:13:18.532 2635 2705 D OplusFeatureBrightnessBarController: mDarkLevel: 0
04-03 22:13:21.132 2635 2705 D OplusFeatureBrightnessBarController: mDarkLevel: 0
04-03 22:13:23.132 2635 2705 D OplusFeatureBrightnessBarController: mDarkLevel: 0
04-03 22:13:25.624 8162 8162 I Quality : Skipped: false 1 cost 18.680082 refreshRate 0 processName com.innowireless.xcal.mobile5
04-03 22:13:25.944 1338 1338 I Quality : SFJankCountInfo: 339; 0; 0; 2; 5; 4; 83; 33; 29; 0; 0
04-03 22:13:26.732 2635 2705 D OplusFeatureBrightnessBarController: mDarkLevel: 0
04-03 22:13:27.622 8162 8162 I Quality : Skipped: false 1 cost 19.4297 refreshRate 0 processName com.innowireless.xcal.mobile5
04-03 22:13:28.132 2635 2705 D OplusFeatureBrightnessBarController: mDarkLevel: 0
04-03 22:13:28.620 8162 8162 I Quality : Skipped: false 1 cost 18.47134 refreshRate 0 processName com.innowireless.xcal.mobile5
04-03 22:13:29.332 2635 2705 D OplusFeatureBrightnessBarController: mDarkLevel: 0
04-03 22:13:30.179 2635 2695 D BatteryStatsImplExtImpl: updateDevicePowerDetails
04-03 22:13:30.180 2635 2695 D OplusRpmSubsystemManager: battery drained...
04-03 22:13:30.187 2635 2695 D OplusRpmSubsystemManager: measureOplusRpmMasterStatsDelta...
04-03 22:13:30.187 2635 2695 D OplusRpmSubsystemManager: elapsedRealTimeDelta :260825
04-03 22:13:30.189 2635 2635 D OplusPowerMonitor: BATTERY DRAINED ... PreBatteryLevel=51 BatteryLevel=50 StepCurrent=26.01996918582548 Threshold:60.0 suspendRatio=0.0
04-03 22:13:30.189 2635 2695 D OplusRpmSubsystemManager: mRpmSuspendRatioSummay: [ADSP:100.00,ADSP_ISLAND:0.00,APSS:0.00,CDSP:100.00,MPSS:0.00]
