04-03 22:27:31.535 3836 4660 D PhoneInterfaceManager: [PhoneIntfMgr] QueryTelephonyChecker-getDataNetworkTypeForSubscriber: packageName = com.innowireless.xcal.mobile5, isGrant = true
04-03 22:27:31.553 3836 8673 D PhoneInterfaceManager: [PhoneIntfMgr] QueryTelephonyChecker-getDataNetworkTypeForSubscriber: packageName = com.innowireless.xcal.mobile5, isGrant = true
04-03 22:27:31.580 1219 4348 I vendor.qti.bluetooth@1.0-ibs_handler: ProcessIbsCmd: Received IBS_SLEEP_IND: 0xFE
04-03 22:27:31.601 3836 4660 D PhoneInterfaceManager: [PhoneIntfMgr] QueryTelephonyChecker-getDataNetworkTypeForSubscriber: packageName = com.innowireless.xcal.mobile5, isGrant = true
04-03 22:27:31.655 3836 4660 D PhoneInterfaceManager: [PhoneIntfMgr] QueryTelephonyChecker-getDataNetworkTypeForSubscriber: packageName = com.innowireless.xcal.mobile5, isGrant = true
04-03 22:27:31.724 2635 2705 D OplusFeatureBrightnessBarController: mDarkLevel: 0
04-03 22:27:31.737 3836 4660 D PhoneInterfaceManager: [PhoneIntfMgr] QueryTelephonyChecker-getDataNetworkTypeForSubscriber: packageName = com.innowireless.xcal.mobile5, isGrant = true
04-03 22:27:31.814 8162 10977 D GPS : NMEA is invaild.
04-03 22:27:31.814 8162 10977 D GPS : mNMEASatelites : 5
04-03 22:27:31.819 8162 10977 D GPS : Android GPS is invaild.
04-03 22:27:31.957 1219 4348 I vendor.qti.bluetooth@1.0-ibs_handler: ProcessIbsCmd: Received IBS_WAKE_IND: 0xFD
04-03 22:27:31.957 1219 4348 I vendor.qti.bluetooth@1.0-ibs_handler: ProcessIbsCmd: Writing IBS_WAKE_ACK
04-03 22:27:32.041 1219 4348 I vendor.qti.bluetooth@1.0-ibs_handler: ProcessIbsCmd: Received IBS_SLEEP_IND: 0xFE
04-03 22:27:32.048 1219 4348 I vendor.qti.bluetooth@1.0-ibs_handler: ProcessIbsCmd: Received IBS_WAKE_IND: 0xFD
04-03 22:27:32.048 1219 4348 I vendor.qti.bluetooth@1.0-ibs_handler: ProcessIbsCmd: Writing IBS_WAKE_ACK
04-03 22:27:32.061 4414 31045 I NearbyMediums: Received advertisement header BleAdvertisementHeader { version=2, numSlots=2, serviceIdBloomFilter=[ 0x17 0x23 0x35 0x5a 0x32 0x34 0x11 0x32 0x23 0x2e ], advertisementHash=[ 0x87 0x63 0xc5 0xe8 ], psm=27614, supportExtendedAdvertisement=false}. Will retry reading its GATT advertisement.
04-03 22:27:32.061 4414 31045 I NearbyMediums: Not allow Gatt actions during scanning.
04-03 22:27:32.145 2635 3000 D OplusLocationStatistics: on recordTaskMark, key: gnssReportLocation
04-03 22:27:32.146 2635 2655 D LocationManagerService: incoming location from: gps
04-03 22:27:32.149 3836 8673 D PhoneInterfaceManager: [PhoneIntfMgr] QueryTelephonyChecker-getDataNetworkTypeForSubscriber: packageName = com.innowireless.xcal.mobile5, isGrant = true
04-03 22:27:32.151 2635 2655 D LocationManagerService: incoming location from: gps
04-03 22:27:32.158 2635 3024 D WifiActiveModeWarden: there is no primary client manager, return the default one
04-03 22:27:32.159 2635 3238 D WifiService: getWifiEnabledState primaryClientMode is mDefaultClientModeManager
04-03 22:27:32.162 4414 5222 I FusedLocation: (REDACTED) location delivery to %s blocked - too close
04-03 22:27:32.163 4414 5222 I FusedLocation: (REDACTED) location delivery to %s blocked - too fast
04-03 22:27:32.163 4414 5222 I FusedLocation: (REDACTED) location delivery to %s blocked - too close
04-03 22:27:32.164 2635 3598 D LocationManagerService: incoming location from: fused
04-03 22:27:32.164 2635 3598 D LocationManagerService: incoming location from: fused
04-03 22:27:32.187 3836 4660 D PhoneInterfaceManager: [PhoneIntfMgr] QueryTelephonyChecker-getDataNetworkTypeForSubscriber: packageName = com.innowireless.xcal.mobile5, isGrant = true
04-03 22:27:32.247 5064 11036 D DebugReportServiceHidlClient: getReport 1.1...
04-03 22:27:32.248 1229 1229 E LocSvc_HIDL_DebugReportService: Invalid count: 0
04-03 22:27:32.248 1229 1229 E LocSvc_HIDL_DebugReportService: Invalid count: 0
04-03 22:27:32.248 1229 1229 E LocSvc_HIDL_DebugReportService: Invalid count: 0
04-03 22:27:32.248 1229 1229 E LocSvc_HIDL_DebugReportService: Invalid count: 0
04-03 22:27:32.249 5064 11036 D DebugReportServiceHidlClient: getReport 1.1 success: true
04-03 22:27:32.249 5064 11036 D DebugReportServiceHidlClient: getReport 1.0 success: true
04-03 22:27:32.277 1219 4348 I vendor.qti.bluetooth@1.0-ibs_handler: ProcessIbsCmd: Received IBS_SLEEP_IND: 0xFE
04-03 22:27:32.311 3836 8673 D PhoneInterfaceManager: [PhoneIntfMgr] QueryTelephonyChecker-getDataNetworkTypeForSubscriber: packageName = com.innowireless.xcal.mobile5, isGrant = true
04-03 22:27:32.326 1219 4348 I vendor.qti.bluetooth@1.0-ibs_handler: ProcessIbsCmd: Received IBS_WAKE_IND: 0xFD
04-03 22:27:32.327 1219 4348 I vendor.qti.bluetooth@1.0-ibs_handler: ProcessIbsCmd: Writing IBS_WAKE_ACK
04-03 22:27:32.367 2635 3024 D WifiActiveModeWarden: there is no primary client manager, return the default one
04-03 22:27:32.377 3247 4353 W bt_l2cap: L2CAP - Calling CongestionStatus_Cb (true),CID:0x0047,XmitQ:21,Quota:20
04-03 22:27:32.411 2635 3024 D WifiActiveModeWarden: there is no primary client manager, return the default one
04-03 22:27:32.438 1219 4348 I vendor.qti.bluetooth@1.0-ibs_handler: ProcessIbsCmd: Received IBS_SLEEP_IND: 0xFE
04-03 22:27:32.468 1255 1255 I android.hardware.thermal@2.0-service.qti: Sensor Name:shell_frametemp: 39.9. prev severity:0. cur severity:0 New severity:0
04-03 22:27:32.470 1255 1255 I android.hardware.thermal@2.0-service.qti: Sensor Name:skintemp: 42.604. prev severity:0. cur severity:3 New severity:3
04-03 22:27:32.470 1255 1255 I android.hardware.thermal@2.0-service.qti: Sensor Name:shell_fronttemp: 39.9. prev severity:0. cur severity:0 New severity:0
04-03 22:27:32.471 1255 1255 I android.hardware.thermal@2.0-service.qti: Sensor Name:shell_backtemp: 39.9. prev severity:0. cur severity:0 New severity:0
04-03 22:27:32.514 1219 4348 I vendor.qti.bluetooth@1.0-ibs_handler: ProcessIbsCmd: Received IBS_WAKE_IND: 0xFD
04-03 22:27:32.514 1219 4348 I vendor.qti.bluetooth@1.0-ibs_handler: ProcessIbsCmd: Writing IBS_WAKE_ACK
04-03 22:27:32.527 3836 8673 D PhoneInterfaceManager: [PhoneIntfMgr] QueryTelephonyChecker-getDataNetworkTypeForSubscriber: packageName = com.innowireless.xcal.mobile5, isGrant = true
04-03 22:27:32.531 2635 3024 D WifiActiveModeWarden: there is no primary client manager, return the default one
04-03 22:27:32.531 2635 4007 D WifiService: getWifiEnabledState primaryClientMode is mDefaultClientModeManager
04-03 22:27:32.536 3836 4660 D PhoneInterfaceManager: [PhoneIntfMgr] QueryTelephonyChecker-getDataNetworkTypeForSubscriber: packageName = com.innowireless.xcal.mobile5, isGrant = true
04-03 22:27:32.538 3836 4660 D PhoneInterfaceManager: [PhoneIntfMgr] QueryTelephonyChecker-getDataNetworkTypeForSubscriber: packageName = com.innowireless.xcal.mobile5, isGrant = true
04-03 22:27:32.598 1219 4348 I vendor.qti.bluetooth@1.0-ibs_handler: ProcessIbsCmd: Received IBS_SLEEP_IND: 0xFE
04-03 22:27:32.601 3836 4660 D PhoneInterfaceManager: [PhoneIntfMgr] QueryTelephonyChecker-getDataNetworkTypeForSubscriber: packageName = com.innowireless.xcal.mobile5, isGrant = true
04-03 22:27:32.620 2635 3238 D WifiNl80211Manager: Scan result ready event
04-03 22:27:32.620 2635 3238 D WifiNative: Scan result ready event
04-03 22:27:32.620 2635 3024 D WifiActiveModeWarden: there is no primary client manager, return the default one
04-03 22:27:32.620 2635 3024 D WifiService: getWifiEnabledState primaryClientMode is mDefaultClientModeManager
04-03 22:27:32.626 1219 4348 I vendor.qti.bluetooth@1.0-ibs_handler: ProcessIbsCmd: Received IBS_WAKE_IND: 0xFD
04-03 22:27:32.626 1219 4348 I vendor.qti.bluetooth@1.0-ibs_handler: ProcessIbsCmd: Writing IBS_WAKE_ACK
04-03 22:27:32.633 2635 3059 D WificondScannerImpl: Filtering out scan result Go***dy, 90:**:**:**:a5:59 time diff 9124411ms
04-03 22:27:32.634 2635 3059 D WificondScannerImpl: Filtering out scan result Sa***4g, ba:**:**:**:a9:b1 time diff 9989328ms
04-03 22:27:32.634 2635 3024 D WifiActiveModeWarden: there is no primary client manager, return the default one
04-03 22:27:32.634 2635 3059 D WificondScannerImpl: Filtering out scan result EMPTY, 7a:**:**:**:bc:ae time diff 4200422ms
04-03 22:27:32.634 2635 3059 D WificondScannerImpl: Filtering out scan result 70*** 2, 9c:**:**:**:8a:65 time diff 9358020ms
04-03 22:27:32.634 2635 3059 D WificondScannerImpl: Filtering out scan result Am***5g, a2:**:**:**:61:2c time diff 23554471ms
04-03 22:27:32.634 2635 3059 D WificondScannerImpl: Filtering out scan result OL***YL, 00:**:**:**:06:ec time diff 9877157ms
04-03 22:27:32.634 2635 3059 D WificondScannerImpl: Filtering out scan result Ai***72, 20:**:**:**:7c:91 time diff 25067663ms
04-03 22:27:32.635 2635 3059 D WificondScannerImpl: Filtering out scan result Ad***ce, 78:**:**:**:de:49 time diff 14833907ms
04-03 22:27:32.635 2635 3059 D WificondScannerImpl: Filtering out scan result RI***I , b8:**:**:**:a5:66 time diff 14794244ms
04-03 22:27:32.635 2635 3059 D WificondScannerImpl: Filtering out scan result Ji***yy, 40:**:**:**:0b:e5 time diff 4959451ms
04-03 22:27:32.635 2635 3059 D WificondScannerImpl: Filtering out scan result Ba***01, 24:**:**:**:98:36 time diff 4788528ms
04-03 22:27:32.635 2635 3059 D WificondScannerImpl: Filtering out scan result EMPTY, aa:**:**:**:ff:35 time diff 3636874ms
04-03 22:27:32.635 2635 3059 D WificondScannerImpl: Filtering out scan result Ji***5G, 8c:**:**:**:53:93 time diff 3384785ms
04-03 22:27:32.635 2635 3059 D WificondScannerImpl: Filtering out 13 scan results.
04-03 22:27:32.635 4414 31045 I NearbyMediums: Received advertisement header BleAdvertisementHeader { version=2, numSlots=2, serviceIdBloomFilter=[ 0x17 0x23 0x35 0x5a 0x32 0x34 0x11 0x32 0x23 0x2e ], advertisementHash=[ 0x87 0x63 0xc5 0xe8 ], psm=27614, supportExtendedAdvertisement=false}. Will retry reading its GATT advertisement.
04-03 22:27:32.636 4414 31045 I NearbyMediums: Not allow Gatt actions during scanning.
04-03 22:27:32.637 2635 3024 D WifiActiveModeWarden: there is no primary client manager, return the default one
04-03 22:27:32.637 2635 3024 D OplusScanResultsProxy: fewApNum:5
04-03 22:27:32.643 3836 8673 D PhoneInterfaceManager: [PhoneIntfMgr] QueryTelephonyChecker-getDataNetworkTypeForSubscriber: packageName = com.innowireless.xcal.mobile5, isGrant = true
04-03 22:27:32.649 4414 31602 I FrewleTileCacheManagerV: (REDACTED) Fetched %d AP models from cache
04-03 22:27:32.652 2635 2635 D OplusRouterBoostVendorCommImpl: isApGameDupPktSupport: mVendorCommEnabled = true, mApInfo.mApGameDupPkt = 0
04-03 22:27:32.652 2635 3147 D WifiManager: getScanResults check resulttrue
04-03 22:27:32.652 2635 2635 D WN_S : receive WifiManager.SCAN_RESULTS_AVAILABLE_ACTION
04-03 22:27:32.653 3270 3754 D WifiManager: getScanResults check resulttrue
04-03 22:27:32.654 2635 3024 D WakeupController: Attempted to handleScanResults while not enabled
04-03 22:27:32.654 4414 31602 D WifiManager: getScanResults check resulttrue
04-03 22:27:32.681 2635 3238 D LocationManagerService: incoming location from: network
04-03 22:27:32.683 2635 3238 D LocationManagerService: incoming location from: network
04-03 22:27:32.689 4414 5222 I fbsw : Received empty WiFi-RTT scan. [CONTEXT service_id=6 ]
04-03 22:27:32.709 3836 8673 D PhoneInterfaceManager: [PhoneIntfMgr] QueryTelephonyChecker-getDataNetworkTypeForSubscriber: packageName = com.innowireless.xcal.mobile5, isGrant = true
04-03 22:27:32.738 3836 4660 D PhoneInterfaceManager: [PhoneIntfMgr] QueryTelephonyChecker-getDataNetworkTypeForSubscriber: packageName = com.innowireless.xcal.mobile5, isGrant = true
04-03 22:27:32.791 1219 4348 I vendor.qti.bluetooth@1.0-ibs_handler: ProcessIbsCmd: Received IBS_SLEEP_IND: 0xFE
04-03 22:27:32.803 1219 4348 I vendor.qti.bluetooth@1.0-ibs_handler: ProcessIbsCmd: Received IBS_WAKE_IND: 0xFD
04-03 22:27:32.803 1219 4348 I vendor.qti.bluetooth@1.0-ibs_handler: ProcessIbsCmd: Writing IBS_WAKE_ACK
04-03 22:27:32.813 8162 10977 D GPS : NMEA is invaild.
04-03 22:27:32.813 8162 10977 D GPS : mNMEASatelites : 5
04-03 22:27:32.815 8162 10977 D GPS : Android GPS is invaild.
04-03 22:27:32.886 1219 4348 I vendor.qti.bluetooth@1.0-ibs_handler: ProcessIbsCmd: Received IBS_SLEEP_IND: 0xFE
04-03 22:27:32.967 1219 4348 I vendor.qti.bluetooth@1.0-ibs_handler: ProcessIbsCmd: Received IBS_WAKE_IND: 0xFD
04-03 22:27:32.968 1219 4348 I vendor.qti.bluetooth@1.0-ibs_handler: ProcessIbsCmd: Writing IBS_WAKE_ACK
04-03 22:27:32.996 3666 4099 D QtiRadiohidlIndication: onSignalStrengthChange: slotId = 0
04-03 22:27:32.996 3666 4099 D QtiRadioProxy: onSignalStrength slotId = 0 signalStrength = SignalStrength: Rsrp: -32768 Snr: -32768
04-03 22:27:32.997 3666 4101 D QtiRadioProxyHandler: : handleMessage msg.what = 11
04-03 22:27:32.997 3666 4101 D QtiRadioProxyHandler: : EVENT_ON_SIGNAL_STRENGTH
04-03 22:27:32.997 3666 4101 D QtiRadioProxy: onSignalStrength: Responding back for transaction = null
04-03 22:27:32.998 3881 9422 D NrNetworkService: onSignalStrength: slotId=0 token=Token: -1 status=Status: 1 signalStrength=SignalStrength: Rsrp: -32768 Snr: -32768
04-03 22:27:32.999 3666 4101 D QtiRadioProxy: onSignalStrength: Responding back for transaction = null
04-03 22:27:33.000 3666 4101 D QtiRadioProxy: onSignalStrength: Responding back for transaction = null
04-03 22:27:33.001 3836 4660 D ExtPhoneCallbackBase: UNIMPLEMENTED: onSignalStrength: slotId = 0 token = Token: -1 statusStatus: 1 signalStrength = SignalStrength: Rsrp: -32768 Snr: -32768
04-03 22:27:33.001 3666 4101 D QtiRadioProxy: onSignalStrength: Responding back for transaction = null
04-03 22:27:33.001 3836 4660 D ExtPhoneCallbackBase: UNIMPLEMENTED: onSignalStrength: slotId = 0 token = Token: -1 statusStatus: 1 signalStrength = SignalStrength: Rsrp: -32768 Snr: -32768
04-03 22:27:33.002 3666 4101 D QtiRadioProxy: onSignalStrength: Responding back for transaction = null
04-03 22:27:33.002 3836 4660 D ExtPhoneCallbackBase: UNIMPLEMENTED: onSignalStrength: slotId = 0 token = Token: -1 statusStatus: 1 signalStrength = SignalStrength: Rsrp: -32768 Snr: -32768
04-03 22:27:33.002 3666 4101 D QtiRadioProxy: onSignalStrength: Responding back for transaction = null
04-03 22:27:33.003 3836 4660 D ExtPhoneCallbackBase: UNIMPLEMENTED: onSignalStrength: slotId = 0 token = Token: -1 statusStatus: 1 signalStrength = SignalStrength: Rsrp: -32768 Snr: -32768
04-03 22:27:33.025 3270 3754 D NetworkController.MobileSignalController(7): onMobileStatusChanged= updateTelephony=true mobileStatus=[activityIn=false,activityOut=false,dataSim=true,carrierNetworkChangeMode=false,dataState=2,serviceState=mVoiceRegState=0(IN_SERVICE), mDataRegState=0(IN_SERVICE),signalStrength=4,telephonyDisplayInfo=TelephonyDisplayInfo {network=LTE, override=NR_NSA}]
04-03 22:27:33.151 2635 2721 D OplusLocationStatistics: on recordTaskMark, key: gnssReportLocation
04-03 22:27:33.152 2635 2655 D LocationManagerService: incoming location from: gps
04-03 22:27:33.153 2635 2655 D LocationManagerService: incoming location from: gps
04-03 22:27:33.165 4414 5222 I FusedLocation: (REDACTED) location delivery to %s blocked - too close
04-03 22:27:33.166 4414 5222 I FusedLocation: (REDACTED) location delivery to %s blocked - too fast
04-03 22:27:33.167 4414 5222 I FusedLocation: (REDACTED) location delivery to %s blocked - too close
04-03 22:27:33.168 2635 3238 D LocationManagerService: incoming location from: fused
04-03 22:27:33.168 2635 3238 D LocationManagerService: incoming location from: fused
04-03 22:27:33.190 3836 20675 D PhoneInterfaceManager: [PhoneIntfMgr] QueryTelephonyChecker-getDataNetworkTypeForSubscriber: packageName = com.innowireless.xcal.mobile5, isGrant = true
04-03 22:27:33.208 4414 31732 I NearbyMediums: Received advertisement header BleAdvertisementHeader { version=2, numSlots=2, serviceIdBloomFilter=[ 0x17 0x23 0x35 0x5a 0x32 0x34 0x11 0x32 0x23 0x2e ], advertisementHash=[ 0x87 0x63 0xc5 0xe8 ], psm=27614, supportExtendedAdvertisement=false}. Will retry reading its GATT advertisement.
04-03 22:27:33.209 4414 31732 I NearbyMediums: Not allow Gatt actions during scanning.
04-03 22:27:33.244 4414 31611 I NearbyMediums: Found Fast Ble Advertisements :
04-03 22:27:33.244 4414 31611 I NearbyMediums: BleAdvertisement { version=2, socketVersion=2, isFast=true, serviceIdHash=null, data=[ 0x23 0x35 0x5a 0x32 0x34 0x11 0x32 0x23 0x2e 0x87 0x63 0xc5 0xe8 0x6b 0xde 0xd8 0xb4 0xf9 0xcc 0xb0 0x7b 0xe1 0xb9 ], deviceToken=[ 0xff 0x0b ], rxAdvertisement=null } : 8 times.
04-03 22:27:33.244 4414 31611 I NearbyMediums: BleAdvertisement { version=2, socketVersion=2, isFast=true, serviceIdHash=null, data=[ 0x23 0x4a 0x32 0x52 0x54 0x11 0x34 0x28 0x68 0x0d 0xd3 0x3e 0x66 0xe1 0xda 0xb2 0x19 0xb7 0xc3 0xfb 0x59 0xab 0x39 ], deviceToken=[ 0x34 0xb6 ], rxAdvertisement=null } : 11 times.
04-03 22:27:33.244 4414 31611 I NearbyMediums: Total 19 fast advertisements from 2 unique advertisers.
04-03 22:27:33.244 4414 31611 I NearbyMediums: Found BLE GATT Advertisements :
04-03 22:27:33.244 4414 31611 I NearbyMediums: BleAdvertisement { version=2, socketVersion=2, isFast=false, serviceIdHash=[ 0xfc 0x9f 0x5e ], data=[ 0x23 0xfc 0x9f 0x5e 0x45 0x37 0x37 0x50 0x1d 0x06 0x2e 0x32 0xdb 0x0c 0x22 0x06 0xe8 0xd7 0xac 0x9e 0x48 0x95 0xe4 0x57 0x9f 0x7a 0x0b 0x50 0x72 0x61 0x74 0x69 0x6b 0x27 0x73 0x20 0x50 0x43 0x30 0x89 0x4a 0xc6 0x21 0x12 0x00 0x00 ], deviceToken=[ 0x11 0xe0 ], rxAdvertisement=null } : 12 times.
04-03 22:27:33.244 4414 31611 I NearbyMediums: Total 12 GATT advertisements from 1 unique advertisers.
04-03 22:27:33.248 5064 11036 D DebugReportServiceHidlClient: getReport 1.1...
04-03 22:27:33.249 1229 1229 E LocSvc_HIDL_DebugReportService: Invalid count: 0
04-03 22:27:33.249 1229 1229 E LocSvc_HIDL_DebugReportService: Invalid count: 0
04-03 22:27:33.249 1229 1229 E LocSvc_HIDL_DebugReportService: Invalid count: 0
04-03 22:27:33.249 1229 1229 E LocSvc_HIDL_DebugReportService: Invalid count: 0
04-03 22:27:33.249 5064 11036 D DebugReportServiceHidlClient: getReport 1.1 success: true
04-03 22:27:33.249 5064 11036 D DebugReportServiceHidlClient: getReport 1.0 success: true
04-03 22:27:33.311 3836 20675 D PhoneInterfaceManager: [PhoneIntfMgr] QueryTelephonyChecker-getDataNetworkTypeForSubscriber: packageName = com.innowireless.xcal.mobile5, isGrant = true
04-03 22:27:33.414 2635 3024 D WifiActiveModeWarden: there is no primary client manager, return the default one
04-03 22:27:33.475 1219 4348 I vendor.qti.bluetooth@1.0-ibs_handler: ProcessIbsCmd: Received IBS_SLEEP_IND: 0xFE
04-03 22:27:33.475 1255 1255 I android.hardware.thermal@2.0-service.qti: Sensor Name:shell_frametemp: 39.9. prev severity:0. cur severity:0 New severity:0
04-03 22:27:33.477 1255 1255 I android.hardware.thermal@2.0-service.qti: Sensor Name:skintemp: 42.577. prev severity:0. cur severity:3 New severity:3
04-03 22:27:33.477 1255 1255 I android.hardware.thermal@2.0-service.qti: Sensor Name:shell_fronttemp: 39.9. prev severity:0. cur severity:0 New severity:0
04-03 22:27:33.477 1255 1255 I android.hardware.thermal@2.0-service.qti: Sensor Name:shell_backtemp: 39.9. prev severity:0. cur severity:0 New severity:0
04-03 22:27:33.497 3836 20675 D PhoneInterfaceManager: [PhoneIntfMgr] QueryTelephonyChecker-getDataNetworkTypeForSubscriber: packageName = com.innowireless.xcal.mobile5, isGrant = true
04-03 22:27:33.524 2635 2705 D OplusFeatureBrightnessBarController: mDarkLevel: 0
04-03 22:27:33.541 3836 20675 D PhoneInterfaceManager: [PhoneIntfMgr] QueryTelephonyChecker-getDataNetworkTypeForSubscriber: packageName = com.innowireless.xcal.mobile5, isGrant = true
04-03 22:27:33.598 3836 20675 D PhoneInterfaceManager: [PhoneIntfMgr] QueryTelephonyChecker-getDataNetworkTypeForSubscriber: packageName = com.innowireless.xcal.mobile5, isGrant = true
04-03 22:27:33.601 2635 3024 D WifiActiveModeWarden: there is no primary client manager, return the default one
04-03 22:27:33.601 2635 3967 D WifiService: getWifiEnabledState primaryClientMode is mDefaultClientModeManager
04-03 22:27:33.601 3836 20675 D PhoneInterfaceManager: [PhoneIntfMgr] QueryTelephonyChecker-getDataNetworkTypeForSubscriber: packageName = com.innowireless.xcal.mobile5, isGrant = true
04-03 22:27:33.609 3836 20675 D PhoneInterfaceManager: [PhoneIntfMgr] QueryTelephonyChecker-getDataNetworkTypeForSubscriber: packageName = com.innowireless.xcal.mobile5, isGrant = true
04-03 22:27:33.687 3836 20675 D PhoneInterfaceManager: [PhoneIntfMgr] QueryTelephonyChecker-getDataNetworkTypeForSubscriber: packageName = com.innowireless.xcal.mobile5, isGrant = true
04-03 22:27:33.739 3836 20675 D PhoneInterfaceManager: [PhoneIntfMgr] QueryTelephonyChecker-getDataNetworkTypeForSubscriber: packageName = com.innowireless.xcal.mobile5, isGrant = true
04-03 22:27:33.819 8162 10977 D GPS : NMEA is invaild.
04-03 22:27:33.820 8162 10977 D GPS : mNMEASatelites : 6
04-03 22:27:33.824 8162 10977 D GPS : Android GPS is invaild.
04-03 22:27:33.888 1219 4348 I vendor.qti.bluetooth@1.0-ibs_handler: ProcessIbsCmd: Received IBS_WAKE_IND: 0xFD
04-03 22:27:33.888 1219 4348 I vendor.qti.bluetooth@1.0-ibs_handler: ProcessIbsCmd: Writing IBS_WAKE_ACK
04-03 22:27:34.015 2635 3024 D WifiActiveModeWarden: there is no primary client manager, return the default one
04-03 22:27:34.015 2635 3967 D WifiService: getWifiEnabledState primaryClientMode is mDefaultClientModeManager
04-03 22:27:34.017 4414 5588 W Settings: Setting airplane_mode_on has moved from android.provider.Settings.System to android.provider.Settings.Global, returning read-only value.
04-03 22:27:34.022 4414 31602 W SystemServiceRegistry: No service published for: wifirtt
04-03 22:27:34.036 2635 3024 D WifiActiveModeWarden: there is no primary client manager, return the default one
04-03 22:27:34.036 2635 3024 D WifiActiveModeWarden: there is no primary client manager, return the default one
04-03 22:27:34.054 1219 4348 I vendor.qti.bluetooth@1.0-ibs_handler: ProcessIbsCmd: Received IBS_SLEEP_IND: 0xFE
04-03 22:27:34.149 2635 2680 D OplusLocationStatistics: on recordTaskMark, key: gnssReportLocation
04-03 22:27:34.149 2635 2655 D LocationManagerService: incoming location from: gps
04-03 22:27:34.151 2635 2655 D LocationManagerService: incoming location from: gps
04-03 22:27:34.165 4414 5222 I FusedLocation: (REDACTED) location delivery to %s blocked - too close
04-03 22:27:34.167 4414 5222 I FusedLocation: (REDACTED) location delivery to %s blocked - too fast
04-03 22:27:34.167 4414 5222 I FusedLocation: (REDACTED) location delivery to %s blocked - too close
04-03 22:27:34.168 2635 3967 D LocationManagerService: incoming location from: fused
04-03 22:27:34.168 2635 3967 D LocationManagerService: incoming location from: fused
04-03 22:27:34.189 3836 20675 D PhoneInterfaceManager: [PhoneIntfMgr] QueryTelephonyChecker-getDataNetworkTypeForSubscriber: packageName = com.innowireless.xcal.mobile5, isGrant = true
04-03 22:27:34.249 5064 11036 D DebugReportServiceHidlClient: getReport 1.1...
04-03 22:27:34.249 1229 1229 E LocSvc_HIDL_DebugReportService: Invalid count: 0
04-03 22:27:34.249 1229 1229 E LocSvc_HIDL_DebugReportService: Invalid count: 0
04-03 22:27:34.249 1229 1229 E LocSvc_HIDL_DebugReportService: Invalid count: 0
04-03 22:27:34.249 1229 1229 E LocSvc_HIDL_DebugReportService: Invalid count: 0
04-03 22:27:34.250 5064 11036 D DebugReportServiceHidlClient: getReport 1.1 success: true
04-03 22:27:34.250 5064 11036 D DebugReportServiceHidlClient: getReport 1.0 success: true
04-03 22:27:34.310 3836 20675 D PhoneInterfaceManager: [PhoneIntfMgr] QueryTelephonyChecker-getDataNetworkTypeForSubscriber: packageName = com.innowireless.xcal.mobile5, isGrant = true
04-03 22:27:34.369 1219 4357 I vendor.qti.bluetooth@1.0-ibs_handler: DeviceSleep: TX Awake, Sending SLEEP_IND
04-03 22:27:34.369 1219 4357 D vendor.qti.bluetooth@1.0-ibs_handler: SerialClockVote: vote for UART CLK OFF
04-03 22:27:34.416 2635 3024 D WifiActiveModeWarden: there is no primary client manager, return the default one
04-03 22:27:34.467 1219 4348 I vendor.qti.bluetooth@1.0-ibs_handler: ProcessIbsCmd: Received IBS_WAKE_IND: 0xFD
04-03 22:27:34.468 1219 4348 D vendor.qti.bluetooth@1.0-ibs_handler: SerialClockVote: vote for UART CLK ON
04-03 22:27:34.468 1219 4348 I vendor.qti.bluetooth@1.0-ibs_handler: ProcessIbsCmd: Writing IBS_WAKE_ACK
04-03 22:27:34.484 1255 1255 I android.hardware.thermal@2.0-service.qti: Sensor Name:shell_frametemp: 39.9. prev severity:0. cur severity:0 New severity:0
04-03 22:27:34.486 1255 1255 I android.hardware.thermal@2.0-service.qti: Sensor Name:skintemp: 42.423. prev severity:0. cur severity:3 New severity:3
04-03 22:27:34.487 1255 1255 I android.hardware.thermal@2.0-service.qti: Sensor Name:shell_fronttemp: 39.9. prev severity:0. cur severity:0 New severity:0
04-03 22:27:34.487 1255 1255 I android.hardware.thermal@2.0-service.qti: Sensor Name:shell_backtemp: 39.9. prev severity:0. cur severity:0 New severity:0
04-03 22:27:34.495 3836 20675 D PhoneInterfaceManager: [PhoneIntfMgr] QueryTelephonyChecker-getDataNetworkTypeForSubscriber: packageName = com.innowireless.xcal.mobile5, isGrant = true
04-03 22:27:34.525 3247 4531 D OplusBluetoothSarManager: onDataActivity() direction: 3
04-03 22:27:34.525 3247 4531 D OplusBluetoothSarManager: getBaseSarMode() isBluetoothTx: true, isCellularTx: true, is2_4GWifiTx: false, is5GWifiTx: false, isReceiverOn: false
04-03 22:27:34.525 3247 4531 D OplusBluetoothSarManager: getSarMode() baseSarMode: BT_WWAN_BODY_SAR_MODE(9)
04-03 22:27:34.525 3247 4531 D OplusBluetoothSarManager: getSarMode() newSarMode: BT_WWAN_BODY_SAR_MODE(25)
04-03 22:27:34.525 3247 4531 D OplusBluetoothSarManager: currentSarMode: BT_BODY_SAR_MODE(17), newSarMode: BT_WWAN_BODY_SAR_MODE(25)
04-03 22:27:34.525 3247 4531 D oplus_bt_power: set_max_power_impl mode: 25
04-03 22:27:34.525 3247 4531 I oplus_bt_power: set_max_power_impl start parsing config file
04-03 22:27:34.526 3247 4531 I oplus_bt_power: set_max_power_impl continue parsing config file
04-03 22:27:34.526 3247 4531 D oplus_bt_power: set_max_power_impl, sar_mode=25, br_sar=0x2a, edr_sar=0x20, ble_sar=0x28
04-03 22:27:34.527 1219 1219 I vendor.qti.bluetooth@1.0-ibs_handler: DeviceWakeUp: Writing IBS_WAKE_IND
04-03 22:27:34.527 3270 3754 D NetworkController.MobileSignalController(7): onMobileStatusChanged= updateTelephony=false mobileStatus=[activityIn=true,activityOut=true,dataSim=true,carrierNetworkChangeMode=false,dataState=2,serviceState=mVoiceRegState=0(IN_SERVICE), mDataRegState=0(IN_SERVICE),signalStrength=4,telephonyDisplayInfo=TelephonyDisplayInfo {network=LTE, override=NR_NSA}]
04-03 22:27:34.527 1219 4348 I vendor.qti.bluetooth@1.0-ibs_handler: ProcessIbsCmd: Received IBS_WAKE_ACK: 0xFC
04-03 22:27:34.527 1219 4348 I vendor.qti.bluetooth@1.0-ibs_handler: ProcessIbsCmd: Signal wack_cond_
04-03 22:27:34.527 1219 1219 D vendor.qti.bluetooth@1.0-ibs_handler: DeviceWakeUp: Unblocked from waiting for FC, pthread_cond_timedwait ret = 0
04-03 22:27:34.530 3247 4353 D oplus_bt_power: power_cntrl_callback: param->opcode=fcda subopcode=e status=0
04-03 22:27:34.539 3836 8673 D PhoneInterfaceManager: [PhoneIntfMgr] QueryTelephonyChecker-getDataNetworkTypeForSubscriber: packageName = com.innowireless.xcal.mobile5, isGrant = true
04-03 22:27:34.560 3270 3754 I BaseMobileSignalControllerExt: showDataIcon:true
04-03 22:27:34.599 3836 4660 D PhoneInterfaceManager: [PhoneIntfMgr] QueryTelephonyChecker-getDataNetworkTypeForSubscriber: packageName = com.innowireless.xcal.mobile5, isGrant = true
04-03 22:27:34.601 3836 4660 D PhoneInterfaceManager: [PhoneIntfMgr] QueryTelephonyChecker-getDataNetworkTypeForSubscriber: packageName = com.innowireless.xcal.mobile5, isGrant = true
04-03 22:27:34.614 1219 4348 I vendor.qti.bluetooth@1.0-ibs_handler: ProcessIbsCmd: Received IBS_SLEEP_IND: 0xFE
04-03 22:27:34.625 1219 4348 I vendor.qti.bluetooth@1.0-ibs_handler: ProcessIbsCmd: Received IBS_WAKE_IND: 0xFD
04-03 22:27:34.625 1219 4348 I vendor.qti.bluetooth@1.0-ibs_handler: ProcessIbsCmd: Writing IBS_WAKE_ACK
04-03 22:27:34.630 4414 31611 I NearbyMediums: Received advertisement header BleAdvertisementHeader { version=2, numSlots=2, serviceIdBloomFilter=[ 0x17 0x23 0x35 0x5a 0x32 0x34 0x11 0x32 0x23 0x2e ], advertisementHash=[ 0x87 0x63 0xc5 0xe8 ], psm=27614, supportExtendedAdvertisement=false}. Will retry reading its GATT advertisement.
04-03 22:27:34.630 4414 31611 I NearbyMediums: Not allow Gatt actions during scanning.
04-03 22:27:34.641 3836 8673 D PhoneInterfaceManager: [PhoneIntfMgr] QueryTelephonyChecker-getDataNetworkTypeForSubscriber: packageName = com.innowireless.xcal.mobile5, isGrant = true
04-03 22:27:34.643 2635 3024 D WifiActiveModeWarden: there is no primary client manager, return the default one
04-03 22:27:34.643 2635 7201 D WifiService: getWifiEnabledState primaryClientMode is mDefaultClientModeManager
04-03 22:27:34.659 3836 4660 D PhoneInterfaceManager: [PhoneIntfMgr] QueryTelephonyChecker-getDataNetworkTypeForSubscriber: packageName = com.innowireless.xcal.mobile5, isGrant = true
04-03 22:27:34.706 1219 4348 I vendor.qti.bluetooth@1.0-ibs_handler: ProcessIbsCmd: Received IBS_SLEEP_IND: 0xFE
04-03 22:27:34.739 3836 8673 D PhoneInterfaceManager: [PhoneIntfMgr] QueryTelephonyChecker-getDataNetworkTypeForSubscriber: packageName = com.innowireless.xcal.mobile5, isGrant = true
04-03 22:27:34.817 8162 10977 D GPS : NMEA is invaild.
04-03 22:27:34.818 8162 10977 D GPS : mNMEASatelites : 6
04-03 22:27:34.823 8162 10977 D GPS : Android GPS is invaild.
04-03 22:27:35.149 2635 3000 D OplusLocationStatistics: on recordTaskMark, key: gnssReportLocation
04-03 22:27:35.149 2635 2655 D LocationManagerService: incoming location from: gps
04-03 22:27:35.150 2635 2655 D LocationManagerService: incoming location from: gps
04-03 22:27:35.160 1219 4348 I vendor.qti.bluetooth@1.0-ibs_handler: ProcessIbsCmd: Received IBS_WAKE_IND: 0xFD
04-03 22:27:35.160 1219 4348 I vendor.qti.bluetooth@1.0-ibs_handler: ProcessIbsCmd: Writing IBS_WAKE_ACK
04-03 22:27:35.162 4414 5222 I FusedLocation: (REDACTED) location delivery to %s blocked - too close
04-03 22:27:35.163 4414 5222 I FusedLocation: (REDACTED) location delivery to %s blocked - too fast
04-03 22:27:35.163 4414 5222 I FusedLocation: (REDACTED) location delivery to %s blocked - too close
04-03 22:27:35.164 2635 3238 D LocationManagerService: incoming location from: fused
04-03 22:27:35.164 2635 3238 D LocationManagerService: incoming location from: fused
04-03 22:27:35.190 3836 8673 D PhoneInterfaceManager: [PhoneIntfMgr] QueryTelephonyChecker-getDataNetworkTypeForSubscriber: packageName = com.innowireless.xcal.mobile5, isGrant = true
04-03 22:27:35.246 1219 4348 I vendor.qti.bluetooth@1.0-ibs_handler: ProcessIbsCmd: Received IBS_SLEEP_IND: 0xFE
04-03 22:27:35.247 1219 4348 I vendor.qti.bluetooth@1.0-ibs_handler: ProcessIbsCmd: Received IBS_WAKE_IND: 0xFD
04-03 22:27:35.247 1219 4348 I vendor.qti.bluetooth@1.0-ibs_handler: ProcessIbsCmd: Writing IBS_WAKE_ACK
04-03 22:27:35.249 5064 11036 D DebugReportServiceHidlClient: getReport 1.1...
04-03 22:27:35.249 1229 1229 E LocSvc_HIDL_DebugReportService: Invalid count: 0
04-03 22:27:35.249 1229 1229 E LocSvc_HIDL_DebugReportService: Invalid count: 0
04-03 22:27:35.249 1229 1229 E LocSvc_HIDL_DebugReportService: Invalid count: 0
04-03 22:27:35.249 1229 1229 E LocSvc_HIDL_DebugReportService: Invalid count: 0
04-03 22:27:35.249 5064 11036 D DebugReportServiceHidlClient: getReport 1.1 success: true
04-03 22:27:35.249 5064 11036 D DebugReportServiceHidlClient: getReport 1.0 success: true
04-03 22:27:35.310 3836 8673 D PhoneInterfaceManager: [PhoneIntfMgr] QueryTelephonyChecker-getDataNetworkTypeForSubscriber: packageName = com.innowireless.xcal.mobile5, isGrant = true
04-03 22:27:35.344 3836 8673 D PhoneInterfaceManager: [PhoneIntfMgr] QueryTelephonyChecker-getDataNetworkTypeForSubscriber: packageName = com.innowireless.xcal.mobile5, isGrant = true
04-03 22:27:35.346 2635 3024 D WifiActiveModeWarden: there is no primary client manager, return the default one
04-03 22:27:35.347 2635 3238 D WifiService: getWifiEnabledState primaryClientMode is mDefaultClientModeManager
04-03 22:27:35.408 3836 8673 D PhoneInterfaceManager: [PhoneIntfMgr] QueryTelephonyChecker-getDataNetworkTypeForSubscriber: packageName = com.innowireless.xcal.mobile5, isGrant = true
04-03 22:27:35.419 2635 3024 D WifiActiveModeWarden: there is no primary client manager, return the default one
04-03 22:27:35.470 3836 8673 D PhoneInterfaceManager: [PhoneIntfMgr] QueryTelephonyChecker-getDataNetworkTypeForSubscriber: packageName = com.innowireless.xcal.mobile5, isGrant = true
04-03 22:27:35.486 1255 1255 I android.hardware.thermal@2.0-service.qti: Sensor Name:shell_frametemp: 39.9. prev severity:0. cur severity:0 New severity:0
04-03 22:27:35.492 1255 1255 I android.hardware.thermal@2.0-service.qti: Sensor Name:skintemp: 42.415. prev severity:0. cur severity:3 New severity:3
04-03 22:27:35.493 1255 1255 I android.hardware.thermal@2.0-service.qti: Sensor Name:shell_fronttemp: 39.9. prev severity:0. cur severity:0 New severity:0
04-03 22:27:35.493 1255 1255 I android.hardware.thermal@2.0-service.qti: Sensor Name:shell_backtemp: 39.9. prev severity:0. cur severity:0 New severity:0
04-03 22:27:35.498 3836 8673 D PhoneInterfaceManager: [PhoneIntfMgr] QueryTelephonyChecker-getDataNetworkTypeForSubscriber: packageName = com.innowireless.xcal.mobile5, isGrant = true
04-03 22:27:35.509 1219 4348 I vendor.qti.bluetooth@1.0-ibs_handler: ProcessIbsCmd: Received IBS_SLEEP_IND: 0xFE
04-03 22:27:35.539 3247 4531 D OplusBluetoothSarManager: onDataActivity() direction: 0
04-03 22:27:35.539 3836 8673 D PhoneInterfaceManager: [PhoneIntfMgr] QueryTelephonyChecker-getDataNetworkTypeForSubscriber: packageName = com.innowireless.xcal.mobile5, isGrant = true
04-03 22:27:35.539 3247 4531 D OplusBluetoothSarManager: getBaseSarMode() isBluetoothTx: true, isCellularTx: false, is2_4GWifiTx: false, is5GWifiTx: false, isReceiverOn: false
04-03 22:27:35.539 3247 4531 D OplusBluetoothSarManager: getSarMode() baseSarMode: BT_BODY_SAR_MODE(1)
04-03 22:27:35.539 3247 4531 D OplusBluetoothSarManager: getSarMode() newSarMode: BT_BODY_SAR_MODE(17)
04-03 22:27:35.539 3247 4531 D OplusBluetoothSarManager: currentSarMode: BT_WWAN_BODY_SAR_MODE(25), newSarMode: BT_BODY_SAR_MODE(17)
04-03 22:27:35.539 3247 4531 D oplus_bt_power: set_max_power_impl mode: 17
04-03 22:27:35.539 3247 4531 I oplus_bt_power: set_max_power_impl start parsing config file
04-03 22:27:35.539 3247 4531 I oplus_bt_power: set_max_power_impl continue parsing config file
04-03 22:27:35.539 3247 4531 D oplus_bt_power: set_max_power_impl, sar_mode=17, br_sar=0x2a, edr_sar=0x20, ble_sar=0x28
04-03 22:27:35.542 3270 3754 D NetworkController.MobileSignalController(7): onMobileStatusChanged= updateTelephony=false mobileStatus=[activityIn=false,activityOut=false,dataSim=true,carrierNetworkChangeMode=false,dataState=2,serviceState=mVoiceRegState=0(IN_SERVICE), mDataRegState=0(IN_SERVICE),signalStrength=4,telephonyDisplayInfo=TelephonyDisplayInfo {network=LTE, override=NR_NSA}]
04-03 22:27:35.542 1219 4348 I vendor.qti.bluetooth@1.0-ibs_handler: ProcessIbsCmd: Received IBS_WAKE_IND: 0xFD
04-03 22:27:35.542 1219 4348 I vendor.qti.bluetooth@1.0-ibs_handler: ProcessIbsCmd: Writing IBS_WAKE_ACK
04-03 22:27:35.543 3247 4353 D oplus_bt_power: power_cntrl_callback: param->opcode=fcda subopcode=e status=0
04-03 22:27:35.562 3270 3754 I BaseMobileSignalControllerExt: showDataIcon:true
04-03 22:27:35.576 2635 3024 D WifiActiveModeWarden: there is no primary client manager, return the default one
04-03 22:27:35.583 3247 4353 W bt_l2cap: L2CAP - Calling CongestionStatus_Cb (true),CID:0x0047,XmitQ:21,Quota:20
04-03 22:27:35.586 3836 8673 D PhoneInterfaceManager: [PhoneIntfMgr] QueryTelephonyChecker-getDataNetworkTypeForSubscriber: packageName = com.innowireless.xcal.mobile5, isGrant = true
04-03 22:27:35.599 3836 8673 D PhoneInterfaceManager: [PhoneIntfMgr] QueryTelephonyChecker-getDataNetworkTypeForSubscriber: packageName = com.innowireless.xcal.mobile5, isGrant = true
04-03 22:27:35.652 1219 4348 I vendor.qti.bluetooth@1.0-ibs_handler: ProcessIbsCmd: Received IBS_SLEEP_IND: 0xFE
04-03 22:27:35.681 3836 20675 D PhoneInterfaceManager: [PhoneIntfMgr] QueryTelephonyChecker-getDataNetworkTypeForSubscriber: packageName = com.innowireless.xcal.mobile5, isGrant = true
04-03 22:27:35.687 3836 8673 D PhoneInterfaceManager: [PhoneIntfMgr] QueryTelephonyChecker-getDataNetworkTypeForSubscriber: packageName = com.innowireless.xcal.mobile5, isGrant = true
04-03 22:27:35.690 2635 3024 D WifiActiveModeWarden: there is no primary client manager, return the default one
04-03 22:27:35.690 2635 3967 D WifiService: getWifiEnabledState primaryClientMode is mDefaultClientModeManager
04-03 22:27:35.741 3836 20675 D PhoneInterfaceManager: [PhoneIntfMgr] QueryTelephonyChecker-getDataNetworkTypeForSubscriber: packageName = com.innowireless.xcal.mobile5, isGrant = true
04-03 22:27:35.744 1219 4348 I vendor.qti.bluetooth@1.0-ibs_handler: ProcessIbsCmd: Received IBS_WAKE_IND: 0xFD
04-03 22:27:35.745 1219 4348 I vendor.qti.bluetooth@1.0-ibs_handler: ProcessIbsCmd: Writing IBS_WAKE_ACK
04-03 22:27:35.819 8162 10977 D GPS : NMEA is invaild.
04-03 22:27:35.819 8162 10977 D GPS : mNMEASatelites : 6
04-03 22:27:35.825 8162 10977 D GPS : Android GPS is invaild.
04-03 22:27:35.869 1219 4348 I vendor.qti.bluetooth@1.0-ibs_handler: ProcessIbsCmd: Received IBS_SLEEP_IND: 0xFE
04-03 22:27:35.892 1219 4348 I vendor.qti.bluetooth@1.0-ibs_handler: ProcessIbsCmd: Received IBS_WAKE_IND: 0xFD
04-03 22:27:35.893 1219 4348 I vendor.qti.bluetooth@1.0-ibs_handler: ProcessIbsCmd: Writing IBS_WAKE_ACK
04-03 22:27:35.928 3270 3270 D OplusPrivacyDotViewController: scheduleUpdate:
04-03 22:27:36.073 1219 4348 I vendor.qti.bluetooth@1.0-ibs_handler: ProcessIbsCmd: Received IBS_SLEEP_IND: 0xFE
04-03 22:27:36.136 1219 4348 I vendor.qti.bluetooth@1.0-ibs_handler: ProcessIbsCmd: Received IBS_WAKE_IND: 0xFD
04-03 22:27:36.137 1219 4348 I vendor.qti.bluetooth@1.0-ibs_handler: ProcessIbsCmd: Writing IBS_WAKE_ACK
04-03 22:27:36.145 3247 4353 W bt_l2cap: L2CAP - Calling CongestionStatus_Cb (true),CID:0x0047,XmitQ:21,Quota:20
04-03 22:27:36.148 2635 2721 D OplusLocationStatistics: on recordTaskMark, key: gnssReportLocation
04-03 22:27:36.149 2635 2655 D LocationManagerService: incoming location from: gps
04-03 22:27:36.151 2635 2655 D LocationManagerService: incoming location from: gps
04-03 22:27:36.161 4414 5222 I FusedLocation: (REDACTED) location delivery to %s blocked - too close
04-03 22:27:36.162 4414 5222 I FusedLocation: (REDACTED) location delivery to %s blocked - too fast
04-03 22:27:36.163 4414 5222 I FusedLocation: (REDACTED) location delivery to %s blocked - too close
04-03 22:27:36.163 2635 7201 D LocationManagerService: incoming location from: fused
04-03 22:27:36.163 2635 7201 D LocationManagerService: incoming location from: fused
04-03 22:27:36.190 3836 20675 D PhoneInterfaceManager: [PhoneIntfMgr] QueryTelephonyChecker-getDataNetworkTypeForSubscriber: packageName = com.innowireless.xcal.mobile5, isGrant = true
04-03 22:27:36.224 1219 4348 I vendor.qti.bluetooth@1.0-ibs_handler: ProcessIbsCmd: Received IBS_SLEEP_IND: 0xFE
04-03 22:27:36.249 5064 11036 D DebugReportServiceHidlClient: getReport 1.1...
04-03 22:27:36.250 1229 1229 E LocSvc_HIDL_DebugReportService: Invalid count: 0
04-03 22:27:36.250 1229 1229 E LocSvc_HIDL_DebugReportService: Invalid count: 0
04-03 22:27:36.250 1229 1229 E LocSvc_HIDL_DebugReportService: Invalid count: 0
04-03 22:27:36.250 1229 1229 E LocSvc_HIDL_DebugReportService: Invalid count: 0
04-03 22:27:36.251 5064 11036 D DebugReportServiceHidlClient: getReport 1.1 success: true
04-03 22:27:36.251 5064 11036 D DebugReportServiceHidlClient: getReport 1.0 success: true
04-03 22:27:36.293 1219 4348 I vendor.qti.bluetooth@1.0-ibs_handler: ProcessIbsCmd: Received IBS_WAKE_IND: 0xFD
04-03 22:27:36.293 1219 4348 I vendor.qti.bluetooth@1.0-ibs_handler: ProcessIbsCmd: Writing IBS_WAKE_ACK
04-03 22:27:36.310 3836 20675 D PhoneInterfaceManager: [PhoneIntfMgr] QueryTelephonyChecker-getDataNetworkTypeForSubscriber: packageName = com.innowireless.xcal.mobile5, isGrant = true
04-03 22:27:36.323 2635 2705 D OplusFeatureBrightnessBarController: mDarkLevel: 0
04-03 22:27:36.420 2635 3024 D WifiActiveModeWarden: there is no primary client manager, return the default one
04-03 22:27:36.491 1255 1255 I android.hardware.thermal@2.0-service.qti: Sensor Name:shell_frametemp: 39.9. prev severity:0. cur severity:0 New severity:0
04-03 22:27:36.493 1255 1255 I android.hardware.thermal@2.0-service.qti: Sensor Name:skintemp: 42.521. prev severity:0. cur severity:3 New severity:3
04-03 22:27:36.494 1255 1255 I android.hardware.thermal@2.0-service.qti: Sensor Name:shell_fronttemp: 39.9. prev severity:0. cur severity:0 New severity:0
04-03 22:27:36.494 1255 1255 I android.hardware.thermal@2.0-service.qti: Sensor Name:shell_backtemp: 39.9. prev severity:0. cur severity:0 New severity:0
04-03 22:27:36.502 3836 20675 D PhoneInterfaceManager: [PhoneIntfMgr] QueryTelephonyChecker-getDataNetworkTypeForSubscriber: packageName = com.innowireless.xcal.mobile5, isGrant = true
04-03 22:27:36.543 3836 20675 D PhoneInterfaceManager: [PhoneIntfMgr] QueryTelephonyChecker-getDataNetworkTypeForSubscriber: packageName = com.innowireless.xcal.mobile5, isGrant = true
04-03 22:27:36.601 3836 8673 D PhoneInterfaceManager: [PhoneIntfMgr] QueryTelephonyChecker-getDataNetworkTypeForSubscriber: packageName = com.innowireless.xcal.mobile5, isGrant = true
04-03 22:27:36.609 3836 20675 D PhoneInterfaceManager: [PhoneIntfMgr] QueryTelephonyChecker-getDataNetworkTypeForSubscriber: packageName = com.innowireless.xcal.mobile5, isGrant = true
04-03 22:27:36.713 1219 4348 I vendor.qti.bluetooth@1.0-ibs_handler: ProcessIbsCmd: Received IBS_SLEEP_IND: 0xFE
04-03 22:27:36.714 3836 8673 D PhoneInterfaceManager: [PhoneIntfMgr] QueryTelephonyChecker-getDataNetworkTypeForSubscriber: packageName = com.innowireless.xcal.mobile5, isGrant = true
04-03 22:27:36.733 3836 20675 D PhoneInterfaceManager: [PhoneIntfMgr] QueryTelephonyChecker-getDataNetworkTypeForSubscriber: packageName = com.innowireless.xcal.mobile5, isGrant = true
04-03 22:27:36.734 2635 3024 D WifiActiveModeWarden: there is no primary client manager, return the default one
04-03 22:27:36.735 2635 4007 D WifiService: getWifiEnabledState primaryClientMode is mDefaultClientModeManager
04-03 22:27:36.739 3836 8673 D PhoneInterfaceManager: [PhoneIntfMgr] QueryTelephonyChecker-getDataNetworkTypeForSubscriber: packageName = com.innowireless.xcal.mobile5, isGrant = true
04-03 22:27:36.815 8162 10977 D GPS : NMEA is invaild.
04-03 22:27:36.815 8162 10977 D GPS : mNMEASatelites : 6
04-03 22:27:36.817 8162 10977 D GPS : Android GPS is invaild.
04-03 22:27:37.031 1219 4348 I vendor.qti.bluetooth@1.0-ibs_handler: ProcessIbsCmd: Received IBS_WAKE_IND: 0xFD
04-03 22:27:37.031 1219 4348 I vendor.qti.bluetooth@1.0-ibs_handler: ProcessIbsCmd: Writing IBS_WAKE_ACK
04-03 22:27:37.126 1219 4348 I vendor.qti.bluetooth@1.0-ibs_handler: ProcessIbsCmd: Received IBS_SLEEP_IND: 0xFE
04-03 22:27:37.146 2635 2680 D OplusLocationStatistics: on recordTaskMark, key: gnssReportLocation
04-03 22:27:37.147 2635 2655 D LocationManagerService: incoming location from: gps
04-03 22:27:37.148 2635 2655 D LocationManagerService: incoming location from: gps
04-03 22:27:37.150 1219 4348 I vendor.qti.bluetooth@1.0-ibs_handler: ProcessIbsCmd: Received IBS_WAKE_IND: 0xFD
04-03 22:27:37.150 1219 4348 I vendor.qti.bluetooth@1.0-ibs_handler: ProcessIbsCmd: Writing IBS_WAKE_ACK
04-03 22:27:37.166 4414 5222 I FusedLocation: (REDACTED) location delivery to %s blocked - too close
04-03 22:27:37.167 4414 5222 I FusedLocation: (REDACTED) location delivery to %s blocked - too fast
04-03 22:27:37.167 4414 5222 I FusedLocation: (REDACTED) location delivery to %s blocked - too close
04-03 22:27:37.169 2635 3598 D LocationManagerService: incoming location from: fused
04-03 22:27:37.169 2635 3598 D LocationManagerService: incoming location from: fused
04-03 22:27:37.191 3836 8673 D PhoneInterfaceManager: [PhoneIntfMgr] QueryTelephonyChecker-getDataNetworkTypeForSubscriber: packageName = com.innowireless.xcal.mobile5, isGrant = true
04-03 22:27:37.231 1219 4348 I vendor.qti.bluetooth@1.0-ibs_handler: ProcessIbsCmd: Received IBS_SLEEP_IND: 0xFE
04-03 22:27:37.250 5064 11036 D DebugReportServiceHidlClient: getReport 1.1...
04-03 22:27:37.250 1229 1229 E LocSvc_HIDL_DebugReportService: Invalid count: 0
04-03 22:27:37.250 1229 1229 E LocSvc_HIDL_DebugReportService: Invalid count: 0
04-03 22:27:37.250 1229 1229 E LocSvc_HIDL_DebugReportService: Invalid count: 0
04-03 22:27:37.250 1229 1229 E LocSvc_HIDL_DebugReportService: Invalid count: 0
04-03 22:27:37.251 5064 11036 D DebugReportServiceHidlClient: getReport 1.1 success: true
04-03 22:27:37.252 5064 11036 D DebugReportServiceHidlClient: getReport 1.0 success: true
04-03 22:27:37.310 3836 8673 D PhoneInterfaceManager: [PhoneIntfMgr] QueryTelephonyChecker-getDataNetworkTypeForSubscriber: packageName = com.innowireless.xcal.mobile5, isGrant = true
04-03 22:27:37.423 2635 3024 D WifiActiveModeWarden: there is no primary client manager, return the default one
04-03 22:27:37.494 3836 8673 D PhoneInterfaceManager: [PhoneIntfMgr] QueryTelephonyChecker-getDataNetworkTypeForSubscriber: packageName = com.innowireless.xcal.mobile5, isGrant = true
04-03 22:27:37.494 1255 1255 I android.hardware.thermal@2.0-service.qti: Sensor Name:shell_frametemp: 39.9. prev severity:0. cur severity:0 New severity:0
04-03 22:27:37.496 1255 1255 I android.hardware.thermal@2.0-service.qti: Sensor Name:skintemp: 42.6. prev severity:0. cur severity:3 New severity:3
04-03 22:27:37.496 1255 1255 I android.hardware.thermal@2.0-service.qti: Sensor Name:shell_fronttemp: 39.9. prev severity:0. cur severity:0 New severity:0
04-03 22:27:37.496 1255 1255 I android.hardware.thermal@2.0-service.qti: Sensor Name:shell_backtemp: 39.9. prev severity:0. cur severity:0 New severity:0
04-03 22:27:37.523 1219 4357 I vendor.qti.bluetooth@1.0-ibs_handler: DeviceSleep: TX Awake, Sending SLEEP_IND
04-03 22:27:37.523 1219 4357 D vendor.qti.bluetooth@1.0-ibs_handler: SerialClockVote: vote for UART CLK OFF
04-03 22:27:37.523 2635 2705 D OplusFeatureBrightnessBarController: mDarkLevel: 0
04-03 22:27:37.539 3836 20675 D PhoneInterfaceManager: [PhoneIntfMgr] QueryTelephonyChecker-getDataNetworkTypeForSubscriber: packageName = com.innowireless.xcal.mobile5, isGrant = true
04-03 22:27:37.568 3836 20675 D PhoneInterfaceManager: [PhoneIntfMgr] QueryTelephonyChecker-getDataNetworkTypeForSubscriber: packageName = com.innowireless.xcal.mobile5, isGrant = true
04-03 22:27:37.600 3836 20675 D PhoneInterfaceManager: [PhoneIntfMgr] QueryTelephonyChecker-getDataNetworkTypeForSubscriber: packageName = com.innowireless.xcal.mobile5, isGrant = true
04-03 22:27:37.618 3836 8673 D PhoneInterfaceManager: [PhoneIntfMgr] QueryTelephonyChecker-getDataNetworkTypeForSubscriber: packageName = com.innowireless.xcal.mobile5, isGrant = true
04-03 22:27:37.641 2635 3967 D WifiNl80211Manager: Scan result ready event
04-03 22:27:37.641 2635 3967 D WifiNative: Scan result ready event
04-03 22:27:37.641 2635 3024 D WifiActiveModeWarden: there is no primary client manager, return the default one
04-03 22:27:37.642 2635 3024 D WifiService: getWifiEnabledState primaryClientMode is mDefaultClientModeManager
04-03 22:27:37.649 2635 3059 D WificondScannerImpl: Filtering out scan result Go***dy, 90:**:**:**:a5:59 time diff 14144574ms
04-03 22:27:37.650 2635 3059 D WificondScannerImpl: Filtering out scan result Sa***4g, ba:**:**:**:a9:b1 time diff 15009491ms
04-03 22:27:37.650 2635 3059 D WificondScannerImpl: Filtering out scan result Ji***_2, 72:**:**:**:a5:5a time diff 4104952ms
04-03 22:27:37.650 2635 3059 D WificondScannerImpl: Filtering out scan result 70*** 2, 9c:**:**:**:8a:65 time diff 14378183ms
04-03 22:27:37.650 2635 3059 D WificondScannerImpl: Filtering out scan result OL***YL, 00:**:**:**:06:ec time diff 14897320ms
04-03 22:27:37.650 2635 3024 D WifiActiveModeWarden: there is no primary client manager, return the default one
04-03 22:27:37.650 2635 3059 D WificondScannerImpl: Filtering out scan result Ad***ce, 78:**:**:**:de:49 time diff 19854070ms
04-03 22:27:37.650 2635 3024 D WifiActiveModeWarden: there is no primary client manager, return the default one
04-03 22:27:37.651 2635 3059 D WificondScannerImpl: Filtering out scan result RI***I , b8:**:**:**:a5:66 time diff 19814407ms
04-03 22:27:37.651 2635 3059 D WificondScannerImpl: Filtering out scan result Pr***sa, 70:**:**:**:2a:f4 time diff 4875822ms
04-03 22:27:37.651 2635 3059 D WificondScannerImpl: Filtering out scan result Ba***01, 24:**:**:**:98:36 time diff 9808691ms
04-03 22:27:37.651 2635 3059 D WificondScannerImpl: Filtering out scan result LA***11, 3a:**:**:**:18:a9 time diff 4093747ms
04-03 22:27:37.651 2635 3059 D WificondScannerImpl: Filtering out scan result EMPTY, aa:**:**:**:ff:35 time diff 8657037ms
04-03 22:27:37.651 2635 3024 D OplusScanResultsProxy: fewApNum:5
04-03 22:27:37.651 2635 3059 D WificondScannerImpl: Filtering out scan result Ji***5G, 8c:**:**:**:53:93 time diff 8404948ms
04-03 22:27:37.652 2635 3059 D WificondScannerImpl: Filtering out scan result an***5G, a8:**:**:**:57:75 time diff 3426319ms
04-03 22:27:37.652 2635 3059 D WificondScannerImpl: Filtering out 13 scan results.
04-03 22:27:37.664 4414 31602 I FrewleTileCacheManagerV: (REDACTED) Fetched %d AP models from cache
04-03 22:27:37.664 2635 2635 D OplusRouterBoostVendorCommImpl: isApGameDupPktSupport: mVendorCommEnabled = true, mApInfo.mApGameDupPkt = 0
04-03 22:27:37.665 2635 2635 D WN_S : receive WifiManager.SCAN_RESULTS_AVAILABLE_ACTION
04-03 22:27:37.665 3270 3754 D WifiManager: getScanResults check resulttrue
04-03 22:27:37.665 2635 3147 D WifiManager: getScanResults check resulttrue
04-03 22:27:37.665 2635 3024 D WakeupController: Attempted to handleScanResults while not enabled
