04-03 22:13:30.190 2635 2695 D BatteryStatsImplExtImpl: PowerDetails: time=2025-04-03-22-13-30, top=com.innowireless.xcal.mobile5.ui.Main_Activity, ref_counts=38858, ref_mode=0, brightness=0, refs_per_sec=7.0, modem_txTimeMs=[0, 0, 0, 0, 0], traffic=[3417945128,3631893686,146182315,257179076], ctr_drain=[135,1.39,0,7.60], rpmstat=[ADSP:100.00,ADSP_ISLAND:0.00,APSS:0.00,CDSP:100.00,MPSS:0.00], sap=false, audio=[spk:0, headset:0]
04-03 22:13:30.190 2635 2695 D BatteryStatsImplExtImpl: , modem=[activity:SettleObj{ what=LO date=04-03 22:00:41.984 duration=3585 screenOnRatio=100.00 screenOffRatio=0 power=53 current=115.48 networkType=MOBILE dataNetworkType=13 signalStrength=-83 aodState=0 softAp=false charge=false simCount=1 defaultPhone=0 apssSleepC=0 apssSleepRatio=0 mpssSleepC=0 mpssSleepRatio=0 vminSleepC=0 vminSleepRatio=0 vlowSleepC=0 vlowSleepRatio=0 modemPowermA[]=[115.62,102.00,129.06] sleepRatio=5.08 idleRatio=25.85 rxRatio=62.98 5gRxRatio=0 txSumRatio=6.09 5gTxSumRatio=0 txRatio[]=[7.18,20.53,14.79,14.35,43.16] 5gTxRatio[]=[0,0,0,0,0] techRatio[]=[0,0,0,0,68.35,0,0,0,0] rrcConn10sC[]=[38, 0] rrcConn20sC[]=[28, 0] rrcConnMore20sC[]=[43, 0] rrcConnC[]=[109, 0] csChangedC[]=[4, 0] psChangedC[]=[4, 0] iRatC[]=[0, 0] cellUpdateC[]=[15, 0] nwSrchC[]=[3, 0] nwSrchRatio[]=[0.36,0] lteRrcConnRatio[]=[82.52,0] psRegRatio[]=[100.00,0] csRegRatio[]=[100.00,0] psNoRegRatio[]=[0,100.00] csNoRegRatio[]=[0,100.00] sigGrid0Ratio[]=[0,0] endcActRatio[]=[11.75,0] saActRatio[]=[0,0] gpsRatio=100.00 wlanRatio=61.43 qrtrWakeupC={} allWakeupC={} appInWakeupC={} appOutWakeupC={} appWakeupRatio={} appTrafficC={} regReqFbC=[183, 0] regReqTransAcqDbC=[7918, 90384] saRrcConn10sC[]=[0, 0] saRrcConn20sC[]=[0, 0] saRrcConnMore20sC[]=[0, 0] saRrcConnC[]=[1231, 0] lteHoC[]=[0, 0] saHoC[]=[0, 0] saRrcConnRatio[]=[0,0] lteBandRatiosim0[]=[0,0,0,0,0,0,0,0,0] lteBandRatiosim1[]=[0,0,0,0,0,0,0,0,0] nrBandRatiosim0[]=[0,0,0,0,0,0] nrBandRatiosim1[]=[0,0,0,0,0,0] sensorStationaryC=0 sensorStationaryT=0 modemStationaryC=0 modemStationaryT=0}]
04-03 22:13:30.190 2635 2695 D BatteryStatsImplExtImpl: , endc=0
04-03 22:13:31.534 2635 2705 D OplusFeatureBrightnessBarController: mDarkLevel: 0
04-03 22:13:32.855 2635 2685 I DropBoxManagerService: add tag=system_server_wtf isTagEnabled=true flags=0x2
04-03 22:13:32.869 2635 2685 D DropBoxManagerService: file :: /data/system/dropbox/system_server_wtf@1743698612857.txt
04-03 22:13:33.933 2635 2705 D OplusFeatureBrightnessBarController: mDarkLevel: 0
04-03 22:13:34.863 2635 2691 W BroadcastQueue: Background execution not allowed: receiving Intent { act=android.intent.action.DROPBOX_ENTRY_ADDED flg=0x10 (has extras) } to com.google.android.gms/.stats.service.DropBoxEntryAddedReceiver
04-03 22:13:35.135 2635 2705 D OplusFeatureBrightnessBarController: mDarkLevel: 0
04-03 22:13:36.532 2635 2705 D OplusFeatureBrightnessBarController: mDarkLevel: 0
04-03 22:13:37.533 2635 2705 D OplusFeatureBrightnessBarController: mDarkLevel: 0
04-03 22:13:38.533 2635 2705 D OplusFeatureBrightnessBarController: mDarkLevel: 0
04-03 22:13:40.732 2635 2705 D OplusFeatureBrightnessBarController: mDarkLevel: 0
04-03 22:13:41.587 2635 5020 D UsageStatsService: User[0] type=0 b=1743698384206 e=1743698621586 cb=1743656748833 ce=1743698542474 disk=0 all=13
04-03 22:13:41.622 8162 8162 I Quality : Skipped: false 1 cost 18.75345 refreshRate 0 processName com.innowireless.xcal.mobile5
04-03 22:13:42.623 8162 8162 I Quality : Skipped: false 1 cost 21.65448 refreshRate 0 processName com.innowireless.xcal.mobile5
04-03 22:13:43.619 8162 8162 I Quality : Skipped: false 1 cost 18.793432 refreshRate 0 processName com.innowireless.xcal.mobile5
04-03 22:13:44.620 8162 8162 I Quality : Skipped: false 1 cost 20.61974 refreshRate 0 processName com.innowireless.xcal.mobile5
04-03 22:13:50.938 2635 2705 D OplusFeatureBrightnessBarController: mDarkLevel: 0
04-03 22:13:52.932 2635 2705 D OplusFeatureBrightnessBarController: mDarkLevel: 0
04-03 22:13:56.133 2635 2705 D OplusFeatureBrightnessBarController: mDarkLevel: 0
04-03 22:13:57.532 2635 2705 D OplusFeatureBrightnessBarController: mDarkLevel: 0
04-03 22:13:58.332 2635 2705 D OplusFeatureBrightnessBarController: mDarkLevel: 0
04-03 22:13:59.532 2635 2705 D OplusFeatureBrightnessBarController: mDarkLevel: 0
04-03 22:14:00.007 2635 3973 E OplusCustomizeRestrictionManagerService: isBiometricDisabled start
04-03 22:14:00.009 2635 4247 E OplusCustomizeRestrictionManagerService: isBiometricDisabled start
04-03 22:14:00.932 2635 2705 D OplusFeatureBrightnessBarController: mDarkLevel: 0
04-03 22:14:01.732 2635 2705 D OplusFeatureBrightnessBarController: mDarkLevel: 0
04-03 22:14:02.732 2635 2705 D OplusFeatureBrightnessBarController: mDarkLevel: 0
04-03 22:14:03.932 2635 2705 D OplusFeatureBrightnessBarController: mDarkLevel: 0
04-03 22:14:05.132 2635 2705 D OplusFeatureBrightnessBarController: mDarkLevel: 0
04-03 22:14:06.333 2635 2705 D OplusFeatureBrightnessBarController: mDarkLevel: 0
04-03 22:14:06.977 8162 8162 I Quality : Skipped: false 1 cost 23.285284 refreshRate 0 processName com.innowireless.xcal.mobile5
04-03 22:14:07.332 2635 2705 D OplusFeatureBrightnessBarController: mDarkLevel: 0
04-03 22:14:07.620 8162 8162 I Quality : Skipped: false 1 cost 16.827051 refreshRate 0 processName com.innowireless.xcal.mobile5
04-03 22:14:08.333 2635 2705 D OplusFeatureBrightnessBarController: mDarkLevel: 0
04-03 22:14:09.533 2635 2705 D OplusFeatureBrightnessBarController: mDarkLevel: 0
04-03 22:14:10.531 2635 2705 D OplusFeatureBrightnessBarController: mDarkLevel: 0
04-03 22:14:10.937 8162 8162 I Quality : Skipped: false 1 cost 20.09032 refreshRate 0 processName com.innowireless.xcal.mobile5
04-03 22:14:11.332 2635 2705 D OplusFeatureBrightnessBarController: mDarkLevel: 0
04-03 22:14:11.621 8162 8162 I Quality : Skipped: false 1 cost 22.60314 refreshRate 0 processName com.innowireless.xcal.mobile5
04-03 22:14:11.636 2635 2711 D VRR [OPlusRefreshRateService]: onConfigChanged physicalDisplayId: 4630946962717273473 modeId: 1
04-03 22:14:11.637 2635 2658 I DisplayDeviceRepository: Display device changed: DisplayDeviceInfo{"Built-in Screen": uniqueId="local:4630946962717273473", 1080 x 2400, modeId 2, defaultModeId 1, supportedModes [{id=1, width=1080, height=2400, fps=60.000004, alternativeRefreshRates=[90.0]}, {id=2, width=1080, height=2400, fps=90.0, alternativeRefreshRates=[60.000004]}], colorMode 0, supportedColorModes [0, 7, 9], hdrCapabilities HdrCapabilities{mSupportedHdrTypes=[2, 3, 4], mMaxLuminance=540.0, mMaxAverageLuminance=270.1, mMinLuminance=0.2}, allmSupported false, gameContentTypeSupported false, density 450, 409.432 x 409.127 dpi, appVsyncOff 2000000, presDeadline 16111111, touch INTERNAL, rotation 0, type INTERNAL, address {port=129, model=0x40446dba0e6fed}, deviceProductInfo DeviceProductInfo{name=, manufacturerPnpId=QCM, productId=1, modelYear=null, manufactureDate=ManufactureDate{week=27, year=2006}, connectionToSinkType=0}, state ON, frameRateOverride , brightnessMinimum 0.0, brightnessMaximum 1.0, brightnessDefault 1600.0, roundedCorners RoundedCorners{[RoundedCorner{position=TopLeft, radius=56, center=Point(56, 56)}, RoundedCorner{position=TopRight, radius=56, center=Point(1024, 56)}, RoundedCorner{position=BottomRight, radius=56, center=Point(1024, 2344)}, RoundedCorner{position=BottomLeft, radius=56, center=Point(56, 2344)}]}, FLAG_DEFAULT_DISPLAY, FLAG_ROTATES_WITH_CONTENT, FLAG_SECURE, FLAG_SUPPORTS_PROTECTED_BUFFERS}
04-03 22:14:11.641 2635 2658 D DisplayManagerService: Delivering display event: displayId=0, event=2
04-03 22:14:11.642 2635 2635 I WallpaperManagerServiceExt: removeDisplayData. displayId = 0
04-03 22:14:11.670 2635 4787 D OplusProxyWakeLock: remove uid: 10329 wiht all pids from wakelockUidInfo list
04-03 22:14:11.736 2635 2711 D VRR [OPlusRefreshRateService]: handleConfigIdChange physicalDisplayId: 4630946962717273473 configId: 1
04-03 22:14:12.731 2635 2705 D OplusFeatureBrightnessBarController: mDarkLevel: 0
04-03 22:14:12.928 8162 8162 I Quality : Skipped: false 1 cost 12.755687 refreshRate 0 processName com.innowireless.xcal.mobile5
04-03 22:14:13.532 2635 2705 D OplusFeatureBrightnessBarController: mDarkLevel: 0
04-03 22:14:13.621 8162 8162 I Quality : Skipped: false 1 cost 17.833572 refreshRate 0 processName com.innowireless.xcal.mobile5
04-03 22:14:14.332 2635 2705 D OplusFeatureBrightnessBarController: mDarkLevel: 0
04-03 22:14:14.620 8162 8162 I Quality : Skipped: false 1 cost 18.492746 refreshRate 0 processName com.innowireless.xcal.mobile5
04-03 22:14:15.132 2635 2705 D OplusFeatureBrightnessBarController: mDarkLevel: 0
04-03 22:14:15.621 8162 8162 I Quality : Skipped: false 1 cost 20.051754 refreshRate 0 processName com.innowireless.xcal.mobile5
04-03 22:14:15.932 2635 2705 D OplusFeatureBrightnessBarController: mDarkLevel: 0
04-03 22:14:16.240 2635 2711 D VRR [OPlusRefreshRateService]: onConfigChanged physicalDisplayId: 4630946962717273473 modeId: 0
04-03 22:14:16.241 2635 2658 I DisplayDeviceRepository: Display device changed: DisplayDeviceInfo{"Built-in Screen": uniqueId="local:4630946962717273473", 1080 x 2400, modeId 1, defaultModeId 1, supportedModes [{id=1, width=1080, height=2400, fps=60.000004, alternativeRefreshRates=[90.0]}, {id=2, width=1080, height=2400, fps=90.0, alternativeRefreshRates=[60.000004]}], colorMode 0, supportedColorModes [0, 7, 9], hdrCapabilities HdrCapabilities{mSupportedHdrTypes=[2, 3, 4], mMaxLuminance=540.0, mMaxAverageLuminance=270.1, mMinLuminance=0.2}, allmSupported false, gameContentTypeSupported false, density 450, 409.432 x 409.127 dpi, appVsyncOff 1000000, presDeadline 16666666, touch INTERNAL, rotation 0, type INTERNAL, address {port=129, model=0x40446dba0e6fed}, deviceProductInfo DeviceProductInfo{name=, manufacturerPnpId=QCM, productId=1, modelYear=null, manufactureDate=ManufactureDate{week=27, year=2006}, connectionToSinkType=0}, state ON, frameRateOverride , brightnessMinimum 0.0, brightnessMaximum 1.0, brightnessDefault 1600.0, roundedCorners RoundedCorners{[RoundedCorner{position=TopLeft, radius=56, center=Point(56, 56)}, RoundedCorner{position=TopRight, radius=56, center=Point(1024, 56)}, RoundedCorner{position=BottomRight, radius=56, center=Point(1024, 2344)}, RoundedCorner{position=BottomLeft, radius=56, center=Point(56, 2344)}]}, FLAG_DEFAULT_DISPLAY, FLAG_ROTATES_WITH_CONTENT, FLAG_SECURE, FLAG_SUPPORTS_PROTECTED_BUFFERS}
04-03 22:14:16.246 2635 2658 D DisplayManagerService: Delivering display event: displayId=0, event=2
04-03 22:14:16.248 2635 2635 I WallpaperManagerServiceExt: removeDisplayData. displayId = 0
04-03 22:14:16.341 2635 2711 D VRR [OPlusRefreshRateService]: handleConfigIdChange physicalDisplayId: 4630946962717273473 configId: 0
04-03 22:14:16.933 2635 2705 D OplusFeatureBrightnessBarController: mDarkLevel: 0
04-03 22:14:17.932 2635 2705 D OplusFeatureBrightnessBarController: mDarkLevel: 0
04-03 22:14:18.732 2635 2705 D OplusFeatureBrightnessBarController: mDarkLevel: 0
04-03 22:14:19.732 2635 2705 D OplusFeatureBrightnessBarController: mDarkLevel: 0
04-03 22:14:20.623 8162 8162 I Quality : Skipped: false 1 cost 19.038351 refreshRate 0 processName com.innowireless.xcal.mobile5
04-03 22:14:21.623 8162 8162 I Quality : Skipped: false 1 cost 19.648464 refreshRate 0 processName com.innowireless.xcal.mobile5
04-03 22:14:22.331 2635 2705 D OplusFeatureBrightnessBarController: mDarkLevel: 0
04-03 22:14:22.621 8162 8162 I Quality : Skipped: false 1 cost 19.46526 refreshRate 0 processName com.innowireless.xcal.mobile5
04-03 22:14:23.621 8162 8162 I Quality : Skipped: false 1 cost 20.555445 refreshRate 0 processName com.innowireless.xcal.mobile5
04-03 22:14:23.732 2635 2705 D OplusFeatureBrightnessBarController: mDarkLevel: 0
04-03 22:14:24.620 8162 8162 I Quality : Skipped: false 1 cost 20.753649 refreshRate 0 processName com.innowireless.xcal.mobile5
04-03 22:14:24.732 2635 2705 D OplusFeatureBrightnessBarController: mDarkLevel: 0
04-03 22:14:25.732 2635 2705 D OplusFeatureBrightnessBarController: mDarkLevel: 0
04-03 22:14:25.958 1338 1338 I Quality : SFJankCountInfo: 366; 0; 0; 2; 1; 3; 57; 56; 26; 0; 0
04-03 22:14:27.932 2635 2705 D OplusFeatureBrightnessBarController: mDarkLevel: 0
04-03 22:14:29.134 2635 2705 D OplusFeatureBrightnessBarController: mDarkLevel: 0
04-03 22:14:31.131 2635 2705 D OplusFeatureBrightnessBarController: mDarkLevel: 0
04-03 22:14:33.623 8162 8162 I Quality : Skipped: false 1 cost 19.258518 refreshRate 0 processName com.innowireless.xcal.mobile5
04-03 22:14:34.332 2635 2705 D OplusFeatureBrightnessBarController: mDarkLevel: 0
04-03 22:14:34.621 8162 8162 I Quality : Skipped: false 1 cost 18.85608 refreshRate 0 processName com.innowireless.xcal.mobile5
04-03 22:14:35.732 2635 2705 D OplusFeatureBrightnessBarController: mDarkLevel: 0
04-03 22:14:36.732 2635 2705 D OplusFeatureBrightnessBarController: mDarkLevel: 0
04-03 22:14:37.938 2635 2705 D OplusFeatureBrightnessBarController: mDarkLevel: 0
04-03 22:14:39.331 2635 2705 D OplusFeatureBrightnessBarController: mDarkLevel: 0
04-03 22:14:40.331 2635 2705 D OplusFeatureBrightnessBarController: mDarkLevel: 0
04-03 22:14:41.531 2635 2705 D OplusFeatureBrightnessBarController: mDarkLevel: 0
04-03 22:14:43.332 2635 2705 D OplusFeatureBrightnessBarController: mDarkLevel: 0
04-03 22:14:44.623 8162 8162 I Quality : Skipped: false 1 cost 18.476675 refreshRate 0 processName com.innowireless.xcal.mobile5
04-03 22:14:44.731 2635 2705 D OplusFeatureBrightnessBarController: mDarkLevel: 0
04-03 22:14:45.622 8162 8162 I Quality : Skipped: false 1 cost 18.854729 refreshRate 0 processName com.innowireless.xcal.mobile5
04-03 22:14:45.731 2635 2705 D OplusFeatureBrightnessBarController: mDarkLevel: 0
04-03 22:14:46.531 2635 2705 D OplusFeatureBrightnessBarController: mDarkLevel: 0
04-03 22:14:46.621 8162 8162 I Quality : Skipped: false 1 cost 19.898264 refreshRate 0 processName com.innowireless.xcal.mobile5
04-03 22:14:49.731 2635 2705 D OplusFeatureBrightnessBarController: mDarkLevel: 0
04-03 22:14:50.731 2635 2705 D OplusFeatureBrightnessBarController: mDarkLevel: 0
04-03 22:14:53.531 2635 2705 D OplusFeatureBrightnessBarController: mDarkLevel: 0
04-03 22:14:54.331 2635 2705 D OplusFeatureBrightnessBarController: mDarkLevel: 0
04-03 22:14:55.532 2635 2705 D OplusFeatureBrightnessBarController: mDarkLevel: 0
04-03 22:14:56.625 8162 8162 I Quality : Skipped: false 1 cost 21.816345 refreshRate 0 processName com.innowireless.xcal.mobile5
04-03 22:14:56.934 2635 2705 D OplusFeatureBrightnessBarController: mDarkLevel: 0
04-03 22:14:58.331 2635 2705 D OplusFeatureBrightnessBarController: mDarkLevel: 0
04-03 22:14:58.620 8162 8162 I Quality : Skipped: false 1 cost 19.488653 refreshRate 0 processName com.innowireless.xcal.mobile5
04-03 22:14:59.531 2635 2705 D OplusFeatureBrightnessBarController: mDarkLevel: 0
04-03 22:15:00.010 2635 7199 E OplusCustomizeRestrictionManagerService: isBiometricDisabled start
04-03 22:15:00.011 2635 3238 E OplusCustomizeRestrictionManagerService: isBiometricDisabled start
04-03 22:15:00.515 8162 8162 I Quality : Skipped: false 1 cost 17.422144 refreshRate 0 processName com.innowireless.xcal.mobile5
04-03 22:15:02.132 2635 2705 D OplusFeatureBrightnessBarController: mDarkLevel: 0
04-03 22:15:03.131 2635 2705 D OplusFeatureBrightnessBarController: mDarkLevel: 0
04-03 22:15:03.931 2635 2705 D OplusFeatureBrightnessBarController: mDarkLevel: 0
04-03 22:15:06.531 2635 2705 D OplusFeatureBrightnessBarController: mDarkLevel: 0
04-03 22:15:07.931 2635 2705 D OplusFeatureBrightnessBarController: mDarkLevel: 0
04-03 22:15:09.131 2635 2705 D OplusFeatureBrightnessBarController: mDarkLevel: 0
04-03 22:15:09.619 8162 8162 I Quality : Skipped: false 1 cost 17.103151 refreshRate 0 processName com.innowireless.xcal.mobile5
04-03 22:15:10.619 8162 8162 I Quality : Skipped: false 1 cost 18.140568 refreshRate 0 processName com.innowireless.xcal.mobile5
04-03 22:15:11.531 2635 2705 D OplusFeatureBrightnessBarController: mDarkLevel: 0
04-03 22:15:12.620 8162 8162 I Quality : Skipped: false 1 cost 21.675884 refreshRate 0 processName com.innowireless.xcal.mobile5
04-03 22:15:13.531 2635 2705 D OplusFeatureBrightnessBarController: mDarkLevel: 0
04-03 22:15:15.531 2635 2705 D OplusFeatureBrightnessBarController: mDarkLevel: 0
04-03 22:15:17.931 2635 2705 D OplusFeatureBrightnessBarController: mDarkLevel: 0
04-03 22:15:18.624 8162 8162 I Quality : Skipped: false 1 cost 16.981377 refreshRate 0 processName com.innowireless.xcal.mobile5
04-03 22:15:19.732 2635 2705 D OplusFeatureBrightnessBarController: mDarkLevel: 0
04-03 22:15:20.932 2635 2705 D OplusFeatureBrightnessBarController: mDarkLevel: 0
04-03 22:15:21.931 2635 2705 D OplusFeatureBrightnessBarController: mDarkLevel: 0
04-03 22:15:23.731 2635 2705 D OplusFeatureBrightnessBarController: mDarkLevel: 0
04-03 22:15:25.981 1338 1338 I Quality : SFJankCountInfo: 344; 0; 0; 5; 7; 2; 63; 44; 28; 0; 0
04-03 22:15:27.134 2635 2705 D OplusFeatureBrightnessBarController: mDarkLevel: 0
04-03 22:15:28.531 2635 2705 D OplusFeatureBrightnessBarController: mDarkLevel: 0
04-03 22:15:29.531 2635 2705 D OplusFeatureBrightnessBarController: mDarkLevel: 0
04-03 22:15:30.331 2635 2705 D OplusFeatureBrightnessBarController: mDarkLevel: 0
04-03 22:15:31.623 8162 8162 I Quality : Skipped: false 1 cost 18.117107 refreshRate 0 processName com.innowireless.xcal.mobile5
04-03 22:15:32.732 2635 2705 D OplusFeatureBrightnessBarController: mDarkLevel: 0
04-03 22:15:35.619 8162 8162 I Quality : Skipped: false 1 cost 20.209557 refreshRate 0 processName com.innowireless.xcal.mobile5
04-03 22:15:35.731 2635 2705 D OplusFeatureBrightnessBarController: mDarkLevel: 0
04-03 22:15:36.732 2635 2705 D OplusFeatureBrightnessBarController: mDarkLevel: 0
04-03 22:15:38.932 2635 2705 D OplusFeatureBrightnessBarController: mDarkLevel: 0
04-03 22:15:40.530 2635 2705 D OplusFeatureBrightnessBarController: mDarkLevel: 0
04-03 22:15:41.331 2635 2705 D OplusFeatureBrightnessBarController: mDarkLevel: 0
04-03 22:15:41.587 2635 5020 D UsageStatsService: User[0] type=0 b=1743698536165 e=1743698741586 cb=1743656748833 ce=1743698720169 disk=0 all=1
04-03 22:15:42.132 2635 2705 D OplusFeatureBrightnessBarController: mDarkLevel: 0
04-03 22:15:43.130 2635 2705 D OplusFeatureBrightnessBarController: mDarkLevel: 0
04-03 22:15:43.621 8162 8162 I Quality : Skipped: false 1 cost 18.836 refreshRate 0 processName com.innowireless.xcal.mobile5
04-03 22:15:44.531 2635 2705 D OplusFeatureBrightnessBarController: mDarkLevel: 0
04-03 22:15:44.620 8162 8162 I Quality : Skipped: false 1 cost 18.683855 refreshRate 0 processName com.innowireless.xcal.mobile5
04-03 22:15:45.621 8162 8162 I Quality : Skipped: false 1 cost 20.84958 refreshRate 0 processName com.innowireless.xcal.mobile5
04-03 22:15:46.531 2635 2705 D OplusFeatureBrightnessBarController: mDarkLevel: 0
04-03 22:15:47.931 2635 2705 D OplusFeatureBrightnessBarController: mDarkLevel: 0
04-03 22:15:48.931 2635 2705 D OplusFeatureBrightnessBarController: mDarkLevel: 0
04-03 22:15:50.530 2635 2705 D OplusFeatureBrightnessBarController: mDarkLevel: 0
04-03 22:15:51.732 2635 2705 D OplusFeatureBrightnessBarController: mDarkLevel: 0
04-03 22:15:53.130 2635 2705 D OplusFeatureBrightnessBarController: mDarkLevel: 0
04-03 22:15:53.931 2635 2705 D OplusFeatureBrightnessBarController: mDarkLevel: 0
04-03 22:15:56.731 2635 2705 D OplusFeatureBrightnessBarController: mDarkLevel: 0
04-03 22:15:58.131 2635 2705 D OplusFeatureBrightnessBarController: mDarkLevel: 0
04-03 22:15:58.931 2635 2705 D OplusFeatureBrightnessBarController: mDarkLevel: 0
04-03 22:16:00.008 2635 7199 E OplusCustomizeRestrictionManagerService: isBiometricDisabled start
04-03 22:16:00.009 2635 7201 E OplusCustomizeRestrictionManagerService: isBiometricDisabled start
04-03 22:16:00.531 2635 2705 D OplusFeatureBrightnessBarController: mDarkLevel: 0
04-03 22:16:01.931 2635 2705 D OplusFeatureBrightnessBarController: mDarkLevel: 0
04-03 22:16:03.131 2635 2705 D OplusFeatureBrightnessBarController: mDarkLevel: 0
04-03 22:16:03.622 8162 8162 I Quality : Skipped: false 1 cost 17.258192 refreshRate 0 processName com.innowireless.xcal.mobile5
04-03 22:16:04.331 2635 2705 D OplusFeatureBrightnessBarController: mDarkLevel: 0
04-03 22:16:06.131 2635 2705 D OplusFeatureBrightnessBarController: mDarkLevel: 0
04-03 22:16:07.132 2635 2705 D OplusFeatureBrightnessBarController: mDarkLevel: 0
04-03 22:16:08.130 2635 2705 D OplusFeatureBrightnessBarController: mDarkLevel: 0
04-03 22:16:09.731 2635 2705 D OplusFeatureBrightnessBarController: mDarkLevel: 0
04-03 22:16:11.533 2635 2705 D OplusFeatureBrightnessBarController: mDarkLevel: 0
04-03 22:16:12.532 2635 2705 D OplusFeatureBrightnessBarController: mDarkLevel: 0
04-03 22:16:14.531 2635 2705 D OplusFeatureBrightnessBarController: mDarkLevel: 0
04-03 22:16:15.530 2635 2705 D OplusFeatureBrightnessBarController: mDarkLevel: 0
04-03 22:16:17.130 2635 2705 D OplusFeatureBrightnessBarController: mDarkLevel: 0
04-03 22:16:17.297 2635 7201 W PackageManager: package unknown uid 10114 pid 4414 call SetEnabledSetting(com.google.android.gms component = com.google.android.gms.stats.eastworld.EastworldService, 1, 0x1, 0)
04-03 22:16:17.618 8162 8162 I Quality : Skipped: false 1 cost 17.295704 refreshRate 0 processName com.innowireless.xcal.mobile5
04-03 22:16:18.620 8162 8162 I Quality : Skipped: false 1 cost 21.229145 refreshRate 0 processName com.innowireless.xcal.mobile5
04-03 22:16:19.531 2635 2705 D OplusFeatureBrightnessBarController: mDarkLevel: 0
04-03 22:16:20.731 2635 2705 D OplusFeatureBrightnessBarController: mDarkLevel: 0
04-03 22:16:21.732 2635 2705 D OplusFeatureBrightnessBarController: mDarkLevel: 0
04-03 22:16:23.531 2635 2705 D OplusFeatureBrightnessBarController: mDarkLevel: 0
04-03 22:16:25.130 2635 2705 D OplusFeatureBrightnessBarController: mDarkLevel: 0
04-03 22:16:25.995 1338 1338 I Quality : SFJankCountInfo: 339; 0; 0; 1; 1; 0; 54; 58; 19; 0; 0
04-03 22:16:27.330 2635 2705 D OplusFeatureBrightnessBarController: mDarkLevel: 0
04-03 22:16:28.621 8162 8162 I Quality : Skipped: false 1 cost 19.944347 refreshRate 0 processName com.innowireless.xcal.mobile5
04-03 22:16:28.931 2635 2705 D OplusFeatureBrightnessBarController: mDarkLevel: 0
04-03 22:16:31.532 2635 2705 D OplusFeatureBrightnessBarController: mDarkLevel: 0
04-03 22:16:32.534 2635 2705 D OplusFeatureBrightnessBarController: mDarkLevel: 0
04-03 22:16:33.531 2635 2705 D OplusFeatureBrightnessBarController: mDarkLevel: 0
04-03 22:16:35.532 2635 2705 D OplusFeatureBrightnessBarController: mDarkLevel: 0
04-03 22:16:38.130 2635 2705 D OplusFeatureBrightnessBarController: mDarkLevel: 0
04-03 22:16:39.331 2635 2705 D OplusFeatureBrightnessBarController: mDarkLevel: 0
04-03 22:16:41.331 2635 2705 D OplusFeatureBrightnessBarController: mDarkLevel: 0
04-03 22:16:42.531 2635 2705 D OplusFeatureBrightnessBarController: mDarkLevel: 0
04-03 22:16:43.931 2635 2705 D OplusFeatureBrightnessBarController: mDarkLevel: 0
04-03 22:16:48.730 2635 2705 D OplusFeatureBrightnessBarController: mDarkLevel: 0
04-03 22:16:49.530 2635 2705 D OplusFeatureBrightnessBarController: mDarkLevel: 0
04-03 22:16:49.623 8162 8162 I Quality : Skipped: false 1 cost 19.515383 refreshRate 0 processName com.innowireless.xcal.mobile5
04-03 22:16:50.619 8162 8162 I Quality : Skipped: false 1 cost 17.117435 refreshRate 0 processName com.innowireless.xcal.mobile5
04-03 22:16:51.624 8162 8162 I Quality : Skipped: false 1 cost 23.809706 refreshRate 0 processName com.innowireless.xcal.mobile5
04-03 22:16:51.731 2635 2705 D OplusFeatureBrightnessBarController: mDarkLevel: 0
04-03 22:16:53.931 2635 2705 D OplusFeatureBrightnessBarController: mDarkLevel: 0
04-03 22:16:54.930 2635 2705 D OplusFeatureBrightnessBarController: mDarkLevel: 0
04-03 22:16:55.931 2635 2705 D OplusFeatureBrightnessBarController: mDarkLevel: 0
04-03 22:16:57.530 2635 2705 D OplusFeatureBrightnessBarController: mDarkLevel: 0
04-03 22:17:00.028 2635 7199 E OplusCustomizeRestrictionManagerService: isBiometricDisabled start
04-03 22:17:00.030 2635 7199 E OplusCustomizeRestrictionManagerService: isBiometricDisabled start
04-03 22:17:00.330 2635 2705 D OplusFeatureBrightnessBarController: mDarkLevel: 0
04-03 22:17:01.931 2635 2705 D OplusFeatureBrightnessBarController: mDarkLevel: 0
04-03 22:17:03.131 2635 2705 D OplusFeatureBrightnessBarController: mDarkLevel: 0
04-03 22:17:03.619 8162 8162 I Quality : Skipped: false 1 cost 18.649576 refreshRate 0 processName com.innowireless.xcal.mobile5
04-03 22:17:04.730 2635 2705 D OplusFeatureBrightnessBarController: mDarkLevel: 0
04-03 22:17:05.532 2635 2705 D OplusFeatureBrightnessBarController: mDarkLevel: 0
04-03 22:17:06.930 2635 2705 D OplusFeatureBrightnessBarController: mDarkLevel: 0
04-03 22:17:08.330 2635 2705 D OplusFeatureBrightnessBarController: mDarkLevel: 0
04-03 22:17:10.730 2635 2705 D OplusFeatureBrightnessBarController: mDarkLevel: 0
04-03 22:17:11.531 2635 2705 D OplusFeatureBrightnessBarController: mDarkLevel: 0
04-03 22:17:11.624 8162 8162 I Quality : Skipped: false 1 cost 19.535156 refreshRate 0 processName com.innowireless.xcal.mobile5
04-03 22:17:11.961 2635 3819 E AppOps : noteOperation
04-03 22:17:11.961 2635 3819 E AppOps : java.lang.SecurityException: Specified package com.android.phone under uid 10185 but it is not
04-03 22:17:11.961 2635 3819 E AppOps : at com.android.server.appop.AppOpsService.verifyAndGetBypass(AppOpsService.java:4696)
04-03 22:17:11.961 2635 3819 E AppOps : at com.android.server.appop.AppOpsService.noteOperationUnchecked(AppOpsService.java:3494)
04-03 22:17:11.961 2635 3819 E AppOps : at com.android.server.appop.AppOpsService.noteOperationImpl(AppOpsService.java:3482)
04-03 22:17:11.961 2635 3819 E AppOps : at com.android.server.appop.AppOpsService.access$3900(AppOpsService.java:220)
04-03 22:17:11.961 2635 3819 E AppOps : at com.android.server.appop.AppOpsService$CheckOpsDelegateDispatcher.lambda$noteOperation$4(AppOpsService.java:7639)
04-03 22:17:11.961 2635 3819 E AppOps : at com.android.server.appop.AppOpsService$CheckOpsDelegateDispatcher$$ExternalSyntheticLambda5.apply(Unknown Source:33)
04-03 22:17:11.961 2635 3819 E AppOps : at com.android.server.policy.AppOpsPolicy.noteOperation(AppOpsPolicy.java:221)
04-03 22:17:11.961 2635 3819 E AppOps : at com.android.server.appop.AppOpsService$CheckOpsDelegateDispatcher.noteOperation(AppOpsService.java:7637)
04-03 22:17:11.961 2635 3819 E AppOps : at com.android.server.appop.AppOpsService.noteOperation(AppOpsService.java:3466)
04-03 22:17:11.961 2635 3819 E AppOps : at com.android.internal.app.IAppOpsService$Stub.onTransact(IAppOpsService.java:476)
04-03 22:17:11.961 2635 3819 E AppOps : at com.android.server.appop.OplusAppOpsService.onTransact(OplusAppOpsService.java:38)
04-03 22:17:11.961 2635 3819 E AppOps : at android.os.Binder.execTransactInternal(Binder.java:1226)
04-03 22:17:11.961 2635 3819 E AppOps : at android.os.Binder.execTransact(Binder.java:1163)
04-03 22:17:11.978 2635 5662 E AppOps : noteOperation
04-03 22:17:11.978 2635 5662 E AppOps : java.lang.SecurityException: Specified package com.android.phone under uid 10185 but it is not
04-03 22:17:11.978 2635 5662 E AppOps : at com.android.server.appop.AppOpsService.verifyAndGetBypass(AppOpsService.java:4696)
04-03 22:17:11.978 2635 5662 E AppOps : at com.android.server.appop.AppOpsService.noteOperationUnchecked(AppOpsService.java:3494)
04-03 22:17:11.978 2635 5662 E AppOps : at com.android.server.appop.AppOpsService.noteOperationImpl(AppOpsService.java:3482)
04-03 22:17:11.978 2635 5662 E AppOps : at com.android.server.appop.AppOpsService.access$3900(AppOpsService.java:220)
04-03 22:17:11.978 2635 5662 E AppOps : at com.android.server.appop.AppOpsService$CheckOpsDelegateDispatcher.lambda$noteOperation$4(AppOpsService.java:7639)
04-03 22:17:11.978 2635 5662 E AppOps : at com.android.server.appop.AppOpsService$CheckOpsDelegateDispatcher$$ExternalSyntheticLambda5.apply(Unknown Source:33)
04-03 22:17:11.978 2635 5662 E AppOps : at com.android.server.policy.AppOpsPolicy.noteOperation(AppOpsPolicy.java:221)
04-03 22:17:11.978 2635 5662 E AppOps : at com.android.server.appop.AppOpsService$CheckOpsDelegateDispatcher.noteOperation(AppOpsService.java:7637)
04-03 22:17:11.978 2635 5662 E AppOps : at com.android.server.appop.AppOpsService.noteOperation(AppOpsService.java:3466)
04-03 22:17:11.978 2635 5662 E AppOps : at com.android.internal.app.IAppOpsService$Stub.onTransact(IAppOpsService.java:476)
04-03 22:17:11.978 2635 5662 E AppOps : at com.android.server.appop.OplusAppOpsService.onTransact(OplusAppOpsService.java:38)
04-03 22:17:11.978 2635 5662 E AppOps : at android.os.Binder.execTransactInternal(Binder.java:1226)
04-03 22:17:11.978 2635 5662 E AppOps : at android.os.Binder.execTransact(Binder.java:1163)
04-03 22:17:11.989 2635 5662 E AppOps : noteOperation
04-03 22:17:11.989 2635 5662 E AppOps : java.lang.SecurityException: Specified package com.android.phone under uid 10185 but it is not
04-03 22:17:11.989 2635 5662 E AppOps : at com.android.server.appop.AppOpsService.verifyAndGetBypass(AppOpsService.java:4696)
04-03 22:17:11.989 2635 5662 E AppOps : at com.android.server.appop.AppOpsService.noteOperationUnchecked(AppOpsService.java:3494)
04-03 22:17:11.989 2635 5662 E AppOps : at com.android.server.appop.AppOpsService.noteOperationImpl(AppOpsService.java:3482)
04-03 22:17:11.989 2635 5662 E AppOps : at com.android.server.appop.AppOpsService.access$3900(AppOpsService.java:220)
04-03 22:17:11.989 2635 5662 E AppOps : at com.android.server.appop.AppOpsService$CheckOpsDelegateDispatcher.lambda$noteOperation$4(AppOpsService.java:7639)
04-03 22:17:11.989 2635 5662 E AppOps : at com.android.server.appop.AppOpsService$CheckOpsDelegateDispatcher$$ExternalSyntheticLambda5.apply(Unknown Source:33)
04-03 22:17:11.989 2635 5662 E AppOps : at com.android.server.policy.AppOpsPolicy.noteOperation(AppOpsPolicy.java:221)
04-03 22:17:11.989 2635 5662 E AppOps : at com.android.server.appop.AppOpsService$CheckOpsDelegateDispatcher.noteOperation(AppOpsService.java:7637)
04-03 22:17:11.989 2635 5662 E AppOps : at com.android.server.appop.AppOpsService.noteOperation(AppOpsService.java:3466)
04-03 22:17:11.989 2635 5662 E AppOps : at com.android.internal.app.IAppOpsService$Stub.onTransact(IAppOpsService.java:476)
04-03 22:17:11.989 2635 5662 E AppOps : at com.android.server.appop.OplusAppOpsService.onTransact(OplusAppOpsService.java:38)
04-03 22:17:11.989 2635 5662 E AppOps : at android.os.Binder.execTransactInternal(Binder.java:1226)
04-03 22:17:11.989 2635 5662 E AppOps : at android.os.Binder.execTransact(Binder.java:1163)
04-03 22:17:12.620 8162 8162 I Quality : Skipped: false 1 cost 17.019861 refreshRate 0 processName com.innowireless.xcal.mobile5
04-03 22:17:13.530 2635 2705 D OplusFeatureBrightnessBarController: mDarkLevel: 0
04-03 22:17:13.623 8162 8162 I Quality : Skipped: false 1 cost 21.566198 refreshRate 0 processName com.innowireless.xcal.mobile5
04-03 22:17:14.622 8162 8162 I Quality : Skipped: false 1 cost 21.804876 refreshRate 0 processName com.innowireless.xcal.mobile5
04-03 22:17:14.930 2635 2705 D OplusFeatureBrightnessBarController: mDarkLevel: 0
04-03 22:17:15.730 2635 2705 D OplusFeatureBrightnessBarController: mDarkLevel: 0
04-03 22:17:16.930 2635 2705 D OplusFeatureBrightnessBarController: mDarkLevel: 0
04-03 22:17:19.330 2635 2705 D OplusFeatureBrightnessBarController: mDarkLevel: 0
04-03 22:17:20.730 2635 2705 D OplusFeatureBrightnessBarController: mDarkLevel: 0
04-03 22:17:21.623 8162 8162 I Quality : Skipped: false 1 cost 16.847836 refreshRate 0 processName com.innowireless.xcal.mobile5
04-03 22:17:21.932 2635 2705 D OplusFeatureBrightnessBarController: mDarkLevel: 0
04-03 22:17:23.004 8162 8162 I Quality : Skipped: false 1 cost 17.020388 refreshRate 0 processName com.innowireless.xcal.mobile5
04-03 22:17:23.730 2635 2705 D OplusFeatureBrightnessBarController: mDarkLevel: 0
04-03 22:17:26.027 1338 1338 I Quality : SFJankCountInfo: 340; 0; 0; 2; 9; 4; 51; 46; 34; 0; 0
04-03 22:17:26.530 2635 2705 D OplusFeatureBrightnessBarController: mDarkLevel: 0
04-03 22:17:27.582 8162 8162 I Quality : Skipped: false 1 cost 18.932943 refreshRate 0 processName com.innowireless.xcal.mobile5
04-03 22:17:29.130 2635 2705 D OplusFeatureBrightnessBarController: mDarkLevel: 0
04-03 22:17:30.530 2635 2705 D OplusFeatureBrightnessBarController: mDarkLevel: 0
04-03 22:17:33.930 2635 2705 D OplusFeatureBrightnessBarController: mDarkLevel: 0
04-03 22:17:34.730 2635 2705 D OplusFeatureBrightnessBarController: mDarkLevel: 0
04-03 22:17:36.531 2635 2705 D OplusFeatureBrightnessBarController: mDarkLevel: 0
04-03 22:17:37.529 2635 2705 D OplusFeatureBrightnessBarController: mDarkLevel: 0
04-03 22:17:40.130 2635 2705 D OplusFeatureBrightnessBarController: mDarkLevel: 0
04-03 22:17:41.530 2635 2705 D OplusFeatureBrightnessBarController: mDarkLevel: 0
04-03 22:17:41.534 2635 3156 D AIBrightnessModel: handleUpdateBrightness brightness change from BrightnessPoint:(6.608034, 351.32095, 145.93456, 85.16146)->BrightnessPoint:(6.0524917, 322.2854, 42.57455, 78.52337) lux:39.60303, [40.0,39.0,40.0,39.0,40.0]
04-03 22:17:41.547 2635 2705 I ColorAutomaticBrightnessController: updateAutoBrightness: Auto
04-03 22:17:41.547 2635 2705 I ColorAutomaticBrightnessController: , sendUpdate = true, adjustment = 977.0, AIBrightness = 322, adjustManualBright = 322
04-03 22:17:41.549 2635 2705 D OplusDisplayPowerControllerExtImpl: original brightness to dataBase:322 final brightness:322.0 scale:1.0 reason:4 darkLevel:0
04-03 22:17:41.549 2635 2705 D DisplayPowerController[0]: Animating brightness: target=322.0, rate=25.0, source= 7
04-03 22:17:41.562 2635 2705 D VRR [OPlusRefreshRateService]: notifyBrightnessChange brightness: 322.0
04-03 22:17:41.562 2635 2705 D VRR [OPlusRefreshRateService]: notifyNitsChange nits: 78.438934 discrete nits: 85.12281
04-03 22:17:41.580 2635 3161 D LightsServiceExtImpl: baseSetLightLocked end.
04-03 22:17:41.584 2635 2705 D OplusDisplayPowerControllerExtImpl: original brightness to dataBase:322 final brightness:322.0 scale:1.0 reason:4 darkLevel:0
04-03 22:17:41.585 2635 2705 D DisplayPowerController[0]: Animating brightness: target=322.0, rate=25.0, source= 7
04-03 22:17:41.586 2635 2705 D VRR [OPlusRefreshRateService]: notifyBrightnessChange brightness: 322.0
04-03 22:17:41.586 2635 5020 D UsageStatsService: User[0] type=0 b=1743698536165 e=1743698861586 cb=1743656748833 ce=1743698720169 disk=0 all=1
04-03 22:17:41.587 2635 2658 D DisplayManagerService: Delivering display event: displayId=0, event=4
04-03 22:17:41.663 2635 3161 D LightsServiceExtImpl: baseSetLightLocked end.
04-03 22:17:41.675 2635 2705 D OplusDisplayPowerControllerExtImpl: original brightness to dataBase:322 final brightness:322.0 scale:1.0 reason:4 darkLevel:0
04-03 22:17:41.675 2635 2705 D DisplayPowerController[0]: Animating brightness: target=322.0, rate=25.0, source= 7
04-03 22:17:41.678 2635 2705 D VRR [OPlusRefreshRateService]: notifyBrightnessChange brightness: 322.0
04-03 22:17:41.681 2635 2658 D DisplayManagerService: Delivering display event: displayId=0, event=4
04-03 22:17:41.755 2635 3161 D LightsServiceExtImpl: baseSetLightLocked end.
04-03 22:17:41.774 2635 2705 D OplusDisplayPowerControllerExtImpl: original brightness to dataBase:322 final brightness:322.0 scale:1.0 reason:4 darkLevel:0
04-03 22:17:41.776 2635 2705 D DisplayPowerController[0]: Animating brightness: target=322.0, rate=25.0, source= 7
04-03 22:17:41.779 2635 2705 D VRR [OPlusRefreshRateService]: notifyBrightnessChange brightness: 322.0
04-03 22:17:41.779 2635 2658 D DisplayManagerService: Delivering display event: displayId=0, event=4
04-03 22:17:41.789 2635 3161 D LightsServiceExtImpl: baseSetLightLocked end.
04-03 22:17:41.797 2635 2705 D OplusDisplayPowerControllerExtImpl: original brightness to dataBase:322 final brightness:322.0 scale:1.0 reason:4 darkLevel:0
04-03 22:17:41.797 2635 2705 D DisplayPowerController[0]: Animating brightness: target=322.0, rate=25.0, source= 7
04-03 22:17:41.799 2635 2705 D VRR [OPlusRefreshRateService]: notifyBrightnessChange brightness: 322.0
04-03 22:17:41.799 2635 2658 D DisplayManagerService: Delivering display event: displayId=0, event=4
04-03 22:17:41.853 2635 3161 D LightsServiceExtImpl: baseSetLightLocked end.
04-03 22:17:41.867 2635 2705 D OplusDisplayPowerControllerExtImpl: original brightness to dataBase:322 final brightness:322.0 scale:1.0 reason:4 darkLevel:0
04-03 22:17:41.867 2635 2705 D DisplayPowerController[0]: Animating brightness: target=322.0, rate=25.0, source= 7
04-03 22:17:41.869 2635 2705 D VRR [OPlusRefreshRateService]: notifyBrightnessChange brightness: 322.0
04-03 22:17:41.869 2635 2658 D DisplayManagerService: Delivering display event: displayId=0, event=4
04-03 22:17:41.937 2635 3161 D LightsServiceExtImpl: baseSetLightLocked end.
04-03 22:17:41.951 2635 2705 D OplusDisplayPowerControllerExtImpl: original brightness to dataBase:322 final brightness:322.0 scale:1.0 reason:4 darkLevel:0
04-03 22:17:41.951 2635 2705 D DisplayPowerController[0]: Animating brightness: target=322.0, rate=25.0, source= 7
04-03 22:17:41.955 2635 2705 D VRR [OPlusRefreshRateService]: notifyBrightnessChange brightness: 322.0
04-03 22:17:41.956 2635 2658 D DisplayManagerService: Delivering display event: displayId=0, event=4
04-03 22:17:41.968 2635 3161 D LightsServiceExtImpl: baseSetLightLocked end.
04-03 22:17:41.975 2635 2705 D OplusDisplayPowerControllerExtImpl: original brightness to dataBase:322 final brightness:322.0 scale:1.0 reason:4 darkLevel:0
04-03 22:17:41.976 2635 2705 D DisplayPowerController[0]: Animating brightness: target=322.0, rate=25.0, source= 7
04-03 22:17:41.978 2635 2705 D VRR [OPlusRefreshRateService]: notifyBrightnessChange brightness: 322.0
04-03 22:17:41.978 2635 2658 D DisplayManagerService: Delivering display event: displayId=0, event=4
04-03 22:17:42.014 2635 3161 D LightsServiceExtImpl: baseSetLightLocked end.
04-03 22:17:42.020 2635 2705 D OplusDisplayPowerControllerExtImpl: original brightness to dataBase:322 final brightness:322.0 scale:1.0 reason:4 darkLevel:0
04-03 22:17:42.020 2635 2705 D DisplayPowerController[0]: Animating brightness: target=322.0, rate=25.0, source= 7
04-03 22:17:42.023 2635 2705 D VRR [OPlusRefreshRateService]: notifyBrightnessChange brightness: 322.0
04-03 22:17:42.023 2635 2658 D DisplayManagerService: Delivering display event: displayId=0, event=4
04-03 22:17:42.148 2635 3161 D LightsServiceExtImpl: baseSetLightLocked end.
04-03 22:17:42.156 2635 2705 D OplusDisplayPowerControllerExtImpl: original brightness to dataBase:322 final brightness:322.0 scale:1.0 reason:4 darkLevel:0
04-03 22:17:42.156 2635 2705 D DisplayPowerController[0]: Animating brightness: target=322.0, rate=25.0, source= 7
04-03 22:17:42.158 2635 2705 D VRR [OPlusRefreshRateService]: notifyBrightnessChange brightness: 322.0
04-03 22:17:42.159 2635 2658 D DisplayManagerService: Delivering display event: displayId=0, event=4
04-03 22:17:42.199 2635 3161 D LightsServiceExtImpl: baseSetLightLocked end.
04-03 22:17:42.207 2635 2705 D OplusDisplayPowerControllerExtImpl: original brightness to dataBase:322 final brightness:322.0 scale:1.0 reason:4 darkLevel:0
04-03 22:17:42.208 2635 2705 D DisplayPowerController[0]: Animating brightness: target=322.0, rate=25.0, source= 7
04-03 22:17:42.209 2635 2705 D VRR [OPlusRefreshRateService]: notifyBrightnessChange brightness: 322.0
04-03 22:17:42.210 2635 2658 D DisplayManagerService: Delivering display event: displayId=0, event=4
04-03 22:17:42.248 2635 3161 D LightsServiceExtImpl: baseSetLightLocked end.
04-03 22:17:42.253 2635 2705 D OplusDisplayPowerControllerExtImpl: original brightness to dataBase:322 final brightness:322.0 scale:1.0 reason:4 darkLevel:0
04-03 22:17:42.253 2635 2705 D DisplayPowerController[0]: Animating brightness: target=322.0, rate=25.0, source= 7
04-03 22:17:42.254 2635 2705 D VRR [OPlusRefreshRateService]: notifyBrightnessChange brightness: 322.0
04-03 22:17:42.255 2635 2658 D DisplayManagerService: Delivering display event: displayId=0, event=4
04-03 22:17:42.301 2635 3161 D LightsServiceExtImpl: baseSetLightLocked end.
04-03 22:17:42.316 2635 2705 D OplusDisplayPowerControllerExtImpl: original brightness to dataBase:322 final brightness:322.0 scale:1.0 reason:4 darkLevel:0
04-03 22:17:42.316 2635 2705 D DisplayPowerController[0]: Animating brightness: target=322.0, rate=25.0, source= 7
04-03 22:17:42.319 2635 2705 D VRR [OPlusRefreshRateService]: notifyBrightnessChange brightness: 322.0
04-03 22:17:42.320 2635 2658 D DisplayManagerService: Delivering display event: displayId=0, event=4
04-03 22:17:42.369 2635 3161 D LightsServiceExtImpl: baseSetLightLocked end.
04-03 22:17:42.381 2635 2705 D OplusDisplayPowerControllerExtImpl: original brightness to dataBase:322 final brightness:322.0 scale:1.0 reason:4 darkLevel:0
04-03 22:17:42.381 2635 2705 D DisplayPowerController[0]: Animating brightness: target=322.0, rate=25.0, source= 7
04-03 22:17:42.383 2635 2705 D VRR [OPlusRefreshRateService]: notifyBrightnessChange brightness: 322.0
04-03 22:17:42.384 2635 2658 D DisplayManagerService: Delivering display event: displayId=0, event=4
04-03 22:17:42.437 2635 3161 D LightsServiceExtImpl: baseSetLightLocked end.
04-03 22:17:42.459 2635 2705 D OplusDisplayPowerControllerExtImpl: original brightness to dataBase:322 final brightness:322.0 scale:1.0 reason:4 darkLevel:0
04-03 22:17:42.459 2635 2705 D DisplayPowerController[0]: Animating brightness: target=322.0, rate=25.0, source= 7
04-03 22:17:42.461 2635 2705 D VRR [OPlusRefreshRateService]: notifyBrightnessChange brightness: 322.0
04-03 22:17:42.462 2635 2658 D DisplayManagerService: Delivering display event: displayId=0, event=4
04-03 22:17:42.483 2635 3161 D LightsServiceExtImpl: baseSetLightLocked end.
04-03 22:17:42.489 2635 2705 D OplusDisplayPowerControllerExtImpl: original brightness to dataBase:322 final brightness:322.0 scale:1.0 reason:4 darkLevel:0
04-03 22:17:42.489 2635 2705 D DisplayPowerController[0]: Animating brightness: target=322.0, rate=25.0, source= 7
04-03 22:17:42.490 2635 2705 D VRR [OPlusRefreshRateService]: notifyBrightnessChange brightness: 322.0
04-03 22:17:42.490 2635 2658 D DisplayManagerService: Delivering display event: displayId=0, event=4
04-03 22:17:42.555 2635 3161 D LightsServiceExtImpl: baseSetLightLocked end.
04-03 22:17:42.565 2635 2705 D OplusDisplayPowerControllerExtImpl: original brightness to dataBase:322 final brightness:322.0 scale:1.0 reason:4 darkLevel:0
04-03 22:17:42.566 2635 2705 D DisplayPowerController[0]: Animating brightness: target=322.0, rate=25.0, source= 7
04-03 22:17:42.568 2635 2705 D VRR [OPlusRefreshRateService]: notifyBrightnessChange brightness: 322.0
04-03 22:17:42.569 2635 2658 D DisplayManagerService: Delivering display event: displayId=0, event=4
04-03 22:17:42.609 2635 3161 D LightsServiceExtImpl: baseSetLightLocked end.
04-03 22:17:42.617 2635 2705 D OplusDisplayPowerControllerExtImpl: original brightness to dataBase:322 final brightness:322.0 scale:1.0 reason:4 darkLevel:0
04-03 22:17:42.617 2635 2705 D DisplayPowerController[0]: Animating brightness: target=322.0, rate=25.0, source= 7
04-03 22:17:42.619 2635 2705 D VRR [OPlusRefreshRateService]: notifyBrightnessChange brightness: 322.0
04-03 22:17:42.626 2635 2658 D DisplayManagerService: Delivering display event: displayId=0, event=4
04-03 22:17:42.694 2635 3161 D LightsServiceExtImpl: baseSetLightLocked end.
04-03 22:17:42.716 2635 2705 D OplusDisplayPowerControllerExtImpl: original brightness to dataBase:322 final brightness:322.0 scale:1.0 reason:4 darkLevel:0
04-03 22:17:42.716 2635 2705 D DisplayPowerController[0]: Animating brightness: target=322.0, rate=25.0, source= 7
04-03 22:17:42.718 2635 2705 D VRR [OPlusRefreshRateService]: notifyBrightnessChange brightness: 322.0
04-03 22:17:42.719 2635 2658 D DisplayManagerService: Delivering display event: displayId=0, event=4
04-03 22:17:42.730 2635 2705 D OplusFeatureBrightnessBarController: mDarkLevel: 0
04-03 22:17:42.785 2635 3161 D LightsServiceExtImpl: baseSetLightLocked end.
04-03 22:17:42.796 2635 2705 D OplusDisplayPowerControllerExtImpl: original brightness to dataBase:322 final brightness:322.0 scale:1.0 reason:4 darkLevel:0
04-03 22:17:42.797 2635 2705 D DisplayPowerController[0]: Animating brightness: target=322.0, rate=25.0, source= 7
04-03 22:17:42.799 2635 2705 D VRR [OPlusRefreshRateService]: notifyBrightnessChange brightness: 322.0
04-03 22:17:42.800 2635 2658 D DisplayManagerService: Delivering display event: displayId=0, event=4
04-03 22:17:42.868 2635 3161 D LightsServiceExtImpl: baseSetLightLocked end.
04-03 22:17:42.881 2635 2705 D OplusDisplayPowerControllerExtImpl: original brightness to dataBase:322 final brightness:322.0 scale:1.0 reason:4 darkLevel:0
04-03 22:17:42.881 2635 2705 D DisplayPowerController[0]: Animating brightness: target=322.0, rate=25.0, source= 7
04-03 22:17:42.884 2635 2705 D VRR [OPlusRefreshRateService]: notifyBrightnessChange brightness: 322.0
04-03 22:17:42.885 2635 2658 D DisplayManagerService: Delivering display event: displayId=0, event=4
04-03 22:17:42.969 2635 3161 D LightsServiceExtImpl: baseSetLightLocked end.
04-03 22:17:42.981 2635 2705 D OplusDisplayPowerControllerExtImpl: original brightness to dataBase:322 final brightness:322.0 scale:1.0 reason:4 darkLevel:0
04-03 22:17:42.981 2635 2705 D DisplayPowerController[0]: Animating brightness: target=322.0, rate=25.0, source= 7
04-03 22:17:42.984 2635 2705 D VRR [OPlusRefreshRateService]: notifyBrightnessChange brightness: 322.0
04-03 22:17:42.984 2635 2658 D DisplayManagerService: Delivering display event: displayId=0, event=4
04-03 22:17:43.044 2635 3161 D LightsServiceExtImpl: baseSetLightLocked end.
04-03 22:17:43.052 2635 2705 D OplusDisplayPowerControllerExtImpl: original brightness to dataBase:322 final brightness:322.0 scale:1.0 reason:4 darkLevel:0
04-03 22:17:43.053 2635 2705 D DisplayPowerController[0]: Animating brightness: target=322.0, rate=25.0, source= 7
04-03 22:17:43.054 2635 2705 D VRR [OPlusRefreshRateService]: notifyBrightnessChange brightness: 322.0
04-03 22:17:43.054 2635 2658 D DisplayManagerService: Delivering display event: displayId=0, event=4
04-03 22:17:43.092 2635 3161 D LightsServiceExtImpl: baseSetLightLocked end.
04-03 22:17:43.100 2635 2705 D OplusDisplayPowerControllerExtImpl: original brightness to dataBase:322 final brightness:322.0 scale:1.0 reason:4 darkLevel:0
04-03 22:17:43.100 2635 2705 D DisplayPowerController[0]: Animating brightness: target=322.0, rate=25.0, source= 7
04-03 22:17:43.102 2635 2705 D VRR [OPlusRefreshRateService]: notifyBrightnessChange brightness: 322.0
04-03 22:17:43.103 2635 2658 D DisplayManagerService: Delivering display event: displayId=0, event=4
04-03 22:17:43.199 2635 3161 D LightsServiceExtImpl: baseSetLightLocked end.
04-03 22:17:43.203 2635 2705 D OplusDisplayPowerControllerExtImpl: original brightness to dataBase:322 final brightness:322.0 scale:1.0 reason:4 darkLevel:0
04-03 22:17:43.204 2635 2705 D DisplayPowerController[0]: Animating brightness: target=322.0, rate=25.0, source= 7
04-03 22:17:43.205 2635 2705 D VRR [OPlusRefreshRateService]: notifyBrightnessChange brightness: 322.0
04-03 22:17:43.205 2635 2658 D DisplayManagerService: Delivering display event: displayId=0, event=4
04-03 22:17:43.277 2635 3161 D LightsServiceExtImpl: baseSetLightLocked end.
04-03 22:17:43.284 2635 2705 D OplusDisplayPowerControllerExtImpl: original brightness to dataBase:322 final brightness:322.0 scale:1.0 reason:4 darkLevel:0
04-03 22:17:43.284 2635 2705 D DisplayPowerController[0]: Animating brightness: target=322.0, rate=25.0, source= 7
04-03 22:17:43.285 2635 2705 D VRR [OPlusRefreshRateService]: notifyBrightnessChange brightness: 322.0
04-03 22:17:43.285 2635 2658 D DisplayManagerService: Delivering display event: displayId=0, event=4
04-03 22:17:43.310 2635 3161 D LightsServiceExtImpl: baseSetLightLocked end.
04-03 22:17:43.316 2635 2705 D OplusDisplayPowerControllerExtImpl: original brightness to dataBase:322 final brightness:322.0 scale:1.0 reason:4 darkLevel:0
04-03 22:17:43.316 2635 2705 D DisplayPowerController[0]: Animating brightness: target=322.0, rate=25.0, source= 7
04-03 22:17:43.317 2635 2705 D VRR [OPlusRefreshRateService]: notifyBrightnessChange brightness: 322.0
04-03 22:17:43.318 2635 2658 D DisplayManagerService: Delivering display event: displayId=0, event=4
04-03 22:17:43.450 2635 3161 D LightsServiceExtImpl: baseSetLightLocked end.
04-03 22:17:43.462 2635 2705 D OplusDisplayPowerControllerExtImpl: original brightness to dataBase:322 final brightness:322.0 scale:1.0 reason:4 darkLevel:0
04-03 22:17:43.462 2635 2705 D DisplayPowerController[0]: Animating brightness: target=322.0, rate=25.0, source= 7
04-03 22:17:43.464 2635 2705 D VRR [OPlusRefreshRateService]: notifyBrightnessChange brightness: 322.0
04-03 22:17:43.466 2635 2658 D DisplayManagerService: Delivering display event: displayId=0, event=4
04-03 22:17:43.530 2635 2705 D OplusFeatureBrightnessBarController: mDarkLevel: 0
04-03 22:17:43.534 2635 3161 D LightsServiceExtImpl: baseSetLightLocked end.
04-03 22:17:43.543 2635 2705 D OplusDisplayPowerControllerExtImpl: original brightness to dataBase:322 final brightness:322.0 scale:1.0 reason:4 darkLevel:0
04-03 22:17:43.543 2635 2705 D DisplayPowerController[0]: Animating brightness: target=322.0, rate=25.0, source= 7
04-03 22:17:43.544 2635 2705 D VRR [OPlusRefreshRateService]: notifyBrightnessChange brightness: 322.0
04-03 22:17:43.544 2635 2658 D DisplayManagerService: Delivering display event: displayId=0, event=4
04-03 22:17:43.556 2635 2705 D OplusDisplayPowerControllerExtImpl: original brightness to dataBase:322 final brightness:322.0 scale:1.0 reason:4 darkLevel:0
04-03 22:17:43.557 2635 2705 D DisplayPowerController[0]: Animating brightness: target=322.0, rate=25.0, source= 7
