04-03 21:52:42.203 2635 2705 D VRR [OPlusRefreshRateService]: notifyBrightnessChange brightness: 357.0
04-03 21:52:42.203 2635 2658 D DisplayManagerService: Delivering display event: displayId=0, event=4
04-03 21:52:42.216 2635 3161 D LightsServiceExtImpl: baseSetLightLocked end.
04-03 21:52:42.221 2635 2705 D OplusDisplayPowerControllerExtImpl: original brightness to dataBase:357 final brightness:357.0 scale:1.0 reason:4 darkLevel:0
04-03 21:52:42.221 2635 2705 D DisplayPowerController[0]: Animating brightness: target=357.0, rate=124.0, source= 7
04-03 21:52:42.221 2635 2705 D VRR [OPlusRefreshRateService]: notifyBrightnessChange brightness: 357.0
04-03 21:52:42.221 2635 2658 D DisplayManagerService: Delivering display event: displayId=0, event=4
04-03 21:52:42.231 2635 3161 D LightsServiceExtImpl: baseSetLightLocked end.
04-03 21:52:42.235 2635 2705 D OplusDisplayPowerControllerExtImpl: original brightness to dataBase:357 final brightness:357.0 scale:1.0 reason:4 darkLevel:0
04-03 21:52:42.235 2635 2705 D DisplayPowerController[0]: Animating brightness: target=357.0, rate=124.0, source= 7
04-03 21:52:42.236 2635 2705 D VRR [OPlusRefreshRateService]: notifyBrightnessChange brightness: 357.0
04-03 21:52:42.236 2635 2658 D DisplayManagerService: Delivering display event: displayId=0, event=4
04-03 21:52:42.265 2635 3161 D LightsServiceExtImpl: baseSetLightLocked end.
04-03 21:52:42.270 2635 2705 D OplusDisplayPowerControllerExtImpl: original brightness to dataBase:357 final brightness:357.0 scale:1.0 reason:4 darkLevel:0
04-03 21:52:42.270 2635 2705 D DisplayPowerController[0]: Animating brightness: target=357.0, rate=124.0, source= 7
04-03 21:52:42.270 2635 2705 D VRR [OPlusRefreshRateService]: notifyBrightnessChange brightness: 357.0
04-03 21:52:42.270 2635 2658 D DisplayManagerService: Delivering display event: displayId=0, event=4
04-03 21:52:42.297 2635 3161 D LightsServiceExtImpl: baseSetLightLocked end.
04-03 21:52:42.302 2635 2705 D OplusDisplayPowerControllerExtImpl: original brightness to dataBase:357 final brightness:357.0 scale:1.0 reason:4 darkLevel:0
04-03 21:52:42.302 2635 2705 D DisplayPowerController[0]: Animating brightness: target=357.0, rate=124.0, source= 7
04-03 21:52:42.302 2635 2705 D VRR [OPlusRefreshRateService]: notifyBrightnessChange brightness: 357.0
04-03 21:52:42.303 2635 2658 D DisplayManagerService: Delivering display event: displayId=0, event=4
04-03 21:52:42.314 2635 3161 D LightsServiceExtImpl: baseSetLightLocked end.
04-03 21:52:42.318 2635 2705 D OplusDisplayPowerControllerExtImpl: original brightness to dataBase:357 final brightness:357.0 scale:1.0 reason:4 darkLevel:0
04-03 21:52:42.319 2635 2705 D DisplayPowerController[0]: Animating brightness: target=357.0, rate=124.0, source= 7
04-03 21:52:42.319 2635 2705 D VRR [OPlusRefreshRateService]: notifyBrightnessChange brightness: 357.0
04-03 21:52:42.319 2635 2658 D DisplayManagerService: Delivering display event: displayId=0, event=4
04-03 21:52:42.349 2635 3161 D LightsServiceExtImpl: baseSetLightLocked end.
04-03 21:52:42.355 2635 2705 D OplusDisplayPowerControllerExtImpl: original brightness to dataBase:357 final brightness:357.0 scale:1.0 reason:4 darkLevel:0
04-03 21:52:42.355 2635 2705 D DisplayPowerController[0]: Animating brightness: target=357.0, rate=124.0, source= 7
04-03 21:52:42.355 2635 2705 D VRR [OPlusRefreshRateService]: notifyBrightnessChange brightness: 357.0
04-03 21:52:42.356 2635 2658 D DisplayManagerService: Delivering display event: displayId=0, event=4
04-03 21:52:42.385 2635 3161 D LightsServiceExtImpl: baseSetLightLocked end.
04-03 21:52:42.396 2635 2705 D OplusDisplayPowerControllerExtImpl: original brightness to dataBase:357 final brightness:357.0 scale:1.0 reason:4 darkLevel:0
04-03 21:52:42.396 2635 2705 D DisplayPowerController[0]: Animating brightness: target=357.0, rate=124.0, source= 7
04-03 21:52:42.396 2635 2705 D VRR [OPlusRefreshRateService]: notifyBrightnessChange brightness: 357.0
04-03 21:52:42.397 2635 2658 D DisplayManagerService: Delivering display event: displayId=0, event=4
04-03 21:52:42.408 2635 3161 D LightsServiceExtImpl: baseSetLightLocked end.
04-03 21:52:42.416 2635 2705 D OplusDisplayPowerControllerExtImpl: original brightness to dataBase:357 final brightness:357.0 scale:1.0 reason:4 darkLevel:0
04-03 21:52:42.417 2635 2705 D DisplayPowerController[0]: Animating brightness: target=357.0, rate=124.0, source= 7
04-03 21:52:42.417 2635 2705 D VRR [OPlusRefreshRateService]: notifyBrightnessChange brightness: 357.0
04-03 21:52:42.418 2635 2658 D DisplayManagerService: Delivering display event: displayId=0, event=4
04-03 21:52:42.433 2635 3161 D LightsServiceExtImpl: baseSetLightLocked end.
04-03 21:52:42.437 2635 2705 D OplusDisplayPowerControllerExtImpl: original brightness to dataBase:357 final brightness:357.0 scale:1.0 reason:4 darkLevel:0
04-03 21:52:42.438 2635 2705 D DisplayPowerController[0]: Animating brightness: target=357.0, rate=124.0, source= 7
04-03 21:52:42.439 2635 2705 D VRR [OPlusRefreshRateService]: notifyBrightnessChange brightness: 357.0
04-03 21:52:42.439 2635 2658 D DisplayManagerService: Delivering display event: displayId=0, event=4
04-03 21:52:42.447 2635 3161 D LightsServiceExtImpl: baseSetLightLocked end.
04-03 21:52:42.453 2635 2705 D OplusDisplayPowerControllerExtImpl: original brightness to dataBase:357 final brightness:357.0 scale:1.0 reason:4 darkLevel:0
04-03 21:52:42.454 2635 2705 D DisplayPowerController[0]: Animating brightness: target=357.0, rate=124.0, source= 7
04-03 21:52:42.454 2635 2705 D VRR [OPlusRefreshRateService]: notifyBrightnessChange brightness: 357.0
04-03 21:52:42.454 2635 2658 D DisplayManagerService: Delivering display event: displayId=0, event=4
04-03 21:52:42.465 2635 3161 D LightsServiceExtImpl: baseSetLightLocked end.
04-03 21:52:42.470 2635 2705 D OplusDisplayPowerControllerExtImpl: original brightness to dataBase:357 final brightness:357.0 scale:1.0 reason:4 darkLevel:0
04-03 21:52:42.470 2635 2705 D DisplayPowerController[0]: Animating brightness: target=357.0, rate=124.0, source= 7
04-03 21:52:42.471 2635 2705 D VRR [OPlusRefreshRateService]: notifyBrightnessChange brightness: 357.0
04-03 21:52:42.471 2635 2658 D DisplayManagerService: Delivering display event: displayId=0, event=4
04-03 21:52:42.501 2635 3161 D LightsServiceExtImpl: baseSetLightLocked end.
04-03 21:52:42.511 2635 2705 D OplusDisplayPowerControllerExtImpl: original brightness to dataBase:357 final brightness:357.0 scale:1.0 reason:4 darkLevel:0
04-03 21:52:42.511 2635 2705 D DisplayPowerController[0]: Animating brightness: target=357.0, rate=124.0, source= 7
04-03 21:52:42.511 2635 2705 D VRR [OPlusRefreshRateService]: notifyBrightnessChange brightness: 357.0
04-03 21:52:42.512 2635 2658 D DisplayManagerService: Delivering display event: displayId=0, event=4
04-03 21:52:42.542 2635 2705 D OplusDisplayPowerControllerExtImpl: original brightness to dataBase:357 final brightness:357.0 scale:1.0 reason:4 darkLevel:0
04-03 21:52:42.542 2635 2705 D DisplayPowerController[0]: Animating brightness: target=357.0, rate=124.0, source= 7
04-03 21:52:42.542 2635 2705 D VRR [OPlusRefreshRateService]: notifyBrightnessChange brightness: 357.0
04-03 21:52:42.550 2635 3161 D LightsServiceExtImpl: baseSetLightLocked end.
04-03 21:52:42.561 2635 2705 D OplusDisplayPowerControllerExtImpl: original brightness to dataBase:357 final brightness:357.0 scale:1.0 reason:4 darkLevel:0
04-03 21:52:42.561 2635 2705 D DisplayPowerController[0]: Animating brightness: target=357.0, rate=124.0, source= 7
04-03 21:52:42.561 2635 2705 D VRR [OPlusRefreshRateService]: notifyBrightnessChange brightness: 357.0
04-03 21:52:42.561 2635 2658 D DisplayManagerService: Delivering display event: displayId=0, event=4
04-03 21:52:43.624 8162 8162 I Quality : Skipped: false 1 cost 18.438725 refreshRate 0 processName com.innowireless.xcal.mobile5
04-03 21:52:44.545 2635 2705 D OplusFeatureBrightnessBarController: mDarkLevel: 0
04-03 21:52:44.622 8162 8162 I Quality : Skipped: false 1 cost 17.031244 refreshRate 0 processName com.innowireless.xcal.mobile5
04-03 21:52:45.745 2635 2705 D OplusFeatureBrightnessBarController: mDarkLevel: 0
04-03 21:52:46.745 2635 2705 D OplusFeatureBrightnessBarController: mDarkLevel: 0
04-03 21:52:47.620 8162 8162 I Quality : Skipped: false 1 cost 17.451136 refreshRate 0 processName com.innowireless.xcal.mobile5
04-03 21:52:49.146 2635 2705 D OplusFeatureBrightnessBarController: mDarkLevel: 0
04-03 21:52:49.619 8162 8162 I Quality : Skipped: false 1 cost 18.986967 refreshRate 0 processName com.innowireless.xcal.mobile5
04-03 21:52:50.547 2635 2705 D OplusFeatureBrightnessBarController: mDarkLevel: 0
04-03 21:52:51.546 2635 2705 D OplusFeatureBrightnessBarController: mDarkLevel: 0
04-03 21:52:52.948 2635 2705 D OplusFeatureBrightnessBarController: mDarkLevel: 0
04-03 21:52:52.953 2635 3156 D AIBrightnessModel: handleUpdateBrightness brightness change from BrightnessPoint:(6.6957517, 357.2681, 167.89731, 86.58287)->BrightnessPoint:(6.1109695, 323.40982, 50.547768, 78.6772) lux:46.864544, [48.0,48.0,47.0,46.0,46.0,47.0,46.0]
04-03 21:52:52.960 2635 2705 I ColorAutomaticBrightnessController: updateAutoBrightness: Auto
04-03 21:52:52.960 2635 2705 I ColorAutomaticBrightnessController: , sendUpdate = true, adjustment = 977.0, AIBrightness = 323, adjustManualBright = 323
04-03 21:52:52.960 2635 2705 D OplusDisplayPowerControllerExtImpl: original brightness to dataBase:323 final brightness:323.0 scale:1.0 reason:4 darkLevel:0
04-03 21:52:52.961 2635 2705 D DisplayPowerController[0]: Animating brightness: target=323.0, rate=25.0, source= 7
04-03 21:52:52.962 2635 2705 D VRR [OPlusRefreshRateService]: notifyBrightnessChange brightness: 323.0
04-03 21:52:52.962 2635 2705 D VRR [OPlusRefreshRateService]: notifyNitsChange nits: 78.66157 discrete nits: 86.54653
04-03 21:52:53.001 2635 3161 D LightsServiceExtImpl: baseSetLightLocked end.
04-03 21:52:53.009 2635 2705 D OplusDisplayPowerControllerExtImpl: original brightness to dataBase:323 final brightness:323.0 scale:1.0 reason:4 darkLevel:0
04-03 21:52:53.010 2635 2705 D DisplayPowerController[0]: Animating brightness: target=323.0, rate=25.0, source= 7
04-03 21:52:53.011 2635 2705 D VRR [OPlusRefreshRateService]: notifyBrightnessChange brightness: 323.0
04-03 21:52:53.011 2635 2658 D DisplayManagerService: Delivering display event: displayId=0, event=4
04-03 21:52:53.092 2635 3161 D LightsServiceExtImpl: baseSetLightLocked end.
04-03 21:52:53.105 2635 2705 D OplusDisplayPowerControllerExtImpl: original brightness to dataBase:323 final brightness:323.0 scale:1.0 reason:4 darkLevel:0
04-03 21:52:53.105 2635 2705 D DisplayPowerController[0]: Animating brightness: target=323.0, rate=25.0, source= 7
04-03 21:52:53.112 2635 2705 D VRR [OPlusRefreshRateService]: notifyBrightnessChange brightness: 323.0
04-03 21:52:53.112 2635 2658 D DisplayManagerService: Delivering display event: displayId=0, event=4
04-03 21:52:53.171 2635 3161 D LightsServiceExtImpl: baseSetLightLocked end.
04-03 21:52:53.176 2635 2705 D OplusDisplayPowerControllerExtImpl: original brightness to dataBase:323 final brightness:323.0 scale:1.0 reason:4 darkLevel:0
04-03 21:52:53.176 2635 2705 D DisplayPowerController[0]: Animating brightness: target=323.0, rate=25.0, source= 7
04-03 21:52:53.177 2635 2705 D VRR [OPlusRefreshRateService]: notifyBrightnessChange brightness: 323.0
04-03 21:52:53.177 2635 2658 D DisplayManagerService: Delivering display event: displayId=0, event=4
04-03 21:52:53.207 2635 3161 D LightsServiceExtImpl: baseSetLightLocked end.
04-03 21:52:53.211 2635 2705 D OplusDisplayPowerControllerExtImpl: original brightness to dataBase:323 final brightness:323.0 scale:1.0 reason:4 darkLevel:0
04-03 21:52:53.211 2635 2705 D DisplayPowerController[0]: Animating brightness: target=323.0, rate=25.0, source= 7
04-03 21:52:53.212 2635 2705 D VRR [OPlusRefreshRateService]: notifyBrightnessChange brightness: 323.0
04-03 21:52:53.213 2635 2658 D DisplayManagerService: Delivering display event: displayId=0, event=4
04-03 21:52:53.255 2635 3161 D LightsServiceExtImpl: baseSetLightLocked end.
04-03 21:52:53.262 2635 2705 D OplusDisplayPowerControllerExtImpl: original brightness to dataBase:323 final brightness:323.0 scale:1.0 reason:4 darkLevel:0
04-03 21:52:53.262 2635 2705 D DisplayPowerController[0]: Animating brightness: target=323.0, rate=25.0, source= 7
04-03 21:52:53.266 2635 2705 D VRR [OPlusRefreshRateService]: notifyBrightnessChange brightness: 323.0
04-03 21:52:53.268 2635 2658 D DisplayManagerService: Delivering display event: displayId=0, event=4
04-03 21:52:53.304 2635 3161 D LightsServiceExtImpl: baseSetLightLocked end.
04-03 21:52:53.309 2635 2705 D OplusDisplayPowerControllerExtImpl: original brightness to dataBase:323 final brightness:323.0 scale:1.0 reason:4 darkLevel:0
04-03 21:52:53.309 2635 2705 D DisplayPowerController[0]: Animating brightness: target=323.0, rate=25.0, source= 7
04-03 21:52:53.310 2635 2705 D VRR [OPlusRefreshRateService]: notifyBrightnessChange brightness: 323.0
04-03 21:52:53.311 2635 2658 D DisplayManagerService: Delivering display event: displayId=0, event=4
04-03 21:52:53.332 2635 3161 D LightsServiceExtImpl: baseSetLightLocked end.
04-03 21:52:53.337 2635 2705 D OplusDisplayPowerControllerExtImpl: original brightness to dataBase:323 final brightness:323.0 scale:1.0 reason:4 darkLevel:0
04-03 21:52:53.337 2635 2705 D DisplayPowerController[0]: Animating brightness: target=323.0, rate=25.0, source= 7
04-03 21:52:53.338 2635 2705 D VRR [OPlusRefreshRateService]: notifyBrightnessChange brightness: 323.0
04-03 21:52:53.338 2635 2658 D DisplayManagerService: Delivering display event: displayId=0, event=4
04-03 21:52:53.426 2635 3161 D LightsServiceExtImpl: baseSetLightLocked end.
04-03 21:52:53.441 2635 2705 D OplusDisplayPowerControllerExtImpl: original brightness to dataBase:323 final brightness:323.0 scale:1.0 reason:4 darkLevel:0
04-03 21:52:53.441 2635 2705 D DisplayPowerController[0]: Animating brightness: target=323.0, rate=25.0, source= 7
04-03 21:52:53.443 2635 2705 D VRR [OPlusRefreshRateService]: notifyBrightnessChange brightness: 323.0
04-03 21:52:53.444 2635 2658 D DisplayManagerService: Delivering display event: displayId=0, event=4
04-03 21:52:53.504 2635 3161 D LightsServiceExtImpl: baseSetLightLocked end.
04-03 21:52:53.509 2635 2705 D OplusDisplayPowerControllerExtImpl: original brightness to dataBase:323 final brightness:323.0 scale:1.0 reason:4 darkLevel:0
04-03 21:52:53.510 2635 2705 D DisplayPowerController[0]: Animating brightness: target=323.0, rate=25.0, source= 7
04-03 21:52:53.511 2635 2705 D VRR [OPlusRefreshRateService]: notifyBrightnessChange brightness: 323.0
04-03 21:52:53.511 2635 2658 D DisplayManagerService: Delivering display event: displayId=0, event=4
04-03 21:52:53.537 2635 3161 D LightsServiceExtImpl: baseSetLightLocked end.
04-03 21:52:53.543 2635 2705 D OplusDisplayPowerControllerExtImpl: original brightness to dataBase:323 final brightness:323.0 scale:1.0 reason:4 darkLevel:0
04-03 21:52:53.543 2635 2705 D DisplayPowerController[0]: Animating brightness: target=323.0, rate=25.0, source= 7
04-03 21:52:53.544 2635 2705 D VRR [OPlusRefreshRateService]: notifyBrightnessChange brightness: 323.0
04-03 21:52:53.544 2635 2658 D DisplayManagerService: Delivering display event: displayId=0, event=4
04-03 21:52:53.600 2635 3161 D LightsServiceExtImpl: baseSetLightLocked end.
04-03 21:52:53.608 2635 2705 D OplusDisplayPowerControllerExtImpl: original brightness to dataBase:323 final brightness:323.0 scale:1.0 reason:4 darkLevel:0
04-03 21:52:53.609 2635 2705 D DisplayPowerController[0]: Animating brightness: target=323.0, rate=25.0, source= 7
04-03 21:52:53.610 2635 2705 D VRR [OPlusRefreshRateService]: notifyBrightnessChange brightness: 323.0
04-03 21:52:53.611 2635 2658 D DisplayManagerService: Delivering display event: displayId=0, event=4
04-03 21:52:53.685 2635 3161 D LightsServiceExtImpl: baseSetLightLocked end.
04-03 21:52:53.696 2635 2705 D OplusDisplayPowerControllerExtImpl: original brightness to dataBase:323 final brightness:323.0 scale:1.0 reason:4 darkLevel:0
04-03 21:52:53.697 2635 2705 D DisplayPowerController[0]: Animating brightness: target=323.0, rate=25.0, source= 7
04-03 21:52:53.699 2635 2705 D VRR [OPlusRefreshRateService]: notifyBrightnessChange brightness: 323.0
04-03 21:52:53.699 2635 2658 D DisplayManagerService: Delivering display event: displayId=0, event=4
04-03 21:52:53.717 2635 3161 D LightsServiceExtImpl: baseSetLightLocked end.
04-03 21:52:53.725 2635 2705 D OplusDisplayPowerControllerExtImpl: original brightness to dataBase:323 final brightness:323.0 scale:1.0 reason:4 darkLevel:0
04-03 21:52:53.725 2635 2705 D DisplayPowerController[0]: Animating brightness: target=323.0, rate=25.0, source= 7
04-03 21:52:53.727 2635 2705 D VRR [OPlusRefreshRateService]: notifyBrightnessChange brightness: 323.0
04-03 21:52:53.727 2635 2658 D DisplayManagerService: Delivering display event: displayId=0, event=4
04-03 21:52:53.774 2635 3161 D LightsServiceExtImpl: baseSetLightLocked end.
04-03 21:52:53.785 2635 2705 D OplusDisplayPowerControllerExtImpl: original brightness to dataBase:323 final brightness:323.0 scale:1.0 reason:4 darkLevel:0
04-03 21:52:53.786 2635 2705 D DisplayPowerController[0]: Animating brightness: target=323.0, rate=25.0, source= 7
04-03 21:52:53.789 2635 2705 D VRR [OPlusRefreshRateService]: notifyBrightnessChange brightness: 323.0
04-03 21:52:53.789 2635 2658 D DisplayManagerService: Delivering display event: displayId=0, event=4
04-03 21:52:53.888 2635 3161 D LightsServiceExtImpl: baseSetLightLocked end.
04-03 21:52:53.899 2635 2705 D OplusDisplayPowerControllerExtImpl: original brightness to dataBase:323 final brightness:323.0 scale:1.0 reason:4 darkLevel:0
04-03 21:52:53.899 2635 2705 D DisplayPowerController[0]: Animating brightness: target=323.0, rate=25.0, source= 7
04-03 21:52:53.900 2635 2705 D VRR [OPlusRefreshRateService]: notifyBrightnessChange brightness: 323.0
04-03 21:52:53.900 2635 2658 D DisplayManagerService: Delivering display event: displayId=0, event=4
04-03 21:52:53.952 2635 3161 D LightsServiceExtImpl: baseSetLightLocked end.
04-03 21:52:53.959 2635 2705 D OplusDisplayPowerControllerExtImpl: original brightness to dataBase:323 final brightness:323.0 scale:1.0 reason:4 darkLevel:0
04-03 21:52:53.960 2635 2705 D DisplayPowerController[0]: Animating brightness: target=323.0, rate=25.0, source= 7
04-03 21:52:53.961 2635 2705 D VRR [OPlusRefreshRateService]: notifyBrightnessChange brightness: 323.0
04-03 21:52:53.961 2635 2658 D DisplayManagerService: Delivering display event: displayId=0, event=4
04-03 21:52:54.000 2635 3161 D LightsServiceExtImpl: baseSetLightLocked end.
04-03 21:52:54.007 2635 2705 D OplusDisplayPowerControllerExtImpl: original brightness to dataBase:323 final brightness:323.0 scale:1.0 reason:4 darkLevel:0
04-03 21:52:54.008 2635 2705 D DisplayPowerController[0]: Animating brightness: target=323.0, rate=25.0, source= 7
04-03 21:52:54.009 2635 2705 D VRR [OPlusRefreshRateService]: notifyBrightnessChange brightness: 323.0
04-03 21:52:54.010 2635 2658 D DisplayManagerService: Delivering display event: displayId=0, event=4
04-03 21:52:54.080 2635 3161 D LightsServiceExtImpl: baseSetLightLocked end.
04-03 21:52:54.087 2635 2705 D OplusDisplayPowerControllerExtImpl: original brightness to dataBase:323 final brightness:323.0 scale:1.0 reason:4 darkLevel:0
04-03 21:52:54.088 2635 2705 D DisplayPowerController[0]: Animating brightness: target=323.0, rate=25.0, source= 7
04-03 21:52:54.088 2635 2705 D VRR [OPlusRefreshRateService]: notifyBrightnessChange brightness: 323.0
04-03 21:52:54.089 2635 2658 D DisplayManagerService: Delivering display event: displayId=0, event=4
04-03 21:52:54.127 2635 3161 D LightsServiceExtImpl: baseSetLightLocked end.
04-03 21:52:54.145 2635 2705 D OplusDisplayPowerControllerExtImpl: original brightness to dataBase:323 final brightness:323.0 scale:1.0 reason:4 darkLevel:0
04-03 21:52:54.145 2635 2705 D DisplayPowerController[0]: Animating brightness: target=323.0, rate=25.0, source= 7
04-03 21:52:54.148 2635 2705 D VRR [OPlusRefreshRateService]: notifyBrightnessChange brightness: 323.0
04-03 21:52:54.149 2635 2705 D OplusFeatureBrightnessBarController: mDarkLevel: 0
04-03 21:52:54.149 2635 2658 D DisplayManagerService: Delivering display event: displayId=0, event=4
04-03 21:52:54.186 2635 3161 D LightsServiceExtImpl: baseSetLightLocked end.
04-03 21:52:54.189 2635 2705 D OplusDisplayPowerControllerExtImpl: original brightness to dataBase:323 final brightness:323.0 scale:1.0 reason:4 darkLevel:0
04-03 21:52:54.189 2635 2705 D DisplayPowerController[0]: Animating brightness: target=323.0, rate=25.0, source= 7
04-03 21:52:54.190 2635 2705 D VRR [OPlusRefreshRateService]: notifyBrightnessChange brightness: 323.0
04-03 21:52:54.190 2635 2658 D DisplayManagerService: Delivering display event: displayId=0, event=4
04-03 21:52:54.254 2635 3161 D LightsServiceExtImpl: baseSetLightLocked end.
04-03 21:52:54.258 2635 2705 D OplusDisplayPowerControllerExtImpl: original brightness to dataBase:323 final brightness:323.0 scale:1.0 reason:4 darkLevel:0
04-03 21:52:54.258 2635 2705 D DisplayPowerController[0]: Animating brightness: target=323.0, rate=25.0, source= 7
04-03 21:52:54.260 2635 2705 D VRR [OPlusRefreshRateService]: notifyBrightnessChange brightness: 323.0
04-03 21:52:54.260 2635 2658 D DisplayManagerService: Delivering display event: displayId=0, event=4
04-03 21:52:54.318 2635 3161 D LightsServiceExtImpl: baseSetLightLocked end.
04-03 21:52:54.325 2635 2705 D OplusDisplayPowerControllerExtImpl: original brightness to dataBase:323 final brightness:323.0 scale:1.0 reason:4 darkLevel:0
04-03 21:52:54.326 2635 2705 D DisplayPowerController[0]: Animating brightness: target=323.0, rate=25.0, source= 7
04-03 21:52:54.327 2635 2705 D VRR [OPlusRefreshRateService]: notifyBrightnessChange brightness: 323.0
04-03 21:52:54.327 2635 2658 D DisplayManagerService: Delivering display event: displayId=0, event=4
04-03 21:52:54.390 2635 3161 D LightsServiceExtImpl: baseSetLightLocked end.
04-03 21:52:54.400 2635 2705 D OplusDisplayPowerControllerExtImpl: original brightness to dataBase:323 final brightness:323.0 scale:1.0 reason:4 darkLevel:0
04-03 21:52:54.400 2635 2705 D DisplayPowerController[0]: Animating brightness: target=323.0, rate=25.0, source= 7
04-03 21:52:54.404 2635 2705 D VRR [OPlusRefreshRateService]: notifyBrightnessChange brightness: 323.0
04-03 21:52:54.405 2635 2658 D DisplayManagerService: Delivering display event: displayId=0, event=4
04-03 21:52:54.474 2635 3161 D LightsServiceExtImpl: baseSetLightLocked end.
04-03 21:52:54.485 2635 2705 D OplusDisplayPowerControllerExtImpl: original brightness to dataBase:323 final brightness:323.0 scale:1.0 reason:4 darkLevel:0
04-03 21:52:54.485 2635 2705 D DisplayPowerController[0]: Animating brightness: target=323.0, rate=25.0, source= 7
04-03 21:52:54.487 2635 2705 D VRR [OPlusRefreshRateService]: notifyBrightnessChange brightness: 323.0
04-03 21:52:54.487 2635 2658 D DisplayManagerService: Delivering display event: displayId=0, event=4
04-03 21:52:54.561 2635 3161 D LightsServiceExtImpl: baseSetLightLocked end.
04-03 21:52:54.568 2635 2705 D OplusDisplayPowerControllerExtImpl: original brightness to dataBase:323 final brightness:323.0 scale:1.0 reason:4 darkLevel:0
04-03 21:52:54.569 2635 2705 D DisplayPowerController[0]: Animating brightness: target=323.0, rate=25.0, source= 7
04-03 21:52:54.571 2635 2705 D VRR [OPlusRefreshRateService]: notifyBrightnessChange brightness: 323.0
04-03 21:52:54.571 2635 2658 D DisplayManagerService: Delivering display event: displayId=0, event=4
04-03 21:52:54.633 2635 3161 D LightsServiceExtImpl: baseSetLightLocked end.
04-03 21:52:54.641 2635 2705 D OplusDisplayPowerControllerExtImpl: original brightness to dataBase:323 final brightness:323.0 scale:1.0 reason:4 darkLevel:0
04-03 21:52:54.641 2635 2705 D DisplayPowerController[0]: Animating brightness: target=323.0, rate=25.0, source= 7
04-03 21:52:54.645 2635 2705 D VRR [OPlusRefreshRateService]: notifyBrightnessChange brightness: 323.0
04-03 21:52:54.645 2635 2658 D DisplayManagerService: Delivering display event: displayId=0, event=4
04-03 21:52:54.739 2635 3161 D LightsServiceExtImpl: baseSetLightLocked end.
04-03 21:52:54.751 2635 2705 D OplusDisplayPowerControllerExtImpl: original brightness to dataBase:323 final brightness:323.0 scale:1.0 reason:4 darkLevel:0
04-03 21:52:54.751 2635 2705 D DisplayPowerController[0]: Animating brightness: target=323.0, rate=25.0, source= 7
04-03 21:52:54.753 2635 2705 D VRR [OPlusRefreshRateService]: notifyBrightnessChange brightness: 323.0
04-03 21:52:54.753 2635 2658 D DisplayManagerService: Delivering display event: displayId=0, event=4
04-03 21:52:54.825 2635 3161 D LightsServiceExtImpl: baseSetLightLocked end.
04-03 21:52:54.839 2635 2705 D OplusDisplayPowerControllerExtImpl: original brightness to dataBase:323 final brightness:323.0 scale:1.0 reason:4 darkLevel:0
04-03 21:52:54.841 2635 2705 D DisplayPowerController[0]: Animating brightness: target=323.0, rate=25.0, source= 7
04-03 21:52:54.844 2635 2705 D VRR [OPlusRefreshRateService]: notifyBrightnessChange brightness: 323.0
04-03 21:52:54.845 2635 2658 D DisplayManagerService: Delivering display event: displayId=0, event=4
04-03 21:52:54.870 2635 3161 D LightsServiceExtImpl: baseSetLightLocked end.
04-03 21:52:54.874 2635 2705 D OplusDisplayPowerControllerExtImpl: original brightness to dataBase:323 final brightness:323.0 scale:1.0 reason:4 darkLevel:0
04-03 21:52:54.874 2635 2705 D DisplayPowerController[0]: Animating brightness: target=323.0, rate=25.0, source= 7
04-03 21:52:54.876 2635 2705 D VRR [OPlusRefreshRateService]: notifyBrightnessChange brightness: 323.0
04-03 21:52:54.876 2635 2658 D DisplayManagerService: Delivering display event: displayId=0, event=4
04-03 21:52:54.968 2635 3161 D LightsServiceExtImpl: baseSetLightLocked end.
04-03 21:52:54.982 2635 2705 D OplusDisplayPowerControllerExtImpl: original brightness to dataBase:323 final brightness:323.0 scale:1.0 reason:4 darkLevel:0
04-03 21:52:54.982 2635 2705 D DisplayPowerController[0]: Animating brightness: target=323.0, rate=25.0, source= 7
04-03 21:52:54.986 2635 2705 D VRR [OPlusRefreshRateService]: notifyBrightnessChange brightness: 323.0
04-03 21:52:54.987 2635 2658 D DisplayManagerService: Delivering display event: displayId=0, event=4
04-03 21:52:55.061 2635 3161 D LightsServiceExtImpl: baseSetLightLocked end.
04-03 21:52:55.075 2635 2705 D OplusDisplayPowerControllerExtImpl: original brightness to dataBase:323 final brightness:323.0 scale:1.0 reason:4 darkLevel:0
04-03 21:52:55.076 2635 2705 D DisplayPowerController[0]: Animating brightness: target=323.0, rate=25.0, source= 7
04-03 21:52:55.078 2635 2705 D VRR [OPlusRefreshRateService]: notifyBrightnessChange brightness: 323.0
04-03 21:52:55.079 2635 2658 D DisplayManagerService: Delivering display event: displayId=0, event=4
04-03 21:52:55.087 2635 3161 D LightsServiceExtImpl: baseSetLightLocked end.
04-03 21:52:55.091 2635 2705 D OplusDisplayPowerControllerExtImpl: original brightness to dataBase:323 final brightness:323.0 scale:1.0 reason:4 darkLevel:0
04-03 21:52:55.091 2635 2705 D DisplayPowerController[0]: Animating brightness: target=323.0, rate=25.0, source= 7
04-03 21:52:55.093 2635 2705 D VRR [OPlusRefreshRateService]: notifyBrightnessChange brightness: 323.0
04-03 21:52:55.093 2635 2658 D DisplayManagerService: Delivering display event: displayId=0, event=4
04-03 21:52:55.220 2635 3161 D LightsServiceExtImpl: baseSetLightLocked end.
04-03 21:52:55.224 2635 2705 D OplusDisplayPowerControllerExtImpl: original brightness to dataBase:323 final brightness:323.0 scale:1.0 reason:4 darkLevel:0
04-03 21:52:55.225 2635 2705 D DisplayPowerController[0]: Animating brightness: target=323.0, rate=25.0, source= 7
04-03 21:52:55.226 2635 2705 D VRR [OPlusRefreshRateService]: notifyBrightnessChange brightness: 323.0
04-03 21:52:55.226 2635 2658 D DisplayManagerService: Delivering display event: displayId=0, event=4
04-03 21:52:55.297 2635 2705 D OplusDisplayPowerControllerExtImpl: original brightness to dataBase:323 final brightness:323.0 scale:1.0 reason:4 darkLevel:0
04-03 21:52:55.298 2635 2705 D DisplayPowerController[0]: Animating brightness: target=323.0, rate=25.0, source= 7
04-03 21:52:55.298 2635 2705 D VRR [OPlusRefreshRateService]: notifyBrightnessChange brightness: 323.0
04-03 21:52:55.303 2635 3161 D LightsServiceExtImpl: baseSetLightLocked end.
04-03 21:52:55.309 2635 2705 D OplusDisplayPowerControllerExtImpl: original brightness to dataBase:323 final brightness:323.0 scale:1.0 reason:4 darkLevel:0
04-03 21:52:55.310 2635 2705 D DisplayPowerController[0]: Animating brightness: target=323.0, rate=25.0, source= 7
04-03 21:52:55.310 2635 2705 D VRR [OPlusRefreshRateService]: notifyBrightnessChange brightness: 323.0
04-03 21:52:55.310 2635 2658 D DisplayManagerService: Delivering display event: displayId=0, event=4
04-03 21:52:56.578 8162 8162 I Quality : Skipped: false 1 cost 17.553783 refreshRate 0 processName com.innowireless.xcal.mobile5
04-03 21:52:58.144 2635 2705 D OplusFeatureBrightnessBarController: mDarkLevel: 0
04-03 21:52:59.344 2635 2705 D OplusFeatureBrightnessBarController: mDarkLevel: 0
04-03 21:52:59.566 8162 8162 I Quality : Skipped: true 1 cost 24.715376 refreshRate 0 processName com.innowireless.xcal.mobile5
04-03 21:53:00.011 2635 4247 E OplusCustomizeRestrictionManagerService: isBiometricDisabled start
04-03 21:53:00.014 2635 4007 E OplusCustomizeRestrictionManagerService: isBiometricDisabled start
04-03 21:53:00.544 2635 2705 D OplusFeatureBrightnessBarController: mDarkLevel: 0
04-03 21:53:01.540 8162 8162 I Quality : Skipped: false 1 cost 17.660145 refreshRate 0 processName com.innowireless.xcal.mobile5
04-03 21:53:02.150 2635 2695 D OplusThermalStats: REPORT_UPDATE_CPU -> phoneTemp:410 preHeatThreshold:400
04-03 21:53:02.344 2635 2705 D OplusFeatureBrightnessBarController: mDarkLevel: 0
04-03 21:53:02.539 8162 8162 I Quality : Skipped: false 1 cost 17.52814 refreshRate 0 processName com.innowireless.xcal.mobile5
04-03 21:53:03.543 8162 8162 I Quality : Skipped: false 1 cost 21.93041 refreshRate 0 processName com.innowireless.xcal.mobile5
04-03 21:53:04.146 2635 2705 D OplusFeatureBrightnessBarController: mDarkLevel: 0
04-03 21:53:04.545 8162 8162 I Quality : Skipped: false 1 cost 24.154898 refreshRate 0 processName com.innowireless.xcal.mobile5
04-03 21:53:05.544 8162 8162 I Quality : Skipped: false 1 cost 24.614712 refreshRate 0 processName com.innowireless.xcal.mobile5
04-03 21:53:06.345 2635 2705 D OplusFeatureBrightnessBarController: mDarkLevel: 0
04-03 21:53:07.744 2635 2705 D OplusFeatureBrightnessBarController: mDarkLevel: 0
04-03 21:53:09.144 2635 2705 D OplusFeatureBrightnessBarController: mDarkLevel: 0
04-03 21:53:11.344 2635 2705 D OplusFeatureBrightnessBarController: mDarkLevel: 0
04-03 21:53:11.569 8162 8162 I Quality : Skipped: true 1 cost 21.553051 refreshRate 0 processName com.innowireless.xcal.mobile5
04-03 21:53:12.144 2635 2705 D OplusFeatureBrightnessBarController: mDarkLevel: 0
04-03 21:53:13.344 2635 2705 D OplusFeatureBrightnessBarController: mDarkLevel: 0
04-03 21:53:14.544 2635 2705 D OplusFeatureBrightnessBarController: mDarkLevel: 0
04-03 21:53:16.944 2635 2705 D OplusFeatureBrightnessBarController: mDarkLevel: 0
04-03 21:53:19.144 2635 2705 D OplusFeatureBrightnessBarController: mDarkLevel: 0
04-03 21:53:21.145 2635 2705 D OplusFeatureBrightnessBarController: mDarkLevel: 0
04-03 21:53:21.624 8162 8162 I Quality : Skipped: false 1 cost 18.39476 refreshRate 0 processName com.innowireless.xcal.mobile5
04-03 21:53:22.144 2635 2705 D OplusFeatureBrightnessBarController: mDarkLevel: 0
04-03 21:53:22.960 1338 1338 I Quality : SFJankCountInfo: 430; 0; 0; 5; 13; 8; 26; 33; 31; 5; 0
04-03 21:53:23.571 8162 8162 I Quality : Skipped: true 1 cost 17.756395 refreshRate 0 processName com.innowireless.xcal.mobile5
04-03 21:53:23.944 2635 2705 D OplusFeatureBrightnessBarController: mDarkLevel: 0
04-03 21:53:24.744 2635 2705 D OplusFeatureBrightnessBarController: mDarkLevel: 0
04-03 21:53:25.947 2635 2705 D OplusFeatureBrightnessBarController: mDarkLevel: 0
04-03 21:53:27.144 2635 2705 D OplusFeatureBrightnessBarController: mDarkLevel: 0
04-03 21:53:28.026 2635 2635 D CompanionDeviceManagerService: 24:C6:13:4B:20:1A disconnected w/ reason: (1100) Local request
04-03 21:53:28.026 2635 2635 D CompanionDeviceManagerService: onDeviceDisconnected(address = 24:C6:13:4B:20:1A)
04-03 21:53:28.027 2635 2635 I CompanionDeviceManagerService: onDeviceDisappeared(address = 24:C6:13:4B:20:1A)
04-03 21:53:28.027 2635 2635 D CompanionDeviceManagerService: unscheduling TriggerDeviceDisappearedRunnable(address = 24:C6:13:4B:20:1A)
04-03 21:53:28.344 2635 2705 D OplusFeatureBrightnessBarController: mDarkLevel: 0
04-03 21:53:30.745 2635 2705 D OplusFeatureBrightnessBarController: mDarkLevel: 0
04-03 21:53:31.746 2635 2705 D OplusFeatureBrightnessBarController: mDarkLevel: 0
04-03 21:53:32.668 2635 2685 I DropBoxManagerService: add tag=system_server_wtf isTagEnabled=true flags=0x2
04-03 21:53:32.684 2635 2685 D DropBoxManagerService: file :: /data/system/dropbox/system_server_wtf@1743697412672.txt
04-03 21:53:33.944 2635 2705 D OplusFeatureBrightnessBarController: mDarkLevel: 0
04-03 21:53:34.680 2635 2691 W BroadcastQueue: Background execution not allowed: receiving Intent { act=android.intent.action.DROPBOX_ENTRY_ADDED flg=0x10 (has extras) } to com.google.android.gms/.stats.service.DropBoxEntryAddedReceiver
04-03 21:53:35.144 2635 2705 D OplusFeatureBrightnessBarController: mDarkLevel: 0
04-03 21:53:35.945 2635 2705 D OplusFeatureBrightnessBarController: mDarkLevel: 0
04-03 21:53:37.744 2635 2705 D OplusFeatureBrightnessBarController: mDarkLevel: 0
04-03 21:53:38.945 2635 2705 D OplusFeatureBrightnessBarController: mDarkLevel: 0
04-03 21:53:40.344 2635 2705 D OplusFeatureBrightnessBarController: mDarkLevel: 0
04-03 21:53:41.544 2635 2705 D OplusFeatureBrightnessBarController: mDarkLevel: 0
04-03 21:53:41.573 8162 8162 I Quality : Skipped: true 1 cost 18.159172 refreshRate 0 processName com.innowireless.xcal.mobile5
04-03 21:53:41.586 2635 5020 D UsageStatsService: User[0] type=0 b=1743697300248 e=1743697421586 cb=1743656748833 ce=1743697408063 disk=0 all=3
04-03 21:53:43.544 2635 2705 D OplusFeatureBrightnessBarController: mDarkLevel: 0
04-03 21:53:44.620 8162 8162 I Quality : Skipped: false 1 cost 17.702967 refreshRate 0 processName com.innowireless.xcal.mobile5
04-03 21:53:45.944 2635 2705 D OplusFeatureBrightnessBarController: mDarkLevel: 0
04-03 21:53:46.944 2635 2705 D OplusFeatureBrightnessBarController: mDarkLevel: 0
04-03 21:53:47.588 8162 8162 I Quality : Skipped: true 1 cost 20.837673 refreshRate 0 processName com.innowireless.xcal.mobile5
04-03 21:53:47.745 2635 2705 D OplusFeatureBrightnessBarController: mDarkLevel: 0
04-03 21:53:49.144 2635 2705 D OplusFeatureBrightnessBarController: mDarkLevel: 0
04-03 21:53:49.945 2635 2705 D OplusFeatureBrightnessBarController: mDarkLevel: 0
04-03 21:53:50.583 8162 8162 I Quality : Skipped: true 1 cost 18.852753 refreshRate 0 processName com.innowireless.xcal.mobile5
04-03 21:53:58.544 2635 2705 D OplusFeatureBrightnessBarController: mDarkLevel: 0
04-03 21:54:00.023 2635 3238 E OplusCustomizeRestrictionManagerService: isBiometricDisabled start
04-03 21:54:00.026 2635 7199 E OplusCustomizeRestrictionManagerService: isBiometricDisabled start
04-03 21:54:00.744 2635 2705 D OplusFeatureBrightnessBarController: mDarkLevel: 0
04-03 21:54:01.544 2635 2705 D OplusFeatureBrightnessBarController: mDarkLevel: 0
04-03 21:54:05.544 2635 2705 D OplusFeatureBrightnessBarController: mDarkLevel: 0
04-03 21:54:05.589 8162 8162 I Quality : Skipped: true 1 cost 23.061152 refreshRate 0 processName com.innowireless.xcal.mobile5
04-03 21:54:11.594 8162 8162 I Quality : Skipped: true 1 cost 16.686934 refreshRate 0 processName com.innowireless.xcal.mobile5
04-03 21:54:14.145 2635 2705 D OplusFeatureBrightnessBarController: mDarkLevel: 0
04-03 21:54:14.147 2635 3156 D AIBrightnessModel: handleUpdateBrightness brightness change from BrightnessPoint:(6.1109695, 323.40982, 50.547768, 78.6772)->BrightnessPoint:(6.812708, 365.83347, 199.57425, 88.37529) lux:192.0, [192.0,192.0,192.0,192.0,192.0]
04-03 21:54:14.149 2635 2705 I ColorAutomaticBrightnessController: updateAutoBrightness: Auto
04-03 21:54:14.149 2635 2705 I ColorAutomaticBrightnessController: , sendUpdate = true, adjustment = 977.0, AIBrightness = 365, adjustManualBright = 365
04-03 21:54:14.150 2635 2705 D OplusDisplayPowerControllerExtImpl: original brightness to dataBase:365 final brightness:365.0 scale:1.0 reason:4 darkLevel:0
04-03 21:54:14.150 2635 2705 D DisplayPowerController[0]: Animating brightness: target=365.0, rate=123.0, source= 7
04-03 21:54:14.156 2635 2705 D VRR [OPlusRefreshRateService]: notifyBrightnessChange brightness: 365.0
04-03 21:54:14.157 2635 2705 D VRR [OPlusRefreshRateService]: notifyNitsChange nits: 88.09596 discrete nits: 86.54653
04-03 21:54:14.185 2635 3161 D LightsServiceExtImpl: baseSetLightLocked end.
04-03 21:54:14.191 2635 2705 D OplusDisplayPowerControllerExtImpl: original brightness to dataBase:365 final brightness:365.0 scale:1.0 reason:4 darkLevel:0
04-03 21:54:14.191 2635 2705 D DisplayPowerController[0]: Animating brightness: target=365.0, rate=123.0, source= 7
04-03 21:54:14.191 2635 2705 D VRR [OPlusRefreshRateService]: notifyBrightnessChange brightness: 365.0
04-03 21:54:14.191 2635 2658 D DisplayManagerService: Delivering display event: displayId=0, event=4
04-03 21:54:14.253 2635 3161 D LightsServiceExtImpl: baseSetLightLocked end.
04-03 21:54:14.265 2635 2705 D OplusDisplayPowerControllerExtImpl: original brightness to dataBase:365 final brightness:365.0 scale:1.0 reason:4 darkLevel:0
04-03 21:54:14.265 2635 2705 D DisplayPowerController[0]: Animating brightness: target=365.0, rate=123.0, source= 7
04-03 21:54:14.266 2635 2705 D VRR [OPlusRefreshRateService]: notifyBrightnessChange brightness: 365.0
04-03 21:54:14.266 2635 2658 D DisplayManagerService: Delivering display event: displayId=0, event=4
04-03 21:54:14.417 2635 3161 D LightsServiceExtImpl: baseSetLightLocked end.
04-03 21:54:14.423 2635 2705 D OplusDisplayPowerControllerExtImpl: original brightness to dataBase:365 final brightness:365.0 scale:1.0 reason:4 darkLevel:0
04-03 21:54:14.424 2635 2705 D DisplayPowerController[0]: Animating brightness: target=365.0, rate=123.0, source= 7
04-03 21:54:14.424 2635 2705 D VRR [OPlusRefreshRateService]: notifyBrightnessChange brightness: 365.0
04-03 21:54:14.424 2635 2658 D DisplayManagerService: Delivering display event: displayId=0, event=4
04-03 21:54:14.450 2635 3161 D LightsServiceExtImpl: baseSetLightLocked end.
04-03 21:54:14.455 2635 2705 D OplusDisplayPowerControllerExtImpl: original brightness to dataBase:365 final brightness:365.0 scale:1.0 reason:4 darkLevel:0
04-03 21:54:14.455 2635 2705 D DisplayPowerController[0]: Animating brightness: target=365.0, rate=123.0, source= 7
04-03 21:54:14.455 2635 2705 D VRR [OPlusRefreshRateService]: notifyBrightnessChange brightness: 365.0
04-03 21:54:14.455 2635 2658 D DisplayManagerService: Delivering display event: displayId=0, event=4
04-03 21:54:14.562 8162 8162 I Quality : Skipped: false 1 cost 20.615772 refreshRate 0 processName com.innowireless.xcal.mobile5
04-03 21:54:14.564 2635 3161 D LightsServiceExtImpl: baseSetLightLocked end.
04-03 21:54:14.570 2635 2705 D OplusDisplayPowerControllerExtImpl: original brightness to dataBase:365 final brightness:365.0 scale:1.0 reason:4 darkLevel:0
04-03 21:54:14.570 2635 2705 D DisplayPowerController[0]: Animating brightness: target=365.0, rate=123.0, source= 7
04-03 21:54:14.570 2635 2705 D VRR [OPlusRefreshRateService]: notifyBrightnessChange brightness: 365.0
04-03 21:54:14.571 2635 2658 D DisplayManagerService: Delivering display event: displayId=0, event=4
04-03 21:54:14.599 8162 8162 I Quality : Skipped: true 1 cost 24.168718 refreshRate 0 processName com.innowireless.xcal.mobile5
04-03 21:54:14.664 2635 3161 D LightsServiceExtImpl: baseSetLightLocked end.
04-03 21:54:14.672 2635 2705 D OplusDisplayPowerControllerExtImpl: original brightness to dataBase:365 final brightness:365.0 scale:1.0 reason:4 darkLevel:0
04-03 21:54:14.672 2635 2705 D DisplayPowerController[0]: Animating brightness: target=365.0, rate=123.0, source= 7
04-03 21:54:14.672 2635 2705 D VRR [OPlusRefreshRateService]: notifyBrightnessChange brightness: 365.0
04-03 21:54:14.673 2635 2658 D DisplayManagerService: Delivering display event: displayId=0, event=4
04-03 21:54:14.713 2635 3161 D LightsServiceExtImpl: baseSetLightLocked end.
04-03 21:54:14.729 2635 2705 D OplusDisplayPowerControllerExtImpl: original brightness to dataBase:365 final brightness:365.0 scale:1.0 reason:4 darkLevel:0
04-03 21:54:14.730 2635 2705 D DisplayPowerController[0]: Animating brightness: target=365.0, rate=123.0, source= 7
04-03 21:54:14.730 2635 2705 D VRR [OPlusRefreshRateService]: notifyBrightnessChange brightness: 365.0
04-03 21:54:14.731 2635 2658 D DisplayManagerService: Delivering display event: displayId=0, event=4
04-03 21:54:14.802 2635 3161 D LightsServiceExtImpl: baseSetLightLocked end.
04-03 21:54:14.813 2635 2705 D OplusDisplayPowerControllerExtImpl: original brightness to dataBase:365 final brightness:365.0 scale:1.0 reason:4 darkLevel:0
04-03 21:54:14.813 2635 2705 D DisplayPowerController[0]: Animating brightness: target=365.0, rate=123.0, source= 7
04-03 21:54:14.814 2635 2705 D VRR [OPlusRefreshRateService]: notifyBrightnessChange brightness: 365.0
04-03 21:54:14.814 2635 2658 D DisplayManagerService: Delivering display event: displayId=0, event=4
04-03 21:54:14.937 2635 3161 D LightsServiceExtImpl: baseSetLightLocked end.
04-03 21:54:14.949 2635 2705 D OplusDisplayPowerControllerExtImpl: original brightness to dataBase:365 final brightness:365.0 scale:1.0 reason:4 darkLevel:0
04-03 21:54:14.949 2635 2705 D DisplayPowerController[0]: Animating brightness: target=365.0, rate=123.0, source= 7
04-03 21:54:14.950 2635 2705 D VRR [OPlusRefreshRateService]: notifyBrightnessChange brightness: 365.0
04-03 21:54:14.950 2635 2658 D DisplayManagerService: Delivering display event: displayId=0, event=4
04-03 21:54:15.014 2635 3161 D LightsServiceExtImpl: baseSetLightLocked end.
04-03 21:54:15.021 2635 2705 D OplusDisplayPowerControllerExtImpl: original brightness to dataBase:365 final brightness:365.0 scale:1.0 reason:4 darkLevel:0
04-03 21:54:15.022 2635 2705 D DisplayPowerController[0]: Animating brightness: target=365.0, rate=123.0, source= 7
04-03 21:54:15.022 2635 2705 D VRR [OPlusRefreshRateService]: notifyBrightnessChange brightness: 365.0
04-03 21:54:15.022 2635 2658 D DisplayManagerService: Delivering display event: displayId=0, event=4
04-03 21:54:15.113 2635 3161 D LightsServiceExtImpl: baseSetLightLocked end.
04-03 21:54:15.125 2635 2705 D OplusDisplayPowerControllerExtImpl: original brightness to dataBase:365 final brightness:365.0 scale:1.0 reason:4 darkLevel:0
04-03 21:54:15.125 2635 2705 D DisplayPowerController[0]: Animating brightness: target=365.0, rate=123.0, source= 7
04-03 21:54:15.125 2635 2705 D VRR [OPlusRefreshRateService]: notifyBrightnessChange brightness: 365.0
04-03 21:54:15.126 2635 2658 D DisplayManagerService: Delivering display event: displayId=0, event=4
04-03 21:54:15.235 2635 3161 D LightsServiceExtImpl: baseSetLightLocked end.
04-03 21:54:15.245 2635 2705 D OplusDisplayPowerControllerExtImpl: original brightness to dataBase:365 final brightness:365.0 scale:1.0 reason:4 darkLevel:0
04-03 21:54:15.245 2635 2705 D DisplayPowerController[0]: Animating brightness: target=365.0, rate=123.0, source= 7
04-03 21:54:15.245 2635 2705 D VRR [OPlusRefreshRateService]: notifyBrightnessChange brightness: 365.0
04-03 21:54:15.245 2635 2658 D DisplayManagerService: Delivering display event: displayId=0, event=4
04-03 21:54:15.315 2635 3161 D LightsServiceExtImpl: baseSetLightLocked end.
04-03 21:54:15.320 2635 2705 D OplusDisplayPowerControllerExtImpl: original brightness to dataBase:365 final brightness:365.0 scale:1.0 reason:4 darkLevel:0
04-03 21:54:15.320 2635 2705 D DisplayPowerController[0]: Animating brightness: target=365.0, rate=123.0, source= 7
04-03 21:54:15.320 2635 2705 D VRR [OPlusRefreshRateService]: notifyBrightnessChange brightness: 365.0
04-03 21:54:15.320 2635 2658 D DisplayManagerService: Delivering display event: displayId=0, event=4
04-03 21:54:15.400 2635 3161 D LightsServiceExtImpl: baseSetLightLocked end.
04-03 21:54:15.408 2635 2705 D OplusDisplayPowerControllerExtImpl: original brightness to dataBase:365 final brightness:365.0 scale:1.0 reason:4 darkLevel:0
04-03 21:54:15.408 2635 2705 D DisplayPowerController[0]: Animating brightness: target=365.0, rate=123.0, source= 7
04-03 21:54:15.408 2635 2705 D VRR [OPlusRefreshRateService]: notifyBrightnessChange brightness: 365.0
04-03 21:54:15.410 2635 2658 D DisplayManagerService: Delivering display event: displayId=0, event=4
04-03 21:54:15.470 2635 3161 D LightsServiceExtImpl: baseSetLightLocked end.
04-03 21:54:15.481 2635 2705 D OplusDisplayPowerControllerExtImpl: original brightness to dataBase:365 final brightness:365.0 scale:1.0 reason:4 darkLevel:0
04-03 21:54:15.481 2635 2705 D DisplayPowerController[0]: Animating brightness: target=365.0, rate=123.0, source= 7
04-03 21:54:15.481 2635 2705 D VRR [OPlusRefreshRateService]: notifyBrightnessChange brightness: 365.0
04-03 21:54:15.482 2635 2658 D DisplayManagerService: Delivering display event: displayId=0, event=4
04-03 21:54:15.544 2635 2705 D OplusFeatureBrightnessBarController: mDarkLevel: 0
04-03 21:54:15.552 2635 3161 D LightsServiceExtImpl: baseSetLightLocked end.
04-03 21:54:15.561 2635 2705 D OplusDisplayPowerControllerExtImpl: original brightness to dataBase:365 final brightness:365.0 scale:1.0 reason:4 darkLevel:0
04-03 21:54:15.561 2635 2705 D DisplayPowerController[0]: Animating brightness: target=365.0, rate=123.0, source= 7
04-03 21:54:15.562 2635 2705 D VRR [OPlusRefreshRateService]: notifyBrightnessChange brightness: 365.0
04-03 21:54:15.562 2635 2658 D DisplayManagerService: Delivering display event: displayId=0, event=4
04-03 21:54:15.630 2635 3161 D LightsServiceExtImpl: baseSetLightLocked end.
04-03 21:54:15.638 2635 2705 D OplusDisplayPowerControllerExtImpl: original brightness to dataBase:365 final brightness:365.0 scale:1.0 reason:4 darkLevel:0
04-03 21:54:15.639 2635 2705 D DisplayPowerController[0]: Animating brightness: target=365.0, rate=123.0, source= 7
04-03 21:54:15.639 2635 2705 D VRR [OPlusRefreshRateService]: notifyBrightnessChange brightness: 365.0
04-03 21:54:15.639 2635 2658 D DisplayManagerService: Delivering display event: displayId=0, event=4
04-03 21:54:15.694 2635 3161 D LightsServiceExtImpl: baseSetLightLocked end.
04-03 21:54:15.704 2635 2705 D OplusDisplayPowerControllerExtImpl: original brightness to dataBase:365 final brightness:365.0 scale:1.0 reason:4 darkLevel:0
04-03 21:54:15.704 2635 2705 D DisplayPowerController[0]: Animating brightness: target=365.0, rate=123.0, source= 7
04-03 21:54:15.704 2635 2705 D VRR [OPlusRefreshRateService]: notifyBrightnessChange brightness: 365.0
04-03 21:54:15.704 2635 2658 D DisplayManagerService: Delivering display event: displayId=0, event=4
04-03 21:54:15.769 2635 3161 D LightsServiceExtImpl: baseSetLightLocked end.
04-03 21:54:15.778 2635 2705 D OplusDisplayPowerControllerExtImpl: original brightness to dataBase:365 final brightness:365.0 scale:1.0 reason:4 darkLevel:0
04-03 21:54:15.779 2635 2705 D DisplayPowerController[0]: Animating brightness: target=365.0, rate=123.0, source= 7
04-03 21:54:15.780 2635 2705 D VRR [OPlusRefreshRateService]: notifyBrightnessChange brightness: 365.0
04-03 21:54:15.780 2635 2658 D DisplayManagerService: Delivering display event: displayId=0, event=4
04-03 21:54:15.850 2635 3161 D LightsServiceExtImpl: baseSetLightLocked end.
04-03 21:54:15.859 2635 2705 D OplusDisplayPowerControllerExtImpl: original brightness to dataBase:365 final brightness:365.0 scale:1.0 reason:4 darkLevel:0
04-03 21:54:15.859 2635 2705 D DisplayPowerController[0]: Animating brightness: target=365.0, rate=123.0, source= 7
04-03 21:54:15.859 2635 2705 D VRR [OPlusRefreshRateService]: notifyBrightnessChange brightness: 365.0
04-03 21:54:15.860 2635 2658 D DisplayManagerService: Delivering display event: displayId=0, event=4
04-03 21:54:16.010 2635 3161 D LightsServiceExtImpl: baseSetLightLocked end.
04-03 21:54:16.017 2635 2705 D OplusDisplayPowerControllerExtImpl: original brightness to dataBase:365 final brightness:365.0 scale:1.0 reason:4 darkLevel:0
04-03 21:54:16.017 2635 2705 D DisplayPowerController[0]: Animating brightness: target=365.0, rate=123.0, source= 7
04-03 21:54:16.017 2635 2705 D VRR [OPlusRefreshRateService]: notifyBrightnessChange brightness: 365.0
04-03 21:54:16.017 2635 2658 D DisplayManagerService: Delivering display event: displayId=0, event=4
04-03 21:54:16.107 2635 3161 D LightsServiceExtImpl: baseSetLightLocked end.
04-03 21:54:16.117 2635 2705 D OplusDisplayPowerControllerExtImpl: original brightness to dataBase:365 final brightness:365.0 scale:1.0 reason:4 darkLevel:0
04-03 21:54:16.117 2635 2705 D DisplayPowerController[0]: Animating brightness: target=365.0, rate=123.0, source= 7
04-03 21:54:16.117 2635 2705 D VRR [OPlusRefreshRateService]: notifyBrightnessChange brightness: 365.0
04-03 21:54:16.119 2635 2658 D DisplayManagerService: Delivering display event: displayId=0, event=4
04-03 21:54:16.161 2635 3161 D LightsServiceExtImpl: baseSetLightLocked end.
04-03 21:54:16.166 2635 2705 D OplusDisplayPowerControllerExtImpl: original brightness to dataBase:365 final brightness:365.0 scale:1.0 reason:4 darkLevel:0
