04-03 22:26:19.097 2635 2691 I ActivityManager: Killing 20143:com.google.android.webview:sandboxed_process0:org.chromium.content.app.SandboxedProcessService0:0/u0a112i2 (adj 995): empty for 4270s
04-03 22:26:19.208 2635 7201 W ActivityManager: Scheduling restart of crashed service com.google.android.googlequicksearchbox/org.chromium.content.app.SandboxedProcessService0:0 in 1000ms for connection
04-03 22:26:20.325 2635 2705 D OplusFeatureBrightnessBarController: mDarkLevel: 0
04-03 22:26:21.325 2635 2705 D OplusFeatureBrightnessBarController: mDarkLevel: 0
04-03 22:26:21.697 2635 3238 I ActivityManager: Process com.heytap.mcs.appservice (pid 31450) has died: cch+5 CEM
04-03 22:26:21.698 2635 3238 W ContextImpl: Calling a method in the system process without a qualified user: android.app.ContextImpl.sendBroadcast:1175 com.android.server.am.OplusExtraActivityManagerService.setKeyLockModeNormal:51 com.android.server.am.ActivityManagerServiceExtImpl.setKeyLockModeNormal:846 com.android.server.am.ActivityManagerService.appDiedLocked:3389 com.android.server.am.ActivityManagerService$AppDeathRecipient.binderDied:1531
04-03 22:26:22.623 8162 8162 I Quality : Skipped: false 1 cost 23.181915 refreshRate 0 processName com.innowireless.xcal.mobile5
04-03 22:26:24.124 2635 2705 D OplusFeatureBrightnessBarController: mDarkLevel: 0
04-03 22:26:25.324 2635 2705 D OplusFeatureBrightnessBarController: mDarkLevel: 0
04-03 22:26:25.328 2635 3156 D AIBrightnessModel: handleUpdateBrightness brightness change from BrightnessPoint:(6.169448, 324.838, 59.205036, 79.13285)->BrightnessPoint:(6.75423, 361.4432, 183.39381, 87.28058) lux:183.21681, [179.0,182.0,184.0,185.0,186.0]
04-03 22:26:25.331 2635 2705 I ColorAutomaticBrightnessController: updateAutoBrightness: Auto
04-03 22:26:25.331 2635 2705 I ColorAutomaticBrightnessController: , sendUpdate = true, adjustment = 977.0, AIBrightness = 361, adjustManualBright = 361
04-03 22:26:25.332 2635 2705 D OplusDisplayPowerControllerExtImpl: original brightness to dataBase:361 final brightness:361.0 scale:1.0 reason:4 darkLevel:0
04-03 22:26:25.332 2635 2705 D DisplayPowerController[0]: Animating brightness: target=361.0, rate=123.0, source= 7
04-03 22:26:25.335 2635 2705 D VRR [OPlusRefreshRateService]: notifyBrightnessChange brightness: 361.0
04-03 22:26:25.335 2635 2705 D VRR [OPlusRefreshRateService]: notifyNitsChange nits: 87.23086 discrete nits: 78.71382
04-03 22:26:25.442 2635 3161 D LightsServiceExtImpl: baseSetLightLocked end.
04-03 22:26:25.456 2635 2705 D OplusDisplayPowerControllerExtImpl: original brightness to dataBase:361 final brightness:361.0 scale:1.0 reason:4 darkLevel:0
04-03 22:26:25.456 2635 2705 D DisplayPowerController[0]: Animating brightness: target=361.0, rate=123.0, source= 7
04-03 22:26:25.457 2635 2705 D VRR [OPlusRefreshRateService]: notifyBrightnessChange brightness: 361.0
04-03 22:26:25.457 2635 2658 D DisplayManagerService: Delivering display event: displayId=0, event=4
04-03 22:26:25.604 2635 3161 D LightsServiceExtImpl: baseSetLightLocked end.
04-03 22:26:25.609 2635 2705 D OplusDisplayPowerControllerExtImpl: original brightness to dataBase:361 final brightness:361.0 scale:1.0 reason:4 darkLevel:0
04-03 22:26:25.609 2635 2705 D DisplayPowerController[0]: Animating brightness: target=361.0, rate=123.0, source= 7
04-03 22:26:25.609 2635 2705 D VRR [OPlusRefreshRateService]: notifyBrightnessChange brightness: 361.0
04-03 22:26:25.610 2635 2658 D DisplayManagerService: Delivering display event: displayId=0, event=4
04-03 22:26:25.650 2635 3161 D LightsServiceExtImpl: baseSetLightLocked end.
04-03 22:26:25.668 2635 2705 D OplusDisplayPowerControllerExtImpl: original brightness to dataBase:361 final brightness:361.0 scale:1.0 reason:4 darkLevel:0
04-03 22:26:25.668 2635 2705 D DisplayPowerController[0]: Animating brightness: target=361.0, rate=123.0, source= 7
04-03 22:26:25.668 2635 2705 D VRR [OPlusRefreshRateService]: notifyBrightnessChange brightness: 361.0
04-03 22:26:25.669 2635 2658 D DisplayManagerService: Delivering display event: displayId=0, event=4
04-03 22:26:25.759 2635 3161 D LightsServiceExtImpl: baseSetLightLocked end.
04-03 22:26:25.773 2635 2705 D OplusDisplayPowerControllerExtImpl: original brightness to dataBase:361 final brightness:361.0 scale:1.0 reason:4 darkLevel:0
04-03 22:26:25.773 2635 2705 D DisplayPowerController[0]: Animating brightness: target=361.0, rate=123.0, source= 7
04-03 22:26:25.774 2635 2705 D VRR [OPlusRefreshRateService]: notifyBrightnessChange brightness: 361.0
04-03 22:26:25.774 2635 2658 D DisplayManagerService: Delivering display event: displayId=0, event=4
04-03 22:26:25.882 2635 3161 D LightsServiceExtImpl: baseSetLightLocked end.
04-03 22:26:25.891 2635 2705 D OplusDisplayPowerControllerExtImpl: original brightness to dataBase:361 final brightness:361.0 scale:1.0 reason:4 darkLevel:0
04-03 22:26:25.893 2635 2705 D DisplayPowerController[0]: Animating brightness: target=361.0, rate=123.0, source= 7
04-03 22:26:25.893 2635 2705 D VRR [OPlusRefreshRateService]: notifyBrightnessChange brightness: 361.0
04-03 22:26:25.894 2635 2658 D DisplayManagerService: Delivering display event: displayId=0, event=4
04-03 22:26:25.940 2635 3161 D LightsServiceExtImpl: baseSetLightLocked end.
04-03 22:26:25.950 2635 2705 D OplusDisplayPowerControllerExtImpl: original brightness to dataBase:361 final brightness:361.0 scale:1.0 reason:4 darkLevel:0
04-03 22:26:25.950 2635 2705 D DisplayPowerController[0]: Animating brightness: target=361.0, rate=123.0, source= 7
04-03 22:26:25.950 2635 2705 D VRR [OPlusRefreshRateService]: notifyBrightnessChange brightness: 361.0
04-03 22:26:25.951 2635 2658 D DisplayManagerService: Delivering display event: displayId=0, event=4
04-03 22:26:26.039 2635 3161 D LightsServiceExtImpl: baseSetLightLocked end.
04-03 22:26:26.052 2635 2705 D OplusDisplayPowerControllerExtImpl: original brightness to dataBase:361 final brightness:361.0 scale:1.0 reason:4 darkLevel:0
04-03 22:26:26.052 2635 2705 D DisplayPowerController[0]: Animating brightness: target=361.0, rate=123.0, source= 7
04-03 22:26:26.053 2635 2705 D VRR [OPlusRefreshRateService]: notifyBrightnessChange brightness: 361.0
04-03 22:26:26.053 2635 2658 D DisplayManagerService: Delivering display event: displayId=0, event=4
04-03 22:26:26.170 2635 3161 D LightsServiceExtImpl: baseSetLightLocked end.
04-03 22:26:26.180 2635 2705 D OplusDisplayPowerControllerExtImpl: original brightness to dataBase:361 final brightness:361.0 scale:1.0 reason:4 darkLevel:0
04-03 22:26:26.180 2635 2705 D DisplayPowerController[0]: Animating brightness: target=361.0, rate=123.0, source= 7
04-03 22:26:26.180 2635 2705 D VRR [OPlusRefreshRateService]: notifyBrightnessChange brightness: 361.0
04-03 22:26:26.180 2635 2658 D DisplayManagerService: Delivering display event: displayId=0, event=4
04-03 22:26:26.198 1338 1338 I Quality : SFJankCountInfo: 350; 0; 0; 3; 4; 3; 54; 53; 27; 0; 0
04-03 22:26:26.264 2635 3161 D LightsServiceExtImpl: baseSetLightLocked end.
04-03 22:26:26.274 2635 2705 D OplusDisplayPowerControllerExtImpl: original brightness to dataBase:361 final brightness:361.0 scale:1.0 reason:4 darkLevel:0
04-03 22:26:26.275 2635 2705 D DisplayPowerController[0]: Animating brightness: target=361.0, rate=123.0, source= 7
04-03 22:26:26.275 2635 2705 D VRR [OPlusRefreshRateService]: notifyBrightnessChange brightness: 361.0
04-03 22:26:26.275 2635 2658 D DisplayManagerService: Delivering display event: displayId=0, event=4
04-03 22:26:26.391 2635 3161 D LightsServiceExtImpl: baseSetLightLocked end.
04-03 22:26:26.404 2635 2705 D OplusDisplayPowerControllerExtImpl: original brightness to dataBase:361 final brightness:361.0 scale:1.0 reason:4 darkLevel:0
04-03 22:26:26.404 2635 2705 D DisplayPowerController[0]: Animating brightness: target=361.0, rate=123.0, source= 7
04-03 22:26:26.405 2635 2705 D VRR [OPlusRefreshRateService]: notifyBrightnessChange brightness: 361.0
04-03 22:26:26.405 2635 2658 D DisplayManagerService: Delivering display event: displayId=0, event=4
04-03 22:26:26.504 2635 3161 D LightsServiceExtImpl: baseSetLightLocked end.
04-03 22:26:26.510 2635 2705 D OplusDisplayPowerControllerExtImpl: original brightness to dataBase:361 final brightness:361.0 scale:1.0 reason:4 darkLevel:0
04-03 22:26:26.511 2635 2705 D DisplayPowerController[0]: Animating brightness: target=361.0, rate=123.0, source= 7
04-03 22:26:26.511 2635 2705 D VRR [OPlusRefreshRateService]: notifyBrightnessChange brightness: 361.0
04-03 22:26:26.511 2635 2658 D DisplayManagerService: Delivering display event: displayId=0, event=4
04-03 22:26:26.604 2635 3161 D LightsServiceExtImpl: baseSetLightLocked end.
04-03 22:26:26.621 2635 2705 D OplusDisplayPowerControllerExtImpl: original brightness to dataBase:361 final brightness:361.0 scale:1.0 reason:4 darkLevel:0
04-03 22:26:26.621 2635 2705 D DisplayPowerController[0]: Animating brightness: target=361.0, rate=123.0, source= 7
04-03 22:26:26.621 2635 2705 D VRR [OPlusRefreshRateService]: notifyBrightnessChange brightness: 361.0
04-03 22:26:26.621 2635 2658 D DisplayManagerService: Delivering display event: displayId=0, event=4
04-03 22:26:26.678 2635 3161 D LightsServiceExtImpl: baseSetLightLocked end.
04-03 22:26:26.685 2635 2705 D OplusDisplayPowerControllerExtImpl: original brightness to dataBase:361 final brightness:361.0 scale:1.0 reason:4 darkLevel:0
04-03 22:26:26.685 2635 2705 D DisplayPowerController[0]: Animating brightness: target=361.0, rate=123.0, source= 7
04-03 22:26:26.685 2635 2705 D VRR [OPlusRefreshRateService]: notifyBrightnessChange brightness: 361.0
04-03 22:26:26.685 2635 2658 D DisplayManagerService: Delivering display event: displayId=0, event=4
04-03 22:26:26.774 2635 3161 D LightsServiceExtImpl: baseSetLightLocked end.
04-03 22:26:26.793 2635 2705 D OplusDisplayPowerControllerExtImpl: original brightness to dataBase:361 final brightness:361.0 scale:1.0 reason:4 darkLevel:0
04-03 22:26:26.800 2635 2705 D DisplayPowerController[0]: Animating brightness: target=361.0, rate=123.0, source= 7
04-03 22:26:26.800 2635 2705 D VRR [OPlusRefreshRateService]: notifyBrightnessChange brightness: 361.0
04-03 22:26:26.801 2635 2658 D DisplayManagerService: Delivering display event: displayId=0, event=4
04-03 22:26:26.863 2635 3161 D LightsServiceExtImpl: baseSetLightLocked end.
04-03 22:26:26.871 2635 2705 D OplusDisplayPowerControllerExtImpl: original brightness to dataBase:361 final brightness:361.0 scale:1.0 reason:4 darkLevel:0
04-03 22:26:26.871 2635 2705 D DisplayPowerController[0]: Animating brightness: target=361.0, rate=123.0, source= 7
04-03 22:26:26.872 2635 2705 D VRR [OPlusRefreshRateService]: notifyBrightnessChange brightness: 361.0
04-03 22:26:26.872 2635 2658 D DisplayManagerService: Delivering display event: displayId=0, event=4
04-03 22:26:26.955 2635 3161 D LightsServiceExtImpl: baseSetLightLocked end.
04-03 22:26:26.968 2635 2705 D OplusDisplayPowerControllerExtImpl: original brightness to dataBase:361 final brightness:361.0 scale:1.0 reason:4 darkLevel:0
04-03 22:26:26.969 2635 2705 D DisplayPowerController[0]: Animating brightness: target=361.0, rate=123.0, source= 7
04-03 22:26:26.969 2635 2705 D VRR [OPlusRefreshRateService]: notifyBrightnessChange brightness: 361.0
04-03 22:26:26.969 2635 2658 D DisplayManagerService: Delivering display event: displayId=0, event=4
04-03 22:26:27.038 2635 3161 D LightsServiceExtImpl: baseSetLightLocked end.
04-03 22:26:27.049 2635 2705 D OplusDisplayPowerControllerExtImpl: original brightness to dataBase:361 final brightness:361.0 scale:1.0 reason:4 darkLevel:0
04-03 22:26:27.049 2635 2705 D DisplayPowerController[0]: Animating brightness: target=361.0, rate=123.0, source= 7
04-03 22:26:27.049 2635 2705 D VRR [OPlusRefreshRateService]: notifyBrightnessChange brightness: 361.0
04-03 22:26:27.050 2635 2658 D DisplayManagerService: Delivering display event: displayId=0, event=4
04-03 22:26:27.104 2635 3161 D LightsServiceExtImpl: baseSetLightLocked end.
04-03 22:26:27.117 2635 2705 D OplusDisplayPowerControllerExtImpl: original brightness to dataBase:361 final brightness:361.0 scale:1.0 reason:4 darkLevel:0
04-03 22:26:27.117 2635 2705 D DisplayPowerController[0]: Animating brightness: target=361.0, rate=123.0, source= 7
04-03 22:26:27.118 2635 2705 D VRR [OPlusRefreshRateService]: notifyBrightnessChange brightness: 361.0
04-03 22:26:27.120 2635 2658 D DisplayManagerService: Delivering display event: displayId=0, event=4
04-03 22:26:27.128 2635 2705 D OplusFeatureBrightnessBarController: mDarkLevel: 0
04-03 22:26:27.202 2635 3161 D LightsServiceExtImpl: baseSetLightLocked end.
04-03 22:26:27.207 2635 2705 D OplusDisplayPowerControllerExtImpl: original brightness to dataBase:361 final brightness:361.0 scale:1.0 reason:4 darkLevel:0
04-03 22:26:27.207 2635 2705 D DisplayPowerController[0]: Animating brightness: target=361.0, rate=123.0, source= 7
04-03 22:26:27.207 2635 2705 D VRR [OPlusRefreshRateService]: notifyBrightnessChange brightness: 361.0
04-03 22:26:27.208 2635 2658 D DisplayManagerService: Delivering display event: displayId=0, event=4
04-03 22:26:27.388 2635 3161 D LightsServiceExtImpl: baseSetLightLocked end.
04-03 22:26:27.404 2635 2705 D OplusDisplayPowerControllerExtImpl: original brightness to dataBase:361 final brightness:361.0 scale:1.0 reason:4 darkLevel:0
04-03 22:26:27.405 2635 2705 D DisplayPowerController[0]: Animating brightness: target=361.0, rate=123.0, source= 7
04-03 22:26:27.405 2635 2705 D VRR [OPlusRefreshRateService]: notifyBrightnessChange brightness: 361.0
04-03 22:26:27.405 2635 2658 D DisplayManagerService: Delivering display event: displayId=0, event=4
04-03 22:26:27.469 2635 3161 D LightsServiceExtImpl: baseSetLightLocked end.
04-03 22:26:27.484 2635 2705 D OplusDisplayPowerControllerExtImpl: original brightness to dataBase:361 final brightness:361.0 scale:1.0 reason:4 darkLevel:0
04-03 22:26:27.484 2635 2705 D DisplayPowerController[0]: Animating brightness: target=361.0, rate=123.0, source= 7
04-03 22:26:27.484 2635 2705 D VRR [OPlusRefreshRateService]: notifyBrightnessChange brightness: 361.0
04-03 22:26:27.485 2635 2658 D DisplayManagerService: Delivering display event: displayId=0, event=4
04-03 22:26:27.519 2635 3161 D LightsServiceExtImpl: baseSetLightLocked end.
04-03 22:26:27.525 2635 2705 D OplusDisplayPowerControllerExtImpl: original brightness to dataBase:361 final brightness:361.0 scale:1.0 reason:4 darkLevel:0
04-03 22:26:27.526 2635 2705 D DisplayPowerController[0]: Animating brightness: target=361.0, rate=123.0, source= 7
04-03 22:26:27.526 2635 2705 D VRR [OPlusRefreshRateService]: notifyBrightnessChange brightness: 361.0
04-03 22:26:27.527 2635 2658 D DisplayManagerService: Delivering display event: displayId=0, event=4
04-03 22:26:27.647 2635 3161 D LightsServiceExtImpl: baseSetLightLocked end.
04-03 22:26:27.651 2635 2705 D OplusDisplayPowerControllerExtImpl: original brightness to dataBase:361 final brightness:361.0 scale:1.0 reason:4 darkLevel:0
04-03 22:26:27.652 2635 2705 D DisplayPowerController[0]: Animating brightness: target=361.0, rate=123.0, source= 7
04-03 22:26:27.652 2635 2705 D VRR [OPlusRefreshRateService]: notifyBrightnessChange brightness: 361.0
04-03 22:26:27.652 2635 2658 D DisplayManagerService: Delivering display event: displayId=0, event=4
04-03 22:26:27.752 2635 3161 D LightsServiceExtImpl: baseSetLightLocked end.
04-03 22:26:27.760 2635 2705 D OplusDisplayPowerControllerExtImpl: original brightness to dataBase:361 final brightness:361.0 scale:1.0 reason:4 darkLevel:0
04-03 22:26:27.760 2635 2705 D DisplayPowerController[0]: Animating brightness: target=361.0, rate=123.0, source= 7
04-03 22:26:27.760 2635 2705 D VRR [OPlusRefreshRateService]: notifyBrightnessChange brightness: 361.0
04-03 22:26:27.761 2635 2658 D DisplayManagerService: Delivering display event: displayId=0, event=4
04-03 22:26:27.814 2635 3161 D LightsServiceExtImpl: baseSetLightLocked end.
04-03 22:26:27.820 2635 2705 D OplusDisplayPowerControllerExtImpl: original brightness to dataBase:361 final brightness:361.0 scale:1.0 reason:4 darkLevel:0
04-03 22:26:27.820 2635 2705 D DisplayPowerController[0]: Animating brightness: target=361.0, rate=123.0, source= 7
04-03 22:26:27.820 2635 2705 D VRR [OPlusRefreshRateService]: notifyBrightnessChange brightness: 361.0
04-03 22:26:27.821 2635 2658 D DisplayManagerService: Delivering display event: displayId=0, event=4
04-03 22:26:27.935 2635 3161 D LightsServiceExtImpl: baseSetLightLocked end.
04-03 22:26:27.940 2635 2705 D OplusDisplayPowerControllerExtImpl: original brightness to dataBase:361 final brightness:361.0 scale:1.0 reason:4 darkLevel:0
04-03 22:26:27.941 2635 2705 D DisplayPowerController[0]: Animating brightness: target=361.0, rate=123.0, source= 7
04-03 22:26:27.941 2635 2705 D VRR [OPlusRefreshRateService]: notifyBrightnessChange brightness: 361.0
04-03 22:26:27.941 2635 2658 D DisplayManagerService: Delivering display event: displayId=0, event=4
04-03 22:26:28.231 2635 3161 D LightsServiceExtImpl: baseSetLightLocked end.
04-03 22:26:28.239 2635 2705 D OplusDisplayPowerControllerExtImpl: original brightness to dataBase:361 final brightness:361.0 scale:1.0 reason:4 darkLevel:0
04-03 22:26:28.239 2635 2705 D DisplayPowerController[0]: Animating brightness: target=361.0, rate=123.0, source= 7
04-03 22:26:28.240 2635 2705 D VRR [OPlusRefreshRateService]: notifyBrightnessChange brightness: 361.0
04-03 22:26:28.240 2635 2658 D DisplayManagerService: Delivering display event: displayId=0, event=4
04-03 22:26:28.353 2635 3161 D LightsServiceExtImpl: baseSetLightLocked end.
04-03 22:26:28.366 2635 2705 D OplusDisplayPowerControllerExtImpl: original brightness to dataBase:361 final brightness:361.0 scale:1.0 reason:4 darkLevel:0
04-03 22:26:28.367 2635 2705 D DisplayPowerController[0]: Animating brightness: target=361.0, rate=123.0, source= 7
04-03 22:26:28.367 2635 2705 D VRR [OPlusRefreshRateService]: notifyBrightnessChange brightness: 361.0
04-03 22:26:28.368 2635 2658 D DisplayManagerService: Delivering display event: displayId=0, event=4
04-03 22:26:28.524 2635 2705 D OplusFeatureBrightnessBarController: mDarkLevel: 0
04-03 22:26:28.531 2635 3161 D LightsServiceExtImpl: baseSetLightLocked end.
04-03 22:26:28.536 2635 2705 D OplusDisplayPowerControllerExtImpl: original brightness to dataBase:361 final brightness:361.0 scale:1.0 reason:4 darkLevel:0
04-03 22:26:28.537 2635 2705 D DisplayPowerController[0]: Animating brightness: target=361.0, rate=123.0, source= 7
04-03 22:26:28.537 2635 2705 D VRR [OPlusRefreshRateService]: notifyBrightnessChange brightness: 361.0
04-03 22:26:28.538 2635 2658 D DisplayManagerService: Delivering display event: displayId=0, event=4
04-03 22:26:28.695 2635 3161 D LightsServiceExtImpl: baseSetLightLocked end.
04-03 22:26:28.707 2635 2705 D OplusDisplayPowerControllerExtImpl: original brightness to dataBase:361 final brightness:361.0 scale:1.0 reason:4 darkLevel:0
04-03 22:26:28.708 2635 2705 D DisplayPowerController[0]: Animating brightness: target=361.0, rate=123.0, source= 7
04-03 22:26:28.708 2635 2705 D VRR [OPlusRefreshRateService]: notifyBrightnessChange brightness: 361.0
04-03 22:26:28.708 2635 2658 D DisplayManagerService: Delivering display event: displayId=0, event=4
04-03 22:26:28.815 2635 3161 D LightsServiceExtImpl: baseSetLightLocked end.
04-03 22:26:28.821 2635 2705 D OplusDisplayPowerControllerExtImpl: original brightness to dataBase:361 final brightness:361.0 scale:1.0 reason:4 darkLevel:0
04-03 22:26:28.821 2635 2705 D DisplayPowerController[0]: Animating brightness: target=361.0, rate=123.0, source= 7
04-03 22:26:28.821 2635 2705 D VRR [OPlusRefreshRateService]: notifyBrightnessChange brightness: 361.0
04-03 22:26:28.822 2635 2658 D DisplayManagerService: Delivering display event: displayId=0, event=4
04-03 22:26:29.102 2635 3161 D LightsServiceExtImpl: baseSetLightLocked end.
04-03 22:26:29.113 2635 2705 D OplusDisplayPowerControllerExtImpl: original brightness to dataBase:361 final brightness:361.0 scale:1.0 reason:4 darkLevel:0
04-03 22:26:29.113 2635 2705 D DisplayPowerController[0]: Animating brightness: target=361.0, rate=123.0, source= 7
04-03 22:26:29.114 2635 2705 D VRR [OPlusRefreshRateService]: notifyBrightnessChange brightness: 361.0
04-03 22:26:29.115 2635 2658 D DisplayManagerService: Delivering display event: displayId=0, event=4
04-03 22:26:29.366 2635 3161 D LightsServiceExtImpl: baseSetLightLocked end.
04-03 22:26:29.372 2635 2705 D OplusDisplayPowerControllerExtImpl: original brightness to dataBase:361 final brightness:361.0 scale:1.0 reason:4 darkLevel:0
04-03 22:26:29.372 2635 2705 D DisplayPowerController[0]: Animating brightness: target=361.0, rate=123.0, source= 7
04-03 22:26:29.372 2635 2705 D VRR [OPlusRefreshRateService]: notifyBrightnessChange brightness: 361.0
04-03 22:26:29.373 2635 2658 D DisplayManagerService: Delivering display event: displayId=0, event=4
04-03 22:26:29.487 2635 3161 D LightsServiceExtImpl: baseSetLightLocked end.
04-03 22:26:29.496 2635 2705 D OplusDisplayPowerControllerExtImpl: original brightness to dataBase:361 final brightness:361.0 scale:1.0 reason:4 darkLevel:0
04-03 22:26:29.497 2635 2705 D DisplayPowerController[0]: Animating brightness: target=361.0, rate=123.0, source= 7
04-03 22:26:29.497 2635 2705 D VRR [OPlusRefreshRateService]: notifyBrightnessChange brightness: 361.0
04-03 22:26:29.497 2635 2658 D DisplayManagerService: Delivering display event: displayId=0, event=4
04-03 22:26:29.546 2635 3161 D LightsServiceExtImpl: baseSetLightLocked end.
04-03 22:26:29.551 2635 2705 D OplusDisplayPowerControllerExtImpl: original brightness to dataBase:361 final brightness:361.0 scale:1.0 reason:4 darkLevel:0
04-03 22:26:29.551 2635 2705 D DisplayPowerController[0]: Animating brightness: target=361.0, rate=123.0, source= 7
04-03 22:26:29.552 2635 2705 D VRR [OPlusRefreshRateService]: notifyBrightnessChange brightness: 361.0
04-03 22:26:29.552 2635 2658 D DisplayManagerService: Delivering display event: displayId=0, event=4
04-03 22:26:29.725 2635 2705 D OplusFeatureBrightnessBarController: mDarkLevel: 0
04-03 22:26:29.959 2635 3161 D LightsServiceExtImpl: baseSetLightLocked end.
04-03 22:26:29.968 2635 2705 D OplusDisplayPowerControllerExtImpl: original brightness to dataBase:361 final brightness:361.0 scale:1.0 reason:4 darkLevel:0
04-03 22:26:29.968 2635 2705 D DisplayPowerController[0]: Animating brightness: target=361.0, rate=123.0, source= 7
04-03 22:26:29.969 2635 2705 D VRR [OPlusRefreshRateService]: notifyBrightnessChange brightness: 361.0
04-03 22:26:29.970 2635 2658 D DisplayManagerService: Delivering display event: displayId=0, event=4
04-03 22:26:30.073 2635 2705 D OplusDisplayPowerControllerExtImpl: original brightness to dataBase:361 final brightness:361.0 scale:1.0 reason:4 darkLevel:0
04-03 22:26:30.073 2635 2705 D DisplayPowerController[0]: Animating brightness: target=361.0, rate=123.0, source= 7
04-03 22:26:30.074 2635 2705 D VRR [OPlusRefreshRateService]: notifyBrightnessChange brightness: 361.0
04-03 22:26:30.081 2635 3161 D LightsServiceExtImpl: baseSetLightLocked end.
04-03 22:26:30.091 2635 2705 D OplusDisplayPowerControllerExtImpl: original brightness to dataBase:361 final brightness:361.0 scale:1.0 reason:4 darkLevel:0
04-03 22:26:30.091 2635 2705 D DisplayPowerController[0]: Animating brightness: target=361.0, rate=123.0, source= 7
04-03 22:26:30.091 2635 2705 D VRR [OPlusRefreshRateService]: notifyBrightnessChange brightness: 361.0
04-03 22:26:30.092 2635 2658 D DisplayManagerService: Delivering display event: displayId=0, event=4
04-03 22:26:36.324 2635 2705 D OplusFeatureBrightnessBarController: mDarkLevel: 0
04-03 22:26:38.325 2635 2705 D OplusFeatureBrightnessBarController: mDarkLevel: 0
04-03 22:26:39.125 2635 2705 D OplusFeatureBrightnessBarController: mDarkLevel: 0
04-03 22:26:41.325 2635 2705 D OplusFeatureBrightnessBarController: mDarkLevel: 0
04-03 22:26:42.492 2635 2635 D CompanionDeviceManagerService: onDeviceConnected(address = 24:C6:13:4B:20:1A)
04-03 22:26:42.492 2635 2635 I CompanionDeviceManagerService: onDeviceNearby(justAppeared, address = 24:C6:13:4B:20:1A)
04-03 22:26:42.535 2635 2635 E ActivityThread: Failed to find provider info for com.oplus.smartdrive.data.DataProvider
04-03 22:26:42.563 2635 2691 W BroadcastQueue: Permission Denial: receiving Intent { act=android.bluetooth.device.action.ACL_CONNECTED flg=0x5000010 (has extras) } to com.oplus.melody/.receiver.BluetoothBroadcastReceiver requires android.permission.BLUETOOTH_CONNECT due to sender com.android.bluetooth (uid 1002)
04-03 22:26:43.124 2635 2705 D OplusFeatureBrightnessBarController: mDarkLevel: 0
04-03 22:26:43.925 2635 2705 D OplusFeatureBrightnessBarController: mDarkLevel: 0
04-03 22:26:44.479 2635 2691 W BroadcastQueue: Background execution not allowed: receiving Intent { act=android.bluetooth.device.action.BOND_STATE_CHANGED flg=0x10 (has extras) } to com.google.android.gms/.chimera.GmsIntentOperationService$PersistentTrustedReceiver
04-03 22:26:44.479 2635 2691 W BroadcastQueue: Background execution not allowed: receiving Intent { act=android.bluetooth.device.action.BOND_STATE_CHANGED flg=0x10 (has extras) } to com.google.android.googlequicksearchbox/com.google.android.apps.gsa.broadcastreceiver.external.ExternalCommonBroadcastReceiver
04-03 22:26:44.924 2635 2705 D OplusFeatureBrightnessBarController: mDarkLevel: 0 --------- beginning of main
04-03 22:26:45.022 3270 3754 D NetworkController.MobileSignalController(7): onMobileStatusChanged= updateTelephony=false mobileStatus=[activityIn=false,activityOut=false,dataSim=true,carrierNetworkChangeMode=false,dataState=2,serviceState=mVoiceRegState=0(IN_SERVICE), mDataRegState=0(IN_SERVICE),signalStrength=4,telephonyDisplayInfo=TelephonyDisplayInfo {network=LTE, override=NR_NSA}]
04-03 22:26:45.026 3247 4353 D oplus_bt_power: power_cntrl_callback: param->opcode=fcda subopcode=e status=0
04-03 22:26:45.065 3270 3754 I BaseMobileSignalControllerExt: showDataIcon:true
04-03 22:26:45.104 1219 4348 I vendor.qti.bluetooth@1.0-ibs_handler: ProcessIbsCmd: Received IBS_SLEEP_IND: 0xFE
04-03 22:26:45.131 2635 3163 D OplusLocationStatistics: on recordTaskMark, key: gnssReportLocation
04-03 22:26:45.131 2635 2655 D LocationManagerService: incoming location from: gps
04-03 22:26:45.132 2635 2655 D LocationManagerService: incoming location from: gps
04-03 22:26:45.142 1219 4348 I vendor.qti.bluetooth@1.0-ibs_handler: ProcessIbsCmd: Received IBS_WAKE_IND: 0xFD
04-03 22:26:45.142 1219 4348 I vendor.qti.bluetooth@1.0-ibs_handler: ProcessIbsCmd: Writing IBS_WAKE_ACK
04-03 22:26:45.160 4414 5222 I FusedLocation: (REDACTED) location delivery to %s blocked - too close
04-03 22:26:45.161 4414 5222 I FusedLocation: (REDACTED) location delivery to %s blocked - too fast
04-03 22:26:45.161 4414 5222 I FusedLocation: (REDACTED) location delivery to %s blocked - too close
04-03 22:26:45.162 2635 3598 D LocationManagerService: incoming location from: fused
04-03 22:26:45.163 2635 3598 D LocationManagerService: incoming location from: fused
04-03 22:26:45.163 3247 3370 I BluetoothBondStateMachine: bondStateChangeCallback: Status: 0 Address: 24:C6:13:4B:20:1A newState: 0
04-03 22:26:45.163 3247 3370 I oplus_bt_stack_conn_event: pairing_report_bond_state_change, addr: 24:**:**:**:20:1a, status: 0, state: 1->0, bond_type: 2, sdp_attempt: 0, local init: 0, is_ssp 1, io_cap: 0
04-03 22:26:45.164 3247 3370 E bt_btif : update_pce_entry_after_cancelling_bonding unable to open PBAP PCE Conf file for read: error: (No such file or directory)
04-03 22:26:45.164 3247 3370 E bt_btif : update_mce_entry_after_cancelling_bonding unable to open MAP MCE Conf file for read: Reason: (No such file or directory)
04-03 22:26:45.171 3247 3451 I BluetoothBondStateMachine: Bond State Change Intent:24:C6:13:4B:20:1A BOND_BONDING => BOND_NONE
04-03 22:26:45.171 3247 3451 I BluetoothBondStateMachine: Bonded Completed 24:C6:13:4B:20:1A
04-03 22:26:45.172 3247 3451 I BluetoothBondStateMachine: mBondingDevStatus size 0
04-03 22:26:45.173 8162 8162 D jhko : ACTION_BOND_STATE_CHANGED
04-03 22:26:45.174 3247 3247 D BluetoothDatabase: deleteDatabase: 24:C6:13:4B:20:1A
04-03 22:26:45.176 2635 2691 W BroadcastQueue: Background execution not allowed: receiving Intent { act=android.bluetooth.device.action.BOND_STATE_CHANGED flg=0x10 (has extras) } to com.google.android.gms/.chimera.GmsIntentOperationService$PersistentTrustedReceiver
04-03 22:26:45.176 3247 3247 D HearingAidService: Bond state changed for device: 24:C6:13:4B:20:1A state: 10
04-03 22:26:45.176 2635 2691 W BroadcastQueue: Background execution not allowed: receiving Intent { act=android.bluetooth.device.action.BOND_STATE_CHANGED flg=0x10 (has extras) } to com.google.android.googlequicksearchbox/com.google.android.apps.gsa.broadcastreceiver.external.ExternalCommonBroadcastReceiver
04-03 22:26:45.176 4977 4977 I fawg : (REDACTED) O received %s
04-03 22:26:45.176 8162 8162 D jhko : device.getBluetoothClass() is null
04-03 22:26:45.178 4977 6172 I bbkp : (REDACTED) bluetoothConnectionStateChanged. Action: %s
04-03 22:26:45.180 3247 3451 D SD_OplusSmartDriveUtils: sendBroadcastToSmartDrive type=1,device=24:**:**:**:20:1A,state=10
04-03 22:26:45.181 3836 8654 D PhoneInterfaceManager: [PhoneIntfMgr] QueryTelephonyChecker-getDataNetworkTypeForSubscriber: packageName = com.innowireless.xcal.mobile5, isGrant = true
04-03 22:26:45.185 28057 28057 W BluetoothEventManager: showUnbondMessage: Not displaying any message for reason: 9
04-03 22:26:45.186 3247 3451 W HeadsetClientService: getHeadsetClientService(): service is null
04-03 22:26:45.186 3247 3451 W PbapClientService: getPbapClientService(): service is null
04-03 22:26:45.186 3247 3451 D BluetoothHidHostService: setConnectionPolicy: 24:C6:13:4B:20:1A
04-03 22:26:45.186 3247 3451 D BluetoothHidHostService: Saved connectionPolicy 24:C6:13:4B:20:1A = -1
04-03 22:26:45.186 3247 3451 I HeadsetService: setConnectionPolicy: device=24:C6:13:4B:20:1A, connectionPolicy=-1, uid/pid=1002/3247
04-03 22:26:45.186 3247 3451 E bt_device_interop: interop_database_remove_ Entry not found in the list
04-03 22:26:45.186 3247 3451 D OplusPhonePolicyExtImpl: clearReduceConnTimeoutList
04-03 22:26:45.186 3247 3451 I BluetoothBondStateMachine: StableState(): Entering Off State
04-03 22:26:45.187 3247 31060 E BluetoothDatabase: getCustomMeta: device 24:C6:13:4B:20:1A is not in cache
04-03 22:26:45.188 3247 3264 W BluetoothDatabase: Invalid metadata key 17
04-03 22:26:45.188 3247 3264 E BluetoothDatabase: getCustomMeta: meta key invalid 17
04-03 22:26:45.211 3247 3264 E BluetoothDatabase: getCustomMeta: device 24:C6:13:4B:20:1A is not in cache
04-03 22:26:45.212 3247 31060 W BluetoothDatabase: Invalid metadata key 17
04-03 22:26:45.212 3247 31060 E BluetoothDatabase: getCustomMeta: meta key invalid 17
04-03 22:26:45.212 3270 3514 W BluetoothEventManager: showUnbondMessage: Not displaying any message for reason: 9
04-03 22:26:45.224 1219 4348 I vendor.qti.bluetooth@1.0-ibs_handler: ProcessIbsCmd: Received IBS_SLEEP_IND: 0xFE
04-03 22:26:45.231 4414 31584 I Nearby : (REDACTED) is blocked device type %s, isAuto=%s, isIot=%s, isLatchsky=%s, isChinaWearable=%s, isTv=%s, isWearable=%s (supportWearOs=%s), isChromeOsDevice=%s (supportChromeOs=%s)
04-03 22:26:45.236 5064 11036 D DebugReportServiceHidlClient: getReport 1.1...
04-03 22:26:45.236 1229 1229 E LocSvc_HIDL_DebugReportService: Invalid count: 0
04-03 22:26:45.236 1229 1229 E LocSvc_HIDL_DebugReportService: Invalid count: 0
04-03 22:26:45.236 1229 1229 E LocSvc_HIDL_DebugReportService: Invalid count: 0
04-03 22:26:45.236 1229 1229 E LocSvc_HIDL_DebugReportService: Invalid count: 0
04-03 22:26:45.236 5064 11036 D DebugReportServiceHidlClient: getReport 1.1 success: true
04-03 22:26:45.236 5064 11036 D DebugReportServiceHidlClient: getReport 1.0 success: true
04-03 22:26:45.237 4414 4414 I NearbyDiscovery: (REDACTED) DiscoveryService onStartCommand action: %s
04-03 22:26:45.238 4414 4414 I NearbyDiscovery: (REDACTED) FastPair: onBondStateChange: prevState=%s, state=%s, %s, isFastPairing=%s
04-03 22:26:45.238 4414 5852 I NearbyDiscovery: (REDACTED) FastPairController: handleBondNone: %s
04-03 22:26:45.238 4414 5852 I NearbyDiscovery: (REDACTED) FastPair: RemoveBond: Not Fast Pair 2.0 %s
04-03 22:26:45.238 4414 5852 I NearbyDiscovery: (REDACTED) FastPairController: DeviceStateManager: removeDevice: %s
04-03 22:26:45.238 4414 5852 I NearbyDiscovery: (REDACTED) FastPairController: DeviceStateManager: removeProfiles: %s
04-03 22:26:45.239 4414 5852 I NearbyDiscovery: (REDACTED) FastPairController: destroyEventStream: %s
04-03 22:26:45.239 4414 31566 I NearbyDiscovery: (REDACTED) SdpManager: Remove all records, %s
04-03 22:26:45.239 4414 5852 I NearbyDiscovery: (REDACTED) EventStreamManager: Disconnect event stream, %s
04-03 22:26:45.242 4414 4414 I NearbyFastPair: WDLS created [CONTEXT service_id=265 ]
04-03 22:26:45.242 4414 31045 W .gms.persisten: Accessing hidden method Landroid/bluetooth/BluetoothAdapter;->registerBluetoothConnectionCallback(Ljava/util/concurrent/Executor;Landroid/bluetooth/BluetoothAdapter$BluetoothConnectionCallback;)Z (blocked, reflection, denied)
04-03 22:26:45.243 4414 31045 I NearbyShared: BTConnStateMgr: BluetoothConnectionCallback not supported.
04-03 22:26:45.243 4414 31045 I NearbyShared: java.lang.NoSuchMethodException: android.bluetooth.BluetoothAdapter.registerBluetoothConnectionCallback [interface java.util.concurrent.Executor, class android.bluetooth.BluetoothAdapter$BluetoothConnectionCallback]
04-03 22:26:45.243 4414 31045 I NearbyShared: at java.lang.Class.getMethod(Class.java:2950)
04-03 22:26:45.243 4414 31045 I NearbyShared: at java.lang.Class.getMethod(Class.java:2450)
04-03 22:26:45.243 4414 31045 I NearbyShared: at gbzz.(:com.google.android.gms@251036029@25.10.36 (190400-739992411):146)
04-03 22:26:45.243 4414 31045 I NearbyShared: at com.google.android.gms.nearby.fastpair.service.WearableDataListenerChimeraService.m(:com.google.android.gms@251036029@25.10.36 (190400-739992411):68)
04-03 22:26:45.243 4414 31045 I NearbyShared: at com.google.android.gms.nearby.fastpair.service.WearableDataListenerChimeraService.r(:com.google.android.gms@251036029@25.10.36 (190400-739992411):1)
04-03 22:26:45.243 4414 31045 I NearbyShared: at cmnd.run(:com.google.android.gms@251036029@25.10.36 (190400-739992411):3)
04-03 22:26:45.243 4414 31045 I NearbyShared: at aujp.c(:com.google.android.gms@251036029@25.10.36 (190400-739992411):50)
04-03 22:26:45.243 4414 31045 I NearbyShared: at aujp.run(:com.google.android.gms@251036029@25.10.36 (190400-739992411):76)
04-03 22:26:45.243 4414 31045 I NearbyShared: at java.util.concurrent.ThreadPoolExecutor.runWorker(ThreadPoolExecutor.java:1145)
04-03 22:26:45.243 4414 31045 I NearbyShared: at java.util.concurrent.ThreadPoolExecutor$Worker.run(ThreadPoolExecutor.java:644)
04-03 22:26:45.243 4414 31045 I NearbyShared: at aupd.run(:com.google.android.gms@251036029@25.10.36 (190400-739992411):8)
04-03 22:26:45.243 4414 31045 I NearbyShared: at java.lang.Thread.run(Thread.java:1012)
04-03 22:26:45.244 4414 31045 I NearbyFastPair: (REDACTED) WDLS onStartCommand: receive intent action=%s
04-03 22:26:45.245 4414 31045 I NearbyFastPair: (REDACTED) WDLS onStartCommand: bond state change %d -> %d, device %s
04-03 22:26:45.249 4414 31045 I NearbyShared: (REDACTED) ServiceBinder: %s is already unbind
04-03 22:26:45.249 4414 4414 I NearbyFastPair: WDLS destroyed [CONTEXT service_id=265 ]
04-03 22:26:45.295 2635 3024 D WifiActiveModeWarden: there is no primary client manager, return the default one
04-03 22:26:45.301 1255 1255 I android.hardware.thermal@2.0-service.qti: Sensor Name:shell_frametemp: 39.9. prev severity:0. cur severity:0 New severity:0
04-03 22:26:45.303 1255 1255 I android.hardware.thermal@2.0-service.qti: Sensor Name:skintemp: 42.321. prev severity:0. cur severity:3 New severity:3
04-03 22:26:45.303 1255 1255 I android.hardware.thermal@2.0-service.qti: Sensor Name:shell_fronttemp: 39.9. prev severity:0. cur severity:0 New severity:0
04-03 22:26:45.303 1255 1255 I android.hardware.thermal@2.0-service.qti: Sensor Name:shell_backtemp: 39.9. prev severity:0. cur severity:0 New severity:0
04-03 22:26:45.311 3836 8654 D PhoneInterfaceManager: [PhoneIntfMgr] QueryTelephonyChecker-getDataNetworkTypeForSubscriber: packageName = com.innowireless.xcal.mobile5, isGrant = true
04-03 22:26:45.326 2635 2695 D BatteryStatsImplExtImpl: updateDevicePowerDetails
04-03 22:26:45.328 2635 2695 D OplusRpmSubsystemManager: battery drained...
04-03 22:26:45.328 1310 1310 D vendor.oplus.hardware.rpmh@2.0-service: getPowerStateSubsystemSleepState list
04-03 22:26:45.329 1310 1310 D vendor.oplus.hardware.rpmh@2.0-service: getPowerStateSubsystemSleepStateList tmpSubsystemState: ADSP 247 5207750
04-03 22:26:45.329 1310 1310 D vendor.oplus.hardware.rpmh@2.0-service: putSubsystemSleepState key:ADSP val:ADSP | 247 | 5207750
04-03 22:26:45.329 1310 1310 D vendor.oplus.hardware.rpmh@2.0-service: putSubsystemSleepState update
04-03 22:26:45.329 1310 1310 D vendor.oplus.hardware.rpmh@2.0-service: getPowerStateSubsystemSleepStateList tmpSubsystemState: ADSP_ISLAND 247 48000
04-03 22:26:45.329 1310 1310 D vendor.oplus.hardware.rpmh@2.0-service: putSubsystemSleepState key:ADSP_ISLAND val:ADSP_ISLAND | 247 | 48000
04-03 22:26:45.329 1310 1310 D vendor.oplus.hardware.rpmh@2.0-service: putSubsystemSleepState update
04-03 22:26:45.329 1310 1310 D vendor.oplus.hardware.rpmh@2.0-service: getPowerStateSubsystemSleepStateList tmpSubsystemState: APSS 0 0
04-03 22:26:45.329 1310 1310 D vendor.oplus.hardware.rpmh@2.0-service: putSubsystemSleepState key:APSS val:APSS | 0 | 0
04-03 22:26:45.329 1310 1310 D vendor.oplus.hardware.rpmh@2.0-service: putSubsystemSleepState update
04-03 22:26:45.329 8162 8162 D Solo3Charging: Solo3ChargingManager.setBatteryCapacity() capacity : 47 isVoiceCall : false chargingMode : 0
04-03 22:26:45.329 1310 1310 D vendor.oplus.hardware.rpmh@2.0-service: getPowerStateSubsystemSleepStateList tmpSubsystemState: CDSP 337 5251347
04-03 22:26:45.330 1310 1310 D vendor.oplus.hardware.rpmh@2.0-service: putSubsystemSleepState key:CDSP val:CDSP | 337 | 5251347
04-03 22:26:45.330 1310 1310 D vendor.oplus.hardware.rpmh@2.0-service: putSubsystemSleepState update
04-03 22:26:45.330 1310 1310 D vendor.oplus.hardware.rpmh@2.0-service: getPowerStateSubsystemSleepStateList tmpSubsystemState: MPSS 0 0
04-03 22:26:45.330 1310 1310 D vendor.oplus.hardware.rpmh@2.0-service: putSubsystemSleepState key:MPSS val:MPSS | 0 | 0
04-03 22:26:45.330 1310 1310 D vendor.oplus.hardware.rpmh@2.0-service: putSubsystemSleepState update
04-03 22:26:45.330 1310 1310 D vendor.oplus.hardware.rpmh@2.0-service: getPowerStateSubsystemSleepStateList tmpSubsystemState: MPSS 0 0
04-03 22:26:45.330 1310 1310 E vendor.oplus.hardware.rpmh@2.0-service: get data from /sys/power/rpmh_stats/master_stats failed! res=
04-03 22:26:45.331 1310 1310 D vendor.oplus.hardware.rpmh@2.0-service: getPowerStateSubsystemSleepStateList tmpSubsystemState: MPSS 0 0
04-03 22:26:45.331 1310 1310 E vendor.oplus.hardware.rpmh@2.0-service: get data from /sys/power/rpmh_stats/master_stats failed! res=
04-03 22:26:45.331 1310 1310 D vendor.oplus.hardware.rpmh@2.0-service: open /sys/power/soc_sleep/stats failed! err:No such file or directory
04-03 22:26:45.331 1310 1310 D vendor.oplus.hardware.rpmh@2.0-service: open /sys/power/soc_sleep/stats failed! err:No such file or directory
04-03 22:26:45.331 1310 1310 D vendor.oplus.hardware.rpmh@2.0-service: dumpSubsystemSleepState-->
04-03 22:26:45.331 1310 1310 D vendor.oplus.hardware.rpmh@2.0-service: key:ADSP val:ADSP | 247 | 5207750
04-03 22:26:45.331 1310 1310 D vendor.oplus.hardware.rpmh@2.0-service: key:ADSP_ISLAND val:ADSP_ISLAND | 247 | 48000
04-03 22:26:45.331 1310 1310 D vendor.oplus.hardware.rpmh@2.0-service: key:APSS val:APSS | 0 | 0
04-03 22:26:45.331 1310 1310 D vendor.oplus.hardware.rpmh@2.0-service: key:CDSP val:CDSP | 337 | 5251347
04-03 22:26:45.331 1310 1310 D vendor.oplus.hardware.rpmh@2.0-service: key:MPSS val:MPSS | 0 | 0
04-03 22:26:45.334 3788 3788 D DeviceInfoHidlClient: isRadioOn()=true
04-03 22:26:45.334 3788 3788 I DeviceInfoHidlClient: isPowerInfoNeverSent=false batteryLevel=47 batteryLevelIndex=1 chargingMode=0 totalCapacity=3261700 powerSaveMode=false
04-03 22:26:45.335 1219 4348 I vendor.qti.bluetooth@1.0-ibs_handler: ProcessIbsCmd: Received IBS_WAKE_IND: 0xFD
04-03 22:26:45.335 1219 4348 I vendor.qti.bluetooth@1.0-ibs_handler: ProcessIbsCmd: Writing IBS_WAKE_ACK
04-03 22:26:45.337 2635 2695 D OplusRpmSubsystemManager: measureOplusRpmMasterStatsDelta...
04-03 22:26:45.337 2635 2695 D OplusRpmSubsystemManager: elapsedRealTimeDelta :261136
04-03 22:26:45.337 2635 2695 D OplusRpmSubsystemManager: mRpmSuspendRatioSummay: [ADSP:100.00,ADSP_ISLAND:0.00,APSS:0.00,CDSP:100.00,MPSS:0.00]
04-03 22:26:45.337 2635 2695 D BatteryStatsImplExtImpl: PowerDetails: time=2025-04-03-22-26-45, top=com.innowireless.xcal.mobile5.ui.Main_Activity, ref_counts=43814, ref_mode=0, brightness=0, refs_per_sec=6.0, modem_txTimeMs=[0, 0, 0, 0, 0], traffic=[4355619236,4567152698,146182315,257179076], ctr_drain=[167,1.39,0,8.08], rpmstat=[ADSP:100.00,ADSP_ISLAND:0.00,APSS:0.00,CDSP:100.00,MPSS:0.00], sap=false, audio=[spk:0, headset:0]
04-03 22:26:45.337 2635 2695 D BatteryStatsImplExtImpl: , modem=[activity:SettleObj{ what=LO date=04-03 22:00:41.984 duration=3585 screenOnRatio=100.00 screenOffRatio=0 power=53 current=115.48 networkType=MOBILE dataNetworkType=13 signalStrength=-83 aodState=0 softAp=false charge=false simCount=1 defaultPhone=0 apssSleepC=0 apssSleepRatio=0 mpssSleepC=0 mpssSleepRatio=0 vminSleepC=0 vminSleepRatio=0 vlowSleepC=0 vlowSleepRatio=0 modemPowermA[]=[115.62,102.00,129.06] sleepRatio=5.08 idleRatio=25.85 rxRatio=62.98 5gRxRatio=0 txSumRatio=6.09 5gTxSumRatio=0 txRatio[]=[7.18,20.53,14.79,14.35,43.16] 5gTxRatio[]=[0,0,0,0,0] techRatio[]=[0,0,0,0,68.35,0,0,0,0] rrcConn10sC[]=[38, 0] rrcConn20sC[]=[28, 0] rrcConnMore20sC[]=[43, 0] rrcConnC[]=[109, 0] csChangedC[]=[4, 0] psChangedC[]=[4, 0] iRatC[]=[0, 0] cellUpdateC[]=[15, 0] nwSrchC[]=[3, 0] nwSrchRatio[]=[0.36,0] lteRrcConnRatio[]=[82.52,0] psRegRatio[]=[100.00,0] csRegRatio[]=[100.00,0] psNoRegRatio[]=[0,100.00] csNoRegRatio[]=[0,100.00] sigGrid0Ratio[]=[0,0] endcActRatio[]=[11.75,0] saActRatio[]=[0,0] gpsRatio=100.00 wlanRatio=61.43 qrtrWakeupC={} allWakeupC={} appInWakeupC={} appOutWakeupC={} appWakeupRatio={} appTrafficC={} regReqFbC=[183, 0] regReqTransAcqDbC=[7918, 90384] saRrcConn10sC[]=[0, 0] saRrcConn20sC[]=[0, 0] saRrcConnMore20sC[]=[0, 0] saRrcConnC[]=[1231, 0] lteHoC[]=[0, 0] saHoC[]=[0, 0] saRrcConnRatio[]=[0,0] lteBandRatiosim0[]=[0,0,0,0,0,0,0,0,0] lteBandRatiosim1[]=[0,0,0,0,0,0,0,0,0] nrBandRatiosim0[]=[0,0,0,0,0,0] nrBandRatiosim1[]=[0,0,0,0,0,0] sensorStationaryC=0 sensorStationaryT=0 modemStationaryC=0 modemStationaryT=0}]
04-03 22:26:45.337 2635 2695 D BatteryStatsImplExtImpl: , endc=0
04-03 22:26:45.338 3941 5221 D BatteryStatsManager: battery level change
04-03 22:26:45.339 3941 5221 E Battery : BatteryCardUtil: widgetCodes = null !
04-03 22:26:45.342 2635 2635 D OplusPowerMonitor: BATTERY DRAINED ... PreBatteryLevel=48 BatteryLevel=47 StepCurrent=22.11112125012965 Threshold:60.0 suspendRatio=0.0
04-03 22:26:45.345 8202 30101 D AudioManagerExtImpl: getStreamVolume packageName=com.facebook.katana, index=0, streamType=1
04-03 22:26:45.346 9261 9534 D AudioManagerExtImpl: getStreamVolume packageName=com.instagram.android, index=2, streamType=3
04-03 22:26:45.347 4809 4826 D OplusAtlasService: getAttributeByAppName module:oplus-getStreamMaxVolume packageName:com.instagram.android
04-03 22:26:45.348 9261 9534 D AudioManagerExtImpl: getStreamVolume packageName=com.instagram.android, index=2, streamType=3
04-03 22:26:45.348 4809 4826 D OplusAtlasService: getAttributeByAppName module:oplus-getStreamMaxVolume packageName:com.instagram.android
04-03 22:26:45.349 8568 20710 D AudioManagerExtImpl: getStreamVolume packageName=com.facebook.orca, index=0, streamType=1
04-03 22:26:45.407 3836 20675 D PhoneInterfaceManager: [PhoneIntfMgr] QueryTelephonyChecker-getDataNetworkTypeForSubscriber: packageName = com.innowireless.xcal.mobile5, isGrant = true
04-03 22:26:45.417 1219 4348 I vendor.qti.bluetooth@1.0-ibs_handler: ProcessIbsCmd: Received IBS_SLEEP_IND: 0xFE
04-03 22:26:45.446 3836 20675 D PhoneInterfaceManager: [PhoneIntfMgr] QueryTelephonyChecker-getDataNetworkTypeForSubscriber: packageName = com.innowireless.xcal.mobile5, isGrant = true
04-03 22:26:45.465 3836 20675 D PhoneInterfaceManager: [PhoneIntfMgr] QueryTelephonyChecker-getDataNetworkTypeForSubscriber: packageName = com.innowireless.xcal.mobile5, isGrant = true
04-03 22:26:45.518 3836 20675 D PhoneInterfaceManager: [PhoneIntfMgr] QueryTelephonyChecker-getDataNetworkTypeForSubscriber: packageName = com.innowireless.xcal.mobile5, isGrant = true
04-03 22:26:45.527 3836 8654 D PhoneInterfaceManager: [PhoneIntfMgr] QueryTelephonyChecker-getDataNetworkTypeForSubscriber: packageName = com.innowireless.xcal.mobile5, isGrant = true
04-03 22:26:45.572 3836 20675 D PhoneInterfaceManager: [PhoneIntfMgr] QueryTelephonyChecker-getDataNetworkTypeForSubscriber: packageName = com.innowireless.xcal.mobile5, isGrant = true
04-03 22:26:45.580 1219 4348 I vendor.qti.bluetooth@1.0-ibs_handler: ProcessIbsCmd: Received IBS_WAKE_IND: 0xFD
04-03 22:26:45.580 1219 4348 I vendor.qti.bluetooth@1.0-ibs_handler: ProcessIbsCmd: Writing IBS_WAKE_ACK
04-03 22:26:45.604 3836 8654 D PhoneInterfaceManager: [PhoneIntfMgr] QueryTelephonyChecker-getDataNetworkTypeForSubscriber: packageName = com.innowireless.xcal.mobile5, isGrant = true
04-03 22:26:45.609 6355 19036 I GH.ConnLoggerV2: connectivity state updated: false
04-03 22:26:45.664 1219 4348 I vendor.qti.bluetooth@1.0-ibs_handler: ProcessIbsCmd: Received IBS_SLEEP_IND: 0xFE
04-03 22:26:45.685 1219 4348 I vendor.qti.bluetooth@1.0-ibs_handler: ProcessIbsCmd: Received IBS_WAKE_IND: 0xFD
04-03 22:26:45.685 1219 4348 I vendor.qti.bluetooth@1.0-ibs_handler: ProcessIbsCmd: Writing IBS_WAKE_ACK
04-03 22:26:45.688 3247 4353 I bt_stack: [INFO:btsnoop_ext.cc(679)] add_rfc_l2c_channel: rfcomm data going over l2cap channel. conn_handle=4 cid=71:81
04-03 22:26:45.688 3247 4353 W bt_l2cap: L2CAP - LCID: 0x0047 st: CLOSED evt: PEER_CONNECT_REQ
04-03 22:26:45.689 3247 4353 W bt_l2cap: L2CAP - LCID: 0x0047 st: TERM_W4_SEC_COMP evt: SECURITY_COMPLETE
04-03 22:26:45.689 3247 4353 W bt_l2cap: L2CAP - LCID: 0x0047 st: W4_L2CA_CON_RSP evt: UPPER_LAYER_CONNECT_RSP
04-03 22:26:45.689 3247 4353 W bt_l2cap: L2CAP - LCID: 0x0047 st: CONFIG evt: UPPER_LAYER_CONFIG_REQ
04-03 22:26:45.726 3836 8654 D PhoneInterfaceManager: [PhoneIntfMgr] QueryTelephonyChecker-getDataNetworkTypeForSubscriber: packageName = com.innowireless.xcal.mobile5, isGrant = true
04-03 22:26:45.766 1219 4348 I vendor.qti.bluetooth@1.0-ibs_handler: ProcessIbsCmd: Received IBS_SLEEP_IND: 0xFE
04-03 22:26:45.772 8162 10977 D GPS : NMEA is invaild.
04-03 22:26:45.773 8162 10977 D GPS : mNMEASatelites : 5
04-03 22:26:45.774 4977 6171 I baur : (REDACTED) getHotwordActive::active query: %s, watch: %s, devices connected: %s
04-03 22:26:45.777 8162 10977 D GPS : Android GPS is invaild.
04-03 22:26:45.885 1219 4348 I vendor.qti.bluetooth@1.0-ibs_handler: ProcessIbsCmd: Received IBS_WAKE_IND: 0xFD
04-03 22:26:45.885 1219 4348 I vendor.qti.bluetooth@1.0-ibs_handler: ProcessIbsCmd: Writing IBS_WAKE_ACK
04-03 22:26:45.899 3836 8654 D PhoneInterfaceManager: [PhoneIntfMgr] QueryTelephonyChecker-getDataNetworkTypeForSubscriber: packageName = com.innowireless.xcal.mobile5, isGrant = true
04-03 22:26:45.901 2635 3024 D WifiActiveModeWarden: there is no primary client manager, return the default one
04-03 22:26:45.901 2635 3967 D WifiService: getWifiEnabledState primaryClientMode is mDefaultClientModeManager
04-03 22:26:45.907 3247 4353 W bt_l2cap: L2CAP - LCID: 0x0047 st: CONFIG evt: PEER_CONFIG_REQ
04-03 22:26:45.907 3247 4353 W bt_l2cap: L2CAP - LCID: 0x0047 st: CONFIG evt: UPPER_LAYER_CONFIG_RSP
04-03 22:26:45.907 3247 4353 W bt_l2cap: L2CAP-Upper layer Config_Rsp,Local CID: 0x0047,Remote CID: 0x0051,PSM: 3,our MTU present:1,our MTU:1691
04-03 22:26:45.940 3247 4353 W bt_l2cap: L2CAP - LCID: 0x0047 st: CONFIG evt: PEER_CONFIG_RSP
04-03 22:26:45.940 3247 4353 I bt_snoop: L2CAP channel is opened: handle=4(0x4), lcid=71(0x47), rcid=81(0x51), psm=0x3
04-03 22:26:45.940 3247 4353 W bt_l2cap: L2CAP-peer_Config_Rsp,Local CID: 0x0047,Remote CID: 0x0051,PSM: 3,peer MTU present: 0,peer MTU: 1691
04-03 22:26:46.024 1219 4348 I vendor.qti.bluetooth@1.0-ibs_handler: ProcessIbsCmd: Received IBS_SLEEP_IND: 0xFE
04-03 22:26:46.038 1219 4348 I vendor.qti.bluetooth@1.0-ibs_handler: ProcessIbsCmd: Received IBS_WAKE_IND: 0xFD
04-03 22:26:46.038 1219 4348 I vendor.qti.bluetooth@1.0-ibs_handler: ProcessIbsCmd: Writing IBS_WAKE_ACK
04-03 22:26:46.092 3247 4353 W bt_rfcomm: PORT_ParNegCnf incoming conn on dlci:10 start timer
04-03 22:26:46.142 2635 2721 D OplusLocationStatistics: on recordTaskMark, key: gnssReportLocation
04-03 22:26:46.142 2635 2655 D LocationManagerService: incoming location from: gps
04-03 22:26:46.144 2635 2655 D LocationManagerService: incoming location from: gps
04-03 22:26:46.167 4414 5222 I FusedLocation: (REDACTED) location delivery to %s blocked - too close
04-03 22:26:46.169 4414 5222 I FusedLocation: (REDACTED) location delivery to %s blocked - too close
04-03 22:26:46.170 2635 4021 D LocationManagerService: incoming location from: fused
04-03 22:26:46.170 2635 4021 D LocationManagerService: incoming location from: fused
04-03 22:26:46.170 1219 4348 I vendor.qti.bluetooth@1.0-ibs_handler: ProcessIbsCmd: Received IBS_SLEEP_IND: 0xFE
04-03 22:26:46.177 4414 31566 I SemanticLocation: [InfMgr] No location reports after filtering [CONTEXT service_id=173 ]
