04-03 22:17:43.557 2635 2705 D VRR [OPlusRefreshRateService]: notifyBrightnessChange brightness: 322.0
04-03 22:17:43.564 2635 3161 D LightsServiceExtImpl: baseSetLightLocked end.
04-03 22:17:43.568 2635 2705 D OplusDisplayPowerControllerExtImpl: original brightness to dataBase:322 final brightness:322.0 scale:1.0 reason:4 darkLevel:0
04-03 22:17:43.568 2635 2705 D DisplayPowerController[0]: Animating brightness: target=322.0, rate=25.0, source= 7
04-03 22:17:43.568 2635 2705 D VRR [OPlusRefreshRateService]: notifyBrightnessChange brightness: 322.0
04-03 22:17:43.569 2635 2658 D DisplayManagerService: Delivering display event: displayId=0, event=4
04-03 22:17:45.131 2635 2705 D OplusFeatureBrightnessBarController: mDarkLevel: 0
04-03 22:17:46.620 8162 8162 I Quality : Skipped: false 1 cost 19.359362 refreshRate 0 processName com.innowireless.xcal.mobile5
04-03 22:17:46.931 2635 2705 D OplusFeatureBrightnessBarController: mDarkLevel: 0
04-03 22:17:47.931 2635 2705 D OplusFeatureBrightnessBarController: mDarkLevel: 0
04-03 22:17:49.134 2635 2705 D OplusFeatureBrightnessBarController: mDarkLevel: 0
04-03 22:17:51.330 2635 2705 D OplusFeatureBrightnessBarController: mDarkLevel: 0
04-03 22:17:52.930 2635 2705 D OplusFeatureBrightnessBarController: mDarkLevel: 0
04-03 22:17:54.329 2635 2705 D OplusFeatureBrightnessBarController: mDarkLevel: 0
04-03 22:17:55.621 8162 8162 I Quality : Skipped: false 1 cost 17.730026 refreshRate 0 processName com.innowireless.xcal.mobile5
04-03 22:17:56.624 8162 8162 I Quality : Skipped: false 1 cost 22.4023 refreshRate 0 processName com.innowireless.xcal.mobile5
04-03 22:17:57.529 2635 2705 D OplusFeatureBrightnessBarController: mDarkLevel: 0
04-03 22:17:58.331 2635 2705 D OplusFeatureBrightnessBarController: mDarkLevel: 0
04-03 22:17:59.930 2635 2705 D OplusFeatureBrightnessBarController: mDarkLevel: 0
04-03 22:18:00.018 2635 4174 E OplusCustomizeRestrictionManagerService: isBiometricDisabled start
04-03 22:18:00.021 2635 5661 E OplusCustomizeRestrictionManagerService: isBiometricDisabled start
04-03 22:18:01.136 2635 2705 D OplusFeatureBrightnessBarController: mDarkLevel: 0
04-03 22:18:03.082 2635 2695 D BatteryStatsImplExtImpl: updateDevicePowerDetails
04-03 22:18:03.083 2635 2695 D OplusRpmSubsystemManager: battery drained...
04-03 22:18:03.086 2635 2695 D OplusRpmSubsystemManager: measureOplusRpmMasterStatsDelta...
04-03 22:18:03.087 2635 2695 D OplusRpmSubsystemManager: elapsedRealTimeDelta :272903
04-03 22:18:03.087 2635 2695 D OplusRpmSubsystemManager: mRpmSuspendRatioSummay: [ADSP:100.00,ADSP_ISLAND:0.00,APSS:0.00,CDSP:100.00,MPSS:0.00]
04-03 22:18:03.087 2635 2695 D BatteryStatsImplExtImpl: PowerDetails: time=2025-04-03-22-18-03, top=com.innowireless.xcal.mobile5.ui.Main_Activity, ref_counts=40439, ref_mode=0, brightness=0, refs_per_sec=5.0, modem_txTimeMs=[0, 0, 0, 0, 0], traffic=[3678410158,3891687856,146182315,257179076], ctr_drain=[145,1.39,0,7.60], rpmstat=[ADSP:100.00,ADSP_ISLAND:0.00,APSS:0.00,CDSP:100.00,MPSS:0.00], sap=false, audio=[spk:0, headset:0]
04-03 22:18:03.087 2635 2695 D BatteryStatsImplExtImpl: , modem=[activity:SettleObj{ what=LO date=04-03 22:00:41.984 duration=3585 screenOnRatio=100.00 screenOffRatio=0 power=53 current=115.48 networkType=MOBILE dataNetworkType=13 signalStrength=-83 aodState=0 softAp=false charge=false simCount=1 defaultPhone=0 apssSleepC=0 apssSleepRatio=0 mpssSleepC=0 mpssSleepRatio=0 vminSleepC=0 vminSleepRatio=0 vlowSleepC=0 vlowSleepRatio=0 modemPowermA[]=[115.62,102.00,129.06] sleepRatio=5.08 idleRatio=25.85 rxRatio=62.98 5gRxRatio=0 txSumRatio=6.09 5gTxSumRatio=0 txRatio[]=[7.18,20.53,14.79,14.35,43.16] 5gTxRatio[]=[0,0,0,0,0] techRatio[]=[0,0,0,0,68.35,0,0,0,0] rrcConn10sC[]=[38, 0] rrcConn20sC[]=[28, 0] rrcConnMore20sC[]=[43, 0] rrcConnC[]=[109, 0] csChangedC[]=[4, 0] psChangedC[]=[4, 0] iRatC[]=[0, 0] cellUpdateC[]=[15, 0] nwSrchC[]=[3, 0] nwSrchRatio[]=[0.36,0] lteRrcConnRatio[]=[82.52,0] psRegRatio[]=[100.00,0] csRegRatio[]=[100.00,0] psNoRegRatio[]=[0,100.00] csNoRegRatio[]=[0,100.00] sigGrid0Ratio[]=[0,0] endcActRatio[]=[11.75,0] saActRatio[]=[0,0] gpsRatio=100.00 wlanRatio=61.43 qrtrWakeupC={} allWakeupC={} appInWakeupC={} appOutWakeupC={} appWakeupRatio={} appTrafficC={} regReqFbC=[183, 0] regReqTransAcqDbC=[7918, 90384] saRrcConn10sC[]=[0, 0] saRrcConn20sC[]=[0, 0] saRrcConnMore20sC[]=[0, 0] saRrcConnC[]=[1231, 0] lteHoC[]=[0, 0] saHoC[]=[0, 0] saRrcConnRatio[]=[0,0] lteBandRatiosim0[]=[0,0,0,0,0,0,0,0,0] lteBandRatiosim1[]=[0,0,0,0,0,0,0,0,0] nrBandRatiosim0[]=[0,0,0,0,0,0] nrBandRatiosim1[]=[0,0,0,0,0,0] sensorStationaryC=0 sensorStationaryT=0 modemStationaryC=0 modemStationaryT=0}]
04-03 22:18:03.087 2635 2695 D BatteryStatsImplExtImpl: , endc=0
04-03 22:18:03.092 2635 2635 D OplusPowerMonitor: BATTERY DRAINED ... PreBatteryLevel=50 BatteryLevel=49 StepCurrent=24.531565032773102 Threshold:60.0 suspendRatio=0.0
04-03 22:18:04.329 2635 2705 D OplusFeatureBrightnessBarController: mDarkLevel: 0
04-03 22:18:06.531 2635 2705 D OplusFeatureBrightnessBarController: mDarkLevel: 0
04-03 22:18:07.530 2635 2705 D OplusFeatureBrightnessBarController: mDarkLevel: 0
04-03 22:18:08.530 2635 2705 D OplusFeatureBrightnessBarController: mDarkLevel: 0
04-03 22:18:09.621 8162 8162 I Quality : Skipped: false 1 cost 21.255768 refreshRate 0 processName com.innowireless.xcal.mobile5
04-03 22:18:10.129 2635 2705 D OplusFeatureBrightnessBarController: mDarkLevel: 0
04-03 22:18:10.929 2635 2705 D OplusFeatureBrightnessBarController: mDarkLevel: 0
04-03 22:18:12.132 2635 2705 D OplusFeatureBrightnessBarController: mDarkLevel: 0
04-03 22:18:13.138 2635 2705 D OplusFeatureBrightnessBarController: mDarkLevel: 0
04-03 22:18:14.130 2635 2705 D OplusFeatureBrightnessBarController: mDarkLevel: 0
04-03 22:18:16.330 2635 2705 D OplusFeatureBrightnessBarController: mDarkLevel: 0
04-03 22:18:17.330 2635 2705 D OplusFeatureBrightnessBarController: mDarkLevel: 0
04-03 22:18:19.023 8162 8162 I Quality : Skipped: false 1 cost 19.62598 refreshRate 0 processName com.innowireless.xcal.mobile5
04-03 22:18:19.129 2635 2705 D OplusFeatureBrightnessBarController: mDarkLevel: 0
04-03 22:18:19.930 2635 2705 D OplusFeatureBrightnessBarController: mDarkLevel: 0
04-03 22:18:22.135 2635 2705 D OplusFeatureBrightnessBarController: mDarkLevel: 0
04-03 22:18:23.930 2635 2705 D OplusFeatureBrightnessBarController: mDarkLevel: 0
04-03 22:18:25.130 2635 2705 D OplusFeatureBrightnessBarController: mDarkLevel: 0
04-03 22:18:26.035 1338 1338 I Quality : SFJankCountInfo: 338; 0; 0; 2; 5; 10; 28; 67; 24; 0; 0
04-03 22:18:26.529 2635 2705 D OplusFeatureBrightnessBarController: mDarkLevel: 0
04-03 22:18:27.730 2635 2705 D OplusFeatureBrightnessBarController: mDarkLevel: 0
04-03 22:18:30.529 2635 2705 D OplusFeatureBrightnessBarController: mDarkLevel: 0
04-03 22:18:31.729 2635 2705 D OplusFeatureBrightnessBarController: mDarkLevel: 0
04-03 22:18:32.929 2635 2705 D OplusFeatureBrightnessBarController: mDarkLevel: 0
04-03 22:18:32.939 2635 2685 I DropBoxManagerService: add tag=system_server_wtf isTagEnabled=true flags=0x2
04-03 22:18:32.947 2635 2685 D DropBoxManagerService: file :: /data/system/dropbox/system_server_wtf@1743698912942.txt
04-03 22:18:34.129 2635 2705 D OplusFeatureBrightnessBarController: mDarkLevel: 0
04-03 22:18:34.947 2635 2691 W BroadcastQueue: Background execution not allowed: receiving Intent { act=android.intent.action.DROPBOX_ENTRY_ADDED flg=0x10 (has extras) } to com.google.android.gms/.stats.service.DropBoxEntryAddedReceiver
04-03 22:18:36.929 2635 2705 D OplusFeatureBrightnessBarController: mDarkLevel: 0
04-03 22:18:38.129 2635 2705 D OplusFeatureBrightnessBarController: mDarkLevel: 0
04-03 22:18:39.929 2635 2705 D OplusFeatureBrightnessBarController: mDarkLevel: 0
04-03 22:18:41.329 2635 2705 D OplusFeatureBrightnessBarController: mDarkLevel: 0
04-03 22:18:42.530 2635 2705 D OplusFeatureBrightnessBarController: mDarkLevel: 0
04-03 22:18:43.529 2635 2705 D OplusFeatureBrightnessBarController: mDarkLevel: 0
04-03 22:18:45.138 2635 2705 D OplusFeatureBrightnessBarController: mDarkLevel: 0
04-03 22:18:46.029 8162 8162 I Quality : Skipped: false 1 cost 17.391695 refreshRate 0 processName com.innowireless.xcal.mobile5
04-03 22:18:46.130 2635 2705 D OplusFeatureBrightnessBarController: mDarkLevel: 0
04-03 22:18:47.530 2635 2705 D OplusFeatureBrightnessBarController: mDarkLevel: 0
04-03 22:18:48.929 2635 2705 D OplusFeatureBrightnessBarController: mDarkLevel: 0
04-03 22:18:49.729 2635 2705 D OplusFeatureBrightnessBarController: mDarkLevel: 0
04-03 22:18:51.039 8162 8162 I Quality : Skipped: false 1 cost 17.490868 refreshRate 0 processName com.innowireless.xcal.mobile5
04-03 22:18:51.129 2635 2705 D OplusFeatureBrightnessBarController: mDarkLevel: 0
04-03 22:18:51.930 2635 2705 D OplusFeatureBrightnessBarController: mDarkLevel: 0
04-03 22:18:52.049 8162 8162 I Quality : Skipped: false 1 cost 29.102806 refreshRate 0 processName com.innowireless.xcal.mobile5
04-03 22:18:52.929 2635 2705 D OplusFeatureBrightnessBarController: mDarkLevel: 0
04-03 22:18:53.733 2635 2705 D OplusFeatureBrightnessBarController: mDarkLevel: 0
04-03 22:18:55.529 2635 2705 D OplusFeatureBrightnessBarController: mDarkLevel: 0
04-03 22:18:56.531 2635 2705 D OplusFeatureBrightnessBarController: mDarkLevel: 0
04-03 22:18:57.929 2635 2705 D OplusFeatureBrightnessBarController: mDarkLevel: 0
04-03 22:18:59.140 2635 2705 D OplusFeatureBrightnessBarController: mDarkLevel: 0
04-03 22:19:00.021 2635 4021 E OplusCustomizeRestrictionManagerService: isBiometricDisabled start
04-03 22:19:00.024 2635 4021 E OplusCustomizeRestrictionManagerService: isBiometricDisabled start
04-03 22:19:01.328 2635 2705 D OplusFeatureBrightnessBarController: mDarkLevel: 0
04-03 22:19:01.330 2635 3156 D AIBrightnessModel: handleUpdateBrightness brightness change from BrightnessPoint:(6.0524917, 322.2854, 42.57455, 78.52337)->BrightnessPoint:(6.7834687, 363.6089, 191.39854, 87.84897) lux:184.71483, [184.0,184.0,185.0,185.0,185.0,185.0,185.0]
04-03 22:19:01.336 2635 2705 I ColorAutomaticBrightnessController: updateAutoBrightness: Auto
04-03 22:19:01.336 2635 2705 I ColorAutomaticBrightnessController: , sendUpdate = true, adjustment = 977.0, AIBrightness = 363, adjustManualBright = 363
04-03 22:19:01.337 2635 2705 D OplusDisplayPowerControllerExtImpl: original brightness to dataBase:363 final brightness:363.0 scale:1.0 reason:4 darkLevel:0
04-03 22:19:01.337 2635 2705 D DisplayPowerController[0]: Animating brightness: target=363.0, rate=123.0, source= 7
04-03 22:19:01.342 2635 2705 D VRR [OPlusRefreshRateService]: notifyBrightnessChange brightness: 363.0
04-03 22:19:01.342 2635 2705 D VRR [OPlusRefreshRateService]: notifyNitsChange nits: 87.74114 discrete nits: 85.12281
04-03 22:19:01.435 2635 3161 D LightsServiceExtImpl: baseSetLightLocked end.
04-03 22:19:01.440 2635 2705 D OplusDisplayPowerControllerExtImpl: original brightness to dataBase:363 final brightness:363.0 scale:1.0 reason:4 darkLevel:0
04-03 22:19:01.441 2635 2705 D DisplayPowerController[0]: Animating brightness: target=363.0, rate=123.0, source= 7
04-03 22:19:01.441 2635 2705 D VRR [OPlusRefreshRateService]: notifyBrightnessChange brightness: 363.0
04-03 22:19:01.442 2635 2658 D DisplayManagerService: Delivering display event: displayId=0, event=4
04-03 22:19:01.467 2635 3161 D LightsServiceExtImpl: baseSetLightLocked end.
04-03 22:19:01.473 2635 2705 D OplusDisplayPowerControllerExtImpl: original brightness to dataBase:363 final brightness:363.0 scale:1.0 reason:4 darkLevel:0
04-03 22:19:01.473 2635 2705 D DisplayPowerController[0]: Animating brightness: target=363.0, rate=123.0, source= 7
04-03 22:19:01.473 2635 2705 D VRR [OPlusRefreshRateService]: notifyBrightnessChange brightness: 363.0
04-03 22:19:01.474 2635 2658 D DisplayManagerService: Delivering display event: displayId=0, event=4
04-03 22:19:01.554 2635 3161 D LightsServiceExtImpl: baseSetLightLocked end.
04-03 22:19:01.567 2635 2705 D OplusDisplayPowerControllerExtImpl: original brightness to dataBase:363 final brightness:363.0 scale:1.0 reason:4 darkLevel:0
04-03 22:19:01.568 2635 2705 D DisplayPowerController[0]: Animating brightness: target=363.0, rate=123.0, source= 7
04-03 22:19:01.568 2635 2705 D VRR [OPlusRefreshRateService]: notifyBrightnessChange brightness: 363.0
04-03 22:19:01.568 2635 2658 D DisplayManagerService: Delivering display event: displayId=0, event=4
04-03 22:19:01.712 2635 3161 D LightsServiceExtImpl: baseSetLightLocked end.
04-03 22:19:01.729 2635 2705 D OplusDisplayPowerControllerExtImpl: original brightness to dataBase:363 final brightness:363.0 scale:1.0 reason:4 darkLevel:0
04-03 22:19:01.732 2635 2705 D DisplayPowerController[0]: Animating brightness: target=363.0, rate=123.0, source= 7
04-03 22:19:01.733 2635 2705 D VRR [OPlusRefreshRateService]: notifyBrightnessChange brightness: 363.0
04-03 22:19:01.734 2635 2658 D DisplayManagerService: Delivering display event: displayId=0, event=4
04-03 22:19:01.749 2635 3161 D LightsServiceExtImpl: baseSetLightLocked end.
04-03 22:19:01.755 2635 2705 D OplusDisplayPowerControllerExtImpl: original brightness to dataBase:363 final brightness:363.0 scale:1.0 reason:4 darkLevel:0
04-03 22:19:01.755 2635 2705 D DisplayPowerController[0]: Animating brightness: target=363.0, rate=123.0, source= 7
04-03 22:19:01.755 2635 2705 D VRR [OPlusRefreshRateService]: notifyBrightnessChange brightness: 363.0
04-03 22:19:01.756 2635 2658 D DisplayManagerService: Delivering display event: displayId=0, event=4
04-03 22:19:01.854 2635 3161 D LightsServiceExtImpl: baseSetLightLocked end.
04-03 22:19:01.870 2635 2705 D OplusDisplayPowerControllerExtImpl: original brightness to dataBase:363 final brightness:363.0 scale:1.0 reason:4 darkLevel:0
04-03 22:19:01.870 2635 2705 D DisplayPowerController[0]: Animating brightness: target=363.0, rate=123.0, source= 7
04-03 22:19:01.870 2635 2705 D VRR [OPlusRefreshRateService]: notifyBrightnessChange brightness: 363.0
04-03 22:19:01.871 2635 2658 D DisplayManagerService: Delivering display event: displayId=0, event=4
04-03 22:19:01.971 2635 3161 D LightsServiceExtImpl: baseSetLightLocked end.
04-03 22:19:01.995 2635 2705 D OplusDisplayPowerControllerExtImpl: original brightness to dataBase:363 final brightness:363.0 scale:1.0 reason:4 darkLevel:0
04-03 22:19:01.996 2635 2705 D DisplayPowerController[0]: Animating brightness: target=363.0, rate=123.0, source= 7
04-03 22:19:01.997 2635 2705 D VRR [OPlusRefreshRateService]: notifyBrightnessChange brightness: 363.0
04-03 22:19:01.998 2635 2658 D DisplayManagerService: Delivering display event: displayId=0, event=4
04-03 22:19:02.015 2635 3161 D LightsServiceExtImpl: baseSetLightLocked end.
04-03 22:19:02.021 2635 2705 D OplusDisplayPowerControllerExtImpl: original brightness to dataBase:363 final brightness:363.0 scale:1.0 reason:4 darkLevel:0
04-03 22:19:02.021 2635 2705 D DisplayPowerController[0]: Animating brightness: target=363.0, rate=123.0, source= 7
04-03 22:19:02.021 2635 2705 D VRR [OPlusRefreshRateService]: notifyBrightnessChange brightness: 363.0
04-03 22:19:02.022 2635 2658 D DisplayManagerService: Delivering display event: displayId=0, event=4
04-03 22:19:02.095 2635 3161 D LightsServiceExtImpl: baseSetLightLocked end.
04-03 22:19:02.100 2635 2705 D OplusDisplayPowerControllerExtImpl: original brightness to dataBase:363 final brightness:363.0 scale:1.0 reason:4 darkLevel:0
04-03 22:19:02.100 2635 2705 D DisplayPowerController[0]: Animating brightness: target=363.0, rate=123.0, source= 7
04-03 22:19:02.100 2635 2705 D VRR [OPlusRefreshRateService]: notifyBrightnessChange brightness: 363.0
04-03 22:19:02.100 2635 2658 D DisplayManagerService: Delivering display event: displayId=0, event=4
04-03 22:19:02.129 2635 2705 D OplusFeatureBrightnessBarController: mDarkLevel: 0
04-03 22:19:02.234 2635 3161 D LightsServiceExtImpl: baseSetLightLocked end.
04-03 22:19:02.243 2635 2705 D OplusDisplayPowerControllerExtImpl: original brightness to dataBase:363 final brightness:363.0 scale:1.0 reason:4 darkLevel:0
04-03 22:19:02.243 2635 2705 D DisplayPowerController[0]: Animating brightness: target=363.0, rate=123.0, source= 7
04-03 22:19:02.244 2635 2705 D VRR [OPlusRefreshRateService]: notifyBrightnessChange brightness: 363.0
04-03 22:19:02.244 2635 2658 D DisplayManagerService: Delivering display event: displayId=0, event=4
04-03 22:19:02.331 2635 3161 D LightsServiceExtImpl: baseSetLightLocked end.
04-03 22:19:02.341 2635 2705 D OplusDisplayPowerControllerExtImpl: original brightness to dataBase:363 final brightness:363.0 scale:1.0 reason:4 darkLevel:0
04-03 22:19:02.341 2635 2705 D DisplayPowerController[0]: Animating brightness: target=363.0, rate=123.0, source= 7
04-03 22:19:02.341 2635 2705 D VRR [OPlusRefreshRateService]: notifyBrightnessChange brightness: 363.0
04-03 22:19:02.341 2635 2658 D DisplayManagerService: Delivering display event: displayId=0, event=4
04-03 22:19:02.441 2635 3161 D LightsServiceExtImpl: baseSetLightLocked end.
04-03 22:19:02.453 2635 2705 D OplusDisplayPowerControllerExtImpl: original brightness to dataBase:363 final brightness:363.0 scale:1.0 reason:4 darkLevel:0
04-03 22:19:02.454 2635 2705 D DisplayPowerController[0]: Animating brightness: target=363.0, rate=123.0, source= 7
04-03 22:19:02.454 2635 2705 D VRR [OPlusRefreshRateService]: notifyBrightnessChange brightness: 363.0
04-03 22:19:02.455 2635 2658 D DisplayManagerService: Delivering display event: displayId=0, event=4
04-03 22:19:02.537 2635 3161 D LightsServiceExtImpl: baseSetLightLocked end.
04-03 22:19:02.549 2635 2705 D OplusDisplayPowerControllerExtImpl: original brightness to dataBase:363 final brightness:363.0 scale:1.0 reason:4 darkLevel:0
04-03 22:19:02.550 2635 2705 D DisplayPowerController[0]: Animating brightness: target=363.0, rate=123.0, source= 7
04-03 22:19:02.551 2635 2705 D VRR [OPlusRefreshRateService]: notifyBrightnessChange brightness: 363.0
04-03 22:19:02.551 2635 2658 D DisplayManagerService: Delivering display event: displayId=0, event=4
04-03 22:19:02.611 2635 3161 D LightsServiceExtImpl: baseSetLightLocked end.
04-03 22:19:02.616 2635 2705 D OplusDisplayPowerControllerExtImpl: original brightness to dataBase:363 final brightness:363.0 scale:1.0 reason:4 darkLevel:0
04-03 22:19:02.616 2635 2705 D DisplayPowerController[0]: Animating brightness: target=363.0, rate=123.0, source= 7
04-03 22:19:02.616 2635 2705 D VRR [OPlusRefreshRateService]: notifyBrightnessChange brightness: 363.0
04-03 22:19:02.616 2635 2658 D DisplayManagerService: Delivering display event: displayId=0, event=4
04-03 22:19:02.694 2635 3161 D LightsServiceExtImpl: baseSetLightLocked end.
04-03 22:19:02.712 2635 2705 D OplusDisplayPowerControllerExtImpl: original brightness to dataBase:363 final brightness:363.0 scale:1.0 reason:4 darkLevel:0
04-03 22:19:02.712 2635 2705 D DisplayPowerController[0]: Animating brightness: target=363.0, rate=123.0, source= 7
04-03 22:19:02.712 2635 2705 D VRR [OPlusRefreshRateService]: notifyBrightnessChange brightness: 363.0
04-03 22:19:02.713 2635 2658 D DisplayManagerService: Delivering display event: displayId=0, event=4
04-03 22:19:02.782 2635 3161 D LightsServiceExtImpl: baseSetLightLocked end.
04-03 22:19:02.789 2635 2705 D OplusDisplayPowerControllerExtImpl: original brightness to dataBase:363 final brightness:363.0 scale:1.0 reason:4 darkLevel:0
04-03 22:19:02.789 2635 2705 D DisplayPowerController[0]: Animating brightness: target=363.0, rate=123.0, source= 7
04-03 22:19:02.789 2635 2705 D VRR [OPlusRefreshRateService]: notifyBrightnessChange brightness: 363.0
04-03 22:19:02.790 2635 2658 D DisplayManagerService: Delivering display event: displayId=0, event=4
04-03 22:19:02.868 2635 3161 D LightsServiceExtImpl: baseSetLightLocked end.
04-03 22:19:02.875 2635 2705 D OplusDisplayPowerControllerExtImpl: original brightness to dataBase:363 final brightness:363.0 scale:1.0 reason:4 darkLevel:0
04-03 22:19:02.875 2635 2705 D DisplayPowerController[0]: Animating brightness: target=363.0, rate=123.0, source= 7
04-03 22:19:02.876 2635 2705 D VRR [OPlusRefreshRateService]: notifyBrightnessChange brightness: 363.0
04-03 22:19:02.876 2635 2658 D DisplayManagerService: Delivering display event: displayId=0, event=4
04-03 22:19:02.951 2635 3161 D LightsServiceExtImpl: baseSetLightLocked end.
04-03 22:19:02.965 2635 2705 D OplusDisplayPowerControllerExtImpl: original brightness to dataBase:363 final brightness:363.0 scale:1.0 reason:4 darkLevel:0
04-03 22:19:02.965 2635 2705 D DisplayPowerController[0]: Animating brightness: target=363.0, rate=123.0, source= 7
04-03 22:19:02.965 2635 2705 D VRR [OPlusRefreshRateService]: notifyBrightnessChange brightness: 363.0
04-03 22:19:02.967 2635 2658 D DisplayManagerService: Delivering display event: displayId=0, event=4
04-03 22:19:03.016 2635 3161 D LightsServiceExtImpl: baseSetLightLocked end.
04-03 22:19:03.024 2635 2705 D OplusDisplayPowerControllerExtImpl: original brightness to dataBase:363 final brightness:363.0 scale:1.0 reason:4 darkLevel:0
04-03 22:19:03.025 2635 2705 D DisplayPowerController[0]: Animating brightness: target=363.0, rate=123.0, source= 7
04-03 22:19:03.025 2635 2705 D VRR [OPlusRefreshRateService]: notifyBrightnessChange brightness: 363.0
04-03 22:19:03.025 2635 2658 D DisplayManagerService: Delivering display event: displayId=0, event=4
04-03 22:19:03.077 2635 3161 D LightsServiceExtImpl: baseSetLightLocked end.
04-03 22:19:03.084 2635 2705 D OplusDisplayPowerControllerExtImpl: original brightness to dataBase:363 final brightness:363.0 scale:1.0 reason:4 darkLevel:0
04-03 22:19:03.084 2635 2705 D DisplayPowerController[0]: Animating brightness: target=363.0, rate=123.0, source= 7
04-03 22:19:03.084 2635 2705 D VRR [OPlusRefreshRateService]: notifyBrightnessChange brightness: 363.0
04-03 22:19:03.085 2635 2658 D DisplayManagerService: Delivering display event: displayId=0, event=4
04-03 22:19:03.157 2635 3161 D LightsServiceExtImpl: baseSetLightLocked end.
04-03 22:19:03.162 2635 2705 D OplusDisplayPowerControllerExtImpl: original brightness to dataBase:363 final brightness:363.0 scale:1.0 reason:4 darkLevel:0
04-03 22:19:03.163 2635 2705 D DisplayPowerController[0]: Animating brightness: target=363.0, rate=123.0, source= 7
04-03 22:19:03.163 2635 2705 D VRR [OPlusRefreshRateService]: notifyBrightnessChange brightness: 363.0
04-03 22:19:03.163 2635 2658 D DisplayManagerService: Delivering display event: displayId=0, event=4
04-03 22:19:03.331 2635 3161 D LightsServiceExtImpl: baseSetLightLocked end.
04-03 22:19:03.335 2635 2705 D OplusDisplayPowerControllerExtImpl: original brightness to dataBase:363 final brightness:363.0 scale:1.0 reason:4 darkLevel:0
04-03 22:19:03.335 2635 2705 D DisplayPowerController[0]: Animating brightness: target=363.0, rate=123.0, source= 7
04-03 22:19:03.335 2635 2705 D VRR [OPlusRefreshRateService]: notifyBrightnessChange brightness: 363.0
04-03 22:19:03.336 2635 2658 D DisplayManagerService: Delivering display event: displayId=0, event=4
04-03 22:19:03.416 2635 3161 D LightsServiceExtImpl: baseSetLightLocked end.
04-03 22:19:03.433 2635 2705 D OplusDisplayPowerControllerExtImpl: original brightness to dataBase:363 final brightness:363.0 scale:1.0 reason:4 darkLevel:0
04-03 22:19:03.433 2635 2705 D DisplayPowerController[0]: Animating brightness: target=363.0, rate=123.0, source= 7
04-03 22:19:03.435 2635 2705 D VRR [OPlusRefreshRateService]: notifyBrightnessChange brightness: 363.0
04-03 22:19:03.436 2635 2658 D DisplayManagerService: Delivering display event: displayId=0, event=4
04-03 22:19:03.466 2635 3161 D LightsServiceExtImpl: baseSetLightLocked end.
04-03 22:19:03.482 2635 2705 D OplusDisplayPowerControllerExtImpl: original brightness to dataBase:363 final brightness:363.0 scale:1.0 reason:4 darkLevel:0
04-03 22:19:03.482 2635 2705 D DisplayPowerController[0]: Animating brightness: target=363.0, rate=123.0, source= 7
04-03 22:19:03.483 2635 2705 D VRR [OPlusRefreshRateService]: notifyBrightnessChange brightness: 363.0
04-03 22:19:03.483 2635 2658 D DisplayManagerService: Delivering display event: displayId=0, event=4
04-03 22:19:03.584 2635 3161 D LightsServiceExtImpl: baseSetLightLocked end.
04-03 22:19:03.592 2635 2705 D OplusDisplayPowerControllerExtImpl: original brightness to dataBase:363 final brightness:363.0 scale:1.0 reason:4 darkLevel:0
04-03 22:19:03.592 2635 2705 D DisplayPowerController[0]: Animating brightness: target=363.0, rate=123.0, source= 7
04-03 22:19:03.592 2635 2705 D VRR [OPlusRefreshRateService]: notifyBrightnessChange brightness: 363.0
04-03 22:19:03.597 2635 2658 D DisplayManagerService: Delivering display event: displayId=0, event=4
04-03 22:19:03.660 2635 3161 D LightsServiceExtImpl: baseSetLightLocked end.
04-03 22:19:03.668 2635 2705 D OplusDisplayPowerControllerExtImpl: original brightness to dataBase:363 final brightness:363.0 scale:1.0 reason:4 darkLevel:0
04-03 22:19:03.669 2635 2705 D DisplayPowerController[0]: Animating brightness: target=363.0, rate=123.0, source= 7
04-03 22:19:03.669 2635 2705 D VRR [OPlusRefreshRateService]: notifyBrightnessChange brightness: 363.0
04-03 22:19:03.669 2635 2658 D DisplayManagerService: Delivering display event: displayId=0, event=4
04-03 22:19:03.732 2635 3161 D LightsServiceExtImpl: baseSetLightLocked end.
04-03 22:19:03.741 2635 2705 D OplusDisplayPowerControllerExtImpl: original brightness to dataBase:363 final brightness:363.0 scale:1.0 reason:4 darkLevel:0
04-03 22:19:03.741 2635 2705 D DisplayPowerController[0]: Animating brightness: target=363.0, rate=123.0, source= 7
04-03 22:19:03.741 2635 2705 D VRR [OPlusRefreshRateService]: notifyBrightnessChange brightness: 363.0
04-03 22:19:03.741 2635 2658 D DisplayManagerService: Delivering display event: displayId=0, event=4
04-03 22:19:03.830 2635 3161 D LightsServiceExtImpl: baseSetLightLocked end.
04-03 22:19:03.836 2635 2705 D OplusDisplayPowerControllerExtImpl: original brightness to dataBase:363 final brightness:363.0 scale:1.0 reason:4 darkLevel:0
04-03 22:19:03.837 2635 2705 D DisplayPowerController[0]: Animating brightness: target=363.0, rate=123.0, source= 7
04-03 22:19:03.837 2635 2705 D VRR [OPlusRefreshRateService]: notifyBrightnessChange brightness: 363.0
04-03 22:19:03.837 2635 2658 D DisplayManagerService: Delivering display event: displayId=0, event=4
04-03 22:19:03.984 2635 3161 D LightsServiceExtImpl: baseSetLightLocked end.
04-03 22:19:03.997 2635 2705 D OplusDisplayPowerControllerExtImpl: original brightness to dataBase:363 final brightness:363.0 scale:1.0 reason:4 darkLevel:0
04-03 22:19:03.997 2635 2705 D DisplayPowerController[0]: Animating brightness: target=363.0, rate=123.0, source= 7
04-03 22:19:03.998 2635 2705 D VRR [OPlusRefreshRateService]: notifyBrightnessChange brightness: 363.0
04-03 22:19:03.998 2635 2658 D DisplayManagerService: Delivering display event: displayId=0, event=4
04-03 22:19:04.092 2635 3161 D LightsServiceExtImpl: baseSetLightLocked end.
04-03 22:19:04.098 2635 2705 D OplusDisplayPowerControllerExtImpl: original brightness to dataBase:363 final brightness:363.0 scale:1.0 reason:4 darkLevel:0
04-03 22:19:04.098 2635 2705 D DisplayPowerController[0]: Animating brightness: target=363.0, rate=123.0, source= 7
04-03 22:19:04.098 2635 2705 D VRR [OPlusRefreshRateService]: notifyBrightnessChange brightness: 363.0
04-03 22:19:04.099 2635 2658 D DisplayManagerService: Delivering display event: displayId=0, event=4
04-03 22:19:04.265 2635 3161 D LightsServiceExtImpl: baseSetLightLocked end.
04-03 22:19:04.272 2635 2705 D OplusDisplayPowerControllerExtImpl: original brightness to dataBase:363 final brightness:363.0 scale:1.0 reason:4 darkLevel:0
04-03 22:19:04.272 2635 2705 D DisplayPowerController[0]: Animating brightness: target=363.0, rate=123.0, source= 7
04-03 22:19:04.272 2635 2705 D VRR [OPlusRefreshRateService]: notifyBrightnessChange brightness: 363.0
04-03 22:19:04.273 2635 2658 D DisplayManagerService: Delivering display event: displayId=0, event=4
04-03 22:19:04.329 2635 2705 D OplusFeatureBrightnessBarController: mDarkLevel: 0
04-03 22:19:04.432 2635 3161 D LightsServiceExtImpl: baseSetLightLocked end.
04-03 22:19:04.448 2635 2705 D OplusDisplayPowerControllerExtImpl: original brightness to dataBase:363 final brightness:363.0 scale:1.0 reason:4 darkLevel:0
04-03 22:19:04.448 2635 2705 D DisplayPowerController[0]: Animating brightness: target=363.0, rate=123.0, source= 7
04-03 22:19:04.448 2635 2705 D VRR [OPlusRefreshRateService]: notifyBrightnessChange brightness: 363.0
04-03 22:19:04.449 2635 2658 D DisplayManagerService: Delivering display event: displayId=0, event=4
04-03 22:19:04.531 2635 3161 D LightsServiceExtImpl: baseSetLightLocked end.
04-03 22:19:04.542 2635 2705 D OplusDisplayPowerControllerExtImpl: original brightness to dataBase:363 final brightness:363.0 scale:1.0 reason:4 darkLevel:0
04-03 22:19:04.542 2635 2705 D DisplayPowerController[0]: Animating brightness: target=363.0, rate=123.0, source= 7
04-03 22:19:04.543 2635 2705 D VRR [OPlusRefreshRateService]: notifyBrightnessChange brightness: 363.0
04-03 22:19:04.543 2635 2658 D DisplayManagerService: Delivering display event: displayId=0, event=4
04-03 22:19:04.797 2635 3161 D LightsServiceExtImpl: baseSetLightLocked end.
04-03 22:19:04.807 2635 2705 D OplusDisplayPowerControllerExtImpl: original brightness to dataBase:363 final brightness:363.0 scale:1.0 reason:4 darkLevel:0
04-03 22:19:04.808 2635 2705 D DisplayPowerController[0]: Animating brightness: target=363.0, rate=123.0, source= 7
04-03 22:19:04.808 2635 2705 D VRR [OPlusRefreshRateService]: notifyBrightnessChange brightness: 363.0
04-03 22:19:04.810 2635 2658 D DisplayManagerService: Delivering display event: displayId=0, event=4
04-03 22:19:05.038 8162 8162 I Quality : Skipped: false 1 cost 19.190344 refreshRate 0 processName com.innowireless.xcal.mobile5
04-03 22:19:05.046 2635 3161 D LightsServiceExtImpl: baseSetLightLocked end.
04-03 22:19:05.054 2635 2705 D OplusDisplayPowerControllerExtImpl: original brightness to dataBase:363 final brightness:363.0 scale:1.0 reason:4 darkLevel:0
04-03 22:19:05.054 2635 2705 D DisplayPowerController[0]: Animating brightness: target=363.0, rate=123.0, source= 7
04-03 22:19:05.054 2635 2705 D VRR [OPlusRefreshRateService]: notifyBrightnessChange brightness: 363.0
04-03 22:19:05.054 2635 2658 D DisplayManagerService: Delivering display event: displayId=0, event=4
04-03 22:19:05.153 2635 3161 D LightsServiceExtImpl: baseSetLightLocked end.
04-03 22:19:05.160 2635 2705 D OplusDisplayPowerControllerExtImpl: original brightness to dataBase:363 final brightness:363.0 scale:1.0 reason:4 darkLevel:0
04-03 22:19:05.160 2635 2705 D DisplayPowerController[0]: Animating brightness: target=363.0, rate=123.0, source= 7
04-03 22:19:05.160 2635 2705 D VRR [OPlusRefreshRateService]: notifyBrightnessChange brightness: 363.0
04-03 22:19:05.161 2635 2658 D DisplayManagerService: Delivering display event: displayId=0, event=4
04-03 22:19:05.209 2635 3161 D LightsServiceExtImpl: baseSetLightLocked end.
04-03 22:19:05.214 2635 2705 D OplusDisplayPowerControllerExtImpl: original brightness to dataBase:363 final brightness:363.0 scale:1.0 reason:4 darkLevel:0
04-03 22:19:05.214 2635 2705 D DisplayPowerController[0]: Animating brightness: target=363.0, rate=123.0, source= 7
04-03 22:19:05.215 2635 2705 D VRR [OPlusRefreshRateService]: notifyBrightnessChange brightness: 363.0
04-03 22:19:05.215 2635 2658 D DisplayManagerService: Delivering display event: displayId=0, event=4
04-03 22:19:05.607 2635 3161 D LightsServiceExtImpl: baseSetLightLocked end.
04-03 22:19:05.614 2635 2705 D OplusDisplayPowerControllerExtImpl: original brightness to dataBase:363 final brightness:363.0 scale:1.0 reason:4 darkLevel:0
04-03 22:19:05.615 2635 2705 D DisplayPowerController[0]: Animating brightness: target=363.0, rate=123.0, source= 7
04-03 22:19:05.615 2635 2705 D VRR [OPlusRefreshRateService]: notifyBrightnessChange brightness: 363.0
04-03 22:19:05.615 2635 2658 D DisplayManagerService: Delivering display event: displayId=0, event=4
04-03 22:19:05.705 2635 3161 D LightsServiceExtImpl: baseSetLightLocked end.
04-03 22:19:05.712 2635 2705 D OplusDisplayPowerControllerExtImpl: original brightness to dataBase:363 final brightness:363.0 scale:1.0 reason:4 darkLevel:0
04-03 22:19:05.712 2635 2705 D DisplayPowerController[0]: Animating brightness: target=363.0, rate=123.0, source= 7
04-03 22:19:05.712 2635 2705 D VRR [OPlusRefreshRateService]: notifyBrightnessChange brightness: 363.0
04-03 22:19:05.713 2635 2658 D DisplayManagerService: Delivering display event: displayId=0, event=4
04-03 22:19:05.763 2635 3161 D LightsServiceExtImpl: baseSetLightLocked end.
04-03 22:19:05.774 2635 2705 D OplusDisplayPowerControllerExtImpl: original brightness to dataBase:363 final brightness:363.0 scale:1.0 reason:4 darkLevel:0
04-03 22:19:05.774 2635 2705 D DisplayPowerController[0]: Animating brightness: target=363.0, rate=123.0, source= 7
04-03 22:19:05.774 2635 2705 D VRR [OPlusRefreshRateService]: notifyBrightnessChange brightness: 363.0
04-03 22:19:05.775 2635 2658 D DisplayManagerService: Delivering display event: displayId=0, event=4
04-03 22:19:06.021 2635 2705 D OplusDisplayPowerControllerExtImpl: original brightness to dataBase:363 final brightness:363.0 scale:1.0 reason:4 darkLevel:0
04-03 22:19:06.021 2635 2705 D DisplayPowerController[0]: Animating brightness: target=363.0, rate=123.0, source= 7
04-03 22:19:06.021 2635 2705 D VRR [OPlusRefreshRateService]: notifyBrightnessChange brightness: 363.0
04-03 22:19:06.026 2635 3161 D LightsServiceExtImpl: baseSetLightLocked end.
04-03 22:19:06.037 2635 2705 D OplusDisplayPowerControllerExtImpl: original brightness to dataBase:363 final brightness:363.0 scale:1.0 reason:4 darkLevel:0
04-03 22:19:06.039 2635 2705 D DisplayPowerController[0]: Animating brightness: target=363.0, rate=123.0, source= 7
04-03 22:19:06.039 2635 2705 D VRR [OPlusRefreshRateService]: notifyBrightnessChange brightness: 363.0
04-03 22:19:06.039 2635 2658 D DisplayManagerService: Delivering display event: displayId=0, event=4
04-03 22:19:06.531 2635 2705 D OplusFeatureBrightnessBarController: mDarkLevel: 0
04-03 22:19:07.530 2635 2705 D OplusFeatureBrightnessBarController: mDarkLevel: 0
04-03 22:19:08.929 2635 2705 D OplusFeatureBrightnessBarController: mDarkLevel: 0
04-03 22:19:11.328 2635 2705 D OplusFeatureBrightnessBarController: mDarkLevel: 0
04-03 22:19:12.044 8162 8162 I Quality : Skipped: false 1 cost 16.971125 refreshRate 0 processName com.innowireless.xcal.mobile5
04-03 22:19:12.530 2635 2705 D OplusFeatureBrightnessBarController: mDarkLevel: 0
04-03 22:19:13.047 8162 8162 I Quality : Skipped: false 1 cost 21.090435 refreshRate 0 processName com.innowireless.xcal.mobile5
04-03 22:19:13.529 2635 2705 D OplusFeatureBrightnessBarController: mDarkLevel: 0
04-03 22:19:14.044 8162 8162 I Quality : Skipped: false 1 cost 19.698448 refreshRate 0 processName com.innowireless.xcal.mobile5
04-03 22:19:15.046 8162 8162 I Quality : Skipped: false 1 cost 22.99797 refreshRate 0 processName com.innowireless.xcal.mobile5
04-03 22:19:15.529 2635 2705 D OplusFeatureBrightnessBarController: mDarkLevel: 0
04-03 22:19:16.039 8162 8162 I Quality : Skipped: false 1 cost 17.55067 refreshRate 0 processName com.innowireless.xcal.mobile5
04-03 22:19:16.073 8162 8162 I Quality : Skipped: true 1 cost 18.562725 refreshRate 0 processName com.innowireless.xcal.mobile5
04-03 22:19:19.328 2635 2705 D OplusFeatureBrightnessBarController: mDarkLevel: 0
04-03 22:19:23.863 2635 2784 I UsageStatsService: User[0] Flushing usage stats to disk
04-03 22:19:24.128 2635 2705 D OplusFeatureBrightnessBarController: mDarkLevel: 0
04-03 22:19:25.929 2635 2705 D OplusFeatureBrightnessBarController: mDarkLevel: 0
04-03 22:19:26.044 8162 8162 I Quality : Skipped: false 1 cost 19.799473 refreshRate 0 processName com.innowireless.xcal.mobile5
04-03 22:19:26.066 1338 1338 I Quality : SFJankCountInfo: 333; 0; 0; 5; 9; 30; 8; 48; 42; 0; 0
04-03 22:19:27.131 2635 2705 D OplusFeatureBrightnessBarController: mDarkLevel: 0
04-03 22:19:28.729 2635 2705 D OplusFeatureBrightnessBarController: mDarkLevel: 0
04-03 22:19:30.130 2635 2705 D OplusFeatureBrightnessBarController: mDarkLevel: 0
04-03 22:19:30.135 2635 3156 D AIBrightnessModel: handleUpdateBrightness brightness change from BrightnessPoint:(6.7834687, 363.6089, 191.39854, 87.84897)->BrightnessPoint:(4.151951, 193.74002, 17.238695, 49.688766) lux:17.058722, [15.0,16.0,16.0,17.0,17.0,19.0,19.0]
04-03 22:19:30.139 2635 2705 I ColorAutomaticBrightnessController: updateAutoBrightness: Auto
04-03 22:19:30.139 2635 2705 I ColorAutomaticBrightnessController: , sendUpdate = true, adjustment = 977.0, AIBrightness = 193, adjustManualBright = 193
04-03 22:19:30.140 2635 2705 D OplusDisplayPowerControllerExtImpl: original brightness to dataBase:193 final brightness:193.0 scale:1.0 reason:4 darkLevel:0
04-03 22:19:30.140 2635 2705 D DisplayPowerController[0]: Animating brightness: target=193.0, rate=26.0, source= 7
04-03 22:19:30.148 2635 2705 D VRR [OPlusRefreshRateService]: notifyBrightnessChange brightness: 193.0
04-03 22:19:30.148 2635 2705 D VRR [OPlusRefreshRateService]: notifyNitsChange nits: 49.678368 discrete nits: 85.12281
04-03 22:19:30.149 2635 2711 D VRR [OPlusRefreshRateService]: handleBrightnessChange nits: 49.678368
04-03 22:19:30.177 2635 3161 D LightsServiceExtImpl: baseSetLightLocked end.
04-03 22:19:30.180 2635 2705 D OplusDisplayPowerControllerExtImpl: original brightness to dataBase:193 final brightness:193.0 scale:1.0 reason:4 darkLevel:0
04-03 22:19:30.180 2635 2705 D DisplayPowerController[0]: Animating brightness: target=193.0, rate=26.0, source= 7
04-03 22:19:30.181 2635 2705 D VRR [OPlusRefreshRateService]: notifyBrightnessChange brightness: 193.0
04-03 22:19:30.181 2635 2658 D DisplayManagerService: Delivering display event: displayId=0, event=4
04-03 22:19:30.209 2635 3161 D LightsServiceExtImpl: baseSetLightLocked end.
04-03 22:19:30.217 2635 2705 D OplusDisplayPowerControllerExtImpl: original brightness to dataBase:193 final brightness:193.0 scale:1.0 reason:4 darkLevel:0
04-03 22:19:30.217 2635 2705 D DisplayPowerController[0]: Animating brightness: target=193.0, rate=26.0, source= 7
04-03 22:19:30.217 2635 2705 D VRR [OPlusRefreshRateService]: notifyBrightnessChange brightness: 193.0
04-03 22:19:30.218 2635 2658 D DisplayManagerService: Delivering display event: displayId=0, event=4
04-03 22:19:30.225 2635 3161 D LightsServiceExtImpl: baseSetLightLocked end.
04-03 22:19:30.228 2635 2705 D OplusDisplayPowerControllerExtImpl: original brightness to dataBase:193 final brightness:193.0 scale:1.0 reason:4 darkLevel:0
04-03 22:19:30.229 2635 2705 D DisplayPowerController[0]: Animating brightness: target=193.0, rate=26.0, source= 7
04-03 22:19:30.230 2635 2705 D VRR [OPlusRefreshRateService]: notifyBrightnessChange brightness: 193.0
04-03 22:19:30.230 2635 2658 D DisplayManagerService: Delivering display event: displayId=0, event=4
04-03 22:19:30.259 2635 3161 D LightsServiceExtImpl: baseSetLightLocked end.
04-03 22:19:30.264 2635 2705 D OplusDisplayPowerControllerExtImpl: original brightness to dataBase:193 final brightness:193.0 scale:1.0 reason:4 darkLevel:0
04-03 22:19:30.264 2635 2705 D DisplayPowerController[0]: Animating brightness: target=193.0, rate=26.0, source= 7
04-03 22:19:30.265 2635 2705 D VRR [OPlusRefreshRateService]: notifyBrightnessChange brightness: 193.0
04-03 22:19:30.265 2635 2658 D DisplayManagerService: Delivering display event: displayId=0, event=4
04-03 22:19:30.277 2635 3161 D LightsServiceExtImpl: baseSetLightLocked end.
04-03 22:19:30.283 2635 2705 D OplusDisplayPowerControllerExtImpl: original brightness to dataBase:193 final brightness:193.0 scale:1.0 reason:4 darkLevel:0
04-03 22:19:30.283 2635 2705 D DisplayPowerController[0]: Animating brightness: target=193.0, rate=26.0, source= 7
04-03 22:19:30.285 2635 2705 D VRR [OPlusRefreshRateService]: notifyBrightnessChange brightness: 193.0
04-03 22:19:30.286 2635 2658 D DisplayManagerService: Delivering display event: displayId=0, event=4
04-03 22:19:30.292 2635 3161 D LightsServiceExtImpl: baseSetLightLocked end.
04-03 22:19:30.296 2635 2705 D OplusDisplayPowerControllerExtImpl: original brightness to dataBase:193 final brightness:193.0 scale:1.0 reason:4 darkLevel:0
04-03 22:19:30.296 2635 2705 D DisplayPowerController[0]: Animating brightness: target=193.0, rate=26.0, source= 7
04-03 22:19:30.297 2635 2705 D VRR [OPlusRefreshRateService]: notifyBrightnessChange brightness: 193.0
04-03 22:19:30.297 2635 2658 D DisplayManagerService: Delivering display event: displayId=0, event=4
04-03 22:19:30.322 2635 3161 D LightsServiceExtImpl: baseSetLightLocked end.
04-03 22:19:30.329 2635 2705 D OplusDisplayPowerControllerExtImpl: original brightness to dataBase:193 final brightness:193.0 scale:1.0 reason:4 darkLevel:0
04-03 22:19:30.330 2635 2705 D DisplayPowerController[0]: Animating brightness: target=193.0, rate=26.0, source= 7
04-03 22:19:30.331 2635 2705 D VRR [OPlusRefreshRateService]: notifyBrightnessChange brightness: 193.0
04-03 22:19:30.332 2635 2658 D DisplayManagerService: Delivering display event: displayId=0, event=4
04-03 22:19:30.354 2635 3161 D LightsServiceExtImpl: baseSetLightLocked end.
04-03 22:19:30.360 2635 2705 D OplusDisplayPowerControllerExtImpl: original brightness to dataBase:193 final brightness:193.0 scale:1.0 reason:4 darkLevel:0
04-03 22:19:30.360 2635 2705 D DisplayPowerController[0]: Animating brightness: target=193.0, rate=26.0, source= 7
04-03 22:19:30.362 2635 2705 D VRR [OPlusRefreshRateService]: notifyBrightnessChange brightness: 193.0
04-03 22:19:30.362 2635 2658 D DisplayManagerService: Delivering display event: displayId=0, event=4
04-03 22:19:30.376 2635 3161 D LightsServiceExtImpl: baseSetLightLocked end.
04-03 22:19:30.384 2635 2705 D OplusDisplayPowerControllerExtImpl: original brightness to dataBase:193 final brightness:193.0 scale:1.0 reason:4 darkLevel:0
04-03 22:19:30.384 2635 2705 D DisplayPowerController[0]: Animating brightness: target=193.0, rate=26.0, source= 7
04-03 22:19:30.385 2635 2705 D VRR [OPlusRefreshRateService]: notifyBrightnessChange brightness: 193.0
04-03 22:19:30.386 2635 2658 D DisplayManagerService: Delivering display event: displayId=0, event=4
04-03 22:19:30.395 2635 3161 D LightsServiceExtImpl: baseSetLightLocked end.
04-03 22:19:30.400 2635 2705 D OplusDisplayPowerControllerExtImpl: original brightness to dataBase:193 final brightness:193.0 scale:1.0 reason:4 darkLevel:0
04-03 22:19:30.401 2635 2705 D DisplayPowerController[0]: Animating brightness: target=193.0, rate=26.0, source= 7
04-03 22:19:30.403 2635 2705 D VRR [OPlusRefreshRateService]: notifyBrightnessChange brightness: 193.0
04-03 22:19:30.403 2635 2658 D DisplayManagerService: Delivering display event: displayId=0, event=4
04-03 22:19:30.429 2635 3161 D LightsServiceExtImpl: baseSetLightLocked end.
04-03 22:19:30.438 2635 2705 D OplusDisplayPowerControllerExtImpl: original brightness to dataBase:193 final brightness:193.0 scale:1.0 reason:4 darkLevel:0
04-03 22:19:30.439 2635 2705 D DisplayPowerController[0]: Animating brightness: target=193.0, rate=26.0, source= 7
04-03 22:19:30.441 2635 2705 D VRR [OPlusRefreshRateService]: notifyBrightnessChange brightness: 193.0
04-03 22:19:30.442 2635 2658 D DisplayManagerService: Delivering display event: displayId=0, event=4
04-03 22:19:30.442 2635 2705 D OplusDisplayPowerControllerExtImpl: original brightness to dataBase:193 final brightness:193.0 scale:1.0 reason:4 darkLevel:0
04-03 22:19:30.443 2635 2705 D DisplayPowerController[0]: Animating brightness: target=193.0, rate=26.0, source= 7
04-03 22:19:30.445 2635 2705 D VRR [OPlusRefreshRateService]: notifyBrightnessChange brightness: 193.0
04-03 22:19:30.452 2635 3161 D LightsServiceExtImpl: baseSetLightLocked end.
04-03 22:19:30.460 2635 2705 D OplusDisplayPowerControllerExtImpl: original brightness to dataBase:193 final brightness:193.0 scale:1.0 reason:4 darkLevel:0
04-03 22:19:30.460 2635 2705 D DisplayPowerController[0]: Animating brightness: target=193.0, rate=26.0, source= 7
04-03 22:19:30.461 2635 2705 D VRR [OPlusRefreshRateService]: notifyBrightnessChange brightness: 193.0
04-03 22:19:30.461 2635 2658 D DisplayManagerService: Delivering display event: displayId=0, event=4
04-03 22:19:30.475 2635 3161 D LightsServiceExtImpl: baseSetLightLocked end.
04-03 22:19:30.481 2635 2705 D OplusDisplayPowerControllerExtImpl: original brightness to dataBase:193 final brightness:193.0 scale:1.0 reason:4 darkLevel:0
04-03 22:19:30.481 2635 2705 D DisplayPowerController[0]: Animating brightness: target=193.0, rate=26.0, source= 7
04-03 22:19:30.483 2635 2705 D VRR [OPlusRefreshRateService]: notifyBrightnessChange brightness: 193.0
04-03 22:19:30.483 2635 2658 D DisplayManagerService: Delivering display event: displayId=0, event=4
04-03 22:19:30.513 2635 3161 D LightsServiceExtImpl: baseSetLightLocked end.
04-03 22:19:30.524 2635 2705 D OplusDisplayPowerControllerExtImpl: original brightness to dataBase:193 final brightness:193.0 scale:1.0 reason:4 darkLevel:0
04-03 22:19:30.525 2635 2705 D DisplayPowerController[0]: Animating brightness: target=193.0, rate=26.0, source= 7
04-03 22:19:30.527 2635 2705 D VRR [OPlusRefreshRateService]: notifyBrightnessChange brightness: 193.0
04-03 22:19:30.527 2635 2658 D DisplayManagerService: Delivering display event: displayId=0, event=4
04-03 22:19:30.530 2635 3161 D LightsServiceExtImpl: baseSetLightLocked end.
04-03 22:19:30.539 2635 2705 D OplusDisplayPowerControllerExtImpl: original brightness to dataBase:193 final brightness:193.0 scale:1.0 reason:4 darkLevel:0
04-03 22:19:30.540 2635 2705 D DisplayPowerController[0]: Animating brightness: target=193.0, rate=26.0, source= 7
04-03 22:19:30.542 2635 2705 D VRR [OPlusRefreshRateService]: notifyBrightnessChange brightness: 193.0
04-03 22:19:30.542 2635 2658 D DisplayManagerService: Delivering display event: displayId=0, event=4
04-03 22:19:30.546 2635 3161 D LightsServiceExtImpl: baseSetLightLocked end.
04-03 22:19:30.550 2635 2705 D OplusDisplayPowerControllerExtImpl: original brightness to dataBase:193 final brightness:193.0 scale:1.0 reason:4 darkLevel:0
04-03 22:19:30.550 2635 2705 D DisplayPowerController[0]: Animating brightness: target=193.0, rate=26.0, source= 7
04-03 22:19:30.551 2635 2705 D VRR [OPlusRefreshRateService]: notifyBrightnessChange brightness: 193.0
04-03 22:19:30.551 2635 2658 D DisplayManagerService: Delivering display event: displayId=0, event=4
04-03 22:19:30.575 2635 3161 D LightsServiceExtImpl: baseSetLightLocked end.
04-03 22:19:30.580 2635 2705 D OplusDisplayPowerControllerExtImpl: original brightness to dataBase:193 final brightness:193.0 scale:1.0 reason:4 darkLevel:0
04-03 22:19:30.580 2635 2705 D DisplayPowerController[0]: Animating brightness: target=193.0, rate=26.0, source= 7
04-03 22:19:30.582 2635 2705 D VRR [OPlusRefreshRateService]: notifyBrightnessChange brightness: 193.0
04-03 22:19:30.582 2635 2658 D DisplayManagerService: Delivering display event: displayId=0, event=4
04-03 22:19:30.593 2635 3161 D LightsServiceExtImpl: baseSetLightLocked end.
04-03 22:19:30.598 2635 2705 D OplusDisplayPowerControllerExtImpl: original brightness to dataBase:193 final brightness:193.0 scale:1.0 reason:4 darkLevel:0
04-03 22:19:30.598 2635 2705 D DisplayPowerController[0]: Animating brightness: target=193.0, rate=26.0, source= 7
04-03 22:19:30.599 2635 2705 D VRR [OPlusRefreshRateService]: notifyBrightnessChange brightness: 193.0
04-03 22:19:30.599 2635 2658 D DisplayManagerService: Delivering display event: displayId=0, event=4
04-03 22:19:30.608 2635 3161 D LightsServiceExtImpl: baseSetLightLocked end.
04-03 22:19:30.612 2635 2705 D OplusDisplayPowerControllerExtImpl: original brightness to dataBase:193 final brightness:193.0 scale:1.0 reason:4 darkLevel:0
04-03 22:19:30.612 2635 2705 D DisplayPowerController[0]: Animating brightness: target=193.0, rate=26.0, source= 7
04-03 22:19:30.613 2635 2705 D VRR [OPlusRefreshRateService]: notifyBrightnessChange brightness: 193.0
04-03 22:19:30.613 2635 2658 D DisplayManagerService: Delivering display event: displayId=0, event=4
04-03 22:19:30.649 2635 2711 D VRR [OPlusSurfaceFlingerController]: setTouchIdle : TouchIdleBean{mEnable=true, mHwEnable=false, mSwEnable=true, mAdfrEnable=false, mTimeOut=4000, mContentThreshold=-1, mContentGapMs=500, mBrightnessLimit=200, mNitLimit=-1, mLowestRate=60, mBlackList=[], mReadingWhiteList=[], mSpecialTimeOutMap={}, mSwWhiteList=[], mSwNegligibleOverlay=[], mHwDisablePanel=[], mAdfrToHwList=[]}
04-03 22:19:30.656 2635 3161 D LightsServiceExtImpl: baseSetLightLocked end.
04-03 22:19:30.664 2635 2705 D OplusDisplayPowerControllerExtImpl: original brightness to dataBase:193 final brightness:193.0 scale:1.0 reason:4 darkLevel:0
04-03 22:19:30.665 2635 2705 D DisplayPowerController[0]: Animating brightness: target=193.0, rate=26.0, source= 7
04-03 22:19:30.667 2635 2705 D VRR [OPlusRefreshRateService]: notifyBrightnessChange brightness: 193.0
04-03 22:19:30.667 2635 2658 D DisplayManagerService: Delivering display event: displayId=0, event=4
04-03 22:19:30.686 2635 2711 D VRR [OPlusRefreshRateService]: onConfigChanged physicalDisplayId: 4630946962717273473 modeId: 1
