04-03 22:26:46.181 3836 20675 D PhoneInterfaceManager: [PhoneIntfMgr] QueryTelephonyChecker-getDataNetworkTypeForSubscriber: packageName = com.innowireless.xcal.mobile5, isGrant = true
04-03 22:26:46.236 5064 11036 D DebugReportServiceHidlClient: getReport 1.1...
04-03 22:26:46.236 1229 1229 E LocSvc_HIDL_DebugReportService: Invalid count: 0
04-03 22:26:46.236 1229 1229 E LocSvc_HIDL_DebugReportService: Invalid count: 0
04-03 22:26:46.236 1229 1229 E LocSvc_HIDL_DebugReportService: Invalid count: 0
04-03 22:26:46.236 1229 1229 E LocSvc_HIDL_DebugReportService: Invalid count: 0
04-03 22:26:46.237 5064 11036 D DebugReportServiceHidlClient: getReport 1.1 success: true
04-03 22:26:46.237 5064 11036 D DebugReportServiceHidlClient: getReport 1.0 success: true
04-03 22:26:46.255 1219 4348 I vendor.qti.bluetooth@1.0-ibs_handler: ProcessIbsCmd: Received IBS_WAKE_IND: 0xFD
04-03 22:26:46.255 1219 4348 I vendor.qti.bluetooth@1.0-ibs_handler: ProcessIbsCmd: Writing IBS_WAKE_ACK
04-03 22:26:46.261 3247 4353 I bt_snoop: RFCOMM port is opened: handle=4(0x4), lcid=71(0x47), dlci=10(0xa), uuid=65(0x41) Credit Based Flow Control enabled
04-03 22:26:46.261 3247 4353 I bt_stack: [INFO:port_api.cc(123)] RFCOMM_CreateConnection BDA: ff:ff:ff:ff:ff:ff
04-03 22:26:46.262 3247 4353 D bt_btif_sock_rfcomm: on_srv_rfc_connect mtu = 990
04-03 22:26:46.262 3247 4353 I bt_btif_sock_rfcomm: ----find_rfc_slot_connected_uid 10395----
04-03 22:26:46.273 3666 4099 D QtiRadiohidlIndication: onSignalStrengthChange: slotId = 0
04-03 22:26:46.273 3666 4099 D QtiRadioProxy: onSignalStrength slotId = 0 signalStrength = SignalStrength: Rsrp: -32768 Snr: -32768
04-03 22:26:46.275 3247 4353 I bt_btif_sock_rfcomm: find_rfc_slot_connected_uid 10395
04-03 22:26:46.275 3247 4353 E bt_btif_sock_rfcomm: on_srv_rfc_connect uids: 10395
04-03 22:26:46.276 3666 4101 D QtiRadioProxyHandler: : handleMessage msg.what = 11
04-03 22:26:46.276 3666 4101 D QtiRadioProxyHandler: : EVENT_ON_SIGNAL_STRENGTH
04-03 22:26:46.276 3666 4101 D QtiRadioProxy: onSignalStrength: Responding back for transaction = null
04-03 22:26:46.276 3247 4353 W bt_l2cap: L2CA_SetDesireRole() new:x1, disallow_switch:0
04-03 22:26:46.276 3247 4353 W bt_btif : new conn_srvc id:26, app_id:255
04-03 22:26:46.276 3247 4353 W bt_btif : bta_dm_pm_cback: new conn_srvc id:26, app_id:255 count:1
04-03 22:26:46.276 3881 9422 D NrNetworkService: onSignalStrength: slotId=0 token=Token: -1 status=Status: 1 signalStrength=SignalStrength: Rsrp: -32768 Snr: -32768
04-03 22:26:46.277 3666 4101 D QtiRadioProxy: onSignalStrength: Responding back for transaction = null
04-03 22:26:46.278 3666 4101 D QtiRadioProxy: onSignalStrength: Responding back for transaction = null
04-03 22:26:46.278 3836 20675 D ExtPhoneCallbackBase: UNIMPLEMENTED: onSignalStrength: slotId = 0 token = Token: -1 statusStatus: 1 signalStrength = SignalStrength: Rsrp: -32768 Snr: -32768
04-03 22:26:46.278 8162 12000 D XCAL-Mobile: [Bluetooth.server] Success to mServerSocket.accept() with bluetoothSocket:android.bluetooth.BluetoothSocket@b87ba95
04-03 22:26:46.279 3666 4101 D QtiRadioProxy: onSignalStrength: Responding back for transaction = null
04-03 22:26:46.280 3836 20675 D ExtPhoneCallbackBase: UNIMPLEMENTED: onSignalStrength: slotId = 0 token = Token: -1 statusStatus: 1 signalStrength = SignalStrength: Rsrp: -32768 Snr: -32768
04-03 22:26:46.280 3666 4101 D QtiRadioProxy: onSignalStrength: Responding back for transaction = null
04-03 22:26:46.280 3836 20675 D ExtPhoneCallbackBase: UNIMPLEMENTED: onSignalStrength: slotId = 0 token = Token: -1 statusStatus: 1 signalStrength = SignalStrength: Rsrp: -32768 Snr: -32768
04-03 22:26:46.281 3666 4101 D QtiRadioProxy: onSignalStrength: Responding back for transaction = null
04-03 22:26:46.281 8162 12000 D XCAL-Mobile: SocketListener.newConnection(), BluetoothSocket Name:Verification's Tab A8
04-03 22:26:46.281 3836 20675 D ExtPhoneCallbackBase: UNIMPLEMENTED: onSignalStrength: slotId = 0 token = Token: -1 statusStatus: 1 signalStrength = SignalStrength: Rsrp: -32768 Snr: -32768
04-03 22:26:46.281 8162 12000 D XCAL-Mobile: SocketListener.newConnection(), AppFrame.isRun(AppFrame.RUN_ADB_BLUETOOTH):false
04-03 22:26:46.282 8162 12000 D OnBluetoothServerListener: birdea BluetoothServerListener - onBluetoothServerContact [1]:Accept
04-03 22:26:46.282 8162 12000 D XCAL-Mobile: [Bluetooth.server] wait for mServerSocket.accept()
04-03 22:26:46.282 8162 12000 D OnBluetoothServerListener: birdea BluetoothServerListener - onBluetoothServerWait [1]:Wait
04-03 22:26:46.283 8162 31068 D XCAL-Mobile: ConnectMsg.onConnect() - Connected (Id: 5, Name: BT.Port)
04-03 22:26:46.283 8162 31068 D XCAL-Mobile: ConnectMsg.onConnect(), BT state1
04-03 22:26:46.283 8162 31592 D XCAL-Mobile: HarmonyBTServer RxNewThreadScheduler-6507
04-03 22:26:46.283 8162 31068 D XCAL-Mobile: ConnectMsg.onConnect(), BT state1-2
04-03 22:26:46.283 8162 31593 D XCAL-Mobile: HarmonyBTServer RxNewThreadScheduler-6508
04-03 22:26:46.284 8162 31068 D XCAL-Mobile: ConnectMsg.btConnected(), ..
04-03 22:26:46.284 8162 31068 D XCAL-Mobile: ConnectMsg.btConnected(), pass LicenseKey FUN_Master
04-03 22:26:46.284 8162 31068 D XCAL-Mobile: ConnectMsg.btConnected(), state2
04-03 22:26:46.285 8162 31068 D XCAL-Mobile: ConnectMsg.btConnected(), state2-1, idx:0
04-03 22:26:46.285 8162 31068 D XCAL-Mobile: ConnectMsg.notifyRTConnection()
04-03 22:26:46.289 3270 3754 D NetworkController.MobileSignalController(7): onMobileStatusChanged= updateTelephony=true mobileStatus=[activityIn=false,activityOut=false,dataSim=true,carrierNetworkChangeMode=false,dataState=2,serviceState=mVoiceRegState=0(IN_SERVICE), mDataRegState=0(IN_SERVICE),signalStrength=4,telephonyDisplayInfo=TelephonyDisplayInfo {network=LTE, override=NR_NSA}]
04-03 22:26:46.297 2635 3024 D WifiActiveModeWarden: there is no primary client manager, return the default one
04-03 22:26:46.305 1255 1255 I android.hardware.thermal@2.0-service.qti: Sensor Name:shell_frametemp: 39.9. prev severity:0. cur severity:0 New severity:0
04-03 22:26:46.306 1255 1255 I android.hardware.thermal@2.0-service.qti: Sensor Name:skintemp: 42.426. prev severity:0. cur severity:3 New severity:3
04-03 22:26:46.307 1255 1255 I android.hardware.thermal@2.0-service.qti: Sensor Name:shell_fronttemp: 39.9. prev severity:0. cur severity:0 New severity:0
04-03 22:26:46.307 1255 1255 I android.hardware.thermal@2.0-service.qti: Sensor Name:shell_backtemp: 39.9. prev severity:0. cur severity:0 New severity:0
04-03 22:26:46.309 3836 20675 D PhoneInterfaceManager: [PhoneIntfMgr] QueryTelephonyChecker-getDataNetworkTypeForSubscriber: packageName = com.innowireless.xcal.mobile5, isGrant = true
04-03 22:26:46.340 1219 4348 I vendor.qti.bluetooth@1.0-ibs_handler: ProcessIbsCmd: Received IBS_SLEEP_IND: 0xFE
04-03 22:26:46.400 1219 4348 I vendor.qti.bluetooth@1.0-ibs_handler: ProcessIbsCmd: Received IBS_WAKE_IND: 0xFD
04-03 22:26:46.401 1219 4348 I vendor.qti.bluetooth@1.0-ibs_handler: ProcessIbsCmd: Writing IBS_WAKE_ACK
04-03 22:26:46.458 3836 8654 D PhoneInterfaceManager: [PhoneIntfMgr] QueryTelephonyChecker-getDataNetworkTypeForSubscriber: packageName = com.innowireless.xcal.mobile5, isGrant = true
04-03 22:26:46.514 8162 31068 D TimeSync: setHarmonyTime : 22:26:47.334 count : -1
04-03 22:26:46.515 8162 31068 D TimeSync: mHarmonyNSoloTimeGap(count < 0) : 819
04-03 22:26:46.515 8162 31068 D jhko : onRequest : 0
04-03 22:26:46.522 8162 31068 D jhko : TypeResponse send
04-03 22:26:46.525 8162 8162 D yejin : ClientManager.mBluetoothAddress333 : 24:C6:13:4B:20:1A
04-03 22:26:46.527 3836 20675 D PhoneInterfaceManager: [PhoneIntfMgr] QueryTelephonyChecker-getDataNetworkTypeForSubscriber: packageName = com.innowireless.xcal.mobile5, isGrant = true
04-03 22:26:46.552 3836 8654 D PhoneInterfaceManager: [PhoneIntfMgr] QueryTelephonyChecker-getDataNetworkTypeForSubscriber: packageName = com.innowireless.xcal.mobile5, isGrant = true
04-03 22:26:46.593 1219 4348 I vendor.qti.bluetooth@1.0-ibs_handler: ProcessIbsCmd: Received IBS_SLEEP_IND: 0xFE
04-03 22:26:46.600 3836 8654 D PhoneInterfaceManager: [PhoneIntfMgr] QueryTelephonyChecker-getDataNetworkTypeForSubscriber: packageName = com.innowireless.xcal.mobile5, isGrant = true
04-03 22:26:46.616 1219 4348 I vendor.qti.bluetooth@1.0-ibs_handler: ProcessIbsCmd: Received IBS_WAKE_IND: 0xFD
04-03 22:26:46.616 1219 4348 I vendor.qti.bluetooth@1.0-ibs_handler: ProcessIbsCmd: Writing IBS_WAKE_ACK
04-03 22:26:46.644 3836 20675 D PhoneInterfaceManager: [PhoneIntfMgr] QueryTelephonyChecker-getDataNetworkTypeForSubscriber: packageName = com.innowireless.xcal.mobile5, isGrant = true
04-03 22:26:46.725 3836 20675 D PhoneInterfaceManager: [PhoneIntfMgr] QueryTelephonyChecker-getDataNetworkTypeForSubscriber: packageName = com.innowireless.xcal.mobile5, isGrant = true
04-03 22:26:46.770 8162 10977 D GPS : NMEA is invaild.
04-03 22:26:46.770 8162 10977 D GPS : mNMEASatelites : 4
04-03 22:26:46.771 8162 10977 D GPS : Android GPS is invaild.
04-03 22:26:46.804 1219 4348 I vendor.qti.bluetooth@1.0-ibs_handler: ProcessIbsCmd: Received IBS_SLEEP_IND: 0xFE
04-03 22:26:46.855 1219 4348 I vendor.qti.bluetooth@1.0-ibs_handler: ProcessIbsCmd: Received IBS_WAKE_IND: 0xFD
04-03 22:26:46.855 1219 4348 I vendor.qti.bluetooth@1.0-ibs_handler: ProcessIbsCmd: Writing IBS_WAKE_ACK
04-03 22:26:46.860 8162 8191 I ss.xcal.mobile: Method exceeds compiler instruction limit: 16608 in void com.innowireless.xcal.mobile5.service.bt.msg.BT_SlaveCallStatusMsg.setBodyContent()
04-03 22:26:46.863 3836 20675 D PhoneInterfaceManager: [PhoneIntfMgr] QueryTelephonyChecker-getDataNetworkTypeForSubscriber: packageName = com.innowireless.xcal.mobile5, isGrant = true
04-03 22:26:46.864 2635 3024 D WifiActiveModeWarden: there is no primary client manager, return the default one
04-03 22:26:46.865 2635 7201 D WifiService: getWifiEnabledState primaryClientMode is mDefaultClientModeManager
04-03 22:26:46.934 3836 20675 D PhoneInterfaceManager: [PhoneIntfMgr] QueryTelephonyChecker-getDataNetworkTypeForSubscriber: packageName = com.innowireless.xcal.mobile5, isGrant = true
04-03 22:26:46.936 2635 3024 D WifiActiveModeWarden: there is no primary client manager, return the default one
04-03 22:26:46.937 2635 7201 D WifiService: getWifiEnabledState primaryClientMode is mDefaultClientModeManager
04-03 22:26:46.937 1219 4348 I vendor.qti.bluetooth@1.0-ibs_handler: ProcessIbsCmd: Received IBS_SLEEP_IND: 0xFE
04-03 22:26:46.964 1219 4348 I vendor.qti.bluetooth@1.0-ibs_handler: ProcessIbsCmd: Received IBS_WAKE_IND: 0xFD
04-03 22:26:46.964 1219 4348 I vendor.qti.bluetooth@1.0-ibs_handler: ProcessIbsCmd: Writing IBS_WAKE_ACK
04-03 22:26:46.991 3247 4353 W bt_l2cap: L2CAP - Calling CongestionStatus_Cb (true),CID:0x0047,XmitQ:21,Quota:20
04-03 22:26:46.993 2635 3024 D WifiActiveModeWarden: there is no primary client manager, return the default one
04-03 22:26:47.043 3247 4531 D OplusBluetoothSarManager: onDataActivity() direction: 3
04-03 22:26:47.043 3247 4531 D OplusBluetoothSarManager: getBaseSarMode() isBluetoothTx: true, isCellularTx: true, is2_4GWifiTx: false, is5GWifiTx: false, isReceiverOn: false
04-03 22:26:47.043 3247 4531 D OplusBluetoothSarManager: getSarMode() baseSarMode: BT_WWAN_BODY_SAR_MODE(9)
04-03 22:26:47.043 3247 4531 D OplusBluetoothSarManager: getSarMode() newSarMode: BT_WWAN_BODY_SAR_MODE(25)
04-03 22:26:47.043 3247 4531 D OplusBluetoothSarManager: currentSarMode: BT_BODY_SAR_MODE(17), newSarMode: BT_WWAN_BODY_SAR_MODE(25)
04-03 22:26:47.043 3247 4531 D oplus_bt_power: set_max_power_impl mode: 25
04-03 22:26:47.044 3247 4531 I oplus_bt_power: set_max_power_impl start parsing config file
04-03 22:26:47.044 3247 4531 I oplus_bt_power: set_max_power_impl continue parsing config file
04-03 22:26:47.044 3247 4531 D oplus_bt_power: set_max_power_impl, sar_mode=25, br_sar=0x2a, edr_sar=0x20, ble_sar=0x28
04-03 22:26:47.047 3247 4353 D oplus_bt_power: power_cntrl_callback: param->opcode=fcda subopcode=e status=0
04-03 22:26:47.048 3270 3754 D NetworkController.MobileSignalController(7): onMobileStatusChanged= updateTelephony=false mobileStatus=[activityIn=true,activityOut=true,dataSim=true,carrierNetworkChangeMode=false,dataState=2,serviceState=mVoiceRegState=0(IN_SERVICE), mDataRegState=0(IN_SERVICE),signalStrength=4,telephonyDisplayInfo=TelephonyDisplayInfo {network=LTE, override=NR_NSA}]
04-03 22:26:47.079 5177 5674 I MediaProvider: Deleted 1 0 0 0 0 0 0 items on external_primary due to com.innowireless.xcal.mobile5
04-03 22:26:47.086 3270 3754 I BaseMobileSignalControllerExt: showDataIcon:true
04-03 22:26:47.087 3247 4353 W bt_l2cap: L2CAP - Calling CongestionStatus_Cb (true),CID:0x0047,XmitQ:21,Quota:20
04-03 22:26:47.088 5177 9955 W MediaProvider: isAppCloneUserPair failed. Users: 0 and 0
04-03 22:26:47.088 5177 9955 W MediaProvider: isAppCloneUserPair for user 0: false
04-03 22:26:47.115 5177 5681 I MediaProvider: Deleted 1 0 0 0 0 0 0 items on external_primary due to com.innowireless.xcal.mobile5
04-03 22:26:47.124 5177 5681 W MediaProvider: isAppCloneUserPair failed. Users: 0 and 0
04-03 22:26:47.124 5177 5681 W MediaProvider: isAppCloneUserPair for user 0: false
04-03 22:26:47.129 2635 3163 D OplusLocationStatistics: on recordTaskMark, key: gnssReportLocation
04-03 22:26:47.130 2635 2655 D LocationManagerService: incoming location from: gps
04-03 22:26:47.131 2635 2655 D LocationManagerService: incoming location from: gps
04-03 22:26:47.134 5177 18538 I MediaProvider: Deleted 1 0 0 0 0 0 0 items on external_primary due to com.innowireless.xcal.mobile5
04-03 22:26:47.138 5177 5673 W MediaProvider: isAppCloneUserPair failed. Users: 0 and 0
04-03 22:26:47.138 5177 5673 W MediaProvider: isAppCloneUserPair for user 0: false
04-03 22:26:47.145 5177 5681 I MediaProvider: Deleted 1 0 0 0 0 0 0 items on external_primary due to com.innowireless.xcal.mobile5
04-03 22:26:47.149 5177 5673 W MediaProvider: isAppCloneUserPair failed. Users: 0 and 0
04-03 22:26:47.149 5177 5673 W MediaProvider: isAppCloneUserPair for user 0: false
04-03 22:26:47.149 4414 5222 I FusedLocation: (REDACTED) location delivery to %s blocked - too close
04-03 22:26:47.151 4414 6848 I UriTaskContentObserver: (REDACTED) Throttling content uri change event for %s
04-03 22:26:47.152 4414 5222 I FusedLocation: (REDACTED) location delivery to %s blocked - too fast
04-03 22:26:47.152 4414 6848 I UriTaskContentObserver: (REDACTED) Throttling content uri change event for %s
04-03 22:26:47.152 4414 5222 I FusedLocation: (REDACTED) location delivery to %s blocked - too close
04-03 22:26:47.152 4414 6848 I UriTaskContentObserver: (REDACTED) Throttling content uri change event for %s
04-03 22:26:47.152 4414 6848 I UriTaskContentObserver: (REDACTED) Throttling content uri change event for %s
04-03 22:26:47.153 4414 6848 I UriTaskContentObserver: (REDACTED) Throttling content uri change event for %s
04-03 22:26:47.153 2635 3967 D LocationManagerService: incoming location from: fused
04-03 22:26:47.153 2635 3967 D LocationManagerService: incoming location from: fused
04-03 22:26:47.154 4414 31566 I NetworkScheduler.Stats: (REDACTED) Task %s/%s started execution. cause:%s exec_start_elapsed_seconds: %s
04-03 22:26:47.158 4414 6848 I UriTaskContentObserver: (REDACTED) Throttling content uri change event for %s
04-03 22:26:47.160 4414 31259 I NetworkScheduler.Stats: (REDACTED) Task %s/%s finished executing. cause:%s result: %s elapsed_millis: %s uptime_millis: %s exec_start_elapsed_seconds: %s
04-03 22:26:47.164 3836 20675 D PhoneInterfaceManager: [PhoneIntfMgr] QueryTelephonyChecker-getDataNetworkTypeForSubscriber: packageName = com.innowireless.xcal.mobile5, isGrant = true
04-03 22:26:47.174 5177 5681 I MediaProvider: Deleted 1 0 0 0 0 0 0 items on external_primary due to com.innowireless.xcal.mobile5
04-03 22:26:47.177 5177 5674 W MediaProvider: isAppCloneUserPair failed. Users: 0 and 0
04-03 22:26:47.177 5177 5674 W MediaProvider: isAppCloneUserPair for user 0: false
04-03 22:26:47.179 8162 8162 E XMLSettings: Can not save boolean value, please check node type in xcal_settings.xml
04-03 22:26:47.180 8162 8162 E XMLSettings: Can not save boolean value, please check node type in xcal_settings.xml
04-03 22:26:47.180 8162 8162 E XMLSettings: Can not save boolean value, please check node type in xcal_settings.xml
04-03 22:26:47.180 8162 8162 E XMLSettings: Can not save boolean value, please check node type in xcal_settings.xml
04-03 22:26:47.181 8162 8162 I XCAL-Mobile [XMLSettings] [PARENT] :: ┎(AppConfig.java:3033) :: [com.innowireless.xcal.mobile5.common.AppConfig$Options$Logging.save]
04-03 22:26:47.181 8162 8162 I XCAL-Mobile [XMLSettings] [PARENT] :: ┖(XMLSettings.java:1658).setQCDataProtocolNewValue - setQCDataProtocolNewValue: value - 80
04-03 22:26:47.181 8162 8162 I XCAL-Mobile [] [PARENT] :: ┎(AppConfig.java:3046) :: [com.innowireless.xcal.mobile5.common.AppConfig$Options$Logging.save]
04-03 22:26:47.181 8162 8162 I XCAL-Mobile [] [PARENT] :: ┖(XMLSettings.java:2719).setNtripHostname - value -
04-03 22:26:47.181 8162 8162 I XCAL-Mobile [] [PARENT] :: ┎(AppConfig.java:3047) :: [com.innowireless.xcal.mobile5.common.AppConfig$Options$Logging.save]
04-03 22:26:47.182 8162 8162 I XCAL-Mobile [] [PARENT] :: ┖(XMLSettings.java:2747).setNtripPortNumber - value -
04-03 22:26:47.182 8162 8162 I XCAL-Mobile [] [PARENT] :: ┎(AppConfig.java:3048) :: [com.innowireless.xcal.mobile5.common.AppConfig$Options$Logging.save]
04-03 22:26:47.182 8162 8162 I XCAL-Mobile [] [PARENT] :: ┖(XMLSettings.java:2775).setNtripMount - value -
04-03 22:26:47.182 8162 8162 I XCAL-Mobile [] [PARENT] :: ┎(AppConfig.java:3049) :: [com.innowireless.xcal.mobile5.common.AppConfig$Options$Logging.save]
04-03 22:26:47.182 8162 8162 I XCAL-Mobile [] [PARENT] :: ┖(XMLSettings.java:2803).setNtripUsername - value -
04-03 22:26:47.182 4414 6848 I UriTaskContentObserver: (REDACTED) Throttling content uri change event for %s
04-03 22:26:47.182 8162 8162 I XCAL-Mobile [] [PARENT] :: ┎(AppConfig.java:3050) :: [com.innowireless.xcal.mobile5.common.AppConfig$Options$Logging.save]
04-03 22:26:47.182 8162 8162 I XCAL-Mobile [] [PARENT] :: ┖(XMLSettings.java:2831).setNtripPassword - value -
04-03 22:26:47.183 8162 8162 E XMLSettings: Can not save boolean value, please check node type in xcal_settings.xml
04-03 22:26:47.208 1219 4348 I vendor.qti.bluetooth@1.0-ibs_handler: ProcessIbsCmd: Received IBS_SLEEP_IND: 0xFE
04-03 22:26:47.217 8162 8194 W System : A resource failed to call close.
04-03 22:26:47.220 1219 4348 I vendor.qti.bluetooth@1.0-ibs_handler: ProcessIbsCmd: Received IBS_WAKE_IND: 0xFD
04-03 22:26:47.220 1219 4348 I vendor.qti.bluetooth@1.0-ibs_handler: ProcessIbsCmd: Writing IBS_WAKE_ACK
04-03 22:26:47.225 8162 8162 D SpeedCondition: set SpeedCondition : User set (Speed < 10 km/h)
04-03 22:26:47.229 5177 5674 I MediaProvider: Deleted 1 0 0 0 0 0 0 items on external_primary due to com.innowireless.xcal.mobile5
04-03 22:26:47.231 4414 6848 I UriTaskContentObserver: (REDACTED) Throttling content uri change event for %s
04-03 22:26:47.232 5177 9955 W MediaProvider: isAppCloneUserPair failed. Users: 0 and 0
04-03 22:26:47.232 5177 9955 W MediaProvider: isAppCloneUserPair for user 0: false
04-03 22:26:47.235 4414 6848 I UriTaskContentObserver: (REDACTED) Throttling content uri change event for %s
04-03 22:26:47.235 5064 11036 D DebugReportServiceHidlClient: getReport 1.1...
04-03 22:26:47.236 1229 1229 E LocSvc_HIDL_DebugReportService: Invalid count: 0
04-03 22:26:47.236 1229 1229 E LocSvc_HIDL_DebugReportService: Invalid count: 0
04-03 22:26:47.236 1229 1229 E LocSvc_HIDL_DebugReportService: Invalid count: 0
04-03 22:26:47.236 1229 1229 E LocSvc_HIDL_DebugReportService: Invalid count: 0
04-03 22:26:47.236 5064 11036 D DebugReportServiceHidlClient: getReport 1.1 success: true
04-03 22:26:47.236 5064 11036 D DebugReportServiceHidlClient: getReport 1.0 success: true
04-03 22:26:47.239 5177 5673 I MediaProvider: Deleted 1 0 0 0 0 0 0 items on external_primary due to com.innowireless.xcal.mobile5
04-03 22:26:47.242 4414 6848 I UriTaskContentObserver: (REDACTED) Throttling content uri change event for %s
04-03 22:26:47.243 5177 5681 W MediaProvider: isAppCloneUserPair failed. Users: 0 and 0
04-03 22:26:47.243 5177 5681 W MediaProvider: isAppCloneUserPair for user 0: false
04-03 22:26:47.252 4414 6848 I UriTaskContentObserver: (REDACTED) Throttling content uri change event for %s
04-03 22:26:47.254 8162 8162 I XCAL-Mobile [XMLSettings] [PARENT] :: ┎(MSHarmonizerView.kt:2206) :: [com.innowireless.xcal.mobile5.ui.functions.masterslave.newui.MSHarmonizerView$uIHandler$1.handleMessage]
04-03 22:26:47.254 8162 8162 I XCAL-Mobile [XMLSettings] [PARENT] :: ┖(XMLSettings.java:1658).setQCDataProtocolNewValue - setQCDataProtocolNewValue: value - 80
04-03 22:26:47.254 8162 8162 E XMLSettings: Can not save boolean value, please check node type in xcal_settings.xml
04-03 22:26:47.254 8162 8162 E XMLSettings: Can not save boolean value, please check node type in xcal_settings.xml
04-03 22:26:47.254 8162 8162 E XMLSettings: Can not save boolean value, please check node type in xcal_settings.xml
04-03 22:26:47.254 8162 8162 E XMLSettings: Can not save boolean value, please check node type in xcal_settings.xml
04-03 22:26:47.255 8162 8162 I XCAL-Mobile [XMLSettings] [PARENT] :: ┎(AppConfig.java:3033) :: [com.innowireless.xcal.mobile5.common.AppConfig$Options$Logging.save]
04-03 22:26:47.255 8162 8162 I XCAL-Mobile [XMLSettings] [PARENT] :: ┖(XMLSettings.java:1658).setQCDataProtocolNewValue - setQCDataProtocolNewValue: value - 80
04-03 22:26:47.256 8162 8162 I XCAL-Mobile [] [PARENT] :: ┎(AppConfig.java:3046) :: [com.innowireless.xcal.mobile5.common.AppConfig$Options$Logging.save]
04-03 22:26:47.256 8162 8162 I XCAL-Mobile [] [PARENT] :: ┖(XMLSettings.java:2719).setNtripHostname - value -
04-03 22:26:47.256 8162 8162 I XCAL-Mobile [] [PARENT] :: ┎(AppConfig.java:3047) :: [com.innowireless.xcal.mobile5.common.AppConfig$Options$Logging.save]
04-03 22:26:47.256 8162 8162 I XCAL-Mobile [] [PARENT] :: ┖(XMLSettings.java:2747).setNtripPortNumber - value -
04-03 22:26:47.256 8162 8162 I XCAL-Mobile [] [PARENT] :: ┎(AppConfig.java:3048) :: [com.innowireless.xcal.mobile5.common.AppConfig$Options$Logging.save]
04-03 22:26:47.256 8162 8162 I XCAL-Mobile [] [PARENT] :: ┖(XMLSettings.java:2775).setNtripMount - value -
04-03 22:26:47.257 8162 8162 I XCAL-Mobile [] [PARENT] :: ┎(AppConfig.java:3049) :: [com.innowireless.xcal.mobile5.common.AppConfig$Options$Logging.save]
04-03 22:26:47.257 8162 8162 I XCAL-Mobile [] [PARENT] :: ┖(XMLSettings.java:2803).setNtripUsername - value -
04-03 22:26:47.257 8162 8162 I XCAL-Mobile [] [PARENT] :: ┎(AppConfig.java:3050) :: [com.innowireless.xcal.mobile5.common.AppConfig$Options$Logging.save]
04-03 22:26:47.257 8162 8162 I XCAL-Mobile [] [PARENT] :: ┖(XMLSettings.java:2831).setNtripPassword - value -
04-03 22:26:47.257 8162 8162 E XMLSettings: Can not save boolean value, please check node type in xcal_settings.xml
04-03 22:26:47.289 8162 8162 D ESP : OnESPListener.close()
04-03 22:26:47.289 8162 8162 D XCAL-Native: setDecodeEncryptedESP() - Start - SimIndex: -1, bCheck: FALSE
04-03 22:26:47.289 8162 8162 D XCAL-Parser: CCommonParser::SetDecodeEncryptedESP :0
04-03 22:26:47.289 8162 8162 D XCAL-Native: setDecodeEncryptedESP() - End
04-03 22:26:47.289 8162 8162 D XCAL-Mobile: DMLog.startPPPCapture(), FrameSize: -1
04-03 22:26:47.289 8162 8162 D IntroManager: startCheckType : 6
04-03 22:26:47.289 8162 8162 D XCAL-Native: resetPacketParsing() - isPCAP:F, isIPFrame:T, isPCAPtoDRM(g_bPCAPtoDRM):F
04-03 22:26:47.290 8162 8162 D XCAL-Mobile [] :: (LogMaskView.kt:104).setRealLogMask -
04-03 22:26:47.290 8162 8162 D XCAL-Mobile [] :: (LogmaskLoad.java:77).setRealLogMask -
04-03 22:26:47.290 8162 8162 D XCAL-Mobile [] :: (LogmaskLoad.java:79).setRealLogMask - setRealLogMask start
04-03 22:26:47.290 8162 8162 D XCAL-Mobile: Logmask.setIPFrame(), TRUE
04-03 22:26:47.291 8162 8162 D XCAL-Mobile [] :: (LogmaskLoad.java:143).setRealLogMask - setRealLogMask end
04-03 22:26:47.291 8162 31603 D XCAL-Mobile: IPFrameDmCmdTask (E)
04-03 22:26:47.292 8162 31603 D IntroManager: finishCheckType : 6 Result : true
04-03 22:26:47.292 8162 31603 D IntroManager: finishCheckType : 8 Result : true
04-03 22:26:47.297 5177 5681 I MediaProvider: Deleted 1 0 0 0 0 0 0 items on external_primary due to com.innowireless.xcal.mobile5
04-03 22:26:47.300 2635 3024 D WifiActiveModeWarden: there is no primary client manager, return the default one
04-03 22:26:47.301 5177 9955 W MediaProvider: isAppCloneUserPair failed. Users: 0 and 0
04-03 22:26:47.301 5177 9955 W MediaProvider: isAppCloneUserPair for user 0: false
04-03 22:26:47.304 4414 6848 I UriTaskContentObserver: (REDACTED) Throttling content uri change event for %s
04-03 22:26:47.307 1255 1255 I android.hardware.thermal@2.0-service.qti: Sensor Name:shell_frametemp: 39.9. prev severity:0. cur severity:0 New severity:0
04-03 22:26:47.309 1255 1255 I android.hardware.thermal@2.0-service.qti: Sensor Name:skintemp: 42.509. prev severity:0. cur severity:3 New severity:3
04-03 22:26:47.309 1255 1255 I android.hardware.thermal@2.0-service.qti: Sensor Name:shell_fronttemp: 39.9. prev severity:0. cur severity:0 New severity:0
04-03 22:26:47.309 1255 1255 I android.hardware.thermal@2.0-service.qti: Sensor Name:shell_backtemp: 39.9. prev severity:0. cur severity:0 New severity:0
04-03 22:26:47.309 3836 8654 D PhoneInterfaceManager: [PhoneIntfMgr] QueryTelephonyChecker-getDataNetworkTypeForSubscriber: packageName = com.innowireless.xcal.mobile5, isGrant = true
04-03 22:26:47.309 3836 20675 D PhoneInterfaceManager: [PhoneIntfMgr] QueryTelephonyChecker-getDataNetworkTypeForSubscriber: packageName = com.innowireless.xcal.mobile5, isGrant = true
04-03 22:26:47.424 8162 30203 D jhko : BT_AutoCallSetMsg, AppFrame.isRun(AppFrame.RUN_AUTOCALL) : false
04-03 22:26:47.430 8162 8162 D XCAL-Mobile [eunyeol.ko] :: (MSHarmonizerView.kt:595).checkPermission - checkPermission
04-03 22:26:47.454 3836 20675 D PhoneInterfaceManager: [PhoneIntfMgr] QueryTelephonyChecker-getDataNetworkTypeForSubscriber: packageName = com.innowireless.xcal.mobile5, isGrant = true
04-03 22:26:47.505 1219 4348 I vendor.qti.bluetooth@1.0-ibs_handler: ProcessIbsCmd: Received IBS_SLEEP_IND: 0xFE
04-03 22:26:47.511 2635 7201 D WifiNl80211Manager: Scan result ready event
04-03 22:26:47.511 2635 7201 D WifiNative: Scan result ready event
04-03 22:26:47.511 2635 3024 D WifiActiveModeWarden: there is no primary client manager, return the default one
04-03 22:26:47.512 2635 3024 D WifiService: getWifiEnabledState primaryClientMode is mDefaultClientModeManager
04-03 22:26:47.513 3247 4353 W bt_btif : bta_jv_idle_timeout_handler: 1
04-03 22:26:47.524 2635 2705 D OplusFeatureBrightnessBarController: mDarkLevel: 0
04-03 22:26:47.524 2635 3024 D WifiActiveModeWarden: there is no primary client manager, return the default one
04-03 22:26:47.524 2635 3024 D WifiActiveModeWarden: there is no primary client manager, return the default one
04-03 22:26:47.524 2635 3024 D OplusScanResultsProxy: fewApNum:5
04-03 22:26:47.528 3836 8654 D PhoneInterfaceManager: [PhoneIntfMgr] QueryTelephonyChecker-getDataNetworkTypeForSubscriber: packageName = com.innowireless.xcal.mobile5, isGrant = true
04-03 22:26:47.530 2635 3059 D WificondScannerImpl: Filtering out scan result AN***5G, a8:**:**:**:13:3a time diff 3546305ms
04-03 22:26:47.530 2635 3059 D WificondScannerImpl: Filtering out scan result Sa***5G, ba:**:**:**:a9:b5 time diff 15014938ms
04-03 22:26:47.531 2635 3059 D WificondScannerImpl: Filtering out scan result Sa***4g, ba:**:**:**:a9:b1 time diff 15017118ms
04-03 22:26:47.531 2635 3059 D WificondScannerImpl: Filtering out scan result Ji***_2, 72:**:**:**:a5:5a time diff 4120835ms
04-03 22:26:47.531 2635 3059 D WificondScannerImpl: Filtering out scan result EMPTY, 7a:**:**:**:bc:ae time diff 9228043ms
04-03 22:26:47.531 2635 3059 D WificondScannerImpl: Filtering out scan result Ai***Fi, 80:**:**:**:1d:92 time diff 14946349ms
04-03 22:26:47.531 2635 3059 D WificondScannerImpl: Filtering out scan result Ji***tI, 7a:**:**:**:70:c8 time diff 24214489ms
04-03 22:26:47.531 2635 3059 D WificondScannerImpl: Filtering out scan result an***5G, a8:**:**:**:57:75 time diff 23503924ms
04-03 22:26:47.532 2635 3059 D WificondScannerImpl: Filtering out scan result Ji***Je, 98:**:**:**:56:7c time diff 9107755ms
04-03 22:26:47.532 2635 3059 D WificondScannerImpl: Filtering out 9 scan results.
04-03 22:26:47.534 1219 4348 I vendor.qti.bluetooth@1.0-ibs_handler: ProcessIbsCmd: Received IBS_WAKE_IND: 0xFD
04-03 22:26:47.534 1219 4348 I vendor.qti.bluetooth@1.0-ibs_handler: ProcessIbsCmd: Writing IBS_WAKE_ACK
04-03 22:26:47.539 3836 20675 D PhoneInterfaceManager: [PhoneIntfMgr] QueryTelephonyChecker-getDataNetworkTypeForSubscriber: packageName = com.innowireless.xcal.mobile5, isGrant = true
04-03 22:26:47.544 2635 2635 D OplusRouterBoostVendorCommImpl: isApGameDupPktSupport: mVendorCommEnabled = true, mApInfo.mApGameDupPkt = 0
04-03 22:26:47.544 2635 3147 D WifiManager: getScanResults check resulttrue
04-03 22:26:47.544 2635 2635 D WN_S : receive WifiManager.SCAN_RESULTS_AVAILABLE_ACTION
04-03 22:26:47.547 2635 3024 D WakeupController: Attempted to handleScanResults while not enabled
04-03 22:26:47.547 4414 31566 D WifiManager: getScanResults check resulttrue
04-03 22:26:47.551 3270 3754 D WifiManager: getScanResults check resulttrue
04-03 22:26:47.552 4414 31492 I FrewleTileCacheManagerV: (REDACTED) Fetched %d AP models from cache
04-03 22:26:47.585 2635 4007 D LocationManagerService: incoming location from: network
04-03 22:26:47.588 2635 4007 D LocationManagerService: incoming location from: network
04-03 22:26:47.594 4414 5222 I fbsw : Received empty WiFi-RTT scan. [CONTEXT service_id=6 ]
04-03 22:26:47.601 3836 8654 D PhoneInterfaceManager: [PhoneIntfMgr] QueryTelephonyChecker-getDataNetworkTypeForSubscriber: packageName = com.innowireless.xcal.mobile5, isGrant = true
04-03 22:26:47.614 3836 8654 D PhoneInterfaceManager: [PhoneIntfMgr] QueryTelephonyChecker-getDataNetworkTypeForSubscriber: packageName = com.innowireless.xcal.mobile5, isGrant = true
04-03 22:26:47.726 3836 8654 D PhoneInterfaceManager: [PhoneIntfMgr] QueryTelephonyChecker-getDataNetworkTypeForSubscriber: packageName = com.innowireless.xcal.mobile5, isGrant = true
04-03 22:26:47.730 1219 4348 I vendor.qti.bluetooth@1.0-ibs_handler: ProcessIbsCmd: Received IBS_SLEEP_IND: 0xFE
04-03 22:26:47.756 1219 4348 I vendor.qti.bluetooth@1.0-ibs_handler: ProcessIbsCmd: Received IBS_WAKE_IND: 0xFD
04-03 22:26:47.756 1219 4348 I vendor.qti.bluetooth@1.0-ibs_handler: ProcessIbsCmd: Writing IBS_WAKE_ACK
04-03 22:26:47.776 8162 10977 D GPS : NMEA is invaild.
04-03 22:26:47.777 8162 10977 D GPS : mNMEASatelites : 4
04-03 22:26:47.781 8162 10977 D GPS : Android GPS is invaild.
04-03 22:26:47.873 1219 4348 I vendor.qti.bluetooth@1.0-ibs_handler: ProcessIbsCmd: Received IBS_SLEEP_IND: 0xFE
04-03 22:26:47.900 1219 4348 I vendor.qti.bluetooth@1.0-ibs_handler: ProcessIbsCmd: Received IBS_WAKE_IND: 0xFD
04-03 22:26:47.900 1219 4348 I vendor.qti.bluetooth@1.0-ibs_handler: ProcessIbsCmd: Writing IBS_WAKE_ACK
04-03 22:26:47.991 3666 4099 D QtiRadiohidlIndication: onSignalStrengthChange: slotId = 0
04-03 22:26:47.991 3666 4099 D QtiRadioProxy: onSignalStrength slotId = 0 signalStrength = SignalStrength: Rsrp: -32768 Snr: -32768
04-03 22:26:47.992 3666 4101 D QtiRadioProxyHandler: : handleMessage msg.what = 11
04-03 22:26:47.992 3666 4101 D QtiRadioProxyHandler: : EVENT_ON_SIGNAL_STRENGTH
04-03 22:26:47.992 3666 4101 D QtiRadioProxy: onSignalStrength: Responding back for transaction = null
04-03 22:26:47.993 3881 9422 D NrNetworkService: onSignalStrength: slotId=0 token=Token: -1 status=Status: 1 signalStrength=SignalStrength: Rsrp: -32768 Snr: -32768
04-03 22:26:47.994 3666 4101 D QtiRadioProxy: onSignalStrength: Responding back for transaction = null
04-03 22:26:47.996 3666 4101 D QtiRadioProxy: onSignalStrength: Responding back for transaction = null
04-03 22:26:47.996 3836 8654 D ExtPhoneCallbackBase: UNIMPLEMENTED: onSignalStrength: slotId = 0 token = Token: -1 statusStatus: 1 signalStrength = SignalStrength: Rsrp: -32768 Snr: -32768
04-03 22:26:47.997 3666 4101 D QtiRadioProxy: onSignalStrength: Responding back for transaction = null
04-03 22:26:47.998 3836 8654 D ExtPhoneCallbackBase: UNIMPLEMENTED: onSignalStrength: slotId = 0 token = Token: -1 statusStatus: 1 signalStrength = SignalStrength: Rsrp: -32768 Snr: -32768
04-03 22:26:47.999 3666 4101 D QtiRadioProxy: onSignalStrength: Responding back for transaction = null
04-03 22:26:47.999 3836 8654 D ExtPhoneCallbackBase: UNIMPLEMENTED: onSignalStrength: slotId = 0 token = Token: -1 statusStatus: 1 signalStrength = SignalStrength: Rsrp: -32768 Snr: -32768
04-03 22:26:48.000 3666 4101 D QtiRadioProxy: onSignalStrength: Responding back for transaction = null
04-03 22:26:48.005 3836 8654 D ExtPhoneCallbackBase: UNIMPLEMENTED: onSignalStrength: slotId = 0 token = Token: -1 statusStatus: 1 signalStrength = SignalStrength: Rsrp: -32768 Snr: -32768
04-03 22:26:48.012 3836 8654 D PhoneInterfaceManager: [PhoneIntfMgr] QueryTelephonyChecker-getDataNetworkTypeForSubscriber: packageName = com.innowireless.xcal.mobile5, isGrant = true
04-03 22:26:48.017 2635 3024 D WifiActiveModeWarden: there is no primary client manager, return the default one
04-03 22:26:48.017 2635 7201 D WifiService: getWifiEnabledState primaryClientMode is mDefaultClientModeManager
04-03 22:26:48.020 3270 3754 D NetworkController.MobileSignalController(7): onMobileStatusChanged= updateTelephony=true mobileStatus=[activityIn=true,activityOut=true,dataSim=true,carrierNetworkChangeMode=false,dataState=2,serviceState=mVoiceRegState=0(IN_SERVICE), mDataRegState=0(IN_SERVICE),signalStrength=4,telephonyDisplayInfo=TelephonyDisplayInfo {network=LTE, override=NR_NSA}]
04-03 22:26:48.055 3247 4531 D OplusBluetoothSarManager: onDataActivity() direction: 0
04-03 22:26:48.055 3247 4531 D OplusBluetoothSarManager: getBaseSarMode() isBluetoothTx: true, isCellularTx: false, is2_4GWifiTx: false, is5GWifiTx: false, isReceiverOn: false
04-03 22:26:48.055 3247 4531 D OplusBluetoothSarManager: getSarMode() baseSarMode: BT_BODY_SAR_MODE(1)
04-03 22:26:48.055 3247 4531 D OplusBluetoothSarManager: getSarMode() newSarMode: BT_BODY_SAR_MODE(17)
04-03 22:26:48.055 3247 4531 D OplusBluetoothSarManager: currentSarMode: BT_WWAN_BODY_SAR_MODE(25), newSarMode: BT_BODY_SAR_MODE(17)
04-03 22:26:48.055 3247 4531 D oplus_bt_power: set_max_power_impl mode: 17
04-03 22:26:48.055 3247 4531 I oplus_bt_power: set_max_power_impl start parsing config file
04-03 22:26:48.055 3247 4531 I oplus_bt_power: set_max_power_impl continue parsing config file
04-03 22:26:48.055 3247 4531 D oplus_bt_power: set_max_power_impl, sar_mode=17, br_sar=0x2a, edr_sar=0x20, ble_sar=0x28
04-03 22:26:48.056 3270 3754 D NetworkController.MobileSignalController(7): onMobileStatusChanged= updateTelephony=false mobileStatus=[activityIn=false,activityOut=false,dataSim=true,carrierNetworkChangeMode=false,dataState=2,serviceState=mVoiceRegState=0(IN_SERVICE), mDataRegState=0(IN_SERVICE),signalStrength=4,telephonyDisplayInfo=TelephonyDisplayInfo {network=LTE, override=NR_NSA}]
04-03 22:26:48.057 3247 4353 D oplus_bt_power: power_cntrl_callback: param->opcode=fcda subopcode=e status=0
04-03 22:26:48.075 3270 3754 I BaseMobileSignalControllerExt: showDataIcon:true
04-03 22:26:48.135 2635 9199 D OplusLocationStatistics: on recordTaskMark, key: gnssReportLocation
04-03 22:26:48.135 2635 2655 D LocationManagerService: incoming location from: gps
04-03 22:26:48.136 2635 2655 D LocationManagerService: incoming location from: gps
04-03 22:26:48.151 4414 5222 I FusedLocation: (REDACTED) location delivery to %s blocked - too close
04-03 22:26:48.152 4414 5222 I FusedLocation: (REDACTED) location delivery to %s blocked - too fast
04-03 22:26:48.153 4414 5222 I FusedLocation: (REDACTED) location delivery to %s blocked - too close
04-03 22:26:48.153 2635 7201 D LocationManagerService: incoming location from: fused
04-03 22:26:48.153 2635 7201 D LocationManagerService: incoming location from: fused
04-03 22:26:48.184 3836 8654 D PhoneInterfaceManager: [PhoneIntfMgr] QueryTelephonyChecker-getDataNetworkTypeForSubscriber: packageName = com.innowireless.xcal.mobile5, isGrant = true
04-03 22:26:48.218 1219 4348 I vendor.qti.bluetooth@1.0-ibs_handler: ProcessIbsCmd: Received IBS_SLEEP_IND: 0xFE
04-03 22:26:48.236 5064 11036 D DebugReportServiceHidlClient: getReport 1.1...
04-03 22:26:48.236 1229 1229 E LocSvc_HIDL_DebugReportService: Invalid count: 0
04-03 22:26:48.236 1229 1229 E LocSvc_HIDL_DebugReportService: Invalid count: 0
04-03 22:26:48.236 1229 1229 E LocSvc_HIDL_DebugReportService: Invalid count: 0
04-03 22:26:48.236 1229 1229 E LocSvc_HIDL_DebugReportService: Invalid count: 0
04-03 22:26:48.237 5064 11036 D DebugReportServiceHidlClient: getReport 1.1 success: true
04-03 22:26:48.237 5064 11036 D DebugReportServiceHidlClient: getReport 1.0 success: true
04-03 22:26:48.302 2635 3024 D WifiActiveModeWarden: there is no primary client manager, return the default one
04-03 22:26:48.311 3836 8654 D PhoneInterfaceManager: [PhoneIntfMgr] QueryTelephonyChecker-getDataNetworkTypeForSubscriber: packageName = com.innowireless.xcal.mobile5, isGrant = true
04-03 22:26:48.311 1255 1255 I android.hardware.thermal@2.0-service.qti: Sensor Name:shell_frametemp: 39.9. prev severity:0. cur severity:0 New severity:0
04-03 22:26:48.313 1255 1255 I android.hardware.thermal@2.0-service.qti: Sensor Name:skintemp: 42.517. prev severity:0. cur severity:3 New severity:3
04-03 22:26:48.313 1255 1255 I android.hardware.thermal@2.0-service.qti: Sensor Name:shell_fronttemp: 39.9. prev severity:0. cur severity:0 New severity:0
04-03 22:26:48.313 1255 1255 I android.hardware.thermal@2.0-service.qti: Sensor Name:shell_backtemp: 39.9. prev severity:0. cur severity:0 New severity:0
04-03 22:26:48.391 1219 4348 I vendor.qti.bluetooth@1.0-ibs_handler: ProcessIbsCmd: Received IBS_WAKE_IND: 0xFD
04-03 22:26:48.391 1219 4348 I vendor.qti.bluetooth@1.0-ibs_handler: ProcessIbsCmd: Writing IBS_WAKE_ACK
04-03 22:26:48.456 3836 8654 D PhoneInterfaceManager: [PhoneIntfMgr] QueryTelephonyChecker-getDataNetworkTypeForSubscriber: packageName = com.innowireless.xcal.mobile5, isGrant = true
04-03 22:26:48.474 1219 4348 I vendor.qti.bluetooth@1.0-ibs_handler: ProcessIbsCmd: Received IBS_SLEEP_IND: 0xFE
04-03 22:26:48.525 1219 4348 I vendor.qti.bluetooth@1.0-ibs_handler: ProcessIbsCmd: Received IBS_WAKE_IND: 0xFD
04-03 22:26:48.525 1219 4348 I vendor.qti.bluetooth@1.0-ibs_handler: ProcessIbsCmd: Writing IBS_WAKE_ACK
04-03 22:26:48.528 3836 20675 D PhoneInterfaceManager: [PhoneIntfMgr] QueryTelephonyChecker-getDataNetworkTypeForSubscriber: packageName = com.innowireless.xcal.mobile5, isGrant = true
04-03 22:26:48.562 3836 8654 D PhoneInterfaceManager: [PhoneIntfMgr] QueryTelephonyChecker-getDataNetworkTypeForSubscriber: packageName = com.innowireless.xcal.mobile5, isGrant = true
04-03 22:26:48.601 3836 20675 D PhoneInterfaceManager: [PhoneIntfMgr] QueryTelephonyChecker-getDataNetworkTypeForSubscriber: packageName = com.innowireless.xcal.mobile5, isGrant = true
04-03 22:26:48.609 1219 4348 I vendor.qti.bluetooth@1.0-ibs_handler: ProcessIbsCmd: Received IBS_SLEEP_IND: 0xFE
04-03 22:26:48.671 3836 20675 D PhoneInterfaceManager: [PhoneIntfMgr] QueryTelephonyChecker-getDataNetworkTypeForSubscriber: packageName = com.innowireless.xcal.mobile5, isGrant = true
04-03 22:26:48.727 3836 20675 D PhoneInterfaceManager: [PhoneIntfMgr] QueryTelephonyChecker-getDataNetworkTypeForSubscriber: packageName = com.innowireless.xcal.mobile5, isGrant = true
04-03 22:26:48.774 8162 10977 D GPS : NMEA is invaild.
04-03 22:26:48.774 8162 10977 D GPS : mNMEASatelites : 4
04-03 22:26:48.776 8162 10977 D GPS : Android GPS is invaild.
04-03 22:26:48.849 2635 3024 D WifiActiveModeWarden: there is no primary client manager, return the default one
04-03 22:26:48.850 2635 3967 D WifiService: getWifiEnabledState primaryClientMode is mDefaultClientModeManager
04-03 22:26:48.851 4414 5588 W Settings: Setting airplane_mode_on has moved from android.provider.Settings.System to android.provider.Settings.Global, returning read-only value.
04-03 22:26:48.853 4414 31566 W SystemServiceRegistry: No service published for: wifirtt
04-03 22:26:48.863 2635 3024 D WifiActiveModeWarden: there is no primary client manager, return the default one
04-03 22:26:48.864 2635 3024 D WifiActiveModeWarden: there is no primary client manager, return the default one
04-03 22:26:49.054 1219 4348 I vendor.qti.bluetooth@1.0-ibs_handler: ProcessIbsCmd: Received IBS_WAKE_IND: 0xFD
04-03 22:26:49.054 1219 4348 I vendor.qti.bluetooth@1.0-ibs_handler: ProcessIbsCmd: Writing IBS_WAKE_ACK
04-03 22:26:49.056 1219 4357 I vendor.qti.bluetooth@1.0-ibs_handler: DeviceSleep: TX Awake, Sending SLEEP_IND
04-03 22:26:49.065 3247 4531 D OplusBluetoothSarManager: onDataActivity() direction: 3
04-03 22:26:49.066 3247 4531 D OplusBluetoothSarManager: getBaseSarMode() isBluetoothTx: true, isCellularTx: true, is2_4GWifiTx: false, is5GWifiTx: false, isReceiverOn: false
04-03 22:26:49.066 3247 4531 D OplusBluetoothSarManager: getSarMode() baseSarMode: BT_WWAN_BODY_SAR_MODE(9)
04-03 22:26:49.066 3247 4531 D OplusBluetoothSarManager: getSarMode() newSarMode: BT_WWAN_BODY_SAR_MODE(25)
04-03 22:26:49.066 3247 4531 D OplusBluetoothSarManager: currentSarMode: BT_BODY_SAR_MODE(17), newSarMode: BT_WWAN_BODY_SAR_MODE(25)
04-03 22:26:49.066 3247 4531 D oplus_bt_power: set_max_power_impl mode: 25
04-03 22:26:49.066 3270 3754 D NetworkController.MobileSignalController(7): onMobileStatusChanged= updateTelephony=false mobileStatus=[activityIn=true,activityOut=true,dataSim=true,carrierNetworkChangeMode=false,dataState=2,serviceState=mVoiceRegState=0(IN_SERVICE), mDataRegState=0(IN_SERVICE),signalStrength=4,telephonyDisplayInfo=TelephonyDisplayInfo {network=LTE, override=NR_NSA}]
04-03 22:26:49.067 3247 4531 I oplus_bt_power: set_max_power_impl start parsing config file
04-03 22:26:49.067 3247 4531 I oplus_bt_power: set_max_power_impl continue parsing config file
04-03 22:26:49.067 3247 4531 D oplus_bt_power: set_max_power_impl, sar_mode=25, br_sar=0x2a, edr_sar=0x20, ble_sar=0x28
04-03 22:26:49.067 1219 1219 I vendor.qti.bluetooth@1.0-ibs_handler: DeviceWakeUp: Writing IBS_WAKE_IND
04-03 22:26:49.068 1219 4348 I vendor.qti.bluetooth@1.0-ibs_handler: ProcessIbsCmd: Received IBS_WAKE_ACK: 0xFC
04-03 22:26:49.068 1219 4348 I vendor.qti.bluetooth@1.0-ibs_handler: ProcessIbsCmd: Signal wack_cond_
04-03 22:26:49.068 1219 1219 D vendor.qti.bluetooth@1.0-ibs_handler: DeviceWakeUp: Unblocked from waiting for FC, pthread_cond_timedwait ret = 0
04-03 22:26:49.069 3247 4353 D oplus_bt_power: power_cntrl_callback: param->opcode=fcda subopcode=e status=0
04-03 22:26:49.092 3270 3754 I BaseMobileSignalControllerExt: showDataIcon:true
04-03 22:26:49.097 3836 4660 D PhoneInterfaceManager: [PhoneIntfMgr] QueryTelephonyChecker-getDataNetworkTypeForSubscriber: packageName = com.innowireless.xcal.mobile5, isGrant = true
04-03 22:26:49.099 2635 3024 D WifiActiveModeWarden: there is no primary client manager, return the default one
04-03 22:26:49.099 2635 4007 D WifiService: getWifiEnabledState primaryClientMode is mDefaultClientModeManager
04-03 22:26:49.125 2635 3163 D OplusLocationStatistics: on recordTaskMark, key: gnssReportLocation
04-03 22:26:49.125 2635 2655 D LocationManagerService: incoming location from: gps
04-03 22:26:49.126 2635 2655 D LocationManagerService: incoming location from: gps
04-03 22:26:49.134 4414 5222 I FusedLocation: (REDACTED) location delivery to %s blocked - too close
04-03 22:26:49.135 4414 5222 I FusedLocation: (REDACTED) location delivery to %s blocked - too fast
04-03 22:26:49.136 4414 5222 I FusedLocation: (REDACTED) location delivery to %s blocked - too close
04-03 22:26:49.136 2635 3238 D LocationManagerService: incoming location from: fused
04-03 22:26:49.136 2635 3238 D LocationManagerService: incoming location from: fused
04-03 22:26:49.184 3836 8654 D PhoneInterfaceManager: [PhoneIntfMgr] QueryTelephonyChecker-getDataNetworkTypeForSubscriber: packageName = com.innowireless.xcal.mobile5, isGrant = true
04-03 22:26:49.236 1219 4348 I vendor.qti.bluetooth@1.0-ibs_handler: ProcessIbsCmd: Received IBS_SLEEP_IND: 0xFE
04-03 22:26:49.236 5064 11036 D DebugReportServiceHidlClient: getReport 1.1...
04-03 22:26:49.236 1229 1229 E LocSvc_HIDL_DebugReportService: Invalid count: 0
04-03 22:26:49.236 1229 1229 E LocSvc_HIDL_DebugReportService: Invalid count: 0
04-03 22:26:49.236 1229 1229 E LocSvc_HIDL_DebugReportService: Invalid count: 0
04-03 22:26:49.236 1229 1229 E LocSvc_HIDL_DebugReportService: Invalid count: 0
04-03 22:26:49.237 5064 11036 D DebugReportServiceHidlClient: getReport 1.1 success: true
04-03 22:26:49.237 5064 11036 D DebugReportServiceHidlClient: getReport 1.0 success: true
04-03 22:26:49.237 1219 4348 I vendor.qti.bluetooth@1.0-ibs_handler: ProcessIbsCmd: Received IBS_WAKE_IND: 0xFD
04-03 22:26:49.237 1219 4348 I vendor.qti.bluetooth@1.0-ibs_handler: ProcessIbsCmd: Writing IBS_WAKE_ACK
04-03 22:26:49.304 2635 3024 D WifiActiveModeWarden: there is no primary client manager, return the default one
04-03 22:26:49.310 3836 8654 D PhoneInterfaceManager: [PhoneIntfMgr] QueryTelephonyChecker-getDataNetworkTypeForSubscriber: packageName = com.innowireless.xcal.mobile5, isGrant = true
04-03 22:26:49.315 1255 1255 I android.hardware.thermal@2.0-service.qti: Sensor Name:shell_frametemp: 39.9. prev severity:0. cur severity:0 New severity:0
04-03 22:26:49.317 1255 1255 I android.hardware.thermal@2.0-service.qti: Sensor Name:skintemp: 42.381. prev severity:0. cur severity:3 New severity:3
04-03 22:26:49.317 1255 1255 I android.hardware.thermal@2.0-service.qti: Sensor Name:shell_fronttemp: 39.9. prev severity:0. cur severity:0 New severity:0
04-03 22:26:49.317 1255 1255 I android.hardware.thermal@2.0-service.qti: Sensor Name:shell_backtemp: 39.9. prev severity:0. cur severity:0 New severity:0
04-03 22:26:49.318 1219 4348 I vendor.qti.bluetooth@1.0-ibs_handler: ProcessIbsCmd: Received IBS_SLEEP_IND: 0xFE
04-03 22:26:49.459 3836 4660 D PhoneInterfaceManager: [PhoneIntfMgr] QueryTelephonyChecker-getDataNetworkTypeForSubscriber: packageName = com.innowireless.xcal.mobile5, isGrant = true
04-03 22:26:49.527 3836 8654 D PhoneInterfaceManager: [PhoneIntfMgr] QueryTelephonyChecker-getDataNetworkTypeForSubscriber: packageName = com.innowireless.xcal.mobile5, isGrant = true
04-03 22:26:49.529 3836 8654 D PhoneInterfaceManager: [PhoneIntfMgr] QueryTelephonyChecker-getDataNetworkTypeForSubscriber: packageName = com.innowireless.xcal.mobile5, isGrant = true
04-03 22:26:49.596 3836 8654 D PhoneInterfaceManager: [PhoneIntfMgr] QueryTelephonyChecker-getDataNetworkTypeForSubscriber: packageName = com.innowireless.xcal.mobile5, isGrant = true
04-03 22:26:49.602 3836 4660 D PhoneInterfaceManager: [PhoneIntfMgr] QueryTelephonyChecker-getDataNetworkTypeForSubscriber: packageName = com.innowireless.xcal.mobile5, isGrant = true
04-03 22:26:49.652 1219 4348 I vendor.qti.bluetooth@1.0-ibs_handler: ProcessIbsCmd: Received IBS_WAKE_IND: 0xFD
04-03 22:26:49.652 1219 4348 I vendor.qti.bluetooth@1.0-ibs_handler: ProcessIbsCmd: Writing IBS_WAKE_ACK
04-03 22:26:49.727 3836 8654 D PhoneInterfaceManager: [PhoneIntfMgr] QueryTelephonyChecker-getDataNetworkTypeForSubscriber: packageName = com.innowireless.xcal.mobile5, isGrant = true
04-03 22:26:49.737 1219 4348 I vendor.qti.bluetooth@1.0-ibs_handler: ProcessIbsCmd: Received IBS_SLEEP_IND: 0xFE
04-03 22:26:49.750 1219 4348 I vendor.qti.bluetooth@1.0-ibs_handler: ProcessIbsCmd: Received IBS_WAKE_IND: 0xFD
04-03 22:26:49.751 1219 4348 I vendor.qti.bluetooth@1.0-ibs_handler: ProcessIbsCmd: Writing IBS_WAKE_ACK
04-03 22:26:49.778 8162 10977 D GPS : NMEA is invaild.
04-03 22:26:49.779 8162 10977 D GPS : mNMEASatelites : 4
04-03 22:26:49.782 8162 10977 D GPS : Android GPS is invaild.
04-03 22:26:49.831 1219 4348 I vendor.qti.bluetooth@1.0-ibs_handler: ProcessIbsCmd: Received IBS_SLEEP_IND: 0xFE
04-03 22:26:49.979 1219 4348 I vendor.qti.bluetooth@1.0-ibs_handler: ProcessIbsCmd: Received IBS_WAKE_IND: 0xFD
04-03 22:26:49.979 1219 4348 I vendor.qti.bluetooth@1.0-ibs_handler: ProcessIbsCmd: Writing IBS_WAKE_ACK
04-03 22:26:49.988 3836 8654 D PhoneInterfaceManager: [PhoneIntfMgr] QueryTelephonyChecker-getDataNetworkTypeForSubscriber: packageName = com.innowireless.xcal.mobile5, isGrant = true
04-03 22:26:49.989 2635 3024 D WifiActiveModeWarden: there is no primary client manager, return the default one
04-03 22:26:49.990 2635 4007 D WifiService: getWifiEnabledState primaryClientMode is mDefaultClientModeManager
04-03 22:26:50.061 1219 4348 I vendor.qti.bluetooth@1.0-ibs_handler: ProcessIbsCmd: Received IBS_SLEEP_IND: 0xFE
04-03 22:26:50.091 1219 4348 I vendor.qti.bluetooth@1.0-ibs_handler: ProcessIbsCmd: Received IBS_WAKE_IND: 0xFD
04-03 22:26:50.091 1219 4348 I vendor.qti.bluetooth@1.0-ibs_handler: ProcessIbsCmd: Writing IBS_WAKE_ACK
04-03 22:26:50.111 2635 3024 D WifiActiveModeWarden: there is no primary client manager, return the default one
04-03 22:26:50.113 3247 4353 W bt_l2cap: L2CAP - Calling CongestionStatus_Cb (true),CID:0x0047,XmitQ:21,Quota:20
04-03 22:26:50.137 2635 2680 D OplusLocationStatistics: on recordTaskMark, key: gnssReportLocation
04-03 22:26:50.138 2635 2655 D LocationManagerService: incoming location from: gps
04-03 22:26:50.140 3836 8654 D PhoneInterfaceManager: [PhoneIntfMgr] QueryTelephonyChecker-getDataNetworkTypeForSubscriber: packageName = com.innowireless.xcal.mobile5, isGrant = true
04-03 22:26:50.140 2635 2655 D LocationManagerService: incoming location from: gps
04-03 22:26:50.142 2635 3024 D WifiActiveModeWarden: there is no primary client manager, return the default one
