04-03 22:19:33.865 2635 2705 D OplusDisplayPowerControllerExtImpl: original brightness to dataBase:193 final brightness:193.0 scale:1.0 reason:4 darkLevel:0
04-03 22:19:33.865 2635 2705 D DisplayPowerController[0]: Animating brightness: target=193.0, rate=26.0, source= 7
04-03 22:19:33.866 2635 2705 D VRR [OPlusRefreshRateService]: notifyBrightnessChange brightness: 193.0
04-03 22:19:33.867 2635 2658 D DisplayManagerService: Delivering display event: displayId=0, event=4
04-03 22:19:33.877 2635 3161 D LightsServiceExtImpl: baseSetLightLocked end.
04-03 22:19:33.879 2635 3161 D OplusFeatureDCBacklight: notifySfRepaintEverything begin mCurrentDCMode:-1
04-03 22:19:33.884 2635 2705 D OplusDisplayPowerControllerExtImpl: original brightness to dataBase:193 final brightness:193.0 scale:1.0 reason:4 darkLevel:0
04-03 22:19:33.884 2635 2705 D DisplayPowerController[0]: Animating brightness: target=193.0, rate=26.0, source= 7
04-03 22:19:33.886 2635 2705 D VRR [OPlusRefreshRateService]: notifyBrightnessChange brightness: 193.0
04-03 22:19:33.886 2635 2658 D DisplayManagerService: Delivering display event: displayId=0, event=4
04-03 22:19:33.957 2635 3161 D LightsServiceExtImpl: baseSetLightLocked end.
04-03 22:19:33.961 2635 3161 D OplusFeatureDCBacklight: notifySfRepaintEverything begin mCurrentDCMode:-1
04-03 22:19:33.975 2635 2705 D OplusDisplayPowerControllerExtImpl: original brightness to dataBase:193 final brightness:193.0 scale:1.0 reason:4 darkLevel:0
04-03 22:19:33.976 2635 2705 D DisplayPowerController[0]: Animating brightness: target=193.0, rate=26.0, source= 7
04-03 22:19:33.980 2635 2705 D VRR [OPlusRefreshRateService]: notifyBrightnessChange brightness: 193.0
04-03 22:19:33.981 2635 2658 D DisplayManagerService: Delivering display event: displayId=0, event=4
04-03 22:19:34.023 2635 3161 D LightsServiceExtImpl: baseSetLightLocked end.
04-03 22:19:34.025 2635 3161 D OplusFeatureDCBacklight: notifySfRepaintEverything begin mCurrentDCMode:-1
04-03 22:19:34.033 2635 2705 D OplusDisplayPowerControllerExtImpl: original brightness to dataBase:193 final brightness:193.0 scale:1.0 reason:4 darkLevel:0
04-03 22:19:34.033 2635 2705 D DisplayPowerController[0]: Animating brightness: target=193.0, rate=26.0, source= 7
04-03 22:19:34.035 2635 2705 D VRR [OPlusRefreshRateService]: notifyBrightnessChange brightness: 193.0
04-03 22:19:34.036 2635 2658 D DisplayManagerService: Delivering display event: displayId=0, event=4
04-03 22:19:34.102 2635 3161 D LightsServiceExtImpl: baseSetLightLocked end.
04-03 22:19:34.104 2635 3161 D OplusFeatureDCBacklight: notifySfRepaintEverything begin mCurrentDCMode:-1
04-03 22:19:34.111 2635 2705 D OplusDisplayPowerControllerExtImpl: original brightness to dataBase:193 final brightness:193.0 scale:1.0 reason:4 darkLevel:0
04-03 22:19:34.111 2635 2705 D DisplayPowerController[0]: Animating brightness: target=193.0, rate=26.0, source= 7
04-03 22:19:34.113 2635 2705 D VRR [OPlusRefreshRateService]: notifyBrightnessChange brightness: 193.0
04-03 22:19:34.114 2635 2658 D DisplayManagerService: Delivering display event: displayId=0, event=4
04-03 22:19:34.154 2635 3161 D LightsServiceExtImpl: baseSetLightLocked end.
04-03 22:19:34.155 2635 3161 D OplusFeatureDCBacklight: notifySfRepaintEverything begin mCurrentDCMode:-1
04-03 22:19:34.157 2635 2705 D OplusDisplayPowerControllerExtImpl: original brightness to dataBase:193 final brightness:193.0 scale:1.0 reason:4 darkLevel:0
04-03 22:19:34.158 2635 2705 D DisplayPowerController[0]: Animating brightness: target=193.0, rate=26.0, source= 7
04-03 22:19:34.159 2635 2705 D VRR [OPlusRefreshRateService]: notifyBrightnessChange brightness: 193.0
04-03 22:19:34.160 2635 2658 D DisplayManagerService: Delivering display event: displayId=0, event=4
04-03 22:19:34.179 2635 3161 D LightsServiceExtImpl: baseSetLightLocked end.
04-03 22:19:34.181 2635 3161 D OplusFeatureDCBacklight: notifySfRepaintEverything begin mCurrentDCMode:-1
04-03 22:19:34.184 2635 2705 D OplusDisplayPowerControllerExtImpl: original brightness to dataBase:193 final brightness:193.0 scale:1.0 reason:4 darkLevel:0
04-03 22:19:34.184 2635 2705 D DisplayPowerController[0]: Animating brightness: target=193.0, rate=26.0, source= 7
04-03 22:19:34.185 2635 2705 D VRR [OPlusRefreshRateService]: notifyBrightnessChange brightness: 193.0
04-03 22:19:34.185 2635 2658 D DisplayManagerService: Delivering display event: displayId=0, event=4
04-03 22:19:34.294 2635 3161 D LightsServiceExtImpl: baseSetLightLocked end.
04-03 22:19:34.295 2635 3161 D OplusFeatureDCBacklight: notifySfRepaintEverything begin mCurrentDCMode:-1
04-03 22:19:34.300 2635 2705 D OplusDisplayPowerControllerExtImpl: original brightness to dataBase:193 final brightness:193.0 scale:1.0 reason:4 darkLevel:0
04-03 22:19:34.300 2635 2705 D DisplayPowerController[0]: Animating brightness: target=193.0, rate=26.0, source= 7
04-03 22:19:34.304 2635 2705 D VRR [OPlusRefreshRateService]: notifyBrightnessChange brightness: 193.0
04-03 22:19:34.305 2635 2658 D DisplayManagerService: Delivering display event: displayId=0, event=4
04-03 22:19:34.343 2635 3161 D LightsServiceExtImpl: baseSetLightLocked end.
04-03 22:19:34.344 2635 3161 D OplusFeatureDCBacklight: notifySfRepaintEverything begin mCurrentDCMode:-1
04-03 22:19:34.348 2635 2705 D OplusDisplayPowerControllerExtImpl: original brightness to dataBase:193 final brightness:193.0 scale:1.0 reason:4 darkLevel:0
04-03 22:19:34.348 2635 2705 D DisplayPowerController[0]: Animating brightness: target=193.0, rate=26.0, source= 7
04-03 22:19:34.350 2635 2705 D VRR [OPlusRefreshRateService]: notifyBrightnessChange brightness: 193.0
04-03 22:19:34.350 2635 2658 D DisplayManagerService: Delivering display event: displayId=0, event=4
04-03 22:19:34.368 2635 3161 D LightsServiceExtImpl: baseSetLightLocked end.
04-03 22:19:34.370 2635 3161 D OplusFeatureDCBacklight: notifySfRepaintEverything begin mCurrentDCMode:-1
04-03 22:19:34.373 2635 2705 D OplusDisplayPowerControllerExtImpl: original brightness to dataBase:193 final brightness:193.0 scale:1.0 reason:4 darkLevel:0
04-03 22:19:34.374 2635 2705 D DisplayPowerController[0]: Animating brightness: target=193.0, rate=26.0, source= 7
04-03 22:19:34.376 2635 2705 D VRR [OPlusRefreshRateService]: notifyBrightnessChange brightness: 193.0
04-03 22:19:34.376 2635 2658 D DisplayManagerService: Delivering display event: displayId=0, event=4
04-03 22:19:34.443 2635 3161 D LightsServiceExtImpl: baseSetLightLocked end.
04-03 22:19:34.445 2635 3161 D OplusFeatureDCBacklight: notifySfRepaintEverything begin mCurrentDCMode:-1
04-03 22:19:34.449 2635 2705 D OplusDisplayPowerControllerExtImpl: original brightness to dataBase:193 final brightness:193.0 scale:1.0 reason:4 darkLevel:0
04-03 22:19:34.449 2635 2705 D DisplayPowerController[0]: Animating brightness: target=193.0, rate=26.0, source= 7
04-03 22:19:34.451 2635 2705 D VRR [OPlusRefreshRateService]: notifyBrightnessChange brightness: 193.0
04-03 22:19:34.451 2635 2658 D DisplayManagerService: Delivering display event: displayId=0, event=4
04-03 22:19:34.563 2635 3161 D LightsServiceExtImpl: baseSetLightLocked end.
04-03 22:19:34.565 2635 3161 D OplusFeatureDCBacklight: notifySfRepaintEverything begin mCurrentDCMode:-1
04-03 22:19:34.582 2635 2705 D OplusDisplayPowerControllerExtImpl: original brightness to dataBase:193 final brightness:193.0 scale:1.0 reason:4 darkLevel:0
04-03 22:19:34.582 2635 2705 D DisplayPowerController[0]: Animating brightness: target=193.0, rate=26.0, source= 7
04-03 22:19:34.583 2635 2705 D VRR [OPlusRefreshRateService]: notifyBrightnessChange brightness: 193.0
04-03 22:19:34.584 2635 2705 D OplusDisplayPowerControllerExtImpl: original brightness to dataBase:193 final brightness:193.0 scale:1.0 reason:4 darkLevel:0
04-03 22:19:34.584 2635 2705 D DisplayPowerController[0]: Animating brightness: target=193.0, rate=26.0, source= 7
04-03 22:19:34.585 2635 2658 D DisplayManagerService: Delivering display event: displayId=0, event=4
04-03 22:19:34.588 2635 2705 D VRR [OPlusRefreshRateService]: notifyBrightnessChange brightness: 193.0
04-03 22:19:34.590 2635 3161 D LightsServiceExtImpl: baseSetLightLocked end.
04-03 22:19:34.591 2635 3161 D OplusFeatureDCBacklight: notifySfRepaintEverything begin mCurrentDCMode:-1
04-03 22:19:34.594 2635 2705 D OplusDisplayPowerControllerExtImpl: original brightness to dataBase:193 final brightness:193.0 scale:1.0 reason:4 darkLevel:0
04-03 22:19:34.594 2635 2705 D DisplayPowerController[0]: Animating brightness: target=193.0, rate=26.0, source= 7
04-03 22:19:34.595 2635 2705 D VRR [OPlusRefreshRateService]: notifyBrightnessChange brightness: 193.0
04-03 22:19:34.597 2635 2658 D DisplayManagerService: Delivering display event: displayId=0, event=4
04-03 22:19:34.657 2635 3161 D LightsServiceExtImpl: baseSetLightLocked end.
04-03 22:19:34.659 2635 3161 D OplusFeatureDCBacklight: notifySfRepaintEverything begin mCurrentDCMode:-1
04-03 22:19:34.665 2635 2705 D OplusDisplayPowerControllerExtImpl: original brightness to dataBase:193 final brightness:193.0 scale:1.0 reason:4 darkLevel:0
04-03 22:19:34.665 2635 2705 D DisplayPowerController[0]: Animating brightness: target=193.0, rate=26.0, source= 7
04-03 22:19:34.667 2635 2705 D VRR [OPlusRefreshRateService]: notifyBrightnessChange brightness: 193.0
04-03 22:19:34.668 2635 2658 D DisplayManagerService: Delivering display event: displayId=0, event=4
04-03 22:19:34.699 2635 3161 D LightsServiceExtImpl: baseSetLightLocked end.
04-03 22:19:34.701 2635 3161 D OplusFeatureDCBacklight: notifySfRepaintEverything begin mCurrentDCMode:-1
04-03 22:19:34.707 2635 2705 D OplusDisplayPowerControllerExtImpl: original brightness to dataBase:193 final brightness:193.0 scale:1.0 reason:4 darkLevel:0
04-03 22:19:34.708 2635 2705 D DisplayPowerController[0]: Animating brightness: target=193.0, rate=26.0, source= 7
04-03 22:19:34.710 2635 2705 D VRR [OPlusRefreshRateService]: notifyBrightnessChange brightness: 193.0
04-03 22:19:34.712 2635 2658 D DisplayManagerService: Delivering display event: displayId=0, event=4
04-03 22:19:34.714 2635 3161 D LightsServiceExtImpl: baseSetLightLocked end.
04-03 22:19:34.717 2635 3161 D OplusFeatureDCBacklight: notifySfRepaintEverything begin mCurrentDCMode:-1
04-03 22:19:34.723 2635 2705 D OplusDisplayPowerControllerExtImpl: original brightness to dataBase:193 final brightness:193.0 scale:1.0 reason:4 darkLevel:0
04-03 22:19:34.723 2635 2705 D DisplayPowerController[0]: Animating brightness: target=193.0, rate=26.0, source= 7
04-03 22:19:34.724 2635 2705 D VRR [OPlusRefreshRateService]: notifyBrightnessChange brightness: 193.0
04-03 22:19:34.725 2635 2658 D DisplayManagerService: Delivering display event: displayId=0, event=4
04-03 22:19:34.829 2635 3161 D LightsServiceExtImpl: baseSetLightLocked end.
04-03 22:19:34.832 2635 3161 D OplusFeatureDCBacklight: notifySfRepaintEverything begin mCurrentDCMode:-1
04-03 22:19:34.849 2635 2705 D OplusDisplayPowerControllerExtImpl: original brightness to dataBase:193 final brightness:193.0 scale:1.0 reason:4 darkLevel:0
04-03 22:19:34.849 2635 2705 D DisplayPowerController[0]: Animating brightness: target=193.0, rate=26.0, source= 7
04-03 22:19:34.852 2635 2705 D VRR [OPlusRefreshRateService]: notifyBrightnessChange brightness: 193.0
04-03 22:19:34.853 2635 2658 D DisplayManagerService: Delivering display event: displayId=0, event=4
04-03 22:19:35.009 2635 3161 D LightsServiceExtImpl: baseSetLightLocked end.
04-03 22:19:35.012 2635 3161 D OplusFeatureDCBacklight: notifySfRepaintEverything begin mCurrentDCMode:-1
04-03 22:19:35.026 2635 2705 D OplusDisplayPowerControllerExtImpl: original brightness to dataBase:193 final brightness:193.0 scale:1.0 reason:4 darkLevel:0
04-03 22:19:35.026 2635 2705 D DisplayPowerController[0]: Animating brightness: target=193.0, rate=26.0, source= 7
04-03 22:19:35.036 2635 2705 D VRR [OPlusRefreshRateService]: notifyBrightnessChange brightness: 193.0
04-03 22:19:35.037 2635 2658 D DisplayManagerService: Delivering display event: displayId=0, event=4
04-03 22:19:35.054 2635 3161 D LightsServiceExtImpl: baseSetLightLocked end.
04-03 22:19:35.055 2635 3161 D OplusFeatureDCBacklight: notifySfRepaintEverything begin mCurrentDCMode:-1
04-03 22:19:35.059 2635 2705 D OplusDisplayPowerControllerExtImpl: original brightness to dataBase:193 final brightness:193.0 scale:1.0 reason:4 darkLevel:0
04-03 22:19:35.059 2635 2705 D DisplayPowerController[0]: Animating brightness: target=193.0, rate=26.0, source= 7
04-03 22:19:35.060 2635 2705 D VRR [OPlusRefreshRateService]: notifyBrightnessChange brightness: 193.0
04-03 22:19:35.061 2635 2658 D DisplayManagerService: Delivering display event: displayId=0, event=4
04-03 22:19:35.089 2635 3161 D LightsServiceExtImpl: baseSetLightLocked end.
04-03 22:19:35.090 2635 3161 D OplusFeatureDCBacklight: notifySfRepaintEverything begin mCurrentDCMode:-1
04-03 22:19:35.094 2635 2705 D OplusDisplayPowerControllerExtImpl: original brightness to dataBase:193 final brightness:193.0 scale:1.0 reason:4 darkLevel:0
04-03 22:19:35.095 2635 2705 D DisplayPowerController[0]: Animating brightness: target=193.0, rate=26.0, source= 7
04-03 22:19:35.096 2635 2705 D VRR [OPlusRefreshRateService]: notifyBrightnessChange brightness: 193.0
04-03 22:19:35.096 2635 2658 D DisplayManagerService: Delivering display event: displayId=0, event=4
04-03 22:19:35.164 2635 3161 D LightsServiceExtImpl: baseSetLightLocked end.
04-03 22:19:35.165 2635 3161 D OplusFeatureDCBacklight: notifySfRepaintEverything begin mCurrentDCMode:-1
04-03 22:19:35.168 2635 2705 D OplusDisplayPowerControllerExtImpl: original brightness to dataBase:193 final brightness:193.0 scale:1.0 reason:4 darkLevel:0
04-03 22:19:35.168 2635 2705 D DisplayPowerController[0]: Animating brightness: target=193.0, rate=26.0, source= 7
04-03 22:19:35.169 2635 2705 D VRR [OPlusRefreshRateService]: notifyBrightnessChange brightness: 193.0
04-03 22:19:35.170 2635 2658 D DisplayManagerService: Delivering display event: displayId=0, event=4
04-03 22:19:35.261 2635 3161 D LightsServiceExtImpl: baseSetLightLocked end.
04-03 22:19:35.263 2635 3161 D OplusFeatureDCBacklight: notifySfRepaintEverything begin mCurrentDCMode:-1
04-03 22:19:35.266 2635 2705 D OplusDisplayPowerControllerExtImpl: original brightness to dataBase:193 final brightness:193.0 scale:1.0 reason:4 darkLevel:0
04-03 22:19:35.266 2635 2705 D DisplayPowerController[0]: Animating brightness: target=193.0, rate=26.0, source= 7
04-03 22:19:35.267 2635 2705 D VRR [OPlusRefreshRateService]: notifyBrightnessChange brightness: 193.0
04-03 22:19:35.268 2635 2658 D DisplayManagerService: Delivering display event: displayId=0, event=4
04-03 22:19:35.277 2635 3161 D LightsServiceExtImpl: baseSetLightLocked end.
04-03 22:19:35.278 2635 3161 D OplusFeatureDCBacklight: notifySfRepaintEverything begin mCurrentDCMode:-1
04-03 22:19:35.284 2635 2705 D OplusDisplayPowerControllerExtImpl: original brightness to dataBase:193 final brightness:193.0 scale:1.0 reason:4 darkLevel:0
04-03 22:19:35.284 2635 2705 D DisplayPowerController[0]: Animating brightness: target=193.0, rate=26.0, source= 7
04-03 22:19:35.285 2635 2705 D VRR [OPlusRefreshRateService]: notifyBrightnessChange brightness: 193.0
04-03 22:19:35.285 2635 2658 D DisplayManagerService: Delivering display event: displayId=0, event=4
04-03 22:19:35.344 2635 3161 D LightsServiceExtImpl: baseSetLightLocked end.
04-03 22:19:35.346 2635 3161 D OplusFeatureDCBacklight: notifySfRepaintEverything begin mCurrentDCMode:-1
04-03 22:19:35.348 2635 2705 D OplusDisplayPowerControllerExtImpl: original brightness to dataBase:193 final brightness:193.0 scale:1.0 reason:4 darkLevel:0
04-03 22:19:35.349 2635 2705 D DisplayPowerController[0]: Animating brightness: target=193.0, rate=26.0, source= 7
04-03 22:19:35.349 2635 2705 D VRR [OPlusRefreshRateService]: notifyBrightnessChange brightness: 193.0
04-03 22:19:35.350 2635 2658 D DisplayManagerService: Delivering display event: displayId=0, event=4
04-03 22:19:35.451 2635 3161 D LightsServiceExtImpl: baseSetLightLocked end.
04-03 22:19:35.453 2635 3161 D OplusFeatureDCBacklight: notifySfRepaintEverything begin mCurrentDCMode:-1
04-03 22:19:35.467 2635 3161 D LightsServiceExtImpl: baseSetLightLocked end.
04-03 22:19:35.468 2635 2705 D OplusDisplayPowerControllerExtImpl: original brightness to dataBase:193 final brightness:193.0 scale:1.0 reason:4 darkLevel:0
04-03 22:19:35.468 2635 2705 D DisplayPowerController[0]: Animating brightness: target=193.0, rate=26.0, source= 7
04-03 22:19:35.469 2635 3161 D OplusFeatureDCBacklight: notifySfRepaintEverything begin mCurrentDCMode:-1
04-03 22:19:35.470 2635 2705 D VRR [OPlusRefreshRateService]: notifyBrightnessChange brightness: 193.0
04-03 22:19:35.471 2635 2658 D DisplayManagerService: Delivering display event: displayId=0, event=4
04-03 22:19:35.480 2635 2705 D OplusDisplayPowerControllerExtImpl: original brightness to dataBase:193 final brightness:193.0 scale:1.0 reason:4 darkLevel:0
04-03 22:19:35.480 2635 2705 D DisplayPowerController[0]: Animating brightness: target=193.0, rate=26.0, source= 7
04-03 22:19:35.482 2635 2705 D VRR [OPlusRefreshRateService]: notifyBrightnessChange brightness: 193.0
04-03 22:19:35.482 2635 2658 D DisplayManagerService: Delivering display event: displayId=0, event=4
04-03 22:19:35.522 2635 3161 D LightsServiceExtImpl: baseSetLightLocked end.
04-03 22:19:35.525 2635 3161 D OplusFeatureDCBacklight: notifySfRepaintEverything begin mCurrentDCMode:-1
04-03 22:19:35.533 2635 2705 D OplusDisplayPowerControllerExtImpl: original brightness to dataBase:193 final brightness:193.0 scale:1.0 reason:4 darkLevel:0
04-03 22:19:35.534 2635 2705 D DisplayPowerController[0]: Animating brightness: target=193.0, rate=26.0, source= 7
04-03 22:19:35.536 2635 2705 D VRR [OPlusRefreshRateService]: notifyBrightnessChange brightness: 193.0
04-03 22:19:35.537 2635 2658 D DisplayManagerService: Delivering display event: displayId=0, event=4
04-03 22:19:35.728 2635 3161 D LightsServiceExtImpl: baseSetLightLocked end.
04-03 22:19:35.730 2635 3161 D OplusFeatureDCBacklight: notifySfRepaintEverything begin mCurrentDCMode:-1
04-03 22:19:35.743 2635 2705 D OplusDisplayPowerControllerExtImpl: original brightness to dataBase:193 final brightness:193.0 scale:1.0 reason:4 darkLevel:0
04-03 22:19:35.743 2635 2705 D DisplayPowerController[0]: Animating brightness: target=193.0, rate=26.0, source= 7
04-03 22:19:35.745 2635 2705 D VRR [OPlusRefreshRateService]: notifyBrightnessChange brightness: 193.0
04-03 22:19:35.745 2635 2658 D DisplayManagerService: Delivering display event: displayId=0, event=4
04-03 22:19:35.748 2635 3161 D LightsServiceExtImpl: baseSetLightLocked end.
04-03 22:19:35.750 2635 3161 D OplusFeatureDCBacklight: notifySfRepaintEverything begin mCurrentDCMode:-1
04-03 22:19:35.758 2635 2705 D OplusDisplayPowerControllerExtImpl: original brightness to dataBase:193 final brightness:193.0 scale:1.0 reason:4 darkLevel:0
04-03 22:19:35.758 2635 2705 D DisplayPowerController[0]: Animating brightness: target=193.0, rate=26.0, source= 7
04-03 22:19:35.759 2635 2705 D VRR [OPlusRefreshRateService]: notifyBrightnessChange brightness: 193.0
04-03 22:19:35.760 2635 2658 D DisplayManagerService: Delivering display event: displayId=0, event=4
04-03 22:19:35.788 2635 3161 D LightsServiceExtImpl: baseSetLightLocked end.
04-03 22:19:35.790 2635 3161 D OplusFeatureDCBacklight: notifySfRepaintEverything begin mCurrentDCMode:-1
04-03 22:19:35.798 2635 2705 D OplusDisplayPowerControllerExtImpl: original brightness to dataBase:193 final brightness:193.0 scale:1.0 reason:4 darkLevel:0
04-03 22:19:35.798 2635 2705 D DisplayPowerController[0]: Animating brightness: target=193.0, rate=26.0, source= 7
04-03 22:19:35.800 2635 2705 D VRR [OPlusRefreshRateService]: notifyBrightnessChange brightness: 193.0
04-03 22:19:35.801 2635 2658 D DisplayManagerService: Delivering display event: displayId=0, event=4
04-03 22:19:35.923 2635 3161 D LightsServiceExtImpl: baseSetLightLocked end.
04-03 22:19:35.925 2635 3161 D OplusFeatureDCBacklight: notifySfRepaintEverything begin mCurrentDCMode:-1
04-03 22:19:35.929 2635 2705 D OplusFeatureBrightnessBarController: mDarkLevel: 0
04-03 22:19:35.941 2635 2705 D OplusDisplayPowerControllerExtImpl: original brightness to dataBase:193 final brightness:193.0 scale:1.0 reason:4 darkLevel:0
04-03 22:19:35.941 2635 2705 D DisplayPowerController[0]: Animating brightness: target=193.0, rate=26.0, source= 7
04-03 22:19:35.943 2635 2705 D VRR [OPlusRefreshRateService]: notifyBrightnessChange brightness: 193.0
04-03 22:19:35.943 2635 2658 D DisplayManagerService: Delivering display event: displayId=0, event=4
04-03 22:19:35.997 2635 3161 D LightsServiceExtImpl: baseSetLightLocked end.
04-03 22:19:36.000 2635 3161 D OplusFeatureDCBacklight: notifySfRepaintEverything begin mCurrentDCMode:-1
04-03 22:19:36.004 2635 2705 D OplusDisplayPowerControllerExtImpl: original brightness to dataBase:193 final brightness:193.0 scale:1.0 reason:4 darkLevel:0
04-03 22:19:36.005 2635 2705 D DisplayPowerController[0]: Animating brightness: target=193.0, rate=26.0, source= 7
04-03 22:19:36.006 2635 2705 D VRR [OPlusRefreshRateService]: notifyBrightnessChange brightness: 193.0
04-03 22:19:36.007 2635 2658 D DisplayManagerService: Delivering display event: displayId=0, event=4
04-03 22:19:36.077 2635 3161 D LightsServiceExtImpl: baseSetLightLocked end.
04-03 22:19:36.078 2635 3161 D OplusFeatureDCBacklight: notifySfRepaintEverything begin mCurrentDCMode:-1
04-03 22:19:36.081 2635 2705 D OplusDisplayPowerControllerExtImpl: original brightness to dataBase:193 final brightness:193.0 scale:1.0 reason:4 darkLevel:0
04-03 22:19:36.081 2635 2705 D DisplayPowerController[0]: Animating brightness: target=193.0, rate=26.0, source= 7
04-03 22:19:36.083 2635 2705 D VRR [OPlusRefreshRateService]: notifyBrightnessChange brightness: 193.0
04-03 22:19:36.083 2635 2658 D DisplayManagerService: Delivering display event: displayId=0, event=4
04-03 22:19:36.181 2635 3161 D LightsServiceExtImpl: baseSetLightLocked end.
04-03 22:19:36.182 2635 3161 D OplusFeatureDCBacklight: notifySfRepaintEverything begin mCurrentDCMode:-1
04-03 22:19:36.186 2635 2705 D OplusDisplayPowerControllerExtImpl: original brightness to dataBase:193 final brightness:193.0 scale:1.0 reason:4 darkLevel:0
04-03 22:19:36.186 2635 2705 D DisplayPowerController[0]: Animating brightness: target=193.0, rate=26.0, source= 7
04-03 22:19:36.187 2635 2705 D VRR [OPlusRefreshRateService]: notifyBrightnessChange brightness: 193.0
04-03 22:19:36.188 2635 2658 D DisplayManagerService: Delivering display event: displayId=0, event=4
04-03 22:19:36.313 2635 3161 D LightsServiceExtImpl: baseSetLightLocked end.
04-03 22:19:36.315 2635 3161 D OplusFeatureDCBacklight: notifySfRepaintEverything begin mCurrentDCMode:-1
04-03 22:19:36.321 2635 2705 D OplusDisplayPowerControllerExtImpl: original brightness to dataBase:193 final brightness:193.0 scale:1.0 reason:4 darkLevel:0
04-03 22:19:36.321 2635 2705 D DisplayPowerController[0]: Animating brightness: target=193.0, rate=26.0, source= 7
04-03 22:19:36.323 2635 2705 D VRR [OPlusRefreshRateService]: notifyBrightnessChange brightness: 193.0
04-03 22:19:36.323 2635 2658 D DisplayManagerService: Delivering display event: displayId=0, event=4
04-03 22:19:36.331 2635 3161 D LightsServiceExtImpl: baseSetLightLocked end.
04-03 22:19:36.332 2635 3161 D OplusFeatureDCBacklight: notifySfRepaintEverything begin mCurrentDCMode:-1
04-03 22:19:36.337 2635 2705 D OplusDisplayPowerControllerExtImpl: original brightness to dataBase:193 final brightness:193.0 scale:1.0 reason:4 darkLevel:0
04-03 22:19:36.337 2635 2705 D DisplayPowerController[0]: Animating brightness: target=193.0, rate=26.0, source= 7
04-03 22:19:36.338 2635 2705 D VRR [OPlusRefreshRateService]: notifyBrightnessChange brightness: 193.0
04-03 22:19:36.339 2635 2658 D DisplayManagerService: Delivering display event: displayId=0, event=4
04-03 22:19:36.387 2635 3161 D LightsServiceExtImpl: baseSetLightLocked end.
04-03 22:19:36.390 2635 3161 D OplusFeatureDCBacklight: notifySfRepaintEverything begin mCurrentDCMode:-1
04-03 22:19:36.396 2635 2705 D OplusDisplayPowerControllerExtImpl: original brightness to dataBase:193 final brightness:193.0 scale:1.0 reason:4 darkLevel:0
04-03 22:19:36.396 2635 2705 D DisplayPowerController[0]: Animating brightness: target=193.0, rate=26.0, source= 7
04-03 22:19:36.399 2635 2705 D VRR [OPlusRefreshRateService]: notifyBrightnessChange brightness: 193.0
04-03 22:19:36.400 2635 2658 D DisplayManagerService: Delivering display event: displayId=0, event=4
04-03 22:19:36.774 2635 3161 D LightsServiceExtImpl: baseSetLightLocked end.
04-03 22:19:36.777 2635 3161 D OplusFeatureDCBacklight: notifySfRepaintEverything begin mCurrentDCMode:-1
04-03 22:19:36.793 2635 2705 D OplusDisplayPowerControllerExtImpl: original brightness to dataBase:193 final brightness:193.0 scale:1.0 reason:4 darkLevel:0
04-03 22:19:36.794 2635 2705 D DisplayPowerController[0]: Animating brightness: target=193.0, rate=26.0, source= 7
04-03 22:19:36.800 2635 2705 D VRR [OPlusRefreshRateService]: notifyBrightnessChange brightness: 193.0
04-03 22:19:36.800 2635 2658 D DisplayManagerService: Delivering display event: displayId=0, event=4
04-03 22:19:36.801 2635 3161 D LightsServiceExtImpl: baseSetLightLocked end.
04-03 22:19:36.803 2635 3161 D OplusFeatureDCBacklight: notifySfRepaintEverything begin mCurrentDCMode:-1
04-03 22:19:36.807 2635 2705 D OplusDisplayPowerControllerExtImpl: original brightness to dataBase:193 final brightness:193.0 scale:1.0 reason:4 darkLevel:0
04-03 22:19:36.807 2635 2705 D DisplayPowerController[0]: Animating brightness: target=193.0, rate=26.0, source= 7
04-03 22:19:36.808 2635 2705 D VRR [OPlusRefreshRateService]: notifyBrightnessChange brightness: 193.0
04-03 22:19:36.808 2635 2658 D DisplayManagerService: Delivering display event: displayId=0, event=4
04-03 22:19:36.832 2635 3161 D LightsServiceExtImpl: baseSetLightLocked end.
04-03 22:19:36.833 2635 3161 D OplusFeatureDCBacklight: notifySfRepaintEverything begin mCurrentDCMode:-1
04-03 22:19:36.841 2635 2705 D OplusDisplayPowerControllerExtImpl: original brightness to dataBase:193 final brightness:193.0 scale:1.0 reason:4 darkLevel:0
04-03 22:19:36.841 2635 2705 D DisplayPowerController[0]: Animating brightness: target=193.0, rate=26.0, source= 7
04-03 22:19:36.843 2635 2705 D VRR [OPlusRefreshRateService]: notifyBrightnessChange brightness: 193.0
04-03 22:19:36.844 2635 2658 D DisplayManagerService: Delivering display event: displayId=0, event=4
04-03 22:19:37.058 2635 3161 D LightsServiceExtImpl: baseSetLightLocked end.
04-03 22:19:37.060 2635 3161 D OplusFeatureDCBacklight: notifySfRepaintEverything begin mCurrentDCMode:-1
04-03 22:19:37.067 2635 2705 D OplusDisplayPowerControllerExtImpl: original brightness to dataBase:193 final brightness:193.0 scale:1.0 reason:4 darkLevel:0
04-03 22:19:37.067 2635 2705 D DisplayPowerController[0]: Animating brightness: target=193.0, rate=26.0, source= 7
04-03 22:19:37.068 2635 2705 D VRR [OPlusRefreshRateService]: notifyBrightnessChange brightness: 193.0
04-03 22:19:37.069 2635 2658 D DisplayManagerService: Delivering display event: displayId=0, event=4
04-03 22:19:37.141 2635 3161 D LightsServiceExtImpl: baseSetLightLocked end.
04-03 22:19:37.144 2635 3161 D OplusFeatureDCBacklight: notifySfRepaintEverything begin mCurrentDCMode:-1
04-03 22:19:37.154 2635 2705 D OplusDisplayPowerControllerExtImpl: original brightness to dataBase:193 final brightness:193.0 scale:1.0 reason:4 darkLevel:0
04-03 22:19:37.154 2635 2705 D DisplayPowerController[0]: Animating brightness: target=193.0, rate=26.0, source= 7
04-03 22:19:37.156 2635 2705 D VRR [OPlusRefreshRateService]: notifyBrightnessChange brightness: 193.0
04-03 22:19:37.157 2635 2658 D DisplayManagerService: Delivering display event: displayId=0, event=4
04-03 22:19:37.247 2635 3161 D LightsServiceExtImpl: baseSetLightLocked end.
04-03 22:19:37.249 2635 3161 D OplusFeatureDCBacklight: notifySfRepaintEverything begin mCurrentDCMode:-1
04-03 22:19:37.255 2635 2705 D OplusDisplayPowerControllerExtImpl: original brightness to dataBase:193 final brightness:193.0 scale:1.0 reason:4 darkLevel:0
04-03 22:19:37.255 2635 2705 D DisplayPowerController[0]: Animating brightness: target=193.0, rate=26.0, source= 7
04-03 22:19:37.260 2635 2705 D VRR [OPlusRefreshRateService]: notifyBrightnessChange brightness: 193.0
04-03 22:19:37.260 2635 2658 D DisplayManagerService: Delivering display event: displayId=0, event=4
04-03 22:19:37.381 2635 3161 D LightsServiceExtImpl: baseSetLightLocked end.
04-03 22:19:37.384 2635 3161 D OplusFeatureDCBacklight: notifySfRepaintEverything begin mCurrentDCMode:-1
04-03 22:19:37.390 2635 2705 D OplusDisplayPowerControllerExtImpl: original brightness to dataBase:193 final brightness:193.0 scale:1.0 reason:4 darkLevel:0
04-03 22:19:37.390 2635 2705 D DisplayPowerController[0]: Animating brightness: target=193.0, rate=26.0, source= 7
04-03 22:19:37.393 2635 2705 D VRR [OPlusRefreshRateService]: notifyBrightnessChange brightness: 193.0
04-03 22:19:37.393 2635 2658 D DisplayManagerService: Delivering display event: displayId=0, event=4
04-03 22:19:37.454 2635 3161 D LightsServiceExtImpl: baseSetLightLocked end.
04-03 22:19:37.457 2635 3161 D OplusFeatureDCBacklight: notifySfRepaintEverything begin mCurrentDCMode:-1
04-03 22:19:37.465 2635 2705 D OplusDisplayPowerControllerExtImpl: original brightness to dataBase:193 final brightness:193.0 scale:1.0 reason:4 darkLevel:0
04-03 22:19:37.466 2635 2705 D DisplayPowerController[0]: Animating brightness: target=193.0, rate=26.0, source= 7
04-03 22:19:37.471 2635 2705 D VRR [OPlusRefreshRateService]: notifyBrightnessChange brightness: 193.0
04-03 22:19:37.471 2635 2658 D DisplayManagerService: Delivering display event: displayId=0, event=4
04-03 22:19:37.580 2635 3161 D LightsServiceExtImpl: baseSetLightLocked end.
04-03 22:19:37.582 2635 3161 D OplusFeatureDCBacklight: notifySfRepaintEverything begin mCurrentDCMode:-1
04-03 22:19:37.601 2635 2705 D OplusDisplayPowerControllerExtImpl: original brightness to dataBase:193 final brightness:193.0 scale:1.0 reason:4 darkLevel:0
04-03 22:19:37.601 2635 2705 D DisplayPowerController[0]: Animating brightness: target=193.0, rate=26.0, source= 7
04-03 22:19:37.602 2635 2705 D VRR [OPlusRefreshRateService]: notifyBrightnessChange brightness: 193.0
04-03 22:19:37.602 2635 2658 D DisplayManagerService: Delivering display event: displayId=0, event=4
04-03 22:19:37.708 2635 3161 D LightsServiceExtImpl: baseSetLightLocked end.
04-03 22:19:37.711 2635 3161 D OplusFeatureDCBacklight: notifySfRepaintEverything begin mCurrentDCMode:-1
04-03 22:19:37.729 2635 2705 D OplusDisplayPowerControllerExtImpl: original brightness to dataBase:193 final brightness:193.0 scale:1.0 reason:4 darkLevel:0
04-03 22:19:37.729 2635 2705 D DisplayPowerController[0]: Animating brightness: target=193.0, rate=26.0, source= 7
04-03 22:19:37.731 2635 2705 D VRR [OPlusRefreshRateService]: notifyBrightnessChange brightness: 193.0
04-03 22:19:37.731 2635 2658 D DisplayManagerService: Delivering display event: displayId=0, event=4
04-03 22:19:37.787 2635 3161 D LightsServiceExtImpl: baseSetLightLocked end.
04-03 22:19:37.790 2635 3161 D OplusFeatureDCBacklight: notifySfRepaintEverything begin mCurrentDCMode:-1
04-03 22:19:37.800 2635 2705 D OplusDisplayPowerControllerExtImpl: original brightness to dataBase:193 final brightness:193.0 scale:1.0 reason:4 darkLevel:0
04-03 22:19:37.802 2635 2705 D DisplayPowerController[0]: Animating brightness: target=193.0, rate=26.0, source= 7
04-03 22:19:37.807 2635 2705 D VRR [OPlusRefreshRateService]: notifyBrightnessChange brightness: 193.0
04-03 22:19:37.807 2635 2658 D DisplayManagerService: Delivering display event: displayId=0, event=4
04-03 22:19:38.037 2635 3161 D LightsServiceExtImpl: baseSetLightLocked end.
04-03 22:19:38.040 2635 3161 D OplusFeatureDCBacklight: notifySfRepaintEverything begin mCurrentDCMode:-1
04-03 22:19:38.054 2635 2705 D OplusDisplayPowerControllerExtImpl: original brightness to dataBase:193 final brightness:193.0 scale:1.0 reason:4 darkLevel:0
04-03 22:19:38.054 2635 2705 D DisplayPowerController[0]: Animating brightness: target=193.0, rate=26.0, source= 7
04-03 22:19:38.057 2635 2705 D VRR [OPlusRefreshRateService]: notifyBrightnessChange brightness: 193.0
04-03 22:19:38.059 2635 2658 D DisplayManagerService: Delivering display event: displayId=0, event=4
04-03 22:19:38.097 2635 3161 D LightsServiceExtImpl: baseSetLightLocked end.
04-03 22:19:38.099 2635 3161 D OplusFeatureDCBacklight: notifySfRepaintEverything begin mCurrentDCMode:-1
04-03 22:19:38.107 2635 2705 D OplusDisplayPowerControllerExtImpl: original brightness to dataBase:193 final brightness:193.0 scale:1.0 reason:4 darkLevel:0
04-03 22:19:38.107 2635 2705 D DisplayPowerController[0]: Animating brightness: target=193.0, rate=26.0, source= 7
04-03 22:19:38.110 2635 2705 D VRR [OPlusRefreshRateService]: notifyBrightnessChange brightness: 193.0
04-03 22:19:38.112 2635 2658 D DisplayManagerService: Delivering display event: displayId=0, event=4
04-03 22:19:38.139 2635 3161 D LightsServiceExtImpl: baseSetLightLocked end.
04-03 22:19:38.140 2635 3161 D OplusFeatureDCBacklight: notifySfRepaintEverything begin mCurrentDCMode:-1
04-03 22:19:38.143 2635 2705 D OplusDisplayPowerControllerExtImpl: original brightness to dataBase:193 final brightness:193.0 scale:1.0 reason:4 darkLevel:0
04-03 22:19:38.143 2635 2705 D DisplayPowerController[0]: Animating brightness: target=193.0, rate=26.0, source= 7
04-03 22:19:38.145 2635 2705 D VRR [OPlusRefreshRateService]: notifyBrightnessChange brightness: 193.0
04-03 22:19:38.145 2635 2658 D DisplayManagerService: Delivering display event: displayId=0, event=4
04-03 22:19:38.255 2635 3161 D LightsServiceExtImpl: baseSetLightLocked end.
04-03 22:19:38.256 2635 3161 D OplusFeatureDCBacklight: notifySfRepaintEverything begin mCurrentDCMode:-1
04-03 22:19:38.262 2635 2705 D OplusDisplayPowerControllerExtImpl: original brightness to dataBase:193 final brightness:193.0 scale:1.0 reason:4 darkLevel:0
04-03 22:19:38.262 2635 2705 D DisplayPowerController[0]: Animating brightness: target=193.0, rate=26.0, source= 7
04-03 22:19:38.263 2635 2705 D VRR [OPlusRefreshRateService]: notifyBrightnessChange brightness: 193.0
04-03 22:19:38.264 2635 2658 D DisplayManagerService: Delivering display event: displayId=0, event=4
04-03 22:19:38.273 2635 3161 D LightsServiceExtImpl: baseSetLightLocked end.
04-03 22:19:38.274 2635 3161 D OplusFeatureDCBacklight: notifySfRepaintEverything begin mCurrentDCMode:-1
04-03 22:19:38.277 2635 2705 D OplusDisplayPowerControllerExtImpl: original brightness to dataBase:193 final brightness:193.0 scale:1.0 reason:4 darkLevel:0
04-03 22:19:38.277 2635 2705 D DisplayPowerController[0]: Animating brightness: target=193.0, rate=26.0, source= 7
04-03 22:19:38.278 2635 2705 D VRR [OPlusRefreshRateService]: notifyBrightnessChange brightness: 193.0
04-03 22:19:38.278 2635 2658 D DisplayManagerService: Delivering display event: displayId=0, event=4
04-03 22:19:38.285 2635 3161 D LightsServiceExtImpl: baseSetLightLocked end.
04-03 22:19:38.286 2635 3161 D OplusFeatureDCBacklight: notifySfRepaintEverything begin mCurrentDCMode:-1
04-03 22:19:38.289 2635 2705 D OplusDisplayPowerControllerExtImpl: original brightness to dataBase:193 final brightness:193.0 scale:1.0 reason:4 darkLevel:0
04-03 22:19:38.289 2635 2705 D DisplayPowerController[0]: Animating brightness: target=193.0, rate=26.0, source= 7
04-03 22:19:38.290 2635 2705 D VRR [OPlusRefreshRateService]: notifyBrightnessChange brightness: 193.0
04-03 22:19:38.290 2635 2658 D DisplayManagerService: Delivering display event: displayId=0, event=4
04-03 22:19:38.319 2635 3161 D LightsServiceExtImpl: baseSetLightLocked end.
04-03 22:19:38.320 2635 3161 D OplusFeatureDCBacklight: notifySfRepaintEverything begin mCurrentDCMode:-1
04-03 22:19:38.325 2635 2705 D OplusDisplayPowerControllerExtImpl: original brightness to dataBase:193 final brightness:193.0 scale:1.0 reason:4 darkLevel:0
04-03 22:19:38.325 2635 2705 D DisplayPowerController[0]: Animating brightness: target=193.0, rate=26.0, source= 7
04-03 22:19:38.327 2635 2705 D VRR [OPlusRefreshRateService]: notifyBrightnessChange brightness: 193.0
04-03 22:19:38.327 2635 2658 D DisplayManagerService: Delivering display event: displayId=0, event=4
04-03 22:19:38.514 2635 3161 D LightsServiceExtImpl: baseSetLightLocked end.
04-03 22:19:38.517 2635 3161 D OplusFeatureDCBacklight: notifySfRepaintEverything begin mCurrentDCMode:-1
04-03 22:19:38.528 2635 2705 D OplusDisplayPowerControllerExtImpl: original brightness to dataBase:193 final brightness:193.0 scale:1.0 reason:4 darkLevel:0
04-03 22:19:38.529 2635 2705 D DisplayPowerController[0]: Animating brightness: target=193.0, rate=26.0, source= 7
04-03 22:19:38.531 2635 2705 D VRR [OPlusRefreshRateService]: notifyBrightnessChange brightness: 193.0
04-03 22:19:38.532 2635 2658 D DisplayManagerService: Delivering display event: displayId=0, event=4
04-03 22:19:38.549 2635 3161 D LightsServiceExtImpl: baseSetLightLocked end.
04-03 22:19:38.550 2635 3161 D OplusFeatureDCBacklight: notifySfRepaintEverything begin mCurrentDCMode:-1
04-03 22:19:38.554 2635 2705 D OplusDisplayPowerControllerExtImpl: original brightness to dataBase:193 final brightness:193.0 scale:1.0 reason:4 darkLevel:0
04-03 22:19:38.554 2635 2705 D DisplayPowerController[0]: Animating brightness: target=193.0, rate=26.0, source= 7
04-03 22:19:38.555 2635 2705 D VRR [OPlusRefreshRateService]: notifyBrightnessChange brightness: 193.0
04-03 22:19:38.555 2635 2658 D DisplayManagerService: Delivering display event: displayId=0, event=4
04-03 22:19:38.582 2635 3161 D LightsServiceExtImpl: baseSetLightLocked end.
04-03 22:19:38.583 2635 3161 D OplusFeatureDCBacklight: notifySfRepaintEverything begin mCurrentDCMode:-1
04-03 22:19:38.586 2635 2705 D OplusDisplayPowerControllerExtImpl: original brightness to dataBase:193 final brightness:193.0 scale:1.0 reason:4 darkLevel:0
04-03 22:19:38.587 2635 2705 D DisplayPowerController[0]: Animating brightness: target=193.0, rate=26.0, source= 7
04-03 22:19:38.588 2635 2705 D VRR [OPlusRefreshRateService]: notifyBrightnessChange brightness: 193.0
04-03 22:19:38.588 2635 2658 D DisplayManagerService: Delivering display event: displayId=0, event=4
04-03 22:19:38.673 2635 3161 D LightsServiceExtImpl: baseSetLightLocked end.
04-03 22:19:38.674 2635 3161 D OplusFeatureDCBacklight: notifySfRepaintEverything begin mCurrentDCMode:-1
04-03 22:19:38.681 2635 2705 D OplusDisplayPowerControllerExtImpl: original brightness to dataBase:193 final brightness:193.0 scale:1.0 reason:4 darkLevel:0
04-03 22:19:38.681 2635 2705 D DisplayPowerController[0]: Animating brightness: target=193.0, rate=26.0, source= 7
04-03 22:19:38.683 2635 2705 D VRR [OPlusRefreshRateService]: notifyBrightnessChange brightness: 193.0
04-03 22:19:38.684 2635 2658 D DisplayManagerService: Delivering display event: displayId=0, event=4
04-03 22:19:39.073 2635 3161 D LightsServiceExtImpl: baseSetLightLocked end.
04-03 22:19:39.074 2635 3161 D OplusFeatureDCBacklight: notifySfRepaintEverything begin mCurrentDCMode:-1
04-03 22:19:39.077 2635 2705 D OplusDisplayPowerControllerExtImpl: original brightness to dataBase:193 final brightness:193.0 scale:1.0 reason:4 darkLevel:0
04-03 22:19:39.077 2635 2705 D DisplayPowerController[0]: Animating brightness: target=193.0, rate=26.0, source= 7
04-03 22:19:39.081 2635 2705 D VRR [OPlusRefreshRateService]: notifyBrightnessChange brightness: 193.0
04-03 22:19:39.081 2635 2658 D DisplayManagerService: Delivering display event: displayId=0, event=4
04-03 22:19:39.116 2635 3161 D LightsServiceExtImpl: baseSetLightLocked end.
04-03 22:19:39.119 2635 3161 D OplusFeatureDCBacklight: notifySfRepaintEverything begin mCurrentDCMode:-1
04-03 22:19:39.130 2635 2705 D OplusDisplayPowerControllerExtImpl: original brightness to dataBase:193 final brightness:193.0 scale:1.0 reason:4 darkLevel:0
04-03 22:19:39.130 2635 2705 D DisplayPowerController[0]: Animating brightness: target=193.0, rate=26.0, source= 7
04-03 22:19:39.140 2635 2705 D VRR [OPlusRefreshRateService]: notifyBrightnessChange brightness: 193.0
04-03 22:19:39.140 2635 2658 D DisplayManagerService: Delivering display event: displayId=0, event=4
04-03 22:19:39.162 2635 3161 D LightsServiceExtImpl: baseSetLightLocked end.
04-03 22:19:39.163 2635 3161 D OplusFeatureDCBacklight: notifySfRepaintEverything begin mCurrentDCMode:-1
04-03 22:19:39.165 2635 2705 D OplusDisplayPowerControllerExtImpl: original brightness to dataBase:193 final brightness:193.0 scale:1.0 reason:4 darkLevel:0
04-03 22:19:39.166 2635 2705 D DisplayPowerController[0]: Animating brightness: target=193.0, rate=26.0, source= 7
04-03 22:19:39.167 2635 2705 D VRR [OPlusRefreshRateService]: notifyBrightnessChange brightness: 193.0
04-03 22:19:39.167 2635 2658 D DisplayManagerService: Delivering display event: displayId=0, event=4
04-03 22:19:39.271 2635 2705 D OplusDisplayPowerControllerExtImpl: original brightness to dataBase:193 final brightness:193.0 scale:1.0 reason:4 darkLevel:0
04-03 22:19:39.271 2635 2705 D DisplayPowerController[0]: Animating brightness: target=193.0, rate=26.0, source= 7
04-03 22:19:39.271 2635 2705 D VRR [OPlusRefreshRateService]: notifyBrightnessChange brightness: 193.0
04-03 22:19:39.282 2635 3161 D LightsServiceExtImpl: baseSetLightLocked end.
04-03 22:19:39.284 2635 3161 D OplusFeatureDCBacklight: notifySfRepaintEverything begin mCurrentDCMode:-1
04-03 22:19:39.291 2635 2705 D OplusDisplayPowerControllerExtImpl: original brightness to dataBase:193 final brightness:193.0 scale:1.0 reason:4 darkLevel:0
04-03 22:19:39.291 2635 2705 D DisplayPowerController[0]: Animating brightness: target=193.0, rate=26.0, source= 7
04-03 22:19:39.291 2635 2705 D VRR [OPlusRefreshRateService]: notifyBrightnessChange brightness: 193.0
04-03 22:19:39.292 2635 2658 D DisplayManagerService: Delivering display event: displayId=0, event=4
04-03 22:19:39.328 2635 2705 D OplusFeatureBrightnessBarController: mDarkLevel: 0
04-03 22:19:40.128 2635 2705 D OplusFeatureBrightnessBarController: mDarkLevel: 0
04-03 22:19:40.130 2635 3156 D AIBrightnessModel: handleUpdateBrightness brightness change from BrightnessPoint:(4.151951, 193.74002, 17.238695, 49.688766)->BrightnessPoint:(6.724991, 359.33127, 175.56007, 86.90662) lux:175.50356, [152.0,182.0,183.0,183.0]
04-03 22:19:40.132 2635 2705 I ColorAutomaticBrightnessController: updateAutoBrightness: Auto
04-03 22:19:40.132 2635 2705 I ColorAutomaticBrightnessController: , sendUpdate = true, adjustment = 977.0, AIBrightness = 359, adjustManualBright = 359
04-03 22:19:40.133 2635 2705 D OplusDisplayPowerControllerExtImpl: original brightness to dataBase:359 final brightness:359.0 scale:1.0 reason:4 darkLevel:0
04-03 22:19:40.134 2635 2705 D DisplayPowerController[0]: Animating brightness: target=359.0, rate=124.0, source= 7
04-03 22:19:40.139 2635 2705 D VRR [OPlusRefreshRateService]: notifyBrightnessChange brightness: 359.0
04-03 22:19:40.139 2635 2705 D VRR [OPlusRefreshRateService]: notifyNitsChange nits: 86.751854 discrete nits: 49.678368
04-03 22:19:40.139 2635 2711 D VRR [OPlusRefreshRateService]: handleBrightnessChange nits: 86.751854
04-03 22:19:40.148 2635 3161 D LightsServiceExtImpl: baseSetLightLocked end.
04-03 22:19:40.150 2635 3161 D OplusFeatureDCBacklight: notifySfRepaintEverything begin mCurrentDCMode:-1
04-03 22:19:40.152 2635 2705 D OplusDisplayPowerControllerExtImpl: original brightness to dataBase:359 final brightness:359.0 scale:1.0 reason:4 darkLevel:0
04-03 22:19:40.153 2635 2705 D DisplayPowerController[0]: Animating brightness: target=359.0, rate=124.0, source= 7
04-03 22:19:40.153 2635 2705 D VRR [OPlusRefreshRateService]: notifyBrightnessChange brightness: 359.0
04-03 22:19:40.153 2635 2658 D DisplayManagerService: Delivering display event: displayId=0, event=4
04-03 22:19:40.171 2635 3161 D LightsServiceExtImpl: baseSetLightLocked end.
04-03 22:19:40.172 2635 3161 D OplusFeatureDCBacklight: notifySfRepaintEverything begin mCurrentDCMode:-1
04-03 22:19:40.175 2635 2705 D OplusDisplayPowerControllerExtImpl: original brightness to dataBase:359 final brightness:359.0 scale:1.0 reason:4 darkLevel:0
04-03 22:19:40.175 2635 2705 D DisplayPowerController[0]: Animating brightness: target=359.0, rate=124.0, source= 7
04-03 22:19:40.175 2635 2705 D VRR [OPlusRefreshRateService]: notifyBrightnessChange brightness: 359.0
04-03 22:19:40.176 2635 2658 D DisplayManagerService: Delivering display event: displayId=0, event=4
04-03 22:19:40.183 2635 3161 D LightsServiceExtImpl: baseSetLightLocked end.
04-03 22:19:40.184 2635 3161 D OplusFeatureDCBacklight: notifySfRepaintEverything begin mCurrentDCMode:-1
04-03 22:19:40.187 2635 2705 D OplusDisplayPowerControllerExtImpl: original brightness to dataBase:359 final brightness:359.0 scale:1.0 reason:4 darkLevel:0
04-03 22:19:40.188 2635 2705 D DisplayPowerController[0]: Animating brightness: target=359.0, rate=124.0, source= 7
04-03 22:19:40.188 2635 2705 D VRR [OPlusRefreshRateService]: notifyBrightnessChange brightness: 359.0
04-03 22:19:40.188 2635 2658 D DisplayManagerService: Delivering display event: displayId=0, event=4
04-03 22:19:40.236 2635 3161 D LightsServiceExtImpl: baseSetLightLocked end.
04-03 22:19:40.237 2635 3161 D OplusFeatureDCBacklight: notifySfRepaintEverything begin mCurrentDCMode:-1
04-03 22:19:40.241 2635 2705 D OplusDisplayPowerControllerExtImpl: original brightness to dataBase:359 final brightness:359.0 scale:1.0 reason:4 darkLevel:0
04-03 22:19:40.241 2635 2705 D DisplayPowerController[0]: Animating brightness: target=359.0, rate=124.0, source= 7
04-03 22:19:40.242 2635 2705 D VRR [OPlusRefreshRateService]: notifyBrightnessChange brightness: 359.0
04-03 22:19:40.242 2635 2658 D DisplayManagerService: Delivering display event: displayId=0, event=4
04-03 22:19:40.260 2635 3161 D LightsServiceExtImpl: baseSetLightLocked end.
04-03 22:19:40.262 2635 3161 D OplusFeatureDCBacklight: notifySfRepaintEverything begin mCurrentDCMode:-1
04-03 22:19:40.265 2635 2705 D OplusDisplayPowerControllerExtImpl: original brightness to dataBase:359 final brightness:359.0 scale:1.0 reason:4 darkLevel:0
04-03 22:19:40.265 2635 2705 D DisplayPowerController[0]: Animating brightness: target=359.0, rate=124.0, source= 7
04-03 22:19:40.265 2635 2705 D VRR [OPlusRefreshRateService]: notifyBrightnessChange brightness: 359.0
04-03 22:19:40.265 2635 2658 D DisplayManagerService: Delivering display event: displayId=0, event=4
04-03 22:19:40.269 2635 3161 D LightsServiceExtImpl: baseSetLightLocked end.
04-03 22:19:40.270 2635 3161 D OplusFeatureDCBacklight: notifySfRepaintEverything begin mCurrentDCMode:-1
04-03 22:19:40.275 2635 2705 D OplusDisplayPowerControllerExtImpl: original brightness to dataBase:359 final brightness:359.0 scale:1.0 reason:4 darkLevel:0
04-03 22:19:40.275 2635 2705 D DisplayPowerController[0]: Animating brightness: target=359.0, rate=124.0, source= 7
04-03 22:19:40.275 2635 2705 D VRR [OPlusRefreshRateService]: notifyBrightnessChange brightness: 359.0
04-03 22:19:40.275 2635 2658 D DisplayManagerService: Delivering display event: displayId=0, event=4
04-03 22:19:40.302 2635 3161 D LightsServiceExtImpl: baseSetLightLocked end.
04-03 22:19:40.304 2635 3161 D OplusFeatureDCBacklight: notifySfRepaintEverything begin mCurrentDCMode:-1
04-03 22:19:40.309 2635 2705 D OplusDisplayPowerControllerExtImpl: original brightness to dataBase:359 final brightness:359.0 scale:1.0 reason:4 darkLevel:0
04-03 22:19:40.310 2635 2705 D DisplayPowerController[0]: Animating brightness: target=359.0, rate=124.0, source= 7
04-03 22:19:40.310 2635 2705 D VRR [OPlusRefreshRateService]: notifyBrightnessChange brightness: 359.0
04-03 22:19:40.310 2635 2658 D DisplayManagerService: Delivering display event: displayId=0, event=4
04-03 22:19:40.313 2635 3161 D LightsServiceExtImpl: baseSetLightLocked end.
04-03 22:19:40.315 2635 3161 D OplusFeatureDCBacklight: notifySfRepaintEverything begin mCurrentDCMode:-1
04-03 22:19:40.318 2635 2705 D OplusDisplayPowerControllerExtImpl: original brightness to dataBase:359 final brightness:359.0 scale:1.0 reason:4 darkLevel:0
04-03 22:19:40.318 2635 2705 D DisplayPowerController[0]: Animating brightness: target=359.0, rate=124.0, source= 7
04-03 22:19:40.318 2635 2705 D VRR [OPlusRefreshRateService]: notifyBrightnessChange brightness: 359.0
04-03 22:19:40.319 2635 2658 D DisplayManagerService: Delivering display event: displayId=0, event=4
04-03 22:19:40.327 2635 3161 D LightsServiceExtImpl: baseSetLightLocked end.
04-03 22:19:40.328 2635 3161 D OplusFeatureDCBacklight: notifySfRepaintEverything begin mCurrentDCMode:-1
04-03 22:19:40.330 2635 2705 D OplusDisplayPowerControllerExtImpl: original brightness to dataBase:359 final brightness:359.0 scale:1.0 reason:4 darkLevel:0
04-03 22:19:40.330 2635 2705 D DisplayPowerController[0]: Animating brightness: target=359.0, rate=124.0, source= 7
04-03 22:19:40.331 2635 2705 D VRR [OPlusRefreshRateService]: notifyBrightnessChange brightness: 359.0
04-03 22:19:40.331 2635 2658 D DisplayManagerService: Delivering display event: displayId=0, event=4
04-03 22:19:40.347 2635 3161 D LightsServiceExtImpl: baseSetLightLocked end.
04-03 22:19:40.348 2635 3161 D OplusFeatureDCBacklight: notifySfRepaintEverything begin mCurrentDCMode:-1
04-03 22:19:40.352 2635 2705 D OplusDisplayPowerControllerExtImpl: original brightness to dataBase:359 final brightness:359.0 scale:1.0 reason:4 darkLevel:0
04-03 22:19:40.352 2635 2705 D DisplayPowerController[0]: Animating brightness: target=359.0, rate=124.0, source= 7
04-03 22:19:40.352 2635 2705 D VRR [OPlusRefreshRateService]: notifyBrightnessChange brightness: 359.0
