04-03 22:20:37.154 2635 2705 D OplusDisplayPowerControllerExtImpl: original brightness to dataBase:321 final brightness:321.0 scale:1.0 reason:4 darkLevel:0
04-03 22:20:37.154 2635 2705 D DisplayPowerController[0]: Animating brightness: target=321.0, rate=25.0, source= 7
04-03 22:20:37.155 2635 2705 D VRR [OPlusRefreshRateService]: notifyBrightnessChange brightness: 321.0
04-03 22:20:37.155 2635 2658 D DisplayManagerService: Delivering display event: displayId=0, event=4
04-03 22:20:37.255 2635 3161 D LightsServiceExtImpl: baseSetLightLocked end.
04-03 22:20:37.268 2635 2705 D OplusDisplayPowerControllerExtImpl: original brightness to dataBase:321 final brightness:321.0 scale:1.0 reason:4 darkLevel:0
04-03 22:20:37.268 2635 2705 D DisplayPowerController[0]: Animating brightness: target=321.0, rate=25.0, source= 7
04-03 22:20:37.276 2635 2705 D VRR [OPlusRefreshRateService]: notifyBrightnessChange brightness: 321.0
04-03 22:20:37.278 2635 2658 D DisplayManagerService: Delivering display event: displayId=0, event=4
04-03 22:20:37.335 2635 3161 D LightsServiceExtImpl: baseSetLightLocked end.
04-03 22:20:37.343 2635 2705 D OplusDisplayPowerControllerExtImpl: original brightness to dataBase:321 final brightness:321.0 scale:1.0 reason:4 darkLevel:0
04-03 22:20:37.343 2635 2705 D DisplayPowerController[0]: Animating brightness: target=321.0, rate=25.0, source= 7
04-03 22:20:37.344 2635 2705 D VRR [OPlusRefreshRateService]: notifyBrightnessChange brightness: 321.0
04-03 22:20:37.344 2635 2658 D DisplayManagerService: Delivering display event: displayId=0, event=4
04-03 22:20:37.366 2635 3161 D LightsServiceExtImpl: baseSetLightLocked end.
04-03 22:20:37.371 2635 2705 D OplusDisplayPowerControllerExtImpl: original brightness to dataBase:321 final brightness:321.0 scale:1.0 reason:4 darkLevel:0
04-03 22:20:37.372 2635 2705 D DisplayPowerController[0]: Animating brightness: target=321.0, rate=25.0, source= 7
04-03 22:20:37.374 2635 2705 D VRR [OPlusRefreshRateService]: notifyBrightnessChange brightness: 321.0
04-03 22:20:37.374 2635 2658 D DisplayManagerService: Delivering display event: displayId=0, event=4
04-03 22:20:37.503 2635 3161 D LightsServiceExtImpl: baseSetLightLocked end.
04-03 22:20:37.515 2635 2705 D OplusDisplayPowerControllerExtImpl: original brightness to dataBase:321 final brightness:321.0 scale:1.0 reason:4 darkLevel:0
04-03 22:20:37.515 2635 2705 D DisplayPowerController[0]: Animating brightness: target=321.0, rate=25.0, source= 7
04-03 22:20:37.519 2635 2705 D VRR [OPlusRefreshRateService]: notifyBrightnessChange brightness: 321.0
04-03 22:20:37.520 2635 2658 D DisplayManagerService: Delivering display event: displayId=0, event=4
04-03 22:20:37.591 2635 3161 D LightsServiceExtImpl: baseSetLightLocked end.
04-03 22:20:37.609 2635 2705 D OplusDisplayPowerControllerExtImpl: original brightness to dataBase:321 final brightness:321.0 scale:1.0 reason:4 darkLevel:0
04-03 22:20:37.610 2635 2705 D DisplayPowerController[0]: Animating brightness: target=321.0, rate=25.0, source= 7
04-03 22:20:37.614 2635 2705 D VRR [OPlusRefreshRateService]: notifyBrightnessChange brightness: 321.0
04-03 22:20:37.615 2635 2658 D DisplayManagerService: Delivering display event: displayId=0, event=4
04-03 22:20:37.626 8162 8162 I Quality : Skipped: false 1 cost 17.317348 refreshRate 0 processName com.innowireless.xcal.mobile5
04-03 22:20:37.626 2635 3161 D LightsServiceExtImpl: baseSetLightLocked end.
04-03 22:20:37.632 2635 2705 D OplusDisplayPowerControllerExtImpl: original brightness to dataBase:321 final brightness:321.0 scale:1.0 reason:4 darkLevel:0
04-03 22:20:37.633 2635 2705 D DisplayPowerController[0]: Animating brightness: target=321.0, rate=25.0, source= 7
04-03 22:20:37.634 2635 2705 D VRR [OPlusRefreshRateService]: notifyBrightnessChange brightness: 321.0
04-03 22:20:37.634 2635 2658 D DisplayManagerService: Delivering display event: displayId=0, event=4
04-03 22:20:37.761 2635 2705 D OplusDisplayPowerControllerExtImpl: original brightness to dataBase:321 final brightness:321.0 scale:1.0 reason:4 darkLevel:0
04-03 22:20:37.762 2635 2705 D DisplayPowerController[0]: Animating brightness: target=321.0, rate=25.0, source= 7
04-03 22:20:37.762 2635 2705 D VRR [OPlusRefreshRateService]: notifyBrightnessChange brightness: 321.0
04-03 22:20:37.773 2635 3161 D LightsServiceExtImpl: baseSetLightLocked end.
04-03 22:20:37.785 2635 2705 D OplusDisplayPowerControllerExtImpl: original brightness to dataBase:321 final brightness:321.0 scale:1.0 reason:4 darkLevel:0
04-03 22:20:37.785 2635 2705 D DisplayPowerController[0]: Animating brightness: target=321.0, rate=25.0, source= 7
04-03 22:20:37.786 2635 2705 D VRR [OPlusRefreshRateService]: notifyBrightnessChange brightness: 321.0
04-03 22:20:37.787 2635 2658 D DisplayManagerService: Delivering display event: displayId=0, event=4
04-03 22:20:38.328 2635 2705 D OplusFeatureBrightnessBarController: mDarkLevel: 0
04-03 22:20:40.127 2635 2705 D OplusFeatureBrightnessBarController: mDarkLevel: 0
04-03 22:20:40.622 8162 8162 I Quality : Skipped: false 1 cost 18.307093 refreshRate 0 processName com.innowireless.xcal.mobile5
04-03 22:20:40.928 2635 2705 D OplusFeatureBrightnessBarController: mDarkLevel: 0
04-03 22:20:42.623 8162 8162 I Quality : Skipped: false 1 cost 21.339231 refreshRate 0 processName com.innowireless.xcal.mobile5
04-03 22:20:42.928 2635 2705 D OplusFeatureBrightnessBarController: mDarkLevel: 0
04-03 22:20:43.620 8162 8162 I Quality : Skipped: false 1 cost 19.896927 refreshRate 0 processName com.innowireless.xcal.mobile5
04-03 22:20:43.928 2635 2705 D OplusFeatureBrightnessBarController: mDarkLevel: 0
04-03 22:20:44.621 8162 8162 I Quality : Skipped: false 1 cost 22.62122 refreshRate 0 processName com.innowireless.xcal.mobile5
04-03 22:20:45.127 2635 2705 D OplusFeatureBrightnessBarController: mDarkLevel: 0
04-03 22:20:45.928 2635 2705 D OplusFeatureBrightnessBarController: mDarkLevel: 0
04-03 22:20:47.728 2635 2705 D OplusFeatureBrightnessBarController: mDarkLevel: 0
04-03 22:20:49.928 2635 2705 D OplusFeatureBrightnessBarController: mDarkLevel: 0
04-03 22:20:51.927 2635 2705 D OplusFeatureBrightnessBarController: mDarkLevel: 0
04-03 22:20:52.623 8162 8162 I Quality : Skipped: false 1 cost 19.163893 refreshRate 0 processName com.innowireless.xcal.mobile5
04-03 22:20:53.621 8162 8162 I Quality : Skipped: false 1 cost 18.339657 refreshRate 0 processName com.innowireless.xcal.mobile5
04-03 22:20:54.069 8162 8162 I Quality : Skipped: false 1 cost 17.083218 refreshRate 0 processName com.innowireless.xcal.mobile5
04-03 22:20:54.620 8162 8162 I Quality : Skipped: false 1 cost 18.85664 refreshRate 0 processName com.innowireless.xcal.mobile5
04-03 22:20:54.681 8162 8162 I Quality : Skipped: false 1 cost 30.13106 refreshRate 0 processName com.innowireless.xcal.mobile5
04-03 22:20:55.127 2635 2705 D OplusFeatureBrightnessBarController: mDarkLevel: 0
04-03 22:20:58.327 2635 2705 D OplusFeatureBrightnessBarController: mDarkLevel: 0
04-03 22:21:00.013 2635 7199 E OplusCustomizeRestrictionManagerService: isBiometricDisabled start
04-03 22:21:00.017 2635 7199 E OplusCustomizeRestrictionManagerService: isBiometricDisabled start
04-03 22:21:00.327 2635 2705 D OplusFeatureBrightnessBarController: mDarkLevel: 0
04-03 22:21:02.327 2635 2705 D OplusFeatureBrightnessBarController: mDarkLevel: 0
04-03 22:21:04.327 2635 2705 D OplusFeatureBrightnessBarController: mDarkLevel: 0
04-03 22:21:04.622 8162 8162 I Quality : Skipped: false 1 cost 19.727604 refreshRate 0 processName com.innowireless.xcal.mobile5
04-03 22:21:06.927 2635 2705 D OplusFeatureBrightnessBarController: mDarkLevel: 0
04-03 22:21:09.927 2635 2705 D OplusFeatureBrightnessBarController: mDarkLevel: 0
04-03 22:21:10.927 2635 2705 D OplusFeatureBrightnessBarController: mDarkLevel: 0
04-03 22:21:13.127 2635 2705 D OplusFeatureBrightnessBarController: mDarkLevel: 0
04-03 22:21:14.327 2635 2705 D OplusFeatureBrightnessBarController: mDarkLevel: 0
04-03 22:21:14.621 8162 8162 I Quality : Skipped: false 1 cost 17.673 refreshRate 0 processName com.innowireless.xcal.mobile5
04-03 22:21:15.528 2635 2705 D OplusFeatureBrightnessBarController: mDarkLevel: 0
04-03 22:21:16.620 8162 8162 I Quality : Skipped: false 1 cost 18.853146 refreshRate 0 processName com.innowireless.xcal.mobile5
04-03 22:21:17.625 8162 8162 I Quality : Skipped: false 1 cost 25.819702 refreshRate 0 processName com.innowireless.xcal.mobile5
04-03 22:21:18.327 2635 2705 D OplusFeatureBrightnessBarController: mDarkLevel: 0
04-03 22:21:19.527 2635 2705 D OplusFeatureBrightnessBarController: mDarkLevel: 0
04-03 22:21:20.727 2635 2705 D OplusFeatureBrightnessBarController: mDarkLevel: 0
04-03 22:21:22.727 2635 2705 D OplusFeatureBrightnessBarController: mDarkLevel: 0
04-03 22:21:23.928 2635 2705 D OplusFeatureBrightnessBarController: mDarkLevel: 0
04-03 22:21:25.623 8162 8162 I Quality : Skipped: false 1 cost 17.521 refreshRate 0 processName com.innowireless.xcal.mobile5
04-03 22:21:26.099 1338 1338 I Quality : SFJankCountInfo: 324; 0; 0; 1; 5; 4; 5; 40; 71; 0; 0
04-03 22:21:26.621 8162 8162 I Quality : Skipped: false 1 cost 16.888885 refreshRate 0 processName com.innowireless.xcal.mobile5
04-03 22:21:27.623 8162 8162 I Quality : Skipped: false 1 cost 20.360928 refreshRate 0 processName com.innowireless.xcal.mobile5
04-03 22:21:30.127 2635 2705 D OplusFeatureBrightnessBarController: mDarkLevel: 0
04-03 22:21:33.727 2635 2705 D OplusFeatureBrightnessBarController: mDarkLevel: 0
04-03 22:21:35.727 2635 2705 D OplusFeatureBrightnessBarController: mDarkLevel: 0
04-03 22:21:36.527 2635 2705 D OplusFeatureBrightnessBarController: mDarkLevel: 0
04-03 22:21:37.626 8162 8162 I Quality : Skipped: false 1 cost 18.966686 refreshRate 0 processName com.innowireless.xcal.mobile5
04-03 22:21:39.623 8162 8162 I Quality : Skipped: false 1 cost 18.957645 refreshRate 0 processName com.innowireless.xcal.mobile5
04-03 22:21:39.927 2635 2705 D OplusFeatureBrightnessBarController: mDarkLevel: 0
04-03 22:21:41.587 2635 5020 D UsageStatsService: User[0] type=0 b=1743698536165 e=1743699101586 cb=1743656748833 ce=1743699078130 disk=0 all=1
04-03 22:21:41.622 8162 8162 I Quality : Skipped: false 1 cost 20.816832 refreshRate 0 processName com.innowireless.xcal.mobile5
04-03 22:21:41.727 2635 2705 D OplusFeatureBrightnessBarController: mDarkLevel: 0
04-03 22:21:42.528 2635 2705 D OplusFeatureBrightnessBarController: mDarkLevel: 0
04-03 22:21:43.927 2635 2705 D OplusFeatureBrightnessBarController: mDarkLevel: 0
04-03 22:21:45.326 2635 2705 D OplusFeatureBrightnessBarController: mDarkLevel: 0
04-03 22:21:47.328 2635 2705 D OplusFeatureBrightnessBarController: mDarkLevel: 0
04-03 22:21:49.527 2635 2705 D OplusFeatureBrightnessBarController: mDarkLevel: 0
04-03 22:21:50.527 2635 2705 D OplusFeatureBrightnessBarController: mDarkLevel: 0
04-03 22:21:50.622 8162 8162 I Quality : Skipped: false 1 cost 16.728823 refreshRate 0 processName com.innowireless.xcal.mobile5
04-03 22:21:51.621 8162 8162 I Quality : Skipped: false 1 cost 16.819017 refreshRate 0 processName com.innowireless.xcal.mobile5
04-03 22:21:52.141 2635 2681 W NotificationHistory: Attempted to remove conversation for locked/gone/disabled user 0
04-03 22:21:52.622 8162 8162 I Quality : Skipped: false 1 cost 18.785992 refreshRate 0 processName com.innowireless.xcal.mobile5
04-03 22:21:53.621 8162 8162 I Quality : Skipped: false 1 cost 19.0528 refreshRate 0 processName com.innowireless.xcal.mobile5
04-03 22:21:54.623 8162 8162 I Quality : Skipped: false 1 cost 22.643408 refreshRate 0 processName com.innowireless.xcal.mobile5
04-03 22:21:55.116 8162 8162 I Quality : Skipped: true 1 cost 16.788622 refreshRate 0 processName com.innowireless.xcal.mobile5
04-03 22:21:55.619 8162 8162 I Quality : Skipped: false 1 cost 20.373892 refreshRate 0 processName com.innowireless.xcal.mobile5
04-03 22:21:56.127 2635 2705 D OplusFeatureBrightnessBarController: mDarkLevel: 0
04-03 22:21:58.127 2635 2705 D OplusFeatureBrightnessBarController: mDarkLevel: 0
04-03 22:22:00.027 2635 4174 E OplusCustomizeRestrictionManagerService: isBiometricDisabled start
04-03 22:22:00.031 2635 4174 E OplusCustomizeRestrictionManagerService: isBiometricDisabled start
04-03 22:22:00.327 2635 2705 D OplusFeatureBrightnessBarController: mDarkLevel: 0
04-03 22:22:02.527 2635 2705 D OplusFeatureBrightnessBarController: mDarkLevel: 0
04-03 22:22:05.327 2635 2705 D OplusFeatureBrightnessBarController: mDarkLevel: 0
04-03 22:22:05.328 2635 3156 D AIBrightnessModel: handleUpdateBrightness brightness change from BrightnessPoint:(6.0232525, 321.6339, 38.844368, 78.29978)->BrightnessPoint:(3.0116262, 130.43408, 9.069893, 33.10566) lux:8.988227, [9.0,9.0,8.0,9.0,8.0,8.0,8.0,8.0,9.0,9.0,9.0,9.0]
04-03 22:22:05.333 2635 2705 I ColorAutomaticBrightnessController: updateAutoBrightness: Auto
04-03 22:22:05.333 2635 2705 I ColorAutomaticBrightnessController: , sendUpdate = true, adjustment = 977.0, AIBrightness = 130, adjustManualBright = 130
04-03 22:22:05.333 2635 2705 D OplusDisplayPowerControllerExtImpl: original brightness to dataBase:130 final brightness:130.0 scale:1.0 reason:4 darkLevel:0
04-03 22:22:05.333 2635 2705 D DisplayPowerController[0]: Animating brightness: target=130.0, rate=25.0, source= 7
04-03 22:22:05.336 2635 2705 D VRR [OPlusRefreshRateService]: notifyBrightnessChange brightness: 130.0
04-03 22:22:05.336 2635 2705 D VRR [OPlusRefreshRateService]: notifyNitsChange nits: 33.049286 discrete nits: 87.23086
04-03 22:22:05.336 2635 2711 D VRR [OPlusRefreshRateService]: handleBrightnessChange nits: 33.049286
04-03 22:22:05.362 2635 3161 D LightsServiceExtImpl: baseSetLightLocked end.
04-03 22:22:05.369 2635 2705 D OplusDisplayPowerControllerExtImpl: original brightness to dataBase:130 final brightness:130.0 scale:1.0 reason:4 darkLevel:0
04-03 22:22:05.369 2635 2705 D DisplayPowerController[0]: Animating brightness: target=130.0, rate=25.0, source= 7
04-03 22:22:05.370 2635 2705 D VRR [OPlusRefreshRateService]: notifyBrightnessChange brightness: 130.0
04-03 22:22:05.370 2635 2658 D DisplayManagerService: Delivering display event: displayId=0, event=4
04-03 22:22:05.379 2635 3161 D LightsServiceExtImpl: baseSetLightLocked end.
04-03 22:22:05.383 2635 2705 D OplusDisplayPowerControllerExtImpl: original brightness to dataBase:130 final brightness:130.0 scale:1.0 reason:4 darkLevel:0
04-03 22:22:05.383 2635 2705 D DisplayPowerController[0]: Animating brightness: target=130.0, rate=25.0, source= 7
04-03 22:22:05.384 2635 2705 D VRR [OPlusRefreshRateService]: notifyBrightnessChange brightness: 130.0
04-03 22:22:05.384 2635 2658 D DisplayManagerService: Delivering display event: displayId=0, event=4
04-03 22:22:05.412 2635 3161 D LightsServiceExtImpl: baseSetLightLocked end.
04-03 22:22:05.417 2635 2705 D OplusDisplayPowerControllerExtImpl: original brightness to dataBase:130 final brightness:130.0 scale:1.0 reason:4 darkLevel:0
04-03 22:22:05.417 2635 2705 D DisplayPowerController[0]: Animating brightness: target=130.0, rate=25.0, source= 7
04-03 22:22:05.419 2635 2705 D VRR [OPlusRefreshRateService]: notifyBrightnessChange brightness: 130.0
04-03 22:22:05.419 2635 2658 D DisplayManagerService: Delivering display event: displayId=0, event=4
04-03 22:22:05.446 2635 3161 D LightsServiceExtImpl: baseSetLightLocked end.
04-03 22:22:05.452 2635 2705 D OplusDisplayPowerControllerExtImpl: original brightness to dataBase:130 final brightness:130.0 scale:1.0 reason:4 darkLevel:0
04-03 22:22:05.452 2635 2705 D DisplayPowerController[0]: Animating brightness: target=130.0, rate=25.0, source= 7
04-03 22:22:05.453 2635 2705 D VRR [OPlusRefreshRateService]: notifyBrightnessChange brightness: 130.0
04-03 22:22:05.453 2635 2658 D DisplayManagerService: Delivering display event: displayId=0, event=4
04-03 22:22:05.461 2635 3161 D LightsServiceExtImpl: baseSetLightLocked end.
04-03 22:22:05.465 2635 2705 D OplusDisplayPowerControllerExtImpl: original brightness to dataBase:130 final brightness:130.0 scale:1.0 reason:4 darkLevel:0
04-03 22:22:05.465 2635 2705 D DisplayPowerController[0]: Animating brightness: target=130.0, rate=25.0, source= 7
04-03 22:22:05.466 2635 2705 D VRR [OPlusRefreshRateService]: notifyBrightnessChange brightness: 130.0
04-03 22:22:05.466 2635 2658 D DisplayManagerService: Delivering display event: displayId=0, event=4
04-03 22:22:05.478 2635 3161 D LightsServiceExtImpl: baseSetLightLocked end.
04-03 22:22:05.484 2635 2705 D OplusDisplayPowerControllerExtImpl: original brightness to dataBase:130 final brightness:130.0 scale:1.0 reason:4 darkLevel:0
04-03 22:22:05.484 2635 2705 D DisplayPowerController[0]: Animating brightness: target=130.0, rate=25.0, source= 7
04-03 22:22:05.485 2635 2705 D VRR [OPlusRefreshRateService]: notifyBrightnessChange brightness: 130.0
04-03 22:22:05.485 2635 2658 D DisplayManagerService: Delivering display event: displayId=0, event=4
04-03 22:22:05.495 2635 3161 D LightsServiceExtImpl: baseSetLightLocked end.
04-03 22:22:05.500 2635 2705 D OplusDisplayPowerControllerExtImpl: original brightness to dataBase:130 final brightness:130.0 scale:1.0 reason:4 darkLevel:0
04-03 22:22:05.500 2635 2705 D DisplayPowerController[0]: Animating brightness: target=130.0, rate=25.0, source= 7
04-03 22:22:05.501 2635 2705 D VRR [OPlusRefreshRateService]: notifyBrightnessChange brightness: 130.0
04-03 22:22:05.502 2635 2658 D DisplayManagerService: Delivering display event: displayId=0, event=4
04-03 22:22:05.512 2635 3161 D LightsServiceExtImpl: baseSetLightLocked end.
04-03 22:22:05.518 2635 2705 D OplusDisplayPowerControllerExtImpl: original brightness to dataBase:130 final brightness:130.0 scale:1.0 reason:4 darkLevel:0
04-03 22:22:05.519 2635 2705 D DisplayPowerController[0]: Animating brightness: target=130.0, rate=25.0, source= 7
04-03 22:22:05.520 2635 2705 D VRR [OPlusRefreshRateService]: notifyBrightnessChange brightness: 130.0
04-03 22:22:05.521 2635 2658 D DisplayManagerService: Delivering display event: displayId=0, event=4
04-03 22:22:05.564 2635 3161 D LightsServiceExtImpl: baseSetLightLocked end.
04-03 22:22:05.570 2635 2705 D OplusDisplayPowerControllerExtImpl: original brightness to dataBase:130 final brightness:130.0 scale:1.0 reason:4 darkLevel:0
04-03 22:22:05.571 2635 2705 D DisplayPowerController[0]: Animating brightness: target=130.0, rate=25.0, source= 7
04-03 22:22:05.573 2635 2705 D VRR [OPlusRefreshRateService]: notifyBrightnessChange brightness: 130.0
04-03 22:22:05.574 2635 2658 D DisplayManagerService: Delivering display event: displayId=0, event=4
04-03 22:22:05.583 2635 3161 D LightsServiceExtImpl: baseSetLightLocked end.
04-03 22:22:05.593 2635 2705 D OplusDisplayPowerControllerExtImpl: original brightness to dataBase:130 final brightness:130.0 scale:1.0 reason:4 darkLevel:0
04-03 22:22:05.593 2635 2705 D DisplayPowerController[0]: Animating brightness: target=130.0, rate=25.0, source= 7
04-03 22:22:05.595 2635 2705 D VRR [OPlusRefreshRateService]: notifyBrightnessChange brightness: 130.0
04-03 22:22:05.595 2635 2658 D DisplayManagerService: Delivering display event: displayId=0, event=4
04-03 22:22:05.601 2635 3161 D LightsServiceExtImpl: baseSetLightLocked end.
04-03 22:22:05.607 2635 2705 D OplusDisplayPowerControllerExtImpl: original brightness to dataBase:130 final brightness:130.0 scale:1.0 reason:4 darkLevel:0
04-03 22:22:05.607 2635 2705 D DisplayPowerController[0]: Animating brightness: target=130.0, rate=25.0, source= 7
04-03 22:22:05.608 2635 2705 D VRR [OPlusRefreshRateService]: notifyBrightnessChange brightness: 130.0
04-03 22:22:05.609 2635 2658 D DisplayManagerService: Delivering display event: displayId=0, event=4
04-03 22:22:05.615 2635 3161 D LightsServiceExtImpl: baseSetLightLocked end.
04-03 22:22:05.621 2635 2705 D OplusDisplayPowerControllerExtImpl: original brightness to dataBase:130 final brightness:130.0 scale:1.0 reason:4 darkLevel:0
04-03 22:22:05.621 2635 2705 D DisplayPowerController[0]: Animating brightness: target=130.0, rate=25.0, source= 7
04-03 22:22:05.622 2635 2705 D VRR [OPlusRefreshRateService]: notifyBrightnessChange brightness: 130.0
04-03 22:22:05.623 2635 2658 D DisplayManagerService: Delivering display event: displayId=0, event=4
04-03 22:22:05.645 2635 3161 D LightsServiceExtImpl: baseSetLightLocked end.
04-03 22:22:05.653 2635 2705 D OplusDisplayPowerControllerExtImpl: original brightness to dataBase:130 final brightness:130.0 scale:1.0 reason:4 darkLevel:0
04-03 22:22:05.653 2635 2705 D DisplayPowerController[0]: Animating brightness: target=130.0, rate=25.0, source= 7
04-03 22:22:05.656 2635 2705 D VRR [OPlusRefreshRateService]: notifyBrightnessChange brightness: 130.0
04-03 22:22:05.656 2635 2658 D DisplayManagerService: Delivering display event: displayId=0, event=4
04-03 22:22:05.659 2635 3161 D LightsServiceExtImpl: baseSetLightLocked end.
04-03 22:22:05.663 2635 2705 D OplusDisplayPowerControllerExtImpl: original brightness to dataBase:130 final brightness:130.0 scale:1.0 reason:4 darkLevel:0
04-03 22:22:05.664 2635 2705 D DisplayPowerController[0]: Animating brightness: target=130.0, rate=25.0, source= 7
04-03 22:22:05.665 2635 2705 D VRR [OPlusRefreshRateService]: notifyBrightnessChange brightness: 130.0
04-03 22:22:05.665 2635 2658 D DisplayManagerService: Delivering display event: displayId=0, event=4
04-03 22:22:05.676 2635 3161 D LightsServiceExtImpl: baseSetLightLocked end.
04-03 22:22:05.681 2635 2705 D OplusDisplayPowerControllerExtImpl: original brightness to dataBase:130 final brightness:130.0 scale:1.0 reason:4 darkLevel:0
04-03 22:22:05.681 2635 2705 D DisplayPowerController[0]: Animating brightness: target=130.0, rate=25.0, source= 7
04-03 22:22:05.682 2635 2705 D VRR [OPlusRefreshRateService]: notifyBrightnessChange brightness: 130.0
04-03 22:22:05.683 2635 2658 D DisplayManagerService: Delivering display event: displayId=0, event=4
04-03 22:22:05.707 2635 3161 D LightsServiceExtImpl: baseSetLightLocked end.
04-03 22:22:05.715 2635 2705 D OplusDisplayPowerControllerExtImpl: original brightness to dataBase:130 final brightness:130.0 scale:1.0 reason:4 darkLevel:0
04-03 22:22:05.715 2635 2705 D DisplayPowerController[0]: Animating brightness: target=130.0, rate=25.0, source= 7
04-03 22:22:05.717 2635 2705 D VRR [OPlusRefreshRateService]: notifyBrightnessChange brightness: 130.0
04-03 22:22:05.717 2635 2658 D DisplayManagerService: Delivering display event: displayId=0, event=4
04-03 22:22:05.723 2635 3161 D LightsServiceExtImpl: baseSetLightLocked end.
04-03 22:22:05.732 2635 2705 D OplusDisplayPowerControllerExtImpl: original brightness to dataBase:130 final brightness:130.0 scale:1.0 reason:4 darkLevel:0
04-03 22:22:05.733 2635 2705 D DisplayPowerController[0]: Animating brightness: target=130.0, rate=25.0, source= 7
04-03 22:22:05.737 2635 2705 D VRR [OPlusRefreshRateService]: notifyBrightnessChange brightness: 130.0
04-03 22:22:05.737 2635 2658 D DisplayManagerService: Delivering display event: displayId=0, event=4
04-03 22:22:05.763 2635 3161 D LightsServiceExtImpl: baseSetLightLocked end.
04-03 22:22:05.773 2635 2705 D OplusDisplayPowerControllerExtImpl: original brightness to dataBase:130 final brightness:130.0 scale:1.0 reason:4 darkLevel:0
04-03 22:22:05.774 2635 2705 D DisplayPowerController[0]: Animating brightness: target=130.0, rate=25.0, source= 7
04-03 22:22:05.777 2635 2705 D VRR [OPlusRefreshRateService]: notifyBrightnessChange brightness: 130.0
04-03 22:22:05.778 2635 2658 D DisplayManagerService: Delivering display event: displayId=0, event=4
04-03 22:22:05.778 2635 2705 D OplusDisplayPowerControllerExtImpl: original brightness to dataBase:130 final brightness:130.0 scale:1.0 reason:4 darkLevel:0
04-03 22:22:05.779 2635 2705 D DisplayPowerController[0]: Animating brightness: target=130.0, rate=25.0, source= 7
04-03 22:22:05.782 2635 2705 D VRR [OPlusRefreshRateService]: notifyBrightnessChange brightness: 130.0
04-03 22:22:05.787 2635 3161 D LightsServiceExtImpl: baseSetLightLocked end.
04-03 22:22:05.793 2635 2705 D OplusDisplayPowerControllerExtImpl: original brightness to dataBase:130 final brightness:130.0 scale:1.0 reason:4 darkLevel:0
04-03 22:22:05.793 2635 2705 D DisplayPowerController[0]: Animating brightness: target=130.0, rate=25.0, source= 7
04-03 22:22:05.795 2635 2705 D VRR [OPlusRefreshRateService]: notifyBrightnessChange brightness: 130.0
04-03 22:22:05.795 2635 2658 D DisplayManagerService: Delivering display event: displayId=0, event=4
04-03 22:22:05.799 2635 3161 D LightsServiceExtImpl: baseSetLightLocked end.
04-03 22:22:05.805 2635 2705 D OplusDisplayPowerControllerExtImpl: original brightness to dataBase:130 final brightness:130.0 scale:1.0 reason:4 darkLevel:0
04-03 22:22:05.805 2635 2705 D DisplayPowerController[0]: Animating brightness: target=130.0, rate=25.0, source= 7
04-03 22:22:05.806 2635 2705 D VRR [OPlusRefreshRateService]: notifyBrightnessChange brightness: 130.0
04-03 22:22:05.807 2635 2658 D DisplayManagerService: Delivering display event: displayId=0, event=4
04-03 22:22:05.807 2635 2705 D OplusDisplayPowerControllerExtImpl: original brightness to dataBase:130 final brightness:130.0 scale:1.0 reason:4 darkLevel:0
04-03 22:22:05.807 2635 2705 D DisplayPowerController[0]: Animating brightness: target=130.0, rate=25.0, source= 7
04-03 22:22:05.808 2635 2705 D VRR [OPlusRefreshRateService]: notifyBrightnessChange brightness: 130.0
04-03 22:22:05.813 2635 3161 D LightsServiceExtImpl: baseSetLightLocked end.
04-03 22:22:05.818 2635 2705 D OplusDisplayPowerControllerExtImpl: original brightness to dataBase:130 final brightness:130.0 scale:1.0 reason:4 darkLevel:0
04-03 22:22:05.818 2635 2705 D DisplayPowerController[0]: Animating brightness: target=130.0, rate=25.0, source= 7
04-03 22:22:05.819 2635 2705 D VRR [OPlusRefreshRateService]: notifyBrightnessChange brightness: 130.0
04-03 22:22:05.820 2635 2658 D DisplayManagerService: Delivering display event: displayId=0, event=4
04-03 22:22:05.838 2635 2711 D VRR [OPlusSurfaceFlingerController]: setTouchIdle : TouchIdleBean{mEnable=true, mHwEnable=false, mSwEnable=true, mAdfrEnable=false, mTimeOut=4000, mContentThreshold=-1, mContentGapMs=500, mBrightnessLimit=200, mNitLimit=-1, mLowestRate=60, mBlackList=[], mReadingWhiteList=[], mSpecialTimeOutMap={}, mSwWhiteList=[], mSwNegligibleOverlay=[], mHwDisablePanel=[], mAdfrToHwList=[]}
04-03 22:22:05.848 2635 3161 D LightsServiceExtImpl: baseSetLightLocked end.
04-03 22:22:05.859 2635 2705 D OplusDisplayPowerControllerExtImpl: original brightness to dataBase:130 final brightness:130.0 scale:1.0 reason:4 darkLevel:0
04-03 22:22:05.859 2635 2705 D DisplayPowerController[0]: Animating brightness: target=130.0, rate=25.0, source= 7
04-03 22:22:05.862 2635 2705 D VRR [OPlusRefreshRateService]: notifyBrightnessChange brightness: 130.0
04-03 22:22:05.863 2635 2658 D DisplayManagerService: Delivering display event: displayId=0, event=4
04-03 22:22:05.863 2635 3161 D LightsServiceExtImpl: baseSetLightLocked end.
04-03 22:22:05.867 2635 2705 D OplusDisplayPowerControllerExtImpl: original brightness to dataBase:130 final brightness:130.0 scale:1.0 reason:4 darkLevel:0
04-03 22:22:05.867 2635 2705 D DisplayPowerController[0]: Animating brightness: target=130.0, rate=25.0, source= 7
04-03 22:22:05.868 2635 2705 D VRR [OPlusRefreshRateService]: notifyBrightnessChange brightness: 130.0
04-03 22:22:05.868 2635 2658 D DisplayManagerService: Delivering display event: displayId=0, event=4
04-03 22:22:05.872 2635 2711 D VRR [OPlusRefreshRateService]: onConfigChanged physicalDisplayId: 4630946962717273473 modeId: 1
04-03 22:22:05.873 2635 2658 I DisplayDeviceRepository: Display device changed: DisplayDeviceInfo{"Built-in Screen": uniqueId="local:4630946962717273473", 1080 x 2400, modeId 2, defaultModeId 1, supportedModes [{id=1, width=1080, height=2400, fps=60.000004, alternativeRefreshRates=[90.0]}, {id=2, width=1080, height=2400, fps=90.0, alternativeRefreshRates=[60.000004]}], colorMode 0, supportedColorModes [0, 7, 9], hdrCapabilities HdrCapabilities{mSupportedHdrTypes=[2, 3, 4], mMaxLuminance=540.0, mMaxAverageLuminance=270.1, mMinLuminance=0.2}, allmSupported false, gameContentTypeSupported false, density 450, 409.432 x 409.127 dpi, appVsyncOff 2000000, presDeadline 16111111, touch INTERNAL, rotation 0, type INTERNAL, address {port=129, model=0x40446dba0e6fed}, deviceProductInfo DeviceProductInfo{name=, manufacturerPnpId=QCM, productId=1, modelYear=null, manufactureDate=ManufactureDate{week=27, year=2006}, connectionToSinkType=0}, state ON, frameRateOverride , brightnessMinimum 0.0, brightnessMaximum 1.0, brightnessDefault 1600.0, roundedCorners RoundedCorners{[RoundedCorner{position=TopLeft, radius=56, center=Point(56, 56)}, RoundedCorner{position=TopRight, radius=56, center=Point(1024, 56)}, RoundedCorner{position=BottomRight, radius=56, center=Point(1024, 2344)}, RoundedCorner{position=BottomLeft, radius=56, center=Point(56, 2344)}]}, FLAG_DEFAULT_DISPLAY, FLAG_ROTATES_WITH_CONTENT, FLAG_SECURE, FLAG_SUPPORTS_PROTECTED_BUFFERS}
04-03 22:22:05.875 2635 2658 D DisplayManagerService: Delivering display event: displayId=0, event=2
04-03 22:22:05.875 2635 3161 D LightsServiceExtImpl: baseSetLightLocked end.
04-03 22:22:05.876 2635 2635 I WallpaperManagerServiceExt: removeDisplayData. displayId = 0
04-03 22:22:05.883 2635 2705 D OplusDisplayPowerControllerExtImpl: original brightness to dataBase:130 final brightness:130.0 scale:1.0 reason:4 darkLevel:0
04-03 22:22:05.883 2635 2705 D DisplayPowerController[0]: Animating brightness: target=130.0, rate=25.0, source= 7
04-03 22:22:05.884 2635 2705 D VRR [OPlusRefreshRateService]: notifyBrightnessChange brightness: 130.0
04-03 22:22:05.890 2635 4787 D OplusProxyWakeLock: remove uid: 10329 wiht all pids from wakelockUidInfo list
04-03 22:22:05.900 2635 3161 D LightsServiceExtImpl: baseSetLightLocked end.
04-03 22:22:05.903 2635 2705 D OplusDisplayPowerControllerExtImpl: original brightness to dataBase:130 final brightness:130.0 scale:1.0 reason:4 darkLevel:0
04-03 22:22:05.904 2635 2705 D DisplayPowerController[0]: Animating brightness: target=130.0, rate=25.0, source= 7
04-03 22:22:05.905 2635 2705 D VRR [OPlusRefreshRateService]: notifyBrightnessChange brightness: 130.0
04-03 22:22:05.906 2635 2658 D DisplayManagerService: Delivering display event: displayId=0, event=4
04-03 22:22:05.907 2635 2658 D DisplayManagerService: Delivering display event: displayId=0, event=4
04-03 22:22:05.922 2635 3161 D LightsServiceExtImpl: baseSetLightLocked end.
04-03 22:22:05.926 2635 2705 D OplusDisplayPowerControllerExtImpl: original brightness to dataBase:130 final brightness:130.0 scale:1.0 reason:4 darkLevel:0
04-03 22:22:05.926 2635 2705 D DisplayPowerController[0]: Animating brightness: target=130.0, rate=25.0, source= 7
04-03 22:22:05.927 2635 2705 D VRR [OPlusRefreshRateService]: notifyBrightnessChange brightness: 130.0
04-03 22:22:05.929 2635 2658 D DisplayManagerService: Delivering display event: displayId=0, event=4
04-03 22:22:05.948 2635 3161 D LightsServiceExtImpl: baseSetLightLocked end.
04-03 22:22:05.953 2635 2705 D OplusDisplayPowerControllerExtImpl: original brightness to dataBase:130 final brightness:130.0 scale:1.0 reason:4 darkLevel:0
04-03 22:22:05.953 2635 2705 D DisplayPowerController[0]: Animating brightness: target=130.0, rate=25.0, source= 7
04-03 22:22:05.954 2635 2705 D VRR [OPlusRefreshRateService]: notifyBrightnessChange brightness: 130.0
04-03 22:22:05.956 2635 2658 D DisplayManagerService: Delivering display event: displayId=0, event=4
04-03 22:22:05.972 2635 2711 D VRR [OPlusRefreshRateService]: handleConfigIdChange physicalDisplayId: 4630946962717273473 configId: 1
04-03 22:22:05.998 2635 3161 D LightsServiceExtImpl: baseSetLightLocked end.
04-03 22:22:06.006 2635 2705 D OplusDisplayPowerControllerExtImpl: original brightness to dataBase:130 final brightness:130.0 scale:1.0 reason:4 darkLevel:0
04-03 22:22:06.006 2635 2705 D DisplayPowerController[0]: Animating brightness: target=130.0, rate=25.0, source= 7
04-03 22:22:06.008 2635 2705 D VRR [OPlusRefreshRateService]: notifyBrightnessChange brightness: 130.0
04-03 22:22:06.009 2635 2658 D DisplayManagerService: Delivering display event: displayId=0, event=4
04-03 22:22:06.020 2635 3161 D LightsServiceExtImpl: baseSetLightLocked end.
04-03 22:22:06.026 2635 2705 D OplusDisplayPowerControllerExtImpl: original brightness to dataBase:130 final brightness:130.0 scale:1.0 reason:4 darkLevel:0
04-03 22:22:06.026 2635 2705 D DisplayPowerController[0]: Animating brightness: target=130.0, rate=25.0, source= 7
04-03 22:22:06.028 2635 2705 D VRR [OPlusRefreshRateService]: notifyBrightnessChange brightness: 130.0
04-03 22:22:06.029 2635 2658 D DisplayManagerService: Delivering display event: displayId=0, event=4
04-03 22:22:06.039 2635 3161 D LightsServiceExtImpl: baseSetLightLocked end.
04-03 22:22:06.045 2635 2705 D OplusDisplayPowerControllerExtImpl: original brightness to dataBase:130 final brightness:130.0 scale:1.0 reason:4 darkLevel:0
04-03 22:22:06.045 2635 2705 D DisplayPowerController[0]: Animating brightness: target=130.0, rate=25.0, source= 7
04-03 22:22:06.047 2635 2705 D VRR [OPlusRefreshRateService]: notifyBrightnessChange brightness: 130.0
04-03 22:22:06.047 2635 2658 D DisplayManagerService: Delivering display event: displayId=0, event=4
04-03 22:22:06.077 2635 3161 D LightsServiceExtImpl: baseSetLightLocked end.
04-03 22:22:06.086 2635 2705 D OplusDisplayPowerControllerExtImpl: original brightness to dataBase:130 final brightness:130.0 scale:1.0 reason:4 darkLevel:0
04-03 22:22:06.087 2635 2705 D DisplayPowerController[0]: Animating brightness: target=130.0, rate=25.0, source= 7
04-03 22:22:06.089 2635 2705 D VRR [OPlusRefreshRateService]: notifyBrightnessChange brightness: 130.0
04-03 22:22:06.090 2635 2658 D DisplayManagerService: Delivering display event: displayId=0, event=4
04-03 22:22:06.100 2635 3161 D LightsServiceExtImpl: baseSetLightLocked end.
04-03 22:22:06.105 2635 2705 D OplusDisplayPowerControllerExtImpl: original brightness to dataBase:130 final brightness:130.0 scale:1.0 reason:4 darkLevel:0
04-03 22:22:06.105 2635 2705 D DisplayPowerController[0]: Animating brightness: target=130.0, rate=25.0, source= 7
04-03 22:22:06.107 2635 2705 D VRR [OPlusRefreshRateService]: notifyBrightnessChange brightness: 130.0
04-03 22:22:06.107 2635 2658 D DisplayManagerService: Delivering display event: displayId=0, event=4
04-03 22:22:06.118 2635 3161 D LightsServiceExtImpl: baseSetLightLocked end.
04-03 22:22:06.125 2635 2705 D OplusDisplayPowerControllerExtImpl: original brightness to dataBase:130 final brightness:130.0 scale:1.0 reason:4 darkLevel:0
04-03 22:22:06.125 2635 2705 D DisplayPowerController[0]: Animating brightness: target=130.0, rate=25.0, source= 7
04-03 22:22:06.126 2635 2705 D VRR [OPlusRefreshRateService]: notifyBrightnessChange brightness: 130.0
04-03 22:22:06.127 2635 2658 D DisplayManagerService: Delivering display event: displayId=0, event=4
04-03 22:22:06.136 2635 3161 D LightsServiceExtImpl: baseSetLightLocked end.
04-03 22:22:06.146 2635 2705 D OplusDisplayPowerControllerExtImpl: original brightness to dataBase:130 final brightness:130.0 scale:1.0 reason:4 darkLevel:0
04-03 22:22:06.146 2635 2705 D DisplayPowerController[0]: Animating brightness: target=130.0, rate=25.0, source= 7
04-03 22:22:06.147 2635 2705 D VRR [OPlusRefreshRateService]: notifyBrightnessChange brightness: 130.0
04-03 22:22:06.147 2635 2658 D DisplayManagerService: Delivering display event: displayId=0, event=4
04-03 22:22:06.158 2635 3161 D LightsServiceExtImpl: baseSetLightLocked end.
04-03 22:22:06.163 2635 2705 D OplusDisplayPowerControllerExtImpl: original brightness to dataBase:130 final brightness:130.0 scale:1.0 reason:4 darkLevel:0
04-03 22:22:06.163 2635 2705 D DisplayPowerController[0]: Animating brightness: target=130.0, rate=25.0, source= 7
04-03 22:22:06.164 2635 2705 D VRR [OPlusRefreshRateService]: notifyBrightnessChange brightness: 130.0
04-03 22:22:06.165 2635 2658 D DisplayManagerService: Delivering display event: displayId=0, event=4
04-03 22:22:06.177 2635 3161 D LightsServiceExtImpl: baseSetLightLocked end.
04-03 22:22:06.182 2635 2705 D OplusDisplayPowerControllerExtImpl: original brightness to dataBase:130 final brightness:130.0 scale:1.0 reason:4 darkLevel:0
04-03 22:22:06.182 2635 2705 D DisplayPowerController[0]: Animating brightness: target=130.0, rate=25.0, source= 7
04-03 22:22:06.184 2635 2705 D VRR [OPlusRefreshRateService]: notifyBrightnessChange brightness: 130.0
04-03 22:22:06.184 2635 2658 D DisplayManagerService: Delivering display event: displayId=0, event=4
04-03 22:22:06.228 2635 3161 D LightsServiceExtImpl: baseSetLightLocked end.
04-03 22:22:06.234 2635 2705 D OplusDisplayPowerControllerExtImpl: original brightness to dataBase:130 final brightness:130.0 scale:1.0 reason:4 darkLevel:0
04-03 22:22:06.235 2635 2705 D DisplayPowerController[0]: Animating brightness: target=130.0, rate=25.0, source= 7
04-03 22:22:06.236 2635 2705 D VRR [OPlusRefreshRateService]: notifyBrightnessChange brightness: 130.0
04-03 22:22:06.236 2635 2658 D DisplayManagerService: Delivering display event: displayId=0, event=4
04-03 22:22:06.241 2635 3161 D LightsServiceExtImpl: baseSetLightLocked end.
04-03 22:22:06.245 2635 2705 D OplusDisplayPowerControllerExtImpl: original brightness to dataBase:130 final brightness:130.0 scale:1.0 reason:4 darkLevel:0
04-03 22:22:06.245 2635 2705 D DisplayPowerController[0]: Animating brightness: target=130.0, rate=25.0, source= 7
04-03 22:22:06.246 2635 2705 D VRR [OPlusRefreshRateService]: notifyBrightnessChange brightness: 130.0
04-03 22:22:06.247 2635 2658 D DisplayManagerService: Delivering display event: displayId=0, event=4
04-03 22:22:06.262 2635 3161 D LightsServiceExtImpl: baseSetLightLocked end.
04-03 22:22:06.269 2635 2705 D OplusDisplayPowerControllerExtImpl: original brightness to dataBase:130 final brightness:130.0 scale:1.0 reason:4 darkLevel:0
04-03 22:22:06.270 2635 2705 D DisplayPowerController[0]: Animating brightness: target=130.0, rate=25.0, source= 7
04-03 22:22:06.272 2635 2705 D VRR [OPlusRefreshRateService]: notifyBrightnessChange brightness: 130.0
04-03 22:22:06.272 2635 2658 D DisplayManagerService: Delivering display event: displayId=0, event=4
04-03 22:22:06.296 2635 3161 D LightsServiceExtImpl: baseSetLightLocked end.
04-03 22:22:06.303 2635 2705 D OplusDisplayPowerControllerExtImpl: original brightness to dataBase:130 final brightness:130.0 scale:1.0 reason:4 darkLevel:0
04-03 22:22:06.304 2635 2705 D DisplayPowerController[0]: Animating brightness: target=130.0, rate=25.0, source= 7
04-03 22:22:06.306 2635 2705 D VRR [OPlusRefreshRateService]: notifyBrightnessChange brightness: 130.0
04-03 22:22:06.306 2635 2658 D DisplayManagerService: Delivering display event: displayId=0, event=4
04-03 22:22:06.328 2635 3161 D LightsServiceExtImpl: baseSetLightLocked end.
04-03 22:22:06.334 2635 2705 D OplusDisplayPowerControllerExtImpl: original brightness to dataBase:130 final brightness:130.0 scale:1.0 reason:4 darkLevel:0
04-03 22:22:06.334 2635 2705 D DisplayPowerController[0]: Animating brightness: target=130.0, rate=25.0, source= 7
04-03 22:22:06.335 2635 2705 D VRR [OPlusRefreshRateService]: notifyBrightnessChange brightness: 130.0
04-03 22:22:06.335 2635 2658 D DisplayManagerService: Delivering display event: displayId=0, event=4
04-03 22:22:06.349 2635 3161 D LightsServiceExtImpl: baseSetLightLocked end.
04-03 22:22:06.353 2635 2705 D OplusDisplayPowerControllerExtImpl: original brightness to dataBase:130 final brightness:130.0 scale:1.0 reason:4 darkLevel:0
04-03 22:22:06.353 2635 2705 D DisplayPowerController[0]: Animating brightness: target=130.0, rate=25.0, source= 7
04-03 22:22:06.354 2635 2705 D VRR [OPlusRefreshRateService]: notifyBrightnessChange brightness: 130.0
04-03 22:22:06.355 2635 2658 D DisplayManagerService: Delivering display event: displayId=0, event=4
04-03 22:22:06.372 2635 3161 D LightsServiceExtImpl: baseSetLightLocked end.
04-03 22:22:06.375 2635 2705 D OplusDisplayPowerControllerExtImpl: original brightness to dataBase:130 final brightness:130.0 scale:1.0 reason:4 darkLevel:0
04-03 22:22:06.375 2635 2705 D DisplayPowerController[0]: Animating brightness: target=130.0, rate=25.0, source= 7
04-03 22:22:06.376 2635 2705 D VRR [OPlusRefreshRateService]: notifyBrightnessChange brightness: 130.0
04-03 22:22:06.377 2635 2658 D DisplayManagerService: Delivering display event: displayId=0, event=4
04-03 22:22:06.406 2635 3161 D LightsServiceExtImpl: baseSetLightLocked end.
04-03 22:22:06.410 2635 2705 D OplusDisplayPowerControllerExtImpl: original brightness to dataBase:130 final brightness:130.0 scale:1.0 reason:4 darkLevel:0
04-03 22:22:06.410 2635 2705 D DisplayPowerController[0]: Animating brightness: target=130.0, rate=25.0, source= 7
04-03 22:22:06.411 2635 2705 D VRR [OPlusRefreshRateService]: notifyBrightnessChange brightness: 130.0
04-03 22:22:06.411 2635 2658 D DisplayManagerService: Delivering display event: displayId=0, event=4
04-03 22:22:06.427 2635 3161 D LightsServiceExtImpl: baseSetLightLocked end.
04-03 22:22:06.431 2635 2705 D OplusDisplayPowerControllerExtImpl: original brightness to dataBase:130 final brightness:130.0 scale:1.0 reason:4 darkLevel:0
04-03 22:22:06.432 2635 2705 D DisplayPowerController[0]: Animating brightness: target=130.0, rate=25.0, source= 7
04-03 22:22:06.432 2635 2705 D VRR [OPlusRefreshRateService]: notifyBrightnessChange brightness: 130.0
04-03 22:22:06.433 2635 2658 D DisplayManagerService: Delivering display event: displayId=0, event=4
04-03 22:22:06.449 2635 3161 D LightsServiceExtImpl: baseSetLightLocked end.
04-03 22:22:06.454 2635 2705 D OplusDisplayPowerControllerExtImpl: original brightness to dataBase:130 final brightness:130.0 scale:1.0 reason:4 darkLevel:0
04-03 22:22:06.454 2635 2705 D DisplayPowerController[0]: Animating brightness: target=130.0, rate=25.0, source= 7
04-03 22:22:06.455 2635 2705 D VRR [OPlusRefreshRateService]: notifyBrightnessChange brightness: 130.0
04-03 22:22:06.455 2635 2658 D DisplayManagerService: Delivering display event: displayId=0, event=4
04-03 22:22:06.486 2635 3161 D LightsServiceExtImpl: baseSetLightLocked end.
04-03 22:22:06.495 2635 2705 D OplusDisplayPowerControllerExtImpl: original brightness to dataBase:130 final brightness:130.0 scale:1.0 reason:4 darkLevel:0
04-03 22:22:06.495 2635 2705 D DisplayPowerController[0]: Animating brightness: target=130.0, rate=25.0, source= 7
04-03 22:22:06.497 2635 2705 D VRR [OPlusRefreshRateService]: notifyBrightnessChange brightness: 130.0
04-03 22:22:06.499 2635 2658 D DisplayManagerService: Delivering display event: displayId=0, event=4
04-03 22:22:06.511 2635 3161 D LightsServiceExtImpl: baseSetLightLocked end.
04-03 22:22:06.522 2635 2705 D OplusDisplayPowerControllerExtImpl: original brightness to dataBase:130 final brightness:130.0 scale:1.0 reason:4 darkLevel:0
04-03 22:22:06.522 2635 2705 D DisplayPowerController[0]: Animating brightness: target=130.0, rate=25.0, source= 7
04-03 22:22:06.526 2635 2705 D VRR [OPlusRefreshRateService]: notifyBrightnessChange brightness: 130.0
04-03 22:22:06.527 2635 2658 D DisplayManagerService: Delivering display event: displayId=0, event=4
04-03 22:22:06.554 2635 3161 D LightsServiceExtImpl: baseSetLightLocked end.
04-03 22:22:06.566 2635 2705 D OplusDisplayPowerControllerExtImpl: original brightness to dataBase:130 final brightness:130.0 scale:1.0 reason:4 darkLevel:0
04-03 22:22:06.566 2635 2705 D DisplayPowerController[0]: Animating brightness: target=130.0, rate=25.0, source= 7
04-03 22:22:06.569 2635 2705 D VRR [OPlusRefreshRateService]: notifyBrightnessChange brightness: 130.0
04-03 22:22:06.570 2635 2658 D DisplayManagerService: Delivering display event: displayId=0, event=4
04-03 22:22:06.597 2635 3161 D LightsServiceExtImpl: baseSetLightLocked end.
04-03 22:22:06.607 2635 2705 D OplusDisplayPowerControllerExtImpl: original brightness to dataBase:130 final brightness:130.0 scale:1.0 reason:4 darkLevel:0
04-03 22:22:06.607 2635 2705 D DisplayPowerController[0]: Animating brightness: target=130.0, rate=25.0, source= 7
04-03 22:22:06.608 2635 2705 D VRR [OPlusRefreshRateService]: notifyBrightnessChange brightness: 130.0
04-03 22:22:06.609 2635 2658 D DisplayManagerService: Delivering display event: displayId=0, event=4
04-03 22:22:06.613 2635 3161 D LightsServiceExtImpl: baseSetLightLocked end.
04-03 22:22:06.617 2635 2705 D OplusDisplayPowerControllerExtImpl: original brightness to dataBase:130 final brightness:130.0 scale:1.0 reason:4 darkLevel:0
04-03 22:22:06.617 2635 2705 D DisplayPowerController[0]: Animating brightness: target=130.0, rate=25.0, source= 7
04-03 22:22:06.619 2635 2705 D VRR [OPlusRefreshRateService]: notifyBrightnessChange brightness: 130.0
04-03 22:22:06.619 2635 2658 D DisplayManagerService: Delivering display event: displayId=0, event=4
04-03 22:22:06.638 2635 3161 D LightsServiceExtImpl: baseSetLightLocked end.
04-03 22:22:06.644 2635 2705 D OplusDisplayPowerControllerExtImpl: original brightness to dataBase:130 final brightness:130.0 scale:1.0 reason:4 darkLevel:0
04-03 22:22:06.644 2635 2705 D DisplayPowerController[0]: Animating brightness: target=130.0, rate=25.0, source= 7
04-03 22:22:06.646 2635 2705 D VRR [OPlusRefreshRateService]: notifyBrightnessChange brightness: 130.0
04-03 22:22:06.646 2635 2658 D DisplayManagerService: Delivering display event: displayId=0, event=4
04-03 22:22:06.669 2635 3161 D LightsServiceExtImpl: baseSetLightLocked end.
04-03 22:22:06.673 2635 2705 D OplusDisplayPowerControllerExtImpl: original brightness to dataBase:130 final brightness:130.0 scale:1.0 reason:4 darkLevel:0
04-03 22:22:06.674 2635 2705 D DisplayPowerController[0]: Animating brightness: target=130.0, rate=25.0, source= 7
04-03 22:22:06.675 2635 2705 D VRR [OPlusRefreshRateService]: notifyBrightnessChange brightness: 130.0
04-03 22:22:06.676 2635 2658 D DisplayManagerService: Delivering display event: displayId=0, event=4
04-03 22:22:06.688 2635 3161 D LightsServiceExtImpl: baseSetLightLocked end.
04-03 22:22:06.693 2635 2705 D OplusDisplayPowerControllerExtImpl: original brightness to dataBase:130 final brightness:130.0 scale:1.0 reason:4 darkLevel:0
04-03 22:22:06.694 2635 2705 D DisplayPowerController[0]: Animating brightness: target=130.0, rate=25.0, source= 7
04-03 22:22:06.695 2635 2705 D VRR [OPlusRefreshRateService]: notifyBrightnessChange brightness: 130.0
04-03 22:22:06.695 2635 2658 D DisplayManagerService: Delivering display event: displayId=0, event=4
04-03 22:22:06.723 2635 3161 D LightsServiceExtImpl: baseSetLightLocked end.
04-03 22:22:06.734 2635 2705 D OplusDisplayPowerControllerExtImpl: original brightness to dataBase:130 final brightness:130.0 scale:1.0 reason:4 darkLevel:0
04-03 22:22:06.734 2635 2705 D DisplayPowerController[0]: Animating brightness: target=130.0, rate=25.0, source= 7
04-03 22:22:06.736 2635 2705 D VRR [OPlusRefreshRateService]: notifyBrightnessChange brightness: 130.0
04-03 22:22:06.736 2635 2658 D DisplayManagerService: Delivering display event: displayId=0, event=4
04-03 22:22:06.750 2635 3161 D LightsServiceExtImpl: baseSetLightLocked end.
04-03 22:22:06.759 2635 2705 D OplusDisplayPowerControllerExtImpl: original brightness to dataBase:130 final brightness:130.0 scale:1.0 reason:4 darkLevel:0
04-03 22:22:06.760 2635 2705 D DisplayPowerController[0]: Animating brightness: target=130.0, rate=25.0, source= 7
04-03 22:22:06.763 2635 2705 D VRR [OPlusRefreshRateService]: notifyBrightnessChange brightness: 130.0
04-03 22:22:06.763 2635 2658 D DisplayManagerService: Delivering display event: displayId=0, event=4
04-03 22:22:06.773 2635 3161 D LightsServiceExtImpl: baseSetLightLocked end.
04-03 22:22:06.783 2635 2705 D OplusDisplayPowerControllerExtImpl: original brightness to dataBase:130 final brightness:130.0 scale:1.0 reason:4 darkLevel:0
04-03 22:22:06.783 2635 2705 D DisplayPowerController[0]: Animating brightness: target=130.0, rate=25.0, source= 7
04-03 22:22:06.785 2635 2705 D VRR [OPlusRefreshRateService]: notifyBrightnessChange brightness: 130.0
04-03 22:22:06.785 2635 2658 D DisplayManagerService: Delivering display event: displayId=0, event=4
04-03 22:22:06.796 2635 3161 D LightsServiceExtImpl: baseSetLightLocked end.
04-03 22:22:06.804 2635 2705 D OplusDisplayPowerControllerExtImpl: original brightness to dataBase:130 final brightness:130.0 scale:1.0 reason:4 darkLevel:0
04-03 22:22:06.804 2635 2705 D DisplayPowerController[0]: Animating brightness: target=130.0, rate=25.0, source= 7
04-03 22:22:06.805 2635 2705 D VRR [OPlusRefreshRateService]: notifyBrightnessChange brightness: 130.0
04-03 22:22:06.806 2635 2658 D DisplayManagerService: Delivering display event: displayId=0, event=4
04-03 22:22:06.842 2635 3161 D LightsServiceExtImpl: baseSetLightLocked end.
04-03 22:22:06.853 2635 2705 D OplusDisplayPowerControllerExtImpl: original brightness to dataBase:130 final brightness:130.0 scale:1.0 reason:4 darkLevel:0
04-03 22:22:06.853 2635 2705 D DisplayPowerController[0]: Animating brightness: target=130.0, rate=25.0, source= 7
04-03 22:22:06.855 2635 2705 D VRR [OPlusRefreshRateService]: notifyBrightnessChange brightness: 130.0
04-03 22:22:06.857 2635 2658 D DisplayManagerService: Delivering display event: displayId=0, event=4
04-03 22:22:06.875 2635 3161 D LightsServiceExtImpl: baseSetLightLocked end.
04-03 22:22:06.878 2635 3161 D OplusFeatureDCBacklight: notifySfRepaintEverything begin mCurrentDCMode:-1
04-03 22:22:06.885 2635 2705 D OplusDisplayPowerControllerExtImpl: original brightness to dataBase:130 final brightness:130.0 scale:1.0 reason:4 darkLevel:0
04-03 22:22:06.885 2635 2705 D DisplayPowerController[0]: Animating brightness: target=130.0, rate=25.0, source= 7
04-03 22:22:06.890 2635 2705 D VRR [OPlusRefreshRateService]: notifyBrightnessChange brightness: 130.0
