04-03 22:10:19.624 8162 8162 I Quality : Skipped: false 1 cost 19.81278 refreshRate 0 processName com.innowireless.xcal.mobile5
04-03 22:10:21.621 8162 8162 I Quality : Skipped: false 1 cost 19.7575 refreshRate 0 processName com.innowireless.xcal.mobile5
04-03 22:10:22.534 2635 2705 D OplusFeatureBrightnessBarController: mDarkLevel: 0
04-03 22:10:25.136 2635 2705 D OplusFeatureBrightnessBarController: mDarkLevel: 0
04-03 22:10:25.882 1338 1338 I Quality : SFJankCountInfo: 340; 0; 0; 0; 2; 1; 55; 58; 20; 0; 0
04-03 22:10:28.534 2635 2705 D OplusFeatureBrightnessBarController: mDarkLevel: 0
04-03 22:10:30.733 2635 2705 D OplusFeatureBrightnessBarController: mDarkLevel: 0
04-03 22:10:32.622 8162 8162 I Quality : Skipped: false 1 cost 19.060349 refreshRate 0 processName com.innowireless.xcal.mobile5
04-03 22:10:34.734 2635 2705 D OplusFeatureBrightnessBarController: mDarkLevel: 0
04-03 22:10:35.623 8162 8162 I Quality : Skipped: false 1 cost 23.14564 refreshRate 0 processName com.innowireless.xcal.mobile5
04-03 22:10:36.136 2635 2705 D OplusFeatureBrightnessBarController: mDarkLevel: 0
04-03 22:10:39.735 2635 2705 D OplusFeatureBrightnessBarController: mDarkLevel: 0
04-03 22:10:41.134 2635 2705 D OplusFeatureBrightnessBarController: mDarkLevel: 0
04-03 22:10:44.624 8162 8162 I Quality : Skipped: false 1 cost 17.354359 refreshRate 0 processName com.innowireless.xcal.mobile5
04-03 22:10:47.625 8162 8162 I Quality : Skipped: false 1 cost 21.420893 refreshRate 0 processName com.innowireless.xcal.mobile5
04-03 22:10:48.537 2635 2705 D OplusFeatureBrightnessBarController: mDarkLevel: 0
04-03 22:10:50.534 2635 2705 D OplusFeatureBrightnessBarController: mDarkLevel: 0
04-03 22:10:51.733 2635 2705 D OplusFeatureBrightnessBarController: mDarkLevel: 0
04-03 22:10:52.933 2635 2705 D OplusFeatureBrightnessBarController: mDarkLevel: 0
04-03 22:10:59.336 2635 2705 D OplusFeatureBrightnessBarController: mDarkLevel: 0
04-03 22:10:59.622 8162 8162 I Quality : Skipped: false 1 cost 17.974304 refreshRate 0 processName com.innowireless.xcal.mobile5
04-03 22:11:00.009 2635 4021 E OplusCustomizeRestrictionManagerService: isBiometricDisabled start
04-03 22:11:00.010 2635 4007 E OplusCustomizeRestrictionManagerService: isBiometricDisabled start
04-03 22:11:00.018 2635 4007 E OplusCustomizeRestrictionManagerService: isBiometricDisabled start
04-03 22:11:00.019 2635 4021 E OplusCustomizeRestrictionManagerService: isBiometricDisabled start
04-03 22:11:00.620 8162 8162 I Quality : Skipped: false 1 cost 17.51581 refreshRate 0 processName com.innowireless.xcal.mobile5
04-03 22:11:00.735 2635 2705 D OplusFeatureBrightnessBarController: mDarkLevel: 0
04-03 22:11:01.621 8162 8162 I Quality : Skipped: false 1 cost 20.19538 refreshRate 0 processName com.innowireless.xcal.mobile5
04-03 22:11:02.620 8162 8162 I Quality : Skipped: false 1 cost 21.10513 refreshRate 0 processName com.innowireless.xcal.mobile5
04-03 22:11:03.134 2635 2705 D OplusFeatureBrightnessBarController: mDarkLevel: 0
04-03 22:11:04.882 8162 8162 I Quality : Skipped: false 1 cost 18.807983 refreshRate 0 processName com.innowireless.xcal.mobile5
04-03 22:11:14.620 8162 8162 I Quality : Skipped: false 1 cost 19.024248 refreshRate 0 processName com.innowireless.xcal.mobile5
04-03 22:11:20.879 8162 8162 I Quality : Skipped: false 1 cost 17.344105 refreshRate 0 processName com.innowireless.xcal.mobile5
04-03 22:11:24.624 8162 8162 I Quality : Skipped: false 1 cost 16.938025 refreshRate 0 processName com.innowireless.xcal.mobile5
04-03 22:11:25.533 2635 2705 D OplusFeatureBrightnessBarController: mDarkLevel: 0
04-03 22:11:25.896 1338 1338 I Quality : SFJankCountInfo: 341; 0; 0; 4; 4; 2; 71; 38; 28; 0; 0
04-03 22:11:26.933 2635 2705 D OplusFeatureBrightnessBarController: mDarkLevel: 0
04-03 22:11:27.623 8162 8162 I Quality : Skipped: false 1 cost 19.670515 refreshRate 0 processName com.innowireless.xcal.mobile5
04-03 22:11:28.624 8162 8162 I Quality : Skipped: false 1 cost 22.176952 refreshRate 0 processName com.innowireless.xcal.mobile5
04-03 22:11:30.620 8162 8162 I Quality : Skipped: false 1 cost 20.151712 refreshRate 0 processName com.innowireless.xcal.mobile5
04-03 22:11:32.334 2635 2705 D OplusFeatureBrightnessBarController: mDarkLevel: 0
04-03 22:11:32.880 8162 8162 I Quality : Skipped: false 1 cost 16.875128 refreshRate 0 processName com.innowireless.xcal.mobile5
04-03 22:11:33.734 2635 2705 D OplusFeatureBrightnessBarController: mDarkLevel: 0
04-03 22:11:35.733 2635 2705 D OplusFeatureBrightnessBarController: mDarkLevel: 0
04-03 22:11:35.736 2635 3156 D AIBrightnessModel: handleUpdateBrightness brightness change from BrightnessPoint:(6.812708, 365.83347, 199.57425, 88.37529)->BrightnessPoint:(5.2922754, 282.51328, 28.008179, 69.05736) lux:28.0, [44.0,23.0,25.0,27.0,26.0,25.0,24.0,24.0]
04-03 22:11:35.738 2635 2705 I ColorAutomaticBrightnessController: updateAutoBrightness: Auto
04-03 22:11:35.738 2635 2705 I ColorAutomaticBrightnessController: , sendUpdate = true, adjustment = 977.0, AIBrightness = 282, adjustManualBright = 282
04-03 22:11:35.739 2635 2705 D OplusDisplayPowerControllerExtImpl: original brightness to dataBase:282 final brightness:282.0 scale:1.0 reason:4 darkLevel:0
04-03 22:11:35.740 2635 2705 D DisplayPowerController[0]: Animating brightness: target=282.0, rate=25.0, source= 7
04-03 22:11:35.744 2635 2705 D VRR [OPlusRefreshRateService]: notifyBrightnessChange brightness: 282.0
04-03 22:11:35.744 2635 2705 D VRR [OPlusRefreshRateService]: notifyNitsChange nits: 68.944885 discrete nits: 86.54653
04-03 22:11:35.745 2635 2711 D VRR [OPlusRefreshRateService]: handleBrightnessChange nits: 68.944885
04-03 22:11:35.767 2635 3161 D LightsServiceExtImpl: baseSetLightLocked end.
04-03 22:11:35.772 2635 2705 D OplusDisplayPowerControllerExtImpl: original brightness to dataBase:282 final brightness:282.0 scale:1.0 reason:4 darkLevel:0
04-03 22:11:35.772 2635 2705 D DisplayPowerController[0]: Animating brightness: target=282.0, rate=25.0, source= 7
04-03 22:11:35.773 2635 2705 D VRR [OPlusRefreshRateService]: notifyBrightnessChange brightness: 282.0
04-03 22:11:35.773 2635 2658 D DisplayManagerService: Delivering display event: displayId=0, event=4
04-03 22:11:35.799 2635 3161 D LightsServiceExtImpl: baseSetLightLocked end.
04-03 22:11:35.803 2635 2705 D OplusDisplayPowerControllerExtImpl: original brightness to dataBase:282 final brightness:282.0 scale:1.0 reason:4 darkLevel:0
04-03 22:11:35.803 2635 2705 D DisplayPowerController[0]: Animating brightness: target=282.0, rate=25.0, source= 7
04-03 22:11:35.804 2635 2705 D VRR [OPlusRefreshRateService]: notifyBrightnessChange brightness: 282.0
04-03 22:11:35.805 2635 2658 D DisplayManagerService: Delivering display event: displayId=0, event=4
04-03 22:11:35.833 2635 3161 D LightsServiceExtImpl: baseSetLightLocked end.
04-03 22:11:35.838 2635 2705 D OplusDisplayPowerControllerExtImpl: original brightness to dataBase:282 final brightness:282.0 scale:1.0 reason:4 darkLevel:0
04-03 22:11:35.839 2635 2705 D DisplayPowerController[0]: Animating brightness: target=282.0, rate=25.0, source= 7
04-03 22:11:35.840 2635 2705 D VRR [OPlusRefreshRateService]: notifyBrightnessChange brightness: 282.0
04-03 22:11:35.840 2635 2658 D DisplayManagerService: Delivering display event: displayId=0, event=4
04-03 22:11:35.881 2635 3161 D LightsServiceExtImpl: baseSetLightLocked end.
04-03 22:11:35.887 2635 2705 D OplusDisplayPowerControllerExtImpl: original brightness to dataBase:282 final brightness:282.0 scale:1.0 reason:4 darkLevel:0
04-03 22:11:35.887 2635 2705 D DisplayPowerController[0]: Animating brightness: target=282.0, rate=25.0, source= 7
04-03 22:11:35.888 2635 2705 D VRR [OPlusRefreshRateService]: notifyBrightnessChange brightness: 282.0
04-03 22:11:35.888 2635 2658 D DisplayManagerService: Delivering display event: displayId=0, event=4
04-03 22:11:35.895 2635 3161 D LightsServiceExtImpl: baseSetLightLocked end.
04-03 22:11:35.901 2635 2705 D OplusDisplayPowerControllerExtImpl: original brightness to dataBase:282 final brightness:282.0 scale:1.0 reason:4 darkLevel:0
04-03 22:11:35.901 2635 2705 D DisplayPowerController[0]: Animating brightness: target=282.0, rate=25.0, source= 7
04-03 22:11:35.903 2635 2705 D VRR [OPlusRefreshRateService]: notifyBrightnessChange brightness: 282.0
04-03 22:11:35.903 2635 2658 D DisplayManagerService: Delivering display event: displayId=0, event=4
04-03 22:11:35.911 2635 3161 D LightsServiceExtImpl: baseSetLightLocked end.
04-03 22:11:35.921 2635 2705 D OplusDisplayPowerControllerExtImpl: original brightness to dataBase:282 final brightness:282.0 scale:1.0 reason:4 darkLevel:0
04-03 22:11:35.921 2635 2705 D DisplayPowerController[0]: Animating brightness: target=282.0, rate=25.0, source= 7
04-03 22:11:35.923 2635 2705 D VRR [OPlusRefreshRateService]: notifyBrightnessChange brightness: 282.0
04-03 22:11:35.923 2635 2658 D DisplayManagerService: Delivering display event: displayId=0, event=4
04-03 22:11:35.994 2635 3161 D LightsServiceExtImpl: baseSetLightLocked end.
04-03 22:11:35.998 2635 2705 D OplusDisplayPowerControllerExtImpl: original brightness to dataBase:282 final brightness:282.0 scale:1.0 reason:4 darkLevel:0
04-03 22:11:35.998 2635 2705 D DisplayPowerController[0]: Animating brightness: target=282.0, rate=25.0, source= 7
04-03 22:11:35.999 2635 2705 D VRR [OPlusRefreshRateService]: notifyBrightnessChange brightness: 282.0
04-03 22:11:35.999 2635 2658 D DisplayManagerService: Delivering display event: displayId=0, event=4
04-03 22:11:36.010 2635 3161 D LightsServiceExtImpl: baseSetLightLocked end.
04-03 22:11:36.015 2635 2705 D OplusDisplayPowerControllerExtImpl: original brightness to dataBase:282 final brightness:282.0 scale:1.0 reason:4 darkLevel:0
04-03 22:11:36.015 2635 2705 D DisplayPowerController[0]: Animating brightness: target=282.0, rate=25.0, source= 7
04-03 22:11:36.016 2635 2705 D VRR [OPlusRefreshRateService]: notifyBrightnessChange brightness: 282.0
04-03 22:11:36.016 2635 2658 D DisplayManagerService: Delivering display event: displayId=0, event=4
04-03 22:11:36.032 2635 3161 D LightsServiceExtImpl: baseSetLightLocked end.
04-03 22:11:36.037 2635 2705 D OplusDisplayPowerControllerExtImpl: original brightness to dataBase:282 final brightness:282.0 scale:1.0 reason:4 darkLevel:0
04-03 22:11:36.037 2635 2705 D DisplayPowerController[0]: Animating brightness: target=282.0, rate=25.0, source= 7
04-03 22:11:36.038 2635 2705 D VRR [OPlusRefreshRateService]: notifyBrightnessChange brightness: 282.0
04-03 22:11:36.038 2635 2658 D DisplayManagerService: Delivering display event: displayId=0, event=4
04-03 22:11:36.085 2635 3161 D LightsServiceExtImpl: baseSetLightLocked end.
04-03 22:11:36.095 2635 2705 D OplusDisplayPowerControllerExtImpl: original brightness to dataBase:282 final brightness:282.0 scale:1.0 reason:4 darkLevel:0
04-03 22:11:36.095 2635 2705 D DisplayPowerController[0]: Animating brightness: target=282.0, rate=25.0, source= 7
04-03 22:11:36.096 2635 2705 D VRR [OPlusRefreshRateService]: notifyBrightnessChange brightness: 282.0
04-03 22:11:36.097 2635 2658 D DisplayManagerService: Delivering display event: displayId=0, event=4
04-03 22:11:36.152 2635 3161 D LightsServiceExtImpl: baseSetLightLocked end.
04-03 22:11:36.162 2635 2705 D OplusDisplayPowerControllerExtImpl: original brightness to dataBase:282 final brightness:282.0 scale:1.0 reason:4 darkLevel:0
04-03 22:11:36.162 2635 2705 D DisplayPowerController[0]: Animating brightness: target=282.0, rate=25.0, source= 7
04-03 22:11:36.164 2635 2705 D VRR [OPlusRefreshRateService]: notifyBrightnessChange brightness: 282.0
04-03 22:11:36.168 2635 2658 D DisplayManagerService: Delivering display event: displayId=0, event=4
04-03 22:11:36.169 2635 2705 D OplusDisplayPowerControllerExtImpl: original brightness to dataBase:282 final brightness:282.0 scale:1.0 reason:4 darkLevel:0
04-03 22:11:36.169 2635 2705 D DisplayPowerController[0]: Animating brightness: target=282.0, rate=25.0, source= 7
04-03 22:11:36.170 2635 2705 D VRR [OPlusRefreshRateService]: notifyBrightnessChange brightness: 282.0
04-03 22:11:36.173 2635 3161 D LightsServiceExtImpl: baseSetLightLocked end.
04-03 22:11:36.179 2635 2705 D OplusDisplayPowerControllerExtImpl: original brightness to dataBase:282 final brightness:282.0 scale:1.0 reason:4 darkLevel:0
04-03 22:11:36.179 2635 2705 D DisplayPowerController[0]: Animating brightness: target=282.0, rate=25.0, source= 7
04-03 22:11:36.180 2635 2705 D VRR [OPlusRefreshRateService]: notifyBrightnessChange brightness: 282.0
04-03 22:11:36.180 2635 2658 D DisplayManagerService: Delivering display event: displayId=0, event=4
04-03 22:11:36.198 2635 3161 D LightsServiceExtImpl: baseSetLightLocked end.
04-03 22:11:36.201 2635 2705 D OplusDisplayPowerControllerExtImpl: original brightness to dataBase:282 final brightness:282.0 scale:1.0 reason:4 darkLevel:0
04-03 22:11:36.202 2635 2705 D DisplayPowerController[0]: Animating brightness: target=282.0, rate=25.0, source= 7
04-03 22:11:36.203 2635 2705 D VRR [OPlusRefreshRateService]: notifyBrightnessChange brightness: 282.0
04-03 22:11:36.203 2635 2658 D DisplayManagerService: Delivering display event: displayId=0, event=4
04-03 22:11:36.254 2635 3161 D LightsServiceExtImpl: baseSetLightLocked end.
04-03 22:11:36.265 2635 2705 D OplusDisplayPowerControllerExtImpl: original brightness to dataBase:282 final brightness:282.0 scale:1.0 reason:4 darkLevel:0
04-03 22:11:36.266 2635 2705 D DisplayPowerController[0]: Animating brightness: target=282.0, rate=25.0, source= 7
04-03 22:11:36.268 2635 2705 D VRR [OPlusRefreshRateService]: notifyBrightnessChange brightness: 282.0
04-03 22:11:36.269 2635 2658 D DisplayManagerService: Delivering display event: displayId=0, event=4
04-03 22:11:36.275 2635 3161 D LightsServiceExtImpl: baseSetLightLocked end.
04-03 22:11:36.282 2635 2705 D OplusDisplayPowerControllerExtImpl: original brightness to dataBase:282 final brightness:282.0 scale:1.0 reason:4 darkLevel:0
04-03 22:11:36.282 2635 2705 D DisplayPowerController[0]: Animating brightness: target=282.0, rate=25.0, source= 7
04-03 22:11:36.284 2635 2705 D VRR [OPlusRefreshRateService]: notifyBrightnessChange brightness: 282.0
04-03 22:11:36.284 2635 2658 D DisplayManagerService: Delivering display event: displayId=0, event=4
04-03 22:11:36.335 2635 3161 D LightsServiceExtImpl: baseSetLightLocked end.
04-03 22:11:36.346 2635 2705 D OplusDisplayPowerControllerExtImpl: original brightness to dataBase:282 final brightness:282.0 scale:1.0 reason:4 darkLevel:0
04-03 22:11:36.347 2635 2705 D DisplayPowerController[0]: Animating brightness: target=282.0, rate=25.0, source= 7
04-03 22:11:36.349 2635 2705 D VRR [OPlusRefreshRateService]: notifyBrightnessChange brightness: 282.0
04-03 22:11:36.350 2635 2658 D DisplayManagerService: Delivering display event: displayId=0, event=4
04-03 22:11:36.385 2635 3161 D LightsServiceExtImpl: baseSetLightLocked end.
04-03 22:11:36.389 2635 2705 D OplusDisplayPowerControllerExtImpl: original brightness to dataBase:282 final brightness:282.0 scale:1.0 reason:4 darkLevel:0
04-03 22:11:36.389 2635 2705 D DisplayPowerController[0]: Animating brightness: target=282.0, rate=25.0, source= 7
04-03 22:11:36.391 2635 2705 D VRR [OPlusRefreshRateService]: notifyBrightnessChange brightness: 282.0
04-03 22:11:36.391 2635 2658 D DisplayManagerService: Delivering display event: displayId=0, event=4
04-03 22:11:36.399 2635 3161 D LightsServiceExtImpl: baseSetLightLocked end.
04-03 22:11:36.403 2635 2705 D OplusDisplayPowerControllerExtImpl: original brightness to dataBase:282 final brightness:282.0 scale:1.0 reason:4 darkLevel:0
04-03 22:11:36.404 2635 2705 D DisplayPowerController[0]: Animating brightness: target=282.0, rate=25.0, source= 7
04-03 22:11:36.405 2635 2705 D VRR [OPlusRefreshRateService]: notifyBrightnessChange brightness: 282.0
04-03 22:11:36.405 2635 2658 D DisplayManagerService: Delivering display event: displayId=0, event=4
04-03 22:11:36.444 2635 3161 D LightsServiceExtImpl: baseSetLightLocked end.
04-03 22:11:36.455 2635 2705 D OplusDisplayPowerControllerExtImpl: original brightness to dataBase:282 final brightness:282.0 scale:1.0 reason:4 darkLevel:0
04-03 22:11:36.455 2635 2705 D DisplayPowerController[0]: Animating brightness: target=282.0, rate=25.0, source= 7
04-03 22:11:36.457 2635 2705 D VRR [OPlusRefreshRateService]: notifyBrightnessChange brightness: 282.0
04-03 22:11:36.457 2635 2658 D DisplayManagerService: Delivering display event: displayId=0, event=4
04-03 22:11:36.501 2635 3161 D LightsServiceExtImpl: baseSetLightLocked end.
04-03 22:11:36.514 2635 2705 D OplusDisplayPowerControllerExtImpl: original brightness to dataBase:282 final brightness:282.0 scale:1.0 reason:4 darkLevel:0
04-03 22:11:36.515 2635 2705 D DisplayPowerController[0]: Animating brightness: target=282.0, rate=25.0, source= 7
04-03 22:11:36.517 2635 2705 D VRR [OPlusRefreshRateService]: notifyBrightnessChange brightness: 282.0
04-03 22:11:36.518 2635 2658 D DisplayManagerService: Delivering display event: displayId=0, event=4
04-03 22:11:36.535 2635 3161 D LightsServiceExtImpl: baseSetLightLocked end.
04-03 22:11:36.546 2635 2705 D OplusDisplayPowerControllerExtImpl: original brightness to dataBase:282 final brightness:282.0 scale:1.0 reason:4 darkLevel:0
04-03 22:11:36.546 2635 2705 D DisplayPowerController[0]: Animating brightness: target=282.0, rate=25.0, source= 7
04-03 22:11:36.549 2635 2705 D VRR [OPlusRefreshRateService]: notifyBrightnessChange brightness: 282.0
04-03 22:11:36.549 2635 2658 D DisplayManagerService: Delivering display event: displayId=0, event=4
04-03 22:11:36.568 2635 3161 D LightsServiceExtImpl: baseSetLightLocked end.
04-03 22:11:36.581 2635 2705 D OplusDisplayPowerControllerExtImpl: original brightness to dataBase:282 final brightness:282.0 scale:1.0 reason:4 darkLevel:0
04-03 22:11:36.581 2635 2705 D DisplayPowerController[0]: Animating brightness: target=282.0, rate=25.0, source= 7
04-03 22:11:36.584 2635 2705 D VRR [OPlusRefreshRateService]: notifyBrightnessChange brightness: 282.0
04-03 22:11:36.585 2635 2658 D DisplayManagerService: Delivering display event: displayId=0, event=4
04-03 22:11:36.633 2635 3161 D LightsServiceExtImpl: baseSetLightLocked end.
04-03 22:11:36.637 2635 2705 D OplusDisplayPowerControllerExtImpl: original brightness to dataBase:282 final brightness:282.0 scale:1.0 reason:4 darkLevel:0
04-03 22:11:36.637 2635 2705 D DisplayPowerController[0]: Animating brightness: target=282.0, rate=25.0, source= 7
04-03 22:11:36.639 2635 2705 D VRR [OPlusRefreshRateService]: notifyBrightnessChange brightness: 282.0
04-03 22:11:36.640 2635 2658 D DisplayManagerService: Delivering display event: displayId=0, event=4
04-03 22:11:36.679 2635 3161 D LightsServiceExtImpl: baseSetLightLocked end.
04-03 22:11:36.684 2635 2705 D OplusDisplayPowerControllerExtImpl: original brightness to dataBase:282 final brightness:282.0 scale:1.0 reason:4 darkLevel:0
04-03 22:11:36.684 2635 2705 D DisplayPowerController[0]: Animating brightness: target=282.0, rate=25.0, source= 7
04-03 22:11:36.687 2635 2705 D VRR [OPlusRefreshRateService]: notifyBrightnessChange brightness: 282.0
04-03 22:11:36.687 2635 2658 D DisplayManagerService: Delivering display event: displayId=0, event=4
04-03 22:11:36.710 2635 3161 D LightsServiceExtImpl: baseSetLightLocked end.
04-03 22:11:36.715 2635 2705 D OplusDisplayPowerControllerExtImpl: original brightness to dataBase:282 final brightness:282.0 scale:1.0 reason:4 darkLevel:0
04-03 22:11:36.715 2635 2705 D DisplayPowerController[0]: Animating brightness: target=282.0, rate=25.0, source= 7
04-03 22:11:36.717 2635 2705 D VRR [OPlusRefreshRateService]: notifyBrightnessChange brightness: 282.0
04-03 22:11:36.717 2635 2658 D DisplayManagerService: Delivering display event: displayId=0, event=4
04-03 22:11:36.744 2635 3161 D LightsServiceExtImpl: baseSetLightLocked end.
04-03 22:11:36.751 2635 2705 D OplusDisplayPowerControllerExtImpl: original brightness to dataBase:282 final brightness:282.0 scale:1.0 reason:4 darkLevel:0
04-03 22:11:36.751 2635 2705 D DisplayPowerController[0]: Animating brightness: target=282.0, rate=25.0, source= 7
04-03 22:11:36.753 2635 2705 D VRR [OPlusRefreshRateService]: notifyBrightnessChange brightness: 282.0
04-03 22:11:36.754 2635 2658 D DisplayManagerService: Delivering display event: displayId=0, event=4
04-03 22:11:36.786 2635 3161 D LightsServiceExtImpl: baseSetLightLocked end.
04-03 22:11:36.796 2635 2705 D OplusDisplayPowerControllerExtImpl: original brightness to dataBase:282 final brightness:282.0 scale:1.0 reason:4 darkLevel:0
04-03 22:11:36.796 2635 2705 D DisplayPowerController[0]: Animating brightness: target=282.0, rate=25.0, source= 7
04-03 22:11:36.800 2635 2705 D VRR [OPlusRefreshRateService]: notifyBrightnessChange brightness: 282.0
04-03 22:11:36.800 2635 2658 D DisplayManagerService: Delivering display event: displayId=0, event=4
04-03 22:11:36.833 2635 3161 D LightsServiceExtImpl: baseSetLightLocked end.
04-03 22:11:36.837 2635 2705 D OplusDisplayPowerControllerExtImpl: original brightness to dataBase:282 final brightness:282.0 scale:1.0 reason:4 darkLevel:0
04-03 22:11:36.837 2635 2705 D DisplayPowerController[0]: Animating brightness: target=282.0, rate=25.0, source= 7
04-03 22:11:36.839 2635 2705 D VRR [OPlusRefreshRateService]: notifyBrightnessChange brightness: 282.0
04-03 22:11:36.839 2635 2658 D DisplayManagerService: Delivering display event: displayId=0, event=4
04-03 22:11:36.866 2635 3161 D LightsServiceExtImpl: baseSetLightLocked end.
04-03 22:11:36.869 2635 2705 D OplusDisplayPowerControllerExtImpl: original brightness to dataBase:282 final brightness:282.0 scale:1.0 reason:4 darkLevel:0
04-03 22:11:36.869 2635 2705 D DisplayPowerController[0]: Animating brightness: target=282.0, rate=25.0, source= 7
04-03 22:11:36.870 2635 2705 D VRR [OPlusRefreshRateService]: notifyBrightnessChange brightness: 282.0
04-03 22:11:36.870 2635 2658 D DisplayManagerService: Delivering display event: displayId=0, event=4
04-03 22:11:36.913 2635 3161 D LightsServiceExtImpl: baseSetLightLocked end.
04-03 22:11:36.922 2635 2705 D OplusDisplayPowerControllerExtImpl: original brightness to dataBase:282 final brightness:282.0 scale:1.0 reason:4 darkLevel:0
04-03 22:11:36.923 2635 2705 D DisplayPowerController[0]: Animating brightness: target=282.0, rate=25.0, source= 7
04-03 22:11:36.924 2635 2705 D VRR [OPlusRefreshRateService]: notifyBrightnessChange brightness: 282.0
04-03 22:11:36.924 2635 2658 D DisplayManagerService: Delivering display event: displayId=0, event=4
04-03 22:11:36.946 2635 3161 D LightsServiceExtImpl: baseSetLightLocked end.
04-03 22:11:36.952 2635 2705 D OplusDisplayPowerControllerExtImpl: original brightness to dataBase:282 final brightness:282.0 scale:1.0 reason:4 darkLevel:0
04-03 22:11:36.952 2635 2705 D DisplayPowerController[0]: Animating brightness: target=282.0, rate=25.0, source= 7
04-03 22:11:36.953 2635 2705 D VRR [OPlusRefreshRateService]: notifyBrightnessChange brightness: 282.0
04-03 22:11:36.953 2635 2658 D DisplayManagerService: Delivering display event: displayId=0, event=4
04-03 22:11:37.015 2635 3161 D LightsServiceExtImpl: baseSetLightLocked end.
04-03 22:11:37.024 2635 2705 D OplusDisplayPowerControllerExtImpl: original brightness to dataBase:282 final brightness:282.0 scale:1.0 reason:4 darkLevel:0
04-03 22:11:37.025 2635 2705 D DisplayPowerController[0]: Animating brightness: target=282.0, rate=25.0, source= 7
04-03 22:11:37.026 2635 2705 D VRR [OPlusRefreshRateService]: notifyBrightnessChange brightness: 282.0
04-03 22:11:37.027 2635 2658 D DisplayManagerService: Delivering display event: displayId=0, event=4
04-03 22:11:37.069 2635 3161 D LightsServiceExtImpl: baseSetLightLocked end.
04-03 22:11:37.081 2635 2705 D OplusDisplayPowerControllerExtImpl: original brightness to dataBase:282 final brightness:282.0 scale:1.0 reason:4 darkLevel:0
04-03 22:11:37.082 2635 2705 D DisplayPowerController[0]: Animating brightness: target=282.0, rate=25.0, source= 7
04-03 22:11:37.084 2635 2705 D VRR [OPlusRefreshRateService]: notifyBrightnessChange brightness: 282.0
04-03 22:11:37.085 2635 2658 D DisplayManagerService: Delivering display event: displayId=0, event=4
04-03 22:11:37.115 2635 3161 D LightsServiceExtImpl: baseSetLightLocked end.
04-03 22:11:37.124 2635 2705 D OplusDisplayPowerControllerExtImpl: original brightness to dataBase:282 final brightness:282.0 scale:1.0 reason:4 darkLevel:0
04-03 22:11:37.124 2635 2705 D DisplayPowerController[0]: Animating brightness: target=282.0, rate=25.0, source= 7
04-03 22:11:37.126 2635 2705 D VRR [OPlusRefreshRateService]: notifyBrightnessChange brightness: 282.0
04-03 22:11:37.128 2635 2658 D DisplayManagerService: Delivering display event: displayId=0, event=4
04-03 22:11:37.182 2635 3161 D LightsServiceExtImpl: baseSetLightLocked end.
04-03 22:11:37.189 2635 2705 D OplusDisplayPowerControllerExtImpl: original brightness to dataBase:282 final brightness:282.0 scale:1.0 reason:4 darkLevel:0
04-03 22:11:37.190 2635 2705 D DisplayPowerController[0]: Animating brightness: target=282.0, rate=25.0, source= 7
04-03 22:11:37.191 2635 2705 D VRR [OPlusRefreshRateService]: notifyBrightnessChange brightness: 282.0
04-03 22:11:37.192 2635 2658 D DisplayManagerService: Delivering display event: displayId=0, event=4
04-03 22:11:37.234 2635 3161 D LightsServiceExtImpl: baseSetLightLocked end.
04-03 22:11:37.245 2635 2705 D OplusDisplayPowerControllerExtImpl: original brightness to dataBase:282 final brightness:282.0 scale:1.0 reason:4 darkLevel:0
04-03 22:11:37.245 2635 2705 D DisplayPowerController[0]: Animating brightness: target=282.0, rate=25.0, source= 7
04-03 22:11:37.248 2635 2705 D VRR [OPlusRefreshRateService]: notifyBrightnessChange brightness: 282.0
04-03 22:11:37.248 2635 2658 D DisplayManagerService: Delivering display event: displayId=0, event=4
04-03 22:11:37.266 2635 3161 D LightsServiceExtImpl: baseSetLightLocked end.
04-03 22:11:37.271 2635 2705 D OplusDisplayPowerControllerExtImpl: original brightness to dataBase:282 final brightness:282.0 scale:1.0 reason:4 darkLevel:0
04-03 22:11:37.272 2635 2705 D DisplayPowerController[0]: Animating brightness: target=282.0, rate=25.0, source= 7
04-03 22:11:37.273 2635 2705 D VRR [OPlusRefreshRateService]: notifyBrightnessChange brightness: 282.0
04-03 22:11:37.273 2635 2658 D DisplayManagerService: Delivering display event: displayId=0, event=4
04-03 22:11:37.322 2635 3161 D LightsServiceExtImpl: baseSetLightLocked end.
04-03 22:11:37.332 2635 2705 D OplusDisplayPowerControllerExtImpl: original brightness to dataBase:282 final brightness:282.0 scale:1.0 reason:4 darkLevel:0
04-03 22:11:37.333 2635 2705 D DisplayPowerController[0]: Animating brightness: target=282.0, rate=25.0, source= 7
04-03 22:11:37.335 2635 2705 D VRR [OPlusRefreshRateService]: notifyBrightnessChange brightness: 282.0
04-03 22:11:37.336 2635 2658 D DisplayManagerService: Delivering display event: displayId=0, event=4
04-03 22:11:37.367 2635 3161 D LightsServiceExtImpl: baseSetLightLocked end.
04-03 22:11:37.372 2635 2705 D OplusDisplayPowerControllerExtImpl: original brightness to dataBase:282 final brightness:282.0 scale:1.0 reason:4 darkLevel:0
04-03 22:11:37.372 2635 2705 D DisplayPowerController[0]: Animating brightness: target=282.0, rate=25.0, source= 7
04-03 22:11:37.373 2635 2705 D VRR [OPlusRefreshRateService]: notifyBrightnessChange brightness: 282.0
04-03 22:11:37.374 2635 2658 D DisplayManagerService: Delivering display event: displayId=0, event=4
04-03 22:11:37.400 2635 3161 D LightsServiceExtImpl: baseSetLightLocked end.
04-03 22:11:37.407 2635 2705 D OplusDisplayPowerControllerExtImpl: original brightness to dataBase:282 final brightness:282.0 scale:1.0 reason:4 darkLevel:0
04-03 22:11:37.408 2635 2705 D DisplayPowerController[0]: Animating brightness: target=282.0, rate=25.0, source= 7
04-03 22:11:37.410 2635 2705 D VRR [OPlusRefreshRateService]: notifyBrightnessChange brightness: 282.0
04-03 22:11:37.411 2635 2658 D DisplayManagerService: Delivering display event: displayId=0, event=4
04-03 22:11:37.460 2635 3161 D LightsServiceExtImpl: baseSetLightLocked end.
04-03 22:11:37.471 2635 2705 D OplusDisplayPowerControllerExtImpl: original brightness to dataBase:282 final brightness:282.0 scale:1.0 reason:4 darkLevel:0
04-03 22:11:37.471 2635 2705 D DisplayPowerController[0]: Animating brightness: target=282.0, rate=25.0, source= 7
04-03 22:11:37.472 2635 2705 D VRR [OPlusRefreshRateService]: notifyBrightnessChange brightness: 282.0
04-03 22:11:37.473 2635 2658 D DisplayManagerService: Delivering display event: displayId=0, event=4
04-03 22:11:37.519 2635 3161 D LightsServiceExtImpl: baseSetLightLocked end.
04-03 22:11:37.538 2635 2705 D OplusDisplayPowerControllerExtImpl: original brightness to dataBase:282 final brightness:282.0 scale:1.0 reason:4 darkLevel:0
04-03 22:11:37.538 2635 2705 D DisplayPowerController[0]: Animating brightness: target=282.0, rate=25.0, source= 7
04-03 22:11:37.541 2635 2705 D VRR [OPlusRefreshRateService]: notifyBrightnessChange brightness: 282.0
04-03 22:11:37.542 2635 2658 D DisplayManagerService: Delivering display event: displayId=0, event=4
04-03 22:11:37.551 2635 3161 D LightsServiceExtImpl: baseSetLightLocked end.
04-03 22:11:37.556 2635 2705 D OplusDisplayPowerControllerExtImpl: original brightness to dataBase:282 final brightness:282.0 scale:1.0 reason:4 darkLevel:0
04-03 22:11:37.556 2635 2705 D DisplayPowerController[0]: Animating brightness: target=282.0, rate=25.0, source= 7
04-03 22:11:37.557 2635 2705 D VRR [OPlusRefreshRateService]: notifyBrightnessChange brightness: 282.0
04-03 22:11:37.557 2635 2658 D DisplayManagerService: Delivering display event: displayId=0, event=4
04-03 22:11:37.631 2635 3161 D LightsServiceExtImpl: baseSetLightLocked end.
04-03 22:11:37.636 2635 2705 D OplusDisplayPowerControllerExtImpl: original brightness to dataBase:282 final brightness:282.0 scale:1.0 reason:4 darkLevel:0
04-03 22:11:37.636 2635 2705 D DisplayPowerController[0]: Animating brightness: target=282.0, rate=25.0, source= 7
04-03 22:11:37.640 2635 2705 D VRR [OPlusRefreshRateService]: notifyBrightnessChange brightness: 282.0
04-03 22:11:37.640 2635 2658 D DisplayManagerService: Delivering display event: displayId=0, event=4
04-03 22:11:37.694 2635 3161 D LightsServiceExtImpl: baseSetLightLocked end.
04-03 22:11:37.711 2635 2705 D OplusDisplayPowerControllerExtImpl: original brightness to dataBase:282 final brightness:282.0 scale:1.0 reason:4 darkLevel:0
04-03 22:11:37.712 2635 2705 D DisplayPowerController[0]: Animating brightness: target=282.0, rate=25.0, source= 7
04-03 22:11:37.714 2635 2705 D VRR [OPlusRefreshRateService]: notifyBrightnessChange brightness: 282.0
04-03 22:11:37.714 2635 2658 D DisplayManagerService: Delivering display event: displayId=0, event=4
04-03 22:11:37.724 2635 3161 D LightsServiceExtImpl: baseSetLightLocked end.
04-03 22:11:37.729 2635 2705 D OplusDisplayPowerControllerExtImpl: original brightness to dataBase:282 final brightness:282.0 scale:1.0 reason:4 darkLevel:0
04-03 22:11:37.729 2635 2705 D DisplayPowerController[0]: Animating brightness: target=282.0, rate=25.0, source= 7
04-03 22:11:37.731 2635 2705 D VRR [OPlusRefreshRateService]: notifyBrightnessChange brightness: 282.0
04-03 22:11:37.731 2635 2658 D DisplayManagerService: Delivering display event: displayId=0, event=4
04-03 22:11:37.766 2635 3161 D LightsServiceExtImpl: baseSetLightLocked end.
04-03 22:11:37.777 2635 2705 D OplusDisplayPowerControllerExtImpl: original brightness to dataBase:282 final brightness:282.0 scale:1.0 reason:4 darkLevel:0
04-03 22:11:37.777 2635 2705 D DisplayPowerController[0]: Animating brightness: target=282.0, rate=25.0, source= 7
04-03 22:11:37.780 2635 2705 D VRR [OPlusRefreshRateService]: notifyBrightnessChange brightness: 282.0
04-03 22:11:37.780 2635 2658 D DisplayManagerService: Delivering display event: displayId=0, event=4
04-03 22:11:37.833 2635 3161 D LightsServiceExtImpl: baseSetLightLocked end.
04-03 22:11:37.844 2635 2705 D OplusDisplayPowerControllerExtImpl: original brightness to dataBase:282 final brightness:282.0 scale:1.0 reason:4 darkLevel:0
04-03 22:11:37.844 2635 2705 D DisplayPowerController[0]: Animating brightness: target=282.0, rate=25.0, source= 7
04-03 22:11:37.847 2635 2705 D VRR [OPlusRefreshRateService]: notifyBrightnessChange brightness: 282.0
04-03 22:11:37.847 2635 2658 D DisplayManagerService: Delivering display event: displayId=0, event=4
04-03 22:11:37.908 2635 3161 D LightsServiceExtImpl: baseSetLightLocked end.
04-03 22:11:37.916 2635 2705 D OplusDisplayPowerControllerExtImpl: original brightness to dataBase:282 final brightness:282.0 scale:1.0 reason:4 darkLevel:0
04-03 22:11:37.916 2635 2705 D DisplayPowerController[0]: Animating brightness: target=282.0, rate=25.0, source= 7
04-03 22:11:37.917 2635 2705 D VRR [OPlusRefreshRateService]: notifyBrightnessChange brightness: 282.0
04-03 22:11:37.917 2635 2658 D DisplayManagerService: Delivering display event: displayId=0, event=4
04-03 22:11:37.933 2635 2705 D OplusFeatureBrightnessBarController: mDarkLevel: 0
04-03 22:11:37.961 2635 3161 D LightsServiceExtImpl: baseSetLightLocked end.
04-03 22:11:37.967 2635 2705 D OplusDisplayPowerControllerExtImpl: original brightness to dataBase:282 final brightness:282.0 scale:1.0 reason:4 darkLevel:0
04-03 22:11:37.968 2635 2705 D DisplayPowerController[0]: Animating brightness: target=282.0, rate=25.0, source= 7
04-03 22:11:37.969 2635 2705 D VRR [OPlusRefreshRateService]: notifyBrightnessChange brightness: 282.0
04-03 22:11:37.970 2635 2658 D DisplayManagerService: Delivering display event: displayId=0, event=4
04-03 22:11:37.990 2635 3161 D LightsServiceExtImpl: baseSetLightLocked end.
04-03 22:11:37.995 2635 2705 D OplusDisplayPowerControllerExtImpl: original brightness to dataBase:282 final brightness:282.0 scale:1.0 reason:4 darkLevel:0
04-03 22:11:37.995 2635 2705 D DisplayPowerController[0]: Animating brightness: target=282.0, rate=25.0, source= 7
04-03 22:11:37.996 2635 2705 D VRR [OPlusRefreshRateService]: notifyBrightnessChange brightness: 282.0
04-03 22:11:37.997 2635 2658 D DisplayManagerService: Delivering display event: displayId=0, event=4
04-03 22:11:38.065 2635 3161 D LightsServiceExtImpl: baseSetLightLocked end.
04-03 22:11:38.075 2635 2705 D OplusDisplayPowerControllerExtImpl: original brightness to dataBase:282 final brightness:282.0 scale:1.0 reason:4 darkLevel:0
04-03 22:11:38.075 2635 2705 D DisplayPowerController[0]: Animating brightness: target=282.0, rate=25.0, source= 7
04-03 22:11:38.077 2635 2705 D VRR [OPlusRefreshRateService]: notifyBrightnessChange brightness: 282.0
04-03 22:11:38.077 2635 2658 D DisplayManagerService: Delivering display event: displayId=0, event=4
04-03 22:11:38.135 2635 3161 D LightsServiceExtImpl: baseSetLightLocked end.
04-03 22:11:38.147 2635 2705 D OplusDisplayPowerControllerExtImpl: original brightness to dataBase:282 final brightness:282.0 scale:1.0 reason:4 darkLevel:0
04-03 22:11:38.147 2635 2705 D DisplayPowerController[0]: Animating brightness: target=282.0, rate=25.0, source= 7
04-03 22:11:38.148 2635 2705 D VRR [OPlusRefreshRateService]: notifyBrightnessChange brightness: 282.0
04-03 22:11:38.149 2635 2658 D DisplayManagerService: Delivering display event: displayId=0, event=4
04-03 22:11:38.230 2635 3161 D LightsServiceExtImpl: baseSetLightLocked end.
04-03 22:11:38.234 2635 2705 D OplusDisplayPowerControllerExtImpl: original brightness to dataBase:282 final brightness:282.0 scale:1.0 reason:4 darkLevel:0
04-03 22:11:38.234 2635 2705 D DisplayPowerController[0]: Animating brightness: target=282.0, rate=25.0, source= 7
04-03 22:11:38.235 2635 2705 D VRR [OPlusRefreshRateService]: notifyBrightnessChange brightness: 282.0
04-03 22:11:38.236 2635 2658 D DisplayManagerService: Delivering display event: displayId=0, event=4
04-03 22:11:38.300 2635 3161 D LightsServiceExtImpl: baseSetLightLocked end.
04-03 22:11:38.321 2635 2705 D OplusDisplayPowerControllerExtImpl: original brightness to dataBase:282 final brightness:282.0 scale:1.0 reason:4 darkLevel:0
04-03 22:11:38.321 2635 2705 D DisplayPowerController[0]: Animating brightness: target=282.0, rate=25.0, source= 7
04-03 22:11:38.323 2635 2705 D VRR [OPlusRefreshRateService]: notifyBrightnessChange brightness: 282.0
04-03 22:11:38.323 2635 2658 D DisplayManagerService: Delivering display event: displayId=0, event=4
04-03 22:11:38.346 2635 3161 D LightsServiceExtImpl: baseSetLightLocked end.
04-03 22:11:38.352 2635 2705 D OplusDisplayPowerControllerExtImpl: original brightness to dataBase:282 final brightness:282.0 scale:1.0 reason:4 darkLevel:0
04-03 22:11:38.352 2635 2705 D DisplayPowerController[0]: Animating brightness: target=282.0, rate=25.0, source= 7
04-03 22:11:38.353 2635 2705 D VRR [OPlusRefreshRateService]: notifyBrightnessChange brightness: 282.0
04-03 22:11:38.353 2635 2658 D DisplayManagerService: Delivering display event: displayId=0, event=4
04-03 22:11:38.396 2635 3161 D LightsServiceExtImpl: baseSetLightLocked end.
04-03 22:11:38.401 2635 2705 D OplusDisplayPowerControllerExtImpl: original brightness to dataBase:282 final brightness:282.0 scale:1.0 reason:4 darkLevel:0
04-03 22:11:38.401 2635 2705 D DisplayPowerController[0]: Animating brightness: target=282.0, rate=25.0, source= 7
04-03 22:11:38.402 2635 2705 D VRR [OPlusRefreshRateService]: notifyBrightnessChange brightness: 282.0
04-03 22:11:38.403 2635 2658 D DisplayManagerService: Delivering display event: displayId=0, event=4
04-03 22:11:38.517 2635 3161 D LightsServiceExtImpl: baseSetLightLocked end.
04-03 22:11:38.534 2635 2705 D OplusDisplayPowerControllerExtImpl: original brightness to dataBase:282 final brightness:282.0 scale:1.0 reason:4 darkLevel:0
04-03 22:11:38.534 2635 2705 D DisplayPowerController[0]: Animating brightness: target=282.0, rate=25.0, source= 7
04-03 22:11:38.536 2635 2705 D VRR [OPlusRefreshRateService]: notifyBrightnessChange brightness: 282.0
04-03 22:11:38.540 2635 2658 D DisplayManagerService: Delivering display event: displayId=0, event=4
04-03 22:11:38.548 2635 3161 D LightsServiceExtImpl: baseSetLightLocked end.
04-03 22:11:38.552 2635 2705 D OplusDisplayPowerControllerExtImpl: original brightness to dataBase:282 final brightness:282.0 scale:1.0 reason:4 darkLevel:0
04-03 22:11:38.552 2635 2705 D DisplayPowerController[0]: Animating brightness: target=282.0, rate=25.0, source= 7
04-03 22:11:38.554 2635 2705 D VRR [OPlusRefreshRateService]: notifyBrightnessChange brightness: 282.0
04-03 22:11:38.554 2635 2658 D DisplayManagerService: Delivering display event: displayId=0, event=4
04-03 22:11:38.620 2635 3161 D LightsServiceExtImpl: baseSetLightLocked end.
04-03 22:11:38.623 8162 8162 I Quality : Skipped: false 1 cost 18.09078 refreshRate 0 processName com.innowireless.xcal.mobile5
04-03 22:11:38.626 2635 2705 D OplusDisplayPowerControllerExtImpl: original brightness to dataBase:282 final brightness:282.0 scale:1.0 reason:4 darkLevel:0
04-03 22:11:38.626 2635 2705 D DisplayPowerController[0]: Animating brightness: target=282.0, rate=25.0, source= 7
04-03 22:11:38.627 2635 2705 D VRR [OPlusRefreshRateService]: notifyBrightnessChange brightness: 282.0
04-03 22:11:38.628 2635 2658 D DisplayManagerService: Delivering display event: displayId=0, event=4
04-03 22:11:38.785 2635 3161 D LightsServiceExtImpl: baseSetLightLocked end.
04-03 22:11:38.794 2635 2705 D OplusDisplayPowerControllerExtImpl: original brightness to dataBase:282 final brightness:282.0 scale:1.0 reason:4 darkLevel:0
04-03 22:11:38.795 2635 2705 D DisplayPowerController[0]: Animating brightness: target=282.0, rate=25.0, source= 7
04-03 22:11:38.796 2635 2705 D VRR [OPlusRefreshRateService]: notifyBrightnessChange brightness: 282.0
04-03 22:11:38.796 2635 2658 D DisplayManagerService: Delivering display event: displayId=0, event=4
04-03 22:11:38.801 2635 3161 D LightsServiceExtImpl: baseSetLightLocked end.
04-03 22:11:38.808 2635 2705 D OplusDisplayPowerControllerExtImpl: original brightness to dataBase:282 final brightness:282.0 scale:1.0 reason:4 darkLevel:0
04-03 22:11:38.808 2635 2705 D DisplayPowerController[0]: Animating brightness: target=282.0, rate=25.0, source= 7
04-03 22:11:38.811 2635 2705 D VRR [OPlusRefreshRateService]: notifyBrightnessChange brightness: 282.0
04-03 22:11:38.811 2635 2658 D DisplayManagerService: Delivering display event: displayId=0, event=4
04-03 22:11:38.814 2635 3161 D LightsServiceExtImpl: baseSetLightLocked end.
04-03 22:11:38.818 2635 2705 D OplusDisplayPowerControllerExtImpl: original brightness to dataBase:282 final brightness:282.0 scale:1.0 reason:4 darkLevel:0
04-03 22:11:38.818 2635 2705 D DisplayPowerController[0]: Animating brightness: target=282.0, rate=25.0, source= 7
04-03 22:11:38.820 2635 2705 D VRR [OPlusRefreshRateService]: notifyBrightnessChange brightness: 282.0
04-03 22:11:38.820 2635 2658 D DisplayManagerService: Delivering display event: displayId=0, event=4
04-03 22:11:39.062 2635 3161 D LightsServiceExtImpl: baseSetLightLocked end.
04-03 22:11:39.068 2635 2705 D OplusDisplayPowerControllerExtImpl: original brightness to dataBase:282 final brightness:282.0 scale:1.0 reason:4 darkLevel:0
04-03 22:11:39.068 2635 2705 D DisplayPowerController[0]: Animating brightness: target=282.0, rate=25.0, source= 7
04-03 22:11:39.070 2635 2705 D VRR [OPlusRefreshRateService]: notifyBrightnessChange brightness: 282.0
04-03 22:11:39.070 2635 2658 D DisplayManagerService: Delivering display event: displayId=0, event=4
04-03 22:11:39.116 2635 3161 D LightsServiceExtImpl: baseSetLightLocked end.
04-03 22:11:39.150 2635 2705 D OplusDisplayPowerControllerExtImpl: original brightness to dataBase:282 final brightness:282.0 scale:1.0 reason:4 darkLevel:0
04-03 22:11:39.150 2635 2705 D DisplayPowerController[0]: Animating brightness: target=282.0, rate=25.0, source= 7
04-03 22:11:39.151 2635 2705 D VRR [OPlusRefreshRateService]: notifyBrightnessChange brightness: 282.0
04-03 22:11:39.152 2635 2658 D DisplayManagerService: Delivering display event: displayId=0, event=4
04-03 22:11:39.163 2635 3161 D LightsServiceExtImpl: baseSetLightLocked end.
04-03 22:11:39.167 2635 2705 D OplusDisplayPowerControllerExtImpl: original brightness to dataBase:282 final brightness:282.0 scale:1.0 reason:4 darkLevel:0
04-03 22:11:39.168 2635 2705 D DisplayPowerController[0]: Animating brightness: target=282.0, rate=25.0, source= 7
04-03 22:11:39.169 2635 2705 D VRR [OPlusRefreshRateService]: notifyBrightnessChange brightness: 282.0
04-03 22:11:39.169 2635 2658 D DisplayManagerService: Delivering display event: displayId=0, event=4
04-03 22:11:39.232 2635 3161 D LightsServiceExtImpl: baseSetLightLocked end.
04-03 22:11:39.239 2635 2705 D OplusDisplayPowerControllerExtImpl: original brightness to dataBase:282 final brightness:282.0 scale:1.0 reason:4 darkLevel:0
04-03 22:11:39.240 2635 2705 D DisplayPowerController[0]: Animating brightness: target=282.0, rate=25.0, source= 7
04-03 22:11:39.243 2635 2705 D VRR [OPlusRefreshRateService]: notifyBrightnessChange brightness: 282.0
04-03 22:11:39.243 2635 2658 D DisplayManagerService: Delivering display event: displayId=0, event=4
04-03 22:11:39.336 2635 3161 D LightsServiceExtImpl: baseSetLightLocked end.
04-03 22:11:39.345 2635 2705 D OplusDisplayPowerControllerExtImpl: original brightness to dataBase:282 final brightness:282.0 scale:1.0 reason:4 darkLevel:0
04-03 22:11:39.345 2635 2705 D DisplayPowerController[0]: Animating brightness: target=282.0, rate=25.0, source= 7
04-03 22:11:39.347 2635 2705 D VRR [OPlusRefreshRateService]: notifyBrightnessChange brightness: 282.0
04-03 22:11:39.347 2635 2658 D DisplayManagerService: Delivering display event: displayId=0, event=4
04-03 22:11:39.381 2635 3161 D LightsServiceExtImpl: baseSetLightLocked end.
04-03 22:11:39.389 2635 2705 D OplusDisplayPowerControllerExtImpl: original brightness to dataBase:282 final brightness:282.0 scale:1.0 reason:4 darkLevel:0
04-03 22:11:39.389 2635 2705 D DisplayPowerController[0]: Animating brightness: target=282.0, rate=25.0, source= 7
04-03 22:11:39.391 2635 2705 D VRR [OPlusRefreshRateService]: notifyBrightnessChange brightness: 282.0
04-03 22:11:39.392 2635 2658 D DisplayManagerService: Delivering display event: displayId=0, event=4
04-03 22:11:39.426 2635 3161 D LightsServiceExtImpl: baseSetLightLocked end.
04-03 22:11:39.435 2635 2705 D OplusDisplayPowerControllerExtImpl: original brightness to dataBase:282 final brightness:282.0 scale:1.0 reason:4 darkLevel:0
04-03 22:11:39.435 2635 2705 D DisplayPowerController[0]: Animating brightness: target=282.0, rate=25.0, source= 7
04-03 22:11:39.436 2635 2705 D VRR [OPlusRefreshRateService]: notifyBrightnessChange brightness: 282.0
04-03 22:11:39.436 2635 2658 D DisplayManagerService: Delivering display event: displayId=0, event=4
04-03 22:11:39.550 2635 3161 D LightsServiceExtImpl: baseSetLightLocked end.
04-03 22:11:39.559 2635 2705 D OplusDisplayPowerControllerExtImpl: original brightness to dataBase:282 final brightness:282.0 scale:1.0 reason:4 darkLevel:0
04-03 22:11:39.561 2635 2705 D DisplayPowerController[0]: Animating brightness: target=282.0, rate=25.0, source= 7
04-03 22:11:39.566 2635 2705 D VRR [OPlusRefreshRateService]: notifyBrightnessChange brightness: 282.0
04-03 22:11:39.567 2635 2658 D DisplayManagerService: Delivering display event: displayId=0, event=4
04-03 22:11:39.616 2635 3161 D LightsServiceExtImpl: baseSetLightLocked end.
04-03 22:11:39.625 8162 8162 I Quality : Skipped: false 1 cost 21.744955 refreshRate 0 processName com.innowireless.xcal.mobile5
04-03 22:11:39.627 2635 2705 D OplusDisplayPowerControllerExtImpl: original brightness to dataBase:282 final brightness:282.0 scale:1.0 reason:4 darkLevel:0
04-03 22:11:39.627 2635 2705 D DisplayPowerController[0]: Animating brightness: target=282.0, rate=25.0, source= 7
04-03 22:11:39.630 2635 2705 D VRR [OPlusRefreshRateService]: notifyBrightnessChange brightness: 282.0
04-03 22:11:39.630 2635 2658 D DisplayManagerService: Delivering display event: displayId=0, event=4
04-03 22:11:39.675 2635 3161 D LightsServiceExtImpl: baseSetLightLocked end.
04-03 22:11:39.684 2635 2705 D OplusDisplayPowerControllerExtImpl: original brightness to dataBase:282 final brightness:282.0 scale:1.0 reason:4 darkLevel:0
04-03 22:11:39.684 2635 2705 D DisplayPowerController[0]: Animating brightness: target=282.0, rate=25.0, source= 7
04-03 22:11:39.689 2635 2705 D VRR [OPlusRefreshRateService]: notifyBrightnessChange brightness: 282.0
04-03 22:11:39.689 2635 2658 D DisplayManagerService: Delivering display event: displayId=0, event=4
04-03 22:11:39.848 2635 3161 D LightsServiceExtImpl: baseSetLightLocked end.
04-03 22:11:39.856 2635 2705 D OplusDisplayPowerControllerExtImpl: original brightness to dataBase:282 final brightness:282.0 scale:1.0 reason:4 darkLevel:0
04-03 22:11:39.856 2635 2705 D DisplayPowerController[0]: Animating brightness: target=282.0, rate=25.0, source= 7
04-03 22:11:39.862 2635 2705 D VRR [OPlusRefreshRateService]: notifyBrightnessChange brightness: 282.0
04-03 22:11:39.862 2635 2658 D DisplayManagerService: Delivering display event: displayId=0, event=4
04-03 22:11:39.925 2635 3161 D LightsServiceExtImpl: baseSetLightLocked end.
04-03 22:11:39.930 2635 2705 D OplusDisplayPowerControllerExtImpl: original brightness to dataBase:282 final brightness:282.0 scale:1.0 reason:4 darkLevel:0
04-03 22:11:39.931 2635 2705 D DisplayPowerController[0]: Animating brightness: target=282.0, rate=25.0, source= 7
04-03 22:11:39.933 2635 2705 D VRR [OPlusRefreshRateService]: notifyBrightnessChange brightness: 282.0
04-03 22:11:39.933 2635 2705 D OplusFeatureBrightnessBarController: mDarkLevel: 0
04-03 22:11:39.934 2635 2658 D DisplayManagerService: Delivering display event: displayId=0, event=4
04-03 22:11:40.012 2635 3161 D LightsServiceExtImpl: baseSetLightLocked end.
04-03 22:11:40.020 2635 2705 D OplusDisplayPowerControllerExtImpl: original brightness to dataBase:282 final brightness:282.0 scale:1.0 reason:4 darkLevel:0
04-03 22:11:40.020 2635 2705 D DisplayPowerController[0]: Animating brightness: target=282.0, rate=25.0, source= 7
04-03 22:11:40.021 2635 2705 D VRR [OPlusRefreshRateService]: notifyBrightnessChange brightness: 282.0
04-03 22:11:40.023 2635 2658 D DisplayManagerService: Delivering display event: displayId=0, event=4
04-03 22:11:40.132 2635 3161 D LightsServiceExtImpl: baseSetLightLocked end.
04-03 22:11:40.145 2635 2705 D OplusDisplayPowerControllerExtImpl: original brightness to dataBase:282 final brightness:282.0 scale:1.0 reason:4 darkLevel:0
04-03 22:11:40.145 2635 2705 D DisplayPowerController[0]: Animating brightness: target=282.0, rate=25.0, source= 7
04-03 22:11:40.146 2635 2705 D VRR [OPlusRefreshRateService]: notifyBrightnessChange brightness: 282.0
04-03 22:11:40.146 2635 2658 D DisplayManagerService: Delivering display event: displayId=0, event=4
04-03 22:11:40.176 2635 3161 D LightsServiceExtImpl: baseSetLightLocked end.
04-03 22:11:40.180 2635 2705 D OplusDisplayPowerControllerExtImpl: original brightness to dataBase:282 final brightness:282.0 scale:1.0 reason:4 darkLevel:0
04-03 22:11:40.181 2635 2705 D DisplayPowerController[0]: Animating brightness: target=282.0, rate=25.0, source= 7
04-03 22:11:40.181 2635 2705 D VRR [OPlusRefreshRateService]: notifyBrightnessChange brightness: 282.0
04-03 22:11:40.182 2635 2658 D DisplayManagerService: Delivering display event: displayId=0, event=4
04-03 22:11:40.282 2635 3161 D LightsServiceExtImpl: baseSetLightLocked end.
04-03 22:11:40.291 2635 2705 D OplusDisplayPowerControllerExtImpl: original brightness to dataBase:282 final brightness:282.0 scale:1.0 reason:4 darkLevel:0
04-03 22:11:40.291 2635 2705 D DisplayPowerController[0]: Animating brightness: target=282.0, rate=25.0, source= 7
