04-03 22:12:12.389 2635 2705 D DisplayPowerController[0]: Animating brightness: target=351.0, rate=123.0, source= 7
04-03 22:12:12.389 2635 2705 D VRR [OPlusRefreshRateService]: notifyBrightnessChange brightness: 351.0
04-03 22:12:12.392 2635 7199 D TaskExtImpl: addColorModeOnResume resume=true pkg = com.android.launcher
04-03 22:12:12.398 2635 3598 I OplusJoystickManager: handleApplicationSwitch deprecated!
04-03 22:12:12.398 2635 3912 D OplusEapManager: mTargetExitName :com.innowireless.xcal.mobile5
04-03 22:12:12.399 2635 3912 D VRR [OPlusFrontAppManager]: OnAppSwitchObserver: onAppExit , info.targetName = com.innowireless.xcal.mobile5
04-03 22:12:12.399 2635 3912 D VRR [OPlusFrontAppManager]: packageName: null
04-03 22:12:12.399 2635 2711 D VRR [OPlusRefreshRateService]: handleFrontAppChange pkgName: null
04-03 22:12:12.399 2635 2711 D VRR [OPlusExternalRefreshRateManager]: setFrontPackageName pkgName: null CurPkgName: com.innowireless.xcal.mobile5
04-03 22:12:12.400 2635 3912 D OplusEapManager: mTargetEnterName :com.android.launcher
04-03 22:12:12.400 2635 3912 D VRR [OPlusFrontAppManager]: OnAppSwitchObserver: onAppEnter , info.targetName = com.android.launcher
04-03 22:12:12.401 2635 3912 D VRR [OPlusFrontAppManager]: packageName: com.android.launcher
04-03 22:12:12.401 2635 2711 D VRR [OPlusRefreshRateService]: handleFrontAppChange pkgName: com.android.launcher
04-03 22:12:12.402 2635 2711 D VRR [OPlusExternalRefreshRateManager]: setFrontPackageName pkgName: com.android.launcher CurPkgName: null
04-03 22:12:12.402 2635 4007 D VRR [OPlusRefreshRateService]: setFrameRateTargetControl [ 0.0 , com.innowireless.xcal.mobile5 , false , com.oplus.battery ]
04-03 22:12:12.402 2635 4007 D VRR [OPlusExternalRefreshRateManager]: [FRTC] FrameRate : 0 com.innowireless.xcal.mobile5 false com.oplus.battery
04-03 22:12:12.405 2635 2711 D VRR [OPlusSurfaceFlingerController]: add frtc FrameRate : 0 com.innowireless.xcal.mobile5 false com.oplus.battery
04-03 22:12:12.409 2635 28029 D OplusKeepAliveManager: TOP_APP is ProcessRecord{4f7a0ee 3904:com.android.launcher/u0a176} uid is 10176
04-03 22:12:12.409 2635 2693 E OplusThermalStats: Error getting package info: com.android.launcher
04-03 22:12:12.422 2635 3161 D LightsServiceExtImpl: baseSetLightLocked end.
04-03 22:12:12.424 2635 3161 D OplusFeatureDCBacklight: notifySfRepaintEverything begin mCurrentDCMode:-1
04-03 22:12:12.427 2635 2705 D OplusDisplayPowerControllerExtImpl: original brightness to dataBase:351 final brightness:351.0 scale:1.0 reason:4 darkLevel:0
04-03 22:12:12.427 2635 2705 D DisplayPowerController[0]: Animating brightness: target=351.0, rate=123.0, source= 7
04-03 22:12:12.427 2635 2705 D VRR [OPlusRefreshRateService]: notifyBrightnessChange brightness: 351.0
04-03 22:12:12.430 2635 2749 D CompactWindowManagerService: notifyCompactWindowState task: Task{a905f51 #5 type=undefined I=com.android.launcher/.Launcher U=0 rootTaskId=1 visible=true mode=fullscreen translucent=false sz=1}; hasFocus: true
04-03 22:12:12.430 2635 2749 D ActivityTaskManager: onWindowFocusChanged Task{a905f51 #5 type=undefined I=com.android.launcher/.Launcher U=0 rootTaskId=1 visible=true mode=fullscreen translucent=false sz=1} would transfer to compact
04-03 22:12:12.440 2635 2658 D BatteryStatsImplExtImpl: pausedBatteryLevel:51 activityFocusedTimeInMin:22
04-03 22:12:12.448 3904 3904 I Quality : Skipped: false 3 cost 34.67483 refreshRate 0 processName com.android.launcher
04-03 22:12:12.450 2635 3161 D LightsServiceExtImpl: baseSetLightLocked end.
04-03 22:12:12.451 2635 3161 D OplusFeatureDCBacklight: notifySfRepaintEverything begin mCurrentDCMode:-1
04-03 22:12:12.451 2635 3446 D OplusGameRotationService: lockRotationInGame: change state to 0
04-03 22:12:12.456 2635 2705 D OplusDisplayPowerControllerExtImpl: original brightness to dataBase:351 final brightness:351.0 scale:1.0 reason:4 darkLevel:0
04-03 22:12:12.456 2635 2705 D DisplayPowerController[0]: Animating brightness: target=351.0, rate=123.0, source= 7
04-03 22:12:12.456 2635 2705 D VRR [OPlusRefreshRateService]: notifyBrightnessChange brightness: 351.0
04-03 22:12:12.463 2635 2659 D CompactWindowManagerService: updateBackgroundSurface openingApp: ActivityRecord{5abe8b7 u0 com.android.launcher/.Launcher t5}
04-03 22:12:12.463 2635 2658 D BatteryServiceExtImpl: getPsyBatteryRm
04-03 22:12:12.463 2635 2658 D OplusBatteryServiceFeature: getPsyBatteryRm: 1641
04-03 22:12:12.463 2635 2658 D OplusBatteryManager: getPsyBatteryRm: 1641
04-03 22:12:12.464 2635 2659 D OplusSplitScreenManagerService: isDragToSplitState mOplusSpiltScreenDnDUI is null, just return!
04-03 22:12:12.464 2635 2659 D OplusSplitScreenManagerService: isDragToSplitState mOplusSpiltScreenDnDUI is null, just return!
04-03 22:12:12.464 2635 2659 D OplusSplitScreenManagerService: isDragToSplitState mOplusSpiltScreenDnDUI is null, just return!
04-03 22:12:12.464 2635 2659 D OplusSplitScreenManagerService: isDragToSplitState mOplusSpiltScreenDnDUI is null, just return!
04-03 22:12:12.475 2635 3161 D LightsServiceExtImpl: baseSetLightLocked end.
04-03 22:12:12.477 2635 3161 D OplusFeatureDCBacklight: notifySfRepaintEverything begin mCurrentDCMode:-1
04-03 22:12:12.480 2635 2705 D OplusDisplayPowerControllerExtImpl: original brightness to dataBase:351 final brightness:351.0 scale:1.0 reason:4 darkLevel:0
04-03 22:12:12.480 2635 2705 D DisplayPowerController[0]: Animating brightness: target=351.0, rate=123.0, source= 7
04-03 22:12:12.480 2635 2705 D VRR [OPlusRefreshRateService]: notifyBrightnessChange brightness: 351.0
04-03 22:12:12.498 2635 2659 I WindowStateExtImpl: onSurfaceShowChange show = true mPackageName = com.android.launcher parentPkgName = com.android.launcher
04-03 22:12:12.508 3904 3904 I HM_APP_AVG: recents.toggle_com.android.launcher 148
04-03 22:12:12.509 2635 3161 D LightsServiceExtImpl: baseSetLightLocked end.
04-03 22:12:12.509 2635 3161 D OplusFeatureDCBacklight: notifySfRepaintEverything begin mCurrentDCMode:-1
04-03 22:12:12.514 2635 2658 D DisplayManagerService: Delivering display event: displayId=0, event=4
04-03 22:12:12.519 2635 2658 D BatteryServiceExtImpl: getPsyBatteryRm
04-03 22:12:12.521 2635 2658 D OplusBatteryServiceFeature: getPsyBatteryRm: 1641
04-03 22:12:12.521 2635 2658 D OplusBatteryManager: getPsyBatteryRm: 1641
04-03 22:12:12.521 2635 2658 D BatteryStatsImplExtImpl: resumedUid:10176 resumedBatteryLevel:51 resumedPackage:com.android.launcher resumedBatteryRealtimeCapacity:1641
04-03 22:12:12.522 2635 2705 D OplusDisplayPowerControllerExtImpl: original brightness to dataBase:351 final brightness:351.0 scale:1.0 reason:4 darkLevel:0
04-03 22:12:12.522 2635 2705 D DisplayPowerController[0]: Animating brightness: target=351.0, rate=123.0, source= 7
04-03 22:12:12.524 2635 2705 D VRR [OPlusRefreshRateService]: notifyBrightnessChange brightness: 351.0
04-03 22:12:12.528 2635 2658 I VRR [OPlusRefreshRateManager]: hasADFRFeature return false
04-03 22:12:12.528 2635 2658 I DisplayManagerService: Comparing display specs: baseModeId=2 allowGroupSwitching=false primaryRefreshRateRange=[0 90] appRequestRefreshRateRange=[0 90] vrrPolicy=POLICY_DEFAULT, existing: baseModeId=1 allowGroupSwitching=false primaryRefreshRateRange=[0 90] appRequestRefreshRateRange=[0 90] vrrPolicy=POLICY_DEFAULT
04-03 22:12:12.531 2635 3161 D LightsServiceExtImpl: baseSetLightLocked end.
04-03 22:12:12.532 2635 3161 D OplusFeatureDCBacklight: notifySfRepaintEverything begin mCurrentDCMode:-1
04-03 22:12:12.535 2635 2705 D OplusDisplayPowerControllerExtImpl: original brightness to dataBase:351 final brightness:351.0 scale:1.0 reason:4 darkLevel:0
04-03 22:12:12.535 2635 2705 D DisplayPowerController[0]: Animating brightness: target=351.0, rate=123.0, source= 7
04-03 22:12:12.535 2635 2705 D VRR [OPlusRefreshRateService]: notifyBrightnessChange brightness: 351.0
04-03 22:12:12.537 2635 2658 D DisplayManagerService: Delivering display event: displayId=0, event=4
04-03 22:12:12.538 2635 2658 D DisplayManagerService: Delivering display event: displayId=0, event=4
04-03 22:12:12.541 2635 2658 D DisplayManagerService: Delivering display event: displayId=0, event=4
04-03 22:12:12.548 2635 2749 E OplusCustomizeRestrictionManagerService: isTaskButtonDisabled start
04-03 22:12:12.548 2635 2749 I OplusJoystickManager: read game pad state for game manager -> false
04-03 22:12:12.548 2635 2749 W OplusJoystickManager: mInterceptGamepadKey is false
04-03 22:12:12.550 2635 2749 D LinearmotorVibrator: vibrate: effect=WaveformEffect { 4b54aef, effectType=1, effectStrength=1, effectLoop=false, ringtoneVibrateType=-1, isRingtoneCustomized=false, ringtoneFilePath=, strengthSettingEnabled=true, asynchronous=true, usageHint=0 }
04-03 22:12:12.550 2635 2749 D WaveformEffect: getWaveFormDurationArray mEffectType=1 duration=45 indexOfKey=1
04-03 22:12:12.550 2635 2749 D LinearmotorVibrator: vibrateAsynchronouslyLocked: delayDuration=0
04-03 22:12:12.551 2635 2749 D WaveformEffect: getWaveFormDurationArray mEffectType=1 duration=45 indexOfKey=1
04-03 22:12:12.551 2635 8029 D WaveformEffect: getWaveFormDurationArray mEffectType=1 duration=45 indexOfKey=1
04-03 22:12:12.554 2635 8029 W VibratorManagerServiceExtImpl: impl ignoreVibrateForOneShotEffect: illegel effect params, curVibEffect=null ,newEffect=OplusNativeOneShotVibrationEffect{mWaveformId=2, mTiming=45, mEffectStrength=1600}
04-03 22:12:12.554 2635 8029 D VibratorManagerServiceExtImpl: startCustomizeVibratorLocked id= 0,size=1
04-03 22:12:12.554 2635 8029 D VibratorManagerServiceExtImpl: startCustomizeVibratorLocked withCallback=true
04-03 22:12:12.560 2635 2658 D TaskChangeNotificationControllerExtImpl: Skip pass Snapshot to listener:android.app.ITaskStackListener$Stub$Proxy@21b3946
04-03 22:12:12.561 2635 7199 I OplusJoystickManager: read game pad state for game manager -> false
04-03 22:12:12.561 2635 7199 W OplusJoystickManager: mInterceptGamepadKey is false
04-03 22:12:12.564 2635 3161 D LightsServiceExtImpl: baseSetLightLocked end.
04-03 22:12:12.566 2635 3161 D OplusFeatureDCBacklight: notifySfRepaintEverything begin mCurrentDCMode:-1
04-03 22:12:12.574 2635 8029 D VibratorManagerServiceExtImpl: onNoteVibratorOnLocked uid=1000, timing=45
04-03 22:12:12.575 2635 8029 D LinearMotorVibratorControler: OplusMirrorLinearMotorVibratorManager.turnOnLinearmotorVibrator
04-03 22:12:12.575 2635 8029 D LinearMotorVibratorControler: convertEffectStrength amplitude:1600
04-03 22:12:12.584 2635 4021 D CompactWindowManagerService: notifyCompactWindowState task: Task{a905f51 #5 type=undefined I=com.android.launcher/.Launcher U=0 rootTaskId=1 visible=true mode=fullscreen translucent=false sz=1}; hasFocus: false
04-03 22:12:12.586 2635 3161 D LightsServiceExtImpl: baseSetLightLocked end.
04-03 22:12:12.588 2635 4021 D ActivityTaskManager: getStartingWindowType: newTask=false, taskSwitch=true, processRunning=true, allowTaskSnapshot=true, activityCreated=true, snapshot=TaskSnapshot{ mId=1743697185120 mTopActivityComponent=com.android.phone/.OplusExportPreferredNetworkSettings mSnapshot=android.hardware.HardwareBuffer@a35a70b (1080x2400) mColorSpace=sRGB IEC61966-2.1 (id=0, model=RGB) mOrientation=1 mRotation=0 mTaskSize=Point(1080, 2400) mContentInsets=[0,113][0,124] mIsLowResolution=false mIsRealSnapshot=true mWindowingMode=1 mAppearance=8 mIsTranslucent=false mHasImeSurface=false, record:ActivityRecord{a9d5fa9 u0 com.android.phone/.OplusExportPreferredNetworkSettings t9}
04-03 22:12:12.589 2635 3161 D OplusFeatureDCBacklight: notifySfRepaintEverything begin mCurrentDCMode:-1
04-03 22:12:12.591 2635 2705 D OplusDisplayPowerControllerExtImpl: original brightness to dataBase:351 final brightness:351.0 scale:1.0 reason:4 darkLevel:0
04-03 22:12:12.591 2635 2705 D DisplayPowerController[0]: Animating brightness: target=351.0, rate=123.0, source= 7
04-03 22:12:12.591 2635 2705 D VRR [OPlusRefreshRateService]: notifyBrightnessChange brightness: 351.0
04-03 22:12:12.593 3904 3904 I Quality : Skipped: true 1 cost 13.116968 refreshRate 0 processName com.android.launcher
04-03 22:12:12.594 2635 2693 E OplusThermalStats: Error getting package info: com.android.phone
04-03 22:12:12.600 2635 2749 E OplusCustomizeRestrictionManagerService: isTaskButtonDisabled start
04-03 22:12:12.601 2635 2749 I OplusJoystickManager: read game pad state for game manager -> false
04-03 22:12:12.601 2635 2749 W OplusJoystickManager: mInterceptGamepadKey is false
04-03 22:12:12.602 2635 4007 I OplusJoystickManager: handleApplicationSwitch deprecated!
04-03 22:12:12.602 2635 3912 D OplusEapManager: mTargetExitName :com.android.launcher
04-03 22:12:12.606 2635 3912 D VRR [OPlusFrontAppManager]: OnAppSwitchObserver: onAppExit , info.targetName = com.android.launcher
04-03 22:12:12.606 2635 3912 D VRR [OPlusFrontAppManager]: packageName: null
04-03 22:12:12.606 2635 2749 D LinearmotorVibrator: vibrate: effect=WaveformEffect { 615a8e7, effectType=1, effectStrength=1, effectLoop=false, ringtoneVibrateType=-1, isRingtoneCustomized=false, ringtoneFilePath=, strengthSettingEnabled=true, asynchronous=true, usageHint=0 }
04-03 22:12:12.607 2635 4007 D TaskExtImpl: addColorModeOnResume resume=true pkg = com.android.phone
04-03 22:12:12.607 2635 4007 D ColorDisplayServiceExtImpl: ColorDisplayServiceExtImpl getInstance=com.android.server.display.color.ColorDisplayServiceExtImpl@a992e89
04-03 22:12:12.607 2635 2711 D VRR [OPlusRefreshRateService]: handleFrontAppChange pkgName: null
04-03 22:12:12.608 2635 2711 D VRR [OPlusExternalRefreshRateManager]: setFrontPackageName pkgName: null CurPkgName: com.android.launcher
04-03 22:12:12.620 2635 2705 D OplusDisplayPowerControllerExtImpl: original brightness to dataBase:351 final brightness:351.0 scale:1.0 reason:4 darkLevel:0
04-03 22:12:12.620 2635 2705 D DisplayPowerController[0]: Animating brightness: target=351.0, rate=123.0, source= 7
04-03 22:12:12.620 2635 2705 D VRR [OPlusRefreshRateService]: notifyBrightnessChange brightness: 351.0
04-03 22:12:12.620 2635 3161 D LightsServiceExtImpl: baseSetLightLocked end.
04-03 22:12:12.621 2635 3161 D OplusFeatureDCBacklight: notifySfRepaintEverything begin mCurrentDCMode:-1
04-03 22:12:12.623 2635 4174 D OplusAppListInterceptManager: shouldFilterTask
04-03 22:12:12.623 2635 4174 D OplusAppListInterceptManager: shouldFilterTask::packageName = com.android.settings
04-03 22:12:12.623 2635 4174 D OplusAppListInterceptManager: shouldFilterTask
04-03 22:12:12.623 2635 4174 D OplusAppListInterceptManager: shouldFilterTask::packageName = com.innowireless.xcal.mobile5
04-03 22:12:12.632 2635 2705 D OplusDisplayPowerControllerExtImpl: original brightness to dataBase:351 final brightness:351.0 scale:1.0 reason:4 darkLevel:0
04-03 22:12:12.632 2635 2705 D DisplayPowerController[0]: Animating brightness: target=351.0, rate=123.0, source= 7
04-03 22:12:12.632 2635 2705 D VRR [OPlusRefreshRateService]: notifyBrightnessChange brightness: 351.0
04-03 22:12:12.634 2635 8029 D WaveformEffect: getWaveFormDurationArray mEffectType=1 duration=45 indexOfKey=1
04-03 22:12:12.634 2635 8029 D LinearmotorVibratorService: linearMotorVibrate WAVEFORM_NODE_RAM, uid=1000 opPkg=android we.getWaveFormIndexArray()=[2] we.getWaveFormDurationArray()=[45] we.getStrengthSettingEnabled()=true
04-03 22:12:12.634 2635 8029 D WaveformEffect: getWaveFormDurationArray mEffectType=1 duration=45 indexOfKey=1
04-03 22:12:12.634 2635 2749 D WaveformEffect: getWaveFormDurationArray mEffectType=1 duration=45 indexOfKey=1
04-03 22:12:12.635 2635 2749 D LinearmotorVibrator: vibrateAsynchronouslyLocked: delayDuration=95
04-03 22:12:12.635 2635 2749 D WaveformEffect: getWaveFormDurationArray mEffectType=1 duration=45 indexOfKey=1
04-03 22:12:12.641 2635 3161 D LightsServiceExtImpl: baseSetLightLocked end.
04-03 22:12:12.641 2635 3161 D OplusFeatureDCBacklight: notifySfRepaintEverything begin mCurrentDCMode:-1
04-03 22:12:12.642 2635 3912 D OplusEapManager: mTargetEnterName :com.android.phone
04-03 22:12:12.644 2635 2705 D OplusDisplayPowerControllerExtImpl: original brightness to dataBase:351 final brightness:351.0 scale:1.0 reason:4 darkLevel:0
04-03 22:12:12.644 2635 2705 D DisplayPowerController[0]: Animating brightness: target=351.0, rate=123.0, source= 7
04-03 22:12:12.645 2635 2705 D VRR [OPlusRefreshRateService]: notifyBrightnessChange brightness: 351.0
04-03 22:12:12.650 2635 4174 D VRR [OPlusRefreshRateService]: setFrameRateTargetControl [ 0.0 , com.android.launcher , false , com.oplus.battery ]
04-03 22:12:12.650 2635 4174 D VRR [OPlusExternalRefreshRateManager]: [FRTC] FrameRate : 0 com.android.launcher false com.oplus.battery
04-03 22:12:12.650 2635 2711 D VRR [OPlusSurfaceFlingerController]: setTouchIdle : TouchIdleBean{mEnable=true, mHwEnable=true, mSwEnable=true, mAdfrEnable=false, mTimeOut=4000, mContentThreshold=-1, mContentGapMs=500, mBrightnessLimit=200, mNitLimit=-1, mLowestRate=60, mBlackList=[], mReadingWhiteList=[], mSpecialTimeOutMap={}, mSwWhiteList=[], mSwNegligibleOverlay=[], mHwDisablePanel=[], mAdfrToHwList=[]}
04-03 22:12:12.652 2635 2711 D VRR [OPlusSurfaceFlingerController]: add frtc FrameRate : 0 com.android.launcher false com.oplus.battery
04-03 22:12:12.654 2635 2658 D DisplayManagerService: Delivering display event: displayId=0, event=4
04-03 22:12:12.657 2635 3912 D VRR [OPlusFrontAppManager]: OnAppSwitchObserver: onAppEnter , info.targetName = com.android.phone
04-03 22:12:12.658 2635 3912 D VRR [OPlusFrontAppManager]: packageName: com.android.phone
04-03 22:12:12.658 2635 2711 D VRR [OPlusRefreshRateService]: handleFrontAppChange pkgName: com.android.phone
04-03 22:12:12.658 2635 2711 D VRR [OPlusExternalRefreshRateManager]: setFrontPackageName pkgName: com.android.phone CurPkgName: null
04-03 22:12:12.669 2635 2658 D DisplayManagerService: Delivering display event: displayId=0, event=4
04-03 22:12:12.669 2635 2749 D OplusGameRotationService: lockRotationInGame: change state to 0
04-03 22:12:12.675 2635 3161 D LightsServiceExtImpl: baseSetLightLocked end.
04-03 22:12:12.677 2635 3161 D OplusFeatureDCBacklight: notifySfRepaintEverything begin mCurrentDCMode:-1
04-03 22:12:12.688 2635 2705 D OplusDisplayPowerControllerExtImpl: original brightness to dataBase:351 final brightness:351.0 scale:1.0 reason:4 darkLevel:0
04-03 22:12:12.689 2635 2705 D DisplayPowerController[0]: Animating brightness: target=351.0, rate=123.0, source= 7
04-03 22:12:12.689 2635 2705 D VRR [OPlusRefreshRateService]: notifyBrightnessChange brightness: 351.0
04-03 22:12:12.690 2635 2749 D CompactWindowManagerService: updateBackgroundSurface openingApp: ActivityRecord{a9d5fa9 u0 com.android.phone/.OplusExportPreferredNetworkSettings t9}
04-03 22:12:12.690 2635 2749 D OplusSplitScreenManagerService: isDragToSplitState mOplusSpiltScreenDnDUI is null, just return!
04-03 22:12:12.690 2635 2749 D OplusSplitScreenManagerService: isDragToSplitState mOplusSpiltScreenDnDUI is null, just return!
04-03 22:12:12.690 2635 2749 D OplusSplitScreenManagerService: isDragToSplitState mOplusSpiltScreenDnDUI is null, just return!
04-03 22:12:12.690 2635 2749 D OplusSplitScreenManagerService: isDragToSplitState mOplusSpiltScreenDnDUI is null, just return!
04-03 22:12:12.692 2635 2711 D VRR [OPlusRefreshRateService]: onConfigChanged physicalDisplayId: 4630946962717273473 modeId: 1
04-03 22:12:12.705 2635 2749 I WindowStateExtImpl: onSurfaceShowChange show = true mPackageName = com.android.phone parentPkgName = com.android.phone
04-03 22:12:12.710 2635 2749 D CompactWindowManagerService: notifyCompactWindowState task: Task{44dcbd7 #9 type=standard A=1000:com.android.settings U=0 visible=true mode=fullscreen translucent=false sz=4}; hasFocus: true
04-03 22:12:12.710 2635 2749 D ActivityTaskManager: onWindowFocusChanged Task{44dcbd7 #9 type=standard A=1000:com.android.settings U=0 visible=true mode=fullscreen translucent=false sz=4} would transfer to compact
04-03 22:12:12.718 2635 3161 D LightsServiceExtImpl: baseSetLightLocked end.
04-03 22:12:12.720 2635 3161 D OplusFeatureDCBacklight: notifySfRepaintEverything begin mCurrentDCMode:-1
04-03 22:12:12.723 2635 3161 D LightsServiceExtImpl: baseSetLightLocked end.
04-03 22:12:12.730 2635 3161 D OplusFeatureDCBacklight: notifySfRepaintEverything begin mCurrentDCMode:-1
04-03 22:12:12.732 2635 8029 D WaveformEffect: getWaveFormDurationArray mEffectType=1 duration=45 indexOfKey=1
04-03 22:12:12.735 2635 8029 W VibratorManagerServiceExtImpl: impl ignoreVibrateForOneShotEffect: illegel effect params, curVibEffect=null ,newEffect=OplusNativeOneShotVibrationEffect{mWaveformId=2, mTiming=45, mEffectStrength=1600}
04-03 22:12:12.735 2635 8029 D VibratorManagerServiceExtImpl: startCustomizeVibratorLocked id= 0,size=1
04-03 22:12:12.736 2635 8029 D VibratorManagerServiceExtImpl: startCustomizeVibratorLocked withCallback=true
04-03 22:12:12.739 2635 2705 D OplusDisplayPowerControllerExtImpl: original brightness to dataBase:351 final brightness:351.0 scale:1.0 reason:4 darkLevel:0
04-03 22:12:12.739 2635 2705 D DisplayPowerController[0]: Animating brightness: target=351.0, rate=123.0, source= 7
04-03 22:12:12.739 2635 2705 D VRR [OPlusRefreshRateService]: notifyBrightnessChange brightness: 351.0
04-03 22:12:12.742 2635 2659 D OplusStartingWindowManager: interceptRemoveStartingWindow activity.packageName=com.android.phone isSnapshot=true mStartingSurfaceRunnable=null
04-03 22:12:12.742 2635 2659 D OplusSplitScreenManagerService: notifyRemoveStartingWindow mOplusSpiltScreenDnDUI is null, just return!
04-03 22:12:12.749 2635 8029 D VibratorManagerServiceExtImpl: onNoteVibratorOnLocked uid=1000, timing=45
04-03 22:12:12.749 2635 8029 D LinearMotorVibratorControler: OplusMirrorLinearMotorVibratorManager.turnOnLinearmotorVibrator
04-03 22:12:12.749 2635 8029 D LinearMotorVibratorControler: convertEffectStrength amplitude:1600
04-03 22:12:12.763 2635 2658 D DisplayManagerService: Delivering display event: displayId=0, event=4
04-03 22:12:12.765 2635 2658 D BatteryStatsImplExtImpl: pausedBatteryLevel:51 activityFocusedTimeInMin:0
04-03 22:12:12.776 2635 8029 D WaveformEffect: getWaveFormDurationArray mEffectType=1 duration=45 indexOfKey=1
04-03 22:12:12.776 2635 8029 D LinearmotorVibratorService: linearMotorVibrate WAVEFORM_NODE_RAM, uid=1000 opPkg=android we.getWaveFormIndexArray()=[2] we.getWaveFormDurationArray()=[45] we.getStrengthSettingEnabled()=true
04-03 22:12:12.776 2635 8029 D WaveformEffect: getWaveFormDurationArray mEffectType=1 duration=45 indexOfKey=1
04-03 22:12:12.781 2635 2658 D BatteryServiceExtImpl: getPsyBatteryRm
04-03 22:12:12.782 2635 2658 D OplusBatteryServiceFeature: getPsyBatteryRm: 1641
04-03 22:12:12.782 2635 2658 D OplusBatteryManager: getPsyBatteryRm: 1641
04-03 22:12:12.782 2635 2658 D BatteryStatsImplExtImpl: resumedUid:1001 resumedBatteryLevel:51 resumedPackage:com.android.phone resumedBatteryRealtimeCapacity:1641
04-03 22:12:12.783 2635 2705 D OplusDisplayPowerControllerExtImpl: original brightness to dataBase:351 final brightness:351.0 scale:1.0 reason:4 darkLevel:0
04-03 22:12:12.783 2635 2705 D DisplayPowerController[0]: Animating brightness: target=351.0, rate=123.0, source= 7
04-03 22:12:12.784 2635 2705 D VRR [OPlusRefreshRateService]: notifyBrightnessChange brightness: 351.0
04-03 22:12:12.785 2635 3161 D LightsServiceExtImpl: baseSetLightLocked end.
04-03 22:12:12.787 2635 3161 D OplusFeatureDCBacklight: notifySfRepaintEverything begin mCurrentDCMode:-1
04-03 22:12:12.792 2635 2658 D DisplayManagerService: Delivering display event: displayId=0, event=4
04-03 22:12:12.792 2635 2658 D DisplayManagerService: Delivering display event: displayId=0, event=4
04-03 22:12:12.794 2635 2711 D VRR [OPlusRefreshRateService]: handleConfigIdChange physicalDisplayId: 4630946962717273473 configId: 1
04-03 22:12:12.795 2635 2658 D DisplayManagerService: Delivering display event: displayId=0, event=4
04-03 22:12:12.796 2635 2705 D OplusDisplayPowerControllerExtImpl: original brightness to dataBase:351 final brightness:351.0 scale:1.0 reason:4 darkLevel:0
04-03 22:12:12.796 2635 2705 D DisplayPowerController[0]: Animating brightness: target=351.0, rate=123.0, source= 7
04-03 22:12:12.796 2635 2705 D VRR [OPlusRefreshRateService]: notifyBrightnessChange brightness: 351.0
04-03 22:12:12.798 2635 2658 D DisplayManagerService: Delivering display event: displayId=0, event=4
04-03 22:12:12.808 2635 3161 D LightsServiceExtImpl: baseSetLightLocked end.
04-03 22:12:12.808 2635 2658 D DisplayManagerService: Delivering display event: displayId=0, event=4
04-03 22:12:12.808 2635 3161 D OplusFeatureDCBacklight: notifySfRepaintEverything begin mCurrentDCMode:-1
04-03 22:12:12.810 2635 2705 D OplusDisplayPowerControllerExtImpl: original brightness to dataBase:351 final brightness:351.0 scale:1.0 reason:4 darkLevel:0
04-03 22:12:12.811 2635 2705 D DisplayPowerController[0]: Animating brightness: target=351.0, rate=123.0, source= 7
04-03 22:12:12.811 2635 2705 D VRR [OPlusRefreshRateService]: notifyBrightnessChange brightness: 351.0
04-03 22:12:12.811 2635 2658 D DisplayManagerService: Delivering display event: displayId=0, event=4
04-03 22:12:12.819 2635 3161 D LightsServiceExtImpl: baseSetLightLocked end.
04-03 22:12:12.820 2635 3161 D OplusFeatureDCBacklight: notifySfRepaintEverything begin mCurrentDCMode:-1
04-03 22:12:12.830 2635 2705 D OplusDisplayPowerControllerExtImpl: original brightness to dataBase:351 final brightness:351.0 scale:1.0 reason:4 darkLevel:0
04-03 22:12:12.830 2635 2705 D DisplayPowerController[0]: Animating brightness: target=351.0, rate=123.0, source= 7
04-03 22:12:12.830 2635 2705 D VRR [OPlusRefreshRateService]: notifyBrightnessChange brightness: 351.0
04-03 22:12:12.830 2635 2658 D DisplayManagerService: Delivering display event: displayId=0, event=4
04-03 22:12:12.896 2635 3161 D LightsServiceExtImpl: baseSetLightLocked end.
04-03 22:12:12.896 2635 3161 D OplusFeatureDCBacklight: notifySfRepaintEverything begin mCurrentDCMode:-1
04-03 22:12:12.899 2635 2705 D OplusDisplayPowerControllerExtImpl: original brightness to dataBase:351 final brightness:351.0 scale:1.0 reason:4 darkLevel:0
04-03 22:12:12.899 2635 2705 D DisplayPowerController[0]: Animating brightness: target=351.0, rate=123.0, source= 7
04-03 22:12:12.899 2635 2705 D VRR [OPlusRefreshRateService]: notifyBrightnessChange brightness: 351.0
04-03 22:12:12.899 2635 2658 D DisplayManagerService: Delivering display event: displayId=0, event=4
04-03 22:12:12.918 2635 3161 D LightsServiceExtImpl: baseSetLightLocked end.
04-03 22:12:12.919 2635 3161 D OplusFeatureDCBacklight: notifySfRepaintEverything begin mCurrentDCMode:-1
04-03 22:12:12.921 2635 2705 D OplusDisplayPowerControllerExtImpl: original brightness to dataBase:351 final brightness:351.0 scale:1.0 reason:4 darkLevel:0
04-03 22:12:12.921 2635 2705 D DisplayPowerController[0]: Animating brightness: target=351.0, rate=123.0, source= 7
04-03 22:12:12.921 2635 2705 D VRR [OPlusRefreshRateService]: notifyBrightnessChange brightness: 351.0
04-03 22:12:12.929 2635 3161 D LightsServiceExtImpl: baseSetLightLocked end.
04-03 22:12:12.930 2635 2659 D WindowManager: Releasing screen wakelock due to Window{7a77d22 u0 SnapshotStartingWindow for taskId=8}
04-03 22:12:12.930 2635 2659 D OplusAONSmartDim: onWakeLockReleaseLocked: lock=127373745, flags=0x2000000a, packageName=android, tag="WindowManager", ws=WorkSource{10395}, uid=1000, pid=2635
04-03 22:12:12.931 2635 3161 D OplusFeatureDCBacklight: notifySfRepaintEverything begin mCurrentDCMode:-1
04-03 22:12:12.934 2635 2658 D DisplayManagerService: Delivering display event: displayId=0, event=4
04-03 22:12:12.935 2635 2705 D OplusDisplayPowerControllerExtImpl: original brightness to dataBase:351 final brightness:351.0 scale:1.0 reason:4 darkLevel:0
04-03 22:12:12.935 2635 2705 D DisplayPowerController[0]: Animating brightness: target=351.0, rate=123.0, source= 7
04-03 22:12:12.935 2635 2705 D VRR [OPlusRefreshRateService]: notifyBrightnessChange brightness: 351.0
04-03 22:12:12.950 2635 2658 D DisplayManagerService: Delivering display event: displayId=0, event=4
04-03 22:12:12.985 2635 3161 D LightsServiceExtImpl: baseSetLightLocked end.
04-03 22:12:12.985 2635 3161 D OplusFeatureDCBacklight: notifySfRepaintEverything begin mCurrentDCMode:-1
04-03 22:12:12.987 2635 2705 D OplusDisplayPowerControllerExtImpl: original brightness to dataBase:351 final brightness:351.0 scale:1.0 reason:4 darkLevel:0
04-03 22:12:12.988 2635 2705 D DisplayPowerController[0]: Animating brightness: target=351.0, rate=123.0, source= 7
04-03 22:12:12.988 2635 2705 D VRR [OPlusRefreshRateService]: notifyBrightnessChange brightness: 351.0
04-03 22:12:12.988 2635 2658 D DisplayManagerService: Delivering display event: displayId=0, event=4
04-03 22:12:13.007 2635 3161 D LightsServiceExtImpl: baseSetLightLocked end.
04-03 22:12:13.008 2635 3161 D OplusFeatureDCBacklight: notifySfRepaintEverything begin mCurrentDCMode:-1
04-03 22:12:13.010 2635 2705 D OplusDisplayPowerControllerExtImpl: original brightness to dataBase:351 final brightness:351.0 scale:1.0 reason:4 darkLevel:0
04-03 22:12:13.010 2635 2705 D DisplayPowerController[0]: Animating brightness: target=351.0, rate=123.0, source= 7
04-03 22:12:13.010 2635 2705 D VRR [OPlusRefreshRateService]: notifyBrightnessChange brightness: 351.0
04-03 22:12:13.010 2635 2658 D DisplayManagerService: Delivering display event: displayId=0, event=4
04-03 22:12:13.029 2635 3161 D LightsServiceExtImpl: baseSetLightLocked end.
04-03 22:12:13.030 2635 3161 D OplusFeatureDCBacklight: notifySfRepaintEverything begin mCurrentDCMode:-1
04-03 22:12:13.033 2635 2705 D OplusDisplayPowerControllerExtImpl: original brightness to dataBase:351 final brightness:351.0 scale:1.0 reason:4 darkLevel:0
04-03 22:12:13.033 2635 2705 D DisplayPowerController[0]: Animating brightness: target=351.0, rate=123.0, source= 7
04-03 22:12:13.033 2635 2705 D VRR [OPlusRefreshRateService]: notifyBrightnessChange brightness: 351.0
04-03 22:12:13.033 2635 2658 D DisplayManagerService: Delivering display event: displayId=0, event=4
04-03 22:12:13.037 2635 2749 E OplusCustomizeRestrictionManagerService: isTaskButtonDisabled start
04-03 22:12:13.037 2635 2749 I OplusJoystickManager: read game pad state for game manager -> false
04-03 22:12:13.037 2635 2749 W OplusJoystickManager: mInterceptGamepadKey is false
04-03 22:12:13.040 2635 3161 D LightsServiceExtImpl: baseSetLightLocked end.
04-03 22:12:13.041 2635 3161 D OplusFeatureDCBacklight: notifySfRepaintEverything begin mCurrentDCMode:-1
04-03 22:12:13.044 2635 2705 D OplusDisplayPowerControllerExtImpl: original brightness to dataBase:351 final brightness:351.0 scale:1.0 reason:4 darkLevel:0
04-03 22:12:13.044 2635 2705 D DisplayPowerController[0]: Animating brightness: target=351.0, rate=123.0, source= 7
04-03 22:12:13.044 2635 2705 D VRR [OPlusRefreshRateService]: notifyBrightnessChange brightness: 351.0
04-03 22:12:13.045 2635 2658 D DisplayManagerService: Delivering display event: displayId=0, event=4
04-03 22:12:13.064 2635 3161 D LightsServiceExtImpl: baseSetLightLocked end.
04-03 22:12:13.065 2635 3161 D OplusFeatureDCBacklight: notifySfRepaintEverything begin mCurrentDCMode:-1
04-03 22:12:13.069 2635 2705 D OplusDisplayPowerControllerExtImpl: original brightness to dataBase:351 final brightness:351.0 scale:1.0 reason:4 darkLevel:0
04-03 22:12:13.069 2635 2705 D DisplayPowerController[0]: Animating brightness: target=351.0, rate=123.0, source= 7
04-03 22:12:13.069 2635 2705 D VRR [OPlusRefreshRateService]: notifyBrightnessChange brightness: 351.0
04-03 22:12:13.069 2635 2658 D DisplayManagerService: Delivering display event: displayId=0, event=4
04-03 22:12:13.073 2635 2749 I OplusAppSwitchManagerService: handleAppVisible , r = ActivityRecord{a9d5fa9 u0 com.android.phone/.OplusExportPreferredNetworkSettings t9}
04-03 22:12:13.074 2635 3161 D LightsServiceExtImpl: baseSetLightLocked end.
04-03 22:12:13.074 2635 3161 D OplusFeatureDCBacklight: notifySfRepaintEverything begin mCurrentDCMode:-1
04-03 22:12:13.076 2635 2705 D OplusDisplayPowerControllerExtImpl: original brightness to dataBase:351 final brightness:351.0 scale:1.0 reason:4 darkLevel:0
04-03 22:12:13.076 2635 2705 D DisplayPowerController[0]: Animating brightness: target=351.0, rate=123.0, source= 7
04-03 22:12:13.076 2635 2705 D VRR [OPlusRefreshRateService]: notifyBrightnessChange brightness: 351.0
04-03 22:12:13.078 2635 2659 I WindowStateExtImpl: onSurfaceShowChange show = false mPackageName = com.android.launcher parentPkgName = com.android.launcher
04-03 22:12:13.084 2635 3161 D LightsServiceExtImpl: baseSetLightLocked end.
04-03 22:12:13.085 2635 3161 D OplusFeatureDCBacklight: notifySfRepaintEverything begin mCurrentDCMode:-1
04-03 22:12:13.087 2635 2705 D OplusDisplayPowerControllerExtImpl: original brightness to dataBase:351 final brightness:351.0 scale:1.0 reason:4 darkLevel:0
04-03 22:12:13.087 2635 2705 D DisplayPowerController[0]: Animating brightness: target=351.0, rate=123.0, source= 7
04-03 22:12:13.087 2635 2705 D VRR [OPlusRefreshRateService]: notifyBrightnessChange brightness: 351.0
04-03 22:12:13.088 2635 2658 D DisplayManagerService: Delivering display event: displayId=0, event=4
04-03 22:12:13.103 2635 2658 W ProcessStats: Tracking association SourceState{b7e4dc1 com.google.android.gms/10114 BTopFgs #17711} whose proc state 2 is better than process ProcessState{cc00246 com.google.android.gms.persistent/10114 pkg=com.google.android.gms} proc state 3 (371 skipped)
04-03 22:12:13.103 2635 2658 D DisplayManagerService: Delivering display event: displayId=0, event=4
04-03 22:12:13.104 2635 2659 I WindowStateExtImpl: onSurfaceShowChange show = false mPackageName = com.android.phone parentPkgName = com.android.phone
04-03 22:12:13.108 2635 3161 D LightsServiceExtImpl: baseSetLightLocked end.
04-03 22:12:13.108 2635 3161 D OplusFeatureDCBacklight: notifySfRepaintEverything begin mCurrentDCMode:-1
04-03 22:12:13.112 2635 2705 D OplusDisplayPowerControllerExtImpl: original brightness to dataBase:351 final brightness:351.0 scale:1.0 reason:4 darkLevel:0
04-03 22:12:13.112 2635 2705 D DisplayPowerController[0]: Animating brightness: target=351.0, rate=123.0, source= 7
04-03 22:12:13.112 2635 2705 D VRR [OPlusRefreshRateService]: notifyBrightnessChange brightness: 351.0
04-03 22:12:13.116 2635 2658 D DisplayManagerService: Delivering display event: displayId=0, event=4
04-03 22:12:13.118 2635 3161 D LightsServiceExtImpl: baseSetLightLocked end.
04-03 22:12:13.118 2635 3161 D OplusFeatureDCBacklight: notifySfRepaintEverything begin mCurrentDCMode:-1
04-03 22:12:13.123 2635 2705 D OplusDisplayPowerControllerExtImpl: original brightness to dataBase:351 final brightness:351.0 scale:1.0 reason:4 darkLevel:0
04-03 22:12:13.123 2635 2705 D DisplayPowerController[0]: Animating brightness: target=351.0, rate=123.0, source= 7
04-03 22:12:13.123 2635 2705 D VRR [OPlusRefreshRateService]: notifyBrightnessChange brightness: 351.0
04-03 22:12:13.125 2635 2658 D DisplayManagerService: Delivering display event: displayId=0, event=4
04-03 22:12:13.129 2635 3161 D LightsServiceExtImpl: baseSetLightLocked end.
04-03 22:12:13.130 2635 3161 D OplusFeatureDCBacklight: notifySfRepaintEverything begin mCurrentDCMode:-1
04-03 22:12:13.132 2635 2705 D OplusFeatureBrightnessBarController: mDarkLevel: 0
04-03 22:12:13.133 2635 2705 D OplusDisplayPowerControllerExtImpl: original brightness to dataBase:351 final brightness:351.0 scale:1.0 reason:4 darkLevel:0
04-03 22:12:13.133 2635 2705 D DisplayPowerController[0]: Animating brightness: target=351.0, rate=123.0, source= 7
04-03 22:12:13.134 2635 2705 D VRR [OPlusRefreshRateService]: notifyBrightnessChange brightness: 351.0
04-03 22:12:13.134 2635 2658 D DisplayManagerService: Delivering display event: displayId=0, event=4
04-03 22:12:13.140 2635 3161 D LightsServiceExtImpl: baseSetLightLocked end.
04-03 22:12:13.141 2635 3161 D OplusFeatureDCBacklight: notifySfRepaintEverything begin mCurrentDCMode:-1
04-03 22:12:13.142 2635 2705 D CameraDelegate: handleMessage:200
04-03 22:12:13.143 2635 2705 D OplusDisplayPowerControllerExtImpl: original brightness to dataBase:351 final brightness:351.0 scale:1.0 reason:4 darkLevel:0
04-03 22:12:13.143 2635 2705 D DisplayPowerController[0]: Animating brightness: target=351.0, rate=123.0, source= 7
04-03 22:12:13.143 2635 2705 D VRR [OPlusRefreshRateService]: notifyBrightnessChange brightness: 351.0
04-03 22:12:13.143 2635 2658 D DisplayManagerService: Delivering display event: displayId=0, event=4
04-03 22:12:13.148 2635 3161 D LightsServiceExtImpl: baseSetLightLocked end.
04-03 22:12:13.149 2635 3161 D OplusFeatureDCBacklight: notifySfRepaintEverything begin mCurrentDCMode:-1
04-03 22:12:13.152 2635 2705 D OplusDisplayPowerControllerExtImpl: original brightness to dataBase:351 final brightness:351.0 scale:1.0 reason:4 darkLevel:0
04-03 22:12:13.152 2635 2705 D DisplayPowerController[0]: Animating brightness: target=351.0, rate=123.0, source= 7
04-03 22:12:13.152 2635 2705 D VRR [OPlusRefreshRateService]: notifyBrightnessChange brightness: 351.0
04-03 22:12:13.153 2635 2658 D DisplayManagerService: Delivering display event: displayId=0, event=4
04-03 22:12:13.193 2635 3161 D LightsServiceExtImpl: baseSetLightLocked end.
04-03 22:12:13.193 2635 3161 D OplusFeatureDCBacklight: notifySfRepaintEverything begin mCurrentDCMode:-1
04-03 22:12:13.196 2635 2705 D OplusDisplayPowerControllerExtImpl: original brightness to dataBase:351 final brightness:351.0 scale:1.0 reason:4 darkLevel:0
04-03 22:12:13.196 2635 2705 D DisplayPowerController[0]: Animating brightness: target=351.0, rate=123.0, source= 7
04-03 22:12:13.196 2635 2705 D VRR [OPlusRefreshRateService]: notifyBrightnessChange brightness: 351.0
04-03 22:12:13.196 2635 2658 D DisplayManagerService: Delivering display event: displayId=0, event=4
04-03 22:12:13.207 2635 3161 D LightsServiceExtImpl: baseSetLightLocked end.
04-03 22:12:13.208 2635 3161 D OplusFeatureDCBacklight: notifySfRepaintEverything begin mCurrentDCMode:-1
04-03 22:12:13.209 2635 2705 D OplusDisplayPowerControllerExtImpl: original brightness to dataBase:351 final brightness:351.0 scale:1.0 reason:4 darkLevel:0
04-03 22:12:13.210 2635 2705 D DisplayPowerController[0]: Animating brightness: target=351.0, rate=123.0, source= 7
04-03 22:12:13.210 2635 2705 D VRR [OPlusRefreshRateService]: notifyBrightnessChange brightness: 351.0
04-03 22:12:13.210 2635 2658 D DisplayManagerService: Delivering display event: displayId=0, event=4
04-03 22:12:13.241 2635 3161 D LightsServiceExtImpl: baseSetLightLocked end.
04-03 22:12:13.243 2635 3161 D OplusFeatureDCBacklight: notifySfRepaintEverything begin mCurrentDCMode:-1
04-03 22:12:13.250 2635 2705 D OplusDisplayPowerControllerExtImpl: original brightness to dataBase:351 final brightness:351.0 scale:1.0 reason:4 darkLevel:0
04-03 22:12:13.251 2635 2705 D DisplayPowerController[0]: Animating brightness: target=351.0, rate=123.0, source= 7
04-03 22:12:13.251 2635 2705 D VRR [OPlusRefreshRateService]: notifyBrightnessChange brightness: 351.0
04-03 22:12:13.252 2635 2658 D DisplayManagerService: Delivering display event: displayId=0, event=4
04-03 22:12:13.263 2635 3161 D LightsServiceExtImpl: baseSetLightLocked end.
04-03 22:12:13.265 2635 3161 D OplusFeatureDCBacklight: notifySfRepaintEverything begin mCurrentDCMode:-1
04-03 22:12:13.273 2635 2705 D OplusDisplayPowerControllerExtImpl: original brightness to dataBase:351 final brightness:351.0 scale:1.0 reason:4 darkLevel:0
04-03 22:12:13.274 2635 3161 D LightsServiceExtImpl: baseSetLightLocked end.
04-03 22:12:13.274 2635 2705 D DisplayPowerController[0]: Animating brightness: target=351.0, rate=123.0, source= 7
04-03 22:12:13.275 2635 2705 D VRR [OPlusRefreshRateService]: notifyBrightnessChange brightness: 351.0
04-03 22:12:13.275 2635 2658 D DisplayManagerService: Delivering display event: displayId=0, event=4
04-03 22:12:13.278 2635 3161 D OplusFeatureDCBacklight: notifySfRepaintEverything begin mCurrentDCMode:-1
04-03 22:12:13.283 2635 2705 D OplusDisplayPowerControllerExtImpl: original brightness to dataBase:351 final brightness:351.0 scale:1.0 reason:4 darkLevel:0
04-03 22:12:13.284 2635 2705 D DisplayPowerController[0]: Animating brightness: target=351.0, rate=123.0, source= 7
04-03 22:12:13.284 2635 2705 D VRR [OPlusRefreshRateService]: notifyBrightnessChange brightness: 351.0
04-03 22:12:13.284 2635 2658 D DisplayManagerService: Delivering display event: displayId=0, event=4
04-03 22:12:13.296 2635 3161 D LightsServiceExtImpl: baseSetLightLocked end.
04-03 22:12:13.297 2635 7199 I OplusJoystickManager: read game pad state for game manager -> false
04-03 22:12:13.297 2635 7199 W OplusJoystickManager: mInterceptGamepadKey is false
04-03 22:12:13.297 2635 3161 D OplusFeatureDCBacklight: notifySfRepaintEverything begin mCurrentDCMode:-1
04-03 22:12:13.301 2635 2705 D OplusDisplayPowerControllerExtImpl: original brightness to dataBase:351 final brightness:351.0 scale:1.0 reason:4 darkLevel:0
04-03 22:12:13.301 2635 2705 D DisplayPowerController[0]: Animating brightness: target=351.0, rate=123.0, source= 7
04-03 22:12:13.302 2635 2705 D VRR [OPlusRefreshRateService]: notifyBrightnessChange brightness: 351.0
04-03 22:12:13.302 2635 2658 D DisplayManagerService: Delivering display event: displayId=0, event=4
04-03 22:12:13.318 2635 3161 D LightsServiceExtImpl: baseSetLightLocked end.
04-03 22:12:13.320 2635 3161 D OplusFeatureDCBacklight: notifySfRepaintEverything begin mCurrentDCMode:-1
04-03 22:12:13.324 2635 2705 D OplusDisplayPowerControllerExtImpl: original brightness to dataBase:351 final brightness:351.0 scale:1.0 reason:4 darkLevel:0
04-03 22:12:13.324 2635 2705 D DisplayPowerController[0]: Animating brightness: target=351.0, rate=123.0, source= 7
04-03 22:12:13.324 2635 2705 D VRR [OPlusRefreshRateService]: notifyBrightnessChange brightness: 351.0
04-03 22:12:13.324 2635 2658 D DisplayManagerService: Delivering display event: displayId=0, event=4
04-03 22:12:13.340 2635 3161 D LightsServiceExtImpl: baseSetLightLocked end.
04-03 22:12:13.342 2635 3161 D OplusFeatureDCBacklight: notifySfRepaintEverything begin mCurrentDCMode:-1
04-03 22:12:13.347 2635 2705 D OplusDisplayPowerControllerExtImpl: original brightness to dataBase:351 final brightness:351.0 scale:1.0 reason:4 darkLevel:0
04-03 22:12:13.347 2635 2705 D DisplayPowerController[0]: Animating brightness: target=351.0, rate=123.0, source= 7
04-03 22:12:13.347 2635 2705 D VRR [OPlusRefreshRateService]: notifyBrightnessChange brightness: 351.0
04-03 22:12:13.348 2635 2658 D DisplayManagerService: Delivering display event: displayId=0, event=4
04-03 22:12:13.384 2635 3161 D LightsServiceExtImpl: baseSetLightLocked end.
04-03 22:12:13.387 2635 3161 D OplusFeatureDCBacklight: notifySfRepaintEverything begin mCurrentDCMode:-1
04-03 22:12:13.393 2635 2705 D OplusDisplayPowerControllerExtImpl: original brightness to dataBase:351 final brightness:351.0 scale:1.0 reason:4 darkLevel:0
04-03 22:12:13.394 2635 2705 D DisplayPowerController[0]: Animating brightness: target=351.0, rate=123.0, source= 7
04-03 22:12:13.394 2635 2705 D VRR [OPlusRefreshRateService]: notifyBrightnessChange brightness: 351.0
04-03 22:12:13.395 2635 2658 D DisplayManagerService: Delivering display event: displayId=0, event=4
04-03 22:12:13.395 2635 3161 D LightsServiceExtImpl: baseSetLightLocked end.
04-03 22:12:13.398 2635 3161 D OplusFeatureDCBacklight: notifySfRepaintEverything begin mCurrentDCMode:-1
04-03 22:12:13.399 2635 2705 D OplusDisplayPowerControllerExtImpl: original brightness to dataBase:351 final brightness:351.0 scale:1.0 reason:4 darkLevel:0
04-03 22:12:13.399 2635 2705 D DisplayPowerController[0]: Animating brightness: target=351.0, rate=123.0, source= 7
04-03 22:12:13.399 2635 2705 D VRR [OPlusRefreshRateService]: notifyBrightnessChange brightness: 351.0
04-03 22:12:13.402 2635 2705 D OplusDisplayPowerControllerExtImpl: original brightness to dataBase:351 final brightness:351.0 scale:1.0 reason:4 darkLevel:0
04-03 22:12:13.402 2635 2705 D DisplayPowerController[0]: Animating brightness: target=351.0, rate=123.0, source= 7
04-03 22:12:13.403 2635 2705 D VRR [OPlusRefreshRateService]: notifyBrightnessChange brightness: 351.0
04-03 22:12:13.403 2635 2658 D DisplayManagerService: Delivering display event: displayId=0, event=4
04-03 22:12:13.406 2635 3161 D LightsServiceExtImpl: baseSetLightLocked end.
04-03 22:12:13.408 2635 3161 D OplusFeatureDCBacklight: notifySfRepaintEverything begin mCurrentDCMode:-1
04-03 22:12:13.410 2635 2705 D OplusDisplayPowerControllerExtImpl: original brightness to dataBase:351 final brightness:351.0 scale:1.0 reason:4 darkLevel:0
04-03 22:12:13.410 2635 2705 D DisplayPowerController[0]: Animating brightness: target=351.0, rate=123.0, source= 7
04-03 22:12:13.411 2635 2705 D VRR [OPlusRefreshRateService]: notifyBrightnessChange brightness: 351.0
04-03 22:12:13.412 2635 2658 D DisplayManagerService: Delivering display event: displayId=0, event=4
04-03 22:12:13.462 2635 7199 E OplusCustomizeRestrictionManagerService: isTaskButtonDisabled start
04-03 22:12:13.463 2635 7199 I OplusJoystickManager: read game pad state for game manager -> false
04-03 22:12:13.463 2635 7199 W OplusJoystickManager: mInterceptGamepadKey is false
04-03 22:12:13.465 2635 7199 D LinearmotorVibrator: vibrate: effect=WaveformEffect { 91182ec, effectType=1, effectStrength=1, effectLoop=false, ringtoneVibrateType=-1, isRingtoneCustomized=false, ringtoneFilePath=, strengthSettingEnabled=true, asynchronous=true, usageHint=0 }
04-03 22:12:13.465 2635 7199 D WaveformEffect: getWaveFormDurationArray mEffectType=1 duration=45 indexOfKey=1
04-03 22:12:13.465 2635 7199 D LinearmotorVibrator: vibrateAsynchronouslyLocked: delayDuration=0
04-03 22:12:13.465 2635 7199 D WaveformEffect: getWaveFormDurationArray mEffectType=1 duration=45 indexOfKey=1
04-03 22:12:13.465 2635 8029 D WaveformEffect: getWaveFormDurationArray mEffectType=1 duration=45 indexOfKey=1
04-03 22:12:13.466 2635 8029 W VibratorManagerServiceExtImpl: impl ignoreVibrateForOneShotEffect: illegel effect params, curVibEffect=null ,newEffect=OplusNativeOneShotVibrationEffect{mWaveformId=2, mTiming=45, mEffectStrength=1600}
04-03 22:12:13.467 2635 8029 D VibratorManagerServiceExtImpl: startCustomizeVibratorLocked id= 0,size=1
04-03 22:12:13.467 2635 8029 D VibratorManagerServiceExtImpl: startCustomizeVibratorLocked withCallback=true
04-03 22:12:13.473 2635 3161 D LightsServiceExtImpl: baseSetLightLocked end.
04-03 22:12:13.475 2635 8029 D VibratorManagerServiceExtImpl: onNoteVibratorOnLocked uid=1000, timing=45
04-03 22:12:13.475 2635 8029 D LinearMotorVibratorControler: OplusMirrorLinearMotorVibratorManager.turnOnLinearmotorVibrator
04-03 22:12:13.475 2635 8029 D LinearMotorVibratorControler: convertEffectStrength amplitude:1600
04-03 22:12:13.475 2635 3161 D OplusFeatureDCBacklight: notifySfRepaintEverything begin mCurrentDCMode:-1
04-03 22:12:13.479 2635 2705 D OplusDisplayPowerControllerExtImpl: original brightness to dataBase:351 final brightness:351.0 scale:1.0 reason:4 darkLevel:0
04-03 22:12:13.479 2635 2705 D DisplayPowerController[0]: Animating brightness: target=351.0, rate=123.0, source= 7
04-03 22:12:13.480 2635 2705 D VRR [OPlusRefreshRateService]: notifyBrightnessChange brightness: 351.0
04-03 22:12:13.480 2635 2658 D DisplayManagerService: Delivering display event: displayId=0, event=4
04-03 22:12:13.487 2635 8029 D WaveformEffect: getWaveFormDurationArray mEffectType=1 duration=45 indexOfKey=1
04-03 22:12:13.487 2635 8029 D LinearmotorVibratorService: linearMotorVibrate WAVEFORM_NODE_RAM, uid=1000 opPkg=android we.getWaveFormIndexArray()=[2] we.getWaveFormDurationArray()=[45] we.getStrengthSettingEnabled()=true
04-03 22:12:13.487 2635 8029 D WaveformEffect: getWaveFormDurationArray mEffectType=1 duration=45 indexOfKey=1
04-03 22:12:13.496 2635 3161 D LightsServiceExtImpl: baseSetLightLocked end.
04-03 22:12:13.497 2635 3161 D OplusFeatureDCBacklight: notifySfRepaintEverything begin mCurrentDCMode:-1
04-03 22:12:13.501 2635 2705 D OplusDisplayPowerControllerExtImpl: original brightness to dataBase:351 final brightness:351.0 scale:1.0 reason:4 darkLevel:0
04-03 22:12:13.502 2635 2705 D DisplayPowerController[0]: Animating brightness: target=351.0, rate=123.0, source= 7
04-03 22:12:13.502 2635 2705 D VRR [OPlusRefreshRateService]: notifyBrightnessChange brightness: 351.0
04-03 22:12:13.502 2635 2658 D DisplayManagerService: Delivering display event: displayId=0, event=4
04-03 22:12:13.509 2635 3598 I OplusJoystickManager: read game pad state for game manager -> false
04-03 22:12:13.509 2635 3598 W OplusJoystickManager: mInterceptGamepadKey is false
04-03 22:12:13.517 2635 3598 D OplusAppListInterceptManager: shouldFilterTask
04-03 22:12:13.518 2635 3598 D OplusAppListInterceptManager: shouldFilterTask::packageName = com.android.settings
04-03 22:12:13.518 2635 3161 D LightsServiceExtImpl: baseSetLightLocked end.
04-03 22:12:13.519 2635 3598 D OplusAppListInterceptManager: shouldFilterTask
04-03 22:12:13.519 2635 3598 D OplusAppListInterceptManager: shouldFilterTask::packageName = com.innowireless.xcal.mobile5
04-03 22:12:13.519 2635 3161 D OplusFeatureDCBacklight: notifySfRepaintEverything begin mCurrentDCMode:-1
04-03 22:12:13.524 2635 7199 I ActivityTaskManager: START u0 {act=android.intent.action.MAIN cat=[android.intent.category.HOME] flg=0x10000000 pkg=com.android.launcher cmp=com.android.launcher/.Launcher (has extras) mCallingUid=10176} from uid 10176
04-03 22:12:13.528 2635 2705 D OplusDisplayPowerControllerExtImpl: original brightness to dataBase:351 final brightness:351.0 scale:1.0 reason:4 darkLevel:0
04-03 22:12:13.528 2635 2705 D DisplayPowerController[0]: Animating brightness: target=351.0, rate=123.0, source= 7
04-03 22:12:13.528 2635 2705 D VRR [OPlusRefreshRateService]: notifyBrightnessChange brightness: 351.0
04-03 22:12:13.528 2635 2658 D DisplayManagerService: Delivering display event: displayId=0, event=4
