04-03 22:27:01.174 1219 4348 I vendor.qti.bluetooth@1.0-ibs_handler: ProcessIbsCmd: Writing IBS_WAKE_ACK
04-03 22:27:01.183 3836 4660 D PhoneInterfaceManager: [PhoneIntfMgr] QueryTelephonyChecker-getDataNetworkTypeForSubscriber: packageName = com.innowireless.xcal.mobile5, isGrant = true
04-03 22:27:01.235 5064 11036 D DebugReportServiceHidlClient: getReport 1.1...
04-03 22:27:01.236 1229 1229 E LocSvc_HIDL_DebugReportService: Invalid count: 0
04-03 22:27:01.236 1229 1229 E LocSvc_HIDL_DebugReportService: Invalid count: 0
04-03 22:27:01.236 1229 1229 E LocSvc_HIDL_DebugReportService: Invalid count: 0
04-03 22:27:01.236 1229 1229 E LocSvc_HIDL_DebugReportService: Invalid count: 0
04-03 22:27:01.236 5064 11036 D DebugReportServiceHidlClient: getReport 1.1 success: true
04-03 22:27:01.236 5064 11036 D DebugReportServiceHidlClient: getReport 1.0 success: true
04-03 22:27:01.256 1219 4348 I vendor.qti.bluetooth@1.0-ibs_handler: ProcessIbsCmd: Received IBS_SLEEP_IND: 0xFE
04-03 22:27:01.300 1219 4348 I vendor.qti.bluetooth@1.0-ibs_handler: ProcessIbsCmd: Received IBS_WAKE_IND: 0xFD
04-03 22:27:01.300 1219 4348 I vendor.qti.bluetooth@1.0-ibs_handler: ProcessIbsCmd: Writing IBS_WAKE_ACK
04-03 22:27:01.312 3836 4660 D PhoneInterfaceManager: [PhoneIntfMgr] QueryTelephonyChecker-getDataNetworkTypeForSubscriber: packageName = com.innowireless.xcal.mobile5, isGrant = true
04-03 22:27:01.334 2635 3024 D WifiActiveModeWarden: there is no primary client manager, return the default one
04-03 22:27:01.352 1255 1255 I android.hardware.thermal@2.0-service.qti: Sensor Name:shell_frametemp: 39.9. prev severity:0. cur severity:0 New severity:0
04-03 22:27:01.353 1255 1255 I android.hardware.thermal@2.0-service.qti: Sensor Name:skintemp: 42.483. prev severity:0. cur severity:3 New severity:3
04-03 22:27:01.354 1255 1255 I android.hardware.thermal@2.0-service.qti: Sensor Name:shell_fronttemp: 39.9. prev severity:0. cur severity:0 New severity:0
04-03 22:27:01.354 1255 1255 I android.hardware.thermal@2.0-service.qti: Sensor Name:shell_backtemp: 39.9. prev severity:0. cur severity:0 New severity:0
04-03 22:27:01.465 3836 4660 D PhoneInterfaceManager: [PhoneIntfMgr] QueryTelephonyChecker-getDataNetworkTypeForSubscriber: packageName = com.innowireless.xcal.mobile5, isGrant = true
04-03 22:27:01.529 3836 7492 D PhoneInterfaceManager: [PhoneIntfMgr] QueryTelephonyChecker-getDataNetworkTypeForSubscriber: packageName = com.innowireless.xcal.mobile5, isGrant = true
04-03 22:27:01.538 1219 4348 I vendor.qti.bluetooth@1.0-ibs_handler: ProcessIbsCmd: Received IBS_SLEEP_IND: 0xFE
04-03 22:27:01.550 3836 4660 D PhoneInterfaceManager: [PhoneIntfMgr] QueryTelephonyChecker-getDataNetworkTypeForSubscriber: packageName = com.innowireless.xcal.mobile5, isGrant = true
04-03 22:27:01.558 1219 4348 I vendor.qti.bluetooth@1.0-ibs_handler: ProcessIbsCmd: Received IBS_WAKE_IND: 0xFD
04-03 22:27:01.558 1219 4348 I vendor.qti.bluetooth@1.0-ibs_handler: ProcessIbsCmd: Writing IBS_WAKE_ACK
04-03 22:27:01.601 3836 7492 D PhoneInterfaceManager: [PhoneIntfMgr] QueryTelephonyChecker-getDataNetworkTypeForSubscriber: packageName = com.innowireless.xcal.mobile5, isGrant = true
04-03 22:27:01.639 1219 4348 I vendor.qti.bluetooth@1.0-ibs_handler: ProcessIbsCmd: Received IBS_SLEEP_IND: 0xFE
04-03 22:27:01.642 3836 4660 D PhoneInterfaceManager: [PhoneIntfMgr] QueryTelephonyChecker-getDataNetworkTypeForSubscriber: packageName = com.innowireless.xcal.mobile5, isGrant = true
04-03 22:27:01.707 1219 4348 I vendor.qti.bluetooth@1.0-ibs_handler: ProcessIbsCmd: Received IBS_WAKE_IND: 0xFD
04-03 22:27:01.707 1219 4348 I vendor.qti.bluetooth@1.0-ibs_handler: ProcessIbsCmd: Writing IBS_WAKE_ACK
04-03 22:27:01.729 3836 7492 D PhoneInterfaceManager: [PhoneIntfMgr] QueryTelephonyChecker-getDataNetworkTypeForSubscriber: packageName = com.innowireless.xcal.mobile5, isGrant = true
04-03 22:27:01.777 3836 7492 D PhoneInterfaceManager: [PhoneIntfMgr] QueryTelephonyChecker-getDataNetworkTypeForSubscriber: packageName = com.innowireless.xcal.mobile5, isGrant = true
04-03 22:27:01.782 2635 3024 D WifiActiveModeWarden: there is no primary client manager, return the default one
04-03 22:27:01.782 8162 10977 D GPS : NMEA is invaild.
04-03 22:27:01.782 8162 10977 D GPS : mNMEASatelites : 7
04-03 22:27:01.783 2635 4247 D WifiService: getWifiEnabledState primaryClientMode is mDefaultClientModeManager
04-03 22:27:01.784 8162 10977 D GPS : Android GPS is invaild.
04-03 22:27:01.791 1219 4348 I vendor.qti.bluetooth@1.0-ibs_handler: ProcessIbsCmd: Received IBS_SLEEP_IND: 0xFE
04-03 22:27:01.842 1219 4348 I vendor.qti.bluetooth@1.0-ibs_handler: ProcessIbsCmd: Received IBS_WAKE_IND: 0xFD
04-03 22:27:01.842 1219 4348 I vendor.qti.bluetooth@1.0-ibs_handler: ProcessIbsCmd: Writing IBS_WAKE_ACK
04-03 22:27:01.953 3666 4099 D QtiRadiohidlIndication: onSignalStrengthChange: slotId = 0
04-03 22:27:01.954 3666 4099 D QtiRadioProxy: onSignalStrength slotId = 0 signalStrength = SignalStrength: Rsrp: -32768 Snr: -32768
04-03 22:27:01.954 3666 4101 D QtiRadioProxyHandler: : handleMessage msg.what = 11
04-03 22:27:01.954 3666 4101 D QtiRadioProxyHandler: : EVENT_ON_SIGNAL_STRENGTH
04-03 22:27:01.954 3666 4101 D QtiRadioProxy: onSignalStrength: Responding back for transaction = null
04-03 22:27:01.955 3881 9422 D NrNetworkService: onSignalStrength: slotId=0 token=Token: -1 status=Status: 1 signalStrength=SignalStrength: Rsrp: -32768 Snr: -32768
04-03 22:27:01.956 3666 4101 D QtiRadioProxy: onSignalStrength: Responding back for transaction = null
04-03 22:27:01.957 3666 4101 D QtiRadioProxy: onSignalStrength: Responding back for transaction = null
04-03 22:27:01.958 3836 7492 D ExtPhoneCallbackBase: UNIMPLEMENTED: onSignalStrength: slotId = 0 token = Token: -1 statusStatus: 1 signalStrength = SignalStrength: Rsrp: -32768 Snr: -32768
04-03 22:27:01.959 3666 4101 D QtiRadioProxy: onSignalStrength: Responding back for transaction = null
04-03 22:27:01.960 3836 7492 D ExtPhoneCallbackBase: UNIMPLEMENTED: onSignalStrength: slotId = 0 token = Token: -1 statusStatus: 1 signalStrength = SignalStrength: Rsrp: -32768 Snr: -32768
04-03 22:27:01.960 3666 4101 D QtiRadioProxy: onSignalStrength: Responding back for transaction = null
04-03 22:27:01.961 3836 7492 D ExtPhoneCallbackBase: UNIMPLEMENTED: onSignalStrength: slotId = 0 token = Token: -1 statusStatus: 1 signalStrength = SignalStrength: Rsrp: -32768 Snr: -32768
04-03 22:27:01.961 3666 4101 D QtiRadioProxy: onSignalStrength: Responding back for transaction = null
04-03 22:27:01.961 3836 7492 D ExtPhoneCallbackBase: UNIMPLEMENTED: onSignalStrength: slotId = 0 token = Token: -1 statusStatus: 1 signalStrength = SignalStrength: Rsrp: -32768 Snr: -32768
04-03 22:27:01.978 4414 31569 I NearbyMediums: Received advertisement header BleAdvertisementHeader { version=2, numSlots=2, serviceIdBloomFilter=[ 0x17 0x23 0x35 0x5a 0x32 0x34 0x11 0x32 0x23 0x2e ], advertisementHash=[ 0x87 0x63 0xc5 0xe8 ], psm=27614, supportExtendedAdvertisement=false}. Will retry reading its GATT advertisement.
04-03 22:27:01.978 4414 31569 I NearbyMediums: Not allow Gatt actions during scanning.
04-03 22:27:01.986 3270 3754 D NetworkController.MobileSignalController(7): onMobileStatusChanged= updateTelephony=true mobileStatus=[activityIn=false,activityOut=false,dataSim=true,carrierNetworkChangeMode=false,dataState=2,serviceState=mVoiceRegState=0(IN_SERVICE), mDataRegState=0(IN_SERVICE),signalStrength=4,telephonyDisplayInfo=TelephonyDisplayInfo {network=LTE, override=NR_NSA}]
04-03 22:27:02.080 1219 4348 I vendor.qti.bluetooth@1.0-ibs_handler: ProcessIbsCmd: Received IBS_SLEEP_IND: 0xFE
04-03 22:27:02.124 2635 2705 D OplusFeatureBrightnessBarController: mDarkLevel: 0
04-03 22:27:02.143 2635 3000 D OplusLocationStatistics: on recordTaskMark, key: gnssReportLocation
04-03 22:27:02.144 2635 2655 D LocationManagerService: incoming location from: gps
04-03 22:27:02.145 2635 2655 D LocationManagerService: incoming location from: gps
04-03 22:27:02.163 4414 5222 I FusedLocation: (REDACTED) location delivery to %s blocked - too close
04-03 22:27:02.165 1219 4348 I vendor.qti.bluetooth@1.0-ibs_handler: ProcessIbsCmd: Received IBS_WAKE_IND: 0xFD
04-03 22:27:02.165 1219 4348 I vendor.qti.bluetooth@1.0-ibs_handler: ProcessIbsCmd: Writing IBS_WAKE_ACK
04-03 22:27:02.166 4414 5222 I FusedLocation: (REDACTED) location delivery to %s blocked - too fast
04-03 22:27:02.166 4414 5222 I FusedLocation: (REDACTED) location delivery to %s blocked - too close
04-03 22:27:02.168 2635 4247 D LocationManagerService: incoming location from: fused
04-03 22:27:02.168 2635 4247 D LocationManagerService: incoming location from: fused
04-03 22:27:02.183 3836 8654 D PhoneInterfaceManager: [PhoneIntfMgr] QueryTelephonyChecker-getDataNetworkTypeForSubscriber: packageName = com.innowireless.xcal.mobile5, isGrant = true
04-03 22:27:02.236 5064 11036 D DebugReportServiceHidlClient: getReport 1.1...
04-03 22:27:02.237 1229 1229 E LocSvc_HIDL_DebugReportService: Invalid count: 0
04-03 22:27:02.237 1229 1229 E LocSvc_HIDL_DebugReportService: Invalid count: 0
04-03 22:27:02.237 1229 1229 E LocSvc_HIDL_DebugReportService: Invalid count: 0
04-03 22:27:02.237 1229 1229 E LocSvc_HIDL_DebugReportService: Invalid count: 0
04-03 22:27:02.238 5064 11036 D DebugReportServiceHidlClient: getReport 1.1 success: true
04-03 22:27:02.238 5064 11036 D DebugReportServiceHidlClient: getReport 1.0 success: true
04-03 22:27:02.249 1219 4348 I vendor.qti.bluetooth@1.0-ibs_handler: ProcessIbsCmd: Received IBS_SLEEP_IND: 0xFE
04-03 22:27:02.308 3836 8654 D PhoneInterfaceManager: [PhoneIntfMgr] QueryTelephonyChecker-getDataNetworkTypeForSubscriber: packageName = com.innowireless.xcal.mobile5, isGrant = true
04-03 22:27:02.319 1219 4348 I vendor.qti.bluetooth@1.0-ibs_handler: ProcessIbsCmd: Received IBS_WAKE_IND: 0xFD
04-03 22:27:02.319 1219 4348 I vendor.qti.bluetooth@1.0-ibs_handler: ProcessIbsCmd: Writing IBS_WAKE_ACK
04-03 22:27:02.336 2635 3024 D WifiActiveModeWarden: there is no primary client manager, return the default one
04-03 22:27:02.354 1255 1255 I android.hardware.thermal@2.0-service.qti: Sensor Name:shell_frametemp: 39.9. prev severity:0. cur severity:0 New severity:0
04-03 22:27:02.355 1255 1255 I android.hardware.thermal@2.0-service.qti: Sensor Name:skintemp: 42.577. prev severity:0. cur severity:3 New severity:3
04-03 22:27:02.356 1255 1255 I android.hardware.thermal@2.0-service.qti: Sensor Name:shell_fronttemp: 39.9. prev severity:0. cur severity:0 New severity:0
04-03 22:27:02.356 1255 1255 I android.hardware.thermal@2.0-service.qti: Sensor Name:shell_backtemp: 39.9. prev severity:0. cur severity:0 New severity:0
04-03 22:27:02.403 1219 4348 I vendor.qti.bluetooth@1.0-ibs_handler: ProcessIbsCmd: Received IBS_SLEEP_IND: 0xFE
04-03 22:27:02.464 3836 8654 D PhoneInterfaceManager: [PhoneIntfMgr] QueryTelephonyChecker-getDataNetworkTypeForSubscriber: packageName = com.innowireless.xcal.mobile5, isGrant = true
04-03 22:27:02.470 1219 4348 I vendor.qti.bluetooth@1.0-ibs_handler: ProcessIbsCmd: Received IBS_WAKE_IND: 0xFD
04-03 22:27:02.470 1219 4348 I vendor.qti.bluetooth@1.0-ibs_handler: ProcessIbsCmd: Writing IBS_WAKE_ACK
04-03 22:27:02.526 2635 7201 D WifiNl80211Manager: Scan result ready event
04-03 22:27:02.526 2635 7201 D WifiNative: Scan result ready event
04-03 22:27:02.527 2635 3024 D WifiActiveModeWarden: there is no primary client manager, return the default one
04-03 22:27:02.527 2635 3024 D WifiService: getWifiEnabledState primaryClientMode is mDefaultClientModeManager
04-03 22:27:02.530 3836 4660 D PhoneInterfaceManager: [PhoneIntfMgr] QueryTelephonyChecker-getDataNetworkTypeForSubscriber: packageName = com.innowireless.xcal.mobile5, isGrant = true
04-03 22:27:02.532 2635 3024 D WifiActiveModeWarden: there is no primary client manager, return the default one
04-03 22:27:02.532 2635 3024 D WifiActiveModeWarden: there is no primary client manager, return the default one
04-03 22:27:02.532 2635 3024 D OplusScanResultsProxy: fewApNum:5
04-03 22:27:02.536 2635 3059 D WificondScannerImpl: Filtering out scan result Sa***4g, ba:**:**:**:a9:b1 time diff 9971387ms
04-03 22:27:02.536 2635 3059 D WificondScannerImpl: Filtering out scan result EMPTY, 7a:**:**:**:bc:ae time diff 4182688ms
04-03 22:27:02.536 2635 3059 D WificondScannerImpl: Filtering out scan result Ji***5G, 8c:**:**:**:53:93 time diff 13407847ms
04-03 22:27:02.537 2635 3059 D WificondScannerImpl: Filtering out scan result EMPTY, aa:**:**:**:ff:35 time diff 13658426ms
04-03 22:27:02.537 2635 3059 D WificondScannerImpl: Filtering out scan result LA***11, 3a:**:**:**:18:a9 time diff 14084629ms
04-03 22:27:02.537 2635 3059 D WificondScannerImpl: Filtering out scan result Ra***at, 6c:**:**:**:d4:45 time diff 14982801ms
04-03 22:27:02.537 2635 3059 D WificondScannerImpl: Filtering out scan result Ji***Je, 98:**:**:**:56:7c time diff 24132939ms
04-03 22:27:02.537 2635 3059 D WificondScannerImpl: Filtering out scan result 70*** 2, 9c:**:**:**:8a:65 time diff 14357320ms
04-03 22:27:02.537 2635 3059 D WificondScannerImpl: Filtering out scan result Am***5g, a2:**:**:**:61:2c time diff 13502116ms
04-03 22:27:02.537 2635 3059 D WificondScannerImpl: Filtering out scan result Am***25, a2:**:**:**:61:28 time diff 13502332ms
04-03 22:27:02.537 2635 3059 D WificondScannerImpl: Filtering out scan result SH***EN, b4:**:**:**:fc:6c time diff 9073725ms
04-03 22:27:02.537 2635 3059 D WificondScannerImpl: Filtering out 11 scan results.
04-03 22:27:02.540 3836 8654 D PhoneInterfaceManager: [PhoneIntfMgr] QueryTelephonyChecker-getDataNetworkTypeForSubscriber: packageName = com.innowireless.xcal.mobile5, isGrant = true
04-03 22:27:02.549 2635 2635 D OplusRouterBoostVendorCommImpl: isApGameDupPktSupport: mVendorCommEnabled = true, mApInfo.mApGameDupPkt = 0
04-03 22:27:02.549 2635 3147 D WifiManager: getScanResults check resulttrue
04-03 22:27:02.550 2635 2635 D WN_S : receive WifiManager.SCAN_RESULTS_AVAILABLE_ACTION
04-03 22:27:02.552 4414 31492 D WifiManager: getScanResults check resulttrue
04-03 22:27:02.552 2635 3024 D WakeupController: Attempted to handleScanResults while not enabled
04-03 22:27:02.553 4414 31566 I FrewleTileCacheManagerV: (REDACTED) Fetched %d AP models from cache
04-03 22:27:02.554 3270 3754 D WifiManager: getScanResults check resulttrue
04-03 22:27:02.589 2635 3967 D LocationManagerService: incoming location from: network
04-03 22:27:02.590 2635 3967 D LocationManagerService: incoming location from: network
04-03 22:27:02.595 4414 5222 I fbsw : Received empty WiFi-RTT scan. [CONTEXT service_id=6 ]
04-03 22:27:02.601 3836 4660 D PhoneInterfaceManager: [PhoneIntfMgr] QueryTelephonyChecker-getDataNetworkTypeForSubscriber: packageName = com.innowireless.xcal.mobile5, isGrant = true
04-03 22:27:02.602 3836 7492 D PhoneInterfaceManager: [PhoneIntfMgr] QueryTelephonyChecker-getDataNetworkTypeForSubscriber: packageName = com.innowireless.xcal.mobile5, isGrant = true
04-03 22:27:02.615 5977 5991 W .camera.servic: Reducing the number of considered missed Gc histogram windows from 130 to 100
04-03 22:27:02.682 1219 4348 I vendor.qti.bluetooth@1.0-ibs_handler: ProcessIbsCmd: Received IBS_SLEEP_IND: 0xFE
04-03 22:27:02.684 1219 4348 I vendor.qti.bluetooth@1.0-ibs_handler: ProcessIbsCmd: Received IBS_WAKE_IND: 0xFD
04-03 22:27:02.684 1219 4348 I vendor.qti.bluetooth@1.0-ibs_handler: ProcessIbsCmd: Writing IBS_WAKE_ACK
04-03 22:27:02.733 3836 4660 D PhoneInterfaceManager: [PhoneIntfMgr] QueryTelephonyChecker-getDataNetworkTypeForSubscriber: packageName = com.innowireless.xcal.mobile5, isGrant = true
04-03 22:27:02.787 8162 10977 D GPS : NMEA is invaild.
04-03 22:27:02.787 8162 10977 D GPS : mNMEASatelites : 6
04-03 22:27:02.793 8162 10977 D GPS : Android GPS is invaild.
04-03 22:27:02.828 1219 4348 I vendor.qti.bluetooth@1.0-ibs_handler: ProcessIbsCmd: Received IBS_SLEEP_IND: 0xFE
04-03 22:27:02.848 3836 4660 D PhoneInterfaceManager: [PhoneIntfMgr] QueryTelephonyChecker-getDataNetworkTypeForSubscriber: packageName = com.innowireless.xcal.mobile5, isGrant = true
04-03 22:27:02.851 2635 3024 D WifiActiveModeWarden: there is no primary client manager, return the default one
04-03 22:27:02.851 2635 4021 D WifiService: getWifiEnabledState primaryClientMode is mDefaultClientModeManager
04-03 22:27:02.990 3666 4099 D QtiRadiohidlIndication: onSignalStrengthChange: slotId = 0
04-03 22:27:02.990 3666 4099 D QtiRadioProxy: onSignalStrength slotId = 0 signalStrength = SignalStrength: Rsrp: -32768 Snr: -32768
04-03 22:27:02.991 3666 4101 D QtiRadioProxyHandler: : handleMessage msg.what = 11
04-03 22:27:02.991 3666 4101 D QtiRadioProxyHandler: : EVENT_ON_SIGNAL_STRENGTH
04-03 22:27:02.991 3666 4101 D QtiRadioProxy: onSignalStrength: Responding back for transaction = null
04-03 22:27:02.992 3881 9422 D NrNetworkService: onSignalStrength: slotId=0 token=Token: -1 status=Status: 1 signalStrength=SignalStrength: Rsrp: -32768 Snr: -32768
04-03 22:27:02.993 3666 4101 D QtiRadioProxy: onSignalStrength: Responding back for transaction = null
04-03 22:27:02.994 3666 4101 D QtiRadioProxy: onSignalStrength: Responding back for transaction = null
04-03 22:27:02.995 3836 4660 D ExtPhoneCallbackBase: UNIMPLEMENTED: onSignalStrength: slotId = 0 token = Token: -1 statusStatus: 1 signalStrength = SignalStrength: Rsrp: -32768 Snr: -32768
04-03 22:27:02.995 3666 4101 D QtiRadioProxy: onSignalStrength: Responding back for transaction = null
04-03 22:27:02.996 3836 4660 D ExtPhoneCallbackBase: UNIMPLEMENTED: onSignalStrength: slotId = 0 token = Token: -1 statusStatus: 1 signalStrength = SignalStrength: Rsrp: -32768 Snr: -32768
04-03 22:27:02.996 3666 4101 D QtiRadioProxy: onSignalStrength: Responding back for transaction = null
04-03 22:27:02.996 3836 4660 D ExtPhoneCallbackBase: UNIMPLEMENTED: onSignalStrength: slotId = 0 token = Token: -1 statusStatus: 1 signalStrength = SignalStrength: Rsrp: -32768 Snr: -32768
04-03 22:27:02.997 3666 4101 D QtiRadioProxy: onSignalStrength: Responding back for transaction = null
04-03 22:27:02.997 3836 4660 D ExtPhoneCallbackBase: UNIMPLEMENTED: onSignalStrength: slotId = 0 token = Token: -1 statusStatus: 1 signalStrength = SignalStrength: Rsrp: -32768 Snr: -32768
04-03 22:27:03.014 3270 3754 D NetworkController.MobileSignalController(7): onMobileStatusChanged= updateTelephony=true mobileStatus=[activityIn=false,activityOut=false,dataSim=true,carrierNetworkChangeMode=false,dataState=2,serviceState=mVoiceRegState=0(IN_SERVICE), mDataRegState=0(IN_SERVICE),signalStrength=4,telephonyDisplayInfo=TelephonyDisplayInfo {network=LTE, override=NR_NSA}]
04-03 22:27:03.083 1219 4348 I vendor.qti.bluetooth@1.0-ibs_handler: ProcessIbsCmd: Received IBS_WAKE_IND: 0xFD
04-03 22:27:03.083 1219 4348 I vendor.qti.bluetooth@1.0-ibs_handler: ProcessIbsCmd: Writing IBS_WAKE_ACK
04-03 22:27:03.146 2635 2680 D OplusLocationStatistics: on recordTaskMark, key: gnssReportLocation
04-03 22:27:03.147 2635 2655 D LocationManagerService: incoming location from: gps
04-03 22:27:03.148 2635 2655 D LocationManagerService: incoming location from: gps
04-03 22:27:03.165 4414 5222 I FusedLocation: (REDACTED) location delivery to %s blocked - too close
04-03 22:27:03.166 4414 5222 I FusedLocation: (REDACTED) location delivery to %s blocked - too fast
04-03 22:27:03.166 4414 5222 I FusedLocation: (REDACTED) location delivery to %s blocked - too close
04-03 22:27:03.167 2635 5661 D LocationManagerService: incoming location from: fused
04-03 22:27:03.167 2635 5661 D LocationManagerService: incoming location from: fused
04-03 22:27:03.185 3836 7492 D PhoneInterfaceManager: [PhoneIntfMgr] QueryTelephonyChecker-getDataNetworkTypeForSubscriber: packageName = com.innowireless.xcal.mobile5, isGrant = true
04-03 22:27:03.211 3836 7492 D PhoneInterfaceManager: [PhoneIntfMgr] QueryTelephonyChecker-getDataNetworkTypeForSubscriber: packageName = com.innowireless.xcal.mobile5, isGrant = true
04-03 22:27:03.213 2635 3024 D WifiActiveModeWarden: there is no primary client manager, return the default one
04-03 22:27:03.213 2635 5661 D WifiService: getWifiEnabledState primaryClientMode is mDefaultClientModeManager
04-03 22:27:03.237 4414 31045 I NearbyMediums: Found Fast Ble Advertisements :
04-03 22:27:03.237 4414 31045 I NearbyMediums: BleAdvertisement { version=2, socketVersion=2, isFast=true, serviceIdHash=null, data=[ 0x23 0x35 0x5a 0x32 0x34 0x11 0x32 0x23 0x2e 0x87 0x63 0xc5 0xe8 0x6b 0xde 0xd8 0xb4 0xf9 0xcc 0xb0 0x7b 0xe1 0xb9 ], deviceToken=[ 0xff 0x0b ], rxAdvertisement=null } : 2 times.
04-03 22:27:03.237 4414 31045 I NearbyMediums: BleAdvertisement { version=2, socketVersion=2, isFast=true, serviceIdHash=null, data=[ 0x23 0x4a 0x32 0x52 0x54 0x11 0x34 0x28 0x68 0x0d 0xd3 0x3e 0x66 0xe1 0xda 0xb2 0x19 0xb7 0xc3 0xfb 0x59 0xab 0x39 ], deviceToken=[ 0x34 0xb6 ], rxAdvertisement=null } : 5 times.
04-03 22:27:03.237 4414 31045 I NearbyMediums: Total 7 fast advertisements from 2 unique advertisers.
04-03 22:27:03.237 5064 11036 D DebugReportServiceHidlClient: getReport 1.1...
04-03 22:27:03.237 4414 31045 I NearbyMediums: Found BLE GATT Advertisements :
04-03 22:27:03.237 4414 31045 I NearbyMediums: BleAdvertisement { version=2, socketVersion=2, isFast=false, serviceIdHash=[ 0xfc 0x9f 0x5e ], data=[ 0x23 0xfc 0x9f 0x5e 0x45 0x37 0x37 0x50 0x1d 0x06 0x2e 0x32 0xdb 0x0c 0x22 0x06 0xe8 0xd7 0xac 0x9e 0x48 0x95 0xe4 0x57 0x9f 0x7a 0x0b 0x50 0x72 0x61 0x74 0x69 0x6b 0x27 0x73 0x20 0x50 0x43 0x30 0x89 0x4a 0xc6 0x21 0x12 0x00 0x00 ], deviceToken=[ 0x11 0xe0 ], rxAdvertisement=null } : 16 times.
04-03 22:27:03.237 4414 31045 I NearbyMediums: Total 16 GATT advertisements from 1 unique advertisers.
04-03 22:27:03.237 1229 1229 E LocSvc_HIDL_DebugReportService: Invalid count: 0
04-03 22:27:03.237 1229 1229 E LocSvc_HIDL_DebugReportService: Invalid count: 0
04-03 22:27:03.237 1229 1229 E LocSvc_HIDL_DebugReportService: Invalid count: 0
04-03 22:27:03.237 1229 1229 E LocSvc_HIDL_DebugReportService: Invalid count: 0
04-03 22:27:03.238 5064 11036 D DebugReportServiceHidlClient: getReport 1.1 success: true
04-03 22:27:03.238 5064 11036 D DebugReportServiceHidlClient: getReport 1.0 success: true
04-03 22:27:03.288 1219 4348 I vendor.qti.bluetooth@1.0-ibs_handler: ProcessIbsCmd: Received IBS_SLEEP_IND: 0xFE
04-03 22:27:03.311 3836 7492 D PhoneInterfaceManager: [PhoneIntfMgr] QueryTelephonyChecker-getDataNetworkTypeForSubscriber: packageName = com.innowireless.xcal.mobile5, isGrant = true
04-03 22:27:03.314 1219 4348 I vendor.qti.bluetooth@1.0-ibs_handler: ProcessIbsCmd: Received IBS_WAKE_IND: 0xFD
04-03 22:27:03.314 1219 4348 I vendor.qti.bluetooth@1.0-ibs_handler: ProcessIbsCmd: Writing IBS_WAKE_ACK
04-03 22:27:03.337 2635 3024 D WifiActiveModeWarden: there is no primary client manager, return the default one
04-03 22:27:03.350 2635 3024 D WifiActiveModeWarden: there is no primary client manager, return the default one
04-03 22:27:03.360 3247 4353 W bt_l2cap: L2CAP - Calling CongestionStatus_Cb (true),CID:0x0047,XmitQ:21,Quota:20
04-03 22:27:03.362 1255 1255 I android.hardware.thermal@2.0-service.qti: Sensor Name:shell_frametemp: 39.9. prev severity:0. cur severity:0 New severity:0
04-03 22:27:03.363 1255 1255 I android.hardware.thermal@2.0-service.qti: Sensor Name:skintemp: 42.543. prev severity:0. cur severity:3 New severity:3
04-03 22:27:03.363 1255 1255 I android.hardware.thermal@2.0-service.qti: Sensor Name:shell_fronttemp: 39.9. prev severity:0. cur severity:0 New severity:0
04-03 22:27:03.364 1255 1255 I android.hardware.thermal@2.0-service.qti: Sensor Name:shell_backtemp: 39.9. prev severity:0. cur severity:0 New severity:0
04-03 22:27:03.424 1219 4348 I vendor.qti.bluetooth@1.0-ibs_handler: ProcessIbsCmd: Received IBS_SLEEP_IND: 0xFE
04-03 22:27:03.465 3836 7492 D PhoneInterfaceManager: [PhoneIntfMgr] QueryTelephonyChecker-getDataNetworkTypeForSubscriber: packageName = com.innowireless.xcal.mobile5, isGrant = true
04-03 22:27:03.500 1219 4348 I vendor.qti.bluetooth@1.0-ibs_handler: ProcessIbsCmd: Received IBS_WAKE_IND: 0xFD
04-03 22:27:03.500 1219 4348 I vendor.qti.bluetooth@1.0-ibs_handler: ProcessIbsCmd: Writing IBS_WAKE_ACK
04-03 22:27:03.531 3836 4660 D PhoneInterfaceManager: [PhoneIntfMgr] QueryTelephonyChecker-getDataNetworkTypeForSubscriber: packageName = com.innowireless.xcal.mobile5, isGrant = true
04-03 22:27:03.573 3247 4353 W bt_btif : bta_jv_idle_timeout_handler: 1
04-03 22:27:03.583 1219 4348 I vendor.qti.bluetooth@1.0-ibs_handler: ProcessIbsCmd: Received IBS_SLEEP_IND: 0xFE
04-03 22:27:03.594 3836 7492 D PhoneInterfaceManager: [PhoneIntfMgr] QueryTelephonyChecker-getDataNetworkTypeForSubscriber: packageName = com.innowireless.xcal.mobile5, isGrant = true
04-03 22:27:03.600 3836 4660 D PhoneInterfaceManager: [PhoneIntfMgr] QueryTelephonyChecker-getDataNetworkTypeForSubscriber: packageName = com.innowireless.xcal.mobile5, isGrant = true
04-03 22:27:03.615 1219 4348 I vendor.qti.bluetooth@1.0-ibs_handler: ProcessIbsCmd: Received IBS_WAKE_IND: 0xFD
04-03 22:27:03.615 1219 4348 I vendor.qti.bluetooth@1.0-ibs_handler: ProcessIbsCmd: Writing IBS_WAKE_ACK
04-03 22:27:03.704 3836 4660 D PhoneInterfaceManager: [PhoneIntfMgr] QueryTelephonyChecker-getDataNetworkTypeForSubscriber: packageName = com.innowireless.xcal.mobile5, isGrant = true
04-03 22:27:03.730 3836 7492 D PhoneInterfaceManager: [PhoneIntfMgr] QueryTelephonyChecker-getDataNetworkTypeForSubscriber: packageName = com.innowireless.xcal.mobile5, isGrant = true
04-03 22:27:03.748 3247 4353 W bt_l2cap: L2CAP - Calling CongestionStatus_Cb (true),CID:0x0047,XmitQ:21,Quota:20
04-03 22:27:03.789 8162 10977 D GPS : NMEA is invaild.
04-03 22:27:03.789 8162 10977 D GPS : mNMEASatelites : 5
04-03 22:27:03.795 8162 10977 D GPS : Android GPS is invaild.
04-03 22:27:03.900 3836 4660 D PhoneInterfaceManager: [PhoneIntfMgr] QueryTelephonyChecker-getDataNetworkTypeForSubscriber: packageName = com.innowireless.xcal.mobile5, isGrant = true
04-03 22:27:03.900 2635 3024 D WifiActiveModeWarden: there is no primary client manager, return the default one
04-03 22:27:03.900 2635 7201 D WifiService: getWifiEnabledState primaryClientMode is mDefaultClientModeManager
04-03 22:27:03.901 4414 5588 W Settings: Setting airplane_mode_on has moved from android.provider.Settings.System to android.provider.Settings.Global, returning read-only value.
04-03 22:27:03.906 4414 31566 W SystemServiceRegistry: No service published for: wifirtt
04-03 22:27:03.908 2635 3024 D WifiActiveModeWarden: there is no primary client manager, return the default one
04-03 22:27:03.908 2635 7201 D WifiService: getWifiEnabledState primaryClientMode is mDefaultClientModeManager
04-03 22:27:03.919 2635 3024 D WifiActiveModeWarden: there is no primary client manager, return the default one
04-03 22:27:03.920 2635 3024 D WifiActiveModeWarden: there is no primary client manager, return the default one
04-03 22:27:04.000 1219 4348 I vendor.qti.bluetooth@1.0-ibs_handler: ProcessIbsCmd: Received IBS_SLEEP_IND: 0xFE
04-03 22:27:04.010 1219 4348 I vendor.qti.bluetooth@1.0-ibs_handler: ProcessIbsCmd: Received IBS_WAKE_IND: 0xFD
04-03 22:27:04.010 1219 4348 I vendor.qti.bluetooth@1.0-ibs_handler: ProcessIbsCmd: Writing IBS_WAKE_ACK
04-03 22:27:04.125 2635 2705 D OplusFeatureBrightnessBarController: mDarkLevel: 0
04-03 22:27:04.146 3836 4660 D PhoneInterfaceManager: [PhoneIntfMgr] QueryTelephonyChecker-getDataNetworkTypeForSubscriber: packageName = com.innowireless.xcal.mobile5, isGrant = true
04-03 22:27:04.148 2635 3163 D OplusLocationStatistics: on recordTaskMark, key: gnssReportLocation
04-03 22:27:04.148 2635 2655 D LocationManagerService: incoming location from: gps
04-03 22:27:04.149 2635 2655 D LocationManagerService: incoming location from: gps
04-03 22:27:04.151 8162 11187 D PSCALL : ********************** RRC Connection Release, code:405, chipsetTime:22:27:05.587
04-03 22:27:04.151 8162 11187 D PSCALL : ********************** Detach Request, direction:0, code:405, chipsetTime:22:27:05.587
04-03 22:27:04.151 8162 11187 D PSCALL : return detachRequestTime is 0
04-03 22:27:04.165 4414 5222 I FusedLocation: (REDACTED) location delivery to %s blocked - too close
04-03 22:27:04.167 4414 5222 I FusedLocation: (REDACTED) location delivery to %s blocked - too fast
04-03 22:27:04.167 4414 5222 I FusedLocation: (REDACTED) location delivery to %s blocked - too close
04-03 22:27:04.168 2635 7201 D LocationManagerService: incoming location from: fused
04-03 22:27:04.168 2635 7201 D LocationManagerService: incoming location from: fused
04-03 22:27:04.184 3836 4660 D PhoneInterfaceManager: [PhoneIntfMgr] QueryTelephonyChecker-getDataNetworkTypeForSubscriber: packageName = com.innowireless.xcal.mobile5, isGrant = true
04-03 22:27:04.199 1219 4348 I vendor.qti.bluetooth@1.0-ibs_handler: ProcessIbsCmd: Received IBS_SLEEP_IND: 0xFE
04-03 22:27:04.237 5064 11036 D DebugReportServiceHidlClient: getReport 1.1...
04-03 22:27:04.238 1229 1229 E LocSvc_HIDL_DebugReportService: Invalid count: 0
04-03 22:27:04.238 1229 1229 E LocSvc_HIDL_DebugReportService: Invalid count: 0
04-03 22:27:04.238 1229 1229 E LocSvc_HIDL_DebugReportService: Invalid count: 0
04-03 22:27:04.238 1229 1229 E LocSvc_HIDL_DebugReportService: Invalid count: 0
04-03 22:27:04.240 5064 11036 D DebugReportServiceHidlClient: getReport 1.1 success: true
04-03 22:27:04.240 5064 11036 D DebugReportServiceHidlClient: getReport 1.0 success: true
04-03 22:27:04.248 1219 4348 I vendor.qti.bluetooth@1.0-ibs_handler: ProcessIbsCmd: Received IBS_WAKE_IND: 0xFD
04-03 22:27:04.248 1219 4348 I vendor.qti.bluetooth@1.0-ibs_handler: ProcessIbsCmd: Writing IBS_WAKE_ACK
04-03 22:27:04.257 3836 4660 D PhoneInterfaceManager: [PhoneIntfMgr] QueryTelephonyChecker-getDataNetworkTypeForSubscriber: packageName = com.innowireless.xcal.mobile5, isGrant = true
04-03 22:27:04.264 3836 4660 D PhoneInterfaceManager: [PhoneIntfMgr] QueryTelephonyChecker-getDataNetworkTypeForSubscriber: packageName = com.innowireless.xcal.mobile5, isGrant = true
04-03 22:27:04.309 3836 4660 D PhoneInterfaceManager: [PhoneIntfMgr] QueryTelephonyChecker-getDataNetworkTypeForSubscriber: packageName = com.innowireless.xcal.mobile5, isGrant = true
04-03 22:27:04.329 1219 4348 I vendor.qti.bluetooth@1.0-ibs_handler: ProcessIbsCmd: Received IBS_SLEEP_IND: 0xFE
04-03 22:27:04.340 2635 3024 D WifiActiveModeWarden: there is no primary client manager, return the default one
04-03 22:27:04.353 4414 31492 I AlarmManager: setExactAndAllowWhileIdle [name: GCM_HB_ALARM type: 2 triggerAtMillis: 5432095]
04-03 22:27:04.359 2635 4247 I OplusProxyWakeLock: acquireProxyWakeLock failed, prevent uid: 10114 tag:GOOGL WorkSource{10287 org.zwanoo.android.speedtest} result: TAG_ILLEGAL
04-03 22:27:04.359 2635 4247 D OplusProxyWakeLock: remove uid: 10287 wiht all pids from wakelockUidInfo list
04-03 22:27:04.367 2635 4787 I OplusHansManager : unfreeze uid: 10287 org.zwanoo.android.speedtest pids: [16903] reason: unproxy wakelock scene: LcdOn
04-03 22:27:04.369 2635 3672 I OplusHansManager : uid=10287, pkg=org.zwanoo.android.speedtest, transition from Frozen to Middle, reason=unproxy wakelock
04-03 22:27:04.369 2635 3672 I OplusHansManager : uid=10287, pkg=org.zwanoo.android.speedtest F exit(), reason=unproxy wakelock
04-03 22:27:04.372 1255 1255 I android.hardware.thermal@2.0-service.qti: Sensor Name:shell_frametemp: 39.9. prev severity:0. cur severity:0 New severity:0
04-03 22:27:04.374 1255 1255 I android.hardware.thermal@2.0-service.qti: Sensor Name:skintemp: 42.415. prev severity:0. cur severity:3 New severity:3
04-03 22:27:04.374 1255 1255 I android.hardware.thermal@2.0-service.qti: Sensor Name:shell_fronttemp: 39.9. prev severity:0. cur severity:0 New severity:0
04-03 22:27:04.374 1255 1255 I android.hardware.thermal@2.0-service.qti: Sensor Name:shell_backtemp: 39.9. prev severity:0. cur severity:0 New severity:0
04-03 22:27:04.379 1219 4348 I vendor.qti.bluetooth@1.0-ibs_handler: ProcessIbsCmd: Received IBS_WAKE_IND: 0xFD
04-03 22:27:04.379 1219 4348 I vendor.qti.bluetooth@1.0-ibs_handler: ProcessIbsCmd: Writing IBS_WAKE_ACK
04-03 22:27:04.380 4414 31409 I AlarmManager: setExactAndAllowWhileIdle [name: FcmRetry type: 2 triggerAtMillis: 5432117]
04-03 22:27:04.392 5806 12555 W OplusExSystemServiceHelper: checkOplusExSystemService intent getComponent is null
04-03 22:27:04.396 4414 31492 I AlarmManager: setExactAndAllowWhileIdle [name: GCM_HB_ALARM type: 2 triggerAtMillis: 5432138]
04-03 22:27:04.417 16903 17020 I AdvertisingIdClient: shouldSendLog 3066941
04-03 22:27:04.417 16903 17020 I AdvertisingIdClient: GetInfoInternal elapse 53ms
04-03 22:27:04.418 16903 17020 I GoogleTagManager: Obtained fresh AdvertisingId info from GmsCore.
04-03 22:27:04.420 4414 4508 W OplusExSystemServiceHelper: checkOplusExSystemService intent getComponent is null
04-03 22:27:04.427 16903 20672 W OplusExSystemServiceHelper: checkOplusExSystemService intent getComponent is null
04-03 22:27:04.428 2661 2668 E Diag_Lib: [IMS_AP]"ims-rtp-daemon ims_rtp_qmi_handler_thread_func waiting on select thread>"
04-03 22:27:04.429 2661 2668 E Diag_Lib: [IMS_AP]"ims-rtp-daemon ims_rtp_qmi_handler_thread_func waiting on select thread>"
04-03 22:27:04.430 2661 2668 E Diag_Lib: [IMS_AP]"ims-rtp-daemon ims_rtp_qmi_handler_thread_func waiting on select thread>"
04-03 22:27:04.431 2661 2668 E Diag_Lib: [IMS_AP]"ims-rtp-daemon ims_rtp_qmi_handler_thread_func waiting on select thread>"
04-03 22:27:04.432 2661 2668 E Diag_Lib: [IMS_AP]"ims-rtp-daemon ims_rtp_qmi_handler_thread_func waiting on select thread>"
04-03 22:27:04.435 2661 2668 E Diag_Lib: [IMS_AP]"ims-rtp-daemon ims_rtp_qmi_handler_thread_func waiting on select thread>"
04-03 22:27:04.443 16903 16903 I AdvertisingIdClient: getting error as 17: API: ClientTelemetry.API is not available on this device. Connection failed with: wc{statusCode=API_DISABLED_FOR_CONNECTION, resolution=null, message=null}
04-03 22:27:04.449 4414 5899 W OplusExSystemServiceHelper: checkOplusExSystemService intent getComponent is null
04-03 22:27:04.456 3836 4660 D PhoneInterfaceManager: [PhoneIntfMgr] QueryTelephonyChecker-getDataNetworkTypeForSubscriber: packageName = com.innowireless.xcal.mobile5, isGrant = true
04-03 22:27:04.468 1219 4348 I vendor.qti.bluetooth@1.0-ibs_handler: ProcessIbsCmd: Received IBS_SLEEP_IND: 0xFE
04-03 22:27:04.471 16903 16992 W droid.speedtes: Accessing hidden field Landroid/telephony/ServiceState;->mOperatorAlphaLongRaw:Ljava/lang/String; (blocked, reflection, denied)
04-03 22:27:04.472 16903 16992 W droid.speedtes: Accessing hidden field Landroid/telephony/ServiceState;->mOperatorAlphaShortRaw:Ljava/lang/String; (blocked, reflection, denied)
04-03 22:27:04.472 16903 16992 W droid.speedtes: Accessing hidden field Landroid/telephony/ServiceState;->mIsEmergencyOnly:Z (max-target-o, reflection, denied)
04-03 22:27:04.472 16903 16992 W droid.speedtes: Accessing hidden method Landroid/telephony/ServiceState;->getNrFrequencyRange()I (blocked, reflection, denied)
04-03 22:27:04.472 16903 16992 W droid.speedtes: Accessing hidden method Landroid/telephony/ServiceState;->getNrState()I (blocked, reflection, denied)
04-03 22:27:04.473 16903 16992 W droid.speedtes: Accessing hidden field Landroid/telephony/ServiceState;->mIsIwlanPreferred:Z (blocked, reflection, denied)
04-03 22:27:04.473 16903 16992 W droid.speedtes: Accessing hidden field Landroid/telephony/ServiceState;->mIsDataRoamingFromRegistration:Z (max-target-o, reflection, denied)
04-03 22:27:04.473 16903 16992 W droid.speedtes: Accessing hidden field Landroid/telephony/ServiceState;->mDataRegState:I (max-target-o, reflection, denied)
04-03 22:27:04.508 2635 3024 D WifiActiveModeWarden: there is no primary client manager, return the default one
04-03 22:27:04.509 16903 16992 D WifiConfig: The list of configured networks is null
04-03 22:27:04.512 3836 4660 D PhoneInterfaceManager: [PhoneIntfMgr] QueryTelephonyChecker-getDataNetworkTypeForSubscriber: packageName = com.innowireless.xcal.mobile5, isGrant = true
04-03 22:27:04.519 16903 16912 W droid.speedtes: Reducing the number of considered missed Gc histogram windows from 225 to 100
04-03 22:27:04.531 3836 8654 D PhoneInterfaceManager: [PhoneIntfMgr] QueryTelephonyChecker-getDataNetworkTypeForSubscriber: packageName = com.innowireless.xcal.mobile5, isGrant = true
04-03 22:27:04.533 16903 16992 W Settings: Setting airplane_mode_on has moved from android.provider.Settings.System to android.provider.Settings.Global, returning read-only value.
04-03 22:27:04.535 2635 3024 D WifiActiveModeWarden: there is no primary client manager, return the default one
04-03 22:27:04.536 2635 3024 D WifiActiveModeWarden: there is no primary client manager, return the default one
04-03 22:27:04.537 2635 3024 D WifiActiveModeWarden: there is no primary client manager, return the default one
04-03 22:27:04.539 2635 3024 D WifiActiveModeWarden: there is no primary client manager, return the default one
04-03 22:27:04.541 2635 3024 D WifiActiveModeWarden: there is no primary client manager, return the default one
04-03 22:27:04.542 2635 3024 D WifiActiveModeWarden: there is no primary client manager, return the default one
04-03 22:27:04.545 2635 3024 D WifiActiveModeWarden: there is no primary client manager, return the default one
04-03 22:27:04.546 2635 3024 D WifiActiveModeWarden: there is no primary client manager, return the default one
04-03 22:27:04.547 2635 3024 D WifiActiveModeWarden: there is no primary client manager, return the default one
04-03 22:27:04.548 2635 3024 D WifiActiveModeWarden: there is no primary client manager, return the default one
04-03 22:27:04.549 2635 3024 D WifiActiveModeWarden: there is no primary client manager, return the default one
04-03 22:27:04.550 2635 3024 D WifiActiveModeWarden: there is no primary client manager, return the default one
04-03 22:27:04.551 2635 3024 D WifiActiveModeWarden: there is no primary client manager, return the default one
04-03 22:27:04.552 2635 3024 D WifiActiveModeWarden: there is no primary client manager, return the default one
04-03 22:27:04.552 2635 3024 D WifiActiveModeWarden: there is no primary client manager, return the default one
04-03 22:27:04.553 2635 3024 D WifiActiveModeWarden: there is no primary client manager, return the default one
04-03 22:27:04.554 2635 3024 D WifiActiveModeWarden: there is no primary client manager, return the default one
04-03 22:27:04.555 2635 3024 D WifiActiveModeWarden: there is no primary client manager, return the default one
04-03 22:27:04.555 2635 3024 D WifiActiveModeWarden: there is no primary client manager, return the default one
04-03 22:27:04.557 2635 3024 D WifiActiveModeWarden: there is no primary client manager, return the default one
04-03 22:27:04.557 2635 4247 D WifiService: getWifiEnabledState primaryClientMode is mDefaultClientModeManager
04-03 22:27:04.557 2635 3024 D WifiActiveModeWarden: there is no primary client manager, return the default one
04-03 22:27:04.557 2635 4247 D WifiService: getWifiEnabledState primaryClientMode is mDefaultClientModeManager
04-03 22:27:04.558 2635 3024 D WifiActiveModeWarden: there is no primary client manager, return the default one
04-03 22:27:04.560 2635 3024 D WifiActiveModeWarden: there is no primary client manager, return the default one
04-03 22:27:04.560 1219 4348 I vendor.qti.bluetooth@1.0-ibs_handler: ProcessIbsCmd: Received IBS_WAKE_IND: 0xFD
04-03 22:27:04.561 1219 4348 I vendor.qti.bluetooth@1.0-ibs_handler: ProcessIbsCmd: Writing IBS_WAKE_ACK
04-03 22:27:04.564 3836 7492 D PhoneInterfaceManager: [PhoneIntfMgr] QueryTelephonyChecker-getDataNetworkTypeForSubscriber: packageName = com.innowireless.xcal.mobile5, isGrant = true
04-03 22:27:04.599 3836 7492 D PhoneInterfaceManager: [PhoneIntfMgr] QueryTelephonyChecker-getDataNetworkTypeForSubscriber: packageName = com.innowireless.xcal.mobile5, isGrant = true
04-03 22:27:04.599 3836 8654 D PhoneInterfaceManager: [PhoneIntfMgr] QueryTelephonyChecker-getDataNetworkTypeForSubscriber: packageName = org.zwanoo.android.speedtest, isGrant = true
04-03 22:27:04.624 16903 16992 W droid.speedtes: Accessing hidden method Landroid/telephony/SignalStrength;->getAsuLevel()I (max-target-p, reflection, denied)
04-03 22:27:04.624 16903 16992 W droid.speedtes: Accessing hidden method Landroid/telephony/SignalStrength;->getDbm()I (max-target-p, reflection, denied)
04-03 22:27:04.625 16903 16992 W droid.speedtes: Accessing hidden method Landroid/telephony/SignalStrength;->getCdmaAsuLevel()I (max-target-p, reflection, denied)
04-03 22:27:04.625 16903 16992 W droid.speedtes: Accessing hidden method Landroid/telephony/SignalStrength;->getCdmaLevel()I (max-target-p, reflection, denied)
04-03 22:27:04.625 16903 16992 W droid.speedtes: Accessing hidden method Landroid/telephony/SignalStrength;->getEvdoAsuLevel()I (max-target-p, reflection, denied)
04-03 22:27:04.625 16903 16992 W droid.speedtes: Accessing hidden method Landroid/telephony/SignalStrength;->getEvdoLevel()I (max-target-p, reflection, denied)
04-03 22:27:04.626 16903 16992 W droid.speedtes: Accessing hidden method Landroid/telephony/SignalStrength;->getGsmAsuLevel()I (max-target-p, reflection, denied)
04-03 22:27:04.626 16903 16992 W droid.speedtes: Accessing hidden method Landroid/telephony/SignalStrength;->getGsmDbm()I (max-target-p, reflection, denied)
04-03 22:27:04.626 16903 16992 W droid.speedtes: Accessing hidden method Landroid/telephony/SignalStrength;->getGsmLevel()I (max-target-p, reflection, denied)
04-03 22:27:04.626 16903 16992 W droid.speedtes: Accessing hidden method Landroid/telephony/SignalStrength;->getLteAsuLevel()I (max-target-p, reflection, denied)
04-03 22:27:04.626 16903 16992 W droid.speedtes: Reached maximum number of hidden api access warnings.
04-03 22:27:04.632 3836 8654 D PhoneInterfaceManager: [PhoneIntfMgr] QueryTelephonyChecker-getDataNetworkTypeForSubscriber: packageName = org.zwanoo.android.speedtest, isGrant = true
04-03 22:27:04.724 16903 16903 I PressureReportBuilder: Sensor not found: 6
04-03 22:27:04.725 2635 4247 D SensorService: createSensorEventConnection, mCurrentOperatingMode = 0, requestedMode = 0
04-03 22:27:04.726 2635 4247 W ServiceManager: Permission failure: android.permission.HIGH_SAMPLING_RATE_SENSORS from uid=10287 pid=16903
04-03 22:27:04.726 2635 5661 W SensorService: SensorEventConnection sensor handle=51, package = com.ookla.speedtest.sensors.SensorListenerManager enable
04-03 22:27:04.726 2635 5661 E SensorService: Required app com.ookla.speedtest.sensors.SensorListenerManager, uid 10287, pid 16903
04-03 22:27:04.727 2635 5661 D SensorServiceImpl: OplusSensorServiceUtils adjustOplusFusionLightArgs opPackageName is org.zwanoo.android.speedtest, samplingPeriodNs is 200000000 ns, type: 5.
04-03 22:27:04.727 2635 5661 D SensorServiceImpl: OplusSensorServiceUtils resetFusionLightEngModePara normal period here.
04-03 22:27:04.727 2635 5661 D SensorService: enable sensor send lastEvent 51
04-03 22:27:04.727 2635 5661 D SensorServiceImpl: SensorServiceExtImpl oplusGeminiProximitySensor= 0
04-03 22:27:04.727 2635 5661 D SensorServiceImpl: OplusSensorServiceUtils, sensorType=5
04-03 22:27:04.727 2635 5661 D SensorServiceImpl: setSamplingPeriodNs SamplingPeriodNs =200000000
04-03 22:27:04.727 2635 5661 D SensorServiceImpl: SensorServiceExtImpl oplusGeminiProximitySensor= 0
04-03 22:27:04.727 2635 5661 D SensorService: SensorDevice::batch: ident=0xb4000079e8559e00, handle=0x00000033, flags=0, period_ns=200000000 timeout=0
04-03 22:27:04.727 2635 5661 D SensorService: >>> curr_period=250000000 min_period=200000000 curr_timeout=0 min_timeout=0
04-03 22:27:04.727 2635 5661 D SensorService: >>> actuating h/w BATCH 0x00000033 200000000 0
04-03 22:27:04.728 1249 1249 I sensors-hal: batch:254, android.sensor.light/51, period=200000000, max_latency=0
04-03 22:27:04.728 1249 1249 I sensors-hal: batch:276, android.sensor.light/51, period=200000000, max_latency=0 request completed
04-03 22:27:04.728 2635 5661 D SensorService: Calling batch handle==51 flags=0rate=200000000 timeout== 0
04-03 22:27:04.728 2635 5661 D SensorService: Calling activate on 51
04-03 22:27:04.728 2635 5661 D SensorService: SensorDevice::activate: ident=0xb4000079e8559e00, handle=0x00000033, enabled=1, count=2
04-03 22:27:04.728 2635 5661 D SensorService: enable index=1
04-03 22:27:04.728 2635 5661 D SensorService: info.numActiveClients() = 2, info.isActive = 1
04-03 22:27:04.728 2635 5661 D SensorService: activateHardware = 0
04-03 22:27:04.728 16903 16903 I HumidityReportBuilder: Sensor not found: 12
04-03 22:27:04.729 3836 8654 D PhoneInterfaceManager: [PhoneIntfMgr] QueryTelephonyChecker-getDataNetworkTypeForSubscriber: packageName = com.innowireless.xcal.mobile5, isGrant = true
04-03 22:27:04.729 16903 16903 I TempReportBuilder: Sensor not found: 13
04-03 22:27:04.731 2635 5661 D SensorService: createSensorEventConnection, mCurrentOperatingMode = 0, requestedMode = 0
04-03 22:27:04.731 2635 5661 W ServiceManager: Permission failure: android.permission.HIGH_SAMPLING_RATE_SENSORS from uid=10287 pid=16903
04-03 22:27:04.732 2635 5661 W ServiceManager: Permission failure: android.permission.HIGH_SAMPLING_RATE_SENSORS from uid=10287 pid=16903
04-03 22:27:04.732 2635 5661 W SensorService: SensorEventConnection sensor handle=21, package = com.ookla.speedtest.sensors.SensorListenerManager enable
04-03 22:27:04.732 2635 5661 E SensorService: Required app com.ookla.speedtest.sensors.SensorListenerManager, uid 10287, pid 16903
04-03 22:27:04.732 2635 5661 D SensorServiceImpl: SensorServiceExtImpl oplusGeminiProximitySensor= 0
04-03 22:27:04.732 2635 5661 D SensorServiceImpl: OplusSensorServiceUtils, sensorType=2
04-03 22:27:04.732 2635 5661 D SensorServiceImpl: setSamplingPeriodNs SamplingPeriodNs =200000000
04-03 22:27:04.732 2635 5661 D SensorServiceImpl: SensorServiceExtImpl oplusGeminiProximitySensor= 0
04-03 22:27:04.732 2635 5661 D SensorService: SensorDevice::batch: ident=0xb400007ba2b9fd00, handle=0x00000015, flags=0, period_ns=200000000 timeout=0
04-03 22:27:04.732 2635 5661 D SensorService: >>> curr_period=20000000 min_period=20000000 curr_timeout=0 min_timeout=0
04-03 22:27:04.732 2635 5661 D SensorService: Calling batch handle==21 flags=0rate=200000000 timeout== 0
04-03 22:27:04.732 2635 5661 D SensorService: >>> actuating h/w flush 21
04-03 22:27:04.733 1249 1249 I sensors-hal: flush:296, android.sensor.magnetic_field/21
04-03 22:27:04.753 1249 1249 I sensors-hal: flush:302, android.sensor.magnetic_field/21 completed
04-03 22:27:04.753 2635 5661 D SensorService: Calling activate on 21
04-03 22:27:04.753 2635 5661 D SensorService: SensorDevice::activate: ident=0xb400007ba2b9fd00, handle=0x00000015, enabled=1, count=3
04-03 22:27:04.753 2635 5661 D SensorService: enable index=1
04-03 22:27:04.753 2635 5661 D SensorService: info.numActiveClients() = 3, info.isActive = 1
04-03 22:27:04.753 2635 5661 D SensorService: activateHardware = 0
04-03 22:27:04.753 1249 10095 I sensors-hal: ssc_conn_resp_cb:683, resp_value = 0
04-03 22:27:04.754 2635 2966 D SensorService: flush complete event sensor==21
04-03 22:27:04.754 2635 2966 D SensorService: flush complete event sensor==21
04-03 22:27:04.754 2635 2966 D SensorService: flush complete event sensor==21
04-03 22:27:04.754 2635 2966 D SensorService: flush complete event sensor==21
04-03 22:27:04.754 2635 2966 D SensorService: flush complete event sensor==21
04-03 22:27:04.754 2635 3967 D SensorService: createSensorEventConnection, mCurrentOperatingMode = 0, requestedMode = 0
04-03 22:27:04.754 2635 2966 D SensorService: flush complete event sensor==21
04-03 22:27:04.755 2635 2966 D SensorService: flush complete event sensor==21
04-03 22:27:04.755 2635 2966 D SensorService: flush complete event sensor==21
04-03 22:27:04.755 2635 2966 D SensorService: flush complete event sensor==21
04-03 22:27:04.755 2635 2966 D SensorService: First flush event for sensor==21
04-03 22:27:04.755 2635 2966 D SensorService: flush complete event sensor==21
04-03 22:27:04.755 2635 2966 D SensorService: flush complete event sensor==21
04-03 22:27:04.755 2635 2966 D SensorService: flush complete event sensor==21
04-03 22:27:04.755 2635 2966 D SensorService: flush complete event sensor==21
04-03 22:27:04.755 2635 2966 D SensorService: flush complete event sensor==21
04-03 22:27:04.755 2635 2966 D SensorService: flush complete event sensor==21
04-03 22:27:04.755 2635 3967 W ServiceManager: Permission failure: android.permission.HIGH_SAMPLING_RATE_SENSORS from uid=10287 pid=16903
04-03 22:27:04.756 2635 3967 W ServiceManager: Permission failure: android.permission.HIGH_SAMPLING_RATE_SENSORS from uid=10287 pid=16903
04-03 22:27:04.756 2635 3967 W SensorService: SensorEventConnection sensor handle=11, package = com.ookla.speedtest.sensors.SensorListenerManager enable
04-03 22:27:04.756 2635 3967 E SensorService: Required app com.ookla.speedtest.sensors.SensorListenerManager, uid 10287, pid 16903
04-03 22:27:04.757 2635 3967 D SensorServiceImpl: SensorServiceExtImpl oplusGeminiProximitySensor= 0
04-03 22:27:04.757 2635 3967 D SensorServiceImpl: OplusSensorServiceUtils, sensorType=1
04-03 22:27:04.757 2635 3967 D SensorServiceImpl: setSamplingPeriodNs SamplingPeriodNs =200000000
04-03 22:27:04.757 2635 3967 D SensorServiceImpl: SensorServiceExtImpl oplusGeminiProximitySensor= 0
04-03 22:27:04.757 2635 3967 D SensorService: SensorDevice::batch: ident=0xb400007adf068880, handle=0x0000000b, flags=0, period_ns=200000000 timeout=0
04-03 22:27:04.757 2635 3967 D SensorService: >>> curr_period=10000000 min_period=10000000 curr_timeout=0 min_timeout=0
04-03 22:27:04.757 2635 3967 D SensorService: Calling batch handle==11 flags=0rate=200000000 timeout== 0
04-03 22:27:04.757 2635 3967 D SensorService: >>> actuating h/w flush 11
04-03 22:27:04.757 1249 1249 I sensors-hal: flush:296, android.sensor.accelerometer/11
04-03 22:27:04.766 1219 4348 I vendor.qti.bluetooth@1.0-ibs_handler: ProcessIbsCmd: Received IBS_SLEEP_IND: 0xFE
