04-03 22:27:37.667 4414 31602 D WifiManager: getScanResults check resulttrue
04-03 22:27:37.675 1219 4348 I vendor.qti.bluetooth@1.0-ibs_handler: ProcessIbsCmd: Received IBS_WAKE_IND: 0xFD
04-03 22:27:37.675 1219 4348 D vendor.qti.bluetooth@1.0-ibs_handler: SerialClockVote: vote for UART CLK ON
04-03 22:27:37.675 1219 4348 I vendor.qti.bluetooth@1.0-ibs_handler: ProcessIbsCmd: Writing IBS_WAKE_ACK
04-03 22:27:37.699 2635 7201 D LocationManagerService: incoming location from: network
04-03 22:27:37.702 2635 7201 D LocationManagerService: incoming location from: network
04-03 22:27:37.705 4414 5222 I fbsw : Received empty WiFi-RTT scan. [CONTEXT service_id=6 ]
04-03 22:27:37.742 3836 8673 D PhoneInterfaceManager: [PhoneIntfMgr] QueryTelephonyChecker-getDataNetworkTypeForSubscriber: packageName = com.innowireless.xcal.mobile5, isGrant = true
04-03 22:27:37.760 1219 4348 I vendor.qti.bluetooth@1.0-ibs_handler: ProcessIbsCmd: Received IBS_SLEEP_IND: 0xFE
04-03 22:27:37.760 1219 4348 D vendor.qti.bluetooth@1.0-ibs_handler: SerialClockVote: vote for UART CLK OFF
04-03 22:27:37.767 1219 4348 I vendor.qti.bluetooth@1.0-ibs_handler: ProcessIbsCmd: Received IBS_WAKE_IND: 0xFD
04-03 22:27:37.767 1219 4348 D vendor.qti.bluetooth@1.0-ibs_handler: SerialClockVote: vote for UART CLK ON
04-03 22:27:37.767 1219 4348 I vendor.qti.bluetooth@1.0-ibs_handler: ProcessIbsCmd: Writing IBS_WAKE_ACK
04-03 22:27:37.775 4414 31045 I NearbyMediums: Received advertisement header BleAdvertisementHeader { version=2, numSlots=2, serviceIdBloomFilter=[ 0x17 0x23 0x35 0x5a 0x32 0x34 0x11 0x32 0x23 0x2e ], advertisementHash=[ 0x87 0x63 0xc5 0xe8 ], psm=27614, supportExtendedAdvertisement=false}. Will retry reading its GATT advertisement.
04-03 22:27:37.776 4414 31045 I NearbyMediums: Not allow Gatt actions during scanning.
04-03 22:27:37.788 3836 8673 D PhoneInterfaceManager: [PhoneIntfMgr] QueryTelephonyChecker-getDataNetworkTypeForSubscriber: packageName = com.innowireless.xcal.mobile5, isGrant = true
04-03 22:27:37.792 2635 3024 D WifiActiveModeWarden: there is no primary client manager, return the default one
04-03 22:27:37.792 2635 7201 D WifiService: getWifiEnabledState primaryClientMode is mDefaultClientModeManager
04-03 22:27:37.819 8162 10977 D GPS : NMEA is invaild.
04-03 22:27:37.819 8162 10977 D GPS : mNMEASatelites : 6
04-03 22:27:37.825 8162 10977 D GPS : Android GPS is invaild.
04-03 22:27:37.849 1219 4348 I vendor.qti.bluetooth@1.0-ibs_handler: ProcessIbsCmd: Received IBS_SLEEP_IND: 0xFE
04-03 22:27:37.849 1219 4348 D vendor.qti.bluetooth@1.0-ibs_handler: SerialClockVote: vote for UART CLK OFF
04-03 22:27:37.877 1219 4348 I vendor.qti.bluetooth@1.0-ibs_handler: ProcessIbsCmd: Received IBS_WAKE_IND: 0xFD
04-03 22:27:37.877 1219 4348 D vendor.qti.bluetooth@1.0-ibs_handler: SerialClockVote: vote for UART CLK ON
04-03 22:27:37.877 1219 4348 I vendor.qti.bluetooth@1.0-ibs_handler: ProcessIbsCmd: Writing IBS_WAKE_ACK
04-03 22:27:37.961 1219 4348 I vendor.qti.bluetooth@1.0-ibs_handler: ProcessIbsCmd: Received IBS_SLEEP_IND: 0xFE
04-03 22:27:37.961 1219 4348 D vendor.qti.bluetooth@1.0-ibs_handler: SerialClockVote: vote for UART CLK OFF
04-03 22:27:38.112 1219 4143 D vendor.qti.bluetooth@1.0-wake_lock: Release wakelock is released
04-03 22:27:38.152 2635 3163 D OplusLocationStatistics: on recordTaskMark, key: gnssReportLocation
04-03 22:27:38.152 2635 2655 D LocationManagerService: incoming location from: gps
04-03 22:27:38.153 2635 2655 D LocationManagerService: incoming location from: gps
04-03 22:27:38.164 4414 5222 I FusedLocation: (REDACTED) location delivery to %s blocked - too close
04-03 22:27:38.165 4414 5222 I FusedLocation: (REDACTED) location delivery to %s blocked - too fast
04-03 22:27:38.165 4414 5222 I FusedLocation: (REDACTED) location delivery to %s blocked - too close
04-03 22:27:38.167 2635 3967 D LocationManagerService: incoming location from: fused
04-03 22:27:38.167 2635 3967 D LocationManagerService: incoming location from: fused
04-03 22:27:38.191 3836 8673 D PhoneInterfaceManager: [PhoneIntfMgr] QueryTelephonyChecker-getDataNetworkTypeForSubscriber: packageName = com.innowireless.xcal.mobile5, isGrant = true
04-03 22:27:38.251 5064 11036 D DebugReportServiceHidlClient: getReport 1.1...
04-03 22:27:38.251 1229 1229 E LocSvc_HIDL_DebugReportService: Invalid count: 0
04-03 22:27:38.251 1229 1229 E LocSvc_HIDL_DebugReportService: Invalid count: 0
04-03 22:27:38.251 1229 1229 E LocSvc_HIDL_DebugReportService: Invalid count: 0
04-03 22:27:38.251 1229 1229 E LocSvc_HIDL_DebugReportService: Invalid count: 0
04-03 22:27:38.252 5064 11036 D DebugReportServiceHidlClient: getReport 1.1 success: true
04-03 22:27:38.252 5064 11036 D DebugReportServiceHidlClient: getReport 1.0 success: true
04-03 22:27:38.301 1219 4348 I vendor.qti.bluetooth@1.0-ibs_handler: ProcessIbsCmd: Received IBS_WAKE_IND: 0xFD
04-03 22:27:38.302 1219 4348 D vendor.qti.bluetooth@1.0-ibs_handler: SerialClockVote: vote for UART CLK ON
04-03 22:27:38.303 1219 4348 D vendor.qti.bluetooth@1.0-wake_lock: Acquire wakelock is acquired
04-03 22:27:38.303 1219 4348 I vendor.qti.bluetooth@1.0-ibs_handler: ProcessIbsCmd: Writing IBS_WAKE_ACK
04-03 22:27:38.318 3836 8673 D PhoneInterfaceManager: [PhoneIntfMgr] QueryTelephonyChecker-getDataNetworkTypeForSubscriber: packageName = com.innowireless.xcal.mobile5, isGrant = true
04-03 22:27:38.387 1219 4348 I vendor.qti.bluetooth@1.0-ibs_handler: ProcessIbsCmd: Received IBS_SLEEP_IND: 0xFE
04-03 22:27:38.387 1219 4348 D vendor.qti.bluetooth@1.0-ibs_handler: SerialClockVote: vote for UART CLK OFF
04-03 22:27:38.415 1219 4348 I vendor.qti.bluetooth@1.0-ibs_handler: ProcessIbsCmd: Received IBS_WAKE_IND: 0xFD
04-03 22:27:38.415 1219 4348 D vendor.qti.bluetooth@1.0-ibs_handler: SerialClockVote: vote for UART CLK ON
04-03 22:27:38.415 1219 4348 I vendor.qti.bluetooth@1.0-ibs_handler: ProcessIbsCmd: Writing IBS_WAKE_ACK
04-03 22:27:38.427 2635 3024 D WifiActiveModeWarden: there is no primary client manager, return the default one
04-03 22:27:38.496 3836 8673 D PhoneInterfaceManager: [PhoneIntfMgr] QueryTelephonyChecker-getDataNetworkTypeForSubscriber: packageName = com.innowireless.xcal.mobile5, isGrant = true
04-03 22:27:38.497 1219 4348 I vendor.qti.bluetooth@1.0-ibs_handler: ProcessIbsCmd: Received IBS_SLEEP_IND: 0xFE
04-03 22:27:38.498 1219 4348 D vendor.qti.bluetooth@1.0-ibs_handler: SerialClockVote: vote for UART CLK OFF
04-03 22:27:38.498 1255 1255 I android.hardware.thermal@2.0-service.qti: Sensor Name:shell_frametemp: 39.9. prev severity:0. cur severity:0 New severity:0
04-03 22:27:38.500 1255 1255 I android.hardware.thermal@2.0-service.qti: Sensor Name:skintemp: 42.562. prev severity:0. cur severity:3 New severity:3
04-03 22:27:38.500 1255 1255 I android.hardware.thermal@2.0-service.qti: Sensor Name:shell_fronttemp: 39.9. prev severity:0. cur severity:0 New severity:0
04-03 22:27:38.501 1255 1255 I android.hardware.thermal@2.0-service.qti: Sensor Name:shell_backtemp: 39.9. prev severity:0. cur severity:0 New severity:0
04-03 22:27:38.540 3836 8673 D PhoneInterfaceManager: [PhoneIntfMgr] QueryTelephonyChecker-getDataNetworkTypeForSubscriber: packageName = com.innowireless.xcal.mobile5, isGrant = true
04-03 22:27:38.542 1219 4348 I vendor.qti.bluetooth@1.0-ibs_handler: ProcessIbsCmd: Received IBS_WAKE_IND: 0xFD
04-03 22:27:38.542 1219 4348 D vendor.qti.bluetooth@1.0-ibs_handler: SerialClockVote: vote for UART CLK ON
04-03 22:27:38.542 1219 4348 I vendor.qti.bluetooth@1.0-ibs_handler: ProcessIbsCmd: Writing IBS_WAKE_ACK
04-03 22:27:38.548 1219 1219 I vendor.qti.bluetooth@1.0-ibs_handler: DeviceWakeUp: Writing IBS_WAKE_IND
04-03 22:27:38.549 1219 4348 I vendor.qti.bluetooth@1.0-ibs_handler: ProcessIbsCmd: Received IBS_WAKE_ACK: 0xFC
04-03 22:27:38.549 1219 4348 I vendor.qti.bluetooth@1.0-ibs_handler: ProcessIbsCmd: Signal wack_cond_
04-03 22:27:38.550 1219 1219 D vendor.qti.bluetooth@1.0-ibs_handler: DeviceWakeUp: Unblocked from waiting for FC, pthread_cond_timedwait ret = 0
04-03 22:27:38.550 3836 20675 D PhoneInterfaceManager: [PhoneIntfMgr] QueryTelephonyChecker-getDataNetworkTypeForSubscriber: packageName = com.innowireless.xcal.mobile5, isGrant = true
04-03 22:27:38.552 2635 3024 D WifiActiveModeWarden: there is no primary client manager, return the default one
04-03 22:27:38.552 2635 3967 D WifiService: getWifiEnabledState primaryClientMode is mDefaultClientModeManager
04-03 22:27:38.602 3836 20675 D PhoneInterfaceManager: [PhoneIntfMgr] QueryTelephonyChecker-getDataNetworkTypeForSubscriber: packageName = com.innowireless.xcal.mobile5, isGrant = true
04-03 22:27:38.605 3836 20675 D PhoneInterfaceManager: [PhoneIntfMgr] QueryTelephonyChecker-getDataNetworkTypeForSubscriber: packageName = com.innowireless.xcal.mobile5, isGrant = true
04-03 22:27:38.633 2635 3024 D WifiActiveModeWarden: there is no primary client manager, return the default one
04-03 22:27:38.635 3247 4353 W bt_l2cap: L2CAP - Calling CongestionStatus_Cb (true),CID:0x0047,XmitQ:21,Quota:20
04-03 22:27:38.659 8162 8192 I ss.xcal.mobile: Background concurrent copying GC freed 21MB AllocSpace bytes, 50(2056KB) LOS objects, 49% free, 24MB/48MB, paused 133us,50us total 114.236ms
04-03 22:27:38.664 8162 8194 D BluetoothSocket: close() this: android.bluetooth.BluetoothSocket@1f50b02, channel: 5, mSocketIS: android.net.LocalSocketImpl$SocketInputStream@ef0042e, mSocketOS: android.net.LocalSocketImpl$SocketOutputStream@70bfbcfmSocket: null, mSocketState: CLOSED
04-03 22:27:38.688 3836 8673 D PhoneInterfaceManager: [PhoneIntfMgr] QueryTelephonyChecker-getDataNetworkTypeForSubscriber: packageName = com.innowireless.xcal.mobile5, isGrant = true
04-03 22:27:38.704 1219 4348 I vendor.qti.bluetooth@1.0-ibs_handler: ProcessIbsCmd: Received IBS_SLEEP_IND: 0xFE
04-03 22:27:38.742 3836 8673 D PhoneInterfaceManager: [PhoneIntfMgr] QueryTelephonyChecker-getDataNetworkTypeForSubscriber: packageName = com.innowireless.xcal.mobile5, isGrant = true
04-03 22:27:38.751 1219 4348 I vendor.qti.bluetooth@1.0-ibs_handler: ProcessIbsCmd: Received IBS_WAKE_IND: 0xFD
04-03 22:27:38.751 1219 4348 I vendor.qti.bluetooth@1.0-ibs_handler: ProcessIbsCmd: Writing IBS_WAKE_ACK
04-03 22:27:38.817 8162 10977 D GPS : NMEA is invaild.
04-03 22:27:38.817 8162 10977 D GPS : mNMEASatelites : 7
04-03 22:27:38.818 8162 10977 D GPS : Android GPS is invaild.
04-03 22:27:38.844 3836 8673 D PhoneInterfaceManager: [PhoneIntfMgr] QueryTelephonyChecker-getDataNetworkTypeForSubscriber: packageName = com.innowireless.xcal.mobile5, isGrant = true
04-03 22:27:38.847 2635 3024 D WifiActiveModeWarden: there is no primary client manager, return the default one
04-03 22:27:38.848 2635 3598 D WifiService: getWifiEnabledState primaryClientMode is mDefaultClientModeManager
04-03 22:27:38.887 1219 4348 I vendor.qti.bluetooth@1.0-ibs_handler: ProcessIbsCmd: Received IBS_SLEEP_IND: 0xFE
04-03 22:27:38.895 1219 4348 I vendor.qti.bluetooth@1.0-ibs_handler: ProcessIbsCmd: Received IBS_WAKE_IND: 0xFD
04-03 22:27:38.895 1219 4348 I vendor.qti.bluetooth@1.0-ibs_handler: ProcessIbsCmd: Writing IBS_WAKE_ACK
04-03 22:27:38.897 3247 4353 W bt_l2cap: L2CAP - Calling CongestionStatus_Cb (true),CID:0x0047,XmitQ:21,Quota:20
04-03 22:27:39.043 2635 3024 D WifiActiveModeWarden: there is no primary client manager, return the default one
04-03 22:27:39.043 2635 3598 D WifiService: getWifiEnabledState primaryClientMode is mDefaultClientModeManager
04-03 22:27:39.044 4414 5588 W Settings: Setting airplane_mode_on has moved from android.provider.Settings.System to android.provider.Settings.Global, returning read-only value.
04-03 22:27:39.046 4414 31602 W SystemServiceRegistry: No service published for: wifirtt
04-03 22:27:39.056 2635 3024 D WifiActiveModeWarden: there is no primary client manager, return the default one
04-03 22:27:39.056 2635 3024 D WifiActiveModeWarden: there is no primary client manager, return the default one
04-03 22:27:39.124 2635 2705 D OplusFeatureBrightnessBarController: mDarkLevel: 0
04-03 22:27:39.144 2635 2680 D OplusLocationStatistics: on recordTaskMark, key: gnssReportLocation
04-03 22:27:39.145 2635 2655 D LocationManagerService: incoming location from: gps
04-03 22:27:39.146 2635 2655 D LocationManagerService: incoming location from: gps
04-03 22:27:39.163 4414 5222 I FusedLocation: (REDACTED) location delivery to %s blocked - too close
04-03 22:27:39.164 4414 5222 I FusedLocation: (REDACTED) location delivery to %s blocked - too fast
04-03 22:27:39.165 4414 5222 I FusedLocation: (REDACTED) location delivery to %s blocked - too close
04-03 22:27:39.165 2635 3238 D LocationManagerService: incoming location from: fused
04-03 22:27:39.166 2635 3238 D LocationManagerService: incoming location from: fused
04-03 22:27:39.192 3836 8673 D PhoneInterfaceManager: [PhoneIntfMgr] QueryTelephonyChecker-getDataNetworkTypeForSubscriber: packageName = com.innowireless.xcal.mobile5, isGrant = true
04-03 22:27:39.251 5064 11036 D DebugReportServiceHidlClient: getReport 1.1...
04-03 22:27:39.251 1229 1229 E LocSvc_HIDL_DebugReportService: Invalid count: 0
04-03 22:27:39.251 1229 1229 E LocSvc_HIDL_DebugReportService: Invalid count: 0
04-03 22:27:39.251 1229 1229 E LocSvc_HIDL_DebugReportService: Invalid count: 0
04-03 22:27:39.252 1229 1229 E LocSvc_HIDL_DebugReportService: Invalid count: 0
04-03 22:27:39.252 5064 11036 D DebugReportServiceHidlClient: getReport 1.1 success: true
04-03 22:27:39.252 5064 11036 D DebugReportServiceHidlClient: getReport 1.0 success: true
04-03 22:27:39.312 3836 8673 D PhoneInterfaceManager: [PhoneIntfMgr] QueryTelephonyChecker-getDataNetworkTypeForSubscriber: packageName = com.innowireless.xcal.mobile5, isGrant = true
04-03 22:27:39.418 1219 4348 I vendor.qti.bluetooth@1.0-ibs_handler: ProcessIbsCmd: Received IBS_SLEEP_IND: 0xFE
04-03 22:27:39.424 1219 4348 I vendor.qti.bluetooth@1.0-ibs_handler: ProcessIbsCmd: Received IBS_WAKE_IND: 0xFD
04-03 22:27:39.425 1219 4348 I vendor.qti.bluetooth@1.0-ibs_handler: ProcessIbsCmd: Writing IBS_WAKE_ACK
04-03 22:27:39.431 2635 3024 D WifiActiveModeWarden: there is no primary client manager, return the default one
04-03 22:27:39.497 3836 8673 D PhoneInterfaceManager: [PhoneIntfMgr] QueryTelephonyChecker-getDataNetworkTypeForSubscriber: packageName = com.innowireless.xcal.mobile5, isGrant = true
04-03 22:27:39.504 1255 1255 I android.hardware.thermal@2.0-service.qti: Sensor Name:shell_frametemp: 39.9. prev severity:0. cur severity:0 New severity:0
04-03 22:27:39.505 1255 1255 I android.hardware.thermal@2.0-service.qti: Sensor Name:skintemp: 42.423. prev severity:0. cur severity:3 New severity:3
04-03 22:27:39.505 1255 1255 I android.hardware.thermal@2.0-service.qti: Sensor Name:shell_fronttemp: 39.9. prev severity:0. cur severity:0 New severity:0
04-03 22:27:39.506 1255 1255 I android.hardware.thermal@2.0-service.qti: Sensor Name:shell_backtemp: 39.9. prev severity:0. cur severity:0 New severity:0
04-03 22:27:39.515 1219 4348 I vendor.qti.bluetooth@1.0-ibs_handler: ProcessIbsCmd: Received IBS_SLEEP_IND: 0xFE
04-03 22:27:39.540 3836 8673 D PhoneInterfaceManager: [PhoneIntfMgr] QueryTelephonyChecker-getDataNetworkTypeForSubscriber: packageName = com.innowireless.xcal.mobile5, isGrant = true
04-03 22:27:39.559 1219 4348 I vendor.qti.bluetooth@1.0-ibs_handler: ProcessIbsCmd: Received IBS_WAKE_IND: 0xFD
04-03 22:27:39.559 1219 4348 I vendor.qti.bluetooth@1.0-ibs_handler: ProcessIbsCmd: Writing IBS_WAKE_ACK
04-03 22:27:39.586 3836 8673 D PhoneInterfaceManager: [PhoneIntfMgr] QueryTelephonyChecker-getDataNetworkTypeForSubscriber: packageName = com.innowireless.xcal.mobile5, isGrant = true
04-03 22:27:39.600 3836 8673 D PhoneInterfaceManager: [PhoneIntfMgr] QueryTelephonyChecker-getDataNetworkTypeForSubscriber: packageName = com.innowireless.xcal.mobile5, isGrant = true
04-03 22:27:39.652 3836 8673 D PhoneInterfaceManager: [PhoneIntfMgr] QueryTelephonyChecker-getDataNetworkTypeForSubscriber: packageName = com.innowireless.xcal.mobile5, isGrant = true
04-03 22:27:39.742 3836 8673 D PhoneInterfaceManager: [PhoneIntfMgr] QueryTelephonyChecker-getDataNetworkTypeForSubscriber: packageName = com.innowireless.xcal.mobile5, isGrant = true
04-03 22:27:39.756 1219 4348 I vendor.qti.bluetooth@1.0-ibs_handler: ProcessIbsCmd: Received IBS_SLEEP_IND: 0xFE
04-03 22:27:39.822 8162 10977 D GPS : NMEA is invaild.
04-03 22:27:39.822 8162 10977 D GPS : mNMEASatelites : 6
04-03 22:27:39.826 8162 10977 D GPS : Android GPS is invaild.
04-03 22:27:39.945 3836 8673 D PhoneInterfaceManager: [PhoneIntfMgr] QueryTelephonyChecker-getDataNetworkTypeForSubscriber: packageName = com.innowireless.xcal.mobile5, isGrant = true
04-03 22:27:39.948 2635 3024 D WifiActiveModeWarden: there is no primary client manager, return the default one
04-03 22:27:39.948 2635 3238 D WifiService: getWifiEnabledState primaryClientMode is mDefaultClientModeManager
04-03 22:27:40.072 1249 5007 E sensors-hal: ssc_conn_event_cb:659, event[0] msg_id=1025, ts=102783742625 sensor_type = pedometer_minute Wakeup
04-03 22:27:40.073 1249 5007 E sensors-hal: handle_sns_client_event:83, pedometer_minute: report_ts=88,counter=0.000000 move_status =[SNS_CMC_STATIONARY] time_gap = 0 run_counter=0.000000 walk_counter=0.000000
04-03 22:27:40.085 3941 3941 I StepApp_StepDataPreHandler: (main)onSensorChanged raw data: step=0.0 state=3.0 minuteDelta=0.0 timestamp=5347813357290 steprun=0.0 stepwalk=0.0 formatted data: step=0 state=3 timestamp=5347813357290 time=1743699460072 steprun=0 stepwalk=0
04-03 22:27:40.146 2635 3163 D OplusLocationStatistics: on recordTaskMark, key: gnssReportLocation
04-03 22:27:40.146 2635 2655 D LocationManagerService: incoming location from: gps
04-03 22:27:40.147 2635 2655 D LocationManagerService: incoming location from: gps
04-03 22:27:40.168 4414 5222 I FusedLocation: (REDACTED) location delivery to %s blocked - too close
04-03 22:27:40.169 4414 5222 I FusedLocation: (REDACTED) location delivery to %s blocked - too fast
04-03 22:27:40.169 4414 5222 I FusedLocation: (REDACTED) location delivery to %s blocked - too close
04-03 22:27:40.170 2635 3598 D LocationManagerService: incoming location from: fused
04-03 22:27:40.170 2635 3598 D LocationManagerService: incoming location from: fused
04-03 22:27:40.192 3836 8673 D PhoneInterfaceManager: [PhoneIntfMgr] QueryTelephonyChecker-getDataNetworkTypeForSubscriber: packageName = com.innowireless.xcal.mobile5, isGrant = true
04-03 22:27:40.251 5064 11036 D DebugReportServiceHidlClient: getReport 1.1...
04-03 22:27:40.251 1229 1229 E LocSvc_HIDL_DebugReportService: Invalid count: 0
04-03 22:27:40.251 1229 1229 E LocSvc_HIDL_DebugReportService: Invalid count: 0
04-03 22:27:40.251 1229 1229 E LocSvc_HIDL_DebugReportService: Invalid count: 0
04-03 22:27:40.251 1229 1229 E LocSvc_HIDL_DebugReportService: Invalid count: 0
04-03 22:27:40.252 5064 11036 D DebugReportServiceHidlClient: getReport 1.1 success: true
04-03 22:27:40.252 5064 11036 D DebugReportServiceHidlClient: getReport 1.0 success: true
04-03 22:27:40.268 1219 4357 I vendor.qti.bluetooth@1.0-ibs_handler: DeviceSleep: TX Awake, Sending SLEEP_IND
04-03 22:27:40.268 1219 4357 D vendor.qti.bluetooth@1.0-ibs_handler: SerialClockVote: vote for UART CLK OFF
04-03 22:27:40.294 1219 4348 I vendor.qti.bluetooth@1.0-ibs_handler: ProcessIbsCmd: Received IBS_WAKE_IND: 0xFD
04-03 22:27:40.294 1219 4348 D vendor.qti.bluetooth@1.0-ibs_handler: SerialClockVote: vote for UART CLK ON
04-03 22:27:40.294 1219 4348 I vendor.qti.bluetooth@1.0-ibs_handler: ProcessIbsCmd: Writing IBS_WAKE_ACK
04-03 22:27:40.311 3836 8673 D PhoneInterfaceManager: [PhoneIntfMgr] QueryTelephonyChecker-getDataNetworkTypeForSubscriber: packageName = com.innowireless.xcal.mobile5, isGrant = true
04-03 22:27:40.433 2635 3024 D WifiActiveModeWarden: there is no primary client manager, return the default one
04-03 22:27:40.437 1219 4348 I vendor.qti.bluetooth@1.0-ibs_handler: ProcessIbsCmd: Received IBS_SLEEP_IND: 0xFE
04-03 22:27:40.437 1219 4348 D vendor.qti.bluetooth@1.0-ibs_handler: SerialClockVote: vote for UART CLK OFF
04-03 22:27:40.498 3836 8673 D PhoneInterfaceManager: [PhoneIntfMgr] QueryTelephonyChecker-getDataNetworkTypeForSubscriber: packageName = com.innowireless.xcal.mobile5, isGrant = true
04-03 22:27:40.509 1255 1255 I android.hardware.thermal@2.0-service.qti: Sensor Name:shell_frametemp: 39.9. prev severity:0. cur severity:0 New severity:0
04-03 22:27:40.510 1255 1255 I android.hardware.thermal@2.0-service.qti: Sensor Name:skintemp: 42.423. prev severity:0. cur severity:3 New severity:3
04-03 22:27:40.511 1255 1255 I android.hardware.thermal@2.0-service.qti: Sensor Name:shell_fronttemp: 39.9. prev severity:0. cur severity:0 New severity:0
04-03 22:27:40.511 1255 1255 I android.hardware.thermal@2.0-service.qti: Sensor Name:shell_backtemp: 39.9. prev severity:0. cur severity:0 New severity:0
04-03 22:27:40.523 2635 2705 D OplusFeatureBrightnessBarController: mDarkLevel: 0
04-03 22:27:40.543 3836 8673 D PhoneInterfaceManager: [PhoneIntfMgr] QueryTelephonyChecker-getDataNetworkTypeForSubscriber: packageName = com.innowireless.xcal.mobile5, isGrant = true
04-03 22:27:40.587 1219 4143 D vendor.qti.bluetooth@1.0-wake_lock: Release wakelock is released
04-03 22:27:40.599 3836 20675 D PhoneInterfaceManager: [PhoneIntfMgr] QueryTelephonyChecker-getDataNetworkTypeForSubscriber: packageName = com.innowireless.xcal.mobile5, isGrant = true
04-03 22:27:40.607 3836 8673 D PhoneInterfaceManager: [PhoneIntfMgr] QueryTelephonyChecker-getDataNetworkTypeForSubscriber: packageName = com.innowireless.xcal.mobile5, isGrant = true
04-03 22:27:40.676 3836 20675 D PhoneInterfaceManager: [PhoneIntfMgr] QueryTelephonyChecker-getDataNetworkTypeForSubscriber: packageName = com.innowireless.xcal.mobile5, isGrant = true
04-03 22:27:40.745 3836 20675 D PhoneInterfaceManager: [PhoneIntfMgr] QueryTelephonyChecker-getDataNetworkTypeForSubscriber: packageName = com.innowireless.xcal.mobile5, isGrant = true
04-03 22:27:40.822 8162 10977 D GPS : NMEA is invaild.
04-03 22:27:40.822 8162 10977 D GPS : mNMEASatelites : 5
04-03 22:27:40.827 8162 10977 D GPS : Android GPS is invaild.
04-03 22:27:40.893 1219 4348 I vendor.qti.bluetooth@1.0-ibs_handler: ProcessIbsCmd: Received IBS_WAKE_IND: 0xFD
04-03 22:27:40.893 1219 4348 D vendor.qti.bluetooth@1.0-ibs_handler: SerialClockVote: vote for UART CLK ON
04-03 22:27:40.894 1219 4348 D vendor.qti.bluetooth@1.0-wake_lock: Acquire wakelock is acquired
04-03 22:27:40.894 1219 4348 I vendor.qti.bluetooth@1.0-ibs_handler: ProcessIbsCmd: Writing IBS_WAKE_ACK
04-03 22:27:40.989 1219 4348 I vendor.qti.bluetooth@1.0-ibs_handler: ProcessIbsCmd: Received IBS_SLEEP_IND: 0xFE
04-03 22:27:40.989 1219 4348 D vendor.qti.bluetooth@1.0-ibs_handler: SerialClockVote: vote for UART CLK OFF
04-03 22:27:41.015 3836 20675 D PhoneInterfaceManager: [PhoneIntfMgr] QueryTelephonyChecker-getDataNetworkTypeForSubscriber: packageName = com.innowireless.xcal.mobile5, isGrant = true
04-03 22:27:41.017 2635 3024 D WifiActiveModeWarden: there is no primary client manager, return the default one
04-03 22:27:41.017 2635 3967 D WifiService: getWifiEnabledState primaryClientMode is mDefaultClientModeManager
04-03 22:27:41.034 1219 4348 I vendor.qti.bluetooth@1.0-ibs_handler: ProcessIbsCmd: Received IBS_WAKE_IND: 0xFD
04-03 22:27:41.034 1219 4348 D vendor.qti.bluetooth@1.0-ibs_handler: SerialClockVote: vote for UART CLK ON
04-03 22:27:41.034 1219 4348 I vendor.qti.bluetooth@1.0-ibs_handler: ProcessIbsCmd: Writing IBS_WAKE_ACK
04-03 22:27:41.122 1219 4348 I vendor.qti.bluetooth@1.0-ibs_handler: ProcessIbsCmd: Received IBS_SLEEP_IND: 0xFE
04-03 22:27:41.122 1219 4348 D vendor.qti.bluetooth@1.0-ibs_handler: SerialClockVote: vote for UART CLK OFF
04-03 22:27:41.135 2635 9199 D OplusLocationStatistics: on recordTaskMark, key: gnssReportLocation
04-03 22:27:41.136 2635 2655 D LocationManagerService: incoming location from: gps
04-03 22:27:41.138 2635 2655 D LocationManagerService: incoming location from: gps
04-03 22:27:41.151 4414 5222 I FusedLocation: (REDACTED) location delivery to %s blocked - too close
04-03 22:27:41.152 4414 5222 I FusedLocation: (REDACTED) location delivery to %s blocked - too fast
04-03 22:27:41.152 4414 5222 I FusedLocation: (REDACTED) location delivery to %s blocked - too close
04-03 22:27:41.153 2635 3598 D LocationManagerService: incoming location from: fused
04-03 22:27:41.153 2635 3598 D LocationManagerService: incoming location from: fused
04-03 22:27:41.193 3836 20675 D PhoneInterfaceManager: [PhoneIntfMgr] QueryTelephonyChecker-getDataNetworkTypeForSubscriber: packageName = com.innowireless.xcal.mobile5, isGrant = true
04-03 22:27:41.252 5064 11036 D DebugReportServiceHidlClient: getReport 1.1...
04-03 22:27:41.253 1229 1229 E LocSvc_HIDL_DebugReportService: Invalid count: 0
04-03 22:27:41.253 1229 1229 E LocSvc_HIDL_DebugReportService: Invalid count: 0
04-03 22:27:41.253 1229 1229 E LocSvc_HIDL_DebugReportService: Invalid count: 0
04-03 22:27:41.253 1229 1229 E LocSvc_HIDL_DebugReportService: Invalid count: 0
04-03 22:27:41.254 5064 11036 D DebugReportServiceHidlClient: getReport 1.1 success: true
04-03 22:27:41.254 5064 11036 D DebugReportServiceHidlClient: getReport 1.0 success: true
04-03 22:27:41.273 1219 4143 D vendor.qti.bluetooth@1.0-wake_lock: Release wakelock is released
04-03 22:27:41.310 3836 20675 D PhoneInterfaceManager: [PhoneIntfMgr] QueryTelephonyChecker-getDataNetworkTypeForSubscriber: packageName = com.innowireless.xcal.mobile5, isGrant = true
04-03 22:27:41.325 2635 2705 D OplusFeatureBrightnessBarController: mDarkLevel: 0
04-03 22:27:41.437 2635 3024 D WifiActiveModeWarden: there is no primary client manager, return the default one
04-03 22:27:41.498 3836 20675 D PhoneInterfaceManager: [PhoneIntfMgr] QueryTelephonyChecker-getDataNetworkTypeForSubscriber: packageName = com.innowireless.xcal.mobile5, isGrant = true
04-03 22:27:41.511 1255 1255 I android.hardware.thermal@2.0-service.qti: Sensor Name:shell_frametemp: 39.9. prev severity:0. cur severity:0 New severity:0
04-03 22:27:41.513 1255 1255 I android.hardware.thermal@2.0-service.qti: Sensor Name:skintemp: 42.521. prev severity:0. cur severity:3 New severity:3
04-03 22:27:41.513 1255 1255 I android.hardware.thermal@2.0-service.qti: Sensor Name:shell_fronttemp: 39.9. prev severity:0. cur severity:0 New severity:0
04-03 22:27:41.513 1255 1255 I android.hardware.thermal@2.0-service.qti: Sensor Name:shell_backtemp: 39.9. prev severity:0. cur severity:0 New severity:0
04-03 22:27:41.539 3836 20675 D PhoneInterfaceManager: [PhoneIntfMgr] QueryTelephonyChecker-getDataNetworkTypeForSubscriber: packageName = com.innowireless.xcal.mobile5, isGrant = true
04-03 22:27:41.568 1219 4348 I vendor.qti.bluetooth@1.0-ibs_handler: ProcessIbsCmd: Received IBS_WAKE_IND: 0xFD
04-03 22:27:41.569 1219 4348 D vendor.qti.bluetooth@1.0-ibs_handler: SerialClockVote: vote for UART CLK ON
04-03 22:27:41.569 1219 4348 D vendor.qti.bluetooth@1.0-wake_lock: Acquire wakelock is acquired
04-03 22:27:41.569 1219 4348 I vendor.qti.bluetooth@1.0-ibs_handler: ProcessIbsCmd: Writing IBS_WAKE_ACK
04-03 22:27:41.571 3247 4531 D OplusBluetoothSarManager: onDataActivity() direction: 3
04-03 22:27:41.571 3247 4531 D OplusBluetoothSarManager: getBaseSarMode() isBluetoothTx: true, isCellularTx: true, is2_4GWifiTx: false, is5GWifiTx: false, isReceiverOn: false
04-03 22:27:41.571 3247 4531 D OplusBluetoothSarManager: getSarMode() baseSarMode: BT_WWAN_BODY_SAR_MODE(9)
04-03 22:27:41.571 3247 4531 D OplusBluetoothSarManager: getSarMode() newSarMode: BT_WWAN_BODY_SAR_MODE(25)
04-03 22:27:41.571 3247 4531 D OplusBluetoothSarManager: currentSarMode: BT_BODY_SAR_MODE(17), newSarMode: BT_WWAN_BODY_SAR_MODE(25)
04-03 22:27:41.571 3247 4531 D oplus_bt_power: set_max_power_impl mode: 25
04-03 22:27:41.571 3247 4531 I oplus_bt_power: set_max_power_impl start parsing config file
04-03 22:27:41.572 3247 4531 I oplus_bt_power: set_max_power_impl continue parsing config file
04-03 22:27:41.572 3247 4531 D oplus_bt_power: set_max_power_impl, sar_mode=25, br_sar=0x2a, edr_sar=0x20, ble_sar=0x28
04-03 22:27:41.572 3270 3754 D NetworkController.MobileSignalController(7): onMobileStatusChanged= updateTelephony=false mobileStatus=[activityIn=true,activityOut=true,dataSim=true,carrierNetworkChangeMode=false,dataState=2,serviceState=mVoiceRegState=0(IN_SERVICE), mDataRegState=0(IN_SERVICE),signalStrength=4,telephonyDisplayInfo=TelephonyDisplayInfo {network=LTE, override=NR_NSA}]
04-03 22:27:41.572 1219 1219 I vendor.qti.bluetooth@1.0-ibs_handler: DeviceWakeUp: Writing IBS_WAKE_IND
04-03 22:27:41.574 1219 4348 I vendor.qti.bluetooth@1.0-ibs_handler: ProcessIbsCmd: Received IBS_WAKE_ACK: 0xFC
04-03 22:27:41.574 1219 4348 I vendor.qti.bluetooth@1.0-ibs_handler: ProcessIbsCmd: Signal wack_cond_
04-03 22:27:41.574 1219 1219 D vendor.qti.bluetooth@1.0-ibs_handler: DeviceWakeUp: Unblocked from waiting for FC, pthread_cond_timedwait ret = 0
04-03 22:27:41.579 3247 4353 D oplus_bt_power: power_cntrl_callback: param->opcode=fcda subopcode=e status=0
04-03 22:27:41.581 3836 20675 D PhoneInterfaceManager: [PhoneIntfMgr] QueryTelephonyChecker-getDataNetworkTypeForSubscriber: packageName = com.innowireless.xcal.mobile5, isGrant = true
04-03 22:27:41.586 2635 5020 D UsageStatsService: User[0] type=0 b=1743699117425 e=1743699461585 cb=1743656748833 ce=1743699424444 disk=0 all=1
04-03 22:27:41.600 3836 8673 D PhoneInterfaceManager: [PhoneIntfMgr] QueryTelephonyChecker-getDataNetworkTypeForSubscriber: packageName = com.innowireless.xcal.mobile5, isGrant = true
04-03 22:27:41.604 3270 3754 I BaseMobileSignalControllerExt: showDataIcon:true
04-03 22:27:41.651 3836 8673 D PhoneInterfaceManager: [PhoneIntfMgr] QueryTelephonyChecker-getDataNetworkTypeForSubscriber: packageName = com.innowireless.xcal.mobile5, isGrant = true
04-03 22:27:41.744 3836 7492 D PhoneInterfaceManager: [PhoneIntfMgr] QueryTelephonyChecker-getDataNetworkTypeForSubscriber: packageName = com.innowireless.xcal.mobile5, isGrant = true
04-03 22:27:41.748 3836 8673 D PhoneInterfaceManager: [PhoneIntfMgr] QueryTelephonyChecker-getDataNetworkTypeForSubscriber: packageName = com.innowireless.xcal.mobile5, isGrant = true
04-03 22:27:41.751 2635 3024 D WifiActiveModeWarden: there is no primary client manager, return the default one
04-03 22:27:41.751 2635 7201 D WifiService: getWifiEnabledState primaryClientMode is mDefaultClientModeManager
04-03 22:27:41.820 8162 10977 D GPS : NMEA is invaild.
04-03 22:27:41.820 8162 10977 D GPS : mNMEASatelites : 5
04-03 22:27:41.821 8162 10977 D GPS : Android GPS is invaild.
04-03 22:27:41.822 1219 4348 I vendor.qti.bluetooth@1.0-ibs_handler: ProcessIbsCmd: Received IBS_SLEEP_IND: 0xFE
04-03 22:27:41.875 1219 4348 I vendor.qti.bluetooth@1.0-ibs_handler: ProcessIbsCmd: Received IBS_WAKE_IND: 0xFD
04-03 22:27:41.875 1219 4348 I vendor.qti.bluetooth@1.0-ibs_handler: ProcessIbsCmd: Writing IBS_WAKE_ACK
04-03 22:27:41.959 1219 4348 I vendor.qti.bluetooth@1.0-ibs_handler: ProcessIbsCmd: Received IBS_SLEEP_IND: 0xFE
04-03 22:27:41.997 3666 4099 D QtiRadiohidlIndication: onSignalStrengthChange: slotId = 0
04-03 22:27:41.997 3666 4099 D QtiRadioProxy: onSignalStrength slotId = 0 signalStrength = SignalStrength: Rsrp: -32768 Snr: -32768
04-03 22:27:41.997 3666 4101 D QtiRadioProxyHandler: : handleMessage msg.what = 11
04-03 22:27:41.997 3666 4101 D QtiRadioProxyHandler: : EVENT_ON_SIGNAL_STRENGTH
04-03 22:27:41.998 3666 4101 D QtiRadioProxy: onSignalStrength: Responding back for transaction = null
04-03 22:27:41.998 3881 9422 D NrNetworkService: onSignalStrength: slotId=0 token=Token: -1 status=Status: 1 signalStrength=SignalStrength: Rsrp: -32768 Snr: -32768
04-03 22:27:41.999 3666 4101 D QtiRadioProxy: onSignalStrength: Responding back for transaction = null
04-03 22:27:42.000 3666 4101 D QtiRadioProxy: onSignalStrength: Responding back for transaction = null
04-03 22:27:42.001 3836 7492 D ExtPhoneCallbackBase: UNIMPLEMENTED: onSignalStrength: slotId = 0 token = Token: -1 statusStatus: 1 signalStrength = SignalStrength: Rsrp: -32768 Snr: -32768
04-03 22:27:42.001 3666 4101 D QtiRadioProxy: onSignalStrength: Responding back for transaction = null
04-03 22:27:42.001 3836 7492 D ExtPhoneCallbackBase: UNIMPLEMENTED: onSignalStrength: slotId = 0 token = Token: -1 statusStatus: 1 signalStrength = SignalStrength: Rsrp: -32768 Snr: -32768
04-03 22:27:42.004 3666 4101 D QtiRadioProxy: onSignalStrength: Responding back for transaction = null
04-03 22:27:42.005 3836 7492 D ExtPhoneCallbackBase: UNIMPLEMENTED: onSignalStrength: slotId = 0 token = Token: -1 statusStatus: 1 signalStrength = SignalStrength: Rsrp: -32768 Snr: -32768
04-03 22:27:42.005 3666 4101 D QtiRadioProxy: onSignalStrength: Responding back for transaction = null
04-03 22:27:42.006 3836 7492 D ExtPhoneCallbackBase: UNIMPLEMENTED: onSignalStrength: slotId = 0 token = Token: -1 statusStatus: 1 signalStrength = SignalStrength: Rsrp: -32768 Snr: -32768
04-03 22:27:42.021 3270 3754 D NetworkController.MobileSignalController(7): onMobileStatusChanged= updateTelephony=true mobileStatus=[activityIn=true,activityOut=true,dataSim=true,carrierNetworkChangeMode=false,dataState=2,serviceState=mVoiceRegState=0(IN_SERVICE), mDataRegState=0(IN_SERVICE),signalStrength=4,telephonyDisplayInfo=TelephonyDisplayInfo {network=LTE, override=NR_NSA}]
04-03 22:27:42.025 1219 4348 I vendor.qti.bluetooth@1.0-ibs_handler: ProcessIbsCmd: Received IBS_WAKE_IND: 0xFD
04-03 22:27:42.025 1219 4348 I vendor.qti.bluetooth@1.0-ibs_handler: ProcessIbsCmd: Writing IBS_WAKE_ACK
04-03 22:27:42.035 3247 4353 W bt_l2cap: L2CAP - Calling CongestionStatus_Cb (true),CID:0x0047,XmitQ:21,Quota:20
04-03 22:27:42.035 2635 3024 D WifiActiveModeWarden: there is no primary client manager, return the default one
04-03 22:27:42.063 3836 7492 D PhoneInterfaceManager: [PhoneIntfMgr] QueryTelephonyChecker-getDataNetworkTypeForSubscriber: packageName = com.innowireless.xcal.mobile5, isGrant = true
04-03 22:27:42.065 2635 3024 D WifiActiveModeWarden: there is no primary client manager, return the default one
04-03 22:27:42.066 2635 3238 D WifiService: getWifiEnabledState primaryClientMode is mDefaultClientModeManager
04-03 22:27:42.107 1219 4348 I vendor.qti.bluetooth@1.0-ibs_handler: ProcessIbsCmd: Received IBS_SLEEP_IND: 0xFE
04-03 22:27:42.142 2635 9199 D OplusLocationStatistics: on recordTaskMark, key: gnssReportLocation
04-03 22:27:42.142 2635 2655 D LocationManagerService: incoming location from: gps
04-03 22:27:42.144 2635 2655 D LocationManagerService: incoming location from: gps
04-03 22:27:42.148 1219 4348 I vendor.qti.bluetooth@1.0-ibs_handler: ProcessIbsCmd: Received IBS_WAKE_IND: 0xFD
04-03 22:27:42.148 1219 4348 I vendor.qti.bluetooth@1.0-ibs_handler: ProcessIbsCmd: Writing IBS_WAKE_ACK
04-03 22:27:42.157 4414 5222 I FusedLocation: (REDACTED) location delivery to %s blocked - too close
04-03 22:27:42.159 4414 5222 I FusedLocation: (REDACTED) location delivery to %s blocked - too close
04-03 22:27:42.160 2635 3598 D LocationManagerService: incoming location from: fused
04-03 22:27:42.160 2635 3598 D LocationManagerService: incoming location from: fused
04-03 22:27:42.168 4414 31740 I SemanticLocation: [InfMgr] No location reports after filtering [CONTEXT service_id=173 ]
04-03 22:27:42.192 3836 8673 D PhoneInterfaceManager: [PhoneIntfMgr] QueryTelephonyChecker-getDataNetworkTypeForSubscriber: packageName = com.innowireless.xcal.mobile5, isGrant = true
04-03 22:27:42.254 5064 11036 D DebugReportServiceHidlClient: getReport 1.1...
04-03 22:27:42.254 1229 1229 E LocSvc_HIDL_DebugReportService: Invalid count: 0
04-03 22:27:42.255 1229 1229 E LocSvc_HIDL_DebugReportService: Invalid count: 0
04-03 22:27:42.255 1229 1229 E LocSvc_HIDL_DebugReportService: Invalid count: 0
04-03 22:27:42.255 1229 1229 E LocSvc_HIDL_DebugReportService: Invalid count: 0
04-03 22:27:42.255 5064 11036 D DebugReportServiceHidlClient: getReport 1.1 success: true
04-03 22:27:42.255 5064 11036 D DebugReportServiceHidlClient: getReport 1.0 success: true
04-03 22:27:42.310 3836 8673 D PhoneInterfaceManager: [PhoneIntfMgr] QueryTelephonyChecker-getDataNetworkTypeForSubscriber: packageName = com.innowireless.xcal.mobile5, isGrant = true
04-03 22:27:42.348 4414 31045 I NearbyMediums: Received advertisement header BleAdvertisementHeader { version=2, numSlots=2, serviceIdBloomFilter=[ 0x17 0x23 0x35 0x5a 0x32 0x34 0x11 0x32 0x23 0x2e ], advertisementHash=[ 0x87 0x63 0xc5 0xe8 ], psm=27614, supportExtendedAdvertisement=false}. Will retry reading its GATT advertisement.
04-03 22:27:42.348 4414 31045 I NearbyMediums: Not allow Gatt actions during scanning.
04-03 22:27:42.420 1219 4348 I vendor.qti.bluetooth@1.0-ibs_handler: ProcessIbsCmd: Received IBS_SLEEP_IND: 0xFE
04-03 22:27:42.440 2635 3024 D WifiActiveModeWarden: there is no primary client manager, return the default one
04-03 22:27:42.504 3836 8673 D PhoneInterfaceManager: [PhoneIntfMgr] QueryTelephonyChecker-getDataNetworkTypeForSubscriber: packageName = com.innowireless.xcal.mobile5, isGrant = true
04-03 22:27:42.515 1255 1255 I android.hardware.thermal@2.0-service.qti: Sensor Name:shell_frametemp: 39.9. prev severity:0. cur severity:0 New severity:0
04-03 22:27:42.516 1255 1255 I android.hardware.thermal@2.0-service.qti: Sensor Name:skintemp: 42.585. prev severity:0. cur severity:3 New severity:3
04-03 22:27:42.517 1255 1255 I android.hardware.thermal@2.0-service.qti: Sensor Name:shell_fronttemp: 39.9. prev severity:0. cur severity:0 New severity:0
04-03 22:27:42.517 1255 1255 I android.hardware.thermal@2.0-service.qti: Sensor Name:shell_backtemp: 39.9. prev severity:0. cur severity:0 New severity:0
04-03 22:27:42.538 3836 7492 D PhoneInterfaceManager: [PhoneIntfMgr] QueryTelephonyChecker-getDataNetworkTypeForSubscriber: packageName = com.innowireless.xcal.mobile5, isGrant = true
04-03 22:27:42.578 3247 4531 D OplusBluetoothSarManager: onDataActivity() direction: 0
04-03 22:27:42.578 3247 4531 D OplusBluetoothSarManager: getBaseSarMode() isBluetoothTx: true, isCellularTx: false, is2_4GWifiTx: false, is5GWifiTx: false, isReceiverOn: false
04-03 22:27:42.578 3247 4531 D OplusBluetoothSarManager: getSarMode() baseSarMode: BT_BODY_SAR_MODE(1)
04-03 22:27:42.578 3247 4531 D OplusBluetoothSarManager: getSarMode() newSarMode: BT_BODY_SAR_MODE(17)
04-03 22:27:42.578 3247 4531 D OplusBluetoothSarManager: currentSarMode: BT_WWAN_BODY_SAR_MODE(25), newSarMode: BT_BODY_SAR_MODE(17)
04-03 22:27:42.578 3247 4531 D oplus_bt_power: set_max_power_impl mode: 17
04-03 22:27:42.579 3247 4531 I oplus_bt_power: set_max_power_impl start parsing config file
04-03 22:27:42.579 3247 4531 I oplus_bt_power: set_max_power_impl continue parsing config file
04-03 22:27:42.579 3247 4531 D oplus_bt_power: set_max_power_impl, sar_mode=17, br_sar=0x2a, edr_sar=0x20, ble_sar=0x28
04-03 22:27:42.580 1219 4348 I vendor.qti.bluetooth@1.0-ibs_handler: ProcessIbsCmd: Received IBS_WAKE_IND: 0xFD
04-03 22:27:42.580 1219 4348 I vendor.qti.bluetooth@1.0-ibs_handler: ProcessIbsCmd: Writing IBS_WAKE_ACK
04-03 22:27:42.580 3270 3754 D NetworkController.MobileSignalController(7): onMobileStatusChanged= updateTelephony=false mobileStatus=[activityIn=false,activityOut=false,dataSim=true,carrierNetworkChangeMode=false,dataState=2,serviceState=mVoiceRegState=0(IN_SERVICE), mDataRegState=0(IN_SERVICE),signalStrength=4,telephonyDisplayInfo=TelephonyDisplayInfo {network=LTE, override=NR_NSA}]
04-03 22:27:42.583 3247 4353 D oplus_bt_power: power_cntrl_callback: param->opcode=fcda subopcode=e status=0
04-03 22:27:42.596 3836 4660 D PhoneInterfaceManager: [PhoneIntfMgr] QueryTelephonyChecker-getDataNetworkTypeForSubscriber: packageName = com.innowireless.xcal.mobile5, isGrant = true
04-03 22:27:42.596 3270 3754 I BaseMobileSignalControllerExt: showDataIcon:true
04-03 22:27:42.599 3836 8673 D PhoneInterfaceManager: [PhoneIntfMgr] QueryTelephonyChecker-getDataNetworkTypeForSubscriber: packageName = com.innowireless.xcal.mobile5, isGrant = true
04-03 22:27:42.602 6355 19036 I GH.ConnLoggerV2: Stopped session f8eb506f-98e4-4661-84db-43c695426514
04-03 22:27:42.602 6355 19036 I GH.ConnLoggerV2: Session f8eb506f-98e4-4661-84db-43c695426514, event 2, detail OptionalInt.empty, SESSION_STOPPED, at 5350344
04-03 22:27:42.646 3836 8673 D PhoneInterfaceManager: [PhoneIntfMgr] QueryTelephonyChecker-getDataNetworkTypeForSubscriber: packageName = com.innowireless.xcal.mobile5, isGrant = true
04-03 22:27:42.691 2635 3238 D WifiNl80211Manager: Scan result ready event
04-03 22:27:42.691 2635 3238 D WifiNative: Scan result ready event
04-03 22:27:42.692 2635 3024 D WifiActiveModeWarden: there is no primary client manager, return the default one
04-03 22:27:42.692 2635 3024 D WifiService: getWifiEnabledState primaryClientMode is mDefaultClientModeManager
04-03 22:27:42.716 2635 3024 D WifiActiveModeWarden: there is no primary client manager, return the default one
04-03 22:27:42.717 2635 3024 D WifiActiveModeWarden: there is no primary client manager, return the default one
04-03 22:27:42.717 2635 3024 D OplusScanResultsProxy: fewApNum:5
04-03 22:27:42.720 2635 3059 D WificondScannerImpl: Filtering out scan result AN***5G, a8:**:**:**:13:3a time diff 3552631ms
04-03 22:27:42.721 2635 3059 D WificondScannerImpl: Filtering out scan result Am***5g, 9a:**:**:**:61:2b time diff 4101167ms
04-03 22:27:42.721 2635 3059 D WificondScannerImpl: Filtering out scan result Go***dy, 90:**:**:**:a5:59 time diff 19164456ms
04-03 22:27:42.721 2635 3059 D WificondScannerImpl: Filtering out scan result Ji***_2, 72:**:**:**:a5:5a time diff 9124834ms
04-03 22:27:42.721 2635 3059 D WificondScannerImpl: Filtering out scan result EMPTY, 7a:**:**:**:bc:ae time diff 4203810ms
04-03 22:27:42.721 2635 3059 D WificondScannerImpl: Filtering out scan result OL***YL, 00:**:**:**:06:ec time diff 19917202ms
04-03 22:27:42.721 2635 3059 D WificondScannerImpl: Filtering out scan result Ad***ce, 78:**:**:**:de:49 time diff 24873952ms
04-03 22:27:42.722 2635 3059 D WificondScannerImpl: Filtering out scan result RI***I , b8:**:**:**:a5:66 time diff 24834289ms
04-03 22:27:42.722 2635 3059 D WificondScannerImpl: Filtering out scan result LA***11, 3a:**:**:**:18:a9 time diff 9113629ms
04-03 22:27:42.723 2635 3059 D WificondScannerImpl: Filtering out scan result Ji***tI, 7a:**:**:**:70:c8 time diff 4139259ms
04-03 22:27:42.723 2635 2705 D OplusFeatureBrightnessBarController: mDarkLevel: 0
04-03 22:27:42.723 2635 3059 D WificondScannerImpl: Filtering out scan result an***5G, a8:**:**:**:57:75 time diff 8446201ms
04-03 22:27:42.724 2635 3059 D WificondScannerImpl: Filtering out scan result su***er, 84:**:**:**:ef:55 time diff 4923011ms
04-03 22:27:42.724 2635 3059 D WificondScannerImpl: Filtering out 12 scan results.
04-03 22:27:42.732 2635 2635 D OplusRouterBoostVendorCommImpl: isApGameDupPktSupport: mVendorCommEnabled = true, mApInfo.mApGameDupPkt = 0
04-03 22:27:42.732 2635 2635 D WN_S : receive WifiManager.SCAN_RESULTS_AVAILABLE_ACTION
04-03 22:27:42.732 2635 3147 D WifiManager: getScanResults check resulttrue
04-03 22:27:42.733 3270 3754 D WifiManager: getScanResults check resulttrue
04-03 22:27:42.733 2635 3024 D WakeupController: Attempted to handleScanResults while not enabled
04-03 22:27:42.735 4414 31409 D WifiManager: getScanResults check resulttrue
04-03 22:27:42.739 4414 31602 I FrewleTileCacheManagerV: (REDACTED) Fetched %d AP models from cache
04-03 22:27:42.741 3836 8673 D PhoneInterfaceManager: [PhoneIntfMgr] QueryTelephonyChecker-getDataNetworkTypeForSubscriber: packageName = com.innowireless.xcal.mobile5, isGrant = true
04-03 22:27:42.778 2635 3238 D LocationManagerService: incoming location from: network
04-03 22:27:42.781 4414 5222 I fbsw : Received empty WiFi-RTT scan. [CONTEXT service_id=6 ]
04-03 22:27:42.781 2635 3238 D LocationManagerService: incoming location from: network
04-03 22:27:42.790 1219 4348 I vendor.qti.bluetooth@1.0-ibs_handler: ProcessIbsCmd: Received IBS_SLEEP_IND: 0xFE
04-03 22:27:42.828 8162 10977 D GPS : NMEA is invaild.
04-03 22:27:42.828 1219 4348 I vendor.qti.bluetooth@1.0-ibs_handler: ProcessIbsCmd: Received IBS_WAKE_IND: 0xFD
04-03 22:27:42.828 1219 4348 I vendor.qti.bluetooth@1.0-ibs_handler: ProcessIbsCmd: Writing IBS_WAKE_ACK
04-03 22:27:42.828 8162 10977 D GPS : mNMEASatelites : 5
04-03 22:27:42.833 8162 10977 D GPS : Android GPS is invaild.
04-03 22:27:42.851 3247 4353 W bt_l2cap: L2CAP - Calling CongestionStatus_Cb (true),CID:0x0047,XmitQ:21,Quota:20
04-03 22:27:42.919 4414 31611 I NearbyMediums: Received advertisement header BleAdvertisementHeader { version=2, numSlots=2, serviceIdBloomFilter=[ 0x17 0x23 0x35 0x5a 0x32 0x34 0x11 0x32 0x23 0x2e ], advertisementHash=[ 0x87 0x63 0xc5 0xe8 ], psm=27614, supportExtendedAdvertisement=false}. Will retry reading its GATT advertisement.
04-03 22:27:42.920 4414 31611 I NearbyMediums: Not allow Gatt actions during scanning.
04-03 22:27:43.147 2635 2721 D OplusLocationStatistics: on recordTaskMark, key: gnssReportLocation
04-03 22:27:43.148 2635 2655 D LocationManagerService: incoming location from: gps
04-03 22:27:43.150 2635 2655 D LocationManagerService: incoming location from: gps
04-03 22:27:43.155 1219 4348 I vendor.qti.bluetooth@1.0-ibs_handler: ProcessIbsCmd: Received IBS_SLEEP_IND: 0xFE
04-03 22:27:43.169 4414 5222 I FusedLocation: (REDACTED) location delivery to %s blocked - too close
04-03 22:27:43.171 4414 5222 I FusedLocation: (REDACTED) location delivery to %s blocked - too fast
04-03 22:27:43.172 4414 5222 I FusedLocation: (REDACTED) location delivery to %s blocked - too close
04-03 22:27:43.173 2635 3238 D LocationManagerService: incoming location from: fused
04-03 22:27:43.173 2635 3238 D LocationManagerService: incoming location from: fused
04-03 22:27:43.173 3836 8673 D PhoneInterfaceManager: [PhoneIntfMgr] QueryTelephonyChecker-getDataNetworkTypeForSubscriber: packageName = com.innowireless.xcal.mobile5, isGrant = true
04-03 22:27:43.175 2635 3024 D WifiActiveModeWarden: there is no primary client manager, return the default one
04-03 22:27:43.175 2635 3598 D WifiService: getWifiEnabledState primaryClientMode is mDefaultClientModeManager
04-03 22:27:43.192 3836 8673 D PhoneInterfaceManager: [PhoneIntfMgr] QueryTelephonyChecker-getDataNetworkTypeForSubscriber: packageName = com.innowireless.xcal.mobile5, isGrant = true
04-03 22:27:43.246 4414 31045 I NearbyMediums: Found Fast Ble Advertisements :
04-03 22:27:43.246 4414 31045 I NearbyMediums: BleAdvertisement { version=2, socketVersion=2, isFast=true, serviceIdHash=null, data=[ 0x23 0x35 0x5a 0x32 0x34 0x11 0x32 0x23 0x2e 0x87 0x63 0xc5 0xe8 0x6b 0xde 0xd8 0xb4 0xf9 0xcc 0xb0 0x7b 0xe1 0xb9 ], deviceToken=[ 0xff 0x0b ], rxAdvertisement=null } : 4 times.
04-03 22:27:43.246 4414 31045 I NearbyMediums: BleAdvertisement { version=2, socketVersion=2, isFast=true, serviceIdHash=null, data=[ 0x23 0x4a 0x32 0x52 0x54 0x11 0x34 0x28 0x68 0x0d 0xd3 0x3e 0x66 0xe1 0xda 0xb2 0x19 0xb7 0xc3 0xfb 0x59 0xab 0x39 ], deviceToken=[ 0x34 0xb6 ], rxAdvertisement=null } : 6 times.
04-03 22:27:43.246 4414 31045 I NearbyMediums: Total 10 fast advertisements from 2 unique advertisers.
04-03 22:27:43.247 4414 31045 I NearbyMediums: Found BLE GATT Advertisements :
04-03 22:27:43.247 4414 31045 I NearbyMediums: BleAdvertisement { version=2, socketVersion=2, isFast=false, serviceIdHash=[ 0xfc 0x9f 0x5e ], data=[ 0x23 0xfc 0x9f 0x5e 0x45 0x37 0x37 0x50 0x1d 0x06 0x2e 0x32 0xdb 0x0c 0x22 0x06 0xe8 0xd7 0xac 0x9e 0x48 0x95 0xe4 0x57 0x9f 0x7a 0x0b 0x50 0x72 0x61 0x74 0x69 0x6b 0x27 0x73 0x20 0x50 0x43 0x30 0x89 0x4a 0xc6 0x21 0x12 0x00 0x00 ], deviceToken=[ 0x11 0xe0 ], rxAdvertisement=null } : 15 times.
04-03 22:27:43.247 4414 31045 I NearbyMediums: Total 15 GATT advertisements from 1 unique advertisers.
04-03 22:27:43.254 5064 11036 D DebugReportServiceHidlClient: getReport 1.1...
04-03 22:27:43.254 1229 1229 E LocSvc_HIDL_DebugReportService: Invalid count: 0
04-03 22:27:43.254 1229 1229 E LocSvc_HIDL_DebugReportService: Invalid count: 0
04-03 22:27:43.254 1229 1229 E LocSvc_HIDL_DebugReportService: Invalid count: 0
04-03 22:27:43.254 1229 1229 E LocSvc_HIDL_DebugReportService: Invalid count: 0
04-03 22:27:43.255 5064 11036 D DebugReportServiceHidlClient: getReport 1.1 success: true
04-03 22:27:43.255 5064 11036 D DebugReportServiceHidlClient: getReport 1.0 success: true
04-03 22:27:43.292 1219 4348 I vendor.qti.bluetooth@1.0-ibs_handler: ProcessIbsCmd: Received IBS_WAKE_IND: 0xFD
04-03 22:27:43.292 1219 4348 I vendor.qti.bluetooth@1.0-ibs_handler: ProcessIbsCmd: Writing IBS_WAKE_ACK
04-03 22:27:43.311 3836 8673 D PhoneInterfaceManager: [PhoneIntfMgr] QueryTelephonyChecker-getDataNetworkTypeForSubscriber: packageName = com.innowireless.xcal.mobile5, isGrant = true
04-03 22:27:43.442 2635 3024 D WifiActiveModeWarden: there is no primary client manager, return the default one
04-03 22:27:43.506 3836 4660 D PhoneInterfaceManager: [PhoneIntfMgr] QueryTelephonyChecker-getDataNetworkTypeForSubscriber: packageName = com.innowireless.xcal.mobile5, isGrant = true
04-03 22:27:43.522 1255 1255 I android.hardware.thermal@2.0-service.qti: Sensor Name:shell_frametemp: 39.9. prev severity:0. cur severity:0 New severity:0
04-03 22:27:43.524 1255 1255 I android.hardware.thermal@2.0-service.qti: Sensor Name:skintemp: 42.574. prev severity:0. cur severity:3 New severity:3
04-03 22:27:43.524 1255 1255 I android.hardware.thermal@2.0-service.qti: Sensor Name:shell_fronttemp: 39.9. prev severity:0. cur severity:0 New severity:0
04-03 22:27:43.525 1255 1255 I android.hardware.thermal@2.0-service.qti: Sensor Name:shell_backtemp: 39.9. prev severity:0. cur severity:0 New severity:0
04-03 22:27:43.542 3836 4660 D PhoneInterfaceManager: [PhoneIntfMgr] QueryTelephonyChecker-getDataNetworkTypeForSubscriber: packageName = com.innowireless.xcal.mobile5, isGrant = true
