04-03 22:27:09.576 1219 1219 D vendor.qti.bluetooth@1.0-ibs_handler: DeviceWakeUp: Unblocked from waiting for FC, pthread_cond_timedwait ret = 0
04-03 22:27:09.577 3836 8654 D PhoneInterfaceManager: [PhoneIntfMgr] QueryTelephonyChecker-getDataNetworkTypeForSubscriber: packageName = com.innowireless.xcal.mobile5, isGrant = true
04-03 22:27:09.577 2635 3024 D WifiActiveModeWarden: there is no primary client manager, return the default one
04-03 22:27:09.578 2635 3973 D WifiService: getWifiEnabledState primaryClientMode is mDefaultClientModeManager
04-03 22:27:09.600 3836 8654 D PhoneInterfaceManager: [PhoneIntfMgr] QueryTelephonyChecker-getDataNetworkTypeForSubscriber: packageName = com.innowireless.xcal.mobile5, isGrant = true
04-03 22:27:09.603 3836 8654 D PhoneInterfaceManager: [PhoneIntfMgr] QueryTelephonyChecker-getDataNetworkTypeForSubscriber: packageName = com.innowireless.xcal.mobile5, isGrant = true
04-03 22:27:09.653 1219 4348 I vendor.qti.bluetooth@1.0-ibs_handler: ProcessIbsCmd: Received IBS_SLEEP_IND: 0xFE
04-03 22:27:09.724 2635 2705 D OplusFeatureBrightnessBarController: mDarkLevel: 0
04-03 22:27:09.727 1219 4348 I vendor.qti.bluetooth@1.0-ibs_handler: ProcessIbsCmd: Received IBS_WAKE_IND: 0xFD
04-03 22:27:09.727 1219 4348 I vendor.qti.bluetooth@1.0-ibs_handler: ProcessIbsCmd: Writing IBS_WAKE_ACK
04-03 22:27:09.730 3836 8654 D PhoneInterfaceManager: [PhoneIntfMgr] QueryTelephonyChecker-getDataNetworkTypeForSubscriber: packageName = com.innowireless.xcal.mobile5, isGrant = true
04-03 22:27:09.746 2635 3024 D WifiActiveModeWarden: there is no primary client manager, return the default one
04-03 22:27:09.767 3247 4353 W bt_l2cap: L2CAP - Calling CongestionStatus_Cb (true),CID:0x0047,XmitQ:21,Quota:20
04-03 22:27:09.791 8162 10977 D GPS : NMEA is invaild.
04-03 22:27:09.791 8162 10977 D GPS : mNMEASatelites : 6
04-03 22:27:09.793 8162 10977 D GPS : Android GPS is invaild.
04-03 22:27:09.821 1219 4348 I vendor.qti.bluetooth@1.0-ibs_handler: ProcessIbsCmd: Received IBS_SLEEP_IND: 0xFE
04-03 22:27:09.902 1219 4348 I vendor.qti.bluetooth@1.0-ibs_handler: ProcessIbsCmd: Received IBS_WAKE_IND: 0xFD
04-03 22:27:09.902 1219 4348 I vendor.qti.bluetooth@1.0-ibs_handler: ProcessIbsCmd: Writing IBS_WAKE_ACK
04-03 22:27:10.007 1219 4348 I vendor.qti.bluetooth@1.0-ibs_handler: ProcessIbsCmd: Received IBS_SLEEP_IND: 0xFE
04-03 22:27:10.077 1219 4348 I vendor.qti.bluetooth@1.0-ibs_handler: ProcessIbsCmd: Received IBS_WAKE_IND: 0xFD
04-03 22:27:10.077 1219 4348 I vendor.qti.bluetooth@1.0-ibs_handler: ProcessIbsCmd: Writing IBS_WAKE_ACK
04-03 22:27:10.142 2635 3163 D OplusLocationStatistics: on recordTaskMark, key: gnssReportLocation
04-03 22:27:10.143 2635 2655 D LocationManagerService: incoming location from: gps
04-03 22:27:10.145 2635 2655 D LocationManagerService: incoming location from: gps
04-03 22:27:10.152 3247 4353 W bt_l2cap: L2CAP - Calling CongestionStatus_Cb (true),CID:0x0047,XmitQ:21,Quota:20
04-03 22:27:10.163 4414 5222 I FusedLocation: (REDACTED) location delivery to %s blocked - too close
04-03 22:27:10.165 4414 5222 I FusedLocation: (REDACTED) location delivery to %s blocked - too fast
04-03 22:27:10.165 4414 5222 I FusedLocation: (REDACTED) location delivery to %s blocked - too close
04-03 22:27:10.166 2635 4007 D LocationManagerService: incoming location from: fused
04-03 22:27:10.166 2635 4007 D LocationManagerService: incoming location from: fused
04-03 22:27:10.187 3836 8654 D PhoneInterfaceManager: [PhoneIntfMgr] QueryTelephonyChecker-getDataNetworkTypeForSubscriber: packageName = com.innowireless.xcal.mobile5, isGrant = true
04-03 22:27:10.239 5064 11036 D DebugReportServiceHidlClient: getReport 1.1...
04-03 22:27:10.239 1229 1229 E LocSvc_HIDL_DebugReportService: Invalid count: 0
04-03 22:27:10.239 1229 1229 E LocSvc_HIDL_DebugReportService: Invalid count: 0
04-03 22:27:10.239 1229 1229 E LocSvc_HIDL_DebugReportService: Invalid count: 0
04-03 22:27:10.239 1229 1229 E LocSvc_HIDL_DebugReportService: Invalid count: 0
04-03 22:27:10.240 5064 11036 D DebugReportServiceHidlClient: getReport 1.1 success: true
04-03 22:27:10.240 5064 11036 D DebugReportServiceHidlClient: getReport 1.0 success: true
04-03 22:27:10.274 1219 4348 I vendor.qti.bluetooth@1.0-ibs_handler: ProcessIbsCmd: Received IBS_SLEEP_IND: 0xFE
04-03 22:27:10.274 1219 4348 I vendor.qti.bluetooth@1.0-ibs_handler: ProcessIbsCmd: Received IBS_WAKE_IND: 0xFD
04-03 22:27:10.274 1219 4348 I vendor.qti.bluetooth@1.0-ibs_handler: ProcessIbsCmd: Writing IBS_WAKE_ACK
04-03 22:27:10.309 3836 8654 D PhoneInterfaceManager: [PhoneIntfMgr] QueryTelephonyChecker-getDataNetworkTypeForSubscriber: packageName = com.innowireless.xcal.mobile5, isGrant = true
04-03 22:27:10.318 3836 8654 D PhoneInterfaceManager: [PhoneIntfMgr] QueryTelephonyChecker-getDataNetworkTypeForSubscriber: packageName = com.innowireless.xcal.mobile5, isGrant = true
04-03 22:27:10.322 2635 3024 D WifiActiveModeWarden: there is no primary client manager, return the default one
04-03 22:27:10.323 2635 5661 D WifiService: getWifiEnabledState primaryClientMode is mDefaultClientModeManager
04-03 22:27:10.355 1219 4348 I vendor.qti.bluetooth@1.0-ibs_handler: ProcessIbsCmd: Received IBS_SLEEP_IND: 0xFE
04-03 22:27:10.355 2635 3024 D WifiActiveModeWarden: there is no primary client manager, return the default one
04-03 22:27:10.375 1219 4348 I vendor.qti.bluetooth@1.0-ibs_handler: ProcessIbsCmd: Received IBS_WAKE_IND: 0xFD
04-03 22:27:10.375 1219 4348 I vendor.qti.bluetooth@1.0-ibs_handler: ProcessIbsCmd: Writing IBS_WAKE_ACK
04-03 22:27:10.395 1255 1255 I android.hardware.thermal@2.0-service.qti: Sensor Name:shell_frametemp: 39.9. prev severity:0. cur severity:0 New severity:0
04-03 22:27:10.396 1255 1255 I android.hardware.thermal@2.0-service.qti: Sensor Name:skintemp: 42.396. prev severity:0. cur severity:3 New severity:3
04-03 22:27:10.396 1255 1255 I android.hardware.thermal@2.0-service.qti: Sensor Name:shell_fronttemp: 39.9. prev severity:0. cur severity:0 New severity:0
04-03 22:27:10.397 1255 1255 I android.hardware.thermal@2.0-service.qti: Sensor Name:shell_backtemp: 39.9. prev severity:0. cur severity:0 New severity:0
04-03 22:27:10.471 3836 8654 D PhoneInterfaceManager: [PhoneIntfMgr] QueryTelephonyChecker-getDataNetworkTypeForSubscriber: packageName = com.innowireless.xcal.mobile5, isGrant = true
04-03 22:27:10.531 3836 20675 D PhoneInterfaceManager: [PhoneIntfMgr] QueryTelephonyChecker-getDataNetworkTypeForSubscriber: packageName = com.innowireless.xcal.mobile5, isGrant = true
04-03 22:27:10.558 3836 8654 D PhoneInterfaceManager: [PhoneIntfMgr] QueryTelephonyChecker-getDataNetworkTypeForSubscriber: packageName = com.innowireless.xcal.mobile5, isGrant = true
04-03 22:27:10.601 3836 20675 D PhoneInterfaceManager: [PhoneIntfMgr] QueryTelephonyChecker-getDataNetworkTypeForSubscriber: packageName = com.innowireless.xcal.mobile5, isGrant = true
04-03 22:27:10.610 1219 4348 I vendor.qti.bluetooth@1.0-ibs_handler: ProcessIbsCmd: Received IBS_SLEEP_IND: 0xFE
04-03 22:27:10.649 3836 4660 D PhoneInterfaceManager: [PhoneIntfMgr] QueryTelephonyChecker-getDataNetworkTypeForSubscriber: packageName = com.innowireless.xcal.mobile5, isGrant = true
04-03 22:27:10.690 1219 4348 I vendor.qti.bluetooth@1.0-ibs_handler: ProcessIbsCmd: Received IBS_WAKE_IND: 0xFD
04-03 22:27:10.690 1219 4348 I vendor.qti.bluetooth@1.0-ibs_handler: ProcessIbsCmd: Writing IBS_WAKE_ACK
04-03 22:27:10.731 3836 20675 D PhoneInterfaceManager: [PhoneIntfMgr] QueryTelephonyChecker-getDataNetworkTypeForSubscriber: packageName = com.innowireless.xcal.mobile5, isGrant = true
04-03 22:27:10.773 1219 4348 I vendor.qti.bluetooth@1.0-ibs_handler: ProcessIbsCmd: Received IBS_SLEEP_IND: 0xFE
04-03 22:27:10.796 8162 10977 D GPS : NMEA is invaild.
04-03 22:27:10.797 8162 10977 D GPS : mNMEASatelites : 6
04-03 22:27:10.801 8162 10977 D GPS : Android GPS is invaild.
04-03 22:27:10.841 1219 4348 I vendor.qti.bluetooth@1.0-ibs_handler: ProcessIbsCmd: Received IBS_WAKE_IND: 0xFD
04-03 22:27:10.841 1219 4348 I vendor.qti.bluetooth@1.0-ibs_handler: ProcessIbsCmd: Writing IBS_WAKE_ACK
04-03 22:27:10.916 3666 4099 D QtiRadiohidlIndication: onSignalStrengthChange: slotId = 0
04-03 22:27:10.916 3666 4099 D QtiRadioProxy: onSignalStrength slotId = 0 signalStrength = SignalStrength: Rsrp: -32768 Snr: -32768
04-03 22:27:10.917 3666 4101 D QtiRadioProxyHandler: : handleMessage msg.what = 11
04-03 22:27:10.917 3666 4101 D QtiRadioProxyHandler: : EVENT_ON_SIGNAL_STRENGTH
04-03 22:27:10.917 3666 4101 D QtiRadioProxy: onSignalStrength: Responding back for transaction = null
04-03 22:27:10.918 3881 9422 D NrNetworkService: onSignalStrength: slotId=0 token=Token: -1 status=Status: 1 signalStrength=SignalStrength: Rsrp: -32768 Snr: -32768
04-03 22:27:10.918 3666 4101 D QtiRadioProxy: onSignalStrength: Responding back for transaction = null
04-03 22:27:10.923 3666 4101 D QtiRadioProxy: onSignalStrength: Responding back for transaction = null
04-03 22:27:10.924 3836 20675 D ExtPhoneCallbackBase: UNIMPLEMENTED: onSignalStrength: slotId = 0 token = Token: -1 statusStatus: 1 signalStrength = SignalStrength: Rsrp: -32768 Snr: -32768
04-03 22:27:10.924 3666 4101 D QtiRadioProxy: onSignalStrength: Responding back for transaction = null
04-03 22:27:10.925 3836 20675 D ExtPhoneCallbackBase: UNIMPLEMENTED: onSignalStrength: slotId = 0 token = Token: -1 statusStatus: 1 signalStrength = SignalStrength: Rsrp: -32768 Snr: -32768
04-03 22:27:10.925 3666 4101 D QtiRadioProxy: onSignalStrength: Responding back for transaction = null
04-03 22:27:10.926 3836 20675 D ExtPhoneCallbackBase: UNIMPLEMENTED: onSignalStrength: slotId = 0 token = Token: -1 statusStatus: 1 signalStrength = SignalStrength: Rsrp: -32768 Snr: -32768
04-03 22:27:10.926 3666 4101 D QtiRadioProxy: onSignalStrength: Responding back for transaction = null
04-03 22:27:10.927 3836 20675 D ExtPhoneCallbackBase: UNIMPLEMENTED: onSignalStrength: slotId = 0 token = Token: -1 statusStatus: 1 signalStrength = SignalStrength: Rsrp: -32768 Snr: -32768
04-03 22:27:10.940 3270 3754 D NetworkController.MobileSignalController(7): onMobileStatusChanged= updateTelephony=true mobileStatus=[activityIn=false,activityOut=false,dataSim=true,carrierNetworkChangeMode=false,dataState=2,serviceState=mVoiceRegState=0(IN_SERVICE), mDataRegState=0(IN_SERVICE),signalStrength=4,telephonyDisplayInfo=TelephonyDisplayInfo {network=LTE, override=NR_NSA}]
04-03 22:27:11.095 1219 4348 I vendor.qti.bluetooth@1.0-ibs_handler: ProcessIbsCmd: Received IBS_SLEEP_IND: 0xFE
04-03 22:27:11.134 2635 2680 D OplusLocationStatistics: on recordTaskMark, key: gnssReportLocation
04-03 22:27:11.135 2635 2655 D LocationManagerService: incoming location from: gps
04-03 22:27:11.136 2635 2655 D LocationManagerService: incoming location from: gps
04-03 22:27:11.154 4414 5222 I FusedLocation: (REDACTED) location delivery to %s blocked - too close
04-03 22:27:11.155 4414 5222 I FusedLocation: (REDACTED) location delivery to %s blocked - too fast
04-03 22:27:11.155 4414 5222 I FusedLocation: (REDACTED) location delivery to %s blocked - too close
04-03 22:27:11.156 2635 3973 D LocationManagerService: incoming location from: fused
04-03 22:27:11.156 2635 3973 D LocationManagerService: incoming location from: fused
04-03 22:27:11.187 3836 4660 D PhoneInterfaceManager: [PhoneIntfMgr] QueryTelephonyChecker-getDataNetworkTypeForSubscriber: packageName = com.innowireless.xcal.mobile5, isGrant = true
04-03 22:27:11.240 5064 11036 D DebugReportServiceHidlClient: getReport 1.1...
04-03 22:27:11.240 1229 1229 E LocSvc_HIDL_DebugReportService: Invalid count: 0
04-03 22:27:11.240 1229 1229 E LocSvc_HIDL_DebugReportService: Invalid count: 0
04-03 22:27:11.240 1229 1229 E LocSvc_HIDL_DebugReportService: Invalid count: 0
04-03 22:27:11.240 1229 1229 E LocSvc_HIDL_DebugReportService: Invalid count: 0
04-03 22:27:11.241 5064 11036 D DebugReportServiceHidlClient: getReport 1.1 success: true
04-03 22:27:11.241 5064 11036 D DebugReportServiceHidlClient: getReport 1.0 success: true
04-03 22:27:11.244 2635 3672 I OplusHansManager : uid=10266, pkg=com.innowireless.xcal.smart4g cannot transition from R to M, importance=accessibility
04-03 22:27:11.246 3270 3754 D NetworkController.MobileSignalController(7): onMobileStatusChanged= updateTelephony=false mobileStatus=[activityIn=true,activityOut=true,dataSim=true,carrierNetworkChangeMode=false,dataState=2,serviceState=mVoiceRegState=0(IN_SERVICE), mDataRegState=0(IN_SERVICE),signalStrength=4,telephonyDisplayInfo=TelephonyDisplayInfo {network=LTE, override=NR_NSA}]
04-03 22:27:11.247 3247 4531 D OplusBluetoothSarManager: onDataActivity() direction: 3
04-03 22:27:11.247 3247 4531 D OplusBluetoothSarManager: getBaseSarMode() isBluetoothTx: true, isCellularTx: true, is2_4GWifiTx: false, is5GWifiTx: false, isReceiverOn: false
04-03 22:27:11.247 3247 4531 D OplusBluetoothSarManager: getSarMode() baseSarMode: BT_WWAN_BODY_SAR_MODE(9)
04-03 22:27:11.247 3247 4531 D OplusBluetoothSarManager: getSarMode() newSarMode: BT_WWAN_BODY_SAR_MODE(25)
04-03 22:27:11.247 3247 4531 D OplusBluetoothSarManager: currentSarMode: BT_BODY_SAR_MODE(17), newSarMode: BT_WWAN_BODY_SAR_MODE(25)
04-03 22:27:11.247 3247 4531 D oplus_bt_power: set_max_power_impl mode: 25
04-03 22:27:11.247 3247 4531 I oplus_bt_power: set_max_power_impl start parsing config file
04-03 22:27:11.247 3247 4531 I oplus_bt_power: set_max_power_impl continue parsing config file
04-03 22:27:11.247 3247 4531 D oplus_bt_power: set_max_power_impl, sar_mode=25, br_sar=0x2a, edr_sar=0x20, ble_sar=0x28
04-03 22:27:11.249 1219 4348 I vendor.qti.bluetooth@1.0-ibs_handler: ProcessIbsCmd: Received IBS_WAKE_IND: 0xFD
04-03 22:27:11.249 1219 4348 I vendor.qti.bluetooth@1.0-ibs_handler: ProcessIbsCmd: Writing IBS_WAKE_ACK
04-03 22:27:11.252 3247 4353 D oplus_bt_power: power_cntrl_callback: param->opcode=fcda subopcode=e status=0
04-03 22:27:11.280 3270 3754 I BaseMobileSignalControllerExt: showDataIcon:true
04-03 22:27:11.308 3836 20675 D PhoneInterfaceManager: [PhoneIntfMgr] QueryTelephonyChecker-getDataNetworkTypeForSubscriber: packageName = com.innowireless.xcal.mobile5, isGrant = true
04-03 22:27:11.331 1219 4348 I vendor.qti.bluetooth@1.0-ibs_handler: ProcessIbsCmd: Received IBS_SLEEP_IND: 0xFE
04-03 22:27:11.357 2635 3024 D WifiActiveModeWarden: there is no primary client manager, return the default one
04-03 22:27:11.367 3836 20675 D PhoneInterfaceManager: [PhoneIntfMgr] QueryTelephonyChecker-getDataNetworkTypeForSubscriber: packageName = com.innowireless.xcal.mobile5, isGrant = true
04-03 22:27:11.369 2635 3024 D WifiActiveModeWarden: there is no primary client manager, return the default one
04-03 22:27:11.370 2635 7201 D WifiService: getWifiEnabledState primaryClientMode is mDefaultClientModeManager
04-03 22:27:11.400 1255 1255 I android.hardware.thermal@2.0-service.qti: Sensor Name:shell_frametemp: 39.9. prev severity:0. cur severity:0 New severity:0
04-03 22:27:11.401 1255 1255 I android.hardware.thermal@2.0-service.qti: Sensor Name:skintemp: 42.506. prev severity:0. cur severity:3 New severity:3
04-03 22:27:11.401 1255 1255 I android.hardware.thermal@2.0-service.qti: Sensor Name:shell_fronttemp: 39.9. prev severity:0. cur severity:0 New severity:0
04-03 22:27:11.402 1255 1255 I android.hardware.thermal@2.0-service.qti: Sensor Name:shell_backtemp: 39.9. prev severity:0. cur severity:0 New severity:0
04-03 22:27:11.463 1219 4348 I vendor.qti.bluetooth@1.0-ibs_handler: ProcessIbsCmd: Received IBS_WAKE_IND: 0xFD
04-03 22:27:11.463 1219 4348 I vendor.qti.bluetooth@1.0-ibs_handler: ProcessIbsCmd: Writing IBS_WAKE_ACK
04-03 22:27:11.473 3836 20675 D PhoneInterfaceManager: [PhoneIntfMgr] QueryTelephonyChecker-getDataNetworkTypeForSubscriber: packageName = com.innowireless.xcal.mobile5, isGrant = true
04-03 22:27:11.531 3836 4660 D PhoneInterfaceManager: [PhoneIntfMgr] QueryTelephonyChecker-getDataNetworkTypeForSubscriber: packageName = com.innowireless.xcal.mobile5, isGrant = true
04-03 22:27:11.541 3836 20675 D PhoneInterfaceManager: [PhoneIntfMgr] QueryTelephonyChecker-getDataNetworkTypeForSubscriber: packageName = com.innowireless.xcal.mobile5, isGrant = true
04-03 22:27:11.600 3836 4660 D PhoneInterfaceManager: [PhoneIntfMgr] QueryTelephonyChecker-getDataNetworkTypeForSubscriber: packageName = com.innowireless.xcal.mobile5, isGrant = true
04-03 22:27:11.600 1219 4348 I vendor.qti.bluetooth@1.0-ibs_handler: ProcessIbsCmd: Received IBS_SLEEP_IND: 0xFE
04-03 22:27:11.632 3836 20675 D PhoneInterfaceManager: [PhoneIntfMgr] QueryTelephonyChecker-getDataNetworkTypeForSubscriber: packageName = com.innowireless.xcal.mobile5, isGrant = true
04-03 22:27:11.724 2635 2705 D OplusFeatureBrightnessBarController: mDarkLevel: 0
04-03 22:27:11.732 3836 20675 D PhoneInterfaceManager: [PhoneIntfMgr] QueryTelephonyChecker-getDataNetworkTypeForSubscriber: packageName = com.innowireless.xcal.mobile5, isGrant = true
04-03 22:27:11.797 8162 10977 D GPS : NMEA is invaild.
04-03 22:27:11.797 8162 10977 D GPS : mNMEASatelites : 6
04-03 22:27:11.803 8162 10977 D GPS : Android GPS is invaild.
04-03 22:27:11.992 3666 4099 D QtiRadiohidlIndication: onSignalStrengthChange: slotId = 0
04-03 22:27:11.992 3666 4099 D QtiRadioProxy: onSignalStrength slotId = 0 signalStrength = SignalStrength: Rsrp: -32768 Snr: -32768
04-03 22:27:11.993 3666 4101 D QtiRadioProxyHandler: : handleMessage msg.what = 11
04-03 22:27:11.993 3666 4101 D QtiRadioProxyHandler: : EVENT_ON_SIGNAL_STRENGTH
04-03 22:27:11.993 3666 4101 D QtiRadioProxy: onSignalStrength: Responding back for transaction = null
04-03 22:27:11.994 3881 9422 D NrNetworkService: onSignalStrength: slotId=0 token=Token: -1 status=Status: 1 signalStrength=SignalStrength: Rsrp: -32768 Snr: -32768
04-03 22:27:11.994 3666 4101 D QtiRadioProxy: onSignalStrength: Responding back for transaction = null
04-03 22:27:11.995 3666 4101 D QtiRadioProxy: onSignalStrength: Responding back for transaction = null
04-03 22:27:11.996 3836 20675 D ExtPhoneCallbackBase: UNIMPLEMENTED: onSignalStrength: slotId = 0 token = Token: -1 statusStatus: 1 signalStrength = SignalStrength: Rsrp: -32768 Snr: -32768
04-03 22:27:11.996 3666 4101 D QtiRadioProxy: onSignalStrength: Responding back for transaction = null
04-03 22:27:11.998 3836 20675 D ExtPhoneCallbackBase: UNIMPLEMENTED: onSignalStrength: slotId = 0 token = Token: -1 statusStatus: 1 signalStrength = SignalStrength: Rsrp: -32768 Snr: -32768
04-03 22:27:11.998 3666 4101 D QtiRadioProxy: onSignalStrength: Responding back for transaction = null
04-03 22:27:11.999 3836 20675 D ExtPhoneCallbackBase: UNIMPLEMENTED: onSignalStrength: slotId = 0 token = Token: -1 statusStatus: 1 signalStrength = SignalStrength: Rsrp: -32768 Snr: -32768
04-03 22:27:12.000 3666 4101 D QtiRadioProxy: onSignalStrength: Responding back for transaction = null
04-03 22:27:12.000 3836 20675 D ExtPhoneCallbackBase: UNIMPLEMENTED: onSignalStrength: slotId = 0 token = Token: -1 statusStatus: 1 signalStrength = SignalStrength: Rsrp: -32768 Snr: -32768
04-03 22:27:12.014 3270 3514 I BaseMobileSignalControllerExt: showDataIcon:true
04-03 22:27:12.026 3270 3754 D NetworkController.MobileSignalController(7): onMobileStatusChanged= updateTelephony=true mobileStatus=[activityIn=true,activityOut=true,dataSim=true,carrierNetworkChangeMode=false,dataState=2,serviceState=mVoiceRegState=0(IN_SERVICE), mDataRegState=0(IN_SERVICE),signalStrength=4,telephonyDisplayInfo=TelephonyDisplayInfo {network=LTE, override=NR_NSA}]
04-03 22:27:12.027 2635 7201 E AppOps : noteOperation
04-03 22:27:12.027 2635 7201 E AppOps : java.lang.SecurityException: Specified package com.android.phone under uid 10185 but it is not
04-03 22:27:12.027 2635 7201 E AppOps : at com.android.server.appop.AppOpsService.verifyAndGetBypass(AppOpsService.java:4696)
04-03 22:27:12.027 2635 7201 E AppOps : at com.android.server.appop.AppOpsService.noteOperationUnchecked(AppOpsService.java:3494)
04-03 22:27:12.027 2635 7201 E AppOps : at com.android.server.appop.AppOpsService.noteOperationImpl(AppOpsService.java:3482)
04-03 22:27:12.027 2635 7201 E AppOps : at com.android.server.appop.AppOpsService.access$3900(AppOpsService.java:220)
04-03 22:27:12.027 2635 7201 E AppOps : at com.android.server.appop.AppOpsService$CheckOpsDelegateDispatcher.lambda$noteOperation$4(AppOpsService.java:7639)
04-03 22:27:12.027 2635 7201 E AppOps : at com.android.server.appop.AppOpsService$CheckOpsDelegateDispatcher$$ExternalSyntheticLambda5.apply(Unknown Source:33)
04-03 22:27:12.027 2635 7201 E AppOps : at com.android.server.policy.AppOpsPolicy.noteOperation(AppOpsPolicy.java:221)
04-03 22:27:12.027 2635 7201 E AppOps : at com.android.server.appop.AppOpsService$CheckOpsDelegateDispatcher.noteOperation(AppOpsService.java:7637)
04-03 22:27:12.027 2635 7201 E AppOps : at com.android.server.appop.AppOpsService.noteOperation(AppOpsService.java:3466)
04-03 22:27:12.027 2635 7201 E AppOps : at com.android.internal.app.IAppOpsService$Stub.onTransact(IAppOpsService.java:476)
04-03 22:27:12.027 2635 7201 E AppOps : at com.android.server.appop.OplusAppOpsService.onTransact(OplusAppOpsService.java:38)
04-03 22:27:12.027 2635 7201 E AppOps : at android.os.Binder.execTransactInternal(Binder.java:1226)
04-03 22:27:12.027 2635 7201 E AppOps : at android.os.Binder.execTransact(Binder.java:1163)
04-03 22:27:12.044 2635 5661 E AppOps : noteOperation
04-03 22:27:12.044 2635 5661 E AppOps : java.lang.SecurityException: Specified package com.android.phone under uid 10185 but it is not
04-03 22:27:12.044 2635 5661 E AppOps : at com.android.server.appop.AppOpsService.verifyAndGetBypass(AppOpsService.java:4696)
04-03 22:27:12.044 2635 5661 E AppOps : at com.android.server.appop.AppOpsService.noteOperationUnchecked(AppOpsService.java:3494)
04-03 22:27:12.044 2635 5661 E AppOps : at com.android.server.appop.AppOpsService.noteOperationImpl(AppOpsService.java:3482)
04-03 22:27:12.044 2635 5661 E AppOps : at com.android.server.appop.AppOpsService.access$3900(AppOpsService.java:220)
04-03 22:27:12.044 2635 5661 E AppOps : at com.android.server.appop.AppOpsService$CheckOpsDelegateDispatcher.lambda$noteOperation$4(AppOpsService.java:7639)
04-03 22:27:12.044 2635 5661 E AppOps : at com.android.server.appop.AppOpsService$CheckOpsDelegateDispatcher$$ExternalSyntheticLambda5.apply(Unknown Source:33)
04-03 22:27:12.044 2635 5661 E AppOps : at com.android.server.policy.AppOpsPolicy.noteOperation(AppOpsPolicy.java:221)
04-03 22:27:12.044 2635 5661 E AppOps : at com.android.server.appop.AppOpsService$CheckOpsDelegateDispatcher.noteOperation(AppOpsService.java:7637)
04-03 22:27:12.044 2635 5661 E AppOps : at com.android.server.appop.AppOpsService.noteOperation(AppOpsService.java:3466)
04-03 22:27:12.044 2635 5661 E AppOps : at com.android.internal.app.IAppOpsService$Stub.onTransact(IAppOpsService.java:476)
04-03 22:27:12.044 2635 5661 E AppOps : at com.android.server.appop.OplusAppOpsService.onTransact(OplusAppOpsService.java:38)
04-03 22:27:12.044 2635 5661 E AppOps : at android.os.Binder.execTransactInternal(Binder.java:1226)
04-03 22:27:12.044 2635 5661 E AppOps : at android.os.Binder.execTransact(Binder.java:1163)
04-03 22:27:12.057 2635 7201 E AppOps : noteOperation
04-03 22:27:12.057 2635 7201 E AppOps : java.lang.SecurityException: Specified package com.android.phone under uid 10185 but it is not
04-03 22:27:12.057 2635 7201 E AppOps : at com.android.server.appop.AppOpsService.verifyAndGetBypass(AppOpsService.java:4696)
04-03 22:27:12.057 2635 7201 E AppOps : at com.android.server.appop.AppOpsService.noteOperationUnchecked(AppOpsService.java:3494)
04-03 22:27:12.057 2635 7201 E AppOps : at com.android.server.appop.AppOpsService.noteOperationImpl(AppOpsService.java:3482)
04-03 22:27:12.057 2635 7201 E AppOps : at com.android.server.appop.AppOpsService.access$3900(AppOpsService.java:220)
04-03 22:27:12.057 2635 7201 E AppOps : at com.android.server.appop.AppOpsService$CheckOpsDelegateDispatcher.lambda$noteOperation$4(AppOpsService.java:7639)
04-03 22:27:12.057 2635 7201 E AppOps : at com.android.server.appop.AppOpsService$CheckOpsDelegateDispatcher$$ExternalSyntheticLambda5.apply(Unknown Source:33)
04-03 22:27:12.057 2635 7201 E AppOps : at com.android.server.policy.AppOpsPolicy.noteOperation(AppOpsPolicy.java:221)
04-03 22:27:12.057 2635 7201 E AppOps : at com.android.server.appop.AppOpsService$CheckOpsDelegateDispatcher.noteOperation(AppOpsService.java:7637)
04-03 22:27:12.057 2635 7201 E AppOps : at com.android.server.appop.AppOpsService.noteOperation(AppOpsService.java:3466)
04-03 22:27:12.057 2635 7201 E AppOps : at com.android.internal.app.IAppOpsService$Stub.onTransact(IAppOpsService.java:476)
04-03 22:27:12.057 2635 7201 E AppOps : at com.android.server.appop.OplusAppOpsService.onTransact(OplusAppOpsService.java:38)
04-03 22:27:12.057 2635 7201 E AppOps : at android.os.Binder.execTransactInternal(Binder.java:1226)
04-03 22:27:12.057 2635 7201 E AppOps : at android.os.Binder.execTransact(Binder.java:1163)
04-03 22:27:12.145 2635 2680 D OplusLocationStatistics: on recordTaskMark, key: gnssReportLocation
04-03 22:27:12.145 2635 2655 D LocationManagerService: incoming location from: gps
04-03 22:27:12.147 2635 2655 D LocationManagerService: incoming location from: gps
04-03 22:27:12.165 1219 4348 I vendor.qti.bluetooth@1.0-ibs_handler: ProcessIbsCmd: Received IBS_WAKE_IND: 0xFD
04-03 22:27:12.165 1219 4348 I vendor.qti.bluetooth@1.0-ibs_handler: ProcessIbsCmd: Writing IBS_WAKE_ACK
04-03 22:27:12.169 4414 5222 I FusedLocation: (REDACTED) location delivery to %s blocked - too close
04-03 22:27:12.171 4414 5222 I FusedLocation: (REDACTED) location delivery to %s blocked - too fast
04-03 22:27:12.171 4414 5222 I FusedLocation: (REDACTED) location delivery to %s blocked - too close
04-03 22:27:12.172 2635 7201 D LocationManagerService: incoming location from: fused
04-03 22:27:12.172 2635 7201 D LocationManagerService: incoming location from: fused
04-03 22:27:12.186 3836 8673 D PhoneInterfaceManager: [PhoneIntfMgr] QueryTelephonyChecker-getDataNetworkTypeForSubscriber: packageName = com.innowireless.xcal.mobile5, isGrant = true
04-03 22:27:12.240 5064 11036 D DebugReportServiceHidlClient: getReport 1.1...
04-03 22:27:12.241 1229 1229 E LocSvc_HIDL_DebugReportService: Invalid count: 0
04-03 22:27:12.241 1229 1229 E LocSvc_HIDL_DebugReportService: Invalid count: 0
04-03 22:27:12.241 1229 1229 E LocSvc_HIDL_DebugReportService: Invalid count: 0
04-03 22:27:12.241 1229 1229 E LocSvc_HIDL_DebugReportService: Invalid count: 0
04-03 22:27:12.242 5064 11036 D DebugReportServiceHidlClient: getReport 1.1 success: true
04-03 22:27:12.242 5064 11036 D DebugReportServiceHidlClient: getReport 1.0 success: true
04-03 22:27:12.249 1219 4357 I vendor.qti.bluetooth@1.0-ibs_handler: DeviceSleep: TX Awake, Sending SLEEP_IND
04-03 22:27:12.250 1219 4348 I vendor.qti.bluetooth@1.0-ibs_handler: ProcessIbsCmd: Received IBS_SLEEP_IND: 0xFE
04-03 22:27:12.250 1219 4348 D vendor.qti.bluetooth@1.0-ibs_handler: SerialClockVote: vote for UART CLK OFF
04-03 22:27:12.258 3247 4531 D OplusBluetoothSarManager: onDataActivity() direction: 0
04-03 22:27:12.258 3247 4531 D OplusBluetoothSarManager: getBaseSarMode() isBluetoothTx: true, isCellularTx: false, is2_4GWifiTx: false, is5GWifiTx: false, isReceiverOn: false
04-03 22:27:12.258 3247 4531 D OplusBluetoothSarManager: getSarMode() baseSarMode: BT_BODY_SAR_MODE(1)
04-03 22:27:12.258 3247 4531 D OplusBluetoothSarManager: getSarMode() newSarMode: BT_BODY_SAR_MODE(17)
04-03 22:27:12.258 3247 4531 D OplusBluetoothSarManager: currentSarMode: BT_WWAN_BODY_SAR_MODE(25), newSarMode: BT_BODY_SAR_MODE(17)
04-03 22:27:12.258 3247 4531 D oplus_bt_power: set_max_power_impl mode: 17
04-03 22:27:12.259 3270 3754 D NetworkController.MobileSignalController(7): onMobileStatusChanged= updateTelephony=false mobileStatus=[activityIn=false,activityOut=false,dataSim=true,carrierNetworkChangeMode=false,dataState=2,serviceState=mVoiceRegState=0(IN_SERVICE), mDataRegState=0(IN_SERVICE),signalStrength=4,telephonyDisplayInfo=TelephonyDisplayInfo {network=LTE, override=NR_NSA}]
04-03 22:27:12.259 3247 4531 I oplus_bt_power: set_max_power_impl start parsing config file
04-03 22:27:12.260 3247 4531 I oplus_bt_power: set_max_power_impl continue parsing config file
04-03 22:27:12.260 3247 4531 D oplus_bt_power: set_max_power_impl, sar_mode=17, br_sar=0x2a, edr_sar=0x20, ble_sar=0x28
04-03 22:27:12.261 1219 1219 D vendor.qti.bluetooth@1.0-ibs_handler: SerialClockVote: vote for UART CLK ON
04-03 22:27:12.261 1219 1219 D vendor.qti.bluetooth@1.0-uart_transport: SocRxDWakeup: Flow off->Change UART baudrate to 38.4kbs->send 0x00->Change UART baudrate to max->Flow on
04-03 22:27:12.261 1219 1219 I vendor.qti.bluetooth@1.0-uart_transport: ## userial_vendor_ioctl: UART Flow Off
04-03 22:27:12.263 1219 1219 I vendor.qti.bluetooth@1.0-uart_transport: ## userial_vendor_set_baud: 17
04-03 22:27:12.272 1219 1219 I vendor.qti.bluetooth@1.0-uart_transport: SetBaudRate: in BOTHER
04-03 22:27:12.272 1219 1219 I vendor.qti.bluetooth@1.0-uart_transport: ## userial_vendor_ioctl: UART Flow On
04-03 22:27:12.272 1219 1219 I vendor.qti.bluetooth@1.0-ibs_handler: DeviceWakeUp: Writing IBS_WAKE_IND
04-03 22:27:12.273 1219 4348 I vendor.qti.bluetooth@1.0-ibs_handler: ProcessIbsCmd: Received IBS_WAKE_ACK: 0xFC
04-03 22:27:12.273 1219 4348 I vendor.qti.bluetooth@1.0-ibs_handler: ProcessIbsCmd: Signal wack_cond_
04-03 22:27:12.273 1219 1219 D vendor.qti.bluetooth@1.0-ibs_handler: DeviceWakeUp: Unblocked from waiting for FC, pthread_cond_timedwait ret = 0
04-03 22:27:12.274 1219 4348 I vendor.qti.bluetooth@1.0-ibs_handler: ProcessIbsCmd: Received IBS_WAKE_IND: 0xFD
04-03 22:27:12.275 1219 4348 I vendor.qti.bluetooth@1.0-ibs_handler: ProcessIbsCmd: Writing IBS_WAKE_ACK
04-03 22:27:12.277 3247 4353 D oplus_bt_power: power_cntrl_callback: param->opcode=fcda subopcode=e status=0
04-03 22:27:12.292 3270 3754 I BaseMobileSignalControllerExt: showDataIcon:true
04-03 22:27:12.311 3836 8673 D PhoneInterfaceManager: [PhoneIntfMgr] QueryTelephonyChecker-getDataNetworkTypeForSubscriber: packageName = com.innowireless.xcal.mobile5, isGrant = true
04-03 22:27:12.355 1219 4348 I vendor.qti.bluetooth@1.0-ibs_handler: ProcessIbsCmd: Received IBS_SLEEP_IND: 0xFE
04-03 22:27:12.360 2635 3024 D WifiActiveModeWarden: there is no primary client manager, return the default one
04-03 22:27:12.404 1255 1255 I android.hardware.thermal@2.0-service.qti: Sensor Name:shell_frametemp: 39.9. prev severity:0. cur severity:0 New severity:0
04-03 22:27:12.406 1255 1255 I android.hardware.thermal@2.0-service.qti: Sensor Name:skintemp: 42.577. prev severity:0. cur severity:3 New severity:3
04-03 22:27:12.406 1255 1255 I android.hardware.thermal@2.0-service.qti: Sensor Name:shell_fronttemp: 39.9. prev severity:0. cur severity:0 New severity:0
04-03 22:27:12.406 1255 1255 I android.hardware.thermal@2.0-service.qti: Sensor Name:shell_backtemp: 39.9. prev severity:0. cur severity:0 New severity:0
04-03 22:27:12.442 3836 8673 D PhoneInterfaceManager: [PhoneIntfMgr] QueryTelephonyChecker-getDataNetworkTypeForSubscriber: packageName = com.innowireless.xcal.mobile5, isGrant = true
04-03 22:27:12.445 2635 3024 D WifiActiveModeWarden: there is no primary client manager, return the default one
04-03 22:27:12.446 2635 7201 D WifiService: getWifiEnabledState primaryClientMode is mDefaultClientModeManager
04-03 22:27:12.470 3836 8673 D PhoneInterfaceManager: [PhoneIntfMgr] QueryTelephonyChecker-getDataNetworkTypeForSubscriber: packageName = com.innowireless.xcal.mobile5, isGrant = true
04-03 22:27:12.532 3836 7492 D PhoneInterfaceManager: [PhoneIntfMgr] QueryTelephonyChecker-getDataNetworkTypeForSubscriber: packageName = com.innowireless.xcal.mobile5, isGrant = true
04-03 22:27:12.564 3836 8673 D PhoneInterfaceManager: [PhoneIntfMgr] QueryTelephonyChecker-getDataNetworkTypeForSubscriber: packageName = com.innowireless.xcal.mobile5, isGrant = true
04-03 22:27:12.570 2635 7201 D WifiNl80211Manager: Scan result ready event
04-03 22:27:12.570 2635 7201 D WifiNative: Scan result ready event
04-03 22:27:12.571 2635 3024 D WifiActiveModeWarden: there is no primary client manager, return the default one
04-03 22:27:12.571 2635 3024 D WifiService: getWifiEnabledState primaryClientMode is mDefaultClientModeManager
04-03 22:27:12.583 2635 3024 D WifiActiveModeWarden: there is no primary client manager, return the default one
04-03 22:27:12.583 2635 3024 D WifiActiveModeWarden: there is no primary client manager, return the default one
04-03 22:27:12.583 2635 3024 D OplusScanResultsProxy: fewApNum:5
04-03 22:27:12.588 2635 3059 D WificondScannerImpl: Filtering out scan result Go***dy, 90:**:**:**:a5:59 time diff 9114842ms
04-03 22:27:12.588 2635 3059 D WificondScannerImpl: Filtering out scan result Sa***4g, ba:**:**:**:a9:b1 time diff 4961974ms
04-03 22:27:12.589 2635 3059 D WificondScannerImpl: Filtering out scan result Ai***Fi, 80:**:**:**:1d:92 time diff 10013327ms
04-03 22:27:12.589 2635 3059 D WificondScannerImpl: Filtering out scan result Ji***5G, 8c:**:**:**:53:93 time diff 23451229ms
04-03 22:27:12.589 2635 3059 D WificondScannerImpl: Filtering out scan result EMPTY, aa:**:**:**:ff:35 time diff 23701808ms
04-03 22:27:12.589 2635 3059 D WificondScannerImpl: Filtering out scan result LA***11, 3a:**:**:**:18:a9 time diff 24128011ms
04-03 22:27:12.590 2635 3059 D WificondScannerImpl: Filtering out scan result Ra***at, 6c:**:**:**:d4:45 time diff 25026183ms
04-03 22:27:12.590 2635 3059 D WificondScannerImpl: Filtering out scan result 70*** 2, 9c:**:**:**:8a:65 time diff 24400702ms
04-03 22:27:12.590 2635 3059 D WificondScannerImpl: Filtering out scan result Am***5g, a2:**:**:**:61:2c time diff 3474527ms
04-03 22:27:12.590 2635 3059 D WificondScannerImpl: Filtering out scan result Am***25, a2:**:**:**:61:28 time diff 23545714ms
04-03 22:27:12.591 2635 3059 D WificondScannerImpl: Filtering out scan result SH***EN, b4:**:**:**:fc:6c time diff 19117107ms
04-03 22:27:12.591 2635 3059 D WificondScannerImpl: Filtering out scan result OL***YL, 00:**:**:**:06:ec time diff 9867819ms
04-03 22:27:12.591 2635 3059 D WificondScannerImpl: Filtering out scan result Ai***72, 20:**:**:**:7c:91 time diff 4987719ms
04-03 22:27:12.591 2635 3059 D WificondScannerImpl: Filtering out 13 scan results.
04-03 22:27:12.601 3836 7492 D PhoneInterfaceManager: [PhoneIntfMgr] QueryTelephonyChecker-getDataNetworkTypeForSubscriber: packageName = com.innowireless.xcal.mobile5, isGrant = true
04-03 22:27:12.602 2635 3147 D WifiManager: getScanResults check resulttrue
04-03 22:27:12.603 2635 2635 D OplusRouterBoostVendorCommImpl: isApGameDupPktSupport: mVendorCommEnabled = true, mApInfo.mApGameDupPkt = 0
04-03 22:27:12.603 2635 2635 D WN_S : receive WifiManager.SCAN_RESULTS_AVAILABLE_ACTION
04-03 22:27:12.604 2635 3024 D WakeupController: Attempted to handleScanResults while not enabled
04-03 22:27:12.607 4414 31566 I FrewleTileCacheManagerV: (REDACTED) Fetched %d AP models from cache
04-03 22:27:12.608 3270 3754 D WifiManager: getScanResults check resulttrue
04-03 22:27:12.609 4414 31652 D WifiManager: getScanResults check resulttrue
04-03 22:27:12.639 4414 5222 I fbsw : Received empty WiFi-RTT scan. [CONTEXT service_id=6 ]
04-03 22:27:12.641 2635 3967 D LocationManagerService: incoming location from: network
04-03 22:27:12.643 2635 3967 D LocationManagerService: incoming location from: network
04-03 22:27:12.657 3836 8673 D PhoneInterfaceManager: [PhoneIntfMgr] QueryTelephonyChecker-getDataNetworkTypeForSubscriber: packageName = com.innowireless.xcal.mobile5, isGrant = true
04-03 22:27:12.724 2635 2705 D OplusFeatureBrightnessBarController: mDarkLevel: 0
04-03 22:27:12.731 3836 8673 D PhoneInterfaceManager: [PhoneIntfMgr] QueryTelephonyChecker-getDataNetworkTypeForSubscriber: packageName = com.innowireless.xcal.mobile5, isGrant = true
04-03 22:27:12.784 1219 4348 I vendor.qti.bluetooth@1.0-ibs_handler: ProcessIbsCmd: Received IBS_WAKE_IND: 0xFD
04-03 22:27:12.785 1219 4348 I vendor.qti.bluetooth@1.0-ibs_handler: ProcessIbsCmd: Writing IBS_WAKE_ACK
04-03 22:27:12.800 8162 10977 D GPS : NMEA is invaild.
04-03 22:27:12.800 8162 10977 D GPS : mNMEASatelites : 6
04-03 22:27:12.806 8162 10977 D GPS : Android GPS is invaild.
04-03 22:27:12.855 3836 8673 D PhoneInterfaceManager: [PhoneIntfMgr] QueryTelephonyChecker-getDataNetworkTypeForSubscriber: packageName = com.innowireless.xcal.mobile5, isGrant = true
04-03 22:27:12.856 2635 3024 D WifiActiveModeWarden: there is no primary client manager, return the default one
04-03 22:27:12.856 2635 4007 D WifiService: getWifiEnabledState primaryClientMode is mDefaultClientModeManager
04-03 22:27:12.982 1219 4348 I vendor.qti.bluetooth@1.0-ibs_handler: ProcessIbsCmd: Received IBS_SLEEP_IND: 0xFE
04-03 22:27:13.005 1219 4348 I vendor.qti.bluetooth@1.0-ibs_handler: ProcessIbsCmd: Received IBS_WAKE_IND: 0xFD
04-03 22:27:13.006 1219 4348 I vendor.qti.bluetooth@1.0-ibs_handler: ProcessIbsCmd: Writing IBS_WAKE_ACK
04-03 22:27:13.090 1219 4348 I vendor.qti.bluetooth@1.0-ibs_handler: ProcessIbsCmd: Received IBS_SLEEP_IND: 0xFE
04-03 22:27:13.144 1219 4348 I vendor.qti.bluetooth@1.0-ibs_handler: ProcessIbsCmd: Received IBS_WAKE_IND: 0xFD
04-03 22:27:13.144 1219 4348 I vendor.qti.bluetooth@1.0-ibs_handler: ProcessIbsCmd: Writing IBS_WAKE_ACK
04-03 22:27:13.149 2635 3024 D WifiActiveModeWarden: there is no primary client manager, return the default one
04-03 22:27:13.157 2635 9199 D OplusLocationStatistics: on recordTaskMark, key: gnssReportLocation
04-03 22:27:13.157 2635 2655 D LocationManagerService: incoming location from: gps
04-03 22:27:13.164 2635 2655 D LocationManagerService: incoming location from: gps
04-03 22:27:13.164 3666 4099 D QtiRadiohidlIndication: onSignalStrengthChange: slotId = 0
04-03 22:27:13.164 3666 4099 D QtiRadioProxy: onSignalStrength slotId = 0 signalStrength = SignalStrength: Rsrp: -32768 Snr: -32768
04-03 22:27:13.165 3666 4101 D QtiRadioProxyHandler: : handleMessage msg.what = 11
04-03 22:27:13.165 3666 4101 D QtiRadioProxyHandler: : EVENT_ON_SIGNAL_STRENGTH
04-03 22:27:13.165 3666 4101 D QtiRadioProxy: onSignalStrength: Responding back for transaction = null
04-03 22:27:13.166 3881 9422 D NrNetworkService: onSignalStrength: slotId=0 token=Token: -1 status=Status: 1 signalStrength=SignalStrength: Rsrp: -32768 Snr: -32768
04-03 22:27:13.167 3666 4101 D QtiRadioProxy: onSignalStrength: Responding back for transaction = null
04-03 22:27:13.168 3666 4101 D QtiRadioProxy: onSignalStrength: Responding back for transaction = null
04-03 22:27:13.169 3836 8673 D ExtPhoneCallbackBase: UNIMPLEMENTED: onSignalStrength: slotId = 0 token = Token: -1 statusStatus: 1 signalStrength = SignalStrength: Rsrp: -32768 Snr: -32768
04-03 22:27:13.169 3666 4101 D QtiRadioProxy: onSignalStrength: Responding back for transaction = null
04-03 22:27:13.170 3836 8673 D ExtPhoneCallbackBase: UNIMPLEMENTED: onSignalStrength: slotId = 0 token = Token: -1 statusStatus: 1 signalStrength = SignalStrength: Rsrp: -32768 Snr: -32768
04-03 22:27:13.170 3666 4101 D QtiRadioProxy: onSignalStrength: Responding back for transaction = null
04-03 22:27:13.171 3836 8673 D ExtPhoneCallbackBase: UNIMPLEMENTED: onSignalStrength: slotId = 0 token = Token: -1 statusStatus: 1 signalStrength = SignalStrength: Rsrp: -32768 Snr: -32768
04-03 22:27:13.174 3666 4101 D QtiRadioProxy: onSignalStrength: Responding back for transaction = null
04-03 22:27:13.175 3836 8673 D ExtPhoneCallbackBase: UNIMPLEMENTED: onSignalStrength: slotId = 0 token = Token: -1 statusStatus: 1 signalStrength = SignalStrength: Rsrp: -32768 Snr: -32768
04-03 22:27:13.178 4414 5222 I FusedLocation: (REDACTED) location delivery to %s blocked - too close
04-03 22:27:13.179 3270 3754 D NetworkController.MobileSignalController(7): onMobileStatusChanged= updateTelephony=true mobileStatus=[activityIn=false,activityOut=false,dataSim=true,carrierNetworkChangeMode=false,dataState=2,serviceState=mVoiceRegState=0(IN_SERVICE), mDataRegState=0(IN_SERVICE),signalStrength=4,telephonyDisplayInfo=TelephonyDisplayInfo {network=LTE, override=NR_NSA}]
04-03 22:27:13.181 4414 5222 I FusedLocation: (REDACTED) location delivery to %s blocked - too fast
04-03 22:27:13.182 4414 5222 I FusedLocation: (REDACTED) location delivery to %s blocked - too close
04-03 22:27:13.184 2635 3973 D LocationManagerService: incoming location from: fused
04-03 22:27:13.184 2635 3973 D LocationManagerService: incoming location from: fused
04-03 22:27:13.195 3247 4353 W bt_l2cap: L2CAP - Calling CongestionStatus_Cb (true),CID:0x0047,XmitQ:21,Quota:20
04-03 22:27:13.195 3836 8673 D PhoneInterfaceManager: [PhoneIntfMgr] QueryTelephonyChecker-getDataNetworkTypeForSubscriber: packageName = com.innowireless.xcal.mobile5, isGrant = true
04-03 22:27:13.239 4414 31045 I NearbyMediums: Found Fast Ble Advertisements :
04-03 22:27:13.239 4414 31045 I NearbyMediums: BleAdvertisement { version=2, socketVersion=2, isFast=true, serviceIdHash=null, data=[ 0x23 0x35 0x5a 0x32 0x34 0x11 0x32 0x23 0x2e 0x87 0x63 0xc5 0xe8 0x6b 0xde 0xd8 0xb4 0xf9 0xcc 0xb0 0x7b 0xe1 0xb9 ], deviceToken=[ 0xff 0x0b ], rxAdvertisement=null } : 1 times.
04-03 22:27:13.239 4414 31045 I NearbyMediums: BleAdvertisement { version=2, socketVersion=2, isFast=true, serviceIdHash=null, data=[ 0x23 0x4a 0x32 0x52 0x54 0x11 0x34 0x28 0x68 0x0d 0xd3 0x3e 0x66 0xe1 0xda 0xb2 0x19 0xb7 0xc3 0xfb 0x59 0xab 0x39 ], deviceToken=[ 0x34 0xb6 ], rxAdvertisement=null } : 4 times.
04-03 22:27:13.239 4414 31045 I NearbyMediums: Total 5 fast advertisements from 2 unique advertisers.
04-03 22:27:13.240 4414 31045 I NearbyMediums: Found BLE GATT Advertisements :
04-03 22:27:13.240 4414 31045 I NearbyMediums: BleAdvertisement { version=2, socketVersion=2, isFast=false, serviceIdHash=[ 0xfc 0x9f 0x5e ], data=[ 0x23 0xfc 0x9f 0x5e 0x45 0x37 0x37 0x50 0x1d 0x06 0x2e 0x32 0xdb 0x0c 0x22 0x06 0xe8 0xd7 0xac 0x9e 0x48 0x95 0xe4 0x57 0x9f 0x7a 0x0b 0x50 0x72 0x61 0x74 0x69 0x6b 0x27 0x73 0x20 0x50 0x43 0x30 0x89 0x4a 0xc6 0x21 0x12 0x00 0x00 ], deviceToken=[ 0x11 0xe0 ], rxAdvertisement=null } : 10 times.
04-03 22:27:13.240 4414 31045 I NearbyMediums: Total 10 GATT advertisements from 1 unique advertisers.
04-03 22:27:13.241 5064 11036 D DebugReportServiceHidlClient: getReport 1.1...
04-03 22:27:13.241 1229 1229 E LocSvc_HIDL_DebugReportService: Invalid count: 0
04-03 22:27:13.241 1229 1229 E LocSvc_HIDL_DebugReportService: Invalid count: 0
04-03 22:27:13.241 1229 1229 E LocSvc_HIDL_DebugReportService: Invalid count: 0
04-03 22:27:13.241 1229 1229 E LocSvc_HIDL_DebugReportService: Invalid count: 0
04-03 22:27:13.242 5064 11036 D DebugReportServiceHidlClient: getReport 1.1 success: true
04-03 22:27:13.242 5064 11036 D DebugReportServiceHidlClient: getReport 1.0 success: true
04-03 22:27:13.311 3836 8673 D PhoneInterfaceManager: [PhoneIntfMgr] QueryTelephonyChecker-getDataNetworkTypeForSubscriber: packageName = com.innowireless.xcal.mobile5, isGrant = true
04-03 22:27:13.359 1219 4348 I vendor.qti.bluetooth@1.0-ibs_handler: ProcessIbsCmd: Received IBS_SLEEP_IND: 0xFE
04-03 22:27:13.363 2635 3024 D WifiActiveModeWarden: there is no primary client manager, return the default one
04-03 22:27:13.402 1219 4348 I vendor.qti.bluetooth@1.0-ibs_handler: ProcessIbsCmd: Received IBS_WAKE_IND: 0xFD
04-03 22:27:13.402 1219 4348 I vendor.qti.bluetooth@1.0-ibs_handler: ProcessIbsCmd: Writing IBS_WAKE_ACK
04-03 22:27:13.410 1255 1255 I android.hardware.thermal@2.0-service.qti: Sensor Name:shell_frametemp: 39.9. prev severity:0. cur severity:0 New severity:0
04-03 22:27:13.413 1255 1255 I android.hardware.thermal@2.0-service.qti: Sensor Name:skintemp: 42.551. prev severity:0. cur severity:3 New severity:3
04-03 22:27:13.413 1255 1255 I android.hardware.thermal@2.0-service.qti: Sensor Name:shell_fronttemp: 39.9. prev severity:0. cur severity:0 New severity:0
04-03 22:27:13.413 1255 1255 I android.hardware.thermal@2.0-service.qti: Sensor Name:shell_backtemp: 39.9. prev severity:0. cur severity:0 New severity:0
04-03 22:27:13.533 3836 8673 D PhoneInterfaceManager: [PhoneIntfMgr] QueryTelephonyChecker-getDataNetworkTypeForSubscriber: packageName = com.innowireless.xcal.mobile5, isGrant = true
04-03 22:27:13.539 3836 8673 D PhoneInterfaceManager: [PhoneIntfMgr] QueryTelephonyChecker-getDataNetworkTypeForSubscriber: packageName = com.innowireless.xcal.mobile5, isGrant = true
04-03 22:27:13.543 2635 3024 D WifiActiveModeWarden: there is no primary client manager, return the default one
04-03 22:27:13.543 2635 7201 D WifiService: getWifiEnabledState primaryClientMode is mDefaultClientModeManager
04-03 22:27:13.548 3836 20675 D PhoneInterfaceManager: [PhoneIntfMgr] QueryTelephonyChecker-getDataNetworkTypeForSubscriber: packageName = com.innowireless.xcal.mobile5, isGrant = true
04-03 22:27:13.597 1219 4348 I vendor.qti.bluetooth@1.0-ibs_handler: ProcessIbsCmd: Received IBS_SLEEP_IND: 0xFE
04-03 22:27:13.601 3836 8673 D PhoneInterfaceManager: [PhoneIntfMgr] QueryTelephonyChecker-getDataNetworkTypeForSubscriber: packageName = com.innowireless.xcal.mobile5, isGrant = true
04-03 22:27:13.623 1219 4348 I vendor.qti.bluetooth@1.0-ibs_handler: ProcessIbsCmd: Received IBS_WAKE_IND: 0xFD
04-03 22:27:13.623 1219 4348 I vendor.qti.bluetooth@1.0-ibs_handler: ProcessIbsCmd: Writing IBS_WAKE_ACK
04-03 22:27:13.624 3836 20675 D PhoneInterfaceManager: [PhoneIntfMgr] QueryTelephonyChecker-getDataNetworkTypeForSubscriber: packageName = com.innowireless.xcal.mobile5, isGrant = true
04-03 22:27:13.707 4414 31569 I NearbyMediums: Received advertisement header BleAdvertisementHeader { version=2, numSlots=2, serviceIdBloomFilter=[ 0x17 0x23 0x35 0x5a 0x32 0x34 0x11 0x32 0x23 0x2e ], advertisementHash=[ 0x87 0x63 0xc5 0xe8 ], psm=27614, supportExtendedAdvertisement=false}. Will retry reading its GATT advertisement.
04-03 22:27:13.707 4414 31569 I NearbyMediums: Not allow Gatt actions during scanning.
04-03 22:27:13.710 3836 8673 D PhoneInterfaceManager: [PhoneIntfMgr] QueryTelephonyChecker-getDataNetworkTypeForSubscriber: packageName = com.innowireless.xcal.mobile5, isGrant = true
04-03 22:27:13.731 3836 8673 D PhoneInterfaceManager: [PhoneIntfMgr] QueryTelephonyChecker-getDataNetworkTypeForSubscriber: packageName = com.innowireless.xcal.mobile5, isGrant = true
04-03 22:27:13.796 8162 10977 D GPS : NMEA is invaild.
04-03 22:27:13.796 8162 10977 D GPS : mNMEASatelites : 7
04-03 22:27:13.797 8162 10977 D GPS : Android GPS is invaild.
04-03 22:27:13.868 1219 4348 I vendor.qti.bluetooth@1.0-ibs_handler: ProcessIbsCmd: Received IBS_SLEEP_IND: 0xFE
04-03 22:27:13.915 1219 4348 I vendor.qti.bluetooth@1.0-ibs_handler: ProcessIbsCmd: Received IBS_WAKE_IND: 0xFD
04-03 22:27:13.915 1219 4348 I vendor.qti.bluetooth@1.0-ibs_handler: ProcessIbsCmd: Writing IBS_WAKE_ACK
04-03 22:27:13.936 2635 3024 D WifiActiveModeWarden: there is no primary client manager, return the default one
04-03 22:27:13.936 2635 5661 D WifiService: getWifiEnabledState primaryClientMode is mDefaultClientModeManager
04-03 22:27:13.937 4414 5588 W Settings: Setting airplane_mode_on has moved from android.provider.Settings.System to android.provider.Settings.Global, returning read-only value.
04-03 22:27:13.943 4414 31602 W SystemServiceRegistry: No service published for: wifirtt
04-03 22:27:13.954 2635 3024 D WifiActiveModeWarden: there is no primary client manager, return the default one
04-03 22:27:13.954 2635 3024 D WifiActiveModeWarden: there is no primary client manager, return the default one
04-03 22:27:14.002 4414 31611 I NearbyMediums: Received advertisement header BleAdvertisementHeader { version=2, numSlots=2, serviceIdBloomFilter=[ 0x17 0x23 0x35 0x5a 0x32 0x34 0x11 0x32 0x23 0x2e ], advertisementHash=[ 0x87 0x63 0xc5 0xe8 ], psm=27614, supportExtendedAdvertisement=false}. Will retry reading its GATT advertisement.
04-03 22:27:14.003 4414 31611 I NearbyMediums: Not allow Gatt actions during scanning.
04-03 22:27:14.151 2635 2680 D OplusLocationStatistics: on recordTaskMark, key: gnssReportLocation
04-03 22:27:14.151 2635 2655 D LocationManagerService: incoming location from: gps
04-03 22:27:14.152 2635 2655 D LocationManagerService: incoming location from: gps
04-03 22:27:14.170 4414 5222 I FusedLocation: (REDACTED) location delivery to %s blocked - too close
04-03 22:27:14.172 4414 5222 I FusedLocation: (REDACTED) location delivery to %s blocked - too close
04-03 22:27:14.173 2635 3967 D LocationManagerService: incoming location from: fused
04-03 22:27:14.173 2635 3967 D LocationManagerService: incoming location from: fused
04-03 22:27:14.187 3836 20675 D PhoneInterfaceManager: [PhoneIntfMgr] QueryTelephonyChecker-getDataNetworkTypeForSubscriber: packageName = com.innowireless.xcal.mobile5, isGrant = true
04-03 22:27:14.197 1219 4348 I vendor.qti.bluetooth@1.0-ibs_handler: ProcessIbsCmd: Received IBS_SLEEP_IND: 0xFE
04-03 22:27:14.239 4414 31652 I TFLite-in-PlayServices: Created interpreter.
04-03 22:27:14.241 5064 11036 D DebugReportServiceHidlClient: getReport 1.1...
04-03 22:27:14.241 1229 1229 E LocSvc_HIDL_DebugReportService: Invalid count: 0
04-03 22:27:14.241 1229 1229 E LocSvc_HIDL_DebugReportService: Invalid count: 0
04-03 22:27:14.241 1229 1229 E LocSvc_HIDL_DebugReportService: Invalid count: 0
04-03 22:27:14.241 1229 1229 E LocSvc_HIDL_DebugReportService: Invalid count: 0
04-03 22:27:14.242 5064 11036 D DebugReportServiceHidlClient: getReport 1.1 success: true
04-03 22:27:14.242 5064 11036 D DebugReportServiceHidlClient: getReport 1.0 success: true
04-03 22:27:14.250 4414 31652 I TFLite-in-PlayServices: Created interpreter.
04-03 22:27:14.256 4414 31652 I SemanticLocation: (REDACTED) [Inferrer] %s%s
04-03 22:27:14.277 3247 4531 D OplusBluetoothSarManager: onDataActivity() direction: 3
04-03 22:27:14.277 3247 4531 D OplusBluetoothSarManager: getBaseSarMode() isBluetoothTx: true, isCellularTx: true, is2_4GWifiTx: false, is5GWifiTx: false, isReceiverOn: false
