11-28 21:29:04.326 3887 7417 D PhoneInterfaceManager: [PhoneIntfMgr] QueryTelephonyChecker-getDataNetworkTypeForSubscriber: packageName = com.innowireless.xcal.mobile5, isGrant = true
11-28 21:29:04.328 3887 7417 D PhoneInterfaceManager: [PhoneIntfMgr] QueryTelephonyChecker-getDataNetworkTypeForSubscriber: packageName = com.innowireless.xcal.mobile5, isGrant = true
11-28 21:29:04.377 3887 5676 D PhoneInterfaceManager: [PhoneIntfMgr] QueryTelephonyChecker-getDataNetworkTypeForSubscriber: packageName = com.innowireless.xcal.mobile5, isGrant = true
11-28 21:29:04.389 3887 7417 D PhoneInterfaceManager: [PhoneIntfMgr] QueryTelephonyChecker-getDataNetworkTypeForSubscriber: packageName = com.innowireless.xcal.mobile5, isGrant = true
11-28 21:29:04.391 3887 3904 D PhoneInterfaceManager: [PhoneIntfMgr] QueryTelephonyChecker-getDataNetworkTypeForSubscriber: packageName = com.innowireless.xcal.mobile5, isGrant = true
11-28 21:29:04.393 3887 3904 D PhoneInterfaceManager: [PhoneIntfMgr] QueryTelephonyChecker-getDataNetworkTypeForSubscriber: packageName = com.innowireless.xcal.mobile5, isGrant = true
11-28 21:29:04.440 2523 2729 D OplusLocationStatistics: on recordTaskMark, key: gnssReportLocation
11-28 21:29:04.441 2523 2635 D LocationManagerService: incoming location from: gps
11-28 21:29:04.443 2523 2635 D LocationManagerService: incoming location from: gps
11-28 21:29:04.453 4443 5595 I FusedLocation: (REDACTED) location delivery to %s blocked - too close
11-28 21:29:04.453 4443 5595 I FusedLocation: (REDACTED) location delivery to %s blocked - too close
11-28 21:29:04.454 4443 5595 I FusedLocation: (REDACTED) location delivery to %s blocked - too fast
11-28 21:29:04.454 2523 5854 D LocationManagerService: incoming location from: fused
11-28 21:29:04.454 2523 5854 D LocationManagerService: incoming location from: fused
11-28 21:29:04.455 4443 5595 I FusedLocation: (REDACTED) location delivery to %s blocked - too fast
11-28 21:29:04.455 4443 5595 I FusedLocation: (REDACTED) location delivery to %s blocked - too fast
11-28 21:29:04.516 1254 1254 I android.hardware.thermal@2.0-service.qti: Sensor Name:shell_frametemp: 34.9. prev severity:0. cur severity:0 New severity:0
11-28 21:29:04.518 1254 1254 I android.hardware.thermal@2.0-service.qti: Sensor Name:skintemp: 37.95. prev severity:3. cur severity:0 New severity:0
11-28 21:29:04.518 1254 1254 I android.hardware.thermal@2.0-service.qti: Sensor Name:shell_fronttemp: 34.9. prev severity:0. cur severity:0 New severity:0
11-28 21:29:04.518 1254 1254 I android.hardware.thermal@2.0-service.qti: Sensor Name:shell_backtemp: 34.9. prev severity:0. cur severity:0 New severity:0
11-28 21:29:04.562 5266 9100 D DebugReportServiceHidlClient: getReport 1.1...
11-28 21:29:04.562 1237 1237 E LocSvc_HIDL_DebugReportService: Invalid count: 0
11-28 21:29:04.562 1237 1237 E LocSvc_HIDL_DebugReportService: Invalid count: 0
11-28 21:29:04.562 1237 1237 E LocSvc_HIDL_DebugReportService: Invalid count: 0
11-28 21:29:04.562 1237 1237 E LocSvc_HIDL_DebugReportService: Invalid count: 0
11-28 21:29:04.564 5266 9100 D DebugReportServiceHidlClient: getReport 1.1 success: true
11-28 21:29:04.564 5266 9100 D DebugReportServiceHidlClient: getReport 1.0 success: true
11-28 21:29:04.713 1218 4398 I vendor.qti.bluetooth@1.0-ibs_handler: ProcessIbsCmd: Received IBS_WAKE_IND: 0xFD
11-28 21:29:04.713 1218 4398 D vendor.qti.bluetooth@1.0-ibs_handler: SerialClockVote: vote for UART CLK ON
11-28 21:29:04.714 1218 4398 D vendor.qti.bluetooth@1.0-wake_lock: Acquire wakelock is acquired
11-28 21:29:04.714 1218 4398 I vendor.qti.bluetooth@1.0-ibs_handler: ProcessIbsCmd: Writing IBS_WAKE_ACK
11-28 21:29:04.780 8600 10913 D FTPC : getTotalBytes : 54442496 // 0 // 0
11-28 21:29:04.781 8600 10913 D AUTOCALL: ThroTimerTask doTask(...) afterPacket : 54442496
11-28 21:29:04.797 1218 4398 I vendor.qti.bluetooth@1.0-ibs_handler: ProcessIbsCmd: Received IBS_SLEEP_IND: 0xFE
11-28 21:29:04.797 1218 4398 D vendor.qti.bluetooth@1.0-ibs_handler: SerialClockVote: vote for UART CLK OFF
11-28 21:29:04.847 3887 5676 D PhoneInterfaceManager: [PhoneIntfMgr] QueryTelephonyChecker-getDataNetworkTypeForSubscriber: packageName = com.innowireless.xcal.mobile5, isGrant = true
11-28 21:29:04.849 3887 3904 D PhoneInterfaceManager: [PhoneIntfMgr] QueryTelephonyChecker-getDataNetworkTypeForSubscriber: packageName = com.innowireless.xcal.mobile5, isGrant = true
11-28 21:29:04.850 3887 7417 D PhoneInterfaceManager: [PhoneIntfMgr] QueryTelephonyChecker-getDataNetworkTypeForSubscriber: packageName = com.innowireless.xcal.mobile5, isGrant = true
11-28 21:29:04.871 8600 9108 D GPS : NMEA is invaild.
11-28 21:29:04.872 8600 9108 D GPS : mNMEASatelites : 12
11-28 21:29:04.872 8600 9108 D GPS : mGPSSatelites : 69
11-28 21:29:04.872 8600 9108 D GPS : Android GPS is vaild.
11-28 21:29:04.883 3887 5676 D PhoneInterfaceManager: [PhoneIntfMgr] QueryTelephonyChecker-getDataNetworkTypeForSubscriber: packageName = com.innowireless.xcal.mobile5, isGrant = true
11-28 21:29:04.887 3887 7417 D PhoneInterfaceManager: [PhoneIntfMgr] QueryTelephonyChecker-getDataNetworkTypeForSubscriber: packageName = com.innowireless.xcal.mobile5, isGrant = true
11-28 21:29:04.891 3887 7417 D PhoneInterfaceManager: [PhoneIntfMgr] QueryTelephonyChecker-getDataNetworkTypeForSubscriber: packageName = com.innowireless.xcal.mobile5, isGrant = true
11-28 21:29:04.894 3887 5676 D PhoneInterfaceManager: [PhoneIntfMgr] QueryTelephonyChecker-getDataNetworkTypeForSubscriber: packageName = com.innowireless.xcal.mobile5, isGrant = true
11-28 21:29:04.895 3887 7417 D PhoneInterfaceManager: [PhoneIntfMgr] QueryTelephonyChecker-getDataNetworkTypeForSubscriber: packageName = com.innowireless.xcal.mobile5, isGrant = true
11-28 21:29:04.899 3887 3904 D PhoneInterfaceManager: [PhoneIntfMgr] QueryTelephonyChecker-getDataNetworkTypeForSubscriber: packageName = com.innowireless.xcal.mobile5, isGrant = true
11-28 21:29:04.900 8600 9740 I GLThread: waiting tid=2931 mHaveEglContext: false mHaveEglSurface: false mPaused: false mHasSurface: false mSurfaceIsBad: false mWaitingForSurface: true mWidth: 0 mHeight: 0 mRequestRender: true mRenderMode: 0
11-28 21:29:04.947 1218 4202 D vendor.qti.bluetooth@1.0-wake_lock: Release wakelock is released
11-28 21:29:04.972 2523 3067 D WifiActiveModeWarden: there is no primary client manager, return the default one
11-28 21:29:04.997 3887 3904 D PhoneInterfaceManager: [PhoneIntfMgr] QueryTelephonyChecker-getDataNetworkTypeForSubscriber: packageName = com.innowireless.xcal.mobile5, isGrant = true
11-28 21:29:05.090 3887 3904 D PhoneInterfaceManager: [PhoneIntfMgr] QueryTelephonyChecker-getDataNetworkTypeForSubscriber: packageName = com.innowireless.xcal.mobile5, isGrant = true
11-28 21:29:05.122 3887 3904 D PhoneInterfaceManager: [PhoneIntfMgr] QueryTelephonyChecker-getDataNetworkTypeForSubscriber: packageName = com.innowireless.xcal.mobile5, isGrant = true
11-28 21:29:05.196 3887 3904 D PhoneInterfaceManager: [PhoneIntfMgr] QueryTelephonyChecker-getDataNetworkTypeForSubscriber: packageName = com.innowireless.xcal.mobile5, isGrant = true
11-28 21:29:05.253 3887 5676 D PhoneInterfaceManager: [PhoneIntfMgr] QueryTelephonyChecker-getDataNetworkTypeForSubscriber: packageName = com.innowireless.xcal.mobile5, isGrant = true
11-28 21:29:05.274 3887 3904 D PhoneInterfaceManager: [PhoneIntfMgr] QueryTelephonyChecker-getDataNetworkTypeForSubscriber: packageName = com.innowireless.xcal.mobile5, isGrant = true
11-28 21:29:05.278 8600 10913 D FTPC : getTotalBytes : 54504960 // 0 // 0
11-28 21:29:05.278 8600 10913 D AUTOCALL: ThroTimerTask doTask(...) afterPacket : 54504960
11-28 21:29:05.278 2523 3067 D WifiActiveModeWarden: there is no primary client manager, return the default one
11-28 21:29:05.278 2523 3324 D WifiService: getWifiEnabledState primaryClientMode is mDefaultClientModeManager
11-28 21:29:05.291 3887 3904 D PhoneInterfaceManager: [PhoneIntfMgr] QueryTelephonyChecker-getDataNetworkTypeForSubscriber: packageName = com.innowireless.xcal.mobile5, isGrant = true
11-28 21:29:05.311 1218 4398 I vendor.qti.bluetooth@1.0-ibs_handler: ProcessIbsCmd: Received IBS_WAKE_IND: 0xFD
11-28 21:29:05.311 1218 4398 D vendor.qti.bluetooth@1.0-ibs_handler: SerialClockVote: vote for UART CLK ON
11-28 21:29:05.312 1218 4398 D vendor.qti.bluetooth@1.0-wake_lock: Acquire wakelock is acquired
11-28 21:29:05.312 1218 4398 I vendor.qti.bluetooth@1.0-ibs_handler: ProcessIbsCmd: Writing IBS_WAKE_ACK
11-28 21:29:05.324 3887 5676 D PhoneInterfaceManager: [PhoneIntfMgr] QueryTelephonyChecker-getDataNetworkTypeForSubscriber: packageName = com.innowireless.xcal.mobile5, isGrant = true
11-28 21:29:05.325 3887 3904 D PhoneInterfaceManager: [PhoneIntfMgr] QueryTelephonyChecker-getDataNetworkTypeForSubscriber: packageName = com.innowireless.xcal.mobile5, isGrant = true
11-28 21:29:05.389 3887 3904 D PhoneInterfaceManager: [PhoneIntfMgr] QueryTelephonyChecker-getDataNetworkTypeForSubscriber: packageName = com.innowireless.xcal.mobile5, isGrant = true
11-28 21:29:05.390 3887 5676 D PhoneInterfaceManager: [PhoneIntfMgr] QueryTelephonyChecker-getDataNetworkTypeForSubscriber: packageName = com.innowireless.xcal.mobile5, isGrant = true
11-28 21:29:05.392 3887 7417 D PhoneInterfaceManager: [PhoneIntfMgr] QueryTelephonyChecker-getDataNetworkTypeForSubscriber: packageName = com.innowireless.xcal.mobile5, isGrant = true
11-28 21:29:05.393 1218 4398 I vendor.qti.bluetooth@1.0-ibs_handler: ProcessIbsCmd: Received IBS_SLEEP_IND: 0xFE
11-28 21:29:05.393 1218 4398 D vendor.qti.bluetooth@1.0-ibs_handler: SerialClockVote: vote for UART CLK OFF
11-28 21:29:05.459 2523 3580 D OplusLocationStatistics: on recordTaskMark, key: gnssReportLocation
11-28 21:29:05.459 2523 2635 D LocationManagerService: incoming location from: gps
11-28 21:29:05.461 2523 2635 D LocationManagerService: incoming location from: gps
11-28 21:29:05.465 4443 5595 I FusedLocation: (REDACTED) location delivery to %s blocked - too close
11-28 21:29:05.466 4443 5595 I FusedLocation: (REDACTED) location delivery to %s blocked - too close
11-28 21:29:05.467 4443 5595 I FusedLocation: (REDACTED) location delivery to %s blocked - too fast
11-28 21:29:05.468 4443 5595 I FusedLocation: (REDACTED) location delivery to %s blocked - too fast
11-28 21:29:05.468 4443 5595 I FusedLocation: (REDACTED) location delivery to %s blocked - too fast
11-28 21:29:05.469 2523 4564 D LocationManagerService: incoming location from: fused
11-28 21:29:05.469 2523 4564 D LocationManagerService: incoming location from: fused
11-28 21:29:05.520 1254 1254 I android.hardware.thermal@2.0-service.qti: Sensor Name:shell_frametemp: 34.9. prev severity:0. cur severity:0 New severity:0
11-28 21:29:05.521 1254 1254 I android.hardware.thermal@2.0-service.qti: Sensor Name:skintemp: 37.96. prev severity:3. cur severity:0 New severity:0
11-28 21:29:05.521 1254 1254 I android.hardware.thermal@2.0-service.qti: Sensor Name:shell_fronttemp: 34.9. prev severity:0. cur severity:0 New severity:0
11-28 21:29:05.521 1254 1254 I android.hardware.thermal@2.0-service.qti: Sensor Name:shell_backtemp: 34.9. prev severity:0. cur severity:0 New severity:0
11-28 21:29:05.543 1218 4202 D vendor.qti.bluetooth@1.0-wake_lock: Release wakelock is released
11-28 21:29:05.561 5266 9100 D DebugReportServiceHidlClient: getReport 1.1...
11-28 21:29:05.562 1237 1237 E LocSvc_HIDL_DebugReportService: Invalid count: 0
11-28 21:29:05.562 1237 1237 E LocSvc_HIDL_DebugReportService: Invalid count: 0
11-28 21:29:05.562 1237 1237 E LocSvc_HIDL_DebugReportService: Invalid count: 0
11-28 21:29:05.562 1237 1237 E LocSvc_HIDL_DebugReportService: Invalid count: 0
11-28 21:29:05.563 5266 9100 D DebugReportServiceHidlClient: getReport 1.1 success: true
11-28 21:29:05.563 5266 9100 D DebugReportServiceHidlClient: getReport 1.0 success: true
11-28 21:29:05.656 2523 2708 D OplusFeatureBrightnessBarController: mDarkLevel: 0
11-28 21:29:05.782 8600 10913 D FTPC : getTotalBytes : 55094272 // 0 // 0
11-28 21:29:05.783 8600 10913 D AUTOCALL: ThroTimerTask doTask(...) afterPacket : 55094272
11-28 21:29:05.847 3887 7417 D PhoneInterfaceManager: [PhoneIntfMgr] QueryTelephonyChecker-getDataNetworkTypeForSubscriber: packageName = com.innowireless.xcal.mobile5, isGrant = true
11-28 21:29:05.849 3887 3904 D PhoneInterfaceManager: [PhoneIntfMgr] QueryTelephonyChecker-getDataNetworkTypeForSubscriber: packageName = com.innowireless.xcal.mobile5, isGrant = true
11-28 21:29:05.850 3887 5676 D PhoneInterfaceManager: [PhoneIntfMgr] QueryTelephonyChecker-getDataNetworkTypeForSubscriber: packageName = com.innowireless.xcal.mobile5, isGrant = true
11-28 21:29:05.872 8600 9108 D GPS : NMEA is invaild.
11-28 21:29:05.872 8600 9108 D GPS : mNMEASatelites : 12
11-28 21:29:05.872 8600 9108 D GPS : mGPSSatelites : 70
11-28 21:29:05.872 8600 9108 D GPS : Android GPS is vaild.
11-28 21:29:05.884 3887 5676 D PhoneInterfaceManager: [PhoneIntfMgr] QueryTelephonyChecker-getDataNetworkTypeForSubscriber: packageName = com.innowireless.xcal.mobile5, isGrant = true
11-28 21:29:05.886 3887 7417 D PhoneInterfaceManager: [PhoneIntfMgr] QueryTelephonyChecker-getDataNetworkTypeForSubscriber: packageName = com.innowireless.xcal.mobile5, isGrant = true
11-28 21:29:05.890 3887 7417 D PhoneInterfaceManager: [PhoneIntfMgr] QueryTelephonyChecker-getDataNetworkTypeForSubscriber: packageName = com.innowireless.xcal.mobile5, isGrant = true
11-28 21:29:05.895 3887 7417 D PhoneInterfaceManager: [PhoneIntfMgr] QueryTelephonyChecker-getDataNetworkTypeForSubscriber: packageName = com.innowireless.xcal.mobile5, isGrant = true
11-28 21:29:05.897 3887 7417 D PhoneInterfaceManager: [PhoneIntfMgr] QueryTelephonyChecker-getDataNetworkTypeForSubscriber: packageName = com.innowireless.xcal.mobile5, isGrant = true
11-28 21:29:05.903 3887 7417 D PhoneInterfaceManager: [PhoneIntfMgr] QueryTelephonyChecker-getDataNetworkTypeForSubscriber: packageName = com.innowireless.xcal.mobile5, isGrant = true
11-28 21:29:05.908 8600 9740 I GLThread: waiting tid=2931 mHaveEglContext: false mHaveEglSurface: false mPaused: false mHasSurface: false mSurfaceIsBad: false mWaitingForSurface: true mWidth: 0 mHeight: 0 mRequestRender: true mRenderMode: 0
11-28 21:29:05.976 2523 3067 D WifiActiveModeWarden: there is no primary client manager, return the default one
11-28 21:29:05.999 3887 7417 D PhoneInterfaceManager: [PhoneIntfMgr] QueryTelephonyChecker-getDataNetworkTypeForSubscriber: packageName = com.innowireless.xcal.mobile5, isGrant = true
11-28 21:29:06.102 3887 7417 D PhoneInterfaceManager: [PhoneIntfMgr] QueryTelephonyChecker-getDataNetworkTypeForSubscriber: packageName = com.innowireless.xcal.mobile5, isGrant = true
11-28 21:29:06.128 3887 7417 D PhoneInterfaceManager: [PhoneIntfMgr] QueryTelephonyChecker-getDataNetworkTypeForSubscriber: packageName = com.innowireless.xcal.mobile5, isGrant = true
11-28 21:29:06.272 3887 5676 D PhoneInterfaceManager: [PhoneIntfMgr] QueryTelephonyChecker-getDataNetworkTypeForSubscriber: packageName = com.innowireless.xcal.mobile5, isGrant = true
11-28 21:29:06.281 8600 10913 D FTPC : getTotalBytes : 56435712 // 0 // 0
11-28 21:29:06.281 8600 10913 D AUTOCALL: ThroTimerTask doTask(...) afterPacket : 56435712
11-28 21:29:06.294 3887 5676 D PhoneInterfaceManager: [PhoneIntfMgr] QueryTelephonyChecker-getDataNetworkTypeForSubscriber: packageName = com.innowireless.xcal.mobile5, isGrant = true
11-28 21:29:06.325 3887 5676 D PhoneInterfaceManager: [PhoneIntfMgr] QueryTelephonyChecker-getDataNetworkTypeForSubscriber: packageName = com.innowireless.xcal.mobile5, isGrant = true
11-28 21:29:06.326 3887 7417 D PhoneInterfaceManager: [PhoneIntfMgr] QueryTelephonyChecker-getDataNetworkTypeForSubscriber: packageName = com.innowireless.xcal.mobile5, isGrant = true
11-28 21:29:06.337 3887 7417 D PhoneInterfaceManager: [PhoneIntfMgr] QueryTelephonyChecker-getDataNetworkTypeForSubscriber: packageName = com.innowireless.xcal.mobile5, isGrant = true
11-28 21:29:06.340 2523 3067 D WifiActiveModeWarden: there is no primary client manager, return the default one
11-28 21:29:06.340 2523 5854 D WifiService: getWifiEnabledState primaryClientMode is mDefaultClientModeManager
11-28 21:29:06.376 3887 5676 D PhoneInterfaceManager: [PhoneIntfMgr] QueryTelephonyChecker-getDataNetworkTypeForSubscriber: packageName = com.innowireless.xcal.mobile5, isGrant = true
11-28 21:29:06.389 3887 7417 D PhoneInterfaceManager: [PhoneIntfMgr] QueryTelephonyChecker-getDataNetworkTypeForSubscriber: packageName = com.innowireless.xcal.mobile5, isGrant = true
11-28 21:29:06.391 3887 7417 D PhoneInterfaceManager: [PhoneIntfMgr] QueryTelephonyChecker-getDataNetworkTypeForSubscriber: packageName = com.innowireless.xcal.mobile5, isGrant = true
11-28 21:29:06.393 3887 3904 D PhoneInterfaceManager: [PhoneIntfMgr] QueryTelephonyChecker-getDataNetworkTypeForSubscriber: packageName = com.innowireless.xcal.mobile5, isGrant = true
11-28 21:29:06.450 2523 2729 D OplusLocationStatistics: on recordTaskMark, key: gnssReportLocation
11-28 21:29:06.451 2523 2635 D LocationManagerService: incoming location from: gps
11-28 21:29:06.454 2523 2635 D LocationManagerService: incoming location from: gps
11-28 21:29:06.467 4443 5595 I FusedLocation: (REDACTED) location delivery to %s blocked - too close
11-28 21:29:06.468 4443 5595 I FusedLocation: (REDACTED) location delivery to %s blocked - too close
11-28 21:29:06.469 4443 5595 I FusedLocation: (REDACTED) location delivery to %s blocked - too fast
11-28 21:29:06.470 4443 5595 I FusedLocation: (REDACTED) location delivery to %s blocked - too fast
11-28 21:29:06.470 4443 5595 I FusedLocation: (REDACTED) location delivery to %s blocked - too fast
11-28 21:29:06.471 2523 5854 D LocationManagerService: incoming location from: fused
11-28 21:29:06.471 2523 5854 D LocationManagerService: incoming location from: fused
11-28 21:29:06.523 1254 1254 I android.hardware.thermal@2.0-service.qti: Sensor Name:shell_frametemp: 34.9. prev severity:0. cur severity:0 New severity:0
11-28 21:29:06.524 1254 1254 I android.hardware.thermal@2.0-service.qti: Sensor Name:skintemp: 37.963. prev severity:3. cur severity:0 New severity:0
11-28 21:29:06.525 1254 1254 I android.hardware.thermal@2.0-service.qti: Sensor Name:shell_fronttemp: 34.9. prev severity:0. cur severity:0 New severity:0
11-28 21:29:06.525 1254 1254 I android.hardware.thermal@2.0-service.qti: Sensor Name:shell_backtemp: 34.9. prev severity:0. cur severity:0 New severity:0
11-28 21:29:06.526 3887 3887 D TelephonyManager: requestModemActivityInfo: Sending result to app: ModemActivityInfo{ mTimestamp=37681702 mSleepTimeMs=17363292 mIdleTimeMs=7232340 mTxTimeMs[]=[333805, 28638, 10400, 9899, 3375] mRxTimeMs=12561896}
11-28 21:29:06.527 3720 3720 E ModemAciService: CatchException oemModemAci2OplusModemAci():java.lang.IndexOutOfBoundsException: Index 103 out of bounds for length 85
11-28 21:29:06.528 3720 3720 I ModemAciService: UMF LO: OplusModemActivityInfo{ date=11-28 21:29:06.527 modemPowermA[]=[127.51,122.88,132.70] sleepTimeMs=0 idleTimeMs=0 rxTimeMs=4067 5gRxTimeMs=0 txTimeMs[]=[300, 595, 47, 0, 0] 5gTxTimeMs[]=[0, 0, 0, 0, 0] techTimeMs[]=[0, 0, 0, 0, 5009, 0, 0, 0, 0] rrcConn10sC[]=[0, 0] rrcConn20sC[]=[0, 0] rrcConnMore20sC[]=[0, 0] rrcConnC[]=[0, 0] csChangedC[]=[0, 0] psChangedC[]=[0, 0] iRatC[]=[0, 0] cellUpdateC[]=[0, 0] nwSrchC[]=[0, 0] nwSrchT[]=[0, 0] lteRrcConnT[]=[5, 0] psRegT[]=[5, 0] csRegT[]=[5, 0] psNoRegT[]=[0, 5] csNoRegT[]=[0, 5] sigGrid0T[]=[0, 0] endcActT[]=[0, 0] saActT[]=[0, 0] gpsTimeMs=5009 wlanTimeMs=0 regReqFbC[]=[0, 62] regReqTransAcqDbC[]=[11, 0] saRrcConn10sC[]=[0, 0] saRrcConn20sC[]=[0, 0] saRrcConnMore20sC[]=[0, 0] saRrcConnC[]=[1559, 0] lteHoC[]=[0, 0] saHoC[]=[0, 0] saRrcConnT[]=[0, 0] lteBandDurationSim0[]=[0, 0, 0, 0, 0, 0, 0, 0, 0] lteBandDurationSim1[]=[0, 0, 0, 0, 0, 0, 0, 0, 0] nrBandDurationSim0[]=[0, 0, 0, 0, 0, 0] nrBandDurationSim1[]=[0, 0, 0, 0, 0, 0] sensorStationaryC=0 sensorStationaryT=0 modemStationaryC=0 modemStationaryT=0}
11-28 21:29:06.528 3720 3720 I ModemAciService: UMF CH: OplusModemActivityInfo{ date=11-28 21:29:06.527 modemPowermA[]=[127.51,122.88,132.70] sleepTimeMs=0 idleTimeMs=0 rxTimeMs=4067 5gRxTimeMs=0 txTimeMs[]=[300, 595, 47, 0, 0] 5gTxTimeMs[]=[0, 0, 0, 0, 0] techTimeMs[]=[0, 0, 0, 0, 5009, 0, 0, 0, 0] rrcConn10sC[]=[0, 0] rrcConn20sC[]=[0, 0] rrcConnMore20sC[]=[0, 0] rrcConnC[]=[0, 0] csChangedC[]=[0, 0] psChangedC[]=[0, 0] iRatC[]=[0, 0] cellUpdateC[]=[0, 0] nwSrchC[]=[0, 0] nwSrchT[]=[0, 0] lteRrcConnT[]=[5, 0] psRegT[]=[5, 0] csRegT[]=[5, 0] psNoRegT[]=[0, 5] csNoRegT[]=[0, 5] sigGrid0T[]=[0, 0] endcActT[]=[0, 0] saActT[]=[0, 0] gpsTimeMs=5009 wlanTimeMs=0 regReqFbC[]=[0, 62] regReqTransAcqDbC[]=[11, 0] saRrcConn10sC[]=[0, 0] saRrcConn20sC[]=[0, 0] saRrcConnMore20sC[]=[0, 0] saRrcConnC[]=[1559, 0] lteHoC[]=[0, 0] saHoC[]=[0, 0] saRrcConnT[]=[0, 0] lteBandDurationSim0[]=[0, 0, 0, 0, 0, 0, 0, 0, 0] lteBandDurationSim1[]=[0, 0, 0, 0, 0, 0, 0, 0, 0] nrBandDurationSim0[]=[0, 0, 0, 0, 0, 0] nrBandDurationSim1[]=[0, 0, 0, 0, 0, 0] sensorStationaryC=0 sensorStationaryT=0 modemStationaryC=0 modemStationaryT=0}
11-28 21:29:06.529 3720 3720 I ModemAciService: UMF LS: OplusModemActivityInfo{ date=11-28 21:29:06.527 modemPowermA[]=[127.51,122.88,132.70] sleepTimeMs=0 idleTimeMs=0 rxTimeMs=4067 5gRxTimeMs=0 txTimeMs[]=[300, 595, 47, 0, 0] 5gTxTimeMs[]=[0, 0, 0, 0, 0] techTimeMs[]=[0, 0, 0, 0, 5009, 0, 0, 0, 0] rrcConn10sC[]=[0, 0] rrcConn20sC[]=[0, 0] rrcConnMore20sC[]=[0, 0] rrcConnC[]=[0, 0] csChangedC[]=[0, 0] psChangedC[]=[0, 0] iRatC[]=[0, 0] cellUpdateC[]=[0, 0] nwSrchC[]=[0, 0] nwSrchT[]=[0, 0] lteRrcConnT[]=[5, 0] psRegT[]=[5, 0] csRegT[]=[5, 0] psNoRegT[]=[0, 5] csNoRegT[]=[0, 5] sigGrid0T[]=[0, 0] endcActT[]=[0, 0] saActT[]=[0, 0] gpsTimeMs=5009 wlanTimeMs=0 regReqFbC[]=[0, 62] regReqTransAcqDbC[]=[11, 0] saRrcConn10sC[]=[0, 0] saRrcConn20sC[]=[0, 0] saRrcConnMore20sC[]=[0, 0] saRrcConnC[]=[1559, 0] lteHoC[]=[0, 0] saHoC[]=[0, 0] saRrcConnT[]=[0, 0] lteBandDurationSim0[]=[0, 0, 0, 0, 0, 0, 0, 0, 0] lteBandDurationSim1[]=[0, 0, 0, 0, 0, 0, 0, 0, 0] nrBandDurationSim0[]=[0, 0, 0, 0, 0, 0] nrBandDurationSim1[]=[0, 0, 0, 0, 0, 0] sensorStationaryC=0 sensorStationaryT=0 modemStationaryC=0 modemStationaryT=0}
11-28 21:29:06.561 5266 9100 D DebugReportServiceHidlClient: getReport 1.1...
11-28 21:29:06.562 1237 1237 E LocSvc_HIDL_DebugReportService: Invalid count: 0
11-28 21:29:06.562 1237 1237 E LocSvc_HIDL_DebugReportService: Invalid count: 0
11-28 21:29:06.562 1237 1237 E LocSvc_HIDL_DebugReportService: Invalid count: 0
11-28 21:29:06.562 1237 1237 E LocSvc_HIDL_DebugReportService: Invalid count: 0
11-28 21:29:06.562 5266 9100 D DebugReportServiceHidlClient: getReport 1.1 success: true
11-28 21:29:06.562 5266 9100 D DebugReportServiceHidlClient: getReport 1.0 success: true
11-28 21:29:06.783 8600 10913 D FTPC : getTotalBytes : 56850432 // 0 // 0
11-28 21:29:06.783 8600 10913 D AUTOCALL: ThroTimerTask doTask(...) afterPacket : 56850432
11-28 21:29:06.848 3887 7417 D PhoneInterfaceManager: [PhoneIntfMgr] QueryTelephonyChecker-getDataNetworkTypeForSubscriber: packageName = com.innowireless.xcal.mobile5, isGrant = true
11-28 21:29:06.850 3887 5676 D PhoneInterfaceManager: [PhoneIntfMgr] QueryTelephonyChecker-getDataNetworkTypeForSubscriber: packageName = com.innowireless.xcal.mobile5, isGrant = true
11-28 21:29:06.851 3887 3904 D PhoneInterfaceManager: [PhoneIntfMgr] QueryTelephonyChecker-getDataNetworkTypeForSubscriber: packageName = com.innowireless.xcal.mobile5, isGrant = true
11-28 21:29:06.872 8600 9108 D GPS : NMEA is invaild.
11-28 21:29:06.873 8600 9108 D GPS : mNMEASatelites : 12
11-28 21:29:06.873 8600 9108 D GPS : mGPSSatelites : 69
11-28 21:29:06.873 8600 9108 D GPS : Android GPS is vaild.
11-28 21:29:06.884 3887 5676 D PhoneInterfaceManager: [PhoneIntfMgr] QueryTelephonyChecker-getDataNetworkTypeForSubscriber: packageName = com.innowireless.xcal.mobile5, isGrant = true
11-28 21:29:06.886 3887 3904 D PhoneInterfaceManager: [PhoneIntfMgr] QueryTelephonyChecker-getDataNetworkTypeForSubscriber: packageName = com.innowireless.xcal.mobile5, isGrant = true
11-28 21:29:06.889 3887 3904 D PhoneInterfaceManager: [PhoneIntfMgr] QueryTelephonyChecker-getDataNetworkTypeForSubscriber: packageName = com.innowireless.xcal.mobile5, isGrant = true
11-28 21:29:06.894 3887 3904 D PhoneInterfaceManager: [PhoneIntfMgr] QueryTelephonyChecker-getDataNetworkTypeForSubscriber: packageName = com.innowireless.xcal.mobile5, isGrant = true
11-28 21:29:06.896 3887 5676 D PhoneInterfaceManager: [PhoneIntfMgr] QueryTelephonyChecker-getDataNetworkTypeForSubscriber: packageName = com.innowireless.xcal.mobile5, isGrant = true
11-28 21:29:06.897 3887 3904 D PhoneInterfaceManager: [PhoneIntfMgr] QueryTelephonyChecker-getDataNetworkTypeForSubscriber: packageName = com.innowireless.xcal.mobile5, isGrant = true
11-28 21:29:06.900 3887 7417 D PhoneInterfaceManager: [PhoneIntfMgr] QueryTelephonyChecker-getDataNetworkTypeForSubscriber: packageName = com.innowireless.xcal.mobile5, isGrant = true
11-28 21:29:06.902 3887 7417 D PhoneInterfaceManager: [PhoneIntfMgr] QueryTelephonyChecker-getDataNetworkTypeForSubscriber: packageName = com.innowireless.xcal.mobile5, isGrant = true
11-28 21:29:06.912 8600 9740 I GLThread: waiting tid=2931 mHaveEglContext: false mHaveEglSurface: false mPaused: false mHasSurface: false mSurfaceIsBad: false mWaitingForSurface: true mWidth: 0 mHeight: 0 mRequestRender: true mRenderMode: 0
11-28 21:29:06.981 2523 3067 D WifiActiveModeWarden: there is no primary client manager, return the default one
11-28 21:29:06.999 3887 7417 D PhoneInterfaceManager: [PhoneIntfMgr] QueryTelephonyChecker-getDataNetworkTypeForSubscriber: packageName = com.innowireless.xcal.mobile5, isGrant = true
11-28 21:29:07.099 3887 7417 D PhoneInterfaceManager: [PhoneIntfMgr] QueryTelephonyChecker-getDataNetworkTypeForSubscriber: packageName = com.innowireless.xcal.mobile5, isGrant = true
11-28 21:29:07.127 3887 7417 D PhoneInterfaceManager: [PhoneIntfMgr] QueryTelephonyChecker-getDataNetworkTypeForSubscriber: packageName = com.innowireless.xcal.mobile5, isGrant = true
11-28 21:29:07.232 3887 7417 D PhoneInterfaceManager: [PhoneIntfMgr] QueryTelephonyChecker-getDataNetworkTypeForSubscriber: packageName = com.innowireless.xcal.mobile5, isGrant = true
11-28 21:29:07.281 8600 10913 D FTPC : getTotalBytes : 57422336 // 0 // 0
11-28 21:29:07.281 8600 10913 D AUTOCALL: ThroTimerTask doTask(...) afterPacket : 57422336
11-28 21:29:07.293 1218 4398 I vendor.qti.bluetooth@1.0-ibs_handler: ProcessIbsCmd: Received IBS_WAKE_IND: 0xFD
11-28 21:29:07.293 1218 4398 D vendor.qti.bluetooth@1.0-ibs_handler: SerialClockVote: vote for UART CLK ON
11-28 21:29:07.293 1218 4398 D vendor.qti.bluetooth@1.0-wake_lock: Acquire wakelock is acquired
11-28 21:29:07.293 1218 4398 I vendor.qti.bluetooth@1.0-ibs_handler: ProcessIbsCmd: Writing IBS_WAKE_ACK
11-28 21:29:07.297 3887 7417 D PhoneInterfaceManager: [PhoneIntfMgr] QueryTelephonyChecker-getDataNetworkTypeForSubscriber: packageName = com.innowireless.xcal.mobile5, isGrant = true
11-28 21:29:07.309 3887 7417 D PhoneInterfaceManager: [PhoneIntfMgr] QueryTelephonyChecker-getDataNetworkTypeForSubscriber: packageName = com.innowireless.xcal.mobile5, isGrant = true
11-28 21:29:07.327 3887 5676 D PhoneInterfaceManager: [PhoneIntfMgr] QueryTelephonyChecker-getDataNetworkTypeForSubscriber: packageName = com.innowireless.xcal.mobile5, isGrant = true
11-28 21:29:07.329 3887 3904 D PhoneInterfaceManager: [PhoneIntfMgr] QueryTelephonyChecker-getDataNetworkTypeForSubscriber: packageName = com.innowireless.xcal.mobile5, isGrant = true
11-28 21:29:07.375 1218 4398 I vendor.qti.bluetooth@1.0-ibs_handler: ProcessIbsCmd: Received IBS_SLEEP_IND: 0xFE
11-28 21:29:07.375 1218 4398 D vendor.qti.bluetooth@1.0-ibs_handler: SerialClockVote: vote for UART CLK OFF
11-28 21:29:07.389 3887 7417 D PhoneInterfaceManager: [PhoneIntfMgr] QueryTelephonyChecker-getDataNetworkTypeForSubscriber: packageName = com.innowireless.xcal.mobile5, isGrant = true
11-28 21:29:07.392 3887 7417 D PhoneInterfaceManager: [PhoneIntfMgr] QueryTelephonyChecker-getDataNetworkTypeForSubscriber: packageName = com.innowireless.xcal.mobile5, isGrant = true
11-28 21:29:07.394 3887 7417 D PhoneInterfaceManager: [PhoneIntfMgr] QueryTelephonyChecker-getDataNetworkTypeForSubscriber: packageName = com.innowireless.xcal.mobile5, isGrant = true
11-28 21:29:07.401 3887 7417 D PhoneInterfaceManager: [PhoneIntfMgr] QueryTelephonyChecker-getDataNetworkTypeForSubscriber: packageName = com.innowireless.xcal.mobile5, isGrant = true
11-28 21:29:07.403 2523 3067 D WifiActiveModeWarden: there is no primary client manager, return the default one
11-28 21:29:07.403 2523 4564 D WifiService: getWifiEnabledState primaryClientMode is mDefaultClientModeManager
11-28 21:29:07.454 2523 2708 D OplusFeatureBrightnessBarController: mDarkLevel: 0
11-28 21:29:07.457 2523 3580 D OplusLocationStatistics: on recordTaskMark, key: gnssReportLocation
11-28 21:29:07.458 2523 2635 D LocationManagerService: incoming location from: gps
11-28 21:29:07.462 2523 2635 D LocationManagerService: incoming location from: gps
11-28 21:29:07.471 4443 5595 I FusedLocation: (REDACTED) location delivery to %s blocked - too close
11-28 21:29:07.472 4443 5595 I FusedLocation: (REDACTED) location delivery to %s blocked - too close
11-28 21:29:07.473 2523 4564 D LocationManagerService: incoming location from: fused
11-28 21:29:07.473 4443 5595 I FusedLocation: (REDACTED) location delivery to %s blocked - too fast
11-28 21:29:07.473 2523 4564 D LocationManagerService: incoming location from: fused
11-28 21:29:07.473 4443 5595 I FusedLocation: (REDACTED) location delivery to %s blocked - too fast
11-28 21:29:07.473 4443 5595 I FusedLocation: (REDACTED) location delivery to %s blocked - too fast
11-28 21:29:07.525 1218 4202 D vendor.qti.bluetooth@1.0-wake_lock: Release wakelock is released
11-28 21:29:07.525 1254 1254 I android.hardware.thermal@2.0-service.qti: Sensor Name:shell_frametemp: 34.9. prev severity:0. cur severity:0 New severity:0
11-28 21:29:07.527 1254 1254 I android.hardware.thermal@2.0-service.qti: Sensor Name:skintemp: 37.95. prev severity:3. cur severity:0 New severity:0
11-28 21:29:07.527 1254 1254 I android.hardware.thermal@2.0-service.qti: Sensor Name:shell_fronttemp: 34.9. prev severity:0. cur severity:0 New severity:0
11-28 21:29:07.527 1254 1254 I android.hardware.thermal@2.0-service.qti: Sensor Name:shell_backtemp: 34.9. prev severity:0. cur severity:0 New severity:0
11-28 21:29:07.562 5266 9100 D DebugReportServiceHidlClient: getReport 1.1...
11-28 21:29:07.563 1237 1237 E LocSvc_HIDL_DebugReportService: Invalid count: 0
11-28 21:29:07.563 1237 1237 E LocSvc_HIDL_DebugReportService: Invalid count: 0
11-28 21:29:07.563 1237 1237 E LocSvc_HIDL_DebugReportService: Invalid count: 0
11-28 21:29:07.563 1237 1237 E LocSvc_HIDL_DebugReportService: Invalid count: 0
11-28 21:29:07.564 5266 9100 D DebugReportServiceHidlClient: getReport 1.1 success: true
11-28 21:29:07.564 5266 9100 D DebugReportServiceHidlClient: getReport 1.0 success: true
11-28 21:29:07.787 8600 10913 D FTPC : getTotalBytes : 57905664 // 0 // 0
11-28 21:29:07.788 8600 10913 D AUTOCALL: ThroTimerTask doTask(...) afterPacket : 57905664
11-28 21:29:07.846 3887 7417 D PhoneInterfaceManager: [PhoneIntfMgr] QueryTelephonyChecker-getDataNetworkTypeForSubscriber: packageName = com.innowireless.xcal.mobile5, isGrant = true
11-28 21:29:07.848 3887 3904 D PhoneInterfaceManager: [PhoneIntfMgr] QueryTelephonyChecker-getDataNetworkTypeForSubscriber: packageName = com.innowireless.xcal.mobile5, isGrant = true
11-28 21:29:07.849 3887 5676 D PhoneInterfaceManager: [PhoneIntfMgr] QueryTelephonyChecker-getDataNetworkTypeForSubscriber: packageName = com.innowireless.xcal.mobile5, isGrant = true
11-28 21:29:07.873 8600 9108 D GPS : NMEA is invaild.
11-28 21:29:07.873 8600 9108 D GPS : mNMEASatelites : 12
11-28 21:29:07.873 8600 9108 D GPS : mGPSSatelites : 68
11-28 21:29:07.873 8600 9108 D GPS : Android GPS is vaild.
11-28 21:29:07.885 3887 3904 D PhoneInterfaceManager: [PhoneIntfMgr] QueryTelephonyChecker-getDataNetworkTypeForSubscriber: packageName = com.innowireless.xcal.mobile5, isGrant = true
11-28 21:29:07.887 3887 5676 D PhoneInterfaceManager: [PhoneIntfMgr] QueryTelephonyChecker-getDataNetworkTypeForSubscriber: packageName = com.innowireless.xcal.mobile5, isGrant = true
11-28 21:29:07.891 3887 5676 D PhoneInterfaceManager: [PhoneIntfMgr] QueryTelephonyChecker-getDataNetworkTypeForSubscriber: packageName = com.innowireless.xcal.mobile5, isGrant = true
11-28 21:29:07.895 3887 5676 D PhoneInterfaceManager: [PhoneIntfMgr] QueryTelephonyChecker-getDataNetworkTypeForSubscriber: packageName = com.innowireless.xcal.mobile5, isGrant = true
11-28 21:29:07.897 3887 3904 D PhoneInterfaceManager: [PhoneIntfMgr] QueryTelephonyChecker-getDataNetworkTypeForSubscriber: packageName = com.innowireless.xcal.mobile5, isGrant = true
11-28 21:29:07.901 3887 3904 D PhoneInterfaceManager: [PhoneIntfMgr] QueryTelephonyChecker-getDataNetworkTypeForSubscriber: packageName = com.innowireless.xcal.mobile5, isGrant = true
11-28 21:29:07.902 8600 8600 D Solo3Charging: Solo3ChargingManager.setBatteryCapacity() capacity : 72 isVoiceCall : false chargingMode : 0
11-28 21:29:07.902 8600 8600 D Solo3Charging: Solo3ChargingManager.setBatteryCapacity() condition : (else)
11-28 21:29:07.966 1218 4398 I vendor.qti.bluetooth@1.0-ibs_handler: ProcessIbsCmd: Received IBS_WAKE_IND: 0xFD
11-28 21:29:07.967 1218 4398 D vendor.qti.bluetooth@1.0-ibs_handler: SerialClockVote: vote for UART CLK ON
11-28 21:29:07.967 1218 4398 D vendor.qti.bluetooth@1.0-wake_lock: Acquire wakelock is acquired
11-28 21:29:07.968 1218 4398 I vendor.qti.bluetooth@1.0-ibs_handler: ProcessIbsCmd: Writing IBS_WAKE_ACK
11-28 21:29:07.984 2523 3067 D WifiActiveModeWarden: there is no primary client manager, return the default one
11-28 21:29:07.997 3887 3904 D PhoneInterfaceManager: [PhoneIntfMgr] QueryTelephonyChecker-getDataNetworkTypeForSubscriber: packageName = com.innowireless.xcal.mobile5, isGrant = true
11-28 21:29:08.049 1218 4398 I vendor.qti.bluetooth@1.0-ibs_handler: ProcessIbsCmd: Received IBS_SLEEP_IND: 0xFE
11-28 21:29:08.049 1218 4398 D vendor.qti.bluetooth@1.0-ibs_handler: SerialClockVote: vote for UART CLK OFF
11-28 21:29:08.097 3887 3904 D PhoneInterfaceManager: [PhoneIntfMgr] QueryTelephonyChecker-getDataNetworkTypeForSubscriber: packageName = com.innowireless.xcal.mobile5, isGrant = true
11-28 21:29:08.129 3887 3904 D PhoneInterfaceManager: [PhoneIntfMgr] QueryTelephonyChecker-getDataNetworkTypeForSubscriber: packageName = com.innowireless.xcal.mobile5, isGrant = true
11-28 21:29:08.199 1218 4202 D vendor.qti.bluetooth@1.0-wake_lock: Release wakelock is released
11-28 21:29:08.209 3887 7417 D PhoneInterfaceManager: [PhoneIntfMgr] QueryTelephonyChecker-getDataNetworkTypeForSubscriber: packageName = com.innowireless.xcal.mobile5, isGrant = true
11-28 21:29:08.260 3887 7417 D PhoneInterfaceManager: [PhoneIntfMgr] QueryTelephonyChecker-getDataNetworkTypeForSubscriber: packageName = com.innowireless.xcal.mobile5, isGrant = true
11-28 21:29:08.283 8600 10913 D FTPC : getTotalBytes : 58431488 // 0 // 0
11-28 21:29:08.284 8600 10913 D AUTOCALL: ThroTimerTask doTask(...) afterPacket : 58431488
11-28 21:29:08.300 3887 7417 D PhoneInterfaceManager: [PhoneIntfMgr] QueryTelephonyChecker-getDataNetworkTypeForSubscriber: packageName = com.innowireless.xcal.mobile5, isGrant = true
11-28 21:29:08.328 3887 7417 D PhoneInterfaceManager: [PhoneIntfMgr] QueryTelephonyChecker-getDataNetworkTypeForSubscriber: packageName = com.innowireless.xcal.mobile5, isGrant = true
11-28 21:29:08.330 3887 3904 D PhoneInterfaceManager: [PhoneIntfMgr] QueryTelephonyChecker-getDataNetworkTypeForSubscriber: packageName = com.innowireless.xcal.mobile5, isGrant = true
11-28 21:29:08.390 3887 3904 D PhoneInterfaceManager: [PhoneIntfMgr] QueryTelephonyChecker-getDataNetworkTypeForSubscriber: packageName = com.innowireless.xcal.mobile5, isGrant = true
11-28 21:29:08.393 3887 3904 D PhoneInterfaceManager: [PhoneIntfMgr] QueryTelephonyChecker-getDataNetworkTypeForSubscriber: packageName = com.innowireless.xcal.mobile5, isGrant = true
11-28 21:29:08.395 3887 3904 D PhoneInterfaceManager: [PhoneIntfMgr] QueryTelephonyChecker-getDataNetworkTypeForSubscriber: packageName = com.innowireless.xcal.mobile5, isGrant = true
11-28 21:29:08.454 2523 3045 D OplusLocationStatistics: on recordTaskMark, key: gnssReportLocation
11-28 21:29:08.455 2523 2635 D LocationManagerService: incoming location from: gps
11-28 21:29:08.457 2523 2635 D LocationManagerService: incoming location from: gps
11-28 21:29:08.461 3887 3904 D PhoneInterfaceManager: [PhoneIntfMgr] QueryTelephonyChecker-getDataNetworkTypeForSubscriber: packageName = com.innowireless.xcal.mobile5, isGrant = true
11-28 21:29:08.463 2523 3067 D WifiActiveModeWarden: there is no primary client manager, return the default one
11-28 21:29:08.463 2523 5854 D WifiService: getWifiEnabledState primaryClientMode is mDefaultClientModeManager
11-28 21:29:08.468 4443 5595 I FusedLocation: (REDACTED) location delivery to %s blocked - too close
11-28 21:29:08.468 4443 5595 I FusedLocation: (REDACTED) location delivery to %s blocked - too close
11-28 21:29:08.469 4443 5595 I FusedLocation: (REDACTED) location delivery to %s blocked - too fast
11-28 21:29:08.469 2523 5854 D LocationManagerService: incoming location from: fused
11-28 21:29:08.469 2523 5854 D LocationManagerService: incoming location from: fused
11-28 21:29:08.469 4443 5595 I FusedLocation: (REDACTED) location delivery to %s blocked - too fast
11-28 21:29:08.470 4443 5595 I FusedLocation: (REDACTED) location delivery to %s blocked - too fast
11-28 21:29:08.528 1254 1254 I android.hardware.thermal@2.0-service.qti: Sensor Name:shell_frametemp: 34.9. prev severity:0. cur severity:0 New severity:0
11-28 21:29:08.530 1254 1254 I android.hardware.thermal@2.0-service.qti: Sensor Name:skintemp: 37.967. prev severity:3. cur severity:0 New severity:0
11-28 21:29:08.530 1254 1254 I android.hardware.thermal@2.0-service.qti: Sensor Name:shell_fronttemp: 34.9. prev severity:0. cur severity:0 New severity:0
11-28 21:29:08.530 1254 1254 I android.hardware.thermal@2.0-service.qti: Sensor Name:shell_backtemp: 34.9. prev severity:0. cur severity:0 New severity:0
11-28 21:29:08.563 5266 9100 D DebugReportServiceHidlClient: getReport 1.1...
11-28 21:29:08.564 1237 1237 E LocSvc_HIDL_DebugReportService: Invalid count: 0
11-28 21:29:08.564 1237 1237 E LocSvc_HIDL_DebugReportService: Invalid count: 0
11-28 21:29:08.564 1237 1237 E LocSvc_HIDL_DebugReportService: Invalid count: 0
11-28 21:29:08.564 1237 1237 E LocSvc_HIDL_DebugReportService: Invalid count: 0
11-28 21:29:08.565 5266 9100 D DebugReportServiceHidlClient: getReport 1.1 success: true
11-28 21:29:08.565 5266 9100 D DebugReportServiceHidlClient: getReport 1.0 success: true
11-28 21:29:08.566 1218 4398 I vendor.qti.bluetooth@1.0-ibs_handler: ProcessIbsCmd: Received IBS_WAKE_IND: 0xFD
11-28 21:29:08.566 1218 4398 D vendor.qti.bluetooth@1.0-ibs_handler: SerialClockVote: vote for UART CLK ON
11-28 21:29:08.566 1218 4398 D vendor.qti.bluetooth@1.0-wake_lock: Acquire wakelock is acquired
11-28 21:29:08.566 1218 4398 I vendor.qti.bluetooth@1.0-ibs_handler: ProcessIbsCmd: Writing IBS_WAKE_ACK
11-28 21:29:08.648 1218 4398 I vendor.qti.bluetooth@1.0-ibs_handler: ProcessIbsCmd: Received IBS_SLEEP_IND: 0xFE
11-28 21:29:08.648 1218 4398 D vendor.qti.bluetooth@1.0-ibs_handler: SerialClockVote: vote for UART CLK OFF
11-28 21:29:08.786 8600 10913 D FTPC : getTotalBytes : 58926080 // 0 // 0
11-28 21:29:08.786 8600 10913 D AUTOCALL: ThroTimerTask doTask(...) afterPacket : 58926080
11-28 21:29:08.798 1218 4202 D vendor.qti.bluetooth@1.0-wake_lock: Release wakelock is released
11-28 21:29:08.860 3887 5676 D PhoneInterfaceManager: [PhoneIntfMgr] QueryTelephonyChecker-getDataNetworkTypeForSubscriber: packageName = com.innowireless.xcal.mobile5, isGrant = true
11-28 21:29:08.861 3887 5676 D PhoneInterfaceManager: [PhoneIntfMgr] QueryTelephonyChecker-getDataNetworkTypeForSubscriber: packageName = com.innowireless.xcal.mobile5, isGrant = true
11-28 21:29:08.863 3887 5676 D PhoneInterfaceManager: [PhoneIntfMgr] QueryTelephonyChecker-getDataNetworkTypeForSubscriber: packageName = com.innowireless.xcal.mobile5, isGrant = true
11-28 21:29:08.872 8600 9108 D GPS : NMEA is invaild.
11-28 21:29:08.872 8600 9108 D GPS : mNMEASatelites : 12
11-28 21:29:08.872 8600 9108 D GPS : mGPSSatelites : 70
11-28 21:29:08.872 8600 9108 D GPS : Android GPS is vaild.
11-28 21:29:08.886 3887 5676 D PhoneInterfaceManager: [PhoneIntfMgr] QueryTelephonyChecker-getDataNetworkTypeForSubscriber: packageName = com.innowireless.xcal.mobile5, isGrant = true
11-28 21:29:08.886 3887 7417 D PhoneInterfaceManager: [PhoneIntfMgr] QueryTelephonyChecker-getDataNetworkTypeForSubscriber: packageName = com.innowireless.xcal.mobile5, isGrant = true
11-28 21:29:08.890 3887 5676 D PhoneInterfaceManager: [PhoneIntfMgr] QueryTelephonyChecker-getDataNetworkTypeForSubscriber: packageName = com.innowireless.xcal.mobile5, isGrant = true
11-28 21:29:08.894 8600 9740 I GLThread: waiting tid=2931 mHaveEglContext: false mHaveEglSurface: false mPaused: false mHasSurface: false mSurfaceIsBad: false mWaitingForSurface: true mWidth: 0 mHeight: 0 mRequestRender: true mRenderMode: 0
11-28 21:29:08.896 3887 7417 D PhoneInterfaceManager: [PhoneIntfMgr] QueryTelephonyChecker-getDataNetworkTypeForSubscriber: packageName = com.innowireless.xcal.mobile5, isGrant = true
11-28 21:29:08.898 3887 5676 D PhoneInterfaceManager: [PhoneIntfMgr] QueryTelephonyChecker-getDataNetworkTypeForSubscriber: packageName = com.innowireless.xcal.mobile5, isGrant = true
11-28 21:29:08.902 3887 7417 D PhoneInterfaceManager: [PhoneIntfMgr] QueryTelephonyChecker-getDataNetworkTypeForSubscriber: packageName = com.innowireless.xcal.mobile5, isGrant = true
11-28 21:29:08.986 2523 3067 D WifiActiveModeWarden: there is no primary client manager, return the default one
11-28 21:29:08.999 3887 7417 D PhoneInterfaceManager: [PhoneIntfMgr] QueryTelephonyChecker-getDataNetworkTypeForSubscriber: packageName = com.innowireless.xcal.mobile5, isGrant = true
11-28 21:29:09.059 1218 4398 I vendor.qti.bluetooth@1.0-ibs_handler: ProcessIbsCmd: Received IBS_WAKE_IND: 0xFD
11-28 21:29:09.059 1218 4398 D vendor.qti.bluetooth@1.0-ibs_handler: SerialClockVote: vote for UART CLK ON
11-28 21:29:09.060 1218 4398 D vendor.qti.bluetooth@1.0-wake_lock: Acquire wakelock is acquired
11-28 21:29:09.060 1218 4398 I vendor.qti.bluetooth@1.0-ibs_handler: ProcessIbsCmd: Writing IBS_WAKE_ACK
11-28 21:29:09.092 3887 7417 D PhoneInterfaceManager: [PhoneIntfMgr] QueryTelephonyChecker-getDataNetworkTypeForSubscriber: packageName = com.innowireless.xcal.mobile5, isGrant = true
11-28 21:29:09.125 3887 5676 D PhoneInterfaceManager: [PhoneIntfMgr] QueryTelephonyChecker-getDataNetworkTypeForSubscriber: packageName = com.innowireless.xcal.mobile5, isGrant = true
11-28 21:29:09.219 3887 7417 D PhoneInterfaceManager: [PhoneIntfMgr] QueryTelephonyChecker-getDataNetworkTypeForSubscriber: packageName = com.innowireless.xcal.mobile5, isGrant = true
11-28 21:29:09.252 1218 4398 I vendor.qti.bluetooth@1.0-ibs_handler: ProcessIbsCmd: Received IBS_SLEEP_IND: 0xFE
11-28 21:29:09.252 1218 4398 D vendor.qti.bluetooth@1.0-ibs_handler: SerialClockVote: vote for UART CLK OFF
11-28 21:29:09.255 2523 3067 D WifiActiveModeWarden: there is no primary client manager, return the default one
11-28 21:29:09.255 2523 5420 D WifiService: getWifiEnabledState primaryClientMode is mDefaultClientModeManager
11-28 21:29:09.255 4443 5930 W Settings: Setting airplane_mode_on has moved from android.provider.Settings.System to android.provider.Settings.Global, returning read-only value.
11-28 21:29:09.258 4443 10845 W SystemServiceRegistry: No service published for: wifirtt
11-28 21:29:09.271 2523 3067 D WifiActiveModeWarden: there is no primary client manager, return the default one
11-28 21:29:09.272 2523 3067 D WifiActiveModeWarden: there is no primary client manager, return the default one
11-28 21:29:09.288 8600 10913 D FTPC : getTotalBytes : 59472896 // 0 // 0
11-28 21:29:09.288 8600 10913 D AUTOCALL: ThroTimerTask doTask(...) afterPacket : 59472896
11-28 21:29:09.303 3887 7417 D PhoneInterfaceManager: [PhoneIntfMgr] QueryTelephonyChecker-getDataNetworkTypeForSubscriber: packageName = com.innowireless.xcal.mobile5, isGrant = true
11-28 21:29:09.313 3887 7417 D PhoneInterfaceManager: [PhoneIntfMgr] QueryTelephonyChecker-getDataNetworkTypeForSubscriber: packageName = com.innowireless.xcal.mobile5, isGrant = true
11-28 21:29:09.325 3887 5676 D PhoneInterfaceManager: [PhoneIntfMgr] QueryTelephonyChecker-getDataNetworkTypeForSubscriber: packageName = com.innowireless.xcal.mobile5, isGrant = true
11-28 21:29:09.327 3887 7417 D PhoneInterfaceManager: [PhoneIntfMgr] QueryTelephonyChecker-getDataNetworkTypeForSubscriber: packageName = com.innowireless.xcal.mobile5, isGrant = true
11-28 21:29:09.327 3303 3303 D OplusPrivacyDotViewController: scheduleUpdate:
11-28 21:29:09.391 3887 7417 D PhoneInterfaceManager: [PhoneIntfMgr] QueryTelephonyChecker-getDataNetworkTypeForSubscriber: packageName = com.innowireless.xcal.mobile5, isGrant = true
11-28 21:29:09.393 3887 7417 D PhoneInterfaceManager: [PhoneIntfMgr] QueryTelephonyChecker-getDataNetworkTypeForSubscriber: packageName = com.innowireless.xcal.mobile5, isGrant = true
11-28 21:29:09.396 3887 7417 D PhoneInterfaceManager: [PhoneIntfMgr] QueryTelephonyChecker-getDataNetworkTypeForSubscriber: packageName = com.innowireless.xcal.mobile5, isGrant = true
11-28 21:29:09.402 1218 4202 D vendor.qti.bluetooth@1.0-wake_lock: Release wakelock is released
11-28 21:29:09.409 2523 3710 I OplusHansManager : uid=10288, pkg=com.innowireless.xcal_messenger cannot transition from R to M, importance=accessibility
11-28 21:29:09.411 2523 3710 I OplusHansManager : uid=10325, pkg=org.smssecure.smssecure cannot transition from R to M, importance=sms
11-28 21:29:09.453 2523 3045 D OplusLocationStatistics: on recordTaskMark, key: gnssReportLocation
11-28 21:29:09.453 2523 2635 D LocationManagerService: incoming location from: gps
11-28 21:29:09.463 2523 2635 D LocationManagerService: incoming location from: gps
11-28 21:29:09.470 4443 5595 I FusedLocation: (REDACTED) location delivery to %s blocked - too close
11-28 21:29:09.471 4443 5595 I FusedLocation: (REDACTED) location delivery to %s blocked - too close
11-28 21:29:09.472 4443 5595 I FusedLocation: (REDACTED) location delivery to %s blocked - too fast
11-28 21:29:09.472 2523 5420 D LocationManagerService: incoming location from: fused
11-28 21:29:09.472 2523 5420 D LocationManagerService: incoming location from: fused
11-28 21:29:09.473 4443 5595 I FusedLocation: (REDACTED) location delivery to %s blocked - too fast
11-28 21:29:09.473 4443 5595 I FusedLocation: (REDACTED) location delivery to %s blocked - too fast
11-28 21:29:09.518 3887 7417 D PhoneInterfaceManager: [PhoneIntfMgr] QueryTelephonyChecker-getDataNetworkTypeForSubscriber: packageName = com.innowireless.xcal.mobile5, isGrant = true
11-28 21:29:09.520 2523 3067 D WifiActiveModeWarden: there is no primary client manager, return the default one
11-28 21:29:09.520 2523 4564 D WifiService: getWifiEnabledState primaryClientMode is mDefaultClientModeManager
11-28 21:29:09.531 1254 1254 I android.hardware.thermal@2.0-service.qti: Sensor Name:shell_frametemp: 34.9. prev severity:0. cur severity:0 New severity:0
11-28 21:29:09.533 1254 1254 I android.hardware.thermal@2.0-service.qti: Sensor Name:skintemp: 37.97. prev severity:3. cur severity:0 New severity:0
11-28 21:29:09.533 1254 1254 I android.hardware.thermal@2.0-service.qti: Sensor Name:shell_fronttemp: 34.9. prev severity:0. cur severity:0 New severity:0
11-28 21:29:09.533 1254 1254 I android.hardware.thermal@2.0-service.qti: Sensor Name:shell_backtemp: 34.9. prev severity:0. cur severity:0 New severity:0
11-28 21:29:09.564 5266 9100 D DebugReportServiceHidlClient: getReport 1.1...
11-28 21:29:09.564 1237 1237 E LocSvc_HIDL_DebugReportService: Invalid count: 0
11-28 21:29:09.564 1237 1237 E LocSvc_HIDL_DebugReportService: Invalid count: 0
11-28 21:29:09.564 1237 1237 E LocSvc_HIDL_DebugReportService: Invalid count: 0
11-28 21:29:09.564 1237 1237 E LocSvc_HIDL_DebugReportService: Invalid count: 0
11-28 21:29:09.565 5266 9100 D DebugReportServiceHidlClient: getReport 1.1 success: true
11-28 21:29:09.565 5266 9100 D DebugReportServiceHidlClient: getReport 1.0 success: true
11-28 21:29:09.722 1218 4398 I vendor.qti.bluetooth@1.0-ibs_handler: ProcessIbsCmd: Received IBS_WAKE_IND: 0xFD
11-28 21:29:09.722 1218 4398 D vendor.qti.bluetooth@1.0-ibs_handler: SerialClockVote: vote for UART CLK ON
11-28 21:29:09.722 1218 4398 D vendor.qti.bluetooth@1.0-wake_lock: Acquire wakelock is acquired
11-28 21:29:09.722 1218 4398 I vendor.qti.bluetooth@1.0-ibs_handler: ProcessIbsCmd: Writing IBS_WAKE_ACK
11-28 21:29:09.788 8600 10913 D FTPC : getTotalBytes : 59915264 // 0 // 0
11-28 21:29:09.788 8600 10913 D AUTOCALL: ThroTimerTask doTask(...) afterPacket : 59915264
11-28 21:29:09.847 3887 7417 D PhoneInterfaceManager: [PhoneIntfMgr] QueryTelephonyChecker-getDataNetworkTypeForSubscriber: packageName = com.innowireless.xcal.mobile5, isGrant = true
11-28 21:29:09.849 3887 5676 D PhoneInterfaceManager: [PhoneIntfMgr] QueryTelephonyChecker-getDataNetworkTypeForSubscriber: packageName = com.innowireless.xcal.mobile5, isGrant = true
11-28 21:29:09.850 3887 3904 D PhoneInterfaceManager: [PhoneIntfMgr] QueryTelephonyChecker-getDataNetworkTypeForSubscriber: packageName = com.innowireless.xcal.mobile5, isGrant = true
11-28 21:29:09.870 1218 4398 I vendor.qti.bluetooth@1.0-ibs_handler: ProcessIbsCmd: Received IBS_SLEEP_IND: 0xFE
