11-28 21:28:46.111 2523 3067 D WifiActiveModeWarden: there is no primary client manager, return the default one
11-28 21:28:46.111 2523 2552 D WifiService: getWifiEnabledState primaryClientMode is mDefaultClientModeManager
11-28 21:28:46.114 3887 5676 D PhoneInterfaceManager: [PhoneIntfMgr] QueryTelephonyChecker-getDataNetworkTypeForSubscriber: packageName = com.innowireless.xcal.mobile5, isGrant = true
11-28 21:28:46.117 8600 10962 D FTPC : runThread, RESP: 250 Directory successfully changed., threadNo:0
11-28 21:28:46.117 8600 10962 D AUTOCALL: Response() : 6
11-28 21:28:46.117 8600 10962 D AUTOCALL: replyCode : 250
11-28 21:28:46.117 8600 10962 D AUTOCALL: UI MSG : 250 Directory successfully changed.
11-28 21:28:46.118 8600 10962 D AUTOCALL: 250 Directory successfully changed.
11-28 21:28:46.118 8600 10961 D FTPC : File pathname 100m
11-28 21:28:46.118 8600 10961 D FTPC : Create, REPEAT - Count: 1, Delay: 0, TrafficTime: 0
11-28 21:28:46.119 8600 10961 D AUTOCALL: UI MSG : TYPE I
11-28 21:28:46.119 8600 10961 D AUTOCALL: TYPE I
11-28 21:28:46.119 8600 10961 D FTPC : SEND: TYPE I
11-28 21:28:46.153 8600 10962 D FTPC : runThread, RESP: 200 Switching to Binary mode., threadNo:0
11-28 21:28:46.153 8600 10962 D AUTOCALL: Response() : 6
11-28 21:28:46.153 8600 10962 D AUTOCALL: replyCode : 200
11-28 21:28:46.153 8600 10962 D AUTOCALL: UI MSG : 200 Switching to Binary mode.
11-28 21:28:46.154 8600 10962 D AUTOCALL: 200 Switching to Binary mode.
11-28 21:28:46.154 8600 10961 D FTPC : SIZE path 100m
11-28 21:28:46.156 8600 10961 D AUTOCALL: UI MSG : SIZE 100m
11-28 21:28:46.156 8600 10961 D AUTOCALL: SIZE 100m
11-28 21:28:46.156 8600 10961 D FTPC : SEND: SIZE 100m
11-28 21:28:46.166 1218 4398 I vendor.qti.bluetooth@1.0-ibs_handler: ProcessIbsCmd: Received IBS_WAKE_IND: 0xFD
11-28 21:28:46.166 1218 4398 D vendor.qti.bluetooth@1.0-ibs_handler: SerialClockVote: vote for UART CLK ON
11-28 21:28:46.167 1218 4398 D vendor.qti.bluetooth@1.0-wake_lock: Acquire wakelock is acquired
11-28 21:28:46.167 1218 4398 I vendor.qti.bluetooth@1.0-ibs_handler: ProcessIbsCmd: Writing IBS_WAKE_ACK
11-28 21:28:46.195 8600 10962 D FTPC : runThread, RESP: 213 104857600, threadNo:0
11-28 21:28:46.195 8600 10962 D AUTOCALL: Response() : 10
11-28 21:28:46.195 8600 10962 D AUTOCALL: replyCode : 213
11-28 21:28:46.195 8600 10962 D AUTOCALL: UI MSG : 213 104857600
11-28 21:28:46.196 8600 10962 D AUTOCALL: 213 104857600
11-28 21:28:46.200 8600 10961 D FTPC : DOWNLOAD, OnPreReceiveFile, FileSize: 104857600
11-28 21:28:46.200 8600 10961 D FTPC : DOWNLOAD, OnTransferRepeat, RepeatCount: 1
11-28 21:28:46.200 8600 10961 D FTPC : FTPObserver::OnReady
11-28 21:28:46.200 8600 10961 D AUTOCALL: Ready() - ThreadNo: 0
11-28 21:28:46.201 8600 10961 D AUTOCALL: Notify MultiThreadSession!
11-28 21:28:46.201 8600 10961 D AUTOCALL: OnDataOpenNoti(...)
11-28 21:28:46.203 8600 10961 D AUTOCALL: Traffic Setup End : 0
11-28 21:28:46.203 8600 10961 D AUTOCALL: FTPCall.TrafficStart()
11-28 21:28:46.203 8600 10961 D AUTOCALL: Traffic Start : 0
11-28 21:28:46.203 8600 10961 D AUTOCALL: UI MSG : Traffic Start
11-28 21:28:46.203 3887 5676 D PhoneInterfaceManager: [PhoneIntfMgr] QueryTelephonyChecker-getDataNetworkTypeForSubscriber: packageName = com.innowireless.xcal.mobile5, isGrant = true
11-28 21:28:46.205 3887 7417 D PhoneInterfaceManager: [PhoneIntfMgr] QueryTelephonyChecker-getDataNetworkTypeForSubscriber: packageName = com.innowireless.xcal.mobile5, isGrant = true
11-28 21:28:46.207 3887 7417 D PhoneInterfaceManager: [PhoneIntfMgr] QueryTelephonyChecker-getDataNetworkTypeForSubscriber: packageName = com.innowireless.xcal.mobile5, isGrant = true
11-28 21:28:46.210 8600 10961 D FTPC : notify, ThreadNo: 0
11-28 21:28:46.210 8600 10961 D FTPC : DOWNLOAD, OnBeginReceivingData
11-28 21:28:46.210 8600 10961 D FTPC : Connect Before Check m_totalBytes 0 m_SimChangedUntilTotalSize 0, repeat 0
11-28 21:28:46.210 8600 10961 D FTPC : PASSIVE DATA-CONNECTION
11-28 21:28:46.210 8600 10961 D AUTOCALL: UI MSG : EPSV
11-28 21:28:46.210 8600 10961 D AUTOCALL: EPSV
11-28 21:28:46.210 8600 10961 D FTPC : SEND: EPSV
11-28 21:28:46.228 3887 5676 D PhoneInterfaceManager: [PhoneIntfMgr] QueryTelephonyChecker-getDataNetworkTypeForSubscriber: packageName = com.innowireless.xcal.mobile5, isGrant = true
11-28 21:28:46.248 1218 4398 I vendor.qti.bluetooth@1.0-ibs_handler: ProcessIbsCmd: Received IBS_SLEEP_IND: 0xFE
11-28 21:28:46.248 1218 4398 D vendor.qti.bluetooth@1.0-ibs_handler: SerialClockVote: vote for UART CLK OFF
11-28 21:28:46.255 8600 10962 D FTPC : runThread, RESP: 229 Extended Passive Mode Entered (|||62540|)., threadNo:0
11-28 21:28:46.256 8600 10962 D AUTOCALL: Response() : 11
11-28 21:28:46.256 8600 10962 D AUTOCALL: replyCode : 229
11-28 21:28:46.256 8600 10962 D AUTOCALL: UI MSG : 229 Extended Passive Mode Entered (|||62540|).
11-28 21:28:46.257 8600 10962 D AUTOCALL: 229 Extended Passive Mode Entered (|||62540|).
11-28 21:28:46.258 8600 10962 D AUTOCALL: successful attempt-method a
11-28 21:28:46.293 8600 10961 D AUTOCALL: UI MSG : RETR 100m
11-28 21:28:46.294 8600 10961 D AUTOCALL: RETR 100m
11-28 21:28:46.294 8600 10961 D FTPC : SEND: RETR 100m
11-28 21:28:46.304 3887 7417 D PhoneInterfaceManager: [PhoneIntfMgr] QueryTelephonyChecker-getDataNetworkTypeForSubscriber: packageName = com.innowireless.xcal.mobile5, isGrant = true
11-28 21:28:46.326 3887 7417 D PhoneInterfaceManager: [PhoneIntfMgr] QueryTelephonyChecker-getDataNetworkTypeForSubscriber: packageName = com.innowireless.xcal.mobile5, isGrant = true
11-28 21:28:46.329 3887 7417 D PhoneInterfaceManager: [PhoneIntfMgr] QueryTelephonyChecker-getDataNetworkTypeForSubscriber: packageName = com.innowireless.xcal.mobile5, isGrant = true
11-28 21:28:46.348 8600 10962 D FTPC : runThread, RESP: 150 Opening BINARY mode data connection for 100m (104857600 bytes)., threadNo:0
11-28 21:28:46.348 8600 10962 D AUTOCALL: Response() : 11
11-28 21:28:46.348 8600 10962 D AUTOCALL: replyCode : 150
11-28 21:28:46.349 8600 10962 D AUTOCALL: UI MSG : 150 Opening BINARY mode data connection for 100m (104857600 bytes).
11-28 21:28:46.349 8600 10962 D AUTOCALL: 150 Opening BINARY mode data connection for 100m (104857600 bytes).
11-28 21:28:46.350 8600 10961 E FTPC : OnPortNumber, PortNumber: 62540
11-28 21:28:46.350 8600 10961 D AUTOCALL: PortNumber() - ThreadNo.0, PortNumber.62540
11-28 21:28:46.352 8600 10961 D FTPC : IsDualSimDsdsMode
11-28 21:28:46.352 8600 10961 D FTPC : SetMultiSimChanged
11-28 21:28:46.352 8600 10961 D FTPC : FTPAutoCall.setMultiSimChanged(), state false
11-28 21:28:46.353 8600 10961 D AUTOCALL: BaseFTPCall.setMultiSimChanged(), state false, true
11-28 21:28:46.353 8600 10961 D XCAL-Mobile: DualSIMManager.setSimChangedCheckInAutoCall(), false
11-28 21:28:46.353 8600 10961 D FTPC : DSDS Connect Download
11-28 21:28:46.353 8600 8897 D XCAL-Native: setFTPPortNumber() - Start, PortNumber: 62540
11-28 21:28:46.353 8600 8897 D XCAL-Native: setFTPPortNumber() - End
11-28 21:28:46.355 8600 10962 D AUTOCALL: successful attempt-method b
11-28 21:28:46.383 3887 7417 D PhoneInterfaceManager: [PhoneIntfMgr] QueryTelephonyChecker-getDataNetworkTypeForSubscriber: packageName = com.innowireless.xcal.mobile5, isGrant = true
11-28 21:28:46.385 3887 7417 D PhoneInterfaceManager: [PhoneIntfMgr] QueryTelephonyChecker-getDataNetworkTypeForSubscriber: packageName = com.innowireless.xcal.mobile5, isGrant = true
11-28 21:28:46.387 3887 7417 D PhoneInterfaceManager: [PhoneIntfMgr] QueryTelephonyChecker-getDataNetworkTypeForSubscriber: packageName = com.innowireless.xcal.mobile5, isGrant = true
11-28 21:28:46.398 1218 4202 D vendor.qti.bluetooth@1.0-wake_lock: Release wakelock is released
11-28 21:28:46.433 3281 4525 D OplusBluetoothSarManager: onDataActivity() direction: 3
11-28 21:28:46.433 3281 4525 D OplusBluetoothSarManager: getBaseSarMode() isBluetoothTx: false, isCellularTx: true, is2_4GWifiTx: false, is5GWifiTx: false, isReceiverOn: false
11-28 21:28:46.433 3281 4525 D OplusBluetoothSarManager: getSarMode() baseSarMode: BT_SAR_MODE_OFF(0)
11-28 21:28:46.433 3281 4525 I OplusBluetoothSarManager: is BT_SAR_MODE_OFF or is same sar mode, keep current sar value
11-28 21:28:46.435 3303 3816 D NetworkController.MobileSignalController(4): onMobileStatusChanged= updateTelephony=false mobileStatus=[activityIn=true,activityOut=true,dataSim=true,carrierNetworkChangeMode=false,dataState=2,serviceState=mVoiceRegState=0(IN_SERVICE), mDataRegState=0(IN_SERVICE),signalStrength=4,telephonyDisplayInfo=TelephonyDisplayInfo {network=LTE, override=LTE_CA}]
11-28 21:28:46.445 1254 1254 I android.hardware.thermal@2.0-service.qti: Sensor Name:shell_frametemp: 34.7. prev severity:0. cur severity:0 New severity:0
11-28 21:28:46.446 1254 1254 I android.hardware.thermal@2.0-service.qti: Sensor Name:skintemp: 37.392. prev severity:3. cur severity:0 New severity:0
11-28 21:28:46.446 1254 1254 I android.hardware.thermal@2.0-service.qti: Sensor Name:shell_fronttemp: 34.7. prev severity:0. cur severity:0 New severity:0
11-28 21:28:46.446 1254 1254 I android.hardware.thermal@2.0-service.qti: Sensor Name:shell_backtemp: 34.7. prev severity:0. cur severity:0 New severity:0
11-28 21:28:46.455 2523 2708 D OplusFeatureBrightnessBarController: mDarkLevel: 0
11-28 21:28:46.460 2523 2729 D OplusLocationStatistics: on recordTaskMark, key: gnssReportLocation
11-28 21:28:46.460 2523 2635 D LocationManagerService: incoming location from: gps
11-28 21:28:46.463 2523 2635 D LocationManagerService: incoming location from: gps
11-28 21:28:46.469 4443 5595 I FusedLocation: (REDACTED) location delivery to %s blocked - too close
11-28 21:28:46.469 4443 5595 I FusedLocation: (REDACTED) location delivery to %s blocked - too close
11-28 21:28:46.471 4443 5595 I FusedLocation: (REDACTED) location delivery to %s blocked - too fast
11-28 21:28:46.471 4443 5595 I FusedLocation: (REDACTED) location delivery to %s blocked - too fast
11-28 21:28:46.471 4443 5595 I FusedLocation: (REDACTED) location delivery to %s blocked - too fast
11-28 21:28:46.474 3887 3887 D TelephonyManager: requestModemActivityInfo: Sending result to app: ModemActivityInfo{ mTimestamp=37661650 mSleepTimeMs=17363292 mIdleTimeMs=7232339 mTxTimeMs[]=[332330, 26267, 10323, 9899, 3375] mRxTimeMs=12545760}
11-28 21:28:46.474 2523 2552 D LocationManagerService: incoming location from: fused
11-28 21:28:46.474 2523 2552 D LocationManagerService: incoming location from: fused
11-28 21:28:46.475 3720 3720 E ModemAciService: CatchException oemModemAci2OplusModemAci():java.lang.IndexOutOfBoundsException: Index 103 out of bounds for length 85
11-28 21:28:46.478 3720 3720 I ModemAciService: UMF LO: OplusModemActivityInfo{ date=11-28 21:28:46.475 modemPowermA[]=[42.82,42.60,43.31] sleepTimeMs=7015 idleTimeMs=3749 rxTimeMs=6149 5gRxTimeMs=0 txTimeMs[]=[140, 57, 1, 0, 0] 5gTxTimeMs[]=[0, 0, 0, 0, 0] techTimeMs[]=[0, 0, 0, 0, 6347, 0, 0, 0, 0] rrcConn10sC[]=[0, 0] rrcConn20sC[]=[0, 0] rrcConnMore20sC[]=[0, 0] rrcConnC[]=[0, 0] csChangedC[]=[0, 0] psChangedC[]=[0, 0] iRatC[]=[0, 0] cellUpdateC[]=[0, 0] nwSrchC[]=[0, 0] nwSrchT[]=[0, 0] lteRrcConnT[]=[17, 0] psRegT[]=[17, 0] csRegT[]=[17, 0] psNoRegT[]=[0, 17] csNoRegT[]=[0, 17] sigGrid0T[]=[0, 0] endcActT[]=[0, 0] saActT[]=[0, 0] gpsTimeMs=17111 wlanTimeMs=1767 regReqFbC[]=[0, 62] regReqTransAcqDbC[]=[11, 0] saRrcConn10sC[]=[0, 0] saRrcConn20sC[]=[0, 0] saRrcConnMore20sC[]=[0, 0] saRrcConnC[]=[1539, 0] lteHoC[]=[0, 0] saHoC[]=[0, 0] saRrcConnT[]=[0, 0] lteBandDurationSim0[]=[0, 0, 0, 0, 0, 0, 0, 0, 0] lteBandDurationSim1[]=[0, 0, 0, 0, 0, 0, 0, 0, 0] nrBandDurationSim0[]=[0, 0, 0, 0, 0, 0] nrBandDurationSim1[]=[0, 0, 0, 0, 0, 0] sensorStationaryC=0 sensorStationaryT=0 modemStationaryC=0 modemStationaryT=0}
11-28 21:28:46.479 3720 3720 I ModemAciService: UMF CH: OplusModemActivityInfo{ date=11-28 21:28:46.475 modemPowermA[]=[42.82,42.60,43.31] sleepTimeMs=7015 idleTimeMs=3749 rxTimeMs=6149 5gRxTimeMs=0 txTimeMs[]=[140, 57, 1, 0, 0] 5gTxTimeMs[]=[0, 0, 0, 0, 0] techTimeMs[]=[0, 0, 0, 0, 6347, 0, 0, 0, 0] rrcConn10sC[]=[0, 0] rrcConn20sC[]=[0, 0] rrcConnMore20sC[]=[0, 0] rrcConnC[]=[0, 0] csChangedC[]=[0, 0] psChangedC[]=[0, 0] iRatC[]=[0, 0] cellUpdateC[]=[0, 0] nwSrchC[]=[0, 0] nwSrchT[]=[0, 0] lteRrcConnT[]=[17, 0] psRegT[]=[17, 0] csRegT[]=[17, 0] psNoRegT[]=[0, 17] csNoRegT[]=[0, 17] sigGrid0T[]=[0, 0] endcActT[]=[0, 0] saActT[]=[0, 0] gpsTimeMs=17111 wlanTimeMs=1767 regReqFbC[]=[0, 62] regReqTransAcqDbC[]=[11, 0] saRrcConn10sC[]=[0, 0] saRrcConn20sC[]=[0, 0] saRrcConnMore20sC[]=[0, 0] saRrcConnC[]=[1539, 0] lteHoC[]=[0, 0] saHoC[]=[0, 0] saRrcConnT[]=[0, 0] lteBandDurationSim0[]=[0, 0, 0, 0, 0, 0, 0, 0, 0] lteBandDurationSim1[]=[0, 0, 0, 0, 0, 0, 0, 0, 0] nrBandDurationSim0[]=[0, 0, 0, 0, 0, 0] nrBandDurationSim1[]=[0, 0, 0, 0, 0, 0] sensorStationaryC=0 sensorStationaryT=0 modemStationaryC=0 modemStationaryT=0}
11-28 21:28:46.480 3303 3816 I BaseMobileSignalControllerExt: showDataIcon:true
11-28 21:28:46.481 3720 3720 I ModemAciService: UMF LS: OplusModemActivityInfo{ date=11-28 21:28:46.475 modemPowermA[]=[42.82,42.60,43.31] sleepTimeMs=7015 idleTimeMs=3749 rxTimeMs=6149 5gRxTimeMs=0 txTimeMs[]=[140, 57, 1, 0, 0] 5gTxTimeMs[]=[0, 0, 0, 0, 0] techTimeMs[]=[0, 0, 0, 0, 6347, 0, 0, 0, 0] rrcConn10sC[]=[0, 0] rrcConn20sC[]=[0, 0] rrcConnMore20sC[]=[0, 0] rrcConnC[]=[0, 0] csChangedC[]=[0, 0] psChangedC[]=[0, 0] iRatC[]=[0, 0] cellUpdateC[]=[0, 0] nwSrchC[]=[0, 0] nwSrchT[]=[0, 0] lteRrcConnT[]=[17, 0] psRegT[]=[17, 0] csRegT[]=[17, 0] psNoRegT[]=[0, 17] csNoRegT[]=[0, 17] sigGrid0T[]=[0, 0] endcActT[]=[0, 0] saActT[]=[0, 0] gpsTimeMs=17111 wlanTimeMs=1767 regReqFbC[]=[0, 62] regReqTransAcqDbC[]=[11, 0] saRrcConn10sC[]=[0, 0] saRrcConn20sC[]=[0, 0] saRrcConnMore20sC[]=[0, 0] saRrcConnC[]=[1539, 0] lteHoC[]=[0, 0] saHoC[]=[0, 0] saRrcConnT[]=[0, 0] lteBandDurationSim0[]=[0, 0, 0, 0, 0, 0, 0, 0, 0] lteBandDurationSim1[]=[0, 0, 0, 0, 0, 0, 0, 0, 0] nrBandDurationSim0[]=[0, 0, 0, 0, 0, 0] nrBandDurationSim1[]=[0, 0, 0, 0, 0, 0] sensorStationaryC=0 sensorStationaryT=0 modemStationaryC=0 modemStationaryT=0}
11-28 21:28:46.511 2105 2280 D QmiClient: qmiServiceEventCallback recv msg id 74
11-28 21:28:46.512 2105 2280 D QmiDsdClient: enter - onQmiServiceEventCallback msgId 74
11-28 21:28:46.512 2105 2280 D QmiDsdClientEvent: qmiDsdClientNotifyLteCellInfoChangeEvent - RADIO_EVENT_LTE_CELL_INFO_CHANGE_IND
11-28 21:28:46.512 2105 2105 D DsdProxy: handleMessage msg is 2201
11-28 21:28:46.512 2105 2105 D DsdProxy: handleLteCellInfoChangeInd for instance 0
11-28 21:28:46.513 3933 4018 D SubsysRadioIndication: radioLteCAInfoInd
11-28 21:28:46.513 3933 3933 D QtiCellularNetwork: handleLteCaInfoChanged 0
11-28 21:28:46.555 5266 9100 D DebugReportServiceHidlClient: getReport 1.1...
11-28 21:28:46.555 1237 1237 E LocSvc_HIDL_DebugReportService: Invalid count: 0
11-28 21:28:46.555 1237 1237 E LocSvc_HIDL_DebugReportService: Invalid count: 0
11-28 21:28:46.555 1237 1237 E LocSvc_HIDL_DebugReportService: Invalid count: 0
11-28 21:28:46.555 1237 1237 E LocSvc_HIDL_DebugReportService: Invalid count: 0
11-28 21:28:46.556 5266 9100 D DebugReportServiceHidlClient: getReport 1.1 success: true
11-28 21:28:46.556 5266 9100 D DebugReportServiceHidlClient: getReport 1.0 success: true
11-28 21:28:46.581 2523 3152 E OplusNetworkStackManager: callback len = 2
11-28 21:28:46.581 2523 3152 D OLK : INetworkScoreCallback() better = true, score = 100
11-28 21:28:46.582 3933 9694 E OplusNetworkStackManager: callback len = 1
11-28 21:28:46.582 3887 7417 E OplusNetworkStackManager: callback len = 1
11-28 21:28:46.620 2523 3710 I OplusHansManager : uid=10266, pkg=com.innowireless.xcal.smart4g can transition from M to F
11-28 21:28:46.620 2523 3710 I OplusHansManager : uid=10266, pkg=com.innowireless.xcal.smart4g F enter()
11-28 21:28:46.623 2523 3710 I OplusHansManager : freeze uid: 10266 com.innowireless.xcal.smart4g pids: [31287] scene: LcdOn
11-28 21:28:46.652 2523 2695 D OplusThermalStats: REPORT_UPDATE_CPU -> phoneTemp:348 preHeatThreshold:400
11-28 21:28:46.654 8600 8600 D Solo3Charging: Solo3ChargingManager.setBatteryCapacity() capacity : 72 isVoiceCall : false chargingMode : 0
11-28 21:28:46.655 8600 8600 D Solo3Charging: Solo3ChargingManager.setBatteryCapacity() condition : (else)
11-28 21:28:46.668 3840 3840 D DeviceInfoHidlClient: isRadioOn()=true
11-28 21:28:46.669 3840 3840 I DeviceInfoHidlClient: isPowerInfoNeverSent=false batteryLevel=72 batteryLevelIndex=2 chargingMode=2 totalCapacity=3319400 powerSaveMode=false
11-28 21:28:46.741 8600 10913 D FTPC : getTotalBytes : 751616 // 0 // 0
11-28 21:28:46.741 8600 10913 D AUTOCALL: ThroTimerTask doTask(...) afterPacket : 751616
11-28 21:28:46.766 1218 4398 I vendor.qti.bluetooth@1.0-ibs_handler: ProcessIbsCmd: Received IBS_WAKE_IND: 0xFD
11-28 21:28:46.766 1218 4398 D vendor.qti.bluetooth@1.0-ibs_handler: SerialClockVote: vote for UART CLK ON
11-28 21:28:46.767 1218 4398 D vendor.qti.bluetooth@1.0-wake_lock: Acquire wakelock is acquired
11-28 21:28:46.767 1218 4398 I vendor.qti.bluetooth@1.0-ibs_handler: ProcessIbsCmd: Writing IBS_WAKE_ACK
11-28 21:28:46.846 3887 7417 D PhoneInterfaceManager: [PhoneIntfMgr] QueryTelephonyChecker-getDataNetworkTypeForSubscriber: packageName = com.innowireless.xcal.mobile5, isGrant = true
11-28 21:28:46.848 1218 4398 I vendor.qti.bluetooth@1.0-ibs_handler: ProcessIbsCmd: Received IBS_SLEEP_IND: 0xFE
11-28 21:28:46.848 1218 4398 D vendor.qti.bluetooth@1.0-ibs_handler: SerialClockVote: vote for UART CLK OFF
11-28 21:28:46.849 3887 5676 D PhoneInterfaceManager: [PhoneIntfMgr] QueryTelephonyChecker-getDataNetworkTypeForSubscriber: packageName = com.innowireless.xcal.mobile5, isGrant = true
11-28 21:28:46.852 3887 7417 D PhoneInterfaceManager: [PhoneIntfMgr] QueryTelephonyChecker-getDataNetworkTypeForSubscriber: packageName = com.innowireless.xcal.mobile5, isGrant = true
11-28 21:28:46.863 8600 9108 D GPS : NMEA is invaild.
11-28 21:28:46.863 8600 9108 D GPS : mNMEASatelites : 12
11-28 21:28:46.863 8600 9108 D GPS : mGPSSatelites : 69
11-28 21:28:46.863 8600 9108 D GPS : Android GPS is vaild.
11-28 21:28:46.865 3887 7417 D PhoneInterfaceManager: [PhoneIntfMgr] QueryTelephonyChecker-getDataNetworkTypeForSubscriber: packageName = com.innowireless.xcal.mobile5, isGrant = true
11-28 21:28:46.885 3887 7417 D PhoneInterfaceManager: [PhoneIntfMgr] QueryTelephonyChecker-getDataNetworkTypeForSubscriber: packageName = com.innowireless.xcal.mobile5, isGrant = true
11-28 21:28:46.886 3887 7417 D PhoneInterfaceManager: [PhoneIntfMgr] QueryTelephonyChecker-getDataNetworkTypeForSubscriber: packageName = com.innowireless.xcal.mobile5, isGrant = true
11-28 21:28:46.889 3887 7417 D PhoneInterfaceManager: [PhoneIntfMgr] QueryTelephonyChecker-getDataNetworkTypeForSubscriber: packageName = com.innowireless.xcal.mobile5, isGrant = true
11-28 21:28:46.890 3887 5676 D PhoneInterfaceManager: [PhoneIntfMgr] QueryTelephonyChecker-getDataNetworkTypeForSubscriber: packageName = com.innowireless.xcal.mobile5, isGrant = true
11-28 21:28:46.892 3887 5676 D PhoneInterfaceManager: [PhoneIntfMgr] QueryTelephonyChecker-getDataNetworkTypeForSubscriber: packageName = com.innowireless.xcal.mobile5, isGrant = true
11-28 21:28:46.894 3887 5676 D PhoneInterfaceManager: [PhoneIntfMgr] QueryTelephonyChecker-getDataNetworkTypeForSubscriber: packageName = com.innowireless.xcal.mobile5, isGrant = true
11-28 21:28:46.897 3887 5676 D PhoneInterfaceManager: [PhoneIntfMgr] QueryTelephonyChecker-getDataNetworkTypeForSubscriber: packageName = com.innowireless.xcal.mobile5, isGrant = true
11-28 21:28:46.897 8600 9740 I GLThread: waiting tid=2931 mHaveEglContext: false mHaveEglSurface: false mPaused: false mHasSurface: false mSurfaceIsBad: false mWaitingForSurface: true mWidth: 0 mHeight: 0 mRequestRender: true mRenderMode: 0
11-28 21:28:46.920 2523 3067 D WifiActiveModeWarden: there is no primary client manager, return the default one
11-28 21:28:46.993 3887 5676 D PhoneInterfaceManager: [PhoneIntfMgr] QueryTelephonyChecker-getDataNetworkTypeForSubscriber: packageName = com.innowireless.xcal.mobile5, isGrant = true
11-28 21:28:46.998 1218 4202 D vendor.qti.bluetooth@1.0-wake_lock: Release wakelock is released
11-28 21:28:47.086 3887 5676 D PhoneInterfaceManager: [PhoneIntfMgr] QueryTelephonyChecker-getDataNetworkTypeForSubscriber: packageName = com.innowireless.xcal.mobile5, isGrant = true
11-28 21:28:47.119 3887 5676 D PhoneInterfaceManager: [PhoneIntfMgr] QueryTelephonyChecker-getDataNetworkTypeForSubscriber: packageName = com.innowireless.xcal.mobile5, isGrant = true
11-28 21:28:47.182 3887 5676 D PhoneInterfaceManager: [PhoneIntfMgr] QueryTelephonyChecker-getDataNetworkTypeForSubscriber: packageName = com.innowireless.xcal.mobile5, isGrant = true
11-28 21:28:47.184 2523 3067 D WifiActiveModeWarden: there is no primary client manager, return the default one
11-28 21:28:47.184 2523 2552 D WifiService: getWifiEnabledState primaryClientMode is mDefaultClientModeManager
11-28 21:28:47.214 3887 7417 D PhoneInterfaceManager: [PhoneIntfMgr] QueryTelephonyChecker-getDataNetworkTypeForSubscriber: packageName = com.innowireless.xcal.mobile5, isGrant = true
11-28 21:28:47.231 3887 5676 D PhoneInterfaceManager: [PhoneIntfMgr] QueryTelephonyChecker-getDataNetworkTypeForSubscriber: packageName = com.innowireless.xcal.mobile5, isGrant = true
11-28 21:28:47.237 8600 10913 D FTPC : getTotalBytes : 2249216 // 0 // 0
11-28 21:28:47.237 8600 10913 D AUTOCALL: ThroTimerTask doTask(...) afterPacket : 2249216
11-28 21:28:47.304 3887 7417 D PhoneInterfaceManager: [PhoneIntfMgr] QueryTelephonyChecker-getDataNetworkTypeForSubscriber: packageName = com.innowireless.xcal.mobile5, isGrant = true
11-28 21:28:47.327 3887 7417 D PhoneInterfaceManager: [PhoneIntfMgr] QueryTelephonyChecker-getDataNetworkTypeForSubscriber: packageName = com.innowireless.xcal.mobile5, isGrant = true
11-28 21:28:47.329 3887 5676 D PhoneInterfaceManager: [PhoneIntfMgr] QueryTelephonyChecker-getDataNetworkTypeForSubscriber: packageName = com.innowireless.xcal.mobile5, isGrant = true
11-28 21:28:47.383 3887 5676 D PhoneInterfaceManager: [PhoneIntfMgr] QueryTelephonyChecker-getDataNetworkTypeForSubscriber: packageName = com.innowireless.xcal.mobile5, isGrant = true
11-28 21:28:47.386 3887 5676 D PhoneInterfaceManager: [PhoneIntfMgr] QueryTelephonyChecker-getDataNetworkTypeForSubscriber: packageName = com.innowireless.xcal.mobile5, isGrant = true
11-28 21:28:47.389 3887 5676 D PhoneInterfaceManager: [PhoneIntfMgr] QueryTelephonyChecker-getDataNetworkTypeForSubscriber: packageName = com.innowireless.xcal.mobile5, isGrant = true
11-28 21:28:47.410 1218 4398 I vendor.qti.bluetooth@1.0-ibs_handler: ProcessIbsCmd: Received IBS_WAKE_IND: 0xFD
11-28 21:28:47.410 1218 4398 D vendor.qti.bluetooth@1.0-ibs_handler: SerialClockVote: vote for UART CLK ON
11-28 21:28:47.411 1218 4398 D vendor.qti.bluetooth@1.0-wake_lock: Acquire wakelock is acquired
11-28 21:28:47.411 1218 4398 I vendor.qti.bluetooth@1.0-ibs_handler: ProcessIbsCmd: Writing IBS_WAKE_ACK
11-28 21:28:47.450 1254 1254 I android.hardware.thermal@2.0-service.qti: Sensor Name:shell_frametemp: 34.7. prev severity:0. cur severity:0 New severity:0
11-28 21:28:47.451 1254 1254 I android.hardware.thermal@2.0-service.qti: Sensor Name:skintemp: 37.379. prev severity:3. cur severity:0 New severity:0
11-28 21:28:47.451 1254 1254 I android.hardware.thermal@2.0-service.qti: Sensor Name:shell_fronttemp: 34.7. prev severity:0. cur severity:0 New severity:0
11-28 21:28:47.452 1254 1254 I android.hardware.thermal@2.0-service.qti: Sensor Name:shell_backtemp: 34.7. prev severity:0. cur severity:0 New severity:0
11-28 21:28:47.454 2523 2708 D OplusFeatureBrightnessBarController: mDarkLevel: 0
11-28 21:28:47.456 2523 3580 D OplusLocationStatistics: on recordTaskMark, key: gnssReportLocation
11-28 21:28:47.457 2523 2635 D LocationManagerService: incoming location from: gps
11-28 21:28:47.461 2523 2635 D LocationManagerService: incoming location from: gps
11-28 21:28:47.469 4443 5595 I FusedLocation: (REDACTED) location delivery to %s blocked - too close
11-28 21:28:47.470 4443 5595 I FusedLocation: (REDACTED) location delivery to %s blocked - too close
11-28 21:28:47.471 4443 5595 I FusedLocation: (REDACTED) location delivery to %s blocked - too fast
11-28 21:28:47.471 2523 5420 D LocationManagerService: incoming location from: fused
11-28 21:28:47.471 2523 5420 D LocationManagerService: incoming location from: fused
11-28 21:28:47.472 4443 5595 I FusedLocation: (REDACTED) location delivery to %s blocked - too fast
11-28 21:28:47.472 4443 5595 I FusedLocation: (REDACTED) location delivery to %s blocked - too fast
11-28 21:28:47.493 1218 4398 I vendor.qti.bluetooth@1.0-ibs_handler: ProcessIbsCmd: Received IBS_SLEEP_IND: 0xFE
11-28 21:28:47.493 1218 4398 D vendor.qti.bluetooth@1.0-ibs_handler: SerialClockVote: vote for UART CLK OFF
11-28 21:28:47.555 5266 9100 D DebugReportServiceHidlClient: getReport 1.1...
11-28 21:28:47.556 1237 1237 E LocSvc_HIDL_DebugReportService: Invalid count: 0
11-28 21:28:47.556 1237 1237 E LocSvc_HIDL_DebugReportService: Invalid count: 0
11-28 21:28:47.556 1237 1237 E LocSvc_HIDL_DebugReportService: Invalid count: 0
11-28 21:28:47.556 1237 1237 E LocSvc_HIDL_DebugReportService: Invalid count: 0
11-28 21:28:47.557 5266 9100 D DebugReportServiceHidlClient: getReport 1.1 success: true
11-28 21:28:47.557 5266 9100 D DebugReportServiceHidlClient: getReport 1.0 success: true
11-28 21:28:47.644 1218 4202 D vendor.qti.bluetooth@1.0-wake_lock: Release wakelock is released
11-28 21:28:47.750 8600 10913 D FTPC : getTotalBytes : 3383808 // 0 // 0
11-28 21:28:47.751 8600 10913 D AUTOCALL: ThroTimerTask doTask(...) afterPacket : 3383808
11-28 21:28:47.845 3887 5676 D PhoneInterfaceManager: [PhoneIntfMgr] QueryTelephonyChecker-getDataNetworkTypeForSubscriber: packageName = com.innowireless.xcal.mobile5, isGrant = true
11-28 21:28:47.849 3887 5676 D PhoneInterfaceManager: [PhoneIntfMgr] QueryTelephonyChecker-getDataNetworkTypeForSubscriber: packageName = com.innowireless.xcal.mobile5, isGrant = true
11-28 21:28:47.852 3887 7417 D PhoneInterfaceManager: [PhoneIntfMgr] QueryTelephonyChecker-getDataNetworkTypeForSubscriber: packageName = com.innowireless.xcal.mobile5, isGrant = true
11-28 21:28:47.860 8600 8600 I Quality : Skipped: true 1 cost 17.424833 refreshRate 0 processName com.innowireless.xcal.mobile5
11-28 21:28:47.863 8600 9108 D GPS : NMEA is invaild.
11-28 21:28:47.863 8600 9108 D GPS : mNMEASatelites : 12
11-28 21:28:47.867 8600 9108 D GPS : mGPSSatelites : 70
11-28 21:28:47.867 3887 7417 D PhoneInterfaceManager: [PhoneIntfMgr] QueryTelephonyChecker-getDataNetworkTypeForSubscriber: packageName = com.innowireless.xcal.mobile5, isGrant = true
11-28 21:28:47.868 8600 9108 D GPS : Android GPS is vaild.
11-28 21:28:47.885 3887 7417 D PhoneInterfaceManager: [PhoneIntfMgr] QueryTelephonyChecker-getDataNetworkTypeForSubscriber: packageName = com.innowireless.xcal.mobile5, isGrant = true
11-28 21:28:47.887 3887 7417 D PhoneInterfaceManager: [PhoneIntfMgr] QueryTelephonyChecker-getDataNetworkTypeForSubscriber: packageName = com.innowireless.xcal.mobile5, isGrant = true
11-28 21:28:47.889 3887 7417 D PhoneInterfaceManager: [PhoneIntfMgr] QueryTelephonyChecker-getDataNetworkTypeForSubscriber: packageName = com.innowireless.xcal.mobile5, isGrant = true
11-28 21:28:47.891 3887 5676 D PhoneInterfaceManager: [PhoneIntfMgr] QueryTelephonyChecker-getDataNetworkTypeForSubscriber: packageName = com.innowireless.xcal.mobile5, isGrant = true
11-28 21:28:47.894 3887 5676 D PhoneInterfaceManager: [PhoneIntfMgr] QueryTelephonyChecker-getDataNetworkTypeForSubscriber: packageName = com.innowireless.xcal.mobile5, isGrant = true
11-28 21:28:47.902 8600 9740 I GLThread: waiting tid=2931 mHaveEglContext: false mHaveEglSurface: false mPaused: false mHasSurface: false mSurfaceIsBad: false mWaitingForSurface: true mWidth: 0 mHeight: 0 mRequestRender: true mRenderMode: 0
11-28 21:28:47.923 2523 3067 D WifiActiveModeWarden: there is no primary client manager, return the default one
11-28 21:28:47.994 3887 5676 D PhoneInterfaceManager: [PhoneIntfMgr] QueryTelephonyChecker-getDataNetworkTypeForSubscriber: packageName = com.innowireless.xcal.mobile5, isGrant = true
11-28 21:28:48.018 1218 4398 I vendor.qti.bluetooth@1.0-ibs_handler: ProcessIbsCmd: Received IBS_WAKE_IND: 0xFD
11-28 21:28:48.018 1218 4398 D vendor.qti.bluetooth@1.0-ibs_handler: SerialClockVote: vote for UART CLK ON
11-28 21:28:48.019 1218 4398 D vendor.qti.bluetooth@1.0-wake_lock: Acquire wakelock is acquired
11-28 21:28:48.019 1218 4398 I vendor.qti.bluetooth@1.0-ibs_handler: ProcessIbsCmd: Writing IBS_WAKE_ACK
11-28 21:28:48.085 3887 5676 D PhoneInterfaceManager: [PhoneIntfMgr] QueryTelephonyChecker-getDataNetworkTypeForSubscriber: packageName = com.innowireless.xcal.mobile5, isGrant = true
11-28 21:28:48.099 1218 4398 I vendor.qti.bluetooth@1.0-ibs_handler: ProcessIbsCmd: Received IBS_SLEEP_IND: 0xFE
11-28 21:28:48.100 1218 4398 D vendor.qti.bluetooth@1.0-ibs_handler: SerialClockVote: vote for UART CLK OFF
11-28 21:28:48.108 2523 2523 D Intent : disableDeathOnFileUriExposure com.google.android.apps.photos
11-28 21:28:48.117 3887 5676 D PhoneInterfaceManager: [PhoneIntfMgr] QueryTelephonyChecker-getDataNetworkTypeForSubscriber: packageName = com.innowireless.xcal.mobile5, isGrant = true
11-28 21:28:48.158 2523 3456 W UriGrantsManagerService: No permission grants found for com.google.android.apps.photos
11-28 21:28:48.158 2523 3456 W UriGrantsManagerService: No permission grants found for com.google.android.apps.photos
11-28 21:28:48.222 3887 3904 D PhoneInterfaceManager: [PhoneIntfMgr] QueryTelephonyChecker-getDataNetworkTypeForSubscriber: packageName = com.innowireless.xcal.mobile5, isGrant = true
11-28 21:28:48.231 3887 7417 D PhoneInterfaceManager: [PhoneIntfMgr] QueryTelephonyChecker-getDataNetworkTypeForSubscriber: packageName = com.innowireless.xcal.mobile5, isGrant = true
11-28 21:28:48.234 2523 3067 D WifiActiveModeWarden: there is no primary client manager, return the default one
11-28 21:28:48.234 2523 3324 D WifiService: getWifiEnabledState primaryClientMode is mDefaultClientModeManager
11-28 21:28:48.234 3887 7417 D PhoneInterfaceManager: [PhoneIntfMgr] QueryTelephonyChecker-getDataNetworkTypeForSubscriber: packageName = com.innowireless.xcal.mobile5, isGrant = true
11-28 21:28:48.241 8600 10913 D FTPC : getTotalBytes : 4984320 // 0 // 0
11-28 21:28:48.241 8600 10913 D AUTOCALL: ThroTimerTask doTask(...) afterPacket : 4984320
11-28 21:28:48.250 1218 4202 D vendor.qti.bluetooth@1.0-wake_lock: Release wakelock is released
11-28 21:28:48.273 3887 7417 D PhoneInterfaceManager: [PhoneIntfMgr] QueryTelephonyChecker-getDataNetworkTypeForSubscriber: packageName = com.innowireless.xcal.mobile5, isGrant = true
11-28 21:28:48.310 3303 3303 D SysUiState: SysUiState changed: old=131072 new=131072
11-28 21:28:48.310 3303 3303 D SysUiState: SysUiState changed: old=131072 new=131072
11-28 21:28:48.313 3303 3303 D SysUiState: SysUiState changed: old=131072 new=131072
11-28 21:28:48.313 3303 3303 D SysUiState: SysUiState changed: old=131072 new=131072
11-28 21:28:48.326 3887 3904 D PhoneInterfaceManager: [PhoneIntfMgr] QueryTelephonyChecker-getDataNetworkTypeForSubscriber: packageName = com.innowireless.xcal.mobile5, isGrant = true
11-28 21:28:48.327 3887 7417 D PhoneInterfaceManager: [PhoneIntfMgr] QueryTelephonyChecker-getDataNetworkTypeForSubscriber: packageName = com.innowireless.xcal.mobile5, isGrant = true
11-28 21:28:48.339 3303 3303 D InterruptionStateProvider: No bubble up: not allowed to bubble: 0|org.smssecure.smssecure|1338|null|10325
11-28 21:28:48.339 3303 3303 D InterruptionStateProvider: No bubble up: not allowed to bubble: 0|org.smssecure.smssecure|1358|null|10325
11-28 21:28:48.339 3303 3303 D InterruptionStateProvider: No bubble up: not allowed to bubble: 0|org.smssecure.smssecure|1371|null|10325
11-28 21:28:48.339 3303 3303 D InterruptionStateProvider: No bubble up: not allowed to bubble: 0|com.instagram.android|64278|65842864029-aa245265-6465-4ba9-af0d-2bd033eb5d99|10261
11-28 21:28:48.339 3303 3303 D InterruptionStateProvider: No bubble up: not allowed to bubble: 0|com.instagram.android|64278|newstab|65842864029_story_daily_digest&627f768c9caa5Hf548a5f9dH627f7b25fcd77H5e|10261
11-28 21:28:48.340 3303 3303 D InterruptionStateProvider: No bubble up: not allowed to bubble: 0|com.android.chrome|-1|p#https://m.facebook.com/#11732767654207804|10144
11-28 21:28:48.340 3303 3303 D InterruptionStateProvider: No bubble up: not allowed to bubble: 0|com.google.android.gm|0|gig:-1989683556:^sq_ig_i_personal|10150
11-28 21:28:48.340 3303 3303 D InterruptionStateProvider: No alerting: suppressed due to group alert behavior
11-28 21:28:48.340 3303 3303 D InterruptionStateProvider: No bubble up: not allowed to bubble: 0|com.innowireless.xcal.mobile5|191121|null|10394
11-28 21:28:48.340 3303 3303 D InterruptionStateProvider: No bubble up: not allowed to bubble: 0|com.xm.daemon|1|null|10273
11-28 21:28:48.340 6918 6920 E IHansComunication: HANS printMessageBody: RCVed message body: type = 0, port = 86870, caller_pid = 2523, caller_uid = 1000, target_pid = 31287, target_uid = 10266, pkg_cmd = -1
11-28 21:28:48.340 3303 3303 D InterruptionStateProvider: No bubble up: not allowed to bubble: 0|com.android.systemui|10005|null|10185
11-28 21:28:48.340 3303 3303 D InterruptionStateProvider: No bubble up: not allowed to bubble: 0|com.android.systemui|10004|null|10185
11-28 21:28:48.342 2523 3719 I OplusHansManager : unfreeze uid: 10266 com.innowireless.xcal.smart4g pids: [31287] reason: AsyncBinder scene: LcdOn
11-28 21:28:48.344 2523 3710 I OplusHansManager : uid=10266, pkg=com.innowireless.xcal.smart4g, transition from Frozen to Middle, reason=AsyncBinder
11-28 21:28:48.344 2523 3710 I OplusHansManager : uid=10266, pkg=com.innowireless.xcal.smart4g F exit(), reason=AsyncBinder
11-28 21:28:48.344 2523 4922 D OplusProxyWakeLock: remove uid: 10266 wiht all pids from wakelockUidInfo list
11-28 21:28:48.358 31464 31464 W TimedProcessReaper: Memory state is: 125
11-28 21:28:48.370 2523 3456 W UriGrantsManagerService: No permission grants found for com.google.android.apps.photos
11-28 21:28:48.371 2523 3456 W UriGrantsManagerService: No permission grants found for com.google.android.apps.photos
11-28 21:28:48.382 3887 7417 D PhoneInterfaceManager: [PhoneIntfMgr] QueryTelephonyChecker-getDataNetworkTypeForSubscriber: packageName = com.innowireless.xcal.mobile5, isGrant = true
11-28 21:28:48.384 3887 3904 D PhoneInterfaceManager: [PhoneIntfMgr] QueryTelephonyChecker-getDataNetworkTypeForSubscriber: packageName = com.innowireless.xcal.mobile5, isGrant = true
11-28 21:28:48.385 3887 5074 D PhoneInterfaceManager: [PhoneIntfMgr] QueryTelephonyChecker-getDataNetworkTypeForSubscriber: packageName = com.innowireless.xcal.mobile5, isGrant = true
11-28 21:28:48.406 2523 3456 W UriGrantsManagerService: No permission grants found for com.google.android.apps.photos
11-28 21:28:48.406 2523 3456 W UriGrantsManagerService: No permission grants found for com.google.android.apps.photos
11-28 21:28:48.444 2523 3580 D OplusLocationStatistics: on recordTaskMark, key: gnssReportLocation
11-28 21:28:48.444 2523 2635 D LocationManagerService: incoming location from: gps
11-28 21:28:48.452 1254 1254 I android.hardware.thermal@2.0-service.qti: Sensor Name:shell_frametemp: 34.7. prev severity:0. cur severity:0 New severity:0
11-28 21:28:48.453 1254 1254 I android.hardware.thermal@2.0-service.qti: Sensor Name:skintemp: 37.402. prev severity:3. cur severity:0 New severity:0
11-28 21:28:48.453 1254 1254 I android.hardware.thermal@2.0-service.qti: Sensor Name:shell_fronttemp: 34.7. prev severity:0. cur severity:0 New severity:0
11-28 21:28:48.453 1254 1254 I android.hardware.thermal@2.0-service.qti: Sensor Name:shell_backtemp: 34.7. prev severity:0. cur severity:0 New severity:0
11-28 21:28:48.454 2523 2635 D LocationManagerService: incoming location from: gps
11-28 21:28:48.463 4443 5595 I FusedLocation: (REDACTED) location delivery to %s blocked - too close
11-28 21:28:48.463 4443 5595 I FusedLocation: (REDACTED) location delivery to %s blocked - too close
11-28 21:28:48.465 4443 5595 I FusedLocation: (REDACTED) location delivery to %s blocked - too fast
11-28 21:28:48.466 4443 5595 I FusedLocation: (REDACTED) location delivery to %s blocked - too fast
11-28 21:28:48.466 4443 5595 I FusedLocation: (REDACTED) location delivery to %s blocked - too fast
11-28 21:28:48.467 2523 3433 D LocationManagerService: incoming location from: fused
11-28 21:28:48.468 2523 3433 D LocationManagerService: incoming location from: fused
11-28 21:28:48.554 5266 9100 D DebugReportServiceHidlClient: getReport 1.1...
11-28 21:28:48.555 1237 1237 E LocSvc_HIDL_DebugReportService: Invalid count: 0
11-28 21:28:48.555 1237 1237 E LocSvc_HIDL_DebugReportService: Invalid count: 0
11-28 21:28:48.555 1237 1237 E LocSvc_HIDL_DebugReportService: Invalid count: 0
11-28 21:28:48.555 1237 1237 E LocSvc_HIDL_DebugReportService: Invalid count: 0
11-28 21:28:48.555 5266 9100 D DebugReportServiceHidlClient: getReport 1.1 success: true
11-28 21:28:48.555 5266 9100 D DebugReportServiceHidlClient: getReport 1.0 success: true
11-28 21:28:48.627 6918 5993 D IHansComunication: HansComunication::configCheckedUid-- 10266, type = 0
11-28 21:28:48.627 6918 5993 D IHansComunication: HANS sendMessageToKernel: threadId = 530591591600, netLinkSetup = 1, type = FROZEN_TRANS, targetUid = 10266, pkgCmd = PKG_CMD_MAX
11-28 21:28:48.645 1218 4398 I vendor.qti.bluetooth@1.0-ibs_handler: ProcessIbsCmd: Received IBS_WAKE_IND: 0xFD
11-28 21:28:48.645 1218 4398 D vendor.qti.bluetooth@1.0-ibs_handler: SerialClockVote: vote for UART CLK ON
11-28 21:28:48.646 1218 4398 D vendor.qti.bluetooth@1.0-wake_lock: Acquire wakelock is acquired
11-28 21:28:48.646 1218 4398 I vendor.qti.bluetooth@1.0-ibs_handler: ProcessIbsCmd: Writing IBS_WAKE_ACK
11-28 21:28:48.727 1218 4398 I vendor.qti.bluetooth@1.0-ibs_handler: ProcessIbsCmd: Received IBS_SLEEP_IND: 0xFE
11-28 21:28:48.727 1218 4398 D vendor.qti.bluetooth@1.0-ibs_handler: SerialClockVote: vote for UART CLK OFF
11-28 21:28:48.746 8600 10913 D FTPC : getTotalBytes : 6785024 // 0 // 0
11-28 21:28:48.746 8600 10913 D AUTOCALL: ThroTimerTask doTask(...) afterPacket : 6785024
11-28 21:28:48.846 3887 3904 D PhoneInterfaceManager: [PhoneIntfMgr] QueryTelephonyChecker-getDataNetworkTypeForSubscriber: packageName = com.innowireless.xcal.mobile5, isGrant = true
11-28 21:28:48.848 3887 5074 D PhoneInterfaceManager: [PhoneIntfMgr] QueryTelephonyChecker-getDataNetworkTypeForSubscriber: packageName = com.innowireless.xcal.mobile5, isGrant = true
11-28 21:28:48.849 3887 7417 D PhoneInterfaceManager: [PhoneIntfMgr] QueryTelephonyChecker-getDataNetworkTypeForSubscriber: packageName = com.innowireless.xcal.mobile5, isGrant = true
11-28 21:28:48.855 2523 2708 D OplusFeatureBrightnessBarController: mDarkLevel: 0
11-28 21:28:48.864 8600 9108 D GPS : NMEA is invaild.
11-28 21:28:48.864 8600 9108 D GPS : mNMEASatelites : 12
11-28 21:28:48.864 8600 9108 D GPS : mGPSSatelites : 70
11-28 21:28:48.864 8600 9108 D GPS : Android GPS is vaild.
11-28 21:28:48.866 3887 7417 D PhoneInterfaceManager: [PhoneIntfMgr] QueryTelephonyChecker-getDataNetworkTypeForSubscriber: packageName = com.innowireless.xcal.mobile5, isGrant = true
11-28 21:28:48.878 1218 4202 D vendor.qti.bluetooth@1.0-wake_lock: Release wakelock is released
11-28 21:28:48.886 3887 7417 D PhoneInterfaceManager: [PhoneIntfMgr] QueryTelephonyChecker-getDataNetworkTypeForSubscriber: packageName = com.innowireless.xcal.mobile5, isGrant = true
11-28 21:28:48.889 3887 7417 D PhoneInterfaceManager: [PhoneIntfMgr] QueryTelephonyChecker-getDataNetworkTypeForSubscriber: packageName = com.innowireless.xcal.mobile5, isGrant = true
11-28 21:28:48.892 3887 7417 D PhoneInterfaceManager: [PhoneIntfMgr] QueryTelephonyChecker-getDataNetworkTypeForSubscriber: packageName = com.innowireless.xcal.mobile5, isGrant = true
11-28 21:28:48.894 3887 7417 D PhoneInterfaceManager: [PhoneIntfMgr] QueryTelephonyChecker-getDataNetworkTypeForSubscriber: packageName = com.innowireless.xcal.mobile5, isGrant = true
11-28 21:28:48.899 3887 7417 D PhoneInterfaceManager: [PhoneIntfMgr] QueryTelephonyChecker-getDataNetworkTypeForSubscriber: packageName = com.innowireless.xcal.mobile5, isGrant = true
11-28 21:28:48.924 2523 3067 D WifiActiveModeWarden: there is no primary client manager, return the default one
11-28 21:28:48.996 3887 7417 D PhoneInterfaceManager: [PhoneIntfMgr] QueryTelephonyChecker-getDataNetworkTypeForSubscriber: packageName = com.innowireless.xcal.mobile5, isGrant = true
11-28 21:28:49.093 3887 7417 D PhoneInterfaceManager: [PhoneIntfMgr] QueryTelephonyChecker-getDataNetworkTypeForSubscriber: packageName = com.innowireless.xcal.mobile5, isGrant = true
11-28 21:28:49.112 3887 3904 D PhoneInterfaceManager: [PhoneIntfMgr] QueryTelephonyChecker-getDataNetworkTypeForSubscriber: packageName = com.innowireless.xcal.mobile5, isGrant = true
11-28 21:28:49.236 3887 3904 D PhoneInterfaceManager: [PhoneIntfMgr] QueryTelephonyChecker-getDataNetworkTypeForSubscriber: packageName = com.innowireless.xcal.mobile5, isGrant = true
11-28 21:28:49.242 2523 3067 D WifiActiveModeWarden: there is no primary client manager, return the default one
11-28 21:28:49.242 2523 3456 D WifiService: getWifiEnabledState primaryClientMode is mDefaultClientModeManager
11-28 21:28:49.243 8600 10913 D FTPC : getTotalBytes : 8328192 // 0 // 0
11-28 21:28:49.243 8600 10913 D AUTOCALL: ThroTimerTask doTask(...) afterPacket : 8328192
11-28 21:28:49.252 4443 5930 W Settings: Setting airplane_mode_on has moved from android.provider.Settings.System to android.provider.Settings.Global, returning read-only value.
11-28 21:28:49.256 4443 10839 W SystemServiceRegistry: No service published for: wifirtt
11-28 21:28:49.258 3887 7417 D PhoneInterfaceManager: [PhoneIntfMgr] QueryTelephonyChecker-getDataNetworkTypeForSubscriber: packageName = com.innowireless.xcal.mobile5, isGrant = true
11-28 21:28:49.269 2523 3067 D WifiActiveModeWarden: there is no primary client manager, return the default one
11-28 21:28:49.269 2523 3067 D WifiActiveModeWarden: there is no primary client manager, return the default one
11-28 21:28:49.298 3887 3904 D PhoneInterfaceManager: [PhoneIntfMgr] QueryTelephonyChecker-getDataNetworkTypeForSubscriber: packageName = com.innowireless.xcal.mobile5, isGrant = true
11-28 21:28:49.299 2523 3067 D WifiActiveModeWarden: there is no primary client manager, return the default one
11-28 21:28:49.300 2523 3456 D WifiService: getWifiEnabledState primaryClientMode is mDefaultClientModeManager
11-28 21:28:49.318 3887 7417 D PhoneInterfaceManager: [PhoneIntfMgr] QueryTelephonyChecker-getDataNetworkTypeForSubscriber: packageName = com.innowireless.xcal.mobile5, isGrant = true
11-28 21:28:49.326 3887 3904 D PhoneInterfaceManager: [PhoneIntfMgr] QueryTelephonyChecker-getDataNetworkTypeForSubscriber: packageName = com.innowireless.xcal.mobile5, isGrant = true
11-28 21:28:49.327 3887 5074 D PhoneInterfaceManager: [PhoneIntfMgr] QueryTelephonyChecker-getDataNetworkTypeForSubscriber: packageName = com.innowireless.xcal.mobile5, isGrant = true
11-28 21:28:49.345 1218 4398 I vendor.qti.bluetooth@1.0-ibs_handler: ProcessIbsCmd: Received IBS_WAKE_IND: 0xFD
11-28 21:28:49.345 1218 4398 D vendor.qti.bluetooth@1.0-ibs_handler: SerialClockVote: vote for UART CLK ON
11-28 21:28:49.345 1218 4398 D vendor.qti.bluetooth@1.0-wake_lock: Acquire wakelock is acquired
11-28 21:28:49.345 1218 4398 I vendor.qti.bluetooth@1.0-ibs_handler: ProcessIbsCmd: Writing IBS_WAKE_ACK
11-28 21:28:49.347 31103 31103 D MyAccessibilityService: findChromeCloseBottonNodeInfo: parent != null -> true, 0
11-28 21:28:49.383 3887 7417 D PhoneInterfaceManager: [PhoneIntfMgr] QueryTelephonyChecker-getDataNetworkTypeForSubscriber: packageName = com.innowireless.xcal.mobile5, isGrant = true
11-28 21:28:49.384 3887 5074 D PhoneInterfaceManager: [PhoneIntfMgr] QueryTelephonyChecker-getDataNetworkTypeForSubscriber: packageName = com.innowireless.xcal.mobile5, isGrant = true
11-28 21:28:49.385 3887 5074 D PhoneInterfaceManager: [PhoneIntfMgr] QueryTelephonyChecker-getDataNetworkTypeForSubscriber: packageName = com.innowireless.xcal.mobile5, isGrant = true
11-28 21:28:49.396 2523 3710 I OplusHansManager : uid=10288, pkg=com.innowireless.xcal_messenger cannot transition from R to M, importance=accessibility
11-28 21:28:49.397 2523 3710 I OplusHansManager : uid=10325, pkg=org.smssecure.smssecure cannot transition from R to M, importance=sms
11-28 21:28:49.449 2523 2729 D OplusLocationStatistics: on recordTaskMark, key: gnssReportLocation
11-28 21:28:49.450 2523 2635 D LocationManagerService: incoming location from: gps
11-28 21:28:49.453 2523 2635 D LocationManagerService: incoming location from: gps
11-28 21:28:49.454 31103 31103 D MyAccessibilityService: findChromeCloseBottonNodeInfo: parent != null -> true, 0
11-28 21:28:49.457 1254 1254 I android.hardware.thermal@2.0-service.qti: Sensor Name:shell_frametemp: 34.8. prev severity:0. cur severity:0 New severity:0
11-28 21:28:49.458 1254 1254 I android.hardware.thermal@2.0-service.qti: Sensor Name:skintemp: 37.423. prev severity:3. cur severity:0 New severity:0
11-28 21:28:49.458 1254 1254 I android.hardware.thermal@2.0-service.qti: Sensor Name:shell_fronttemp: 34.8. prev severity:0. cur severity:0 New severity:0
11-28 21:28:49.458 1254 1254 I android.hardware.thermal@2.0-service.qti: Sensor Name:shell_backtemp: 34.8. prev severity:0. cur severity:0 New severity:0
11-28 21:28:49.460 4443 5595 I FusedLocation: (REDACTED) location delivery to %s blocked - too close
11-28 21:28:49.461 4443 5595 I FusedLocation: (REDACTED) location delivery to %s blocked - too close
11-28 21:28:49.462 4443 5595 I FusedLocation: (REDACTED) location delivery to %s blocked - too fast
11-28 21:28:49.462 1218 4398 I vendor.qti.bluetooth@1.0-ibs_handler: ProcessIbsCmd: Received IBS_SLEEP_IND: 0xFE
11-28 21:28:49.462 1218 4398 D vendor.qti.bluetooth@1.0-ibs_handler: SerialClockVote: vote for UART CLK OFF
11-28 21:28:49.462 4443 5595 I FusedLocation: (REDACTED) location delivery to %s blocked - too fast
11-28 21:28:49.463 4443 5595 I FusedLocation: (REDACTED) location delivery to %s blocked - too fast
11-28 21:28:49.463 2523 3324 D LocationManagerService: incoming location from: fused
11-28 21:28:49.463 2523 3324 D LocationManagerService: incoming location from: fused
11-28 21:28:49.549 31103 31103 D MyAccessibilityService: findChromeCloseBottonNodeInfo: parent != null -> true, 0
11-28 21:28:49.554 5266 9100 D DebugReportServiceHidlClient: getReport 1.1...
11-28 21:28:49.555 1237 1237 E LocSvc_HIDL_DebugReportService: Invalid count: 0
11-28 21:28:49.555 1237 1237 E LocSvc_HIDL_DebugReportService: Invalid count: 0
11-28 21:28:49.555 1237 1237 E LocSvc_HIDL_DebugReportService: Invalid count: 0
11-28 21:28:49.555 1237 1237 E LocSvc_HIDL_DebugReportService: Invalid count: 0
11-28 21:28:49.555 5266 9100 D DebugReportServiceHidlClient: getReport 1.1 success: true
11-28 21:28:49.555 5266 9100 D DebugReportServiceHidlClient: getReport 1.0 success: true
11-28 21:28:49.612 1218 4202 D vendor.qti.bluetooth@1.0-wake_lock: Release wakelock is released
11-28 21:28:49.658 31103 31103 D MyAccessibilityService: findChromeCloseBottonNodeInfo: parent != null -> true, 0
11-28 21:28:49.751 8600 10913 D FTPC : getTotalBytes : 9624064 // 0 // 0
11-28 21:28:49.752 8600 10913 D AUTOCALL: ThroTimerTask doTask(...) afterPacket : 9624064
11-28 21:28:49.847 3887 5676 D PhoneInterfaceManager: [PhoneIntfMgr] QueryTelephonyChecker-getDataNetworkTypeForSubscriber: packageName = com.innowireless.xcal.mobile5, isGrant = true
11-28 21:28:49.850 3887 7417 D PhoneInterfaceManager: [PhoneIntfMgr] QueryTelephonyChecker-getDataNetworkTypeForSubscriber: packageName = com.innowireless.xcal.mobile5, isGrant = true
11-28 21:28:49.852 3887 3904 D PhoneInterfaceManager: [PhoneIntfMgr] QueryTelephonyChecker-getDataNetworkTypeForSubscriber: packageName = com.innowireless.xcal.mobile5, isGrant = true
11-28 21:28:49.865 8600 9108 D GPS : NMEA is invaild.
11-28 21:28:49.865 8600 9108 D GPS : mNMEASatelites : 12
11-28 21:28:49.865 8600 9108 D GPS : mGPSSatelites : 70
11-28 21:28:49.865 8600 9108 D GPS : Android GPS is vaild.
11-28 21:28:49.868 3887 3904 D PhoneInterfaceManager: [PhoneIntfMgr] QueryTelephonyChecker-getDataNetworkTypeForSubscriber: packageName = com.innowireless.xcal.mobile5, isGrant = true
11-28 21:28:49.873 1218 4398 I vendor.qti.bluetooth@1.0-ibs_handler: ProcessIbsCmd: Received IBS_WAKE_IND: 0xFD
11-28 21:28:49.873 1218 4398 D vendor.qti.bluetooth@1.0-ibs_handler: SerialClockVote: vote for UART CLK ON
11-28 21:28:49.873 1218 4398 D vendor.qti.bluetooth@1.0-wake_lock: Acquire wakelock is acquired
11-28 21:28:49.874 1218 4398 I vendor.qti.bluetooth@1.0-ibs_handler: ProcessIbsCmd: Writing IBS_WAKE_ACK
11-28 21:28:49.876 8600 9740 I GLThread: waiting tid=2931 mHaveEglContext: false mHaveEglSurface: false mPaused: false mHasSurface: false mSurfaceIsBad: false mWaitingForSurface: true mWidth: 0 mHeight: 0 mRequestRender: true mRenderMode: 0
11-28 21:28:49.886 3887 3904 D PhoneInterfaceManager: [PhoneIntfMgr] QueryTelephonyChecker-getDataNetworkTypeForSubscriber: packageName = com.innowireless.xcal.mobile5, isGrant = true
11-28 21:28:49.889 3887 3904 D PhoneInterfaceManager: [PhoneIntfMgr] QueryTelephonyChecker-getDataNetworkTypeForSubscriber: packageName = com.innowireless.xcal.mobile5, isGrant = true
11-28 21:28:49.891 3887 3904 D PhoneInterfaceManager: [PhoneIntfMgr] QueryTelephonyChecker-getDataNetworkTypeForSubscriber: packageName = com.innowireless.xcal.mobile5, isGrant = true
11-28 21:28:49.892 3887 5676 D PhoneInterfaceManager: [PhoneIntfMgr] QueryTelephonyChecker-getDataNetworkTypeForSubscriber: packageName = com.innowireless.xcal.mobile5, isGrant = true
