11-28 21:29:28.605 1254 1254 I android.hardware.thermal@2.0-service.qti: Sensor Name:shell_frametemp: 35.1. prev severity:0. cur severity:0 New severity:0
11-28 21:29:28.607 1254 1254 I android.hardware.thermal@2.0-service.qti: Sensor Name:skintemp: 38.173. prev severity:3. cur severity:0 New severity:0
11-28 21:29:28.607 1254 1254 I android.hardware.thermal@2.0-service.qti: Sensor Name:shell_fronttemp: 35.1. prev severity:0. cur severity:0 New severity:0
11-28 21:29:28.608 1254 1254 I android.hardware.thermal@2.0-service.qti: Sensor Name:shell_backtemp: 35.1. prev severity:0. cur severity:0 New severity:0
11-28 21:29:28.631 1218 4202 D vendor.qti.bluetooth@1.0-wake_lock: Release wakelock is released
11-28 21:29:28.746 8600 10913 D FTPC : getTotalBytes : 95023616 // 0 // 0
11-28 21:29:28.746 8600 10913 D AUTOCALL: ThroTimerTask doTask(...) afterPacket : 95023616
11-28 21:29:28.853 3887 5074 D PhoneInterfaceManager: [PhoneIntfMgr] QueryTelephonyChecker-getDataNetworkTypeForSubscriber: packageName = com.innowireless.xcal.mobile5, isGrant = true
11-28 21:29:28.856 3887 7417 D PhoneInterfaceManager: [PhoneIntfMgr] QueryTelephonyChecker-getDataNetworkTypeForSubscriber: packageName = com.innowireless.xcal.mobile5, isGrant = true
11-28 21:29:28.859 3887 5074 D PhoneInterfaceManager: [PhoneIntfMgr] QueryTelephonyChecker-getDataNetworkTypeForSubscriber: packageName = com.innowireless.xcal.mobile5, isGrant = true
11-28 21:29:28.870 8600 8600 I Quality : Skipped: true 1 cost 20.909472 refreshRate 0 processName com.innowireless.xcal.mobile5
11-28 21:29:28.887 8600 9108 D GPS : NMEA is invaild.
11-28 21:29:28.887 8600 9108 D GPS : mNMEASatelites : 12
11-28 21:29:28.887 8600 9108 D GPS : mGPSSatelites : 71
11-28 21:29:28.887 8600 9108 D GPS : Android GPS is vaild.
11-28 21:29:28.890 3887 5074 D PhoneInterfaceManager: [PhoneIntfMgr] QueryTelephonyChecker-getDataNetworkTypeForSubscriber: packageName = com.innowireless.xcal.mobile5, isGrant = true
11-28 21:29:28.895 3887 5074 D PhoneInterfaceManager: [PhoneIntfMgr] QueryTelephonyChecker-getDataNetworkTypeForSubscriber: packageName = com.innowireless.xcal.mobile5, isGrant = true
11-28 21:29:28.899 3887 5074 D PhoneInterfaceManager: [PhoneIntfMgr] QueryTelephonyChecker-getDataNetworkTypeForSubscriber: packageName = com.innowireless.xcal.mobile5, isGrant = true
11-28 21:29:28.901 3887 7417 D PhoneInterfaceManager: [PhoneIntfMgr] QueryTelephonyChecker-getDataNetworkTypeForSubscriber: packageName = com.innowireless.xcal.mobile5, isGrant = true
11-28 21:29:28.905 3887 7417 D PhoneInterfaceManager: [PhoneIntfMgr] QueryTelephonyChecker-getDataNetworkTypeForSubscriber: packageName = com.innowireless.xcal.mobile5, isGrant = true
11-28 21:29:28.907 3887 5074 D PhoneInterfaceManager: [PhoneIntfMgr] QueryTelephonyChecker-getDataNetworkTypeForSubscriber: packageName = com.innowireless.xcal.mobile5, isGrant = true
11-28 21:29:28.914 8600 9740 I GLThread: waiting tid=2931 mHaveEglContext: false mHaveEglSurface: false mPaused: false mHasSurface: false mSurfaceIsBad: false mWaitingForSurface: true mWidth: 0 mHeight: 0 mRequestRender: true mRenderMode: 0
11-28 21:29:28.917 8600 8600 D Solo3Charging: Solo3ChargingManager.setBatteryCapacity() capacity : 72 isVoiceCall : false chargingMode : 0
11-28 21:29:28.918 8600 8600 D Solo3Charging: Solo3ChargingManager.setBatteryCapacity() condition : (else)
11-28 21:29:28.956 1218 4398 I vendor.qti.bluetooth@1.0-ibs_handler: ProcessIbsCmd: Received IBS_WAKE_IND: 0xFD
11-28 21:29:28.956 1218 4398 D vendor.qti.bluetooth@1.0-ibs_handler: SerialClockVote: vote for UART CLK ON
11-28 21:29:28.956 1218 4398 D vendor.qti.bluetooth@1.0-wake_lock: Acquire wakelock is acquired
11-28 21:29:28.956 1218 4398 I vendor.qti.bluetooth@1.0-ibs_handler: ProcessIbsCmd: Writing IBS_WAKE_ACK
11-28 21:29:29.006 3887 5074 D PhoneInterfaceManager: [PhoneIntfMgr] QueryTelephonyChecker-getDataNetworkTypeForSubscriber: packageName = com.innowireless.xcal.mobile5, isGrant = true
11-28 21:29:29.044 2523 3067 D WifiActiveModeWarden: there is no primary client manager, return the default one
11-28 21:29:29.066 1218 4398 I vendor.qti.bluetooth@1.0-ibs_handler: ProcessIbsCmd: Received IBS_SLEEP_IND: 0xFE
11-28 21:29:29.066 1218 4398 D vendor.qti.bluetooth@1.0-ibs_handler: SerialClockVote: vote for UART CLK OFF
11-28 21:29:29.102 3887 7417 D PhoneInterfaceManager: [PhoneIntfMgr] QueryTelephonyChecker-getDataNetworkTypeForSubscriber: packageName = com.innowireless.xcal.mobile5, isGrant = true
11-28 21:29:29.132 5208 8449 E MtpServer: got command MTP_OPERATION_GET_STORAGE_IDS (1004)
11-28 21:29:29.133 5208 8449 E MtpServer: got command MTP_OPERATION_GET_STORAGE_INFO (1005)
11-28 21:29:29.134 5208 8449 E MtpServer: isRemoving=0, path=/storage/emulated/0, storageId=00010001, size=1
11-28 21:29:29.134 3887 5074 D PhoneInterfaceManager: [PhoneIntfMgr] QueryTelephonyChecker-getDataNetworkTypeForSubscriber: packageName = com.innowireless.xcal.mobile5, isGrant = true
11-28 21:29:29.135 5208 8449 E MtpServer: got command MTP_OPERATION_GET_DEVICE_INFO (1001)
11-28 21:29:29.187 3887 7417 D PhoneInterfaceManager: [PhoneIntfMgr] QueryTelephonyChecker-getDataNetworkTypeForSubscriber: packageName = com.innowireless.xcal.mobile5, isGrant = true
11-28 21:29:29.217 1218 4202 D vendor.qti.bluetooth@1.0-wake_lock: Release wakelock is released
11-28 21:29:29.249 8600 10913 D FTPC : getTotalBytes : 95867904 // 0 // 0
11-28 21:29:29.249 8600 10913 D AUTOCALL: ThroTimerTask doTask(...) afterPacket : 95867904
11-28 21:29:29.265 2523 3067 D WifiActiveModeWarden: there is no primary client manager, return the default one
11-28 21:29:29.265 2523 3433 D WifiService: getWifiEnabledState primaryClientMode is mDefaultClientModeManager
11-28 21:29:29.265 4443 5930 W Settings: Setting airplane_mode_on has moved from android.provider.Settings.System to android.provider.Settings.Global, returning read-only value.
11-28 21:29:29.268 3887 7417 D PhoneInterfaceManager: [PhoneIntfMgr] QueryTelephonyChecker-getDataNetworkTypeForSubscriber: packageName = com.innowireless.xcal.mobile5, isGrant = true
11-28 21:29:29.271 4443 10237 W SystemServiceRegistry: No service published for: wifirtt
11-28 21:29:29.281 2523 3067 D WifiActiveModeWarden: there is no primary client manager, return the default one
11-28 21:29:29.282 2523 3067 D WifiActiveModeWarden: there is no primary client manager, return the default one
11-28 21:29:29.325 3887 7417 D PhoneInterfaceManager: [PhoneIntfMgr] QueryTelephonyChecker-getDataNetworkTypeForSubscriber: packageName = com.innowireless.xcal.mobile5, isGrant = true
11-28 21:29:29.327 3887 5074 D PhoneInterfaceManager: [PhoneIntfMgr] QueryTelephonyChecker-getDataNetworkTypeForSubscriber: packageName = com.innowireless.xcal.mobile5, isGrant = true
11-28 21:29:29.398 3887 7417 D PhoneInterfaceManager: [PhoneIntfMgr] QueryTelephonyChecker-getDataNetworkTypeForSubscriber: packageName = com.innowireless.xcal.mobile5, isGrant = true
11-28 21:29:29.402 3887 7417 D PhoneInterfaceManager: [PhoneIntfMgr] QueryTelephonyChecker-getDataNetworkTypeForSubscriber: packageName = com.innowireless.xcal.mobile5, isGrant = true
11-28 21:29:29.406 3887 5074 D PhoneInterfaceManager: [PhoneIntfMgr] QueryTelephonyChecker-getDataNetworkTypeForSubscriber: packageName = com.innowireless.xcal.mobile5, isGrant = true
11-28 21:29:29.419 2523 3710 I OplusHansManager : uid=10288, pkg=com.innowireless.xcal_messenger cannot transition from R to M, importance=accessibility
11-28 21:29:29.422 8600 8600 I Quality : Skipped: true 1 cost 19.573689 refreshRate 0 processName com.innowireless.xcal.mobile5
11-28 21:29:29.424 2523 3710 I OplusHansManager : uid=10325, pkg=org.smssecure.smssecure cannot transition from R to M, importance=sms
11-28 21:29:29.430 3887 7417 D PhoneInterfaceManager: [PhoneIntfMgr] QueryTelephonyChecker-getDataNetworkTypeForSubscriber: packageName = com.innowireless.xcal.mobile5, isGrant = true
11-28 21:29:29.447 2523 2729 D OplusLocationStatistics: on recordTaskMark, key: gnssReportLocation
11-28 21:29:29.447 2523 2635 D LocationManagerService: incoming location from: gps
11-28 21:29:29.449 2523 2635 D LocationManagerService: incoming location from: gps
11-28 21:29:29.458 4443 5595 I FusedLocation: (REDACTED) location delivery to %s blocked - too close
11-28 21:29:29.458 4443 5595 I FusedLocation: (REDACTED) location delivery to %s blocked - too close
11-28 21:29:29.459 4443 5595 I FusedLocation: (REDACTED) location delivery to %s blocked - too fast
11-28 21:29:29.459 4443 5595 I FusedLocation: (REDACTED) location delivery to %s blocked - too fast
11-28 21:29:29.460 4443 5595 I FusedLocation: (REDACTED) location delivery to %s blocked - too fast
11-28 21:29:29.463 2523 5852 D LocationManagerService: incoming location from: fused
11-28 21:29:29.463 2523 5852 D LocationManagerService: incoming location from: fused
11-28 21:29:29.568 5266 9100 D DebugReportServiceHidlClient: getReport 1.1...
11-28 21:29:29.569 1237 1237 E LocSvc_HIDL_DebugReportService: Invalid count: 0
11-28 21:29:29.569 1237 1237 E LocSvc_HIDL_DebugReportService: Invalid count: 0
11-28 21:29:29.569 1237 1237 E LocSvc_HIDL_DebugReportService: Invalid count: 0
11-28 21:29:29.569 1237 1237 E LocSvc_HIDL_DebugReportService: Invalid count: 0
11-28 21:29:29.570 5266 9100 D DebugReportServiceHidlClient: getReport 1.1 success: true
11-28 21:29:29.570 5266 9100 D DebugReportServiceHidlClient: getReport 1.0 success: true
11-28 21:29:29.609 1254 1254 I android.hardware.thermal@2.0-service.qti: Sensor Name:shell_frametemp: 35.1. prev severity:0. cur severity:0 New severity:0
11-28 21:29:29.610 1254 1254 I android.hardware.thermal@2.0-service.qti: Sensor Name:skintemp: 38.19. prev severity:3. cur severity:0 New severity:0
11-28 21:29:29.610 1254 1254 I android.hardware.thermal@2.0-service.qti: Sensor Name:shell_fronttemp: 35.1. prev severity:0. cur severity:0 New severity:0
11-28 21:29:29.610 1254 1254 I android.hardware.thermal@2.0-service.qti: Sensor Name:shell_backtemp: 35.1. prev severity:0. cur severity:0 New severity:0
11-28 21:29:29.637 3887 7417 D PhoneInterfaceManager: [PhoneIntfMgr] QueryTelephonyChecker-getDataNetworkTypeForSubscriber: packageName = com.innowireless.xcal.mobile5, isGrant = true
11-28 21:29:29.639 2523 3067 D WifiActiveModeWarden: there is no primary client manager, return the default one
11-28 21:29:29.639 2523 4105 D WifiService: getWifiEnabledState primaryClientMode is mDefaultClientModeManager
11-28 21:29:29.650 1218 4398 I vendor.qti.bluetooth@1.0-ibs_handler: ProcessIbsCmd: Received IBS_WAKE_IND: 0xFD
11-28 21:29:29.650 1218 4398 D vendor.qti.bluetooth@1.0-ibs_handler: SerialClockVote: vote for UART CLK ON
11-28 21:29:29.651 1218 4398 D vendor.qti.bluetooth@1.0-wake_lock: Acquire wakelock is acquired
11-28 21:29:29.651 1218 4398 I vendor.qti.bluetooth@1.0-ibs_handler: ProcessIbsCmd: Writing IBS_WAKE_ACK
11-28 21:29:29.752 8600 10913 D FTPC : getTotalBytes : 96805376 // 0 // 0
11-28 21:29:29.752 8600 10913 D AUTOCALL: ThroTimerTask doTask(...) afterPacket : 96805376
11-28 21:29:29.771 1218 4398 I vendor.qti.bluetooth@1.0-ibs_handler: ProcessIbsCmd: Received IBS_SLEEP_IND: 0xFE
11-28 21:29:29.771 1218 4398 D vendor.qti.bluetooth@1.0-ibs_handler: SerialClockVote: vote for UART CLK OFF
11-28 21:29:29.852 3887 7417 D PhoneInterfaceManager: [PhoneIntfMgr] QueryTelephonyChecker-getDataNetworkTypeForSubscriber: packageName = com.innowireless.xcal.mobile5, isGrant = true
11-28 21:29:29.856 3887 5074 D PhoneInterfaceManager: [PhoneIntfMgr] QueryTelephonyChecker-getDataNetworkTypeForSubscriber: packageName = com.innowireless.xcal.mobile5, isGrant = true
11-28 21:29:29.858 2523 2708 D OplusFeatureBrightnessBarController: mDarkLevel: 0
11-28 21:29:29.859 3887 7417 D PhoneInterfaceManager: [PhoneIntfMgr] QueryTelephonyChecker-getDataNetworkTypeForSubscriber: packageName = com.innowireless.xcal.mobile5, isGrant = true
11-28 21:29:29.869 8600 8600 I Quality : Skipped: true 1 cost 19.747087 refreshRate 0 processName com.innowireless.xcal.mobile5
11-28 21:29:29.886 8600 9108 D GPS : NMEA is invaild.
11-28 21:29:29.886 3887 7417 D PhoneInterfaceManager: [PhoneIntfMgr] QueryTelephonyChecker-getDataNetworkTypeForSubscriber: packageName = com.innowireless.xcal.mobile5, isGrant = true
11-28 21:29:29.887 8600 9108 D GPS : mNMEASatelites : 12
11-28 21:29:29.887 8600 9108 D GPS : mGPSSatelites : 72
11-28 21:29:29.887 8600 9108 D GPS : Android GPS is vaild.
11-28 21:29:29.890 3887 7417 D PhoneInterfaceManager: [PhoneIntfMgr] QueryTelephonyChecker-getDataNetworkTypeForSubscriber: packageName = com.innowireless.xcal.mobile5, isGrant = true
11-28 21:29:29.892 3887 7417 D PhoneInterfaceManager: [PhoneIntfMgr] QueryTelephonyChecker-getDataNetworkTypeForSubscriber: packageName = com.innowireless.xcal.mobile5, isGrant = true
11-28 21:29:29.894 3887 5074 D PhoneInterfaceManager: [PhoneIntfMgr] QueryTelephonyChecker-getDataNetworkTypeForSubscriber: packageName = com.innowireless.xcal.mobile5, isGrant = true
11-28 21:29:29.898 3887 7417 D PhoneInterfaceManager: [PhoneIntfMgr] QueryTelephonyChecker-getDataNetworkTypeForSubscriber: packageName = com.innowireless.xcal.mobile5, isGrant = true
11-28 21:29:29.903 3887 7417 D PhoneInterfaceManager: [PhoneIntfMgr] QueryTelephonyChecker-getDataNetworkTypeForSubscriber: packageName = com.innowireless.xcal.mobile5, isGrant = true
11-28 21:29:29.921 1218 4202 D vendor.qti.bluetooth@1.0-wake_lock: Release wakelock is released
11-28 21:29:29.922 8600 9740 I GLThread: waiting tid=2931 mHaveEglContext: false mHaveEglSurface: false mPaused: false mHasSurface: false mSurfaceIsBad: false mWaitingForSurface: true mWidth: 0 mHeight: 0 mRequestRender: true mRenderMode: 0
11-28 21:29:30.008 3887 7417 D PhoneInterfaceManager: [PhoneIntfMgr] QueryTelephonyChecker-getDataNetworkTypeForSubscriber: packageName = com.innowireless.xcal.mobile5, isGrant = true
11-28 21:29:30.046 2523 3067 D WifiActiveModeWarden: there is no primary client manager, return the default one
11-28 21:29:30.103 3887 7417 D PhoneInterfaceManager: [PhoneIntfMgr] QueryTelephonyChecker-getDataNetworkTypeForSubscriber: packageName = com.innowireless.xcal.mobile5, isGrant = true
11-28 21:29:30.136 3887 5074 D PhoneInterfaceManager: [PhoneIntfMgr] QueryTelephonyChecker-getDataNetworkTypeForSubscriber: packageName = com.innowireless.xcal.mobile5, isGrant = true
11-28 21:29:30.200 3887 7417 D PhoneInterfaceManager: [PhoneIntfMgr] QueryTelephonyChecker-getDataNetworkTypeForSubscriber: packageName = com.innowireless.xcal.mobile5, isGrant = true
11-28 21:29:30.253 8600 10913 D FTPC : getTotalBytes : 97556992 // 0 // 0
11-28 21:29:30.254 8600 10913 D AUTOCALL: ThroTimerTask doTask(...) afterPacket : 97556992
11-28 21:29:30.272 1218 4398 I vendor.qti.bluetooth@1.0-ibs_handler: ProcessIbsCmd: Received IBS_WAKE_IND: 0xFD
11-28 21:29:30.272 1218 4398 D vendor.qti.bluetooth@1.0-ibs_handler: SerialClockVote: vote for UART CLK ON
11-28 21:29:30.273 1218 4398 D vendor.qti.bluetooth@1.0-wake_lock: Acquire wakelock is acquired
11-28 21:29:30.273 1218 4398 I vendor.qti.bluetooth@1.0-ibs_handler: ProcessIbsCmd: Writing IBS_WAKE_ACK
11-28 21:29:30.280 3887 7417 D PhoneInterfaceManager: [PhoneIntfMgr] QueryTelephonyChecker-getDataNetworkTypeForSubscriber: packageName = com.innowireless.xcal.mobile5, isGrant = true
11-28 21:29:30.326 3887 7417 D PhoneInterfaceManager: [PhoneIntfMgr] QueryTelephonyChecker-getDataNetworkTypeForSubscriber: packageName = com.innowireless.xcal.mobile5, isGrant = true
11-28 21:29:30.328 3887 5074 D PhoneInterfaceManager: [PhoneIntfMgr] QueryTelephonyChecker-getDataNetworkTypeForSubscriber: packageName = com.innowireless.xcal.mobile5, isGrant = true
11-28 21:29:30.356 1218 4398 I vendor.qti.bluetooth@1.0-ibs_handler: ProcessIbsCmd: Received IBS_SLEEP_IND: 0xFE
11-28 21:29:30.356 1218 4398 D vendor.qti.bluetooth@1.0-ibs_handler: SerialClockVote: vote for UART CLK OFF
11-28 21:29:30.398 3887 5074 D PhoneInterfaceManager: [PhoneIntfMgr] QueryTelephonyChecker-getDataNetworkTypeForSubscriber: packageName = com.innowireless.xcal.mobile5, isGrant = true
11-28 21:29:30.400 3887 7417 D PhoneInterfaceManager: [PhoneIntfMgr] QueryTelephonyChecker-getDataNetworkTypeForSubscriber: packageName = com.innowireless.xcal.mobile5, isGrant = true
11-28 21:29:30.402 3887 5676 D PhoneInterfaceManager: [PhoneIntfMgr] QueryTelephonyChecker-getDataNetworkTypeForSubscriber: packageName = com.innowireless.xcal.mobile5, isGrant = true
11-28 21:29:30.435 3887 5676 D PhoneInterfaceManager: [PhoneIntfMgr] QueryTelephonyChecker-getDataNetworkTypeForSubscriber: packageName = com.innowireless.xcal.mobile5, isGrant = true
11-28 21:29:30.454 2523 11318 D OplusLocationStatistics: on recordTaskMark, key: gnssReportLocation
11-28 21:29:30.454 2523 2635 D LocationManagerService: incoming location from: gps
11-28 21:29:30.458 2523 2635 D LocationManagerService: incoming location from: gps
11-28 21:29:30.464 4443 5595 I FusedLocation: (REDACTED) location delivery to %s blocked - too close
11-28 21:29:30.464 4443 5595 I FusedLocation: (REDACTED) location delivery to %s blocked - too close
11-28 21:29:30.466 2523 4564 D LocationManagerService: incoming location from: fused
11-28 21:29:30.466 2523 4564 D LocationManagerService: incoming location from: fused
11-28 21:29:30.466 4443 5595 I FusedLocation: (REDACTED) location delivery to %s blocked - too fast
11-28 21:29:30.466 4443 5595 I FusedLocation: (REDACTED) location delivery to %s blocked - too fast
11-28 21:29:30.467 4443 5595 I FusedLocation: (REDACTED) location delivery to %s blocked - too fast
11-28 21:29:30.507 1218 4202 D vendor.qti.bluetooth@1.0-wake_lock: Release wakelock is released
11-28 21:29:30.513 4443 25094 I NearbyMediums: Found Fast Ble Advertisements :
11-28 21:29:30.513 4443 25094 I NearbyMediums: BleAdvertisement { version=2, socketVersion=2, isFast=true, serviceIdHash=null, data=[ 0x23 0x56 0x54 0x42 0x42 0x11 0x32 0xea 0xee 0x17 0x69 0x63 0xf9 0xa1 0xa3 0xc6 0x7f 0xcc 0xa1 0x1c 0x1b 0x6e 0xcc ], deviceToken=[ 0xe6 0x39 ], rxAdvertisement=null } : 6 times.
11-28 21:29:30.513 4443 25094 I NearbyMediums: BleAdvertisement { version=2, socketVersion=2, isFast=true, serviceIdHash=null, data=[ 0x23 0x46 0x32 0x5a 0x4d 0x11 0x32 0x82 0x50 0x0d 0xd2 0x27 0xa9 0x6f 0xf4 0x0b 0x2d 0x53 0x92 0xd8 0xae 0x4a 0xb4 ], deviceToken=[ 0xc4 0x4d ], rxAdvertisement=null } : 10 times.
11-28 21:29:30.513 4443 25094 I NearbyMediums: Total 16 fast advertisements from 2 unique advertisers.
11-28 21:29:30.513 4443 25094 I NearbyMediums: Found BLE GATT Advertisements :
11-28 21:29:30.513 4443 25094 I NearbyMediums: BleAdvertisement { version=2, socketVersion=2, isFast=false, serviceIdHash=[ 0xfc 0x9f 0x5e ], data=[ 0x23 0xfc 0x9f 0x5e 0x33 0x4f 0x58 0x49 0x1d 0x06 0x93 0x67 0xe9 0x7f 0xb7 0xb8 0x94 0x7d 0xdc 0x48 0x0b 0x2b 0x55 0xf2 0x61 0x77 0x0b 0x50 0x72 0x61 0x74 0x69 0x6b 0x27 0x73 0x20 0x50 0x43 0x30 0x89 0x4a 0xc6 0x21 0x12 0x00 0x00 ], deviceToken=[ 0x38 0xd8 ], rxAdvertisement=null } : 14 times.
11-28 21:29:30.513 4443 25094 I NearbyMediums: Total 14 GATT advertisements from 1 unique advertisers.
11-28 21:29:30.569 5266 9100 D DebugReportServiceHidlClient: getReport 1.1...
11-28 21:29:30.570 1237 1237 E LocSvc_HIDL_DebugReportService: Invalid count: 0
11-28 21:29:30.570 1237 1237 E LocSvc_HIDL_DebugReportService: Invalid count: 0
11-28 21:29:30.570 1237 1237 E LocSvc_HIDL_DebugReportService: Invalid count: 0
11-28 21:29:30.570 1237 1237 E LocSvc_HIDL_DebugReportService: Invalid count: 0
11-28 21:29:30.571 5266 9100 D DebugReportServiceHidlClient: getReport 1.1 success: true
11-28 21:29:30.571 5266 9100 D DebugReportServiceHidlClient: getReport 1.0 success: true
11-28 21:29:30.613 1254 1254 I android.hardware.thermal@2.0-service.qti: Sensor Name:shell_frametemp: 35.1. prev severity:0. cur severity:0 New severity:0
11-28 21:29:30.614 1254 1254 I android.hardware.thermal@2.0-service.qti: Sensor Name:skintemp: 38.298. prev severity:3. cur severity:0 New severity:0
11-28 21:29:30.614 1254 1254 I android.hardware.thermal@2.0-service.qti: Sensor Name:shell_fronttemp: 35.1. prev severity:0. cur severity:0 New severity:0
11-28 21:29:30.614 1254 1254 I android.hardware.thermal@2.0-service.qti: Sensor Name:shell_backtemp: 35.1. prev severity:0. cur severity:0 New severity:0
11-28 21:29:30.698 3887 5676 D PhoneInterfaceManager: [PhoneIntfMgr] QueryTelephonyChecker-getDataNetworkTypeForSubscriber: packageName = com.innowireless.xcal.mobile5, isGrant = true
11-28 21:29:30.700 2523 3067 D WifiActiveModeWarden: there is no primary client manager, return the default one
11-28 21:29:30.701 2523 5854 D WifiService: getWifiEnabledState primaryClientMode is mDefaultClientModeManager
11-28 21:29:30.754 8600 10913 D FTPC : getTotalBytes : 98206208 // 0 // 0
11-28 21:29:30.754 8600 10913 D AUTOCALL: ThroTimerTask doTask(...) afterPacket : 98206208
11-28 21:29:30.834 1218 4398 I vendor.qti.bluetooth@1.0-ibs_handler: ProcessIbsCmd: Received IBS_WAKE_IND: 0xFD
11-28 21:29:30.834 1218 4398 D vendor.qti.bluetooth@1.0-ibs_handler: SerialClockVote: vote for UART CLK ON
11-28 21:29:30.835 1218 4398 D vendor.qti.bluetooth@1.0-wake_lock: Acquire wakelock is acquired
11-28 21:29:30.835 1218 4398 I vendor.qti.bluetooth@1.0-ibs_handler: ProcessIbsCmd: Writing IBS_WAKE_ACK
11-28 21:29:30.854 3887 5676 D PhoneInterfaceManager: [PhoneIntfMgr] QueryTelephonyChecker-getDataNetworkTypeForSubscriber: packageName = com.innowireless.xcal.mobile5, isGrant = true
11-28 21:29:30.858 3887 7417 D PhoneInterfaceManager: [PhoneIntfMgr] QueryTelephonyChecker-getDataNetworkTypeForSubscriber: packageName = com.innowireless.xcal.mobile5, isGrant = true
11-28 21:29:30.861 3887 5676 D PhoneInterfaceManager: [PhoneIntfMgr] QueryTelephonyChecker-getDataNetworkTypeForSubscriber: packageName = com.innowireless.xcal.mobile5, isGrant = true
11-28 21:29:30.886 3887 5676 D PhoneInterfaceManager: [PhoneIntfMgr] QueryTelephonyChecker-getDataNetworkTypeForSubscriber: packageName = com.innowireless.xcal.mobile5, isGrant = true
11-28 21:29:30.887 8600 9108 D GPS : NMEA is invaild.
11-28 21:29:30.888 8600 9108 D GPS : mNMEASatelites : 12
11-28 21:29:30.888 8600 9108 D GPS : mGPSSatelites : 72
11-28 21:29:30.888 8600 9108 D GPS : Android GPS is vaild.
11-28 21:29:30.889 3887 5676 D PhoneInterfaceManager: [PhoneIntfMgr] QueryTelephonyChecker-getDataNetworkTypeForSubscriber: packageName = com.innowireless.xcal.mobile5, isGrant = true
11-28 21:29:30.892 3887 7417 D PhoneInterfaceManager: [PhoneIntfMgr] QueryTelephonyChecker-getDataNetworkTypeForSubscriber: packageName = com.innowireless.xcal.mobile5, isGrant = true
11-28 21:29:30.893 3887 5676 D PhoneInterfaceManager: [PhoneIntfMgr] QueryTelephonyChecker-getDataNetworkTypeForSubscriber: packageName = com.innowireless.xcal.mobile5, isGrant = true
11-28 21:29:30.898 3887 7417 D PhoneInterfaceManager: [PhoneIntfMgr] QueryTelephonyChecker-getDataNetworkTypeForSubscriber: packageName = com.innowireless.xcal.mobile5, isGrant = true
11-28 21:29:30.902 3887 7417 D PhoneInterfaceManager: [PhoneIntfMgr] QueryTelephonyChecker-getDataNetworkTypeForSubscriber: packageName = com.innowireless.xcal.mobile5, isGrant = true
11-28 21:29:30.937 1218 4398 I vendor.qti.bluetooth@1.0-ibs_handler: ProcessIbsCmd: Received IBS_SLEEP_IND: 0xFE
11-28 21:29:30.937 1218 4398 D vendor.qti.bluetooth@1.0-ibs_handler: SerialClockVote: vote for UART CLK OFF
11-28 21:29:31.009 3887 7417 D PhoneInterfaceManager: [PhoneIntfMgr] QueryTelephonyChecker-getDataNetworkTypeForSubscriber: packageName = com.innowireless.xcal.mobile5, isGrant = true
11-28 21:29:31.048 2523 3067 D WifiActiveModeWarden: there is no primary client manager, return the default one
11-28 21:29:31.081 2523 4105 D WifiNl80211Manager: Scan result ready event
11-28 21:29:31.081 2523 4105 D WifiNative: Scan result ready event
11-28 21:29:31.085 2523 3067 D WifiActiveModeWarden: there is no primary client manager, return the default one
11-28 21:29:31.085 2523 3067 D WifiService: getWifiEnabledState primaryClientMode is mDefaultClientModeManager
11-28 21:29:31.088 1218 4202 D vendor.qti.bluetooth@1.0-wake_lock: Release wakelock is released
11-28 21:29:31.095 2523 3095 D WificondScannerImpl: Filtering out scan result Ce***ne, 38:**:**:**:a8:00 time diff 19786374ms
11-28 21:29:31.096 2523 3095 D WificondScannerImpl: Filtering out scan result OL***YL, 00:**:**:**:06:ec time diff 19208147ms
11-28 21:29:31.096 2523 3095 D WificondScannerImpl: Filtering out scan result Si***th, 68:**:**:**:e6:cd time diff 19080094ms
11-28 21:29:31.097 2523 3095 D WificondScannerImpl: Filtering out scan result 🦅***🦅, 72:**:**:**:5e:46 time diff 19093948ms
11-28 21:29:31.097 2523 3095 D WificondScannerImpl: Filtering out 4 scan results.
11-28 21:29:31.103 3887 7417 D PhoneInterfaceManager: [PhoneIntfMgr] QueryTelephonyChecker-getDataNetworkTypeForSubscriber: packageName = com.innowireless.xcal.mobile5, isGrant = true
11-28 21:29:31.105 2523 3067 D WifiActiveModeWarden: there is no primary client manager, return the default one
11-28 21:29:31.106 2523 3067 D WifiActiveModeWarden: there is no primary client manager, return the default one
11-28 21:29:31.106 2523 3067 D OplusScanResultsProxy: fewApNum:5
11-28 21:29:31.117 2523 3067 D WakeupController: Attempted to handleScanResults while not enabled
11-28 21:29:31.124 4443 10237 I FrewleTileCacheManagerV: (REDACTED) Fetched %d AP models from cache
11-28 21:29:31.135 3887 5676 D PhoneInterfaceManager: [PhoneIntfMgr] QueryTelephonyChecker-getDataNetworkTypeForSubscriber: packageName = com.innowireless.xcal.mobile5, isGrant = true
11-28 21:29:31.154 2523 3433 D LocationManagerService: incoming location from: network
11-28 21:29:31.158 2523 3433 D LocationManagerService: incoming location from: network
11-28 21:29:31.199 3887 5676 D PhoneInterfaceManager: [PhoneIntfMgr] QueryTelephonyChecker-getDataNetworkTypeForSubscriber: packageName = com.innowireless.xcal.mobile5, isGrant = true
11-28 21:29:31.254 2523 2708 D OplusFeatureBrightnessBarController: mDarkLevel: 0
11-28 21:29:31.254 3887 7417 D PhoneInterfaceManager: [PhoneIntfMgr] QueryTelephonyChecker-getDataNetworkTypeForSubscriber: packageName = com.innowireless.xcal.mobile5, isGrant = true
11-28 21:29:31.255 8600 10913 D FTPC : getTotalBytes : 98794496 // 0 // 0
11-28 21:29:31.255 8600 10913 D AUTOCALL: ThroTimerTask doTask(...) afterPacket : 98794496
11-28 21:29:31.327 3887 5676 D PhoneInterfaceManager: [PhoneIntfMgr] QueryTelephonyChecker-getDataNetworkTypeForSubscriber: packageName = com.innowireless.xcal.mobile5, isGrant = true
11-28 21:29:31.328 3887 7417 D PhoneInterfaceManager: [PhoneIntfMgr] QueryTelephonyChecker-getDataNetworkTypeForSubscriber: packageName = com.innowireless.xcal.mobile5, isGrant = true
11-28 21:29:31.397 3887 7417 D PhoneInterfaceManager: [PhoneIntfMgr] QueryTelephonyChecker-getDataNetworkTypeForSubscriber: packageName = com.innowireless.xcal.mobile5, isGrant = true
11-28 21:29:31.399 3887 5676 D PhoneInterfaceManager: [PhoneIntfMgr] QueryTelephonyChecker-getDataNetworkTypeForSubscriber: packageName = com.innowireless.xcal.mobile5, isGrant = true
11-28 21:29:31.401 3887 5074 D PhoneInterfaceManager: [PhoneIntfMgr] QueryTelephonyChecker-getDataNetworkTypeForSubscriber: packageName = com.innowireless.xcal.mobile5, isGrant = true
11-28 21:29:31.437 3887 5676 D PhoneInterfaceManager: [PhoneIntfMgr] QueryTelephonyChecker-getDataNetworkTypeForSubscriber: packageName = com.innowireless.xcal.mobile5, isGrant = true
11-28 21:29:31.452 2523 2658 D OplusLocationStatistics: on recordTaskMark, key: gnssReportLocation
11-28 21:29:31.452 2523 2635 D LocationManagerService: incoming location from: gps
11-28 21:29:31.454 2523 2635 D LocationManagerService: incoming location from: gps
11-28 21:29:31.458 4443 5595 I FusedLocation: (REDACTED) location delivery to %s blocked - too close
11-28 21:29:31.458 4443 5595 I FusedLocation: (REDACTED) location delivery to %s blocked - too close
11-28 21:29:31.460 2523 3324 D LocationManagerService: incoming location from: fused
11-28 21:29:31.460 4443 5595 I FusedLocation: (REDACTED) location delivery to %s blocked - too fast
11-28 21:29:31.460 2523 3324 D LocationManagerService: incoming location from: fused
11-28 21:29:31.460 4443 5595 I FusedLocation: (REDACTED) location delivery to %s blocked - too fast
11-28 21:29:31.460 4443 5595 I FusedLocation: (REDACTED) location delivery to %s blocked - too fast
11-28 21:29:31.507 1218 4398 I vendor.qti.bluetooth@1.0-ibs_handler: ProcessIbsCmd: Received IBS_WAKE_IND: 0xFD
11-28 21:29:31.507 1218 4398 D vendor.qti.bluetooth@1.0-ibs_handler: SerialClockVote: vote for UART CLK ON
11-28 21:29:31.508 1218 4398 D vendor.qti.bluetooth@1.0-wake_lock: Acquire wakelock is acquired
11-28 21:29:31.508 1218 4398 I vendor.qti.bluetooth@1.0-ibs_handler: ProcessIbsCmd: Writing IBS_WAKE_ACK
11-28 21:29:31.569 5266 9100 D DebugReportServiceHidlClient: getReport 1.1...
11-28 21:29:31.569 1237 1237 E LocSvc_HIDL_DebugReportService: Invalid count: 0
11-28 21:29:31.569 1237 1237 E LocSvc_HIDL_DebugReportService: Invalid count: 0
11-28 21:29:31.569 1237 1237 E LocSvc_HIDL_DebugReportService: Invalid count: 0
11-28 21:29:31.569 1237 1237 E LocSvc_HIDL_DebugReportService: Invalid count: 0
11-28 21:29:31.570 5266 9100 D DebugReportServiceHidlClient: getReport 1.1 success: true
11-28 21:29:31.570 5266 9100 D DebugReportServiceHidlClient: getReport 1.0 success: true
11-28 21:29:31.617 1254 1254 I android.hardware.thermal@2.0-service.qti: Sensor Name:shell_frametemp: 35.1. prev severity:0. cur severity:0 New severity:0
11-28 21:29:31.618 1254 1254 I android.hardware.thermal@2.0-service.qti: Sensor Name:skintemp: 38.48. prev severity:3. cur severity:0 New severity:0
11-28 21:29:31.619 1254 1254 I android.hardware.thermal@2.0-service.qti: Sensor Name:shell_fronttemp: 35.1. prev severity:0. cur severity:0 New severity:0
11-28 21:29:31.619 1254 1254 I android.hardware.thermal@2.0-service.qti: Sensor Name:shell_backtemp: 35.1. prev severity:0. cur severity:0 New severity:0
11-28 21:29:31.695 3887 3887 D TelephonyManager: requestModemActivityInfo: Sending result to app: ModemActivityInfo{ mTimestamp=37706872 mSleepTimeMs=17363292 mIdleTimeMs=7232340 mTxTimeMs[]=[335375, 31955, 10453, 9900, 3375] mRxTimeMs=12582124}
11-28 21:29:31.696 3720 3720 E ModemAciService: CatchException oemModemAci2OplusModemAci():java.lang.IndexOutOfBoundsException: Index 103 out of bounds for length 85
11-28 21:29:31.697 3720 3720 I ModemAciService: UMF LO: OplusModemActivityInfo{ date=11-28 21:29:31.696 modemPowermA[]=[128.59,124.01,133.60] sleepTimeMs=0 idleTimeMs=0 rxTimeMs=4039 5gRxTimeMs=0 txTimeMs[]=[297, 697, 3, 0, 0] 5gTxTimeMs[]=[0, 0, 0, 0, 0] techTimeMs[]=[0, 0, 0, 0, 5036, 0, 0, 0, 0] rrcConn10sC[]=[0, 0] rrcConn20sC[]=[0, 0] rrcConnMore20sC[]=[0, 0] rrcConnC[]=[0, 0] csChangedC[]=[0, 0] psChangedC[]=[0, 0] iRatC[]=[0, 0] cellUpdateC[]=[0, 0] nwSrchC[]=[0, 0] nwSrchT[]=[0, 0] lteRrcConnT[]=[5, 0] psRegT[]=[5, 0] csRegT[]=[5, 0] psNoRegT[]=[0, 5] csNoRegT[]=[0, 5] sigGrid0T[]=[0, 0] endcActT[]=[0, 0] saActT[]=[0, 0] gpsTimeMs=5036 wlanTimeMs=1818 regReqFbC[]=[0, 62] regReqTransAcqDbC[]=[11, 0] saRrcConn10sC[]=[0, 0] saRrcConn20sC[]=[0, 0] saRrcConnMore20sC[]=[0, 0] saRrcConnC[]=[1584, 0] lteHoC[]=[0, 0] saHoC[]=[0, 0] saRrcConnT[]=[0, 0] lteBandDurationSim0[]=[0, 0, 0, 0, 0, 0, 0, 0, 0] lteBandDurationSim1[]=[0, 0, 0, 0, 0, 0, 0, 0, 0] nrBandDurationSim0[]=[0, 0, 0, 0, 0, 0] nrBandDurationSim1[]=[0, 0, 0, 0, 0, 0] sensorStationaryC=0 sensorStationaryT=0 modemStationaryC=0 modemStationaryT=0}
11-28 21:29:31.697 3720 3720 I ModemAciService: UMF CH: OplusModemActivityInfo{ date=11-28 21:29:31.696 modemPowermA[]=[128.59,124.01,133.60] sleepTimeMs=0 idleTimeMs=0 rxTimeMs=4039 5gRxTimeMs=0 txTimeMs[]=[297, 697, 3, 0, 0] 5gTxTimeMs[]=[0, 0, 0, 0, 0] techTimeMs[]=[0, 0, 0, 0, 5036, 0, 0, 0, 0] rrcConn10sC[]=[0, 0] rrcConn20sC[]=[0, 0] rrcConnMore20sC[]=[0, 0] rrcConnC[]=[0, 0] csChangedC[]=[0, 0] psChangedC[]=[0, 0] iRatC[]=[0, 0] cellUpdateC[]=[0, 0] nwSrchC[]=[0, 0] nwSrchT[]=[0, 0] lteRrcConnT[]=[5, 0] psRegT[]=[5, 0] csRegT[]=[5, 0] psNoRegT[]=[0, 5] csNoRegT[]=[0, 5] sigGrid0T[]=[0, 0] endcActT[]=[0, 0] saActT[]=[0, 0] gpsTimeMs=5036 wlanTimeMs=1818 regReqFbC[]=[0, 62] regReqTransAcqDbC[]=[11, 0] saRrcConn10sC[]=[0, 0] saRrcConn20sC[]=[0, 0] saRrcConnMore20sC[]=[0, 0] saRrcConnC[]=[1584, 0] lteHoC[]=[0, 0] saHoC[]=[0, 0] saRrcConnT[]=[0, 0] lteBandDurationSim0[]=[0, 0, 0, 0, 0, 0, 0, 0, 0] lteBandDurationSim1[]=[0, 0, 0, 0, 0, 0, 0, 0, 0] nrBandDurationSim0[]=[0, 0, 0, 0, 0, 0] nrBandDurationSim1[]=[0, 0, 0, 0, 0, 0] sensorStationaryC=0 sensorStationaryT=0 modemStationaryC=0 modemStationaryT=0}
11-28 21:29:31.698 3720 3720 I ModemAciService: UMF LS: OplusModemActivityInfo{ date=11-28 21:29:31.696 modemPowermA[]=[128.59,124.01,133.60] sleepTimeMs=0 idleTimeMs=0 rxTimeMs=4039 5gRxTimeMs=0 txTimeMs[]=[297, 697, 3, 0, 0] 5gTxTimeMs[]=[0, 0, 0, 0, 0] techTimeMs[]=[0, 0, 0, 0, 5036, 0, 0, 0, 0] rrcConn10sC[]=[0, 0] rrcConn20sC[]=[0, 0] rrcConnMore20sC[]=[0, 0] rrcConnC[]=[0, 0] csChangedC[]=[0, 0] psChangedC[]=[0, 0] iRatC[]=[0, 0] cellUpdateC[]=[0, 0] nwSrchC[]=[0, 0] nwSrchT[]=[0, 0] lteRrcConnT[]=[5, 0] psRegT[]=[5, 0] csRegT[]=[5, 0] psNoRegT[]=[0, 5] csNoRegT[]=[0, 5] sigGrid0T[]=[0, 0] endcActT[]=[0, 0] saActT[]=[0, 0] gpsTimeMs=5036 wlanTimeMs=1818 regReqFbC[]=[0, 62] regReqTransAcqDbC[]=[11, 0] saRrcConn10sC[]=[0, 0] saRrcConn20sC[]=[0, 0] saRrcConnMore20sC[]=[0, 0] saRrcConnC[]=[1584, 0] lteHoC[]=[0, 0] saHoC[]=[0, 0] saRrcConnT[]=[0, 0] lteBandDurationSim0[]=[0, 0, 0, 0, 0, 0, 0, 0, 0] lteBandDurationSim1[]=[0, 0, 0, 0, 0, 0, 0, 0, 0] nrBandDurationSim0[]=[0, 0, 0, 0, 0, 0] nrBandDurationSim1[]=[0, 0, 0, 0, 0, 0] sensorStationaryC=0 sensorStationaryT=0 modemStationaryC=0 modemStationaryT=0}
11-28 21:29:31.706 1218 4398 I vendor.qti.bluetooth@1.0-ibs_handler: ProcessIbsCmd: Received IBS_SLEEP_IND: 0xFE
11-28 21:29:31.706 1218 4398 D vendor.qti.bluetooth@1.0-ibs_handler: SerialClockVote: vote for UART CLK OFF
11-28 21:29:31.756 8600 10913 D FTPC : getTotalBytes : 98803712 // 0 // 0
11-28 21:29:31.756 8600 10913 D AUTOCALL: ThroTimerTask doTask(...) afterPacket : 98803712
11-28 21:29:31.765 3887 5074 D PhoneInterfaceManager: [PhoneIntfMgr] QueryTelephonyChecker-getDataNetworkTypeForSubscriber: packageName = com.innowireless.xcal.mobile5, isGrant = true
11-28 21:29:31.767 2523 3067 D WifiActiveModeWarden: there is no primary client manager, return the default one
11-28 21:29:31.767 2523 5854 D WifiService: getWifiEnabledState primaryClientMode is mDefaultClientModeManager
11-28 21:29:31.854 3887 5074 D PhoneInterfaceManager: [PhoneIntfMgr] QueryTelephonyChecker-getDataNetworkTypeForSubscriber: packageName = com.innowireless.xcal.mobile5, isGrant = true
11-28 21:29:31.856 1218 4202 D vendor.qti.bluetooth@1.0-wake_lock: Release wakelock is released
11-28 21:29:31.858 3887 4827 D PhoneInterfaceManager: [PhoneIntfMgr] QueryTelephonyChecker-getDataNetworkTypeForSubscriber: packageName = com.innowireless.xcal.mobile5, isGrant = true
11-28 21:29:31.862 3887 5074 D PhoneInterfaceManager: [PhoneIntfMgr] QueryTelephonyChecker-getDataNetworkTypeForSubscriber: packageName = com.innowireless.xcal.mobile5, isGrant = true
11-28 21:29:31.886 8600 9108 D GPS : NMEA is invaild.
11-28 21:29:31.886 8600 9108 D GPS : mNMEASatelites : 12
11-28 21:29:31.886 8600 9108 D GPS : mGPSSatelites : 71
11-28 21:29:31.886 8600 9108 D GPS : Android GPS is vaild.
11-28 21:29:31.886 3887 5074 D PhoneInterfaceManager: [PhoneIntfMgr] QueryTelephonyChecker-getDataNetworkTypeForSubscriber: packageName = com.innowireless.xcal.mobile5, isGrant = true
11-28 21:29:31.888 3887 5074 D PhoneInterfaceManager: [PhoneIntfMgr] QueryTelephonyChecker-getDataNetworkTypeForSubscriber: packageName = com.innowireless.xcal.mobile5, isGrant = true
11-28 21:29:31.890 3887 5074 D PhoneInterfaceManager: [PhoneIntfMgr] QueryTelephonyChecker-getDataNetworkTypeForSubscriber: packageName = com.innowireless.xcal.mobile5, isGrant = true
11-28 21:29:31.891 3887 4827 D PhoneInterfaceManager: [PhoneIntfMgr] QueryTelephonyChecker-getDataNetworkTypeForSubscriber: packageName = com.innowireless.xcal.mobile5, isGrant = true
11-28 21:29:31.897 3887 4827 D PhoneInterfaceManager: [PhoneIntfMgr] QueryTelephonyChecker-getDataNetworkTypeForSubscriber: packageName = com.innowireless.xcal.mobile5, isGrant = true
11-28 21:29:31.902 3887 4827 D PhoneInterfaceManager: [PhoneIntfMgr] QueryTelephonyChecker-getDataNetworkTypeForSubscriber: packageName = com.innowireless.xcal.mobile5, isGrant = true
11-28 21:29:31.911 8600 9740 I GLThread: waiting tid=2931 mHaveEglContext: false mHaveEglSurface: false mPaused: false mHasSurface: false mSurfaceIsBad: false mWaitingForSurface: true mWidth: 0 mHeight: 0 mRequestRender: true mRenderMode: 0
11-28 21:29:32.007 3887 4827 D PhoneInterfaceManager: [PhoneIntfMgr] QueryTelephonyChecker-getDataNetworkTypeForSubscriber: packageName = com.innowireless.xcal.mobile5, isGrant = true
11-28 21:29:32.050 2523 3067 D WifiActiveModeWarden: there is no primary client manager, return the default one
11-28 21:29:32.054 2523 2708 D OplusFeatureBrightnessBarController: mDarkLevel: 0
11-28 21:29:32.104 3887 4827 D PhoneInterfaceManager: [PhoneIntfMgr] QueryTelephonyChecker-getDataNetworkTypeForSubscriber: packageName = com.innowireless.xcal.mobile5, isGrant = true
11-28 21:29:32.152 3887 4827 D PhoneInterfaceManager: [PhoneIntfMgr] QueryTelephonyChecker-getDataNetworkTypeForSubscriber: packageName = com.innowireless.xcal.mobile5, isGrant = true
11-28 21:29:32.165 1218 4398 I vendor.qti.bluetooth@1.0-ibs_handler: ProcessIbsCmd: Received IBS_WAKE_IND: 0xFD
11-28 21:29:32.165 1218 4398 D vendor.qti.bluetooth@1.0-ibs_handler: SerialClockVote: vote for UART CLK ON
11-28 21:29:32.165 1218 4398 D vendor.qti.bluetooth@1.0-wake_lock: Acquire wakelock is acquired
11-28 21:29:32.165 1218 4398 I vendor.qti.bluetooth@1.0-ibs_handler: ProcessIbsCmd: Writing IBS_WAKE_ACK
11-28 21:29:32.243 3887 5074 D PhoneInterfaceManager: [PhoneIntfMgr] QueryTelephonyChecker-getDataNetworkTypeForSubscriber: packageName = com.innowireless.xcal.mobile5, isGrant = true
11-28 21:29:32.246 1218 4398 I vendor.qti.bluetooth@1.0-ibs_handler: ProcessIbsCmd: Received IBS_SLEEP_IND: 0xFE
11-28 21:29:32.246 1218 4398 D vendor.qti.bluetooth@1.0-ibs_handler: SerialClockVote: vote for UART CLK OFF
11-28 21:29:32.259 8600 10913 D FTPC : getTotalBytes : 98803712 // 0 // 0
11-28 21:29:32.259 8600 10913 D AUTOCALL: ThroTimerTask doTask(...) afterPacket : 98803712
11-28 21:29:32.325 3887 5074 D PhoneInterfaceManager: [PhoneIntfMgr] QueryTelephonyChecker-getDataNetworkTypeForSubscriber: packageName = com.innowireless.xcal.mobile5, isGrant = true
11-28 21:29:32.327 3887 5676 D PhoneInterfaceManager: [PhoneIntfMgr] QueryTelephonyChecker-getDataNetworkTypeForSubscriber: packageName = com.innowireless.xcal.mobile5, isGrant = true
11-28 21:29:32.327 3887 7417 D PhoneInterfaceManager: [PhoneIntfMgr] QueryTelephonyChecker-getDataNetworkTypeForSubscriber: packageName = com.innowireless.xcal.mobile5, isGrant = true
11-28 21:29:32.397 1218 4202 D vendor.qti.bluetooth@1.0-wake_lock: Release wakelock is released
11-28 21:29:32.398 3887 4827 D PhoneInterfaceManager: [PhoneIntfMgr] QueryTelephonyChecker-getDataNetworkTypeForSubscriber: packageName = com.innowireless.xcal.mobile5, isGrant = true
11-28 21:29:32.401 3887 7417 D PhoneInterfaceManager: [PhoneIntfMgr] QueryTelephonyChecker-getDataNetworkTypeForSubscriber: packageName = com.innowireless.xcal.mobile5, isGrant = true
11-28 21:29:32.402 3887 5676 D PhoneInterfaceManager: [PhoneIntfMgr] QueryTelephonyChecker-getDataNetworkTypeForSubscriber: packageName = com.innowireless.xcal.mobile5, isGrant = true
11-28 21:29:32.440 3887 4827 D PhoneInterfaceManager: [PhoneIntfMgr] QueryTelephonyChecker-getDataNetworkTypeForSubscriber: packageName = com.innowireless.xcal.mobile5, isGrant = true
11-28 21:29:32.449 2523 3580 D OplusLocationStatistics: on recordTaskMark, key: gnssReportLocation
11-28 21:29:32.450 2523 2635 D LocationManagerService: incoming location from: gps
11-28 21:29:32.452 2523 2635 D LocationManagerService: incoming location from: gps
11-28 21:29:32.463 4443 5595 I FusedLocation: (REDACTED) location delivery to %s blocked - too close
11-28 21:29:32.463 4443 5595 I FusedLocation: (REDACTED) location delivery to %s blocked - too close
11-28 21:29:32.464 4443 5595 I FusedLocation: (REDACTED) location delivery to %s blocked - too fast
11-28 21:29:32.464 2523 5852 D LocationManagerService: incoming location from: fused
11-28 21:29:32.464 2523 5852 D LocationManagerService: incoming location from: fused
11-28 21:29:32.464 4443 5595 I FusedLocation: (REDACTED) location delivery to %s blocked - too fast
11-28 21:29:32.465 4443 5595 I FusedLocation: (REDACTED) location delivery to %s blocked - too fast
11-28 21:29:32.569 5266 9100 D DebugReportServiceHidlClient: getReport 1.1...
11-28 21:29:32.569 1237 1237 E LocSvc_HIDL_DebugReportService: Invalid count: 0
11-28 21:29:32.569 1237 1237 E LocSvc_HIDL_DebugReportService: Invalid count: 0
11-28 21:29:32.569 1237 1237 E LocSvc_HIDL_DebugReportService: Invalid count: 0
11-28 21:29:32.569 1237 1237 E LocSvc_HIDL_DebugReportService: Invalid count: 0
11-28 21:29:32.570 5266 9100 D DebugReportServiceHidlClient: getReport 1.1 success: true
11-28 21:29:32.570 5266 9100 D DebugReportServiceHidlClient: getReport 1.0 success: true
11-28 21:29:32.622 1254 1254 I android.hardware.thermal@2.0-service.qti: Sensor Name:shell_frametemp: 35.1. prev severity:0. cur severity:0 New severity:0
11-28 21:29:32.624 1254 1254 I android.hardware.thermal@2.0-service.qti: Sensor Name:skintemp: 38.457. prev severity:3. cur severity:0 New severity:0
11-28 21:29:32.625 1254 1254 I android.hardware.thermal@2.0-service.qti: Sensor Name:shell_fronttemp: 35.1. prev severity:0. cur severity:0 New severity:0
11-28 21:29:32.625 1254 1254 I android.hardware.thermal@2.0-service.qti: Sensor Name:shell_backtemp: 35.1. prev severity:0. cur severity:0 New severity:0
11-28 21:29:32.748 1218 4398 I vendor.qti.bluetooth@1.0-ibs_handler: ProcessIbsCmd: Received IBS_WAKE_IND: 0xFD
11-28 21:29:32.748 1218 4398 D vendor.qti.bluetooth@1.0-ibs_handler: SerialClockVote: vote for UART CLK ON
11-28 21:29:32.750 1218 4398 D vendor.qti.bluetooth@1.0-wake_lock: Acquire wakelock is acquired
11-28 21:29:32.751 1218 4398 I vendor.qti.bluetooth@1.0-ibs_handler: ProcessIbsCmd: Writing IBS_WAKE_ACK
11-28 21:29:32.760 8600 10913 D FTPC : getTotalBytes : 99414528 // 0 // 0
11-28 21:29:32.760 8600 10913 D AUTOCALL: ThroTimerTask doTask(...) afterPacket : 99414528
11-28 21:29:32.828 3887 4827 D PhoneInterfaceManager: [PhoneIntfMgr] QueryTelephonyChecker-getDataNetworkTypeForSubscriber: packageName = com.innowireless.xcal.mobile5, isGrant = true
11-28 21:29:32.831 2523 3067 D WifiActiveModeWarden: there is no primary client manager, return the default one
11-28 21:29:32.832 2523 5852 D WifiService: getWifiEnabledState primaryClientMode is mDefaultClientModeManager
11-28 21:29:32.832 1218 4398 I vendor.qti.bluetooth@1.0-ibs_handler: ProcessIbsCmd: Received IBS_SLEEP_IND: 0xFE
11-28 21:29:32.832 1218 4398 D vendor.qti.bluetooth@1.0-ibs_handler: SerialClockVote: vote for UART CLK OFF
11-28 21:29:32.853 3887 4827 D PhoneInterfaceManager: [PhoneIntfMgr] QueryTelephonyChecker-getDataNetworkTypeForSubscriber: packageName = com.innowireless.xcal.mobile5, isGrant = true
11-28 21:29:32.854 3887 5676 D PhoneInterfaceManager: [PhoneIntfMgr] QueryTelephonyChecker-getDataNetworkTypeForSubscriber: packageName = com.innowireless.xcal.mobile5, isGrant = true
11-28 21:29:32.856 3887 7417 D PhoneInterfaceManager: [PhoneIntfMgr] QueryTelephonyChecker-getDataNetworkTypeForSubscriber: packageName = com.innowireless.xcal.mobile5, isGrant = true
11-28 21:29:32.886 8600 9108 D GPS : NMEA is invaild.
11-28 21:29:32.886 8600 9108 D GPS : mNMEASatelites : 12
11-28 21:29:32.886 8600 9108 D GPS : mGPSSatelites : 71
11-28 21:29:32.887 8600 9108 D GPS : Android GPS is vaild.
11-28 21:29:32.889 3887 7417 D PhoneInterfaceManager: [PhoneIntfMgr] QueryTelephonyChecker-getDataNetworkTypeForSubscriber: packageName = com.innowireless.xcal.mobile5, isGrant = true
11-28 21:29:32.891 3887 7417 D PhoneInterfaceManager: [PhoneIntfMgr] QueryTelephonyChecker-getDataNetworkTypeForSubscriber: packageName = com.innowireless.xcal.mobile5, isGrant = true
11-28 21:29:32.894 3887 7417 D PhoneInterfaceManager: [PhoneIntfMgr] QueryTelephonyChecker-getDataNetworkTypeForSubscriber: packageName = com.innowireless.xcal.mobile5, isGrant = true
11-28 21:29:32.896 3887 5676 D PhoneInterfaceManager: [PhoneIntfMgr] QueryTelephonyChecker-getDataNetworkTypeForSubscriber: packageName = com.innowireless.xcal.mobile5, isGrant = true
11-28 21:29:32.900 3887 4827 D PhoneInterfaceManager: [PhoneIntfMgr] QueryTelephonyChecker-getDataNetworkTypeForSubscriber: packageName = com.innowireless.xcal.mobile5, isGrant = true
11-28 21:29:32.903 3887 5074 D PhoneInterfaceManager: [PhoneIntfMgr] QueryTelephonyChecker-getDataNetworkTypeForSubscriber: packageName = com.innowireless.xcal.mobile5, isGrant = true
11-28 21:29:32.914 8600 9740 I GLThread: waiting tid=2931 mHaveEglContext: false mHaveEglSurface: false mPaused: false mHasSurface: false mSurfaceIsBad: false mWaitingForSurface: true mWidth: 0 mHeight: 0 mRequestRender: true mRenderMode: 0
11-28 21:29:32.983 1218 4202 D vendor.qti.bluetooth@1.0-wake_lock: Release wakelock is released
11-28 21:29:33.010 3887 5676 D PhoneInterfaceManager: [PhoneIntfMgr] QueryTelephonyChecker-getDataNetworkTypeForSubscriber: packageName = com.innowireless.xcal.mobile5, isGrant = true
11-28 21:29:33.053 2523 3067 D WifiActiveModeWarden: there is no primary client manager, return the default one
11-28 21:29:33.105 3887 5676 D PhoneInterfaceManager: [PhoneIntfMgr] QueryTelephonyChecker-getDataNetworkTypeForSubscriber: packageName = com.innowireless.xcal.mobile5, isGrant = true
11-28 21:29:33.141 3887 5676 D PhoneInterfaceManager: [PhoneIntfMgr] QueryTelephonyChecker-getDataNetworkTypeForSubscriber: packageName = com.innowireless.xcal.mobile5, isGrant = true
11-28 21:29:33.225 3887 7417 D PhoneInterfaceManager: [PhoneIntfMgr] QueryTelephonyChecker-getDataNetworkTypeForSubscriber: packageName = com.innowireless.xcal.mobile5, isGrant = true
11-28 21:29:33.260 8600 10913 D FTPC : getTotalBytes : 101876736 // 0 // 0
11-28 21:29:33.260 8600 10913 D AUTOCALL: ThroTimerTask doTask(...) afterPacket : 101876736
11-28 21:29:33.297 3887 7417 D PhoneInterfaceManager: [PhoneIntfMgr] QueryTelephonyChecker-getDataNetworkTypeForSubscriber: packageName = com.innowireless.xcal.mobile5, isGrant = true
11-28 21:29:33.324 3887 7417 D PhoneInterfaceManager: [PhoneIntfMgr] QueryTelephonyChecker-getDataNetworkTypeForSubscriber: packageName = com.innowireless.xcal.mobile5, isGrant = true
11-28 21:29:33.326 3887 5676 D PhoneInterfaceManager: [PhoneIntfMgr] QueryTelephonyChecker-getDataNetworkTypeForSubscriber: packageName = com.innowireless.xcal.mobile5, isGrant = true
11-28 21:29:33.397 3887 7417 D PhoneInterfaceManager: [PhoneIntfMgr] QueryTelephonyChecker-getDataNetworkTypeForSubscriber: packageName = com.innowireless.xcal.mobile5, isGrant = true
11-28 21:29:33.399 3887 5676 D PhoneInterfaceManager: [PhoneIntfMgr] QueryTelephonyChecker-getDataNetworkTypeForSubscriber: packageName = com.innowireless.xcal.mobile5, isGrant = true
11-28 21:29:33.401 3887 7417 D PhoneInterfaceManager: [PhoneIntfMgr] QueryTelephonyChecker-getDataNetworkTypeForSubscriber: packageName = com.innowireless.xcal.mobile5, isGrant = true
11-28 21:29:33.443 3887 7417 D PhoneInterfaceManager: [PhoneIntfMgr] QueryTelephonyChecker-getDataNetworkTypeForSubscriber: packageName = com.innowireless.xcal.mobile5, isGrant = true
11-28 21:29:33.453 1218 4398 I vendor.qti.bluetooth@1.0-ibs_handler: ProcessIbsCmd: Received IBS_WAKE_IND: 0xFD
11-28 21:29:33.453 1218 4398 D vendor.qti.bluetooth@1.0-ibs_handler: SerialClockVote: vote for UART CLK ON
11-28 21:29:33.453 1218 4398 D vendor.qti.bluetooth@1.0-wake_lock: Acquire wakelock is acquired
11-28 21:29:33.453 1218 4398 I vendor.qti.bluetooth@1.0-ibs_handler: ProcessIbsCmd: Writing IBS_WAKE_ACK
11-28 21:29:33.456 2523 3122 D OplusLocationStatistics: on recordTaskMark, key: gnssReportLocation
11-28 21:29:33.457 2523 2635 D LocationManagerService: incoming location from: gps
11-28 21:29:33.460 2523 2635 D LocationManagerService: incoming location from: gps
11-28 21:29:33.470 4443 5595 I FusedLocation: (REDACTED) location delivery to %s blocked - too close
11-28 21:29:33.470 4443 5595 I FusedLocation: (REDACTED) location delivery to %s blocked - too close
11-28 21:29:33.472 2523 5852 D LocationManagerService: incoming location from: fused
11-28 21:29:33.472 4443 5595 I FusedLocation: (REDACTED) location delivery to %s blocked - too fast
11-28 21:29:33.472 2523 5852 D LocationManagerService: incoming location from: fused
11-28 21:29:33.472 4443 5595 I FusedLocation: (REDACTED) location delivery to %s blocked - too fast
11-28 21:29:33.472 4443 5595 I FusedLocation: (REDACTED) location delivery to %s blocked - too fast
11-28 21:29:33.569 5266 9100 D DebugReportServiceHidlClient: getReport 1.1...
11-28 21:29:33.570 1237 1237 E LocSvc_HIDL_DebugReportService: Invalid count: 0
11-28 21:29:33.570 1237 1237 E LocSvc_HIDL_DebugReportService: Invalid count: 0
11-28 21:29:33.570 1237 1237 E LocSvc_HIDL_DebugReportService: Invalid count: 0
11-28 21:29:33.570 1237 1237 E LocSvc_HIDL_DebugReportService: Invalid count: 0
11-28 21:29:33.571 5266 9100 D DebugReportServiceHidlClient: getReport 1.1 success: true
11-28 21:29:33.571 5266 9100 D DebugReportServiceHidlClient: getReport 1.0 success: true
11-28 21:29:33.576 1218 4398 I vendor.qti.bluetooth@1.0-ibs_handler: ProcessIbsCmd: Received IBS_SLEEP_IND: 0xFE
11-28 21:29:33.576 1218 4398 D vendor.qti.bluetooth@1.0-ibs_handler: SerialClockVote: vote for UART CLK OFF
