11-28 21:29:33.625 1254 1254 I android.hardware.thermal@2.0-service.qti: Sensor Name:shell_frametemp: 35.1. prev severity:0. cur severity:0 New severity:0
11-28 21:29:33.627 1254 1254 I android.hardware.thermal@2.0-service.qti: Sensor Name:skintemp: 38.413. prev severity:3. cur severity:0 New severity:0
11-28 21:29:33.627 1254 1254 I android.hardware.thermal@2.0-service.qti: Sensor Name:shell_fronttemp: 35.1. prev severity:0. cur severity:0 New severity:0
11-28 21:29:33.627 1254 1254 I android.hardware.thermal@2.0-service.qti: Sensor Name:shell_backtemp: 35.1. prev severity:0. cur severity:0 New severity:0
11-28 21:29:33.654 2523 2708 D OplusFeatureBrightnessBarController: mDarkLevel: 0
11-28 21:29:33.726 1218 4202 D vendor.qti.bluetooth@1.0-wake_lock: Release wakelock is released
11-28 21:29:33.762 8600 10913 D FTPC : getTotalBytes : 102751744 // 0 // 0
11-28 21:29:33.762 8600 10913 D AUTOCALL: ThroTimerTask doTask(...) afterPacket : 102751744
11-28 21:29:33.853 3887 5676 D PhoneInterfaceManager: [PhoneIntfMgr] QueryTelephonyChecker-getDataNetworkTypeForSubscriber: packageName = com.innowireless.xcal.mobile5, isGrant = true
11-28 21:29:33.857 3887 7417 D PhoneInterfaceManager: [PhoneIntfMgr] QueryTelephonyChecker-getDataNetworkTypeForSubscriber: packageName = com.innowireless.xcal.mobile5, isGrant = true
11-28 21:29:33.861 3887 5676 D PhoneInterfaceManager: [PhoneIntfMgr] QueryTelephonyChecker-getDataNetworkTypeForSubscriber: packageName = com.innowireless.xcal.mobile5, isGrant = true
11-28 21:29:33.885 3887 7417 D PhoneInterfaceManager: [PhoneIntfMgr] QueryTelephonyChecker-getDataNetworkTypeForSubscriber: packageName = com.innowireless.xcal.mobile5, isGrant = true
11-28 21:29:33.887 8600 9108 D GPS : NMEA is invaild.
11-28 21:29:33.887 8600 9108 D GPS : mNMEASatelites : 12
11-28 21:29:33.887 8600 9108 D GPS : mGPSSatelites : 72
11-28 21:29:33.887 8600 9108 D GPS : Android GPS is vaild.
11-28 21:29:33.888 3887 7417 D PhoneInterfaceManager: [PhoneIntfMgr] QueryTelephonyChecker-getDataNetworkTypeForSubscriber: packageName = com.innowireless.xcal.mobile5, isGrant = true
11-28 21:29:33.889 3887 4827 D PhoneInterfaceManager: [PhoneIntfMgr] QueryTelephonyChecker-getDataNetworkTypeForSubscriber: packageName = com.innowireless.xcal.mobile5, isGrant = true
11-28 21:29:33.891 3887 7417 D PhoneInterfaceManager: [PhoneIntfMgr] QueryTelephonyChecker-getDataNetworkTypeForSubscriber: packageName = com.innowireless.xcal.mobile5, isGrant = true
11-28 21:29:33.894 3887 5676 D PhoneInterfaceManager: [PhoneIntfMgr] QueryTelephonyChecker-getDataNetworkTypeForSubscriber: packageName = com.innowireless.xcal.mobile5, isGrant = true
11-28 21:29:33.901 3887 7417 D PhoneInterfaceManager: [PhoneIntfMgr] QueryTelephonyChecker-getDataNetworkTypeForSubscriber: packageName = com.innowireless.xcal.mobile5, isGrant = true
11-28 21:29:33.902 2523 3067 D WifiActiveModeWarden: there is no primary client manager, return the default one
11-28 21:29:33.903 2523 5852 D WifiService: getWifiEnabledState primaryClientMode is mDefaultClientModeManager
11-28 21:29:33.903 3887 7417 D PhoneInterfaceManager: [PhoneIntfMgr] QueryTelephonyChecker-getDataNetworkTypeForSubscriber: packageName = com.innowireless.xcal.mobile5, isGrant = true
11-28 21:29:34.010 3887 4827 D PhoneInterfaceManager: [PhoneIntfMgr] QueryTelephonyChecker-getDataNetworkTypeForSubscriber: packageName = com.innowireless.xcal.mobile5, isGrant = true
11-28 21:29:34.024 1218 4398 I vendor.qti.bluetooth@1.0-ibs_handler: ProcessIbsCmd: Received IBS_WAKE_IND: 0xFD
11-28 21:29:34.024 1218 4398 D vendor.qti.bluetooth@1.0-ibs_handler: SerialClockVote: vote for UART CLK ON
11-28 21:29:34.024 1218 4398 D vendor.qti.bluetooth@1.0-wake_lock: Acquire wakelock is acquired
11-28 21:29:34.024 1218 4398 I vendor.qti.bluetooth@1.0-ibs_handler: ProcessIbsCmd: Writing IBS_WAKE_ACK
11-28 21:29:34.054 2523 3067 D WifiActiveModeWarden: there is no primary client manager, return the default one
11-28 21:29:34.105 3887 4827 D PhoneInterfaceManager: [PhoneIntfMgr] QueryTelephonyChecker-getDataNetworkTypeForSubscriber: packageName = com.innowireless.xcal.mobile5, isGrant = true
11-28 21:29:34.148 3887 4827 D PhoneInterfaceManager: [PhoneIntfMgr] QueryTelephonyChecker-getDataNetworkTypeForSubscriber: packageName = com.innowireless.xcal.mobile5, isGrant = true
11-28 21:29:34.192 1218 4398 I vendor.qti.bluetooth@1.0-ibs_handler: ProcessIbsCmd: Received IBS_SLEEP_IND: 0xFE
11-28 21:29:34.192 1218 4398 D vendor.qti.bluetooth@1.0-ibs_handler: SerialClockVote: vote for UART CLK OFF
11-28 21:29:34.217 3887 4827 D PhoneInterfaceManager: [PhoneIntfMgr] QueryTelephonyChecker-getDataNetworkTypeForSubscriber: packageName = com.innowireless.xcal.mobile5, isGrant = true
11-28 21:29:34.265 8600 10913 D FTPC : getTotalBytes : 103809536 // 0 // 0
11-28 21:29:34.265 8600 10913 D AUTOCALL: ThroTimerTask doTask(...) afterPacket : 103809536
11-28 21:29:34.277 3887 4827 D PhoneInterfaceManager: [PhoneIntfMgr] QueryTelephonyChecker-getDataNetworkTypeForSubscriber: packageName = com.innowireless.xcal.mobile5, isGrant = true
11-28 21:29:34.326 3887 4827 D PhoneInterfaceManager: [PhoneIntfMgr] QueryTelephonyChecker-getDataNetworkTypeForSubscriber: packageName = com.innowireless.xcal.mobile5, isGrant = true
11-28 21:29:34.328 3887 5676 D PhoneInterfaceManager: [PhoneIntfMgr] QueryTelephonyChecker-getDataNetworkTypeForSubscriber: packageName = com.innowireless.xcal.mobile5, isGrant = true
11-28 21:29:34.343 1218 4202 D vendor.qti.bluetooth@1.0-wake_lock: Release wakelock is released
11-28 21:29:34.399 3887 4827 D PhoneInterfaceManager: [PhoneIntfMgr] QueryTelephonyChecker-getDataNetworkTypeForSubscriber: packageName = com.innowireless.xcal.mobile5, isGrant = true
11-28 21:29:34.400 3887 5676 D PhoneInterfaceManager: [PhoneIntfMgr] QueryTelephonyChecker-getDataNetworkTypeForSubscriber: packageName = com.innowireless.xcal.mobile5, isGrant = true
11-28 21:29:34.402 3887 7417 D PhoneInterfaceManager: [PhoneIntfMgr] QueryTelephonyChecker-getDataNetworkTypeForSubscriber: packageName = com.innowireless.xcal.mobile5, isGrant = true
11-28 21:29:34.446 3887 4827 D PhoneInterfaceManager: [PhoneIntfMgr] QueryTelephonyChecker-getDataNetworkTypeForSubscriber: packageName = com.innowireless.xcal.mobile5, isGrant = true
11-28 21:29:34.446 2523 3122 D OplusLocationStatistics: on recordTaskMark, key: gnssReportLocation
11-28 21:29:34.447 2523 2635 D LocationManagerService: incoming location from: gps
11-28 21:29:34.450 2523 2635 D LocationManagerService: incoming location from: gps
11-28 21:29:34.463 4443 5595 I FusedLocation: (REDACTED) location delivery to %s blocked - too close
11-28 21:29:34.464 4443 5595 I FusedLocation: (REDACTED) location delivery to %s blocked - too close
11-28 21:29:34.465 4443 5595 I FusedLocation: (REDACTED) location delivery to %s blocked - too fast
11-28 21:29:34.466 2523 4105 D LocationManagerService: incoming location from: fused
11-28 21:29:34.466 2523 4105 D LocationManagerService: incoming location from: fused
11-28 21:29:34.466 4443 5595 I FusedLocation: (REDACTED) location delivery to %s blocked - too fast
11-28 21:29:34.466 4443 5595 I FusedLocation: (REDACTED) location delivery to %s blocked - too fast
11-28 21:29:34.569 5266 9100 D DebugReportServiceHidlClient: getReport 1.1...
11-28 21:29:34.570 1237 1237 E LocSvc_HIDL_DebugReportService: Invalid count: 0
11-28 21:29:34.570 1237 1237 E LocSvc_HIDL_DebugReportService: Invalid count: 0
11-28 21:29:34.570 1237 1237 E LocSvc_HIDL_DebugReportService: Invalid count: 0
11-28 21:29:34.570 1237 1237 E LocSvc_HIDL_DebugReportService: Invalid count: 0
11-28 21:29:34.571 5266 9100 D DebugReportServiceHidlClient: getReport 1.1 success: true
11-28 21:29:34.571 5266 9100 D DebugReportServiceHidlClient: getReport 1.0 success: true
11-28 21:29:34.634 1254 1254 I android.hardware.thermal@2.0-service.qti: Sensor Name:shell_frametemp: 35.1. prev severity:0. cur severity:0 New severity:0
11-28 21:29:34.636 1254 1254 I android.hardware.thermal@2.0-service.qti: Sensor Name:skintemp: 38.382. prev severity:3. cur severity:0 New severity:0
11-28 21:29:34.636 1254 1254 I android.hardware.thermal@2.0-service.qti: Sensor Name:shell_fronttemp: 35.1. prev severity:0. cur severity:0 New severity:0
11-28 21:29:34.636 1254 1254 I android.hardware.thermal@2.0-service.qti: Sensor Name:shell_backtemp: 35.1. prev severity:0. cur severity:0 New severity:0
11-28 21:29:34.765 8600 10913 D FTPC : getTotalBytes : 104828928 // 0 // 0
11-28 21:29:34.765 8600 10913 D AUTOCALL: ThroTimerTask doTask(...) afterPacket : 104842752
11-28 21:29:34.768 1218 4398 I vendor.qti.bluetooth@1.0-ibs_handler: ProcessIbsCmd: Received IBS_WAKE_IND: 0xFD
11-28 21:29:34.768 1218 4398 D vendor.qti.bluetooth@1.0-ibs_handler: SerialClockVote: vote for UART CLK ON
11-28 21:29:34.769 1218 4398 D vendor.qti.bluetooth@1.0-wake_lock: Acquire wakelock is acquired
11-28 21:29:34.769 1218 4398 I vendor.qti.bluetooth@1.0-ibs_handler: ProcessIbsCmd: Writing IBS_WAKE_ACK
11-28 21:29:34.790 8600 8600 D Solo3Charging: Solo3ChargingManager.setBatteryCapacity() capacity : 72 isVoiceCall : false chargingMode : 0
11-28 21:29:34.790 8600 8600 D Solo3Charging: Solo3ChargingManager.setBatteryCapacity() condition : (else)
11-28 21:29:34.795 3840 3840 D DeviceInfoHidlClient: isRadioOn()=true
11-28 21:29:34.795 3840 3840 I DeviceInfoHidlClient: isPowerInfoNeverSent=false batteryLevel=72 batteryLevelIndex=2 chargingMode=2 totalCapacity=3322200 powerSaveMode=false
11-28 21:29:34.796 8600 10961 D FTPC : Download End FileSize Over, fileSize 104857600, m_totalBytes 104857600
11-28 21:29:34.797 8600 10961 D FTPC : before endTransfer..
11-28 21:29:34.797 8600 10961 D FTPC : endTransfer, Start!
11-28 21:29:34.839 8600 10962 D FTPC : runThread, RESP: 226 Transfer complete., threadNo:0
11-28 21:29:34.839 8600 10961 D FTPC : endTransfer, status:226
11-28 21:29:34.839 8600 10961 D FTPC : after endTransfer..
11-28 21:29:34.839 8600 10961 D FTPC : DOWNLOAD, OnEndReceivingData, ReceivedBytes: 104857600
11-28 21:29:34.840 8600 10962 D AUTOCALL: Response() : 16
11-28 21:29:34.840 8600 10961 D FTPC : DOWNLOAD, OnPostReceiveFile
11-28 21:29:34.840 8600 10962 D AUTOCALL: replyCode : 226
11-28 21:29:34.840 8600 10961 D FTPC : IsDualSimDsdsMode
11-28 21:29:34.840 8600 10961 D FTPC : delay,RHP IsDualSimDsdsMode false
11-28 21:29:34.840 8600 10961 D FTPC : IsDualSimDsdsMode
11-28 21:29:34.840 8600 10961 D FTPC : FTPObserver::OnCompleted
11-28 21:29:34.840 8600 10962 D AUTOCALL: UI MSG : 226 Transfer complete.
11-28 21:29:34.840 8600 10961 D AUTOCALL: Completed() - ThreadNo.0
11-28 21:29:34.840 8600 10961 D FTPC : getTotalBytes : 104857600 // 0 // 0
11-28 21:29:34.846 8600 10962 D AUTOCALL: 226 Transfer complete.
11-28 21:29:34.848 8600 10962 E AUTOCALL: mGoodByeCount : 1 mLastReplyMsg:226 Transfer complete.
11-28 21:29:34.848 8600 10962 E AUTOCALL: mReleaseEnd = true
11-28 21:29:34.848 8600 10961 D AUTOCALL: OnResult(...) Success : true
11-28 21:29:34.849 8600 10961 D FTPC : getTotalBytes : 104857600 // 0 // 0
11-28 21:29:34.849 8600 10961 D AUTOCALL: LastThroughput(...) 104857600 - 104842752 = 14848
11-28 21:29:34.849 8600 10961 D AUTOCALL: LastThroughput(...)
11-28 21:29:34.851 1218 4398 I vendor.qti.bluetooth@1.0-ibs_handler: ProcessIbsCmd: Received IBS_SLEEP_IND: 0xFE
11-28 21:29:34.851 1218 4398 D vendor.qti.bluetooth@1.0-ibs_handler: SerialClockVote: vote for UART CLK OFF
11-28 21:29:34.852 8600 10961 D AUTOCALL: Duration : 48641.0 Total Bytes : 104857600
11-28 21:29:34.854 8600 10961 D AUTOCALL: FTPCall.processingSuccessComplete()
11-28 21:29:34.857 8600 10961 D AUTOCALL: FTPCall.ReleaseStart()
11-28 21:29:34.858 8600 10961 D AUTOCALL: BaseFTPCall.ReleaseStart(), This is Call ReleaseStart.. ################################################
11-28 21:29:34.858 8600 10961 D AUTOCALL: Release Start
11-28 21:29:34.858 8600 10961 D AUTOCALL: UI MSG : Release Start
11-28 21:29:34.864 8600 10913 D AUTOCALL: ReleaseEnd() Call From Release()
11-28 21:29:34.864 8600 10913 D AUTOCALL: Release End
11-28 21:29:34.865 3887 4827 D PhoneInterfaceManager: [PhoneIntfMgr] QueryTelephonyChecker-getDataNetworkTypeForSubscriber: packageName = com.innowireless.xcal.mobile5, isGrant = true
11-28 21:29:34.868 3887 4827 D PhoneInterfaceManager: [PhoneIntfMgr] QueryTelephonyChecker-getDataNetworkTypeForSubscriber: packageName = com.innowireless.xcal.mobile5, isGrant = true
11-28 21:29:34.869 8600 10961 D GetNTPTimeTask: NTP Time sync stop
11-28 21:29:34.870 8600 10961 D AUTOCALL: mMultiThreadSession release : 0
11-28 21:29:34.870 8600 10961 D AUTOCALL: FTPAutoCall.Release Start : 0
11-28 21:29:34.870 8600 10961 D FTPC : Release, Start, FTPInfo: 0xFB8E5C00
11-28 21:29:34.870 8600 10961 D FTPC : release, ThreadNo: 0
11-28 21:29:34.870 8600 10961 D FTPC : notify, ThreadNo: 0
11-28 21:29:34.870 8600 10961 D FTPC : Release, End
11-28 21:29:34.870 8600 10961 D AUTOCALL: FTPAutoCall.Release End : 0
11-28 21:29:34.870 8600 10961 D FTPC : notify, ThreadNo: 0
11-28 21:29:34.871 8600 10961 D AUTOCALL: UI MSG : ABOR
11-28 21:29:34.871 8600 10961 D AUTOCALL: ABOR
11-28 21:29:34.871 8600 10961 D FTPC : SEND: ABOR
11-28 21:29:34.877 3887 4827 D PhoneInterfaceManager: [PhoneIntfMgr] QueryTelephonyChecker-getDataNetworkTypeForSubscriber: packageName = com.innowireless.xcal.mobile5, isGrant = true
11-28 21:29:34.878 3887 5676 D PhoneInterfaceManager: [PhoneIntfMgr] QueryTelephonyChecker-getDataNetworkTypeForSubscriber: packageName = com.innowireless.xcal.mobile5, isGrant = true
11-28 21:29:34.879 3887 7417 D PhoneInterfaceManager: [PhoneIntfMgr] QueryTelephonyChecker-getDataNetworkTypeForSubscriber: packageName = com.innowireless.xcal.mobile5, isGrant = true
11-28 21:29:34.883 8600 8600 I Quality : Skipped: true 1 cost 18.413172 refreshRate 0 processName com.innowireless.xcal.mobile5
11-28 21:29:34.886 3887 4827 D PhoneInterfaceManager: [PhoneIntfMgr] QueryTelephonyChecker-getDataNetworkTypeForSubscriber: packageName = com.innowireless.xcal.mobile5, isGrant = true
11-28 21:29:34.887 8600 9108 D GPS : NMEA is invaild.
11-28 21:29:34.887 8600 9108 D GPS : mNMEASatelites : 12
11-28 21:29:34.887 8600 9108 D GPS : mGPSSatelites : 70
11-28 21:29:34.887 8600 9108 D GPS : Android GPS is vaild.
11-28 21:29:34.888 8600 10913 D BRM : Remove receiver : lib.dm.autocall.call.BaseCall$2
11-28 21:29:34.888 8600 10913 D BRM : Receivers size : 5
11-28 21:29:34.888 8600 10913 D AUTOCALL: CallEnd start
11-28 21:29:34.888 3887 4827 D PhoneInterfaceManager: [PhoneIntfMgr] QueryTelephonyChecker-getDataNetworkTypeForSubscriber: packageName = com.innowireless.xcal.mobile5, isGrant = true
11-28 21:29:34.888 8600 10913 D AUTOCALL: UI MSG : Success
11-28 21:29:34.889 8600 10913 D AUTOCALL: UI MSG : Call End
11-28 21:29:34.890 3887 4827 D PhoneInterfaceManager: [PhoneIntfMgr] QueryTelephonyChecker-getDataNetworkTypeForSubscriber: packageName = com.innowireless.xcal.mobile5, isGrant = true
11-28 21:29:34.891 3887 5676 D PhoneInterfaceManager: [PhoneIntfMgr] QueryTelephonyChecker-getDataNetworkTypeForSubscriber: packageName = com.innowireless.xcal.mobile5, isGrant = true
11-28 21:29:34.894 3887 7417 D PhoneInterfaceManager: [PhoneIntfMgr] QueryTelephonyChecker-getDataNetworkTypeForSubscriber: packageName = com.innowireless.xcal.mobile5, isGrant = true
11-28 21:29:34.894 8600 10913 D CallResultWriter: write Setup time : 0.000
11-28 21:29:34.896 8600 10913 D CallResultWriter: Result Write Duration : 48641.0
11-28 21:29:34.897 8600 10913 D CallResultWriter: Result Write Duration : 48641.0
11-28 21:29:34.898 8600 10913 D CallResultWriter: CallResultWriter.setDuration() mTotalDuration[0] = 48641.0
11-28 21:29:34.899 8600 10913 D CallResultWriter: write Result : Success - 0
11-28 21:29:34.903 8600 10913 D CallResultWriter: write start time : 2024-11-28 21:28:40.726
11-28 21:29:34.908 8600 10913 D CallResultWriter: write start time : 2024-11-28 21:28:40.726
11-28 21:29:34.910 8600 10913 D CallResultWriter: write end time : 2024-11-28 21:29:34.890
11-28 21:29:34.913 8600 10913 D CallResultWriter: write end time : 2024-11-28 21:29:34.890
11-28 21:29:34.915 8600 10913 D CallResultWriter: write min throughput : 147.2
11-28 21:29:34.915 8600 10913 D CallResultWriter: write max throughput : 63896.0
11-28 21:29:34.916 8600 10913 D Harmonizer: hzResult : #0003=1 #0101=0 #0002=LTE #0004=FTP #0048=2 #0005=Dn #0020=104857600 #0001=dl #0006=0.000 #0021=48.641 #0013=17246.0 #0010=0 #0007=2024-11-28 21:28:40.726 #0008=2024-11-28 21:29:34.890 #0014=147.2 #0015=63896.0
11-28 21:29:34.916 8600 10913 D Harmonizer: result : 1 LTE FTP Dn 104857600 dl 0.000 48.641 17246.0 Success 2024-11-28 21:28:40.726 2024-11-28 21:29:34.890 147.2 63896.0 40 38750
11-28 21:29:34.923 3887 5676 D PhoneInterfaceManager: [PhoneIntfMgr] QueryTelephonyChecker-getDataNetworkTypeForSubscriber: packageName = com.innowireless.xcal.mobile5, isGrant = true
11-28 21:29:34.927 8600 9740 I GLThread: waiting tid=2931 mHaveEglContext: false mHaveEglSurface: false mPaused: false mHasSurface: false mSurfaceIsBad: false mWaitingForSurface: true mWidth: 0 mHeight: 0 mRequestRender: true mRenderMode: 0
11-28 21:29:34.934 8600 10962 D FTPC : runThread, RESP: 500 Unknown command., threadNo:0
11-28 21:29:34.936 8600 10961 D AUTOCALL: UI MSG : QUIT
11-28 21:29:34.937 8600 10961 D AUTOCALL: QUIT
11-28 21:29:34.937 8600 10961 D FTPC : SEND: QUIT
11-28 21:29:34.938 8600 10962 D AUTOCALL: Response() : 20
11-28 21:29:34.938 8600 10962 D AUTOCALL: replyCode : 500
11-28 21:29:34.939 8600 10913 D AUTOCALL: CallEnd - end
11-28 21:29:34.939 8600 10962 D AUTOCALL: UI MSG : 500 Unknown command.
11-28 21:29:34.939 8600 10913 D AUTOCALL: CallEnd() - mMultiThreadSession clear
11-28 21:29:34.940 8600 10962 D AUTOCALL: 500 Unknown command.
11-28 21:29:34.940 8600 10913 D AUTOCALL: BaseFTPCall.resetListener(), mThreadNo:0 isAlive? true
11-28 21:29:34.940 8600 10913 D AUTOCALL: FTPCall.CallEnd(), End.
11-28 21:29:34.941 8600 10962 D AUTOCALL: BaseFTPCall.onResponse() - Ignore: DELETE Command Failed 20
11-28 21:29:34.952 3887 5676 D PhoneInterfaceManager: [PhoneIntfMgr] QueryTelephonyChecker-getDataNetworkTypeForSubscriber: packageName = com.innowireless.xcal.mobile5, isGrant = true
11-28 21:29:34.954 2523 3067 D WifiActiveModeWarden: there is no primary client manager, return the default one
11-28 21:29:34.955 2523 3456 D WifiService: getWifiEnabledState primaryClientMode is mDefaultClientModeManager
11-28 21:29:34.965 8600 10913 D AUTOCALL: isHarmonySyncStart : false
11-28 21:29:34.965 8600 10913 D AUTOCALL: isXRAreaStopTimer : false
11-28 21:29:34.975 8600 10962 D FTPC : runThread, RESP: 221 Goodbye., threadNo:0
11-28 21:29:34.976 8600 10961 D FTPC : stopThread, ThreadNo: 0, join before
11-28 21:29:34.981 8600 10962 D FTPC : runThread, End.
11-28 21:29:34.981 8600 10961 D FTPC : stopThread, ThreadNo: 0, join after
11-28 21:29:34.981 8600 10961 D FTPC : close, ThreadNo: 0
11-28 21:29:34.981 8600 10961 D FTPC : close, ThreadNo: 0, before delete _pControlSocket
11-28 21:29:34.981 8600 10961 D FTPC : close, ThreadNo: 0, after delete _pControlSocket
11-28 21:29:34.981 8600 10961 D FTPC : FTPObserver::OnEnd
11-28 21:29:34.981 8600 10961 D FTPC : Create, SIM End
11-28 21:29:34.981 8600 10961 D FTPC : Create, End, Session Counter=0
11-28 21:29:34.981 8600 10961 D FTPC : Create, nCheckSocketFD:0
11-28 21:29:35.002 1218 4202 D vendor.qti.bluetooth@1.0-wake_lock: Release wakelock is released
11-28 21:29:35.009 3887 5676 D PhoneInterfaceManager: [PhoneIntfMgr] QueryTelephonyChecker-getDataNetworkTypeForSubscriber: packageName = com.innowireless.xcal.mobile5, isGrant = true
11-28 21:29:35.015 4443 10237 I NetworkScheduler.Stats: (REDACTED) Task %s/%s started execution. cause:%s exec_start_elapsed_seconds: %s
11-28 21:29:35.025 4443 11018 I NetworkScheduler.Stats: (REDACTED) Task %s/%s finished executing. cause:%s result: %s elapsed_millis: %s uptime_millis: %s exec_start_elapsed_seconds: %s
11-28 21:29:35.056 2523 3067 D WifiActiveModeWarden: there is no primary client manager, return the default one
11-28 21:29:35.065 8600 10913 D AUTOCALL: isHarmonySyncStart : false
11-28 21:29:35.065 8600 10913 D AUTOCALL: isXRAreaStopTimer : false
11-28 21:29:35.113 3887 5676 D PhoneInterfaceManager: [PhoneIntfMgr] QueryTelephonyChecker-getDataNetworkTypeForSubscriber: packageName = com.innowireless.xcal.mobile5, isGrant = true
11-28 21:29:35.139 3887 7417 D PhoneInterfaceManager: [PhoneIntfMgr] QueryTelephonyChecker-getDataNetworkTypeForSubscriber: packageName = com.innowireless.xcal.mobile5, isGrant = true
11-28 21:29:35.169 8600 10913 D AUTOCALL: isHarmonySyncStart : false
11-28 21:29:35.169 8600 10913 D AUTOCALL: isXRAreaStopTimer : false
11-28 21:29:35.233 3887 5676 D PhoneInterfaceManager: [PhoneIntfMgr] QueryTelephonyChecker-getDataNetworkTypeForSubscriber: packageName = com.innowireless.xcal.mobile5, isGrant = true
11-28 21:29:35.267 8600 10913 D AUTOCALL: isHarmonySyncStart : false
11-28 21:29:35.267 8600 10913 D AUTOCALL: isXRAreaStopTimer : false
11-28 21:29:35.323 3887 7417 D PhoneInterfaceManager: [PhoneIntfMgr] QueryTelephonyChecker-getDataNetworkTypeForSubscriber: packageName = com.innowireless.xcal.mobile5, isGrant = true
11-28 21:29:35.328 3887 7417 D PhoneInterfaceManager: [PhoneIntfMgr] QueryTelephonyChecker-getDataNetworkTypeForSubscriber: packageName = com.innowireless.xcal.mobile5, isGrant = true
11-28 21:29:35.330 3887 4827 D PhoneInterfaceManager: [PhoneIntfMgr] QueryTelephonyChecker-getDataNetworkTypeForSubscriber: packageName = com.innowireless.xcal.mobile5, isGrant = true
11-28 21:29:35.365 8600 10913 D AUTOCALL: isHarmonySyncStart : false
11-28 21:29:35.365 8600 10913 D AUTOCALL: isXRAreaStopTimer : false
11-28 21:29:35.368 8600 8600 I Quality : Skipped: true 1 cost 20.165163 refreshRate 0 processName com.innowireless.xcal.mobile5
11-28 21:29:35.383 1218 4398 I vendor.qti.bluetooth@1.0-ibs_handler: ProcessIbsCmd: Received IBS_WAKE_IND: 0xFD
11-28 21:29:35.383 1218 4398 D vendor.qti.bluetooth@1.0-ibs_handler: SerialClockVote: vote for UART CLK ON
11-28 21:29:35.384 1218 4398 D vendor.qti.bluetooth@1.0-wake_lock: Acquire wakelock is acquired
11-28 21:29:35.384 1218 4398 I vendor.qti.bluetooth@1.0-ibs_handler: ProcessIbsCmd: Writing IBS_WAKE_ACK
11-28 21:29:35.399 3887 5676 D PhoneInterfaceManager: [PhoneIntfMgr] QueryTelephonyChecker-getDataNetworkTypeForSubscriber: packageName = com.innowireless.xcal.mobile5, isGrant = true
11-28 21:29:35.401 3887 7417 D PhoneInterfaceManager: [PhoneIntfMgr] QueryTelephonyChecker-getDataNetworkTypeForSubscriber: packageName = com.innowireless.xcal.mobile5, isGrant = true
11-28 21:29:35.402 3887 7417 D PhoneInterfaceManager: [PhoneIntfMgr] QueryTelephonyChecker-getDataNetworkTypeForSubscriber: packageName = com.innowireless.xcal.mobile5, isGrant = true
11-28 21:29:35.449 3887 7417 D PhoneInterfaceManager: [PhoneIntfMgr] QueryTelephonyChecker-getDataNetworkTypeForSubscriber: packageName = com.innowireless.xcal.mobile5, isGrant = true
11-28 21:29:35.454 2523 11318 D OplusLocationStatistics: on recordTaskMark, key: gnssReportLocation
11-28 21:29:35.454 2523 2635 D LocationManagerService: incoming location from: gps
11-28 21:29:35.456 2523 2635 D LocationManagerService: incoming location from: gps
11-28 21:29:35.464 4443 5595 I FusedLocation: (REDACTED) location delivery to %s blocked - too close
11-28 21:29:35.464 4443 5595 I FusedLocation: (REDACTED) location delivery to %s blocked - too close
11-28 21:29:35.465 4443 5595 I FusedLocation: (REDACTED) location delivery to %s blocked - too fast
11-28 21:29:35.466 4443 5595 I FusedLocation: (REDACTED) location delivery to %s blocked - too fast
11-28 21:29:35.466 2523 3324 D LocationManagerService: incoming location from: fused
11-28 21:29:35.466 2523 3324 D LocationManagerService: incoming location from: fused
11-28 21:29:35.466 4443 5595 I FusedLocation: (REDACTED) location delivery to %s blocked - too fast
11-28 21:29:35.466 8600 10913 D AUTOCALL: isHarmonySyncStart : false
11-28 21:29:35.466 8600 10913 D AUTOCALL: isXRAreaStopTimer : false
11-28 21:29:35.502 1218 4398 I vendor.qti.bluetooth@1.0-ibs_handler: ProcessIbsCmd: Received IBS_SLEEP_IND: 0xFE
11-28 21:29:35.502 1218 4398 D vendor.qti.bluetooth@1.0-ibs_handler: SerialClockVote: vote for UART CLK OFF
11-28 21:29:35.566 8600 10913 D AUTOCALL: isHarmonySyncStart : false
11-28 21:29:35.567 8600 10913 D AUTOCALL: isXRAreaStopTimer : false
11-28 21:29:35.570 5266 9100 D DebugReportServiceHidlClient: getReport 1.1...
11-28 21:29:35.571 1237 1237 E LocSvc_HIDL_DebugReportService: Invalid count: 0
11-28 21:29:35.571 1237 1237 E LocSvc_HIDL_DebugReportService: Invalid count: 0
11-28 21:29:35.571 1237 1237 E LocSvc_HIDL_DebugReportService: Invalid count: 0
11-28 21:29:35.571 1237 1237 E LocSvc_HIDL_DebugReportService: Invalid count: 0
11-28 21:29:35.572 5266 9100 D DebugReportServiceHidlClient: getReport 1.1 success: true
11-28 21:29:35.572 5266 9100 D DebugReportServiceHidlClient: getReport 1.0 success: true
11-28 21:29:35.637 1254 1254 I android.hardware.thermal@2.0-service.qti: Sensor Name:shell_frametemp: 35.1. prev severity:0. cur severity:0 New severity:0
11-28 21:29:35.639 1254 1254 I android.hardware.thermal@2.0-service.qti: Sensor Name:skintemp: 38.372. prev severity:3. cur severity:0 New severity:0
11-28 21:29:35.639 1254 1254 I android.hardware.thermal@2.0-service.qti: Sensor Name:shell_fronttemp: 35.1. prev severity:0. cur severity:0 New severity:0
11-28 21:29:35.640 1254 1254 I android.hardware.thermal@2.0-service.qti: Sensor Name:shell_backtemp: 35.1. prev severity:0. cur severity:0 New severity:0
11-28 21:29:35.653 1218 4202 D vendor.qti.bluetooth@1.0-wake_lock: Release wakelock is released
11-28 21:29:35.668 8600 10913 D AUTOCALL: isHarmonySyncStart : false
11-28 21:29:35.668 8600 10913 D AUTOCALL: isXRAreaStopTimer : false
11-28 21:29:35.769 8600 10913 D AUTOCALL: isHarmonySyncStart : false
11-28 21:29:35.769 8600 10913 D AUTOCALL: isXRAreaStopTimer : false
11-28 21:29:35.855 3887 7417 D PhoneInterfaceManager: [PhoneIntfMgr] QueryTelephonyChecker-getDataNetworkTypeForSubscriber: packageName = com.innowireless.xcal.mobile5, isGrant = true
11-28 21:29:35.860 3887 7417 D PhoneInterfaceManager: [PhoneIntfMgr] QueryTelephonyChecker-getDataNetworkTypeForSubscriber: packageName = com.innowireless.xcal.mobile5, isGrant = true
11-28 21:29:35.863 3887 5676 D PhoneInterfaceManager: [PhoneIntfMgr] QueryTelephonyChecker-getDataNetworkTypeForSubscriber: packageName = com.innowireless.xcal.mobile5, isGrant = true
11-28 21:29:35.867 8600 10913 D AUTOCALL: isHarmonySyncStart : false
11-28 21:29:35.867 8600 10913 D AUTOCALL: isXRAreaStopTimer : false
11-28 21:29:35.885 3887 5676 D PhoneInterfaceManager: [PhoneIntfMgr] QueryTelephonyChecker-getDataNetworkTypeForSubscriber: packageName = com.innowireless.xcal.mobile5, isGrant = true
11-28 21:29:35.888 8600 9108 D GPS : NMEA is invaild.
11-28 21:29:35.888 8600 9108 D GPS : mNMEASatelites : 12
11-28 21:29:35.888 3887 5676 D PhoneInterfaceManager: [PhoneIntfMgr] QueryTelephonyChecker-getDataNetworkTypeForSubscriber: packageName = com.innowireless.xcal.mobile5, isGrant = true
11-28 21:29:35.888 8600 9108 D GPS : mGPSSatelites : 69
11-28 21:29:35.888 8600 9108 D GPS : Android GPS is vaild.
11-28 21:29:35.892 3887 5676 D PhoneInterfaceManager: [PhoneIntfMgr] QueryTelephonyChecker-getDataNetworkTypeForSubscriber: packageName = com.innowireless.xcal.mobile5, isGrant = true
11-28 21:29:35.895 3887 5676 D PhoneInterfaceManager: [PhoneIntfMgr] QueryTelephonyChecker-getDataNetworkTypeForSubscriber: packageName = com.innowireless.xcal.mobile5, isGrant = true
11-28 21:29:35.904 3887 5676 D PhoneInterfaceManager: [PhoneIntfMgr] QueryTelephonyChecker-getDataNetworkTypeForSubscriber: packageName = com.innowireless.xcal.mobile5, isGrant = true
11-28 21:29:35.910 3887 5676 D PhoneInterfaceManager: [PhoneIntfMgr] QueryTelephonyChecker-getDataNetworkTypeForSubscriber: packageName = com.innowireless.xcal.mobile5, isGrant = true
11-28 21:29:35.930 8600 9740 I GLThread: waiting tid=2931 mHaveEglContext: false mHaveEglSurface: false mPaused: false mHasSurface: false mSurfaceIsBad: false mWaitingForSurface: true mWidth: 0 mHeight: 0 mRequestRender: true mRenderMode: 0
11-28 21:29:35.967 8600 10913 D AUTOCALL: isHarmonySyncStart : false
11-28 21:29:35.968 8600 10913 D AUTOCALL: isXRAreaStopTimer : false
11-28 21:29:35.970 8600 10913 D AUTOCALL: callInit
11-28 21:29:35.970 8600 10913 D AUTOCALL: closeAutoCall
11-28 21:29:35.970 8600 10913 D AUTOCALL: Stop AutoCall Timer
11-28 21:29:35.971 8600 10913 D AUTOCALL: onCallEnd ------------------------------- Start!
11-28 21:29:35.971 8600 10913 E AUTOCALL: onCallEnd isSingleCallEnd :true
11-28 21:29:35.971 8600 10913 D AUTOCALL: Stop start
11-28 21:29:35.973 8600 10913 D AUTOCALL: Stop AutoCall Timer
11-28 21:29:35.974 8600 10913 D AUTOCALL: Call stoped : FTP
11-28 21:29:35.974 8600 10913 D AUTOCALL: Stop end
11-28 21:29:35.974 8600 10913 D AUTOCALL: mResultCode : 0
11-28 21:29:35.976 8600 8897 D XCAL-Mobile: OnServiceHandler.onCallEnd(), Start - sessionID: 0, isScenarioEnded: true, isSingleCallEnd: true, scenarioCount: 0, repeatCount: 0
11-28 21:29:35.977 8600 11031 D CallResultWriter: CallResultWriter.writeAvg() TotalDuration : 48641.0
11-28 21:29:35.977 8600 11031 D CallResultWriter: CallResultWriter.writeAvg() valid count : 1
11-28 21:29:35.977 8600 11031 D CallResultWriter: CallResultWriter.writeAvg() avg : Avg. 20241128_212838 FTP 48.641 17246.0
11-28 21:29:35.977 8600 8897 D jhko : Autocall ScenarioEnded
11-28 21:29:35.977 8600 8897 D jhko : Autocall ScenarioEnded AppFrame.isRun(AppFrame.RUN_LOGGING) : true
11-28 21:29:35.978 8600 8897 D jhko : Autocall ScenarioEnded Case3
11-28 21:29:35.979 8600 8600 D XCAL-Mobile: AutoCallStop main
11-28 21:29:35.979 8600 8600 D XCAL-Mobile: DMLog.stop(), Start
11-28 21:29:35.980 8600 8600 D XCAL-Mobile: DMLog.stop(), ext : drm
11-28 21:29:35.980 8600 8600 D XCAL-Mobile: drmSplitCount : 0
11-28 21:29:35.980 8600 8600 D XCAL-Mobile: logName(Base) : 8356841006_20241128_212838_FTP_dl.drm
11-28 21:29:35.980 8600 8600 D XCAL-Mobile: DMLog.stop(), logTempName : 8356841006_20241128_212838
11-28 21:29:35.982 8600 8897 D XCAL-Native: setFTPPortNumber() - Start, PortNumber: 0
11-28 21:29:35.982 8600 8897 D XCAL-Native: setFTPPortNumber() - End
11-28 21:29:35.982 8600 8897 D XCAL-Mobile: OnCallEnd restore qcdata size : 1500
11-28 21:29:35.985 8600 8897 D XCAL-Mobile: DMLog.setQCDataProtocol() isQCChecked : true size : 1500 adpl : false
11-28 21:29:35.985 8600 8897 D IntroManager: startCheckType : 7
11-28 21:29:35.988 8600 8897 D XCAL-Native: callEnd() - Start, isScenarioEnded: TRUE
11-28 21:29:35.988 8600 8897 D XCAL-Native: callEnd() - End
11-28 21:29:35.989 8600 8897 D XAT : OnServiceHandler.onCallEnd(), AutoCallStatus.CallResult('Success')
11-28 21:29:35.989 8600 8897 D XCAL-Mobile: OnServiceHandler.onCallEnd(), End
11-28 21:29:35.990 8600 11033 D XCAL-Mobile: Logmask.setQCDataProtocol(), nLen:1500, isADPL:false
11-28 21:29:35.991 8600 8600 D XCAL-Mobile: LogcatLoggingThread.stop() newName : 8356841006_20241128_212838_FTP_dl
11-28 21:29:35.991 8600 8600 D e2two : clear logcat name
11-28 21:29:35.992 8600 8600 D XCAL-Mobile: DMLog.stop(), stopName :8356841006_20241128_212838
11-28 21:29:35.992 8600 8600 D XCAL-Native: loggingStop() - Start - RENAME: 8356841006_20241128_212838
11-28 21:29:35.992 8600 8600 D XCAL-Native: CommonParserAPI::LastUpdate
11-28 21:29:35.992 8600 8600 D XCAL-Parser: ------------LastUpdate-------------
11-28 21:29:35.992 8600 8600 D XCAL-Native: CAOF_MLogging::Close - Start, SimIndex: 0
11-28 21:29:35.992 8600 8600 D XCAL-Native: CAOF_MLogging::Close - End, SimIndex: 0
11-28 21:29:35.992 8600 8600 D XCAL-Native: loggingStop() - End - FileCount: 0
11-28 21:29:35.993 8600 8600 D XCAL-Mobile: DMLog.callTrafficReset(), From: DMLog.stop(), Enable: false
11-28 21:29:35.993 8600 8600 D XCAL-Mobile: stop: dsdsKpiTimer.close()
11-28 21:29:35.993 8600 8600 D XCAL-Mobile: DMLog.stop(), End
11-28 21:29:35.993 8600 8600 D XCAL-Mobile: LogStop Success
11-28 21:29:35.995 8600 8600 D DrawerMainMenuDataList: DrawerMainMenuList true
11-28 21:29:35.996 8600 8600 D DrawerMainMenuListLicenseCheck: DMMsg.ICD_VERSION 0
11-28 21:29:35.996 8600 8600 D DrawerMainMenuListLicenseCheck: DMMsg.ICD_VERSION 0
11-28 21:29:35.996 8600 8600 D DrawerMainMenuListLicenseCheck: isLicenseCheckNetworkLockType() 1
11-28 21:29:35.996 8600 11033 D XCAL-Mobile: DMLog.resetLogmask(), From: DMLog.setQCDataProtocol1, IPFrame: false, isLogmaskOff: false
11-28 21:29:35.997 8600 11033 D XCAL-Mobile: Logmask.0: 7D 5D 05 00 00 00 00 00 00 74 41 7E
11-28 21:29:35.997 8600 11033 D XCAL-Mobile: Logmask.1: 60 00 12 6A 7E
11-28 21:29:35.998 8600 8600 E XCAL-Mobile: MobileControl.parse(), org.xml.sax.SAXParseException: Unexpected end of document
11-28 21:29:35.998 8600 8600 E XCAL-Mobile: at org.apache.harmony.xml.parsers.DocumentBuilderImpl.parse(DocumentBuilderImpl.java:125)
11-28 21:29:35.998 8600 8600 E XCAL-Mobile: at javax.xml.parsers.DocumentBuilder.parse(DocumentBuilder.java:107)
11-28 21:29:35.998 8600 8600 E XCAL-Mobile: at lib.dm.nativeservice.service.MobileControl$XML.parse(MobileControl.java:840)
11-28 21:29:35.998 8600 8600 E XCAL-Mobile: at lib.dm.nativeservice.service.MobileControl$XML.access$000(MobileControl.java:821)
11-28 21:29:35.998 8600 8600 E XCAL-Mobile: at lib.dm.nativeservice.service.MobileControl.parseXML(MobileControl.java:599)
11-28 21:29:35.998 8600 8600 E XCAL-Mobile: at lib.dm.nativeservice.service.MobileControl.isAMRControlAvailable(MobileControl.java:150)
11-28 21:29:35.998 8600 8600 E XCAL-Mobile: at lib.dm.nativeservice.service.MobileControl.isNetworkLicense(MobileControl.java:224)
11-28 21:29:35.998 8600 8600 E XCAL-Mobile: at com.innowireless.xcal.mobile5.ui.drawersettings.drawermainmenu.drawermainbase.datacontrol.DrawerMainMenuDataList.functionNetworkLockAdd(DrawerMainMenuDataList.java:521)
11-28 21:29:35.998 8600 8600 E XCAL-Mobile: at com.innowireless.xcal.mobile5.ui.drawersettings.drawermainmenu.drawermainbase.datacontrol.DrawerMainMenuDataList.licenseCheckFunction(DrawerMainMenuDataList.java:351)
11-28 21:29:35.998 8600 8600 E XCAL-Mobile: at com.innowireless.xcal.mobile5.ui.drawersettings.drawermainmenu.drawermainbase.datacontrol.DrawerMainMenuDataList.licenseCheck(DrawerMainMenuDataList.java:70)
11-28 21:29:35.998 8600 8600 E XCAL-Mobile: at com.innowireless.xcal.mobile5.ui.drawersettings.drawermainmenu.drawermainbase.datacontrol.DrawerMainMenuDataList.prepareMainListData(DrawerMainMenuDataList.java:56)
11-28 21:29:35.998 8600 8600 E XCAL-Mobile: at com.innowireless.xcal.mobile5.ui.drawersettings.drawermainmenu.drawermainbase.view.SettingUIMainLeftMenu.initPublic(SettingUIMainLeftMenu.java:118)
11-28 21:29:35.998 8600 8600 E XCAL-Mobile: at com.innowireless.xcal.mobile5.ui.main.firstview.presenter.TabMain_NewMainPresenter.handlerGMLoggingStop(TabMain_NewMainPresenter.java:302)
11-28 21:29:35.998 8600 8600 E XCAL-Mobile: at com.innowireless.xcal.mobile5.ui.main.firstview.TabMain_View$4.handleMessage(TabMain_View.java:423)
11-28 21:29:35.998 8600 8600 E XCAL-Mobile: at android.os.Handler.dispatchMessage(Handler.java:106)
11-28 21:29:35.998 8600 8600 E XCAL-Mobile: at android.os.Looper.loopOnce(Looper.java:233)
11-28 21:29:35.998 8600 8600 E XCAL-Mobile: at android.os.Looper.loop(Looper.java:344)
11-28 21:29:35.998 8600 8600 E XCAL-Mobile: at android.app.ActivityThread.main(ActivityThread.java:8212)
11-28 21:29:35.998 8600 8600 E XCAL-Mobile: at java.lang.reflect.Method.invoke(Native Method)
11-28 21:29:35.998 8600 8600 E XCAL-Mobile: at com.android.internal.os.RuntimeInit$MethodAndArgsCaller.run(RuntimeInit.java:584)
11-28 21:29:35.998 8600 8600 E XCAL-Mobile: at com.android.internal.os.ZygoteInit.main(ZygoteInit.java:1034)
11-28 21:29:35.998 8600 8600 D MobileControl: IsXMLAvailable true FUN_NetworkMode true netWorkType 4 2 isAMRControlAvailable false
11-28 21:29:35.999 1218 4398 I vendor.qti.bluetooth@1.0-ibs_handler: ProcessIbsCmd: Received IBS_WAKE_IND: 0xFD
11-28 21:29:35.999 1218 4398 D vendor.qti.bluetooth@1.0-ibs_handler: SerialClockVote: vote for UART CLK ON
11-28 21:29:35.999 1218 4398 D vendor.qti.bluetooth@1.0-wake_lock: Acquire wakelock is acquired
11-28 21:29:35.999 1218 4398 I vendor.qti.bluetooth@1.0-ibs_handler: ProcessIbsCmd: Writing IBS_WAKE_ACK
11-28 21:29:36.000 8600 8600 D Autocall_Selection: mActivityHandler GM_LOGGING_STOP
11-28 21:29:36.000 8600 11033 D XCAL-Mobile: Logmask.2: 73 00 00 00 03 00 00 00 0B 00 00 00 C0 09 00 00 00 00 00 00 00 00 00 00 00 00 00 00 9F 01 00 00 8A 0C 8A 00 15 00 15 00 FF 3F 0A 00 7F FC E0 00 00 00 10 00 E1 40 00 0C 40 E0 00 20 FF FF CF F6 FF 7F 2C 7B 7F 00 03 5C 1E 26 00 02 01 08 20 00 00 00 00 00 00 00 00 00 00 00 00 00 00 00 00 00 00 00 00 00 00 00 00 00 00 00 00 00 00 00 00 00 00 00 00 00 00 00 00 00 00 00 00 00 00 00 00 00 00 00 00 00 00 00 00 00 00 00 00 00 00 00 00 00 00 00 00 00 00 00 00 00 00 00 00 00 00 00 00 00 00 00 00 00 00 00 00 00 00 00 00 00 00 00 00 00 00 00 00 00 00 00 00 00 00 00 00 00 00 00 00 00 00 00 00 00 00 00 00 00 00 00 00 00 00 00 00 00 00 00 00 00 00 00 00 00 00 00 00 00 00 00 00 00 00 00 00 00 00 00 00 00 00 00 00 00 00 00 00 00 00 00 00 00 00 00 00 00 00 00 00 00 00 00 00 00 00 00 00 00 00 00 00 00 00 00 00 00 00 00 00 00 3B FF 3F 00 EE 19 84 00 86 38 00 01 0B 03 0E 03 FB 87 03 08 81 80 00 00 00 00 04 21 04 00 00 00 00 00 00 00 00 00 00 00 00 00 07 22 00 E0 21 80 00 00 44 00 B0 00 00 C0 A6 21 7E
11-28 21:29:36.001 8600 8600 D DrawerMainMenuAdapter: selectMenu allclear
11-28 21:29:36.010 3887 5676 D PhoneInterfaceManager: [PhoneIntfMgr] QueryTelephonyChecker-getDataNetworkTypeForSubscriber: packageName = com.innowireless.xcal.mobile5, isGrant = true
11-28 21:29:36.012 8600 8600 D ResultHistory: Result Start DrawerMainMenuCommon
11-28 21:29:36.015 8600 8600 D XCAL-Mobile: TabMain_View.btnAutoCallStateUpdate()
11-28 21:29:36.015 8600 8600 D AUTOCALL_UI: Event unsubscribe
11-28 21:29:36.015 8600 8600 D AUTOCALL_UI: AutoCallViewModel.unSubscribe()
11-28 21:29:36.015 8600 8600 D AUTOCALL: AutoCallUiEventDispatcher.unsubscribe() : com.innowireless.xcal.mobile5.ui.autocall.viewmodel.AutoCallViewModel158483667
11-28 21:29:36.015 8600 8600 D AUTOCALL: AutoCallUiEventDispatcher.unsubscribe() : com.innowireless.xcal.mobile5.ui.autocall.viewmodel.FtpCallViewModel
11-28 21:29:36.016 8600 8600 D Autocall_Selection: mActivityHandler handlerGMAutoCallStop
11-28 21:29:36.016 8600 8600 D AUTOCALL_UI: AutoCallViewModel.unSubscribe()
11-28 21:29:36.016 8600 8600 D AUTOCALL: AutoCallUiEventDispatcher.unsubscribe() : com.innowireless.xcal.mobile5.ui.autocall.viewmodel.AutoCallViewModel94097557
11-28 21:29:36.016 8600 8600 D AUTOCALL: AutoCallUiEventDispatcher.unsubscribe() : com.innowireless.xcal.mobile5.ui.menu.rf.autocall.RfAutoCallSummaryViewModel
11-28 21:29:36.017 8600 8600 D AUTOCALL: AutoCallUiEventDispatcher.unsubscribe() : com.innowireless.xcal.mobile5.ui.menu.rf.autocall.RfAutoCallSummaryViewModel
11-28 21:29:36.017 8600 8600 D AUTOCALL_UI: AutoCallViewModel.unSubscribe()
11-28 21:29:36.017 8600 8600 D AUTOCALL: AutoCallUiEventDispatcher.unsubscribe() : com.innowireless.xcal.mobile5.ui.autocall.viewmodel.AutoCallViewModel87147748
11-28 21:29:36.017 8600 8600 D AUTOCALL: AutoCallUiEventDispatcher.unsubscribe() : com.innowireless.xcal.mobile5.ui.menu.rf.autocall.RfAutoCallSummaryViewModel
11-28 21:29:36.018 8600 8600 D AUTOCALL: AutoCallUiEventDispatcher.unsubscribe() : com.innowireless.xcal.mobile5.ui.menu.rf.autocall.RfAutoCallSummaryViewModel
11-28 21:29:36.018 8600 8600 I Quality : Skipped: false 1 cost 20.056293 refreshRate 0 processName com.innowireless.xcal.mobile5
11-28 21:29:36.032 8600 11033 D XCAL-Mobile: LOGMASK:B060,B061,B062,B063,B064,B067,B068,B081,B083,B087,B08A,B08B,B091,B093,B097,B0A0,B0A2,B0A4,B0B0,B0B2,B0B4,B0C0,B0C1,B0C2,B0C3,B0C4,B0C5,B0C6,B0C7,B0C8,B0C9,B0CA,B0CB,B0CC,B0CD,B0D1,B0D3,B0E0,B0E1,B0E2,B0E3,B0E4,B0E5,B0E6,B0EA,B0EB,B0EC,B0ED,B0EE,B0EF,B0F5,B0F6,B0F7,B114,B120,B125,B126,B127,B12E,B13A,B13B,B146,B14D,B14E,B14F,B15D,B160,B161,B162,B163,B164,B165,B166,B167,B168,B169,B16A,B16B,B16C,B16D,B16E,B16F,B170,B171,B172,B173,B176,B177,B179,B17A,B17C,B17D,B17E,B17F,B180,B181,B182,B183,B184,B185,B186,B187,B188,B189,B18A,B18B,B18C,B18D,B18E,B192,B193,B195,B198,B199,B19B,B19C,B19D,B19E,B1A0,B1A1,B1A2,B1A3,B1A4,B1A5,B1A6,B1B0,B1B1,B1BA,B1BB,B1BC,B1BE,B1C1,B1C2,B1C3,B1C4,B1C9,B1CA,B1CD,B1D9,B1E0,B1EB,B1F5,B800,B801,B803,B804,B805,B808,B809,B80A,B80B,B80C,B80D,B80E,B80F,B810,B811,B812,B813,B814,B815,B821,B822,B823,B825,B826,B827,B828,B82B,B82C,B832,B837,B841,B842,B847,B84B,B84C,B84D,B858,B860,B861,B863,B868,B869,B871,B872,B873,B878,B879,B880,B881,B883,B884,B885,B886,B887,B888,B889,B88A,B88F,B890,B891,B89B,B8A0,B8A7,B8AF,B8D2,B8D8,B8DD,B8E2,B950,B951,B952,B959,B95D,B96D,B96E,B96F,B970,B975,B97F,B992,B996,B9A4,B9A5,B9A7,B9BE,B9BF,
11-28 21:29:36.033 8600 11033 D XCAL-Mobile: Logmask.3: 73 00 00 00 03 00 00 00 07 00 00 00 58 0B 00 00 00 00 00 04 00 00 00 00 00 00 00 00 00 00 00 00 00 00 00 00 00 00 00 00 00 00 00 00 00 00 00 00 00 00 00 00 00 00 FF E7 19 00 01 02 00 00 00 00 00 00 00 00 00 00 00 00 00 00 00 00 00 00 00 00 00 00 00 00 00 00 00 00 00 00 00 00 00 00 00 00 00 00 00 00 00 00 00 00 00 00 00 00 00 00 00 00 00 00 00 00 00 00 00 00 00 00 00 00 00 00 00 00 00 00 00 00 00 00 00 00 00 00 00 00 00 00 00 00 00 00 00 00 00 00 00 00 00 00 00 00 00 00 00 00 00 00 00 00 00 00 00 00 00 00 00 00 00 00 00 00 00 00 00 00 00 00 00 00 00 00 00 00 00 00 00 00 00 00 00 00 00 00 00 00 00 00 00 00 00 00 00 00 00 00 00 00 00 00 00 00 00 00 00 00 00 00 00 00 00 00 00 00 00 00 00 00 00 00 00 00 00 00 00 00 00 00 00 00 00 00 00 00 00 00 00 00 00 00 00 00 00 00 00 00 00 00 00 00 00 00 00 00 00 00 00 00 00 00 00 00 00 00 00 00 00 00 00 00 00 00 00 00 00 00 00 00 00 00 00 00 00 00 00 00 00 00 00 00 00 00 00 00 00 00 00 00 00 00 00 00 00 00 00 00 00 00 00 00 00 00 00 00 00 00 00 00 00 00 00 00 00 00 00 00 00 00 00 00 00 00 00 00 00 00 00 00 00 00 00 00 00 00 00 00 00 00 00 00 00 00 00 00 00 00 00 00 00 00 FF 67 00 00 01 7F EF 7E
11-28 21:29:36.034 8600 11033 D XCAL-Mobile: LOGMASK:701A,7130,7131,7132,7133,7134,7135,7136,7137,7138,7139,713A,713D,713E,713F,7140,7143,7144,7150,7159,7B30,7B31,7B32,7B33,7B34,7B35,7B36,7B37,7B38,7B39,7B3A,7B3D,7B3E,7B50,
11-28 21:29:36.034 8600 11033 D XCAL-Mobile: Logmask.4: 82 00 00 00 40 0D 00 00 00 00 00 00 00 00 00 00 00 00 00 00 00 00 00 00 00 00 00 00 00 00 00 00 00 00 00 00 00 00 00 00 00 00 00 00 00 00 00 00 00 00 00 00 00 00 00 00 00 00 00 00 00 00 00 00 00 00 00 00 00 00 00 00 00 00 00 00 00 00 00 00 00 00 00 00 00 00 00 00 00 00 00 00 00 00 00 00 00 00 00 00 00 00 00 00 00 00 00 00 00 00 00 00 00 00 00 00 00 00 00 00 00 00 00 00 00 00 00 00 00 00 00 00 00 00 00 00 00 00 00 00 00 00 00 00 00 00 00 00 00 00 00 00 00 00 00 00 00 00 00 00 00 00 00 00 00 00 00 00 00 00 00 00 00 00 00 00 00 00 00 00 00 00 00 00 00 00 00 00 00 00 00 00 00 A0 00 00 00 00 00 00 00 00 00 00 00 00 C0 38 04 00 00 00 00 00 00 00 20 00 00 00 00 00 00 40 00 00 00 00 00 00 00 00 01 00 00 00 00 00 00 00 00 00 00 00 00 00 00 00 00 00 00 C0 00 00 00 08 00 00 00 00 00 00 00 00 00 00 00 00 00 00 00 00 00 00 00 00 00 00 00 00 00 00 00 00 00 80 07 00 00 00 00 00 00 00 00 00 00 00 00 00 00 00 00 00 00 00 00 00 00 00 00 00 00 00 00 00 00 00 00 00 00 00 00 00 00 00 00 00 00 00 00 00 00 00 00 00 00 00 00 00 00 20 06 00 00 00 00 00 00 00 00 00 00 00 00 00 00 00 00 00 00 00 00 00 00 00 00 00 00 00 00 00 00 00 00 00 00 00 00 00 00 00 00 00 00 00 00 00 00 00 00 00 00 D0 F9 01 00 E0 00 00 00 00 00 00 FF 01 00 00 00 00 00 0A 10 00 E0 9F 02 18 0A 10 08 70 00 00 00 00 00 00 00 00 00 34 6A 7E
11-28 21:29:36.035 8600 11033 D XCAL-Mobile: LOGMASK:1501,1503,1606,1607,1611,1612,1613,1618,1685,1742,1808,1966,1967,1995,2239,2240,2241,2242,2685,2689,2690,3100,3102,3103,3104,3107,3108,3109,3110,3111,3112,3133,3134,3135,3184,3185,3186,3187,3188,3189,3190,3191,3192,3241,3243,3252,3269,3270,3271,3272,3273,3274,3275,3276,3279,3281,3291,3292,3297,3299,3308,3315,3324,3325,3326,
11-28 21:29:36.035 8600 11033 D XCAL-Mobile: Logmask.5: 73 00 00 00 03 00 00 00 01 00 00 00 90 0D 00 00 00 06 00 00 00 00 00 00 00 00 00 00 00 00 00 00 00 00 00 01 00 00 00 00 00 00 00 00 00 00 00 00 00 00 00 00 00 00 00 00 00 00 00 00 00 00 00 00 00 00 00 00 00 00 00 00 00 00 00 00 00 08 00 00 00 00 00 00 00 00 00 00 00 00 00 00 00 00 06 00 00 00 00 00 00 00 00 00 00 00 00 00 00 00 00 00 00 00 00 00 00 00 00 00 00 00 00 00 1E 00 00 00 00 00 00 00 00 00 00 00 00 00 00 00 00 00 00 00 00 00 00 00 00 00 00 00 00 00 00 00 00 00 00 00 00 00 00 00 00 00 00 00 00 00 00 00 00 00 00 00 00 00 00 00 00 00 00 00 10 00 00 00 00 41 30 03 00 00 00 00 00 00 00 00 00 00 00 00 00 00 00 00 00 00 00 00 00 00 00 00 00 00 00 00 00 00 00 00 00 00 00 00 00 00 00 00 00 00 00 00 00 00 00 00 00 00 00 00 00 00 00 00 00 00 00 00 00 00 00 00 00 00 00 00 00 00 00 00 00 00 00 00 00 00 00 00 30 00 00 00 00 00 00 00 00 00 00 00 00 00 00 00 00 00 00 00 00 00 00 00 00 00 00 00 00 00 00 00 08 00 00 00 00 00 00 00 00 00 00 00 00 00 00 00 00 00 00 00 00 00 80 00 00 00 00 00 00 00 00 00 00 00 00 00 00 00 00 00 00 00 00 00 00 00 00 00 00 00 00 00 00 00 00 00 00 00 00 00 00 00 00 00 00 00 00 00 00 00 00 00 00 00 00 00 00 00 00 00 00 00 00 00 00 00 00 00 00 00 00 00 00 00 00 00 00 00 00 00 00 00 00 00 00 00 00 00 00 00 00 00 00 00 00 00 00 00 00 00 00 00 00 00 00 00 00 00 00 00 00 00 00 00 00 00 00 00 00 00 00 00 00 00 00 04 5A 2C 7E
11-28 21:29:36.036 8600 11033 D XCAL-Mobile: LOGMASK:1009,100A,1098,11EB,1271,1272,1361,1362,1363,1364,1544,1568,156E,1574,1575,1578,1579,1804,1805,1903,19B7,1D8A,
11-28 21:29:36.058 2523 3067 D WifiActiveModeWarden: there is no primary client manager, return the default one
11-28 21:29:36.063 3887 5676 D PhoneInterfaceManager: [PhoneIntfMgr] QueryTelephonyChecker-getDataNetworkTypeForSubscriber: packageName = com.innowireless.xcal.mobile5, isGrant = true
11-28 21:29:36.065 2523 3067 D WifiActiveModeWarden: there is no primary client manager, return the default one
11-28 21:29:36.065 2523 3456 D WifiService: getWifiEnabledState primaryClientMode is mDefaultClientModeManager
11-28 21:29:36.080 1218 4398 I vendor.qti.bluetooth@1.0-ibs_handler: ProcessIbsCmd: Received IBS_SLEEP_IND: 0xFE
11-28 21:29:36.080 1218 4398 D vendor.qti.bluetooth@1.0-ibs_handler: SerialClockVote: vote for UART CLK OFF
11-28 21:29:36.108 3887 5676 D PhoneInterfaceManager: [PhoneIntfMgr] QueryTelephonyChecker-getDataNetworkTypeForSubscriber: packageName = com.innowireless.xcal.mobile5, isGrant = true
11-28 21:29:36.113 4443 11019 I NetworkScheduler.Stats: (REDACTED) Task %s/%s started execution. cause:%s exec_start_elapsed_seconds: %s
11-28 21:29:36.129 4443 10237 I NetworkScheduler.Stats: (REDACTED) Task %s/%s finished executing. cause:%s result: %s elapsed_millis: %s uptime_millis: %s exec_start_elapsed_seconds: %s
11-28 21:29:36.139 8600 9021 D XCAL-Mobile: Adb_LoggingMsg.onResponse(), Logging stop
11-28 21:29:36.140 3887 5676 D PhoneInterfaceManager: [PhoneIntfMgr] QueryTelephonyChecker-getDataNetworkTypeForSubscriber: packageName = com.innowireless.xcal.mobile5, isGrant = true
11-28 21:29:36.158 2523 5420 D OplusDisplayPolicy: com.innowireless.xcal.mobile5, no change cutoutMode: 0
11-28 21:29:36.160 2732 2736 E Diag_Lib: [IMS_AP]"ims-rtp-daemon ims_rtp_qmi_handler_thread_func waiting on select thread>"
11-28 21:29:36.162 2732 2736 E Diag_Lib: [IMS_AP]"ims-rtp-daemon ims_rtp_qmi_handler_thread_func waiting on select thread>"
11-28 21:29:36.194 2523 2523 I OplusStatusBarManagerServiceExtImpl: getTopIsFullscreen mTopIsFullscreen: false
11-28 21:29:36.196 2523 2523 D AudioManagerExtImpl: getStreamVolume packageName=android, index=0, streamType=5
11-28 21:29:36.202 2523 5420 D UserManagerServiceExtImpl: getMultiSystemUserId res = -10000
11-28 21:29:36.206 31103 31103 D NotificationListener: [snowdeer] onNotificationPosted() - StatusBarNotification(pkg=com.innowireless.xcal.mobile5 user=UserHandle{0} id=191121 tag=null key=0|com.innowireless.xcal.mobile5|191121|null|10394: Notification(channel=xcal_mobile_service_channel shortcut=null contentView=null vibrate=null sound=null defaults=0x0 flags=0x72 color=0x00000000 vis=PRIVATE))
11-28 21:29:36.206 31103 31103 D NotificationListener: [snowdeer] PackageName:com.innowireless.xcal.mobile5
11-28 21:29:36.206 31103 31103 D NotificationListener: [snowdeer] PostTime:1732809575988
11-28 21:29:36.207 31103 31103 D NotificationListener: [snowdeer] Title:XCAL-Mobile
11-28 21:29:36.207 31103 31103 D NotificationListener: [snowdeer] Text:Running
11-28 21:29:36.207 31103 31103 D NotificationListener: [snowdeer] Sub Text:null
11-28 21:29:36.208 3303 3303 D InterruptionStateProvider: No bubble up: not allowed to bubble: 0|com.innowireless.xcal.mobile5|191121|null|10394
11-28 21:29:36.209 3303 3303 D InterruptionStateProvider: No heads up: unimportant notification: 0|com.innowireless.xcal.mobile5|191121|null|10394
11-28 21:29:36.210 3303 3303 D InterruptionStateProvider: No heads up: unimportant notification: 0|com.innowireless.xcal.mobile5|191121|null|10394
11-28 21:29:36.213 6918 6920 E IHansComunication: HANS printMessageBody: RCVed message body: type = 0, port = 86870, caller_pid = 2523, caller_uid = 1000, target_pid = 31287, target_uid = 10266, pkg_cmd = -1
11-28 21:29:36.216 2523 3719 I OplusHansManager : unfreeze uid: 10266 com.innowireless.xcal.smart4g pids: [31287] reason: AsyncBinder scene: LcdOn
11-28 21:29:36.217 3887 5676 D PhoneInterfaceManager: [PhoneIntfMgr] QueryTelephonyChecker-getDataNetworkTypeForSubscriber: packageName = com.innowireless.xcal.mobile5, isGrant = true
11-28 21:29:36.217 2523 3710 I OplusHansManager : uid=10266, pkg=com.innowireless.xcal.smart4g, transition from Frozen to Middle, reason=AsyncBinder
11-28 21:29:36.217 2523 3710 I OplusHansManager : uid=10266, pkg=com.innowireless.xcal.smart4g F exit(), reason=AsyncBinder
