11-28 21:29:23.345 1218 4398 D vendor.qti.bluetooth@1.0-ibs_handler: SerialClockVote: vote for UART CLK OFF
11-28 21:29:23.383 3887 4827 D PhoneInterfaceManager: [PhoneIntfMgr] QueryTelephonyChecker-getDataNetworkTypeForSubscriber: packageName = com.innowireless.xcal.mobile5, isGrant = true
11-28 21:29:23.394 3887 4827 D PhoneInterfaceManager: [PhoneIntfMgr] QueryTelephonyChecker-getDataNetworkTypeForSubscriber: packageName = com.innowireless.xcal.mobile5, isGrant = true
11-28 21:29:23.395 3887 5074 D PhoneInterfaceManager: [PhoneIntfMgr] QueryTelephonyChecker-getDataNetworkTypeForSubscriber: packageName = com.innowireless.xcal.mobile5, isGrant = true
11-28 21:29:23.397 3887 3904 D PhoneInterfaceManager: [PhoneIntfMgr] QueryTelephonyChecker-getDataNetworkTypeForSubscriber: packageName = com.innowireless.xcal.mobile5, isGrant = true
11-28 21:29:23.448 2523 3580 D OplusLocationStatistics: on recordTaskMark, key: gnssReportLocation
11-28 21:29:23.449 2523 2635 D LocationManagerService: incoming location from: gps
11-28 21:29:23.452 2523 2635 D LocationManagerService: incoming location from: gps
11-28 21:29:23.458 4443 5595 I FusedLocation: (REDACTED) location delivery to %s blocked - too close
11-28 21:29:23.459 4443 5595 I FusedLocation: (REDACTED) location delivery to %s blocked - too close
11-28 21:29:23.460 4443 5595 I FusedLocation: (REDACTED) location delivery to %s blocked - too fast
11-28 21:29:23.460 4443 5595 I FusedLocation: (REDACTED) location delivery to %s blocked - too fast
11-28 21:29:23.460 2523 4105 D LocationManagerService: incoming location from: fused
11-28 21:29:23.460 2523 4105 D LocationManagerService: incoming location from: fused
11-28 21:29:23.461 4443 5595 I FusedLocation: (REDACTED) location delivery to %s blocked - too fast
11-28 21:29:23.496 1218 4202 D vendor.qti.bluetooth@1.0-wake_lock: Release wakelock is released
11-28 21:29:23.568 5266 9100 D DebugReportServiceHidlClient: getReport 1.1...
11-28 21:29:23.568 1237 1237 E LocSvc_HIDL_DebugReportService: Invalid count: 0
11-28 21:29:23.568 1237 1237 E LocSvc_HIDL_DebugReportService: Invalid count: 0
11-28 21:29:23.568 1237 1237 E LocSvc_HIDL_DebugReportService: Invalid count: 0
11-28 21:29:23.568 1237 1237 E LocSvc_HIDL_DebugReportService: Invalid count: 0
11-28 21:29:23.569 5266 9100 D DebugReportServiceHidlClient: getReport 1.1 success: true
11-28 21:29:23.569 5266 9100 D DebugReportServiceHidlClient: getReport 1.0 success: true
11-28 21:29:23.584 1254 1254 I android.hardware.thermal@2.0-service.qti: Sensor Name:shell_frametemp: 35. prev severity:0. cur severity:0 New severity:0
11-28 21:29:23.585 1254 1254 I android.hardware.thermal@2.0-service.qti: Sensor Name:skintemp: 38.136. prev severity:3. cur severity:0 New severity:0
11-28 21:29:23.585 1254 1254 I android.hardware.thermal@2.0-service.qti: Sensor Name:shell_fronttemp: 35. prev severity:0. cur severity:0 New severity:0
11-28 21:29:23.586 1254 1254 I android.hardware.thermal@2.0-service.qti: Sensor Name:shell_backtemp: 35. prev severity:0. cur severity:0 New severity:0
11-28 21:29:23.640 6918 5993 D IHansComunication: HansComunication::configCheckedUid-- 10287, type = 0
11-28 21:29:23.640 6918 5993 D IHansComunication: HANS sendMessageToKernel: threadId = 530591591600, netLinkSetup = 1, type = FROZEN_TRANS, targetUid = 10287, pkgCmd = PKG_CMD_MAX
11-28 21:29:23.650 6918 5993 D IHansComunication: HansComunication::configCheckedUid-- 10271, type = 0
11-28 21:29:23.650 6918 5993 D IHansComunication: HANS sendMessageToKernel: threadId = 530591591600, netLinkSetup = 1, type = FROZEN_TRANS, targetUid = 10271, pkgCmd = PKG_CMD_MAX
11-28 21:29:23.729 8600 10913 D FTPC : getTotalBytes : 84478976 // 0 // 0
11-28 21:29:23.729 8600 10913 D AUTOCALL: ThroTimerTask doTask(...) afterPacket : 84478976
11-28 21:29:23.846 1218 4398 I vendor.qti.bluetooth@1.0-ibs_handler: ProcessIbsCmd: Received IBS_WAKE_IND: 0xFD
11-28 21:29:23.846 1218 4398 D vendor.qti.bluetooth@1.0-ibs_handler: SerialClockVote: vote for UART CLK ON
11-28 21:29:23.847 1218 4398 D vendor.qti.bluetooth@1.0-wake_lock: Acquire wakelock is acquired
11-28 21:29:23.847 1218 4398 I vendor.qti.bluetooth@1.0-ibs_handler: ProcessIbsCmd: Writing IBS_WAKE_ACK
11-28 21:29:23.852 3887 3904 D PhoneInterfaceManager: [PhoneIntfMgr] QueryTelephonyChecker-getDataNetworkTypeForSubscriber: packageName = com.innowireless.xcal.mobile5, isGrant = true
11-28 21:29:23.856 3887 5074 D PhoneInterfaceManager: [PhoneIntfMgr] QueryTelephonyChecker-getDataNetworkTypeForSubscriber: packageName = com.innowireless.xcal.mobile5, isGrant = true
11-28 21:29:23.859 3887 4827 D PhoneInterfaceManager: [PhoneIntfMgr] QueryTelephonyChecker-getDataNetworkTypeForSubscriber: packageName = com.innowireless.xcal.mobile5, isGrant = true
11-28 21:29:23.869 8600 8600 I Quality : Skipped: true 1 cost 18.316343 refreshRate 0 processName com.innowireless.xcal.mobile5
11-28 21:29:23.883 8600 9108 D GPS : NMEA is invaild.
11-28 21:29:23.883 8600 9108 D GPS : mNMEASatelites : 12
11-28 21:29:23.883 8600 9108 D GPS : mGPSSatelites : 70
11-28 21:29:23.884 8600 9108 D GPS : Android GPS is vaild.
11-28 21:29:23.888 3887 4827 D PhoneInterfaceManager: [PhoneIntfMgr] QueryTelephonyChecker-getDataNetworkTypeForSubscriber: packageName = com.innowireless.xcal.mobile5, isGrant = true
11-28 21:29:23.890 3887 4827 D PhoneInterfaceManager: [PhoneIntfMgr] QueryTelephonyChecker-getDataNetworkTypeForSubscriber: packageName = com.innowireless.xcal.mobile5, isGrant = true
11-28 21:29:23.893 3887 4827 D PhoneInterfaceManager: [PhoneIntfMgr] QueryTelephonyChecker-getDataNetworkTypeForSubscriber: packageName = com.innowireless.xcal.mobile5, isGrant = true
11-28 21:29:23.896 3887 3904 D PhoneInterfaceManager: [PhoneIntfMgr] QueryTelephonyChecker-getDataNetworkTypeForSubscriber: packageName = com.innowireless.xcal.mobile5, isGrant = true
11-28 21:29:23.903 3887 4827 D PhoneInterfaceManager: [PhoneIntfMgr] QueryTelephonyChecker-getDataNetworkTypeForSubscriber: packageName = com.innowireless.xcal.mobile5, isGrant = true
11-28 21:29:23.905 3887 3904 D PhoneInterfaceManager: [PhoneIntfMgr] QueryTelephonyChecker-getDataNetworkTypeForSubscriber: packageName = com.innowireless.xcal.mobile5, isGrant = true
11-28 21:29:23.916 8600 9740 I GLThread: waiting tid=2931 mHaveEglContext: false mHaveEglSurface: false mPaused: false mHasSurface: false mSurfaceIsBad: false mWaitingForSurface: true mWidth: 0 mHeight: 0 mRequestRender: true mRenderMode: 0
11-28 21:29:23.927 1218 4398 I vendor.qti.bluetooth@1.0-ibs_handler: ProcessIbsCmd: Received IBS_SLEEP_IND: 0xFE
11-28 21:29:23.928 1218 4398 D vendor.qti.bluetooth@1.0-ibs_handler: SerialClockVote: vote for UART CLK OFF
11-28 21:29:24.005 3887 3904 D PhoneInterfaceManager: [PhoneIntfMgr] QueryTelephonyChecker-getDataNetworkTypeForSubscriber: packageName = com.innowireless.xcal.mobile5, isGrant = true
11-28 21:29:24.028 2523 3067 D WifiActiveModeWarden: there is no primary client manager, return the default one
11-28 21:29:24.078 1218 4202 D vendor.qti.bluetooth@1.0-wake_lock: Release wakelock is released
11-28 21:29:24.099 3887 3904 D PhoneInterfaceManager: [PhoneIntfMgr] QueryTelephonyChecker-getDataNetworkTypeForSubscriber: packageName = com.innowireless.xcal.mobile5, isGrant = true
11-28 21:29:24.131 3887 3904 D PhoneInterfaceManager: [PhoneIntfMgr] QueryTelephonyChecker-getDataNetworkTypeForSubscriber: packageName = com.innowireless.xcal.mobile5, isGrant = true
11-28 21:29:24.197 3887 3904 D PhoneInterfaceManager: [PhoneIntfMgr] QueryTelephonyChecker-getDataNetworkTypeForSubscriber: packageName = com.innowireless.xcal.mobile5, isGrant = true
11-28 21:29:24.231 8600 10913 D FTPC : getTotalBytes : 85549056 // 0 // 0
11-28 21:29:24.231 8600 10913 D AUTOCALL: ThroTimerTask doTask(...) afterPacket : 85549056
11-28 21:29:24.258 3887 3904 D PhoneInterfaceManager: [PhoneIntfMgr] QueryTelephonyChecker-getDataNetworkTypeForSubscriber: packageName = com.innowireless.xcal.mobile5, isGrant = true
11-28 21:29:24.284 4966 5004 E horae : 0: back:35100,frame:35100,front:35100, 5, +(0), 1 ,35100
11-28 21:29:24.326 3887 4827 D PhoneInterfaceManager: [PhoneIntfMgr] QueryTelephonyChecker-getDataNetworkTypeForSubscriber: packageName = com.innowireless.xcal.mobile5, isGrant = true
11-28 21:29:24.328 3887 3904 D PhoneInterfaceManager: [PhoneIntfMgr] QueryTelephonyChecker-getDataNetworkTypeForSubscriber: packageName = com.innowireless.xcal.mobile5, isGrant = true
11-28 21:29:24.351 3887 4827 D PhoneInterfaceManager: [PhoneIntfMgr] QueryTelephonyChecker-getDataNetworkTypeForSubscriber: packageName = com.innowireless.xcal.mobile5, isGrant = true
11-28 21:29:24.353 2523 3067 D WifiActiveModeWarden: there is no primary client manager, return the default one
11-28 21:29:24.353 2523 3433 D WifiService: getWifiEnabledState primaryClientMode is mDefaultClientModeManager
11-28 21:29:24.386 3887 4827 D PhoneInterfaceManager: [PhoneIntfMgr] QueryTelephonyChecker-getDataNetworkTypeForSubscriber: packageName = com.innowireless.xcal.mobile5, isGrant = true
11-28 21:29:24.395 3887 4827 D PhoneInterfaceManager: [PhoneIntfMgr] QueryTelephonyChecker-getDataNetworkTypeForSubscriber: packageName = com.innowireless.xcal.mobile5, isGrant = true
11-28 21:29:24.396 3887 3904 D PhoneInterfaceManager: [PhoneIntfMgr] QueryTelephonyChecker-getDataNetworkTypeForSubscriber: packageName = com.innowireless.xcal.mobile5, isGrant = true
11-28 21:29:24.398 3887 5074 D PhoneInterfaceManager: [PhoneIntfMgr] QueryTelephonyChecker-getDataNetworkTypeForSubscriber: packageName = com.innowireless.xcal.mobile5, isGrant = true
11-28 21:29:24.454 2523 2729 D OplusLocationStatistics: on recordTaskMark, key: gnssReportLocation
11-28 21:29:24.455 2523 2635 D LocationManagerService: incoming location from: gps
11-28 21:29:24.458 2523 2635 D LocationManagerService: incoming location from: gps
11-28 21:29:24.466 4443 5595 I FusedLocation: (REDACTED) location delivery to %s blocked - too close
11-28 21:29:24.466 4443 5595 I FusedLocation: (REDACTED) location delivery to %s blocked - too close
11-28 21:29:24.468 4443 5595 I FusedLocation: (REDACTED) location delivery to %s blocked - too fast
11-28 21:29:24.468 2523 2552 D LocationManagerService: incoming location from: fused
11-28 21:29:24.468 2523 2552 D LocationManagerService: incoming location from: fused
11-28 21:29:24.468 4443 5595 I FusedLocation: (REDACTED) location delivery to %s blocked - too fast
11-28 21:29:24.468 4443 5595 I FusedLocation: (REDACTED) location delivery to %s blocked - too fast
11-28 21:29:24.541 1218 4398 I vendor.qti.bluetooth@1.0-ibs_handler: ProcessIbsCmd: Received IBS_WAKE_IND: 0xFD
11-28 21:29:24.541 1218 4398 D vendor.qti.bluetooth@1.0-ibs_handler: SerialClockVote: vote for UART CLK ON
11-28 21:29:24.541 1218 4398 D vendor.qti.bluetooth@1.0-wake_lock: Acquire wakelock is acquired
11-28 21:29:24.541 1218 4398 I vendor.qti.bluetooth@1.0-ibs_handler: ProcessIbsCmd: Writing IBS_WAKE_ACK
11-28 21:29:24.568 5266 9100 D DebugReportServiceHidlClient: getReport 1.1...
11-28 21:29:24.569 1237 1237 E LocSvc_HIDL_DebugReportService: Invalid count: 0
11-28 21:29:24.569 1237 1237 E LocSvc_HIDL_DebugReportService: Invalid count: 0
11-28 21:29:24.569 1237 1237 E LocSvc_HIDL_DebugReportService: Invalid count: 0
11-28 21:29:24.569 1237 1237 E LocSvc_HIDL_DebugReportService: Invalid count: 0
11-28 21:29:24.569 5266 9100 D DebugReportServiceHidlClient: getReport 1.1 success: true
11-28 21:29:24.569 5266 9100 D DebugReportServiceHidlClient: getReport 1.0 success: true
11-28 21:29:24.591 1254 1254 I android.hardware.thermal@2.0-service.qti: Sensor Name:shell_frametemp: 35.1. prev severity:0. cur severity:0 New severity:0
11-28 21:29:24.592 1254 1254 I android.hardware.thermal@2.0-service.qti: Sensor Name:skintemp: 38.139. prev severity:3. cur severity:0 New severity:0
11-28 21:29:24.593 1254 1254 I android.hardware.thermal@2.0-service.qti: Sensor Name:shell_fronttemp: 35.1. prev severity:0. cur severity:0 New severity:0
11-28 21:29:24.593 1254 1254 I android.hardware.thermal@2.0-service.qti: Sensor Name:shell_backtemp: 35.1. prev severity:0. cur severity:0 New severity:0
11-28 21:29:24.622 1218 4398 I vendor.qti.bluetooth@1.0-ibs_handler: ProcessIbsCmd: Received IBS_SLEEP_IND: 0xFE
11-28 21:29:24.622 1218 4398 D vendor.qti.bluetooth@1.0-ibs_handler: SerialClockVote: vote for UART CLK OFF
11-28 21:29:24.732 8600 10913 D FTPC : getTotalBytes : 86912512 // 0 // 0
11-28 21:29:24.733 8600 10913 D AUTOCALL: ThroTimerTask doTask(...) afterPacket : 86931456
11-28 21:29:24.772 1218 4202 D vendor.qti.bluetooth@1.0-wake_lock: Release wakelock is released
11-28 21:29:24.852 3887 5074 D PhoneInterfaceManager: [PhoneIntfMgr] QueryTelephonyChecker-getDataNetworkTypeForSubscriber: packageName = com.innowireless.xcal.mobile5, isGrant = true
11-28 21:29:24.855 3887 5074 D PhoneInterfaceManager: [PhoneIntfMgr] QueryTelephonyChecker-getDataNetworkTypeForSubscriber: packageName = com.innowireless.xcal.mobile5, isGrant = true
11-28 21:29:24.859 3887 4827 D PhoneInterfaceManager: [PhoneIntfMgr] QueryTelephonyChecker-getDataNetworkTypeForSubscriber: packageName = com.innowireless.xcal.mobile5, isGrant = true
11-28 21:29:24.870 8600 8600 I Quality : Skipped: true 1 cost 19.752655 refreshRate 0 processName com.innowireless.xcal.mobile5
11-28 21:29:24.884 8600 9108 D GPS : NMEA is invaild.
11-28 21:29:24.884 8600 9108 D GPS : mNMEASatelites : 12
11-28 21:29:24.884 8600 9108 D GPS : mGPSSatelites : 71
11-28 21:29:24.884 8600 9108 D GPS : Android GPS is vaild.
11-28 21:29:24.887 3887 4827 D PhoneInterfaceManager: [PhoneIntfMgr] QueryTelephonyChecker-getDataNetworkTypeForSubscriber: packageName = com.innowireless.xcal.mobile5, isGrant = true
11-28 21:29:24.889 3887 4827 D PhoneInterfaceManager: [PhoneIntfMgr] QueryTelephonyChecker-getDataNetworkTypeForSubscriber: packageName = com.innowireless.xcal.mobile5, isGrant = true
11-28 21:29:24.890 3887 4827 D PhoneInterfaceManager: [PhoneIntfMgr] QueryTelephonyChecker-getDataNetworkTypeForSubscriber: packageName = com.innowireless.xcal.mobile5, isGrant = true
11-28 21:29:24.892 3887 4827 D PhoneInterfaceManager: [PhoneIntfMgr] QueryTelephonyChecker-getDataNetworkTypeForSubscriber: packageName = com.innowireless.xcal.mobile5, isGrant = true
11-28 21:29:24.896 3887 5074 D PhoneInterfaceManager: [PhoneIntfMgr] QueryTelephonyChecker-getDataNetworkTypeForSubscriber: packageName = com.innowireless.xcal.mobile5, isGrant = true
11-28 21:29:24.897 3887 7417 D PhoneInterfaceManager: [PhoneIntfMgr] QueryTelephonyChecker-getDataNetworkTypeForSubscriber: packageName = com.innowireless.xcal.mobile5, isGrant = true
11-28 21:29:24.926 8600 9740 I GLThread: waiting tid=2931 mHaveEglContext: false mHaveEglSurface: false mPaused: false mHasSurface: false mSurfaceIsBad: false mWaitingForSurface: true mWidth: 0 mHeight: 0 mRequestRender: true mRenderMode: 0
11-28 21:29:25.006 3887 7417 D PhoneInterfaceManager: [PhoneIntfMgr] QueryTelephonyChecker-getDataNetworkTypeForSubscriber: packageName = com.innowireless.xcal.mobile5, isGrant = true
11-28 21:29:25.031 2523 3067 D WifiActiveModeWarden: there is no primary client manager, return the default one
11-28 21:29:25.099 3887 5074 D PhoneInterfaceManager: [PhoneIntfMgr] QueryTelephonyChecker-getDataNetworkTypeForSubscriber: packageName = com.innowireless.xcal.mobile5, isGrant = true
11-28 21:29:25.131 3887 5074 D PhoneInterfaceManager: [PhoneIntfMgr] QueryTelephonyChecker-getDataNetworkTypeForSubscriber: packageName = com.innowireless.xcal.mobile5, isGrant = true
11-28 21:29:25.146 1218 4398 I vendor.qti.bluetooth@1.0-ibs_handler: ProcessIbsCmd: Received IBS_WAKE_IND: 0xFD
11-28 21:29:25.146 1218 4398 D vendor.qti.bluetooth@1.0-ibs_handler: SerialClockVote: vote for UART CLK ON
11-28 21:29:25.146 1218 4398 D vendor.qti.bluetooth@1.0-wake_lock: Acquire wakelock is acquired
11-28 21:29:25.146 1218 4398 I vendor.qti.bluetooth@1.0-ibs_handler: ProcessIbsCmd: Writing IBS_WAKE_ACK
11-28 21:29:25.187 3887 5074 D PhoneInterfaceManager: [PhoneIntfMgr] QueryTelephonyChecker-getDataNetworkTypeForSubscriber: packageName = com.innowireless.xcal.mobile5, isGrant = true
11-28 21:29:25.228 1218 4398 I vendor.qti.bluetooth@1.0-ibs_handler: ProcessIbsCmd: Received IBS_SLEEP_IND: 0xFE
11-28 21:29:25.228 1218 4398 D vendor.qti.bluetooth@1.0-ibs_handler: SerialClockVote: vote for UART CLK OFF
11-28 21:29:25.233 8600 10913 D FTPC : getTotalBytes : 87987712 // 0 // 0
11-28 21:29:25.233 8600 10913 D AUTOCALL: ThroTimerTask doTask(...) afterPacket : 87987712
11-28 21:29:25.279 3887 5074 D PhoneInterfaceManager: [PhoneIntfMgr] QueryTelephonyChecker-getDataNetworkTypeForSubscriber: packageName = com.innowireless.xcal.mobile5, isGrant = true
11-28 21:29:25.320 8600 8600 D Solo3Charging: Solo3ChargingManager.setBatteryCapacity() capacity : 72 isVoiceCall : false chargingMode : 0
11-28 21:29:25.320 8600 8600 D Solo3Charging: Solo3ChargingManager.setBatteryCapacity() condition : (else)
11-28 21:29:25.325 3887 5074 D PhoneInterfaceManager: [PhoneIntfMgr] QueryTelephonyChecker-getDataNetworkTypeForSubscriber: packageName = com.innowireless.xcal.mobile5, isGrant = true
11-28 21:29:25.327 3887 7417 D PhoneInterfaceManager: [PhoneIntfMgr] QueryTelephonyChecker-getDataNetworkTypeForSubscriber: packageName = com.innowireless.xcal.mobile5, isGrant = true
11-28 21:29:25.378 1218 4202 D vendor.qti.bluetooth@1.0-wake_lock: Release wakelock is released
11-28 21:29:25.389 3887 5074 D PhoneInterfaceManager: [PhoneIntfMgr] QueryTelephonyChecker-getDataNetworkTypeForSubscriber: packageName = com.innowireless.xcal.mobile5, isGrant = true
11-28 21:29:25.394 3887 5074 D PhoneInterfaceManager: [PhoneIntfMgr] QueryTelephonyChecker-getDataNetworkTypeForSubscriber: packageName = com.innowireless.xcal.mobile5, isGrant = true
11-28 21:29:25.396 3887 7417 D PhoneInterfaceManager: [PhoneIntfMgr] QueryTelephonyChecker-getDataNetworkTypeForSubscriber: packageName = com.innowireless.xcal.mobile5, isGrant = true
11-28 21:29:25.397 3887 4827 D PhoneInterfaceManager: [PhoneIntfMgr] QueryTelephonyChecker-getDataNetworkTypeForSubscriber: packageName = com.innowireless.xcal.mobile5, isGrant = true
11-28 21:29:25.408 3887 7417 D PhoneInterfaceManager: [PhoneIntfMgr] QueryTelephonyChecker-getDataNetworkTypeForSubscriber: packageName = com.innowireless.xcal.mobile5, isGrant = true
11-28 21:29:25.410 2523 3067 D WifiActiveModeWarden: there is no primary client manager, return the default one
11-28 21:29:25.410 2523 2552 D WifiService: getWifiEnabledState primaryClientMode is mDefaultClientModeManager
11-28 21:29:25.455 2523 3580 D OplusLocationStatistics: on recordTaskMark, key: gnssReportLocation
11-28 21:29:25.456 2523 2635 D LocationManagerService: incoming location from: gps
11-28 21:29:25.458 2523 2635 D LocationManagerService: incoming location from: gps
11-28 21:29:25.465 4443 5595 I FusedLocation: (REDACTED) location delivery to %s blocked - too close
11-28 21:29:25.466 4443 5595 I FusedLocation: (REDACTED) location delivery to %s blocked - too close
11-28 21:29:25.467 4443 5595 I FusedLocation: (REDACTED) location delivery to %s blocked - too fast
11-28 21:29:25.467 4443 5595 I FusedLocation: (REDACTED) location delivery to %s blocked - too fast
11-28 21:29:25.468 4443 5595 I FusedLocation: (REDACTED) location delivery to %s blocked - too fast
11-28 21:29:25.472 2523 4105 D LocationManagerService: incoming location from: fused
11-28 21:29:25.472 2523 4105 D LocationManagerService: incoming location from: fused
11-28 21:29:25.569 5266 9100 D DebugReportServiceHidlClient: getReport 1.1...
11-28 21:29:25.569 1237 1237 E LocSvc_HIDL_DebugReportService: Invalid count: 0
11-28 21:29:25.569 1237 1237 E LocSvc_HIDL_DebugReportService: Invalid count: 0
11-28 21:29:25.569 1237 1237 E LocSvc_HIDL_DebugReportService: Invalid count: 0
11-28 21:29:25.569 1237 1237 E LocSvc_HIDL_DebugReportService: Invalid count: 0
11-28 21:29:25.570 5266 9100 D DebugReportServiceHidlClient: getReport 1.1 success: true
11-28 21:29:25.570 5266 9100 D DebugReportServiceHidlClient: getReport 1.0 success: true
11-28 21:29:25.592 1254 1254 I android.hardware.thermal@2.0-service.qti: Sensor Name:shell_frametemp: 35.1. prev severity:0. cur severity:0 New severity:0
11-28 21:29:25.593 1254 1254 I android.hardware.thermal@2.0-service.qti: Sensor Name:skintemp: 38.153. prev severity:3. cur severity:0 New severity:0
11-28 21:29:25.593 1254 1254 I android.hardware.thermal@2.0-service.qti: Sensor Name:shell_fronttemp: 35.1. prev severity:0. cur severity:0 New severity:0
11-28 21:29:25.594 1254 1254 I android.hardware.thermal@2.0-service.qti: Sensor Name:shell_backtemp: 35.1. prev severity:0. cur severity:0 New severity:0
11-28 21:29:25.734 8600 10913 D FTPC : getTotalBytes : 89111040 // 0 // 0
11-28 21:29:25.734 8600 10913 D AUTOCALL: ThroTimerTask doTask(...) afterPacket : 89111040
11-28 21:29:25.744 1218 4398 I vendor.qti.bluetooth@1.0-ibs_handler: ProcessIbsCmd: Received IBS_WAKE_IND: 0xFD
11-28 21:29:25.745 1218 4398 D vendor.qti.bluetooth@1.0-ibs_handler: SerialClockVote: vote for UART CLK ON
11-28 21:29:25.745 1218 4398 D vendor.qti.bluetooth@1.0-wake_lock: Acquire wakelock is acquired
11-28 21:29:25.745 1218 4398 I vendor.qti.bluetooth@1.0-ibs_handler: ProcessIbsCmd: Writing IBS_WAKE_ACK
11-28 21:29:25.831 1218 4398 I vendor.qti.bluetooth@1.0-ibs_handler: ProcessIbsCmd: Received IBS_SLEEP_IND: 0xFE
11-28 21:29:25.831 1218 4398 D vendor.qti.bluetooth@1.0-ibs_handler: SerialClockVote: vote for UART CLK OFF
11-28 21:29:25.851 3887 7417 D PhoneInterfaceManager: [PhoneIntfMgr] QueryTelephonyChecker-getDataNetworkTypeForSubscriber: packageName = com.innowireless.xcal.mobile5, isGrant = true
11-28 21:29:25.854 3887 5074 D PhoneInterfaceManager: [PhoneIntfMgr] QueryTelephonyChecker-getDataNetworkTypeForSubscriber: packageName = com.innowireless.xcal.mobile5, isGrant = true
11-28 21:29:25.857 3887 7417 D PhoneInterfaceManager: [PhoneIntfMgr] QueryTelephonyChecker-getDataNetworkTypeForSubscriber: packageName = com.innowireless.xcal.mobile5, isGrant = true
11-28 21:29:25.885 8600 9108 D GPS : NMEA is invaild.
11-28 21:29:25.885 8600 9108 D GPS : mNMEASatelites : 12
11-28 21:29:25.885 8600 9108 D GPS : mGPSSatelites : 72
11-28 21:29:25.885 8600 9108 D GPS : Android GPS is vaild.
11-28 21:29:25.886 3887 5074 D PhoneInterfaceManager: [PhoneIntfMgr] QueryTelephonyChecker-getDataNetworkTypeForSubscriber: packageName = com.innowireless.xcal.mobile5, isGrant = true
11-28 21:29:25.889 3887 5074 D PhoneInterfaceManager: [PhoneIntfMgr] QueryTelephonyChecker-getDataNetworkTypeForSubscriber: packageName = com.innowireless.xcal.mobile5, isGrant = true
11-28 21:29:25.892 3887 5074 D PhoneInterfaceManager: [PhoneIntfMgr] QueryTelephonyChecker-getDataNetworkTypeForSubscriber: packageName = com.innowireless.xcal.mobile5, isGrant = true
11-28 21:29:25.894 3887 7417 D PhoneInterfaceManager: [PhoneIntfMgr] QueryTelephonyChecker-getDataNetworkTypeForSubscriber: packageName = com.innowireless.xcal.mobile5, isGrant = true
11-28 21:29:25.899 3887 5074 D PhoneInterfaceManager: [PhoneIntfMgr] QueryTelephonyChecker-getDataNetworkTypeForSubscriber: packageName = com.innowireless.xcal.mobile5, isGrant = true
11-28 21:29:25.900 3887 7417 D PhoneInterfaceManager: [PhoneIntfMgr] QueryTelephonyChecker-getDataNetworkTypeForSubscriber: packageName = com.innowireless.xcal.mobile5, isGrant = true
11-28 21:29:25.936 8600 9740 I GLThread: waiting tid=2931 mHaveEglContext: false mHaveEglSurface: false mPaused: false mHasSurface: false mSurfaceIsBad: false mWaitingForSurface: true mWidth: 0 mHeight: 0 mRequestRender: true mRenderMode: 0
11-28 21:29:25.981 1218 4202 D vendor.qti.bluetooth@1.0-wake_lock: Release wakelock is released
11-28 21:29:26.004 3887 5074 D PhoneInterfaceManager: [PhoneIntfMgr] QueryTelephonyChecker-getDataNetworkTypeForSubscriber: packageName = com.innowireless.xcal.mobile5, isGrant = true
11-28 21:29:26.034 2523 3067 D WifiActiveModeWarden: there is no primary client manager, return the default one
11-28 21:29:26.100 3887 5074 D PhoneInterfaceManager: [PhoneIntfMgr] QueryTelephonyChecker-getDataNetworkTypeForSubscriber: packageName = com.innowireless.xcal.mobile5, isGrant = true
11-28 21:29:26.152 3887 7417 D PhoneInterfaceManager: [PhoneIntfMgr] QueryTelephonyChecker-getDataNetworkTypeForSubscriber: packageName = com.innowireless.xcal.mobile5, isGrant = true
11-28 21:29:26.220 3887 5074 D PhoneInterfaceManager: [PhoneIntfMgr] QueryTelephonyChecker-getDataNetworkTypeForSubscriber: packageName = com.innowireless.xcal.mobile5, isGrant = true
11-28 21:29:26.239 8600 10913 D FTPC : getTotalBytes : 90290176 // 0 // 0
11-28 21:29:26.240 8600 10913 D AUTOCALL: ThroTimerTask doTask(...) afterPacket : 90290176
11-28 21:29:26.302 3887 7417 D PhoneInterfaceManager: [PhoneIntfMgr] QueryTelephonyChecker-getDataNetworkTypeForSubscriber: packageName = com.innowireless.xcal.mobile5, isGrant = true
11-28 21:29:26.324 3887 5074 D PhoneInterfaceManager: [PhoneIntfMgr] QueryTelephonyChecker-getDataNetworkTypeForSubscriber: packageName = com.innowireless.xcal.mobile5, isGrant = true
11-28 21:29:26.325 3887 7417 D PhoneInterfaceManager: [PhoneIntfMgr] QueryTelephonyChecker-getDataNetworkTypeForSubscriber: packageName = com.innowireless.xcal.mobile5, isGrant = true
11-28 21:29:26.391 3887 5074 D PhoneInterfaceManager: [PhoneIntfMgr] QueryTelephonyChecker-getDataNetworkTypeForSubscriber: packageName = com.innowireless.xcal.mobile5, isGrant = true
11-28 21:29:26.395 3887 5074 D PhoneInterfaceManager: [PhoneIntfMgr] QueryTelephonyChecker-getDataNetworkTypeForSubscriber: packageName = com.innowireless.xcal.mobile5, isGrant = true
11-28 21:29:26.397 3887 7417 D PhoneInterfaceManager: [PhoneIntfMgr] QueryTelephonyChecker-getDataNetworkTypeForSubscriber: packageName = com.innowireless.xcal.mobile5, isGrant = true
11-28 21:29:26.398 3887 4827 D PhoneInterfaceManager: [PhoneIntfMgr] QueryTelephonyChecker-getDataNetworkTypeForSubscriber: packageName = com.innowireless.xcal.mobile5, isGrant = true
11-28 21:29:26.406 1218 4398 I vendor.qti.bluetooth@1.0-ibs_handler: ProcessIbsCmd: Received IBS_WAKE_IND: 0xFD
11-28 21:29:26.406 1218 4398 D vendor.qti.bluetooth@1.0-ibs_handler: SerialClockVote: vote for UART CLK ON
11-28 21:29:26.406 1218 4398 D vendor.qti.bluetooth@1.0-wake_lock: Acquire wakelock is acquired
11-28 21:29:26.406 1218 4398 I vendor.qti.bluetooth@1.0-ibs_handler: ProcessIbsCmd: Writing IBS_WAKE_ACK
11-28 21:29:26.453 2523 2729 D OplusLocationStatistics: on recordTaskMark, key: gnssReportLocation
11-28 21:29:26.454 2523 2635 D LocationManagerService: incoming location from: gps
11-28 21:29:26.456 2523 2635 D LocationManagerService: incoming location from: gps
11-28 21:29:26.464 4443 5595 I FusedLocation: (REDACTED) location delivery to %s blocked - too close
11-28 21:29:26.464 4443 5595 I FusedLocation: (REDACTED) location delivery to %s blocked - too close
11-28 21:29:26.466 4443 5595 I FusedLocation: (REDACTED) location delivery to %s blocked - too fast
11-28 21:29:26.466 4443 5595 I FusedLocation: (REDACTED) location delivery to %s blocked - too fast
11-28 21:29:26.466 2523 3433 D LocationManagerService: incoming location from: fused
11-28 21:29:26.466 2523 3433 D LocationManagerService: incoming location from: fused
11-28 21:29:26.466 4443 5595 I FusedLocation: (REDACTED) location delivery to %s blocked - too fast
11-28 21:29:26.472 3887 7417 D PhoneInterfaceManager: [PhoneIntfMgr] QueryTelephonyChecker-getDataNetworkTypeForSubscriber: packageName = com.innowireless.xcal.mobile5, isGrant = true
11-28 21:29:26.474 2523 3067 D WifiActiveModeWarden: there is no primary client manager, return the default one
11-28 21:29:26.474 2523 4105 D WifiService: getWifiEnabledState primaryClientMode is mDefaultClientModeManager
11-28 21:29:26.487 1218 4398 I vendor.qti.bluetooth@1.0-ibs_handler: ProcessIbsCmd: Received IBS_SLEEP_IND: 0xFE
11-28 21:29:26.487 1218 4398 D vendor.qti.bluetooth@1.0-ibs_handler: SerialClockVote: vote for UART CLK OFF
11-28 21:29:26.569 5266 9100 D DebugReportServiceHidlClient: getReport 1.1...
11-28 21:29:26.570 1237 1237 E LocSvc_HIDL_DebugReportService: Invalid count: 0
11-28 21:29:26.570 1237 1237 E LocSvc_HIDL_DebugReportService: Invalid count: 0
11-28 21:29:26.570 1237 1237 E LocSvc_HIDL_DebugReportService: Invalid count: 0
11-28 21:29:26.570 1237 1237 E LocSvc_HIDL_DebugReportService: Invalid count: 0
11-28 21:29:26.570 5266 9100 D DebugReportServiceHidlClient: getReport 1.1 success: true
11-28 21:29:26.571 5266 9100 D DebugReportServiceHidlClient: getReport 1.0 success: true
11-28 21:29:26.597 1254 1254 I android.hardware.thermal@2.0-service.qti: Sensor Name:shell_frametemp: 35.1. prev severity:0. cur severity:0 New severity:0
11-28 21:29:26.598 1254 1254 I android.hardware.thermal@2.0-service.qti: Sensor Name:skintemp: 38.146. prev severity:3. cur severity:0 New severity:0
11-28 21:29:26.598 1254 1254 I android.hardware.thermal@2.0-service.qti: Sensor Name:shell_fronttemp: 35.1. prev severity:0. cur severity:0 New severity:0
11-28 21:29:26.599 1254 1254 I android.hardware.thermal@2.0-service.qti: Sensor Name:shell_backtemp: 35.1. prev severity:0. cur severity:0 New severity:0
11-28 21:29:26.638 1218 4202 D vendor.qti.bluetooth@1.0-wake_lock: Release wakelock is released
11-28 21:29:26.660 3720 3720 E ModemAciService: CatchException oemModemAci2OplusModemAci():java.lang.IndexOutOfBoundsException: Index 103 out of bounds for length 85
11-28 21:29:26.661 3720 3720 I ModemAciService: UMF LO: OplusModemActivityInfo{ date=11-28 21:29:26.660 modemPowermA[]=[128.76,124.14,133.86] sleepTimeMs=0 idleTimeMs=0 rxTimeMs=4024 5gRxTimeMs=0 txTimeMs[]=[304, 694, 5, 0, 0] 5gTxTimeMs[]=[0, 0, 0, 0, 0] techTimeMs[]=[0, 0, 0, 0, 5027, 0, 0, 0, 0] rrcConn10sC[]=[0, 0] rrcConn20sC[]=[0, 0] rrcConnMore20sC[]=[0, 0] rrcConnC[]=[0, 0] csChangedC[]=[0, 0] psChangedC[]=[0, 0] iRatC[]=[0, 0] cellUpdateC[]=[0, 0] nwSrchC[]=[0, 0] nwSrchT[]=[0, 0] lteRrcConnT[]=[5, 0] psRegT[]=[5, 0] csRegT[]=[5, 0] psNoRegT[]=[0, 5] csNoRegT[]=[0, 5] sigGrid0T[]=[0, 0] endcActT[]=[0, 0] saActT[]=[0, 0] gpsTimeMs=5027 wlanTimeMs=0 regReqFbC[]=[0, 62] regReqTransAcqDbC[]=[11, 0] saRrcConn10sC[]=[0, 0] saRrcConn20sC[]=[0, 0] saRrcConnMore20sC[]=[0, 0] saRrcConnC[]=[1579, 0] lteHoC[]=[0, 0] saHoC[]=[0, 0] saRrcConnT[]=[0, 0] lteBandDurationSim0[]=[0, 0, 0, 0, 0, 0, 0, 0, 0] lteBandDurationSim1[]=[0, 0, 0, 0, 0, 0, 0, 0, 0] nrBandDurationSim0[]=[0, 0, 0, 0, 0, 0] nrBandDurationSim1[]=[0, 0, 0, 0, 0, 0] sensorStationaryC=0 sensorStationaryT=0 modemStationaryC=0 modemStationaryT=0}
11-28 21:29:26.662 3720 3720 I ModemAciService: UMF CH: OplusModemActivityInfo{ date=11-28 21:29:26.660 modemPowermA[]=[128.76,124.14,133.86] sleepTimeMs=0 idleTimeMs=0 rxTimeMs=4024 5gRxTimeMs=0 txTimeMs[]=[304, 694, 5, 0, 0] 5gTxTimeMs[]=[0, 0, 0, 0, 0] techTimeMs[]=[0, 0, 0, 0, 5027, 0, 0, 0, 0] rrcConn10sC[]=[0, 0] rrcConn20sC[]=[0, 0] rrcConnMore20sC[]=[0, 0] rrcConnC[]=[0, 0] csChangedC[]=[0, 0] psChangedC[]=[0, 0] iRatC[]=[0, 0] cellUpdateC[]=[0, 0] nwSrchC[]=[0, 0] nwSrchT[]=[0, 0] lteRrcConnT[]=[5, 0] psRegT[]=[5, 0] csRegT[]=[5, 0] psNoRegT[]=[0, 5] csNoRegT[]=[0, 5] sigGrid0T[]=[0, 0] endcActT[]=[0, 0] saActT[]=[0, 0] gpsTimeMs=5027 wlanTimeMs=0 regReqFbC[]=[0, 62] regReqTransAcqDbC[]=[11, 0] saRrcConn10sC[]=[0, 0] saRrcConn20sC[]=[0, 0] saRrcConnMore20sC[]=[0, 0] saRrcConnC[]=[1579, 0] lteHoC[]=[0, 0] saHoC[]=[0, 0] saRrcConnT[]=[0, 0] lteBandDurationSim0[]=[0, 0, 0, 0, 0, 0, 0, 0, 0] lteBandDurationSim1[]=[0, 0, 0, 0, 0, 0, 0, 0, 0] nrBandDurationSim0[]=[0, 0, 0, 0, 0, 0] nrBandDurationSim1[]=[0, 0, 0, 0, 0, 0] sensorStationaryC=0 sensorStationaryT=0 modemStationaryC=0 modemStationaryT=0}
11-28 21:29:26.662 3720 3720 I ModemAciService: UMF LS: OplusModemActivityInfo{ date=11-28 21:29:26.660 modemPowermA[]=[128.76,124.14,133.86] sleepTimeMs=0 idleTimeMs=0 rxTimeMs=4024 5gRxTimeMs=0 txTimeMs[]=[304, 694, 5, 0, 0] 5gTxTimeMs[]=[0, 0, 0, 0, 0] techTimeMs[]=[0, 0, 0, 0, 5027, 0, 0, 0, 0] rrcConn10sC[]=[0, 0] rrcConn20sC[]=[0, 0] rrcConnMore20sC[]=[0, 0] rrcConnC[]=[0, 0] csChangedC[]=[0, 0] psChangedC[]=[0, 0] iRatC[]=[0, 0] cellUpdateC[]=[0, 0] nwSrchC[]=[0, 0] nwSrchT[]=[0, 0] lteRrcConnT[]=[5, 0] psRegT[]=[5, 0] csRegT[]=[5, 0] psNoRegT[]=[0, 5] csNoRegT[]=[0, 5] sigGrid0T[]=[0, 0] endcActT[]=[0, 0] saActT[]=[0, 0] gpsTimeMs=5027 wlanTimeMs=0 regReqFbC[]=[0, 62] regReqTransAcqDbC[]=[11, 0] saRrcConn10sC[]=[0, 0] saRrcConn20sC[]=[0, 0] saRrcConnMore20sC[]=[0, 0] saRrcConnC[]=[1579, 0] lteHoC[]=[0, 0] saHoC[]=[0, 0] saRrcConnT[]=[0, 0] lteBandDurationSim0[]=[0, 0, 0, 0, 0, 0, 0, 0, 0] lteBandDurationSim1[]=[0, 0, 0, 0, 0, 0, 0, 0, 0] nrBandDurationSim0[]=[0, 0, 0, 0, 0, 0] nrBandDurationSim1[]=[0, 0, 0, 0, 0, 0] sensorStationaryC=0 sensorStationaryT=0 modemStationaryC=0 modemStationaryT=0}
11-28 21:29:26.664 3887 3887 D TelephonyManager: requestModemActivityInfo: Sending result to app: ModemActivityInfo{ mTimestamp=37701836 mSleepTimeMs=17363292 mIdleTimeMs=7232340 mTxTimeMs[]=[335078, 31258, 10450, 9900, 3375] mRxTimeMs=12578085}
11-28 21:29:26.740 8600 10913 D FTPC : getTotalBytes : 91548160 // 0 // 0
11-28 21:29:26.741 8600 10913 D AUTOCALL: ThroTimerTask doTask(...) afterPacket : 91548160
11-28 21:29:26.853 3887 4827 D PhoneInterfaceManager: [PhoneIntfMgr] QueryTelephonyChecker-getDataNetworkTypeForSubscriber: packageName = com.innowireless.xcal.mobile5, isGrant = true
11-28 21:29:26.857 3887 7417 D PhoneInterfaceManager: [PhoneIntfMgr] QueryTelephonyChecker-getDataNetworkTypeForSubscriber: packageName = com.innowireless.xcal.mobile5, isGrant = true
11-28 21:29:26.860 3887 4827 D PhoneInterfaceManager: [PhoneIntfMgr] QueryTelephonyChecker-getDataNetworkTypeForSubscriber: packageName = com.innowireless.xcal.mobile5, isGrant = true
11-28 21:29:26.870 8600 8600 I Quality : Skipped: true 1 cost 20.515663 refreshRate 0 processName com.innowireless.xcal.mobile5
11-28 21:29:26.886 8600 9108 D GPS : NMEA is invaild.
11-28 21:29:26.886 8600 9108 D GPS : mNMEASatelites : 12
11-28 21:29:26.886 8600 9108 D GPS : mGPSSatelites : 70
11-28 21:29:26.886 8600 9108 D GPS : Android GPS is vaild.
11-28 21:29:26.886 3887 7417 D PhoneInterfaceManager: [PhoneIntfMgr] QueryTelephonyChecker-getDataNetworkTypeForSubscriber: packageName = com.innowireless.xcal.mobile5, isGrant = true
11-28 21:29:26.889 3887 7417 D PhoneInterfaceManager: [PhoneIntfMgr] QueryTelephonyChecker-getDataNetworkTypeForSubscriber: packageName = com.innowireless.xcal.mobile5, isGrant = true
11-28 21:29:26.891 3887 7417 D PhoneInterfaceManager: [PhoneIntfMgr] QueryTelephonyChecker-getDataNetworkTypeForSubscriber: packageName = com.innowireless.xcal.mobile5, isGrant = true
11-28 21:29:26.892 3887 4827 D PhoneInterfaceManager: [PhoneIntfMgr] QueryTelephonyChecker-getDataNetworkTypeForSubscriber: packageName = com.innowireless.xcal.mobile5, isGrant = true
11-28 21:29:26.894 3887 7417 D PhoneInterfaceManager: [PhoneIntfMgr] QueryTelephonyChecker-getDataNetworkTypeForSubscriber: packageName = com.innowireless.xcal.mobile5, isGrant = true
11-28 21:29:26.899 3887 4827 D PhoneInterfaceManager: [PhoneIntfMgr] QueryTelephonyChecker-getDataNetworkTypeForSubscriber: packageName = com.innowireless.xcal.mobile5, isGrant = true
11-28 21:29:26.905 3887 4827 D PhoneInterfaceManager: [PhoneIntfMgr] QueryTelephonyChecker-getDataNetworkTypeForSubscriber: packageName = com.innowireless.xcal.mobile5, isGrant = true
11-28 21:29:26.907 3887 4827 D PhoneInterfaceManager: [PhoneIntfMgr] QueryTelephonyChecker-getDataNetworkTypeForSubscriber: packageName = com.innowireless.xcal.mobile5, isGrant = true
11-28 21:29:27.005 3887 4827 D PhoneInterfaceManager: [PhoneIntfMgr] QueryTelephonyChecker-getDataNetworkTypeForSubscriber: packageName = com.innowireless.xcal.mobile5, isGrant = true
11-28 21:29:27.027 1218 4398 I vendor.qti.bluetooth@1.0-ibs_handler: ProcessIbsCmd: Received IBS_WAKE_IND: 0xFD
11-28 21:29:27.027 1218 4398 D vendor.qti.bluetooth@1.0-ibs_handler: SerialClockVote: vote for UART CLK ON
11-28 21:29:27.027 1218 4398 D vendor.qti.bluetooth@1.0-wake_lock: Acquire wakelock is acquired
11-28 21:29:27.027 1218 4398 I vendor.qti.bluetooth@1.0-ibs_handler: ProcessIbsCmd: Writing IBS_WAKE_ACK
11-28 21:29:27.039 2523 3067 D WifiActiveModeWarden: there is no primary client manager, return the default one
11-28 21:29:27.046 2523 2544 I system_server: Background concurrent copying GC freed 25MB AllocSpace bytes, 3(60KB) LOS objects, 29% free, 57MB/81MB, paused 119us,105us total 155.883ms
11-28 21:29:27.100 3887 5074 D PhoneInterfaceManager: [PhoneIntfMgr] QueryTelephonyChecker-getDataNetworkTypeForSubscriber: packageName = com.innowireless.xcal.mobile5, isGrant = true
11-28 21:29:27.108 1218 4398 I vendor.qti.bluetooth@1.0-ibs_handler: ProcessIbsCmd: Received IBS_SLEEP_IND: 0xFE
11-28 21:29:27.108 1218 4398 D vendor.qti.bluetooth@1.0-ibs_handler: SerialClockVote: vote for UART CLK OFF
11-28 21:29:27.133 3887 4827 D PhoneInterfaceManager: [PhoneIntfMgr] QueryTelephonyChecker-getDataNetworkTypeForSubscriber: packageName = com.innowireless.xcal.mobile5, isGrant = true
11-28 21:29:27.201 3887 4827 D PhoneInterfaceManager: [PhoneIntfMgr] QueryTelephonyChecker-getDataNetworkTypeForSubscriber: packageName = com.innowireless.xcal.mobile5, isGrant = true
11-28 21:29:27.242 8600 10913 D FTPC : getTotalBytes : 92444672 // 0 // 0
11-28 21:29:27.242 8600 10913 D AUTOCALL: ThroTimerTask doTask(...) afterPacket : 92444672
11-28 21:29:27.259 1218 4202 D vendor.qti.bluetooth@1.0-wake_lock: Release wakelock is released
11-28 21:29:27.280 3887 5074 D PhoneInterfaceManager: [PhoneIntfMgr] QueryTelephonyChecker-getDataNetworkTypeForSubscriber: packageName = com.innowireless.xcal.mobile5, isGrant = true
11-28 21:29:27.326 3887 5074 D PhoneInterfaceManager: [PhoneIntfMgr] QueryTelephonyChecker-getDataNetworkTypeForSubscriber: packageName = com.innowireless.xcal.mobile5, isGrant = true
11-28 21:29:27.327 3887 4827 D PhoneInterfaceManager: [PhoneIntfMgr] QueryTelephonyChecker-getDataNetworkTypeForSubscriber: packageName = com.innowireless.xcal.mobile5, isGrant = true
11-28 21:29:27.394 3887 5074 D PhoneInterfaceManager: [PhoneIntfMgr] QueryTelephonyChecker-getDataNetworkTypeForSubscriber: packageName = com.innowireless.xcal.mobile5, isGrant = true
11-28 21:29:27.396 3887 4827 D PhoneInterfaceManager: [PhoneIntfMgr] QueryTelephonyChecker-getDataNetworkTypeForSubscriber: packageName = com.innowireless.xcal.mobile5, isGrant = true
11-28 21:29:27.398 3887 7417 D PhoneInterfaceManager: [PhoneIntfMgr] QueryTelephonyChecker-getDataNetworkTypeForSubscriber: packageName = com.innowireless.xcal.mobile5, isGrant = true
11-28 21:29:27.399 3887 5676 D PhoneInterfaceManager: [PhoneIntfMgr] QueryTelephonyChecker-getDataNetworkTypeForSubscriber: packageName = com.innowireless.xcal.mobile5, isGrant = true
11-28 21:29:27.452 2523 3045 D OplusLocationStatistics: on recordTaskMark, key: gnssReportLocation
11-28 21:29:27.453 2523 2635 D LocationManagerService: incoming location from: gps
11-28 21:29:27.454 2523 2708 D OplusFeatureBrightnessBarController: mDarkLevel: 0
11-28 21:29:27.455 2523 2635 D LocationManagerService: incoming location from: gps
11-28 21:29:27.459 4443 8214 I FusedLocation: (REDACTED) location delivery to %s blocked - too close
11-28 21:29:27.461 4443 8214 I FusedLocation: (REDACTED) location delivery to %s blocked - too close
11-28 21:29:27.463 2523 5852 D LocationManagerService: incoming location from: fused
11-28 21:29:27.465 4443 8214 I FusedLocation: (REDACTED) location delivery to %s blocked - too fast
11-28 21:29:27.466 2523 5852 D LocationManagerService: incoming location from: fused
11-28 21:29:27.469 4443 5595 I FusedLocation: (REDACTED) location delivery to %s blocked - too close
11-28 21:29:27.469 4443 5595 I FusedLocation: (REDACTED) location delivery to %s blocked - too close
11-28 21:29:27.470 4443 5595 I FusedLocation: (REDACTED) location delivery to %s blocked - non-monotonic (%d >= %d)
11-28 21:29:27.471 4443 5595 I FusedLocation: (REDACTED) location delivery to %s blocked - non-monotonic (%d >= %d)
11-28 21:29:27.471 4443 5595 I FusedLocation: (REDACTED) location delivery to %s blocked - too fast
11-28 21:29:27.473 4443 10237 I SemanticLocation: [InfMgr] No location reports after filtering [CONTEXT service_id=173 ]
11-28 21:29:27.495 4443 10237 I SemanticLocation: [InfMgr] No location reports after filtering [CONTEXT service_id=173 ]
11-28 21:29:27.504 4443 11000 I GCoreUlr: Successfully inserted 1 locations
11-28 21:29:27.523 3887 4827 D PhoneInterfaceManager: [PhoneIntfMgr] QueryTelephonyChecker-getDataNetworkTypeForSubscriber: packageName = com.innowireless.xcal.mobile5, isGrant = true
11-28 21:29:27.524 2523 3067 D WifiActiveModeWarden: there is no primary client manager, return the default one
11-28 21:29:27.525 2523 5852 D WifiService: getWifiEnabledState primaryClientMode is mDefaultClientModeManager
11-28 21:29:27.569 5266 9100 D DebugReportServiceHidlClient: getReport 1.1...
11-28 21:29:27.570 1237 1237 E LocSvc_HIDL_DebugReportService: Invalid count: 0
11-28 21:29:27.570 1237 1237 E LocSvc_HIDL_DebugReportService: Invalid count: 0
11-28 21:29:27.570 1237 1237 E LocSvc_HIDL_DebugReportService: Invalid count: 0
11-28 21:29:27.570 1237 1237 E LocSvc_HIDL_DebugReportService: Invalid count: 0
11-28 21:29:27.570 5266 9100 D DebugReportServiceHidlClient: getReport 1.1 success: true
11-28 21:29:27.571 5266 9100 D DebugReportServiceHidlClient: getReport 1.0 success: true
11-28 21:29:27.601 1254 1254 I android.hardware.thermal@2.0-service.qti: Sensor Name:shell_frametemp: 35.1. prev severity:0. cur severity:0 New severity:0
11-28 21:29:27.602 1254 1254 I android.hardware.thermal@2.0-service.qti: Sensor Name:skintemp: 38.163. prev severity:3. cur severity:0 New severity:0
11-28 21:29:27.602 1254 1254 I android.hardware.thermal@2.0-service.qti: Sensor Name:shell_fronttemp: 35.1. prev severity:0. cur severity:0 New severity:0
11-28 21:29:27.603 1254 1254 I android.hardware.thermal@2.0-service.qti: Sensor Name:shell_backtemp: 35.1. prev severity:0. cur severity:0 New severity:0
11-28 21:29:27.637 1218 4398 I vendor.qti.bluetooth@1.0-ibs_handler: ProcessIbsCmd: Received IBS_WAKE_IND: 0xFD
11-28 21:29:27.637 1218 4398 D vendor.qti.bluetooth@1.0-ibs_handler: SerialClockVote: vote for UART CLK ON
11-28 21:29:27.638 1218 4398 D vendor.qti.bluetooth@1.0-wake_lock: Acquire wakelock is acquired
11-28 21:29:27.638 1218 4398 I vendor.qti.bluetooth@1.0-ibs_handler: ProcessIbsCmd: Writing IBS_WAKE_ACK
11-28 21:29:27.719 1218 4398 I vendor.qti.bluetooth@1.0-ibs_handler: ProcessIbsCmd: Received IBS_SLEEP_IND: 0xFE
11-28 21:29:27.719 1218 4398 D vendor.qti.bluetooth@1.0-ibs_handler: SerialClockVote: vote for UART CLK OFF
11-28 21:29:27.743 8600 10913 D FTPC : getTotalBytes : 93434880 // 0 // 0
11-28 21:29:27.743 8600 10913 D AUTOCALL: ThroTimerTask doTask(...) afterPacket : 93434880
11-28 21:29:27.850 3887 4827 D PhoneInterfaceManager: [PhoneIntfMgr] QueryTelephonyChecker-getDataNetworkTypeForSubscriber: packageName = com.innowireless.xcal.mobile5, isGrant = true
11-28 21:29:27.852 3887 5074 D PhoneInterfaceManager: [PhoneIntfMgr] QueryTelephonyChecker-getDataNetworkTypeForSubscriber: packageName = com.innowireless.xcal.mobile5, isGrant = true
11-28 21:29:27.853 3887 7417 D PhoneInterfaceManager: [PhoneIntfMgr] QueryTelephonyChecker-getDataNetworkTypeForSubscriber: packageName = com.innowireless.xcal.mobile5, isGrant = true
11-28 21:29:27.869 1218 4202 D vendor.qti.bluetooth@1.0-wake_lock: Release wakelock is released
11-28 21:29:27.887 8600 9108 D GPS : NMEA is invaild.
11-28 21:29:27.887 8600 9108 D GPS : mNMEASatelites : 12
11-28 21:29:27.887 8600 9108 D GPS : mGPSSatelites : 72
11-28 21:29:27.887 8600 9108 D GPS : Android GPS is vaild.
11-28 21:29:27.889 3887 7417 D PhoneInterfaceManager: [PhoneIntfMgr] QueryTelephonyChecker-getDataNetworkTypeForSubscriber: packageName = com.innowireless.xcal.mobile5, isGrant = true
11-28 21:29:27.892 3887 7417 D PhoneInterfaceManager: [PhoneIntfMgr] QueryTelephonyChecker-getDataNetworkTypeForSubscriber: packageName = com.innowireless.xcal.mobile5, isGrant = true
11-28 21:29:27.895 3887 5074 D PhoneInterfaceManager: [PhoneIntfMgr] QueryTelephonyChecker-getDataNetworkTypeForSubscriber: packageName = com.innowireless.xcal.mobile5, isGrant = true
11-28 21:29:27.897 3887 7417 D PhoneInterfaceManager: [PhoneIntfMgr] QueryTelephonyChecker-getDataNetworkTypeForSubscriber: packageName = com.innowireless.xcal.mobile5, isGrant = true
11-28 21:29:27.901 3887 5074 D PhoneInterfaceManager: [PhoneIntfMgr] QueryTelephonyChecker-getDataNetworkTypeForSubscriber: packageName = com.innowireless.xcal.mobile5, isGrant = true
11-28 21:29:27.903 3887 7417 D PhoneInterfaceManager: [PhoneIntfMgr] QueryTelephonyChecker-getDataNetworkTypeForSubscriber: packageName = com.innowireless.xcal.mobile5, isGrant = true
11-28 21:29:27.911 8600 9740 I GLThread: waiting tid=2931 mHaveEglContext: false mHaveEglSurface: false mPaused: false mHasSurface: false mSurfaceIsBad: false mWaitingForSurface: true mWidth: 0 mHeight: 0 mRequestRender: true mRenderMode: 0
11-28 21:29:28.007 3887 7417 D PhoneInterfaceManager: [PhoneIntfMgr] QueryTelephonyChecker-getDataNetworkTypeForSubscriber: packageName = com.innowireless.xcal.mobile5, isGrant = true
11-28 21:29:28.042 2523 3067 D WifiActiveModeWarden: there is no primary client manager, return the default one
11-28 21:29:28.100 3887 5074 D PhoneInterfaceManager: [PhoneIntfMgr] QueryTelephonyChecker-getDataNetworkTypeForSubscriber: packageName = com.innowireless.xcal.mobile5, isGrant = true
11-28 21:29:28.137 3887 4827 D PhoneInterfaceManager: [PhoneIntfMgr] QueryTelephonyChecker-getDataNetworkTypeForSubscriber: packageName = com.innowireless.xcal.mobile5, isGrant = true
11-28 21:29:28.236 3887 7417 D PhoneInterfaceManager: [PhoneIntfMgr] QueryTelephonyChecker-getDataNetworkTypeForSubscriber: packageName = com.innowireless.xcal.mobile5, isGrant = true
11-28 21:29:28.245 8600 10913 D FTPC : getTotalBytes : 94256640 // 0 // 0
11-28 21:29:28.245 8600 10913 D AUTOCALL: ThroTimerTask doTask(...) afterPacket : 94256640
11-28 21:29:28.299 3887 7417 D PhoneInterfaceManager: [PhoneIntfMgr] QueryTelephonyChecker-getDataNetworkTypeForSubscriber: packageName = com.innowireless.xcal.mobile5, isGrant = true
11-28 21:29:28.325 3887 7417 D PhoneInterfaceManager: [PhoneIntfMgr] QueryTelephonyChecker-getDataNetworkTypeForSubscriber: packageName = com.innowireless.xcal.mobile5, isGrant = true
11-28 21:29:28.326 3887 4827 D PhoneInterfaceManager: [PhoneIntfMgr] QueryTelephonyChecker-getDataNetworkTypeForSubscriber: packageName = com.innowireless.xcal.mobile5, isGrant = true
11-28 21:29:28.396 3887 4827 D PhoneInterfaceManager: [PhoneIntfMgr] QueryTelephonyChecker-getDataNetworkTypeForSubscriber: packageName = com.innowireless.xcal.mobile5, isGrant = true
11-28 21:29:28.398 3887 7417 D PhoneInterfaceManager: [PhoneIntfMgr] QueryTelephonyChecker-getDataNetworkTypeForSubscriber: packageName = com.innowireless.xcal.mobile5, isGrant = true
11-28 21:29:28.399 1218 4398 I vendor.qti.bluetooth@1.0-ibs_handler: ProcessIbsCmd: Received IBS_WAKE_IND: 0xFD
11-28 21:29:28.399 1218 4398 D vendor.qti.bluetooth@1.0-ibs_handler: SerialClockVote: vote for UART CLK ON
11-28 21:29:28.399 3887 5074 D PhoneInterfaceManager: [PhoneIntfMgr] QueryTelephonyChecker-getDataNetworkTypeForSubscriber: packageName = com.innowireless.xcal.mobile5, isGrant = true
11-28 21:29:28.399 1218 4398 D vendor.qti.bluetooth@1.0-wake_lock: Acquire wakelock is acquired
11-28 21:29:28.399 1218 4398 I vendor.qti.bluetooth@1.0-ibs_handler: ProcessIbsCmd: Writing IBS_WAKE_ACK
11-28 21:29:28.404 3887 7417 D PhoneInterfaceManager: [PhoneIntfMgr] QueryTelephonyChecker-getDataNetworkTypeForSubscriber: packageName = com.innowireless.xcal.mobile5, isGrant = true
11-28 21:29:28.454 2523 3580 D OplusLocationStatistics: on recordTaskMark, key: gnssReportLocation
11-28 21:29:28.455 2523 2635 D LocationManagerService: incoming location from: gps
11-28 21:29:28.459 2523 2635 D LocationManagerService: incoming location from: gps
11-28 21:29:28.465 4443 5595 I FusedLocation: (REDACTED) location delivery to %s blocked - too close
11-28 21:29:28.466 4443 5595 I FusedLocation: (REDACTED) location delivery to %s blocked - too close
11-28 21:29:28.467 4443 5595 I FusedLocation: (REDACTED) location delivery to %s blocked - too fast
11-28 21:29:28.467 2523 5854 D LocationManagerService: incoming location from: fused
11-28 21:29:28.468 4443 5595 I FusedLocation: (REDACTED) location delivery to %s blocked - too fast
11-28 21:29:28.468 4443 5595 I FusedLocation: (REDACTED) location delivery to %s blocked - too fast
11-28 21:29:28.470 2523 5854 D LocationManagerService: incoming location from: fused
11-28 21:29:28.480 1218 4398 I vendor.qti.bluetooth@1.0-ibs_handler: ProcessIbsCmd: Received IBS_SLEEP_IND: 0xFE
11-28 21:29:28.480 1218 4398 D vendor.qti.bluetooth@1.0-ibs_handler: SerialClockVote: vote for UART CLK OFF
11-28 21:29:28.569 5266 9100 D DebugReportServiceHidlClient: getReport 1.1...
11-28 21:29:28.569 1237 1237 E LocSvc_HIDL_DebugReportService: Invalid count: 0
11-28 21:29:28.569 1237 1237 E LocSvc_HIDL_DebugReportService: Invalid count: 0
11-28 21:29:28.569 1237 1237 E LocSvc_HIDL_DebugReportService: Invalid count: 0
11-28 21:29:28.569 1237 1237 E LocSvc_HIDL_DebugReportService: Invalid count: 0
11-28 21:29:28.571 5266 9100 D DebugReportServiceHidlClient: getReport 1.1 success: true
11-28 21:29:28.571 5266 9100 D DebugReportServiceHidlClient: getReport 1.0 success: true
11-28 21:29:28.578 3887 5074 D PhoneInterfaceManager: [PhoneIntfMgr] QueryTelephonyChecker-getDataNetworkTypeForSubscriber: packageName = com.innowireless.xcal.mobile5, isGrant = true
11-28 21:29:28.580 2523 3067 D WifiActiveModeWarden: there is no primary client manager, return the default one
11-28 21:29:28.581 2523 5852 D WifiService: getWifiEnabledState primaryClientMode is mDefaultClientModeManager
