11-28 21:28:41.804 3887 5676 D PhoneInterfaceManager: [PhoneIntfMgr] QueryTelephonyChecker-getDataNetworkTypeForSubscriber: packageName = com.innowireless.xcal.mobile5, isGrant = true
11-28 21:28:41.808 2523 3067 D WifiActiveModeWarden: there is no primary client manager, return the default one
11-28 21:28:41.809 2523 4564 D WifiService: getWifiEnabledState primaryClientMode is mDefaultClientModeManager
11-28 21:28:41.844 3887 5676 D PhoneInterfaceManager: [PhoneIntfMgr] QueryTelephonyChecker-getDataNetworkTypeForSubscriber: packageName = com.innowireless.xcal.mobile5, isGrant = true
11-28 21:28:41.845 3887 7417 D PhoneInterfaceManager: [PhoneIntfMgr] QueryTelephonyChecker-getDataNetworkTypeForSubscriber: packageName = com.innowireless.xcal.mobile5, isGrant = true
11-28 21:28:41.847 3887 5074 D PhoneInterfaceManager: [PhoneIntfMgr] QueryTelephonyChecker-getDataNetworkTypeForSubscriber: packageName = com.innowireless.xcal.mobile5, isGrant = true
11-28 21:28:41.850 1218 4202 D vendor.qti.bluetooth@1.0-wake_lock: Release wakelock is released
11-28 21:28:41.854 3887 5074 D PhoneInterfaceManager: [PhoneIntfMgr] QueryTelephonyChecker-getDataNetworkTypeForSubscriber: packageName = com.innowireless.xcal.mobile5, isGrant = true
11-28 21:28:41.858 8600 9108 D GPS : NMEA is invaild.
11-28 21:28:41.858 8600 9108 D GPS : mNMEASatelites : 12
11-28 21:28:41.858 8600 9108 D GPS : mGPSSatelites : 70
11-28 21:28:41.858 8600 9108 D GPS : Android GPS is vaild.
11-28 21:28:41.861 8600 9740 I GLThread: waiting tid=2931 mHaveEglContext: false mHaveEglSurface: false mPaused: false mHasSurface: false mSurfaceIsBad: false mWaitingForSurface: true mWidth: 0 mHeight: 0 mRequestRender: true mRenderMode: 0
11-28 21:28:41.886 3887 5074 D PhoneInterfaceManager: [PhoneIntfMgr] QueryTelephonyChecker-getDataNetworkTypeForSubscriber: packageName = com.innowireless.xcal.mobile5, isGrant = true
11-28 21:28:41.889 3887 5074 D PhoneInterfaceManager: [PhoneIntfMgr] QueryTelephonyChecker-getDataNetworkTypeForSubscriber: packageName = com.innowireless.xcal.mobile5, isGrant = true
11-28 21:28:41.892 3887 5074 D PhoneInterfaceManager: [PhoneIntfMgr] QueryTelephonyChecker-getDataNetworkTypeForSubscriber: packageName = com.innowireless.xcal.mobile5, isGrant = true
11-28 21:28:41.894 3887 5676 D PhoneInterfaceManager: [PhoneIntfMgr] QueryTelephonyChecker-getDataNetworkTypeForSubscriber: packageName = com.innowireless.xcal.mobile5, isGrant = true
11-28 21:28:41.898 3887 5074 D PhoneInterfaceManager: [PhoneIntfMgr] QueryTelephonyChecker-getDataNetworkTypeForSubscriber: packageName = com.innowireless.xcal.mobile5, isGrant = true
11-28 21:28:41.910 2523 3067 D WifiActiveModeWarden: there is no primary client manager, return the default one
11-28 21:28:41.991 3887 5074 D PhoneInterfaceManager: [PhoneIntfMgr] QueryTelephonyChecker-getDataNetworkTypeForSubscriber: packageName = com.innowireless.xcal.mobile5, isGrant = true
11-28 21:28:42.080 3887 5676 D PhoneInterfaceManager: [PhoneIntfMgr] QueryTelephonyChecker-getDataNetworkTypeForSubscriber: packageName = com.innowireless.xcal.mobile5, isGrant = true
11-28 21:28:42.105 3887 5074 D PhoneInterfaceManager: [PhoneIntfMgr] QueryTelephonyChecker-getDataNetworkTypeForSubscriber: packageName = com.innowireless.xcal.mobile5, isGrant = true
11-28 21:28:42.175 3887 5074 D PhoneInterfaceManager: [PhoneIntfMgr] QueryTelephonyChecker-getDataNetworkTypeForSubscriber: packageName = com.innowireless.xcal.mobile5, isGrant = true
11-28 21:28:42.195 3887 5074 D PhoneInterfaceManager: [PhoneIntfMgr] QueryTelephonyChecker-getDataNetworkTypeForSubscriber: packageName = com.innowireless.xcal.mobile5, isGrant = true
11-28 21:28:42.238 3887 5676 D PhoneInterfaceManager: [PhoneIntfMgr] QueryTelephonyChecker-getDataNetworkTypeForSubscriber: packageName = com.innowireless.xcal.mobile5, isGrant = true
11-28 21:28:42.326 1218 4398 I vendor.qti.bluetooth@1.0-ibs_handler: ProcessIbsCmd: Received IBS_WAKE_IND: 0xFD
11-28 21:28:42.326 1218 4398 D vendor.qti.bluetooth@1.0-ibs_handler: SerialClockVote: vote for UART CLK ON
11-28 21:28:42.326 1218 4398 D vendor.qti.bluetooth@1.0-wake_lock: Acquire wakelock is acquired
11-28 21:28:42.327 1218 4398 I vendor.qti.bluetooth@1.0-ibs_handler: ProcessIbsCmd: Writing IBS_WAKE_ACK
11-28 21:28:42.332 3887 5676 D PhoneInterfaceManager: [PhoneIntfMgr] QueryTelephonyChecker-getDataNetworkTypeForSubscriber: packageName = com.innowireless.xcal.mobile5, isGrant = true
11-28 21:28:42.335 3887 5074 D PhoneInterfaceManager: [PhoneIntfMgr] QueryTelephonyChecker-getDataNetworkTypeForSubscriber: packageName = com.innowireless.xcal.mobile5, isGrant = true
11-28 21:28:42.352 8600 8600 I Quality : Skipped: false 2 cost 25.392754 refreshRate 0 processName com.innowireless.xcal.mobile5
11-28 21:28:42.377 8600 8600 I Quality : Skipped: true 1 cost 16.577757 refreshRate 0 processName com.innowireless.xcal.mobile5
11-28 21:28:42.381 3887 5074 D PhoneInterfaceManager: [PhoneIntfMgr] QueryTelephonyChecker-getDataNetworkTypeForSubscriber: packageName = com.innowireless.xcal.mobile5, isGrant = true
11-28 21:28:42.382 3887 5676 D PhoneInterfaceManager: [PhoneIntfMgr] QueryTelephonyChecker-getDataNetworkTypeForSubscriber: packageName = com.innowireless.xcal.mobile5, isGrant = true
11-28 21:28:42.384 3887 5074 D PhoneInterfaceManager: [PhoneIntfMgr] QueryTelephonyChecker-getDataNetworkTypeForSubscriber: packageName = com.innowireless.xcal.mobile5, isGrant = true
11-28 21:28:42.400 3281 4525 D OplusBluetoothSarManager: onDataActivity() direction: 3
11-28 21:28:42.401 3281 4525 D OplusBluetoothSarManager: getBaseSarMode() isBluetoothTx: false, isCellularTx: true, is2_4GWifiTx: false, is5GWifiTx: false, isReceiverOn: false
11-28 21:28:42.401 3281 4525 D OplusBluetoothSarManager: getSarMode() baseSarMode: BT_SAR_MODE_OFF(0)
11-28 21:28:42.401 3281 4525 I OplusBluetoothSarManager: is BT_SAR_MODE_OFF or is same sar mode, keep current sar value
11-28 21:28:42.401 3303 3816 D NetworkController.MobileSignalController(4): onMobileStatusChanged= updateTelephony=false mobileStatus=[activityIn=true,activityOut=true,dataSim=true,carrierNetworkChangeMode=false,dataState=2,serviceState=mVoiceRegState=0(IN_SERVICE), mDataRegState=0(IN_SERVICE),signalStrength=4,telephonyDisplayInfo=TelephonyDisplayInfo {network=LTE, override=LTE_CA}]
11-28 21:28:42.407 1218 4398 I vendor.qti.bluetooth@1.0-ibs_handler: ProcessIbsCmd: Received IBS_SLEEP_IND: 0xFE
11-28 21:28:42.407 1218 4398 D vendor.qti.bluetooth@1.0-ibs_handler: SerialClockVote: vote for UART CLK OFF
11-28 21:28:42.420 3303 3816 I BaseMobileSignalControllerExt: showDataIcon:true
11-28 21:28:42.428 1254 1254 I android.hardware.thermal@2.0-service.qti: Sensor Name:shell_frametemp: 34.7. prev severity:0. cur severity:0 New severity:0
11-28 21:28:42.431 1254 1254 I android.hardware.thermal@2.0-service.qti: Sensor Name:skintemp: 37.463. prev severity:3. cur severity:0 New severity:0
11-28 21:28:42.431 1254 1254 I android.hardware.thermal@2.0-service.qti: Sensor Name:shell_fronttemp: 34.7. prev severity:0. cur severity:0 New severity:0
11-28 21:28:42.433 1254 1254 I android.hardware.thermal@2.0-service.qti: Sensor Name:shell_backtemp: 34.7. prev severity:0. cur severity:0 New severity:0
11-28 21:28:42.446 2523 2658 D OplusLocationStatistics: on recordTaskMark, key: gnssReportLocation
11-28 21:28:42.447 2523 2635 D LocationManagerService: incoming location from: gps
11-28 21:28:42.450 2523 2635 D LocationManagerService: incoming location from: gps
11-28 21:28:42.456 4443 5595 I FusedLocation: (REDACTED) location delivery to %s blocked - too close
11-28 21:28:42.457 4443 5595 I FusedLocation: (REDACTED) location delivery to %s blocked - too close
11-28 21:28:42.458 4443 5595 I FusedLocation: (REDACTED) location delivery to %s blocked - too fast
11-28 21:28:42.458 2523 4105 D LocationManagerService: incoming location from: fused
11-28 21:28:42.458 2523 4105 D LocationManagerService: incoming location from: fused
11-28 21:28:42.458 4443 5595 I FusedLocation: (REDACTED) location delivery to %s blocked - too fast
11-28 21:28:42.458 4443 5595 I FusedLocation: (REDACTED) location delivery to %s blocked - too fast
11-28 21:28:42.554 5266 9100 D DebugReportServiceHidlClient: getReport 1.1...
11-28 21:28:42.554 1237 1237 E LocSvc_HIDL_DebugReportService: Invalid count: 0
11-28 21:28:42.555 1237 1237 E LocSvc_HIDL_DebugReportService: Invalid count: 0
11-28 21:28:42.555 1237 1237 E LocSvc_HIDL_DebugReportService: Invalid count: 0
11-28 21:28:42.555 1237 1237 E LocSvc_HIDL_DebugReportService: Invalid count: 0
11-28 21:28:42.555 5266 9100 D DebugReportServiceHidlClient: getReport 1.1 success: true
11-28 21:28:42.555 5266 9100 D DebugReportServiceHidlClient: getReport 1.0 success: true
11-28 21:28:42.558 1218 4202 D vendor.qti.bluetooth@1.0-wake_lock: Release wakelock is released
11-28 21:28:42.846 3887 5074 D PhoneInterfaceManager: [PhoneIntfMgr] QueryTelephonyChecker-getDataNetworkTypeForSubscriber: packageName = com.innowireless.xcal.mobile5, isGrant = true
11-28 21:28:42.850 3887 5074 D PhoneInterfaceManager: [PhoneIntfMgr] QueryTelephonyChecker-getDataNetworkTypeForSubscriber: packageName = com.innowireless.xcal.mobile5, isGrant = true
11-28 21:28:42.853 3887 5676 D PhoneInterfaceManager: [PhoneIntfMgr] QueryTelephonyChecker-getDataNetworkTypeForSubscriber: packageName = com.innowireless.xcal.mobile5, isGrant = true
11-28 21:28:42.859 8600 9108 D GPS : NMEA is invaild.
11-28 21:28:42.860 8600 9108 D GPS : mNMEASatelites : 12
11-28 21:28:42.860 8600 9108 D GPS : mGPSSatelites : 70
11-28 21:28:42.860 8600 9108 D GPS : Android GPS is vaild.
11-28 21:28:42.860 3887 5676 D PhoneInterfaceManager: [PhoneIntfMgr] QueryTelephonyChecker-getDataNetworkTypeForSubscriber: packageName = com.innowireless.xcal.mobile5, isGrant = true
11-28 21:28:42.870 8600 9740 I GLThread: waiting tid=2931 mHaveEglContext: false mHaveEglSurface: false mPaused: false mHasSurface: false mSurfaceIsBad: false mWaitingForSurface: true mWidth: 0 mHeight: 0 mRequestRender: true mRenderMode: 0
11-28 21:28:42.886 3887 5676 D PhoneInterfaceManager: [PhoneIntfMgr] QueryTelephonyChecker-getDataNetworkTypeForSubscriber: packageName = com.innowireless.xcal.mobile5, isGrant = true
11-28 21:28:42.889 3887 5676 D PhoneInterfaceManager: [PhoneIntfMgr] QueryTelephonyChecker-getDataNetworkTypeForSubscriber: packageName = com.innowireless.xcal.mobile5, isGrant = true
11-28 21:28:42.892 3887 5676 D PhoneInterfaceManager: [PhoneIntfMgr] QueryTelephonyChecker-getDataNetworkTypeForSubscriber: packageName = com.innowireless.xcal.mobile5, isGrant = true
11-28 21:28:42.893 3887 5074 D PhoneInterfaceManager: [PhoneIntfMgr] QueryTelephonyChecker-getDataNetworkTypeForSubscriber: packageName = com.innowireless.xcal.mobile5, isGrant = true
11-28 21:28:42.896 3887 7417 D PhoneInterfaceManager: [PhoneIntfMgr] QueryTelephonyChecker-getDataNetworkTypeForSubscriber: packageName = com.innowireless.xcal.mobile5, isGrant = true
11-28 21:28:42.902 3887 7417 D PhoneInterfaceManager: [PhoneIntfMgr] QueryTelephonyChecker-getDataNetworkTypeForSubscriber: packageName = com.innowireless.xcal.mobile5, isGrant = true
11-28 21:28:42.904 2523 3067 D WifiActiveModeWarden: there is no primary client manager, return the default one
11-28 21:28:42.904 2523 4105 D WifiService: getWifiEnabledState primaryClientMode is mDefaultClientModeManager
11-28 21:28:42.912 2523 3067 D WifiActiveModeWarden: there is no primary client manager, return the default one
11-28 21:28:42.930 1218 4398 I vendor.qti.bluetooth@1.0-ibs_handler: ProcessIbsCmd: Received IBS_WAKE_IND: 0xFD
11-28 21:28:42.930 1218 4398 D vendor.qti.bluetooth@1.0-ibs_handler: SerialClockVote: vote for UART CLK ON
11-28 21:28:42.931 1218 4398 D vendor.qti.bluetooth@1.0-wake_lock: Acquire wakelock is acquired
11-28 21:28:42.931 1218 4398 I vendor.qti.bluetooth@1.0-ibs_handler: ProcessIbsCmd: Writing IBS_WAKE_ACK
11-28 21:28:42.992 3887 7417 D PhoneInterfaceManager: [PhoneIntfMgr] QueryTelephonyChecker-getDataNetworkTypeForSubscriber: packageName = com.innowireless.xcal.mobile5, isGrant = true
11-28 21:28:43.012 1218 4398 I vendor.qti.bluetooth@1.0-ibs_handler: ProcessIbsCmd: Received IBS_SLEEP_IND: 0xFE
11-28 21:28:43.012 1218 4398 D vendor.qti.bluetooth@1.0-ibs_handler: SerialClockVote: vote for UART CLK OFF
11-28 21:28:43.081 3887 7417 D PhoneInterfaceManager: [PhoneIntfMgr] QueryTelephonyChecker-getDataNetworkTypeForSubscriber: packageName = com.innowireless.xcal.mobile5, isGrant = true
11-28 21:28:43.107 3887 5074 D PhoneInterfaceManager: [PhoneIntfMgr] QueryTelephonyChecker-getDataNetworkTypeForSubscriber: packageName = com.innowireless.xcal.mobile5, isGrant = true
11-28 21:28:43.162 1218 4202 D vendor.qti.bluetooth@1.0-wake_lock: Release wakelock is released
11-28 21:28:43.174 3887 5074 D PhoneInterfaceManager: [PhoneIntfMgr] QueryTelephonyChecker-getDataNetworkTypeForSubscriber: packageName = com.innowireless.xcal.mobile5, isGrant = true
11-28 21:28:43.197 3887 5074 D PhoneInterfaceManager: [PhoneIntfMgr] QueryTelephonyChecker-getDataNetworkTypeForSubscriber: packageName = com.innowireless.xcal.mobile5, isGrant = true
11-28 21:28:43.254 3887 5074 D PhoneInterfaceManager: [PhoneIntfMgr] QueryTelephonyChecker-getDataNetworkTypeForSubscriber: packageName = com.innowireless.xcal.mobile5, isGrant = true
11-28 21:28:43.331 3887 5074 D PhoneInterfaceManager: [PhoneIntfMgr] QueryTelephonyChecker-getDataNetworkTypeForSubscriber: packageName = com.innowireless.xcal.mobile5, isGrant = true
11-28 21:28:43.335 3887 5074 D PhoneInterfaceManager: [PhoneIntfMgr] QueryTelephonyChecker-getDataNetworkTypeForSubscriber: packageName = com.innowireless.xcal.mobile5, isGrant = true
11-28 21:28:43.353 8600 8600 I Quality : Skipped: false 2 cost 25.55935 refreshRate 0 processName com.innowireless.xcal.mobile5
11-28 21:28:43.377 8600 8600 I Quality : Skipped: true 1 cost 16.929281 refreshRate 0 processName com.innowireless.xcal.mobile5
11-28 21:28:43.382 3887 5074 D PhoneInterfaceManager: [PhoneIntfMgr] QueryTelephonyChecker-getDataNetworkTypeForSubscriber: packageName = com.innowireless.xcal.mobile5, isGrant = true
11-28 21:28:43.383 3887 7417 D PhoneInterfaceManager: [PhoneIntfMgr] QueryTelephonyChecker-getDataNetworkTypeForSubscriber: packageName = com.innowireless.xcal.mobile5, isGrant = true
11-28 21:28:43.385 3887 5676 D PhoneInterfaceManager: [PhoneIntfMgr] QueryTelephonyChecker-getDataNetworkTypeForSubscriber: packageName = com.innowireless.xcal.mobile5, isGrant = true
11-28 21:28:43.407 3281 4525 D OplusBluetoothSarManager: onDataActivity() direction: 0
11-28 21:28:43.407 3281 4525 D OplusBluetoothSarManager: getBaseSarMode() isBluetoothTx: false, isCellularTx: false, is2_4GWifiTx: false, is5GWifiTx: false, isReceiverOn: false
11-28 21:28:43.407 3281 4525 D OplusBluetoothSarManager: getSarMode() baseSarMode: BT_SAR_MODE_OFF(0)
11-28 21:28:43.407 3281 4525 I OplusBluetoothSarManager: is BT_SAR_MODE_OFF or is same sar mode, keep current sar value
11-28 21:28:43.408 3303 3816 D NetworkController.MobileSignalController(4): onMobileStatusChanged= updateTelephony=false mobileStatus=[activityIn=false,activityOut=false,dataSim=true,carrierNetworkChangeMode=false,dataState=2,serviceState=mVoiceRegState=0(IN_SERVICE), mDataRegState=0(IN_SERVICE),signalStrength=4,telephonyDisplayInfo=TelephonyDisplayInfo {network=LTE, override=LTE_CA}]
11-28 21:28:43.424 3303 3816 I BaseMobileSignalControllerExt: showDataIcon:true
11-28 21:28:43.432 1254 1254 I android.hardware.thermal@2.0-service.qti: Sensor Name:shell_frametemp: 34.7. prev severity:0. cur severity:0 New severity:0
11-28 21:28:43.434 1254 1254 I android.hardware.thermal@2.0-service.qti: Sensor Name:skintemp: 37.46. prev severity:3. cur severity:0 New severity:0
11-28 21:28:43.435 1254 1254 I android.hardware.thermal@2.0-service.qti: Sensor Name:shell_fronttemp: 34.7. prev severity:0. cur severity:0 New severity:0
11-28 21:28:43.435 1254 1254 I android.hardware.thermal@2.0-service.qti: Sensor Name:shell_backtemp: 34.7. prev severity:0. cur severity:0 New severity:0
11-28 21:28:43.439 2523 11318 D OplusLocationStatistics: on recordTaskMark, key: gnssReportLocation
11-28 21:28:43.440 2523 2635 D LocationManagerService: incoming location from: gps
11-28 21:28:43.442 2523 2635 D LocationManagerService: incoming location from: gps
11-28 21:28:43.447 4443 5595 I FusedLocation: (REDACTED) location delivery to %s blocked - too close
11-28 21:28:43.447 4443 5595 I FusedLocation: (REDACTED) location delivery to %s blocked - too close
11-28 21:28:43.450 4443 5595 I FusedLocation: (REDACTED) location delivery to %s blocked - too fast
11-28 21:28:43.450 4443 5595 I FusedLocation: (REDACTED) location delivery to %s blocked - too fast
11-28 21:28:43.451 4443 5595 I FusedLocation: (REDACTED) location delivery to %s blocked - too fast
11-28 21:28:43.451 2523 3433 D LocationManagerService: incoming location from: fused
11-28 21:28:43.451 2523 3433 D LocationManagerService: incoming location from: fused
11-28 21:28:43.532 1218 4398 I vendor.qti.bluetooth@1.0-ibs_handler: ProcessIbsCmd: Received IBS_WAKE_IND: 0xFD
11-28 21:28:43.532 1218 4398 D vendor.qti.bluetooth@1.0-ibs_handler: SerialClockVote: vote for UART CLK ON
11-28 21:28:43.532 1218 4398 D vendor.qti.bluetooth@1.0-wake_lock: Acquire wakelock is acquired
11-28 21:28:43.532 1218 4398 I vendor.qti.bluetooth@1.0-ibs_handler: ProcessIbsCmd: Writing IBS_WAKE_ACK
11-28 21:28:43.553 5266 9100 D DebugReportServiceHidlClient: getReport 1.1...
11-28 21:28:43.554 1237 1237 E LocSvc_HIDL_DebugReportService: Invalid count: 0
11-28 21:28:43.554 1237 1237 E LocSvc_HIDL_DebugReportService: Invalid count: 0
11-28 21:28:43.554 1237 1237 E LocSvc_HIDL_DebugReportService: Invalid count: 0
11-28 21:28:43.554 1237 1237 E LocSvc_HIDL_DebugReportService: Invalid count: 0
11-28 21:28:43.554 5266 9100 D DebugReportServiceHidlClient: getReport 1.1 success: true
11-28 21:28:43.554 5266 9100 D DebugReportServiceHidlClient: getReport 1.0 success: true
11-28 21:28:43.668 1218 4398 I vendor.qti.bluetooth@1.0-ibs_handler: ProcessIbsCmd: Received IBS_SLEEP_IND: 0xFE
11-28 21:28:43.668 1218 4398 D vendor.qti.bluetooth@1.0-ibs_handler: SerialClockVote: vote for UART CLK OFF
11-28 21:28:43.818 1218 4202 D vendor.qti.bluetooth@1.0-wake_lock: Release wakelock is released
11-28 21:28:43.846 3887 5676 D PhoneInterfaceManager: [PhoneIntfMgr] QueryTelephonyChecker-getDataNetworkTypeForSubscriber: packageName = com.innowireless.xcal.mobile5, isGrant = true
11-28 21:28:43.849 3887 5074 D PhoneInterfaceManager: [PhoneIntfMgr] QueryTelephonyChecker-getDataNetworkTypeForSubscriber: packageName = com.innowireless.xcal.mobile5, isGrant = true
11-28 21:28:43.853 3887 5676 D PhoneInterfaceManager: [PhoneIntfMgr] QueryTelephonyChecker-getDataNetworkTypeForSubscriber: packageName = com.innowireless.xcal.mobile5, isGrant = true
11-28 21:28:43.862 8600 8600 I Quality : Skipped: true 1 cost 12.263064 refreshRate 0 processName com.innowireless.xcal.mobile5
11-28 21:28:43.862 8600 9108 D GPS : NMEA is invaild.
11-28 21:28:43.862 8600 9108 D GPS : mNMEASatelites : 12
11-28 21:28:43.862 8600 9108 D GPS : mGPSSatelites : 70
11-28 21:28:43.862 8600 9108 D GPS : Android GPS is vaild.
11-28 21:28:43.865 3887 5676 D PhoneInterfaceManager: [PhoneIntfMgr] QueryTelephonyChecker-getDataNetworkTypeForSubscriber: packageName = com.innowireless.xcal.mobile5, isGrant = true
11-28 21:28:43.876 8600 9740 I GLThread: waiting tid=2931 mHaveEglContext: false mHaveEglSurface: false mPaused: false mHasSurface: false mSurfaceIsBad: false mWaitingForSurface: true mWidth: 0 mHeight: 0 mRequestRender: true mRenderMode: 0
11-28 21:28:43.885 3887 5676 D PhoneInterfaceManager: [PhoneIntfMgr] QueryTelephonyChecker-getDataNetworkTypeForSubscriber: packageName = com.innowireless.xcal.mobile5, isGrant = true
11-28 21:28:43.888 3887 5676 D PhoneInterfaceManager: [PhoneIntfMgr] QueryTelephonyChecker-getDataNetworkTypeForSubscriber: packageName = com.innowireless.xcal.mobile5, isGrant = true
11-28 21:28:43.890 3887 5676 D PhoneInterfaceManager: [PhoneIntfMgr] QueryTelephonyChecker-getDataNetworkTypeForSubscriber: packageName = com.innowireless.xcal.mobile5, isGrant = true
11-28 21:28:43.892 3887 5074 D PhoneInterfaceManager: [PhoneIntfMgr] QueryTelephonyChecker-getDataNetworkTypeForSubscriber: packageName = com.innowireless.xcal.mobile5, isGrant = true
11-28 21:28:43.895 3887 5676 D PhoneInterfaceManager: [PhoneIntfMgr] QueryTelephonyChecker-getDataNetworkTypeForSubscriber: packageName = com.innowireless.xcal.mobile5, isGrant = true
11-28 21:28:43.915 2523 3067 D WifiActiveModeWarden: there is no primary client manager, return the default one
11-28 21:28:43.970 3887 5676 D PhoneInterfaceManager: [PhoneIntfMgr] QueryTelephonyChecker-getDataNetworkTypeForSubscriber: packageName = com.innowireless.xcal.mobile5, isGrant = true
11-28 21:28:43.973 2523 3067 D WifiActiveModeWarden: there is no primary client manager, return the default one
11-28 21:28:43.973 2523 4564 D WifiService: getWifiEnabledState primaryClientMode is mDefaultClientModeManager
11-28 21:28:43.990 3887 5676 D PhoneInterfaceManager: [PhoneIntfMgr] QueryTelephonyChecker-getDataNetworkTypeForSubscriber: packageName = com.innowireless.xcal.mobile5, isGrant = true
11-28 21:28:44.081 3887 5676 D PhoneInterfaceManager: [PhoneIntfMgr] QueryTelephonyChecker-getDataNetworkTypeForSubscriber: packageName = com.innowireless.xcal.mobile5, isGrant = true
11-28 21:28:44.108 3887 5074 D PhoneInterfaceManager: [PhoneIntfMgr] QueryTelephonyChecker-getDataNetworkTypeForSubscriber: packageName = com.innowireless.xcal.mobile5, isGrant = true
11-28 21:28:44.170 3887 5074 D PhoneInterfaceManager: [PhoneIntfMgr] QueryTelephonyChecker-getDataNetworkTypeForSubscriber: packageName = com.innowireless.xcal.mobile5, isGrant = true
11-28 21:28:44.172 1218 4398 I vendor.qti.bluetooth@1.0-ibs_handler: ProcessIbsCmd: Received IBS_WAKE_IND: 0xFD
11-28 21:28:44.172 1218 4398 D vendor.qti.bluetooth@1.0-ibs_handler: SerialClockVote: vote for UART CLK ON
11-28 21:28:44.173 1218 4398 D vendor.qti.bluetooth@1.0-wake_lock: Acquire wakelock is acquired
11-28 21:28:44.173 1218 4398 I vendor.qti.bluetooth@1.0-ibs_handler: ProcessIbsCmd: Writing IBS_WAKE_ACK
11-28 21:28:44.199 3887 5074 D PhoneInterfaceManager: [PhoneIntfMgr] QueryTelephonyChecker-getDataNetworkTypeForSubscriber: packageName = com.innowireless.xcal.mobile5, isGrant = true
11-28 21:28:44.229 3887 5676 D PhoneInterfaceManager: [PhoneIntfMgr] QueryTelephonyChecker-getDataNetworkTypeForSubscriber: packageName = com.innowireless.xcal.mobile5, isGrant = true
11-28 21:28:44.254 1218 4398 I vendor.qti.bluetooth@1.0-ibs_handler: ProcessIbsCmd: Received IBS_SLEEP_IND: 0xFE
11-28 21:28:44.254 1218 4398 D vendor.qti.bluetooth@1.0-ibs_handler: SerialClockVote: vote for UART CLK OFF
11-28 21:28:44.330 3887 5676 D PhoneInterfaceManager: [PhoneIntfMgr] QueryTelephonyChecker-getDataNetworkTypeForSubscriber: packageName = com.innowireless.xcal.mobile5, isGrant = true
11-28 21:28:44.332 3887 5074 D PhoneInterfaceManager: [PhoneIntfMgr] QueryTelephonyChecker-getDataNetworkTypeForSubscriber: packageName = com.innowireless.xcal.mobile5, isGrant = true
11-28 21:28:44.341 8600 8600 I Quality : Skipped: false 1 cost 13.501931 refreshRate 0 processName com.innowireless.xcal.mobile5
11-28 21:28:44.362 8600 8600 I Quality : Skipped: true 1 cost 12.550826 refreshRate 0 processName com.innowireless.xcal.mobile5
11-28 21:28:44.382 3887 5074 D PhoneInterfaceManager: [PhoneIntfMgr] QueryTelephonyChecker-getDataNetworkTypeForSubscriber: packageName = com.innowireless.xcal.mobile5, isGrant = true
11-28 21:28:44.384 3887 5074 D PhoneInterfaceManager: [PhoneIntfMgr] QueryTelephonyChecker-getDataNetworkTypeForSubscriber: packageName = com.innowireless.xcal.mobile5, isGrant = true
11-28 21:28:44.386 3887 5074 D PhoneInterfaceManager: [PhoneIntfMgr] QueryTelephonyChecker-getDataNetworkTypeForSubscriber: packageName = com.innowireless.xcal.mobile5, isGrant = true
11-28 21:28:44.404 1218 4202 D vendor.qti.bluetooth@1.0-wake_lock: Release wakelock is released
11-28 21:28:44.436 1254 1254 I android.hardware.thermal@2.0-service.qti: Sensor Name:shell_frametemp: 34.7. prev severity:0. cur severity:0 New severity:0
11-28 21:28:44.438 1254 1254 I android.hardware.thermal@2.0-service.qti: Sensor Name:skintemp: 37.44. prev severity:3. cur severity:0 New severity:0
11-28 21:28:44.438 1254 1254 I android.hardware.thermal@2.0-service.qti: Sensor Name:shell_fronttemp: 34.7. prev severity:0. cur severity:0 New severity:0
11-28 21:28:44.438 1254 1254 I android.hardware.thermal@2.0-service.qti: Sensor Name:shell_backtemp: 34.7. prev severity:0. cur severity:0 New severity:0
11-28 21:28:44.445 2523 3580 D OplusLocationStatistics: on recordTaskMark, key: gnssReportLocation
11-28 21:28:44.446 2523 2635 D LocationManagerService: incoming location from: gps
11-28 21:28:44.450 2523 2635 D LocationManagerService: incoming location from: gps
11-28 21:28:44.456 4443 5595 I FusedLocation: (REDACTED) location delivery to %s blocked - too close
11-28 21:28:44.457 4443 5595 I FusedLocation: (REDACTED) location delivery to %s blocked - too close
11-28 21:28:44.458 4443 5595 I FusedLocation: (REDACTED) location delivery to %s blocked - too fast
11-28 21:28:44.458 2523 4564 D LocationManagerService: incoming location from: fused
11-28 21:28:44.458 2523 4564 D LocationManagerService: incoming location from: fused
11-28 21:28:44.458 4443 5595 I FusedLocation: (REDACTED) location delivery to %s blocked - too fast
11-28 21:28:44.458 4443 5595 I FusedLocation: (REDACTED) location delivery to %s blocked - too fast
11-28 21:28:44.462 1338 1586 D VRR [OTI]: handleIdle from 0 to 1
11-28 21:28:44.462 1338 1586 D VRR [OTI-HW]: isStateReady 1
11-28 21:28:44.462 1338 1586 D VRR [OTI-HW]: rate range: min {id=0, hwcId=0, fps=60.00, width=1080, height=2400 group=0} cur {id=1, hwcId=1, fps=90.00, width=1080, height=2400 group=0} max {id=1, hwcId=1, fps=90.00, width=1080, height=2400 group=0}
11-28 21:28:44.462 1338 1586 D SurfaceFlinger: VRR [SurfaceFlinger] changeRefreshRateLocked: 60.00fps event: 1
11-28 21:28:44.462 1338 1586 D SurfaceFlinger: VRR [SurfaceFlinger] setDesiredActiveMode: 60.00fps event: 1
11-28 21:28:44.463 1338 1586 I OPE-[OPlusOSyncPerfConfigs]: isRightContentFps 60
11-28 21:28:44.463 1271 1271 E vendor.qti.hardware.perf@2.2-service: Unknown params
11-28 21:28:44.467 1268 1465 I SDM : HWDeviceDRM::UpdateMixerAttributes: Mixer WxH 1080x2400-1 for Peripheral
11-28 21:28:44.468 1268 1465 I SDM : StrategyImpl::SetIdleTimeoutMs: Idle timeout set to zero for command mode panels
11-28 21:28:44.468 1268 1465 I SDM : HWCDisplay::SubmitDisplayConfig: HWC SetActiveConfig [1,0], cur_resolution is (1080, 2400), new_resolution is (1080, 2400)
11-28 21:28:44.468 1268 1465 I SDM : HWCDisplay::SubmitDisplayConfig: Active configuration changed to: 0
11-28 21:28:44.482 1338 1338 D SurfaceFlinger: frame_rate=60
11-28 21:28:44.482 1301 1301 D PerformanceService: setFrameRate sucess,frame_rate=60
11-28 21:28:44.483 1338 1586 D VRR [OTI-HW]: isStateReady 1
11-28 21:28:44.483 1338 1586 D VRR [OTI-HW]: rate range: min {id=0, hwcId=0, fps=60.00, width=1080, height=2400 group=0} cur {id=0, hwcId=0, fps=60.00, width=1080, height=2400 group=0} max {id=1, hwcId=1, fps=90.00, width=1080, height=2400 group=0}
11-28 21:28:44.483 1338 1586 D VRR [OTI-HW]: keep rate.
11-28 21:28:44.483 2523 2716 D VRR [OPlusRefreshRateService]: onConfigChanged physicalDisplayId: 4630946962717273473 modeId: 0
11-28 21:28:44.484 2523 2638 I DisplayDeviceRepository: Display device changed: DisplayDeviceInfo{"Built-in Screen": uniqueId="local:4630946962717273473", 1080 x 2400, modeId 1, defaultModeId 1, supportedModes [{id=1, width=1080, height=2400, fps=60.000004, alternativeRefreshRates=[90.0]}, {id=2, width=1080, height=2400, fps=90.0, alternativeRefreshRates=[60.000004]}], colorMode 0, supportedColorModes [0, 7, 9], hdrCapabilities HdrCapabilities{mSupportedHdrTypes=[2, 3, 4], mMaxLuminance=540.0, mMaxAverageLuminance=270.1, mMinLuminance=0.2}, allmSupported false, gameContentTypeSupported false, density 450, 409.432 x 409.127 dpi, appVsyncOff 1000000, presDeadline 16666666, touch INTERNAL, rotation 0, type INTERNAL, address {port=129, model=0x40446dba0e6fed}, deviceProductInfo DeviceProductInfo{name=, manufacturerPnpId=QCM, productId=1, modelYear=null, manufactureDate=ManufactureDate{week=27, year=2006}, connectionToSinkType=0}, state ON, frameRateOverride , brightnessMinimum 0.0, brightnessMaximum 1.0, brightnessDefault 1600.0, roundedCorners RoundedCorners{[RoundedCorner{position=TopLeft, radius=56, center=Point(56, 56)}, RoundedCorner{position=TopRight, radius=56, center=Point(1024, 56)}, RoundedCorner{position=BottomRight, radius=56, center=Point(1024, 2344)}, RoundedCorner{position=BottomLeft, radius=56, center=Point(56, 2344)}]}, FLAG_DEFAULT_DISPLAY, FLAG_ROTATES_WITH_CONTENT, FLAG_SECURE, FLAG_SUPPORTS_PROTECTED_BUFFERS}
11-28 21:28:44.486 2523 2638 D DisplayManagerService: Delivering display event: displayId=0, event=2
11-28 21:28:44.488 2523 2523 I WallpaperManagerServiceExt: removeDisplayData. displayId = 0
11-28 21:28:44.491 3303 4337 D ScreenDecorations: updateOrientation mRotation:0 newRotation:0 mRtl:false newRtl:false newLayoutDirection:0 mLayoutDirection0 mPendingRotationChange:false
11-28 21:28:44.493 5762 5762 D OMG_Observer: mScreenWidthDisplay = 1080, mScreenHeightDisplay = 2400normal, mRotation = 0, mOrient = 1
11-28 21:28:44.494 5726 5726 D [OplusScreenRecorder]: [ScreenRecorderApplication]getRotation:degrees=0
11-28 21:28:44.494 3281 4187 I BtGatt.ScanManager: msg.what = 8
11-28 21:28:44.496 3281 4187 I BtGatt.ScanManager: msg.what = 5
11-28 21:28:44.555 5266 9100 D DebugReportServiceHidlClient: getReport 1.1...
11-28 21:28:44.555 1237 1237 E LocSvc_HIDL_DebugReportService: Invalid count: 0
11-28 21:28:44.555 1237 1237 E LocSvc_HIDL_DebugReportService: Invalid count: 0
11-28 21:28:44.555 1237 1237 E LocSvc_HIDL_DebugReportService: Invalid count: 0
11-28 21:28:44.555 1237 1237 E LocSvc_HIDL_DebugReportService: Invalid count: 0
11-28 21:28:44.556 5266 9100 D DebugReportServiceHidlClient: getReport 1.1 success: true
11-28 21:28:44.556 5266 9100 D DebugReportServiceHidlClient: getReport 1.0 success: true
11-28 21:28:44.584 2523 2716 D VRR [OPlusRefreshRateService]: handleConfigIdChange physicalDisplayId: 4630946962717273473 configId: 0
11-28 21:28:44.793 1218 4398 I vendor.qti.bluetooth@1.0-ibs_handler: ProcessIbsCmd: Received IBS_WAKE_IND: 0xFD
11-28 21:28:44.793 1218 4398 D vendor.qti.bluetooth@1.0-ibs_handler: SerialClockVote: vote for UART CLK ON
11-28 21:28:44.794 1218 4398 D vendor.qti.bluetooth@1.0-wake_lock: Acquire wakelock is acquired
11-28 21:28:44.794 1218 4398 I vendor.qti.bluetooth@1.0-ibs_handler: ProcessIbsCmd: Writing IBS_WAKE_ACK
11-28 21:28:44.846 3887 5074 D PhoneInterfaceManager: [PhoneIntfMgr] QueryTelephonyChecker-getDataNetworkTypeForSubscriber: packageName = com.innowireless.xcal.mobile5, isGrant = true
11-28 21:28:44.850 3887 5676 D PhoneInterfaceManager: [PhoneIntfMgr] QueryTelephonyChecker-getDataNetworkTypeForSubscriber: packageName = com.innowireless.xcal.mobile5, isGrant = true
11-28 21:28:44.854 3887 5074 D PhoneInterfaceManager: [PhoneIntfMgr] QueryTelephonyChecker-getDataNetworkTypeForSubscriber: packageName = com.innowireless.xcal.mobile5, isGrant = true
11-28 21:28:44.862 8600 9108 D GPS : NMEA is invaild.
11-28 21:28:44.862 8600 9108 D GPS : mNMEASatelites : 12
11-28 21:28:44.862 8600 9108 D GPS : mGPSSatelites : 68
11-28 21:28:44.862 8600 9108 D GPS : Android GPS is vaild.
11-28 21:28:44.867 8600 8600 I Quality : Skipped: true 1 cost 23.159506 refreshRate 0 processName com.innowireless.xcal.mobile5
11-28 21:28:44.874 1218 4398 I vendor.qti.bluetooth@1.0-ibs_handler: ProcessIbsCmd: Received IBS_SLEEP_IND: 0xFE
11-28 21:28:44.874 1218 4398 D vendor.qti.bluetooth@1.0-ibs_handler: SerialClockVote: vote for UART CLK OFF
11-28 21:28:44.875 3887 5074 D PhoneInterfaceManager: [PhoneIntfMgr] QueryTelephonyChecker-getDataNetworkTypeForSubscriber: packageName = com.innowireless.xcal.mobile5, isGrant = true
11-28 21:28:44.888 3887 5074 D PhoneInterfaceManager: [PhoneIntfMgr] QueryTelephonyChecker-getDataNetworkTypeForSubscriber: packageName = com.innowireless.xcal.mobile5, isGrant = true
11-28 21:28:44.889 8600 9740 I GLThread: waiting tid=2931 mHaveEglContext: false mHaveEglSurface: false mPaused: false mHasSurface: false mSurfaceIsBad: false mWaitingForSurface: true mWidth: 0 mHeight: 0 mRequestRender: true mRenderMode: 0
11-28 21:28:44.890 3887 5074 D PhoneInterfaceManager: [PhoneIntfMgr] QueryTelephonyChecker-getDataNetworkTypeForSubscriber: packageName = com.innowireless.xcal.mobile5, isGrant = true
11-28 21:28:44.893 3887 5074 D PhoneInterfaceManager: [PhoneIntfMgr] QueryTelephonyChecker-getDataNetworkTypeForSubscriber: packageName = com.innowireless.xcal.mobile5, isGrant = true
11-28 21:28:44.894 3887 5676 D PhoneInterfaceManager: [PhoneIntfMgr] QueryTelephonyChecker-getDataNetworkTypeForSubscriber: packageName = com.innowireless.xcal.mobile5, isGrant = true
11-28 21:28:44.900 3887 5676 D PhoneInterfaceManager: [PhoneIntfMgr] QueryTelephonyChecker-getDataNetworkTypeForSubscriber: packageName = com.innowireless.xcal.mobile5, isGrant = true
11-28 21:28:44.916 2523 3067 D WifiActiveModeWarden: there is no primary client manager, return the default one
11-28 21:28:44.993 3887 5676 D PhoneInterfaceManager: [PhoneIntfMgr] QueryTelephonyChecker-getDataNetworkTypeForSubscriber: packageName = com.innowireless.xcal.mobile5, isGrant = true
11-28 21:28:45.025 1218 4202 D vendor.qti.bluetooth@1.0-wake_lock: Release wakelock is released
11-28 21:28:45.033 3887 5676 D PhoneInterfaceManager: [PhoneIntfMgr] QueryTelephonyChecker-getDataNetworkTypeForSubscriber: packageName = com.innowireless.xcal.mobile5, isGrant = true
11-28 21:28:45.035 2523 3067 D WifiActiveModeWarden: there is no primary client manager, return the default one
11-28 21:28:45.035 2523 4105 D WifiService: getWifiEnabledState primaryClientMode is mDefaultClientModeManager
11-28 21:28:45.084 3887 5074 D PhoneInterfaceManager: [PhoneIntfMgr] QueryTelephonyChecker-getDataNetworkTypeForSubscriber: packageName = com.innowireless.xcal.mobile5, isGrant = true
11-28 21:28:45.109 3887 5074 D PhoneInterfaceManager: [PhoneIntfMgr] QueryTelephonyChecker-getDataNetworkTypeForSubscriber: packageName = com.innowireless.xcal.mobile5, isGrant = true
11-28 21:28:45.180 3887 7417 D PhoneInterfaceManager: [PhoneIntfMgr] QueryTelephonyChecker-getDataNetworkTypeForSubscriber: packageName = com.innowireless.xcal.mobile5, isGrant = true
11-28 21:28:45.181 6137 10957 I GmscoreIpa: Starting mediastore instant index [CONTEXT service_id=255 ]
11-28 21:28:45.203 3887 7417 D PhoneInterfaceManager: [PhoneIntfMgr] QueryTelephonyChecker-getDataNetworkTypeForSubscriber: packageName = com.innowireless.xcal.mobile5, isGrant = true
11-28 21:28:45.265 3887 7417 D PhoneInterfaceManager: [PhoneIntfMgr] QueryTelephonyChecker-getDataNetworkTypeForSubscriber: packageName = com.innowireless.xcal.mobile5, isGrant = true
11-28 21:28:45.331 3887 7417 D PhoneInterfaceManager: [PhoneIntfMgr] QueryTelephonyChecker-getDataNetworkTypeForSubscriber: packageName = com.innowireless.xcal.mobile5, isGrant = true
11-28 21:28:45.335 3887 5676 D PhoneInterfaceManager: [PhoneIntfMgr] QueryTelephonyChecker-getDataNetworkTypeForSubscriber: packageName = com.innowireless.xcal.mobile5, isGrant = true
11-28 21:28:45.348 8600 8600 I Quality : Skipped: false 1 cost 20.594908 refreshRate 0 processName com.innowireless.xcal.mobile5
11-28 21:28:45.381 3887 7417 D PhoneInterfaceManager: [PhoneIntfMgr] QueryTelephonyChecker-getDataNetworkTypeForSubscriber: packageName = com.innowireless.xcal.mobile5, isGrant = true
11-28 21:28:45.383 3887 5676 D PhoneInterfaceManager: [PhoneIntfMgr] QueryTelephonyChecker-getDataNetworkTypeForSubscriber: packageName = com.innowireless.xcal.mobile5, isGrant = true
11-28 21:28:45.384 3887 5074 D PhoneInterfaceManager: [PhoneIntfMgr] QueryTelephonyChecker-getDataNetworkTypeForSubscriber: packageName = com.innowireless.xcal.mobile5, isGrant = true
11-28 21:28:45.441 1254 1254 I android.hardware.thermal@2.0-service.qti: Sensor Name:shell_frametemp: 34.7. prev severity:0. cur severity:0 New severity:0
11-28 21:28:45.445 1254 1254 I android.hardware.thermal@2.0-service.qti: Sensor Name:skintemp: 37.412. prev severity:3. cur severity:0 New severity:0
11-28 21:28:45.445 1254 1254 I android.hardware.thermal@2.0-service.qti: Sensor Name:shell_fronttemp: 34.7. prev severity:0. cur severity:0 New severity:0
11-28 21:28:45.446 1254 1254 I android.hardware.thermal@2.0-service.qti: Sensor Name:shell_backtemp: 34.7. prev severity:0. cur severity:0 New severity:0
11-28 21:28:45.460 2523 3580 D OplusLocationStatistics: on recordTaskMark, key: gnssReportLocation
11-28 21:28:45.461 2523 2635 D LocationManagerService: incoming location from: gps
11-28 21:28:45.468 2523 2635 D LocationManagerService: incoming location from: gps
11-28 21:28:45.474 4443 5595 I FusedLocation: (REDACTED) location delivery to %s blocked - too close
11-28 21:28:45.475 4443 5595 I FusedLocation: (REDACTED) location delivery to %s blocked - too close
11-28 21:28:45.476 2523 2552 D LocationManagerService: incoming location from: fused
11-28 21:28:45.476 2523 2552 D LocationManagerService: incoming location from: fused
11-28 21:28:45.478 4443 5595 I FusedLocation: (REDACTED) location delivery to %s blocked - too fast
11-28 21:28:45.490 4443 10845 I SemanticLocation: [InfMgr] No location reports after filtering [CONTEXT service_id=173 ]
11-28 21:28:45.505 4443 10237 W GCoreUlr: Received locations too frequently.
11-28 21:28:45.505 4443 10237 I GCoreUlr: No valid location reports to store
11-28 21:28:45.510 2523 3067 D WifiActiveModeWarden: there is no primary client manager, return the default one
11-28 21:28:45.510 2523 3456 D WifiService: getWifiEnabledState primaryClientMode is mDefaultClientModeManager
11-28 21:28:45.511 2523 3456 I WifiService: startScan uid=10394
11-28 21:28:45.512 2523 3067 I WifiScanRequestProxy: Scan request from com.innowireless.xcal.mobile5 throttled
11-28 21:28:45.513 2523 3456 E WifiService: Failed to start scan
11-28 21:28:45.515 25165 25247 D WifiManager: getScanResults check resulttrue
11-28 21:28:45.517 25165 9208 D WifiManager: getScanResults check resulttrue
11-28 21:28:45.520 2523 3067 D WifiActiveModeWarden: there is no primary client manager, return the default one
11-28 21:28:45.555 5266 9100 D DebugReportServiceHidlClient: getReport 1.1...
11-28 21:28:45.557 1237 1237 E LocSvc_HIDL_DebugReportService: Invalid count: 0
11-28 21:28:45.557 1237 1237 E LocSvc_HIDL_DebugReportService: Invalid count: 0
11-28 21:28:45.557 1237 1237 E LocSvc_HIDL_DebugReportService: Invalid count: 0
11-28 21:28:45.557 1237 1237 E LocSvc_HIDL_DebugReportService: Invalid count: 0
11-28 21:28:45.557 5266 9100 D DebugReportServiceHidlClient: getReport 1.1 success: true
11-28 21:28:45.557 5266 9100 D DebugReportServiceHidlClient: getReport 1.0 success: true
11-28 21:28:45.560 1218 4398 I vendor.qti.bluetooth@1.0-ibs_handler: ProcessIbsCmd: Received IBS_WAKE_IND: 0xFD
11-28 21:28:45.560 1218 4398 D vendor.qti.bluetooth@1.0-ibs_handler: SerialClockVote: vote for UART CLK ON
11-28 21:28:45.561 1218 4398 D vendor.qti.bluetooth@1.0-wake_lock: Acquire wakelock is acquired
11-28 21:28:45.561 1218 4398 I vendor.qti.bluetooth@1.0-ibs_handler: ProcessIbsCmd: Writing IBS_WAKE_ACK
11-28 21:28:45.642 1218 4398 I vendor.qti.bluetooth@1.0-ibs_handler: ProcessIbsCmd: Received IBS_SLEEP_IND: 0xFE
11-28 21:28:45.642 1218 4398 D vendor.qti.bluetooth@1.0-ibs_handler: SerialClockVote: vote for UART CLK OFF
11-28 21:28:45.655 2523 2708 D OplusFeatureBrightnessBarController: mDarkLevel: 0
11-28 21:28:45.745 8600 10913 D AUTOCALL: Setup Start()
11-28 21:28:45.746 8600 10913 D AUTOCALL: Setup Start : 0
11-28 21:28:45.746 8600 10913 D AUTOCALL: UI MSG : Setup Start
11-28 21:28:45.751 8600 10913 D AUTOCALL: BaseCall SetupStart() 1
11-28 21:28:45.752 8600 10913 D AUTOCALL: BaseCall SetupStart() 2
11-28 21:28:45.753 8600 10913 D AUTOCALL: SetupStart() before onCallStateChanged
11-28 21:28:45.753 8600 10913 D AUTOCALL: SetupStart() after onCallStateChanged
11-28 21:28:45.753 8600 10913 D AUTOCALL: BaseCall SetupStart() 3
11-28 21:28:45.754 8600 10913 D AUTOCALL: BaseCall SetupStart() 4
11-28 21:28:45.775 8600 10913 D AUTOCALL: Setup End : 0
11-28 21:28:45.776 8600 10913 D AUTOCALL: callType: 2
11-28 21:28:45.776 8600 10913 D AUTOCALL: TrafficSetupStart:
11-28 21:28:45.776 8600 10913 D AUTOCALL: Traffic Setup Start()
11-28 21:28:45.776 8600 10913 D AUTOCALL: Traffic Setup Start : 0
11-28 21:28:45.776 8600 10913 D AUTOCALL: UI MSG : Traffic Setup Start
11-28 21:28:45.789 8600 10960 D AUTOCALL: FtpStart() !!!!!!!!!!!!!!!!!!!!!!!!!!!!
11-28 21:28:45.790 8600 10960 D AUTOCALL: Lock WorkThread...
11-28 21:28:45.790 8600 10961 D AUTOCALL: BaseFTPCall.run(), mThreadNo: 0
11-28 21:28:45.790 8600 10961 D AUTOCALL: BaseFTPCall.run(), Setup time : 30
11-28 21:28:45.790 8600 10961 D FTPC : Create, DSDS SIM Start
11-28 21:28:45.790 8600 10961 D FTPC : DSDS First Start Create
11-28 21:28:45.790 8600 10961 D FTPC : Create, Start Session Counter=1
11-28 21:28:45.790 8600 10961 D FTPC : DSDS First Start Create
11-28 21:28:45.791 8600 10961 D FTPC : Create, FTPInfo: 0xFB8E5C00
11-28 21:28:45.791 8600 10961 D FTPC : IsMultiSimChanged
11-28 21:28:45.791 8600 10961 D FTPC : Init Data isException false, IsMultiSimChanged false
11-28 21:28:45.791 8600 10961 D FTPC : Create, Server - Address: 148.113.16.103, ServerPort: 21
11-28 21:28:45.791 8600 10961 D FTPC : Create, Server - ftpInfo: 0xb400007bfb8e5c00
11-28 21:28:45.791 8600 10961 D FTPC : Create, Server - ftpInfo->ftpClient: 0xb400007bfb8e6000
11-28 21:28:45.791 8600 10961 D FTPC : Create, Server - Address: 148.113.16.103, ServerPort: 21
11-28 21:28:45.791 8600 10961 D FTPC : IsDualSimDsdsMode
11-28 21:28:45.791 8600 10961 D FTPC : Create, DSDS isDualSim false, isFtpConnectTIme
11-28 21:28:45.791 8600 10961 D FTPC : IsDualSimDsdsMode
11-28 21:28:45.791 8600 10961 D FTPC : open, timeout:30
11-28 21:28:45.792 1218 4202 D vendor.qti.bluetooth@1.0-wake_lock: Release wakelock is released
11-28 21:28:45.847 3887 7417 D PhoneInterfaceManager: [PhoneIntfMgr] QueryTelephonyChecker-getDataNetworkTypeForSubscriber: packageName = com.innowireless.xcal.mobile5, isGrant = true
11-28 21:28:45.850 3887 7417 D PhoneInterfaceManager: [PhoneIntfMgr] QueryTelephonyChecker-getDataNetworkTypeForSubscriber: packageName = com.innowireless.xcal.mobile5, isGrant = true
11-28 21:28:45.853 3887 7417 D PhoneInterfaceManager: [PhoneIntfMgr] QueryTelephonyChecker-getDataNetworkTypeForSubscriber: packageName = com.innowireless.xcal.mobile5, isGrant = true
11-28 21:28:45.862 8600 9108 D GPS : NMEA is invaild.
11-28 21:28:45.862 8600 9108 D GPS : mNMEASatelites : 12
11-28 21:28:45.863 8600 9108 D GPS : mGPSSatelites : 68
11-28 21:28:45.863 8600 9108 D GPS : Android GPS is vaild.
11-28 21:28:45.863 3887 7417 D PhoneInterfaceManager: [PhoneIntfMgr] QueryTelephonyChecker-getDataNetworkTypeForSubscriber: packageName = com.innowireless.xcal.mobile5, isGrant = true
11-28 21:28:45.876 8600 10961 D FTPC : Create, threadNo:0 : ftpClient.open complete!
11-28 21:28:45.876 8600 10961 D FTPC : Create, UserId: serverse1, Password: ...
11-28 21:28:45.876 8600 10961 D AUTOCALL: UI MSG : USER serverse1
11-28 21:28:45.876 8600 10962 D FTPC : runThread, Start.
11-28 21:28:45.876 8600 10962 D FTPC : callback_handler: success attach
11-28 21:28:45.877 8600 10961 D AUTOCALL: USER serverse1
11-28 21:28:45.877 8600 10961 D FTPC : SEND: USER serverse1
11-28 21:28:45.886 3887 7417 D PhoneInterfaceManager: [PhoneIntfMgr] QueryTelephonyChecker-getDataNetworkTypeForSubscriber: packageName = com.innowireless.xcal.mobile5, isGrant = true
11-28 21:28:45.889 3887 7417 D PhoneInterfaceManager: [PhoneIntfMgr] QueryTelephonyChecker-getDataNetworkTypeForSubscriber: packageName = com.innowireless.xcal.mobile5, isGrant = true
11-28 21:28:45.890 8600 9740 I GLThread: waiting tid=2931 mHaveEglContext: false mHaveEglSurface: false mPaused: false mHasSurface: false mSurfaceIsBad: false mWaitingForSurface: true mWidth: 0 mHeight: 0 mRequestRender: true mRenderMode: 0
11-28 21:28:45.892 3887 5676 D PhoneInterfaceManager: [PhoneIntfMgr] QueryTelephonyChecker-getDataNetworkTypeForSubscriber: packageName = com.innowireless.xcal.mobile5, isGrant = true
11-28 21:28:45.894 3887 5676 D PhoneInterfaceManager: [PhoneIntfMgr] QueryTelephonyChecker-getDataNetworkTypeForSubscriber: packageName = com.innowireless.xcal.mobile5, isGrant = true
11-28 21:28:45.899 3887 5676 D PhoneInterfaceManager: [PhoneIntfMgr] QueryTelephonyChecker-getDataNetworkTypeForSubscriber: packageName = com.innowireless.xcal.mobile5, isGrant = true
11-28 21:28:45.913 8600 10962 D FTPC : runThread, RESP: 331 Please specify the password., threadNo:0
11-28 21:28:45.914 8600 10962 D AUTOCALL: Response() : 2
11-28 21:28:45.914 8600 10962 D AUTOCALL: replyCode : 331
11-28 21:28:45.914 8600 10962 D AUTOCALL: UI MSG : 331 Please specify the password.
11-28 21:28:45.915 8600 10962 D AUTOCALL: 331 Please specify the password.
11-28 21:28:45.918 2523 3067 D WifiActiveModeWarden: there is no primary client manager, return the default one
11-28 21:28:45.919 8600 10961 D AUTOCALL: UI MSG : PASS serverse1!
11-28 21:28:45.920 8600 10961 D AUTOCALL: PASS serverse1!
11-28 21:28:45.920 8600 10961 D FTPC : SEND: PASS ...
11-28 21:28:45.963 8600 10962 D FTPC : runThread, RESP: 230 Login successful., threadNo:0
11-28 21:28:45.964 8600 10962 D AUTOCALL: Response() : 3
11-28 21:28:45.964 8600 10962 D AUTOCALL: replyCode : 230
11-28 21:28:45.964 8600 10962 D AUTOCALL: UI MSG : 230 Login successful.
11-28 21:28:45.965 8600 10962 D AUTOCALL: 230 Login successful.
11-28 21:28:45.966 8600 10962 D AUTOCALL: OnLoginNoti(...) Success : true
11-28 21:28:45.967 8600 10961 D AUTOCALL: UI MSG : FEAT
11-28 21:28:45.968 8600 10961 D AUTOCALL: FEAT
11-28 21:28:45.968 8600 10961 D FTPC : SEND: FEAT
11-28 21:28:45.994 2732 2736 E Diag_Lib: [IMS_AP]"ims-rtp-daemon ims_rtp_qmi_handler_thread_func waiting on select thread>"
11-28 21:28:45.994 3887 5676 D PhoneInterfaceManager: [PhoneIntfMgr] QueryTelephonyChecker-getDataNetworkTypeForSubscriber: packageName = com.innowireless.xcal.mobile5, isGrant = true
11-28 21:28:45.995 2732 2736 E Diag_Lib: [IMS_AP]"ims-rtp-daemon ims_rtp_qmi_handler_thread_func waiting on select thread>"
11-28 21:28:45.997 2732 2736 E Diag_Lib: [IMS_AP]"ims-rtp-daemon ims_rtp_qmi_handler_thread_func waiting on select thread>"
11-28 21:28:46.004 2732 2736 E Diag_Lib: [IMS_AP]"ims-rtp-daemon ims_rtp_qmi_handler_thread_func waiting on select thread>"
11-28 21:28:46.009 2732 2736 E Diag_Lib: [IMS_AP]"ims-rtp-daemon ims_rtp_qmi_handler_thread_func waiting on select thread>"
11-28 21:28:46.013 2732 2736 E Diag_Lib: [IMS_AP]"ims-rtp-daemon ims_rtp_qmi_handler_thread_func waiting on select thread>"
11-28 21:28:46.015 8600 10962 D FTPC : runThread, RESP: 211-Features:
11-28 21:28:46.015 8600 10962 D FTPC : EPRT
11-28 21:28:46.015 8600 10962 D FTPC : EPSV
11-28 21:28:46.015 8600 10962 D FTPC : MDTM
11-28 21:28:46.015 8600 10962 D FTPC : PASV
11-28 21:28:46.015 8600 10962 D FTPC : REST STREAM
11-28 21:28:46.015 8600 10962 D FTPC : SIZE
11-28 21:28:46.015 8600 10962 D FTPC : TVFS
11-28 21:28:46.015 8600 10962 D FTPC : UTF8
11-28 21:28:46.015 8600 10962 D FTPC : 211 End, threadNo:0
11-28 21:28:46.015 8600 10962 D AUTOCALL: Response() : 3
11-28 21:28:46.015 8600 10962 D AUTOCALL: replyCode : 211
11-28 21:28:46.015 8600 10962 D AUTOCALL: UI MSG : 211-Features:
11-28 21:28:46.015 8600 10962 D AUTOCALL: EPRT
11-28 21:28:46.015 8600 10962 D AUTOCALL: EPSV
11-28 21:28:46.015 8600 10962 D AUTOCALL: MDTM
11-28 21:28:46.015 8600 10962 D AUTOCALL: PASV
11-28 21:28:46.015 8600 10962 D AUTOCALL: REST STREAM
11-28 21:28:46.015 8600 10962 D AUTOCALL: SIZE
11-28 21:28:46.015 8600 10962 D AUTOCALL: TVFS
11-28 21:28:46.015 8600 10962 D AUTOCALL: UTF8
11-28 21:28:46.015 8600 10962 D AUTOCALL: 211 End
11-28 21:28:46.016 8600 10962 D AUTOCALL: 211-Features:
11-28 21:28:46.016 8600 10962 D AUTOCALL: EPRT
11-28 21:28:46.016 8600 10962 D AUTOCALL: EPSV
11-28 21:28:46.016 8600 10962 D AUTOCALL: MDTM
11-28 21:28:46.016 8600 10962 D AUTOCALL: PASV
11-28 21:28:46.016 8600 10962 D AUTOCALL: REST STREAM
11-28 21:28:46.016 8600 10962 D AUTOCALL: SIZE
11-28 21:28:46.016 8600 10962 D AUTOCALL: TVFS
11-28 21:28:46.016 8600 10962 D AUTOCALL: UTF8
11-28 21:28:46.016 8600 10962 D AUTOCALL: 211 End
11-28 21:28:46.018 8600 10961 D AUTOCALL: UI MSG : OPTS UTF8 ON
11-28 21:28:46.018 8600 10961 D AUTOCALL: OPTS UTF8 ON
11-28 21:28:46.018 8600 10961 D FTPC : SEND: OPTS UTF8 ON
11-28 21:28:46.055 8600 10962 D FTPC : runThread, RESP: 200 Always in UTF8 mode., threadNo:0
11-28 21:28:46.055 8600 10962 D AUTOCALL: Response() : 3
11-28 21:28:46.055 8600 10962 D AUTOCALL: replyCode : 200
11-28 21:28:46.056 8600 10962 D AUTOCALL: UI MSG : 200 Always in UTF8 mode.
11-28 21:28:46.056 8600 10962 D AUTOCALL: 200 Always in UTF8 mode.
11-28 21:28:46.066 8600 10961 D FTPC : OnGetRemoteFileName, Charset: 2
11-28 21:28:46.067 8600 10961 D FTPC : Create, GetRemoteFile: /test/100m
11-28 21:28:46.067 8600 10961 D AUTOCALL: UI MSG : CWD /test
11-28 21:28:46.067 8600 10961 D AUTOCALL: CWD /test
11-28 21:28:46.067 8600 10961 D FTPC : SEND: CWD /test
11-28 21:28:46.083 3887 5676 D PhoneInterfaceManager: [PhoneIntfMgr] QueryTelephonyChecker-getDataNetworkTypeForSubscriber: packageName = com.innowireless.xcal.mobile5, isGrant = true
11-28 21:28:46.091 3887 5676 D PhoneInterfaceManager: [PhoneIntfMgr] QueryTelephonyChecker-getDataNetworkTypeForSubscriber: packageName = com.innowireless.xcal.mobile5, isGrant = true
