11-28 21:28:49.895 3887 7417 D PhoneInterfaceManager: [PhoneIntfMgr] QueryTelephonyChecker-getDataNetworkTypeForSubscriber: packageName = com.innowireless.xcal.mobile5, isGrant = true
11-28 21:28:49.926 2523 3067 D WifiActiveModeWarden: there is no primary client manager, return the default one
11-28 21:28:49.955 1218 4398 I vendor.qti.bluetooth@1.0-ibs_handler: ProcessIbsCmd: Received IBS_SLEEP_IND: 0xFE
11-28 21:28:49.955 1218 4398 D vendor.qti.bluetooth@1.0-ibs_handler: SerialClockVote: vote for UART CLK OFF
11-28 21:28:49.970 1218 4398 I vendor.qti.bluetooth@1.0-ibs_handler: ProcessIbsCmd: Received IBS_WAKE_IND: 0xFD
11-28 21:28:49.971 1218 4398 D vendor.qti.bluetooth@1.0-ibs_handler: SerialClockVote: vote for UART CLK ON
11-28 21:28:49.971 1218 4398 I vendor.qti.bluetooth@1.0-ibs_handler: ProcessIbsCmd: Writing IBS_WAKE_ACK
11-28 21:28:49.994 3887 5676 D PhoneInterfaceManager: [PhoneIntfMgr] QueryTelephonyChecker-getDataNetworkTypeForSubscriber: packageName = com.innowireless.xcal.mobile5, isGrant = true
11-28 21:28:50.055 2523 2708 D OplusFeatureBrightnessBarController: mDarkLevel: 0
11-28 21:28:50.065 1218 4398 I vendor.qti.bluetooth@1.0-ibs_handler: ProcessIbsCmd: Received IBS_SLEEP_IND: 0xFE
11-28 21:28:50.065 1218 4398 D vendor.qti.bluetooth@1.0-ibs_handler: SerialClockVote: vote for UART CLK OFF
11-28 21:28:50.086 3887 5676 D PhoneInterfaceManager: [PhoneIntfMgr] QueryTelephonyChecker-getDataNetworkTypeForSubscriber: packageName = com.innowireless.xcal.mobile5, isGrant = true
11-28 21:28:50.112 3887 5676 D PhoneInterfaceManager: [PhoneIntfMgr] QueryTelephonyChecker-getDataNetworkTypeForSubscriber: packageName = com.innowireless.xcal.mobile5, isGrant = true
11-28 21:28:50.215 1218 4202 D vendor.qti.bluetooth@1.0-wake_lock: Release wakelock is released
11-28 21:28:50.220 3887 5676 D PhoneInterfaceManager: [PhoneIntfMgr] QueryTelephonyChecker-getDataNetworkTypeForSubscriber: packageName = com.innowireless.xcal.mobile5, isGrant = true
11-28 21:28:50.239 3887 3904 D PhoneInterfaceManager: [PhoneIntfMgr] QueryTelephonyChecker-getDataNetworkTypeForSubscriber: packageName = com.innowireless.xcal.mobile5, isGrant = true
11-28 21:28:50.245 8600 10913 D FTPC : getTotalBytes : 10628096 // 0 // 0
11-28 21:28:50.245 8600 10913 D AUTOCALL: ThroTimerTask doTask(...) afterPacket : 10628096
11-28 21:28:50.298 3887 3904 D PhoneInterfaceManager: [PhoneIntfMgr] QueryTelephonyChecker-getDataNetworkTypeForSubscriber: packageName = com.innowireless.xcal.mobile5, isGrant = true
11-28 21:28:50.325 3887 3904 D PhoneInterfaceManager: [PhoneIntfMgr] QueryTelephonyChecker-getDataNetworkTypeForSubscriber: packageName = com.innowireless.xcal.mobile5, isGrant = true
11-28 21:28:50.327 3887 3904 D PhoneInterfaceManager: [PhoneIntfMgr] QueryTelephonyChecker-getDataNetworkTypeForSubscriber: packageName = com.innowireless.xcal.mobile5, isGrant = true
11-28 21:28:50.381 3887 3904 D PhoneInterfaceManager: [PhoneIntfMgr] QueryTelephonyChecker-getDataNetworkTypeForSubscriber: packageName = com.innowireless.xcal.mobile5, isGrant = true
11-28 21:28:50.389 3887 3904 D PhoneInterfaceManager: [PhoneIntfMgr] QueryTelephonyChecker-getDataNetworkTypeForSubscriber: packageName = com.innowireless.xcal.mobile5, isGrant = true
11-28 21:28:50.390 3887 7417 D PhoneInterfaceManager: [PhoneIntfMgr] QueryTelephonyChecker-getDataNetworkTypeForSubscriber: packageName = com.innowireless.xcal.mobile5, isGrant = true
11-28 21:28:50.390 2523 3067 D WifiActiveModeWarden: there is no primary client manager, return the default one
11-28 21:28:50.392 3887 7417 D PhoneInterfaceManager: [PhoneIntfMgr] QueryTelephonyChecker-getDataNetworkTypeForSubscriber: packageName = com.innowireless.xcal.mobile5, isGrant = true
11-28 21:28:50.392 2523 5420 D WifiService: getWifiEnabledState primaryClientMode is mDefaultClientModeManager
11-28 21:28:50.394 8600 9023 E XCAL-Mobile: Adb_Msg.getBuffer(), WARNING!! It is not matched!! so, buffer will reset null! Adb_CallEventMsg
11-28 21:28:50.452 2523 11318 D OplusLocationStatistics: on recordTaskMark, key: gnssReportLocation
11-28 21:28:50.453 2523 2635 D LocationManagerService: incoming location from: gps
11-28 21:28:50.457 2523 2635 D LocationManagerService: incoming location from: gps
11-28 21:28:50.462 1254 1254 I android.hardware.thermal@2.0-service.qti: Sensor Name:shell_frametemp: 34.8. prev severity:0. cur severity:0 New severity:0
11-28 21:28:50.463 1254 1254 I android.hardware.thermal@2.0-service.qti: Sensor Name:skintemp: 37.581. prev severity:3. cur severity:0 New severity:0
11-28 21:28:50.464 1254 1254 I android.hardware.thermal@2.0-service.qti: Sensor Name:shell_fronttemp: 34.8. prev severity:0. cur severity:0 New severity:0
11-28 21:28:50.464 1254 1254 I android.hardware.thermal@2.0-service.qti: Sensor Name:shell_backtemp: 34.8. prev severity:0. cur severity:0 New severity:0
11-28 21:28:50.469 4443 5595 I FusedLocation: (REDACTED) location delivery to %s blocked - too close
11-28 21:28:50.470 4443 5595 I FusedLocation: (REDACTED) location delivery to %s blocked - too close
11-28 21:28:50.471 2523 3456 D LocationManagerService: incoming location from: fused
11-28 21:28:50.471 2523 3456 D LocationManagerService: incoming location from: fused
11-28 21:28:50.471 4443 5595 I FusedLocation: (REDACTED) location delivery to %s blocked - too fast
11-28 21:28:50.472 4443 5595 I FusedLocation: (REDACTED) location delivery to %s blocked - too fast
11-28 21:28:50.472 4443 5595 I FusedLocation: (REDACTED) location delivery to %s blocked - too fast
11-28 21:28:50.498 4443 26965 I NearbyMediums: Found Fast Ble Advertisements :
11-28 21:28:50.498 4443 26965 I NearbyMediums: BleAdvertisement { version=2, socketVersion=2, isFast=true, serviceIdHash=null, data=[ 0x23 0x56 0x54 0x42 0x42 0x11 0x32 0xea 0xee 0x17 0x69 0x63 0xf9 0xa1 0xa3 0xc6 0x7f 0xcc 0xa1 0x1c 0x1b 0x6e 0xcc ], deviceToken=[ 0xe6 0x39 ], rxAdvertisement=null } : 8 times.
11-28 21:28:50.498 4443 26965 I NearbyMediums: BleAdvertisement { version=2, socketVersion=2, isFast=true, serviceIdHash=null, data=[ 0x23 0x46 0x32 0x5a 0x4d 0x11 0x32 0x82 0x50 0x0d 0xd2 0x27 0xa9 0x6f 0xf4 0x0b 0x2d 0x53 0x92 0xd8 0xae 0x4a 0xb4 ], deviceToken=[ 0xc4 0x4d ], rxAdvertisement=null } : 5 times.
11-28 21:28:50.498 4443 26965 I NearbyMediums: Total 13 fast advertisements from 2 unique advertisers.
11-28 21:28:50.498 4443 26965 I NearbyMediums: Found BLE GATT Advertisements :
11-28 21:28:50.498 4443 26965 I NearbyMediums: BleAdvertisement { version=2, socketVersion=2, isFast=false, serviceIdHash=[ 0xfc 0x9f 0x5e ], data=[ 0x23 0xfc 0x9f 0x5e 0x33 0x4f 0x58 0x49 0x1d 0x06 0x93 0x67 0xe9 0x7f 0xb7 0xb8 0x94 0x7d 0xdc 0x48 0x0b 0x2b 0x55 0xf2 0x61 0x77 0x0b 0x50 0x72 0x61 0x74 0x69 0x6b 0x27 0x73 0x20 0x50 0x43 0x30 0x89 0x4a 0xc6 0x21 0x12 0x00 0x00 ], deviceToken=[ 0x38 0xd8 ], rxAdvertisement=null } : 15 times.
11-28 21:28:50.498 4443 26965 I NearbyMediums: Total 15 GATT advertisements from 1 unique advertisers.
11-28 21:28:50.554 5266 9100 D DebugReportServiceHidlClient: getReport 1.1...
11-28 21:28:50.555 1237 1237 E LocSvc_HIDL_DebugReportService: Invalid count: 0
11-28 21:28:50.555 1237 1237 E LocSvc_HIDL_DebugReportService: Invalid count: 0
11-28 21:28:50.555 1237 1237 E LocSvc_HIDL_DebugReportService: Invalid count: 0
11-28 21:28:50.555 1237 1237 E LocSvc_HIDL_DebugReportService: Invalid count: 0
11-28 21:28:50.556 5266 9100 D DebugReportServiceHidlClient: getReport 1.1 success: true
11-28 21:28:50.556 5266 9100 D DebugReportServiceHidlClient: getReport 1.0 success: true
11-28 21:28:50.575 1218 4398 I vendor.qti.bluetooth@1.0-ibs_handler: ProcessIbsCmd: Received IBS_WAKE_IND: 0xFD
11-28 21:28:50.575 1218 4398 D vendor.qti.bluetooth@1.0-ibs_handler: SerialClockVote: vote for UART CLK ON
11-28 21:28:50.576 1218 4398 D vendor.qti.bluetooth@1.0-wake_lock: Acquire wakelock is acquired
11-28 21:28:50.576 1218 4398 I vendor.qti.bluetooth@1.0-ibs_handler: ProcessIbsCmd: Writing IBS_WAKE_ACK
11-28 21:28:50.691 1218 4398 I vendor.qti.bluetooth@1.0-ibs_handler: ProcessIbsCmd: Received IBS_SLEEP_IND: 0xFE
11-28 21:28:50.691 1218 4398 D vendor.qti.bluetooth@1.0-ibs_handler: SerialClockVote: vote for UART CLK OFF
11-28 21:28:50.746 8600 10913 D FTPC : getTotalBytes : 12157440 // 0 // 0
11-28 21:28:50.747 8600 10913 D AUTOCALL: ThroTimerTask doTask(...) afterPacket : 12157440
11-28 21:28:50.841 1218 4202 D vendor.qti.bluetooth@1.0-wake_lock: Release wakelock is released
11-28 21:28:50.851 3887 7417 D PhoneInterfaceManager: [PhoneIntfMgr] QueryTelephonyChecker-getDataNetworkTypeForSubscriber: packageName = com.innowireless.xcal.mobile5, isGrant = true
11-28 21:28:50.854 3887 3904 D PhoneInterfaceManager: [PhoneIntfMgr] QueryTelephonyChecker-getDataNetworkTypeForSubscriber: packageName = com.innowireless.xcal.mobile5, isGrant = true
11-28 21:28:50.858 3887 5676 D PhoneInterfaceManager: [PhoneIntfMgr] QueryTelephonyChecker-getDataNetworkTypeForSubscriber: packageName = com.innowireless.xcal.mobile5, isGrant = true
11-28 21:28:50.865 8600 9108 D GPS : NMEA is invaild.
11-28 21:28:50.865 8600 9108 D GPS : mNMEASatelites : 12
11-28 21:28:50.865 8600 9108 D GPS : mGPSSatelites : 68
11-28 21:28:50.866 8600 9108 D GPS : Android GPS is vaild.
11-28 21:28:50.871 3887 5676 D PhoneInterfaceManager: [PhoneIntfMgr] QueryTelephonyChecker-getDataNetworkTypeForSubscriber: packageName = com.innowireless.xcal.mobile5, isGrant = true
11-28 21:28:50.877 8600 9740 I GLThread: waiting tid=2931 mHaveEglContext: false mHaveEglSurface: false mPaused: false mHasSurface: false mSurfaceIsBad: false mWaitingForSurface: true mWidth: 0 mHeight: 0 mRequestRender: true mRenderMode: 0
11-28 21:28:50.886 3887 5676 D PhoneInterfaceManager: [PhoneIntfMgr] QueryTelephonyChecker-getDataNetworkTypeForSubscriber: packageName = com.innowireless.xcal.mobile5, isGrant = true
11-28 21:28:50.888 3887 5676 D PhoneInterfaceManager: [PhoneIntfMgr] QueryTelephonyChecker-getDataNetworkTypeForSubscriber: packageName = com.innowireless.xcal.mobile5, isGrant = true
11-28 21:28:50.890 3887 5676 D PhoneInterfaceManager: [PhoneIntfMgr] QueryTelephonyChecker-getDataNetworkTypeForSubscriber: packageName = com.innowireless.xcal.mobile5, isGrant = true
11-28 21:28:50.891 3887 3904 D PhoneInterfaceManager: [PhoneIntfMgr] QueryTelephonyChecker-getDataNetworkTypeForSubscriber: packageName = com.innowireless.xcal.mobile5, isGrant = true
11-28 21:28:50.894 3887 7417 D PhoneInterfaceManager: [PhoneIntfMgr] QueryTelephonyChecker-getDataNetworkTypeForSubscriber: packageName = com.innowireless.xcal.mobile5, isGrant = true
11-28 21:28:50.928 2523 3067 D WifiActiveModeWarden: there is no primary client manager, return the default one
11-28 21:28:50.996 3887 7417 D PhoneInterfaceManager: [PhoneIntfMgr] QueryTelephonyChecker-getDataNetworkTypeForSubscriber: packageName = com.innowireless.xcal.mobile5, isGrant = true
11-28 21:28:51.085 3887 7417 D PhoneInterfaceManager: [PhoneIntfMgr] QueryTelephonyChecker-getDataNetworkTypeForSubscriber: packageName = com.innowireless.xcal.mobile5, isGrant = true
11-28 21:28:51.096 2523 5854 D WifiNl80211Manager: Scan result ready event
11-28 21:28:51.096 2523 5854 D WifiNative: Scan result ready event
11-28 21:28:51.098 2523 3067 D WifiActiveModeWarden: there is no primary client manager, return the default one
11-28 21:28:51.098 2523 3067 D WifiService: getWifiEnabledState primaryClientMode is mDefaultClientModeManager
11-28 21:28:51.104 2523 3067 D WifiActiveModeWarden: there is no primary client manager, return the default one
11-28 21:28:51.105 2523 3067 D WifiActiveModeWarden: there is no primary client manager, return the default one
11-28 21:28:51.105 2523 3067 D OplusScanResultsProxy: fewApNum:5
11-28 21:28:51.107 2523 3095 D WificondScannerImpl: Filtering out scan result Pa***XT, c0:**:**:**:5d:91 time diff 19068621ms
11-28 21:28:51.107 2523 3095 D WificondScannerImpl: Filtering out scan result ch***5G, 8c:**:**:**:53:92 time diff 19998078ms
11-28 21:28:51.107 2523 3095 D WificondScannerImpl: Filtering out scan result Go***dy, 90:**:**:**:a5:59 time diff 19059852ms
11-28 21:28:51.108 2523 3095 D WificondScannerImpl: Filtering out scan result JI***LS, 8c:**:**:**:77:3d time diff 19972645ms
11-28 21:28:51.108 2523 3095 D WificondScannerImpl: Filtering out scan result EMPTY, aa:**:**:**:ff:34 time diff 19086231ms
11-28 21:28:51.108 2523 3095 D WificondScannerImpl: Filtering out 5 scan results.
11-28 21:28:51.117 2523 3067 D WakeupController: Attempted to handleScanResults while not enabled
11-28 21:28:51.118 3887 3904 D PhoneInterfaceManager: [PhoneIntfMgr] QueryTelephonyChecker-getDataNetworkTypeForSubscriber: packageName = com.innowireless.xcal.mobile5, isGrant = true
11-28 21:28:51.127 4443 10839 I FrewleTileCacheManagerV: (REDACTED) Fetched %d AP models from cache
11-28 21:28:51.150 2523 3324 D LocationManagerService: incoming location from: network
11-28 21:28:51.154 2523 3324 D LocationManagerService: incoming location from: network
11-28 21:28:51.180 3887 3904 D PhoneInterfaceManager: [PhoneIntfMgr] QueryTelephonyChecker-getDataNetworkTypeForSubscriber: packageName = com.innowireless.xcal.mobile5, isGrant = true
11-28 21:28:51.209 3887 3904 D PhoneInterfaceManager: [PhoneIntfMgr] QueryTelephonyChecker-getDataNetworkTypeForSubscriber: packageName = com.innowireless.xcal.mobile5, isGrant = true
11-28 21:28:51.242 3887 3904 D PhoneInterfaceManager: [PhoneIntfMgr] QueryTelephonyChecker-getDataNetworkTypeForSubscriber: packageName = com.innowireless.xcal.mobile5, isGrant = true
11-28 21:28:51.247 8600 10913 D FTPC : getTotalBytes : 14173696 // 0 // 0
11-28 21:28:51.247 8600 10913 D AUTOCALL: ThroTimerTask doTask(...) afterPacket : 14173696
11-28 21:28:51.266 1218 4398 I vendor.qti.bluetooth@1.0-ibs_handler: ProcessIbsCmd: Received IBS_WAKE_IND: 0xFD
11-28 21:28:51.266 1218 4398 D vendor.qti.bluetooth@1.0-ibs_handler: SerialClockVote: vote for UART CLK ON
11-28 21:28:51.266 1218 4398 D vendor.qti.bluetooth@1.0-wake_lock: Acquire wakelock is acquired
11-28 21:28:51.266 1218 4398 I vendor.qti.bluetooth@1.0-ibs_handler: ProcessIbsCmd: Writing IBS_WAKE_ACK
11-28 21:28:51.325 3887 3904 D PhoneInterfaceManager: [PhoneIntfMgr] QueryTelephonyChecker-getDataNetworkTypeForSubscriber: packageName = com.innowireless.xcal.mobile5, isGrant = true
11-28 21:28:51.327 3887 7417 D PhoneInterfaceManager: [PhoneIntfMgr] QueryTelephonyChecker-getDataNetworkTypeForSubscriber: packageName = com.innowireless.xcal.mobile5, isGrant = true
11-28 21:28:51.349 1218 4398 I vendor.qti.bluetooth@1.0-ibs_handler: ProcessIbsCmd: Received IBS_SLEEP_IND: 0xFE
11-28 21:28:51.349 1218 4398 D vendor.qti.bluetooth@1.0-ibs_handler: SerialClockVote: vote for UART CLK OFF
11-28 21:28:51.385 3887 7417 D PhoneInterfaceManager: [PhoneIntfMgr] QueryTelephonyChecker-getDataNetworkTypeForSubscriber: packageName = com.innowireless.xcal.mobile5, isGrant = true
11-28 21:28:51.386 3887 3904 D PhoneInterfaceManager: [PhoneIntfMgr] QueryTelephonyChecker-getDataNetworkTypeForSubscriber: packageName = com.innowireless.xcal.mobile5, isGrant = true
11-28 21:28:51.387 3887 5676 D PhoneInterfaceManager: [PhoneIntfMgr] QueryTelephonyChecker-getDataNetworkTypeForSubscriber: packageName = com.innowireless.xcal.mobile5, isGrant = true
11-28 21:28:51.452 3887 7417 D PhoneInterfaceManager: [PhoneIntfMgr] QueryTelephonyChecker-getDataNetworkTypeForSubscriber: packageName = com.innowireless.xcal.mobile5, isGrant = true
11-28 21:28:51.454 2523 2708 D OplusFeatureBrightnessBarController: mDarkLevel: 0
11-28 21:28:51.454 2523 3067 D WifiActiveModeWarden: there is no primary client manager, return the default one
11-28 21:28:51.454 2523 3456 D WifiService: getWifiEnabledState primaryClientMode is mDefaultClientModeManager
11-28 21:28:51.457 2523 3580 D OplusLocationStatistics: on recordTaskMark, key: gnssReportLocation
11-28 21:28:51.457 2523 2635 D LocationManagerService: incoming location from: gps
11-28 21:28:51.460 2523 2635 D LocationManagerService: incoming location from: gps
11-28 21:28:51.464 4443 5595 I FusedLocation: (REDACTED) location delivery to %s blocked - too close
11-28 21:28:51.465 4443 5595 I FusedLocation: (REDACTED) location delivery to %s blocked - too close
11-28 21:28:51.466 4443 5595 I FusedLocation: (REDACTED) location delivery to %s blocked - too fast
11-28 21:28:51.466 1254 1254 I android.hardware.thermal@2.0-service.qti: Sensor Name:shell_frametemp: 34.8. prev severity:0. cur severity:0 New severity:0
11-28 21:28:51.466 2523 3324 D LocationManagerService: incoming location from: fused
11-28 21:28:51.466 4443 5595 I FusedLocation: (REDACTED) location delivery to %s blocked - too fast
11-28 21:28:51.466 2523 3324 D LocationManagerService: incoming location from: fused
11-28 21:28:51.466 4443 5595 I FusedLocation: (REDACTED) location delivery to %s blocked - too fast
11-28 21:28:51.469 1254 1254 I android.hardware.thermal@2.0-service.qti: Sensor Name:skintemp: 37.804. prev severity:3. cur severity:0 New severity:0
11-28 21:28:51.469 1254 1254 I android.hardware.thermal@2.0-service.qti: Sensor Name:shell_fronttemp: 34.8. prev severity:0. cur severity:0 New severity:0
11-28 21:28:51.470 1254 1254 I android.hardware.thermal@2.0-service.qti: Sensor Name:shell_backtemp: 34.8. prev severity:0. cur severity:0 New severity:0
11-28 21:28:51.484 3887 3887 D TelephonyManager: requestModemActivityInfo: Sending result to app: ModemActivityInfo{ mTimestamp=37666660 mSleepTimeMs=17363292 mIdleTimeMs=7232339 mTxTimeMs[]=[332590, 26971, 10349, 9899, 3375] mRxTimeMs=12549788}
11-28 21:28:51.485 3720 3720 E ModemAciService: CatchException oemModemAci2OplusModemAci():java.lang.IndexOutOfBoundsException: Index 103 out of bounds for length 85
11-28 21:28:51.485 3720 3720 I ModemAciService: UMF LO: OplusModemActivityInfo{ date=11-28 21:28:51.485 modemPowermA[]=[129.39,124.59,134.24] sleepTimeMs=0 idleTimeMs=0 rxTimeMs=4028 5gRxTimeMs=0 txTimeMs[]=[260, 704, 26, 0, 0] 5gTxTimeMs[]=[0, 0, 0, 0, 0] techTimeMs[]=[0, 0, 0, 0, 5017, 0, 0, 0, 0] rrcConn10sC[]=[0, 0] rrcConn20sC[]=[0, 0] rrcConnMore20sC[]=[0, 0] rrcConnC[]=[0, 0] csChangedC[]=[0, 0] psChangedC[]=[0, 0] iRatC[]=[0, 0] cellUpdateC[]=[0, 0] nwSrchC[]=[0, 0] nwSrchT[]=[0, 0] lteRrcConnT[]=[5, 0] psRegT[]=[5, 0] csRegT[]=[5, 0] psNoRegT[]=[0, 5] csNoRegT[]=[0, 5] sigGrid0T[]=[0, 0] endcActT[]=[0, 0] saActT[]=[0, 0] gpsTimeMs=5017 wlanTimeMs=1846 regReqFbC[]=[0, 62] regReqTransAcqDbC[]=[11, 0] saRrcConn10sC[]=[0, 0] saRrcConn20sC[]=[0, 0] saRrcConnMore20sC[]=[0, 0] saRrcConnC[]=[1544, 0] lteHoC[]=[0, 0] saHoC[]=[0, 0] saRrcConnT[]=[0, 0] lteBandDurationSim0[]=[0, 0, 0, 0, 0, 0, 0, 0, 0] lteBandDurationSim1[]=[0, 0, 0, 0, 0, 0, 0, 0, 0] nrBandDurationSim0[]=[0, 0, 0, 0, 0, 0] nrBandDurationSim1[]=[0, 0, 0, 0, 0, 0] sensorStationaryC=0 sensorStationaryT=0 modemStationaryC=0 modemStationaryT=0}
11-28 21:28:51.486 3720 3720 I ModemAciService: UMF CH: OplusModemActivityInfo{ date=11-28 21:28:51.485 modemPowermA[]=[129.39,124.59,134.24] sleepTimeMs=0 idleTimeMs=0 rxTimeMs=4028 5gRxTimeMs=0 txTimeMs[]=[260, 704, 26, 0, 0] 5gTxTimeMs[]=[0, 0, 0, 0, 0] techTimeMs[]=[0, 0, 0, 0, 5017, 0, 0, 0, 0] rrcConn10sC[]=[0, 0] rrcConn20sC[]=[0, 0] rrcConnMore20sC[]=[0, 0] rrcConnC[]=[0, 0] csChangedC[]=[0, 0] psChangedC[]=[0, 0] iRatC[]=[0, 0] cellUpdateC[]=[0, 0] nwSrchC[]=[0, 0] nwSrchT[]=[0, 0] lteRrcConnT[]=[5, 0] psRegT[]=[5, 0] csRegT[]=[5, 0] psNoRegT[]=[0, 5] csNoRegT[]=[0, 5] sigGrid0T[]=[0, 0] endcActT[]=[0, 0] saActT[]=[0, 0] gpsTimeMs=5017 wlanTimeMs=1846 regReqFbC[]=[0, 62] regReqTransAcqDbC[]=[11, 0] saRrcConn10sC[]=[0, 0] saRrcConn20sC[]=[0, 0] saRrcConnMore20sC[]=[0, 0] saRrcConnC[]=[1544, 0] lteHoC[]=[0, 0] saHoC[]=[0, 0] saRrcConnT[]=[0, 0] lteBandDurationSim0[]=[0, 0, 0, 0, 0, 0, 0, 0, 0] lteBandDurationSim1[]=[0, 0, 0, 0, 0, 0, 0, 0, 0] nrBandDurationSim0[]=[0, 0, 0, 0, 0, 0] nrBandDurationSim1[]=[0, 0, 0, 0, 0, 0] sensorStationaryC=0 sensorStationaryT=0 modemStationaryC=0 modemStationaryT=0}
11-28 21:28:51.486 3720 3720 I ModemAciService: UMF LS: OplusModemActivityInfo{ date=11-28 21:28:51.485 modemPowermA[]=[129.39,124.59,134.24] sleepTimeMs=0 idleTimeMs=0 rxTimeMs=4028 5gRxTimeMs=0 txTimeMs[]=[260, 704, 26, 0, 0] 5gTxTimeMs[]=[0, 0, 0, 0, 0] techTimeMs[]=[0, 0, 0, 0, 5017, 0, 0, 0, 0] rrcConn10sC[]=[0, 0] rrcConn20sC[]=[0, 0] rrcConnMore20sC[]=[0, 0] rrcConnC[]=[0, 0] csChangedC[]=[0, 0] psChangedC[]=[0, 0] iRatC[]=[0, 0] cellUpdateC[]=[0, 0] nwSrchC[]=[0, 0] nwSrchT[]=[0, 0] lteRrcConnT[]=[5, 0] psRegT[]=[5, 0] csRegT[]=[5, 0] psNoRegT[]=[0, 5] csNoRegT[]=[0, 5] sigGrid0T[]=[0, 0] endcActT[]=[0, 0] saActT[]=[0, 0] gpsTimeMs=5017 wlanTimeMs=1846 regReqFbC[]=[0, 62] regReqTransAcqDbC[]=[11, 0] saRrcConn10sC[]=[0, 0] saRrcConn20sC[]=[0, 0] saRrcConnMore20sC[]=[0, 0] saRrcConnC[]=[1544, 0] lteHoC[]=[0, 0] saHoC[]=[0, 0] saRrcConnT[]=[0, 0] lteBandDurationSim0[]=[0, 0, 0, 0, 0, 0, 0, 0, 0] lteBandDurationSim1[]=[0, 0, 0, 0, 0, 0, 0, 0, 0] nrBandDurationSim0[]=[0, 0, 0, 0, 0, 0] nrBandDurationSim1[]=[0, 0, 0, 0, 0, 0] sensorStationaryC=0 sensorStationaryT=0 modemStationaryC=0 modemStationaryT=0}
11-28 21:28:51.499 1218 4202 D vendor.qti.bluetooth@1.0-wake_lock: Release wakelock is released
11-28 21:28:51.506 2523 3067 D WifiActiveModeWarden: there is no primary client manager, return the default one
11-28 21:28:51.509 2523 3124 D WN_S : onCapabilitiesChanged for 118
11-28 21:28:51.512 3672 7447 D QCNEJ/WwanInfoRelay: onCapabilitiesChanged: 118 [ Transports: CELLULAR Capabilities: SUPL&INTERNET&NOT_RESTRICTED&TRUSTED&NOT_VPN&VALIDATED&NOT_ROAMING&FOREGROUND&NOT_CONGESTED&NOT_SUSPENDED&NOT_VCN_MANAGED LinkUpBandwidth>=61494Kbps LinkDnBandwidth>=30407Kbps Specifier: SubscriptionIds: {4} UnderlyingNetworks: Null]
11-28 21:28:51.512 3672 7447 I QCNEJ/WwanInfoRelay: cacheWwanInfo subId = 4 phoneId = 0 slotId = 0
11-28 21:28:51.513 3887 7417 D PhoneInterfaceManager: [PhoneIntfMgr] QueryTelephonyChecker-getDataNetworkTypeForSubscriber: packageName = com.qualcomm.qti.cne, isGrant = true
11-28 21:28:51.517 1301 1301 D PerformanceService: memmonitor is exist
11-28 21:28:51.519 5351 6843 D WM-NetworkStateTracker: Network capabilities changed: [ Transports: CELLULAR Capabilities: SUPL&INTERNET&NOT_RESTRICTED&TRUSTED&NOT_VPN&VALIDATED&NOT_ROAMING&FOREGROUND&NOT_CONGESTED&NOT_SUSPENDED&NOT_VCN_MANAGED LinkUpBandwidth>=61494Kbps LinkDnBandwidth>=30407Kbps Specifier: SubscriptionIds: {4} UnderlyingNetworks: Null]
11-28 21:28:51.519 6918 6920 E IHansComunication: HANS printMessageBody: RCVed message body: type = 0, port = 86870, caller_pid = 2523, caller_uid = 1000, target_pid = 31811, target_uid = 10287, pkg_cmd = -1
11-28 21:28:51.520 6918 6920 E IHansComunication: HANS printMessageBody: RCVed message body: type = 0, port = 86870, caller_pid = 2523, caller_uid = 1000, target_pid = 31811, target_uid = 10287, pkg_cmd = -1
11-28 21:28:51.520 31494 31562 I CarrierServices: [2410] eqy.c:51 Connected state: [1], networkType: [MOBILE]
11-28 21:28:51.520 31494 31559 I CarrierServices: [2409] fau.handleMessage:39 RcsEngineImpl[DUAL_REG]:[25391196-20f4]>Handler: handleMessage processing message:[NOTIFY_UPTIME_IGNORE_STATE_CHANGED] with [non-null]:RcsEngineImpl reference
11-28 21:28:51.520 6918 6920 E IHansComunication: HANS printMessageBody: RCVed message body: type = 0, port = 86870, caller_pid = 2523, caller_uid = 1000, target_pid = 31811, target_uid = 10287, pkg_cmd = -1
11-28 21:28:51.522 2523 3719 I OplusHansManager : unfreeze uid: 10287 org.zwanoo.android.speedtest pids: [31811] reason: AsyncBinder scene: LcdOn
11-28 21:28:51.523 2523 3710 I OplusHansManager : uid=10287, pkg=org.zwanoo.android.speedtest, transition from Frozen to Middle, reason=AsyncBinder
11-28 21:28:51.523 2523 3710 I OplusHansManager : uid=10287, pkg=org.zwanoo.android.speedtest F exit(), reason=AsyncBinder
11-28 21:28:51.523 2523 4922 D OplusProxyWakeLock: remove uid: 10287 wiht all pids from wakelockUidInfo list
11-28 21:28:51.523 2523 3719 I OplusHansManager : forceUnfreezeByPid pid= 31811 reason= unfreezeForKernel: AsyncBinder
11-28 21:28:51.525 2523 3719 I OplusHansManager : forceUnfreezeByPid pid= 31811 reason= unfreezeForKernel: AsyncBinder
11-28 21:28:51.525 6918 6920 E IHansComunication: HANS printMessageBody: RCVed message body: type = 0, port = 86870, caller_pid = 2523, caller_uid = 1000, target_pid = 4870, target_uid = 10271, pkg_cmd = -1
11-28 21:28:51.528 1086 6743 D WM-NetworkStateTracker: Network capabilities changed: [ Transports: CELLULAR Capabilities: SUPL&INTERNET&NOT_RESTRICTED&TRUSTED&NOT_VPN&VALIDATED&NOT_ROAMING&FOREGROUND&NOT_CONGESTED&NOT_SUSPENDED&NOT_VCN_MANAGED LinkUpBandwidth>=61494Kbps LinkDnBandwidth>=30407Kbps Specifier: SubscriptionIds: {4} UnderlyingNetworks: Null]
11-28 21:28:51.532 2523 3124 D WN_S : onCapabilitiesChanged for 119
11-28 21:28:51.533 2523 3719 I OplusHansManager : unfreeze uid: 10271 com.oneplus.brickmode pids: [4870] reason: AsyncBinder scene: LcdOn
11-28 21:28:51.534 2523 3710 I OplusHansManager : uid=10271, pkg=com.oneplus.brickmode, transition from Frozen to Middle, reason=AsyncBinder
11-28 21:28:51.534 2523 3710 I OplusHansManager : uid=10271, pkg=com.oneplus.brickmode F exit(), reason=AsyncBinder
11-28 21:28:51.535 2523 4922 D OplusProxyWakeLock: remove uid: 10271 wiht all pids from wakelockUidInfo list
11-28 21:28:51.555 5266 9100 D DebugReportServiceHidlClient: getReport 1.1...
11-28 21:28:51.555 1237 1237 E LocSvc_HIDL_DebugReportService: Invalid count: 0
11-28 21:28:51.555 1237 1237 E LocSvc_HIDL_DebugReportService: Invalid count: 0
11-28 21:28:51.555 1237 1237 E LocSvc_HIDL_DebugReportService: Invalid count: 0
11-28 21:28:51.555 1237 1237 E LocSvc_HIDL_DebugReportService: Invalid count: 0
11-28 21:28:51.556 5266 9100 D DebugReportServiceHidlClient: getReport 1.1 success: true
11-28 21:28:51.556 5266 9100 D DebugReportServiceHidlClient: getReport 1.0 success: true
11-28 21:28:51.748 8600 10913 D FTPC : getTotalBytes : 16644608 // 0 // 0
11-28 21:28:51.748 8600 10913 D AUTOCALL: ThroTimerTask doTask(...) afterPacket : 16644608
11-28 21:28:51.781 8600 8600 D Solo3Charging: Solo3ChargingManager.setBatteryCapacity() capacity : 72 isVoiceCall : false chargingMode : 0
11-28 21:28:51.781 8600 8600 D Solo3Charging: Solo3ChargingManager.setBatteryCapacity() condition : (else)
11-28 21:28:51.847 3887 3904 D PhoneInterfaceManager: [PhoneIntfMgr] QueryTelephonyChecker-getDataNetworkTypeForSubscriber: packageName = com.innowireless.xcal.mobile5, isGrant = true
11-28 21:28:51.849 3887 7417 D PhoneInterfaceManager: [PhoneIntfMgr] QueryTelephonyChecker-getDataNetworkTypeForSubscriber: packageName = com.innowireless.xcal.mobile5, isGrant = true
11-28 21:28:51.852 3887 7417 D PhoneInterfaceManager: [PhoneIntfMgr] QueryTelephonyChecker-getDataNetworkTypeForSubscriber: packageName = com.innowireless.xcal.mobile5, isGrant = true
11-28 21:28:51.865 8600 9108 D GPS : NMEA is invaild.
11-28 21:28:51.865 8600 9108 D GPS : mNMEASatelites : 12
11-28 21:28:51.865 8600 9108 D GPS : mGPSSatelites : 70
11-28 21:28:51.865 8600 9108 D GPS : Android GPS is vaild.
11-28 21:28:51.869 3887 7417 D PhoneInterfaceManager: [PhoneIntfMgr] QueryTelephonyChecker-getDataNetworkTypeForSubscriber: packageName = com.innowireless.xcal.mobile5, isGrant = true
11-28 21:28:51.880 8600 9740 I GLThread: waiting tid=2931 mHaveEglContext: false mHaveEglSurface: false mPaused: false mHasSurface: false mSurfaceIsBad: false mWaitingForSurface: true mWidth: 0 mHeight: 0 mRequestRender: true mRenderMode: 0
11-28 21:28:51.880 1218 4398 I vendor.qti.bluetooth@1.0-ibs_handler: ProcessIbsCmd: Received IBS_WAKE_IND: 0xFD
11-28 21:28:51.880 1218 4398 D vendor.qti.bluetooth@1.0-ibs_handler: SerialClockVote: vote for UART CLK ON
11-28 21:28:51.881 1218 4398 D vendor.qti.bluetooth@1.0-wake_lock: Acquire wakelock is acquired
11-28 21:28:51.881 1218 4398 I vendor.qti.bluetooth@1.0-ibs_handler: ProcessIbsCmd: Writing IBS_WAKE_ACK
11-28 21:28:51.886 3887 7417 D PhoneInterfaceManager: [PhoneIntfMgr] QueryTelephonyChecker-getDataNetworkTypeForSubscriber: packageName = com.innowireless.xcal.mobile5, isGrant = true
11-28 21:28:51.889 3887 7417 D PhoneInterfaceManager: [PhoneIntfMgr] QueryTelephonyChecker-getDataNetworkTypeForSubscriber: packageName = com.innowireless.xcal.mobile5, isGrant = true
11-28 21:28:51.892 3887 3904 D PhoneInterfaceManager: [PhoneIntfMgr] QueryTelephonyChecker-getDataNetworkTypeForSubscriber: packageName = com.innowireless.xcal.mobile5, isGrant = true
11-28 21:28:51.894 3887 3904 D PhoneInterfaceManager: [PhoneIntfMgr] QueryTelephonyChecker-getDataNetworkTypeForSubscriber: packageName = com.innowireless.xcal.mobile5, isGrant = true
11-28 21:28:51.899 3887 3904 D PhoneInterfaceManager: [PhoneIntfMgr] QueryTelephonyChecker-getDataNetworkTypeForSubscriber: packageName = com.innowireless.xcal.mobile5, isGrant = true
11-28 21:28:51.931 2523 3067 D WifiActiveModeWarden: there is no primary client manager, return the default one
11-28 21:28:51.963 1218 4398 I vendor.qti.bluetooth@1.0-ibs_handler: ProcessIbsCmd: Received IBS_SLEEP_IND: 0xFE
11-28 21:28:51.963 1218 4398 D vendor.qti.bluetooth@1.0-ibs_handler: SerialClockVote: vote for UART CLK OFF
11-28 21:28:51.996 3887 3904 D PhoneInterfaceManager: [PhoneIntfMgr] QueryTelephonyChecker-getDataNetworkTypeForSubscriber: packageName = com.innowireless.xcal.mobile5, isGrant = true
11-28 21:28:52.088 3887 3904 D PhoneInterfaceManager: [PhoneIntfMgr] QueryTelephonyChecker-getDataNetworkTypeForSubscriber: packageName = com.innowireless.xcal.mobile5, isGrant = true
11-28 21:28:52.113 1218 4202 D vendor.qti.bluetooth@1.0-wake_lock: Release wakelock is released
11-28 21:28:52.118 3887 3904 D PhoneInterfaceManager: [PhoneIntfMgr] QueryTelephonyChecker-getDataNetworkTypeForSubscriber: packageName = com.innowireless.xcal.mobile5, isGrant = true
11-28 21:28:52.243 3887 3904 D PhoneInterfaceManager: [PhoneIntfMgr] QueryTelephonyChecker-getDataNetworkTypeForSubscriber: packageName = com.innowireless.xcal.mobile5, isGrant = true
11-28 21:28:52.245 3887 3904 D PhoneInterfaceManager: [PhoneIntfMgr] QueryTelephonyChecker-getDataNetworkTypeForSubscriber: packageName = com.innowireless.xcal.mobile5, isGrant = true
11-28 21:28:52.250 8600 10913 D FTPC : getTotalBytes : 20268544 // 0 // 0
11-28 21:28:52.250 8600 10913 D AUTOCALL: ThroTimerTask doTask(...) afterPacket : 20268544
11-28 21:28:52.328 3887 5676 D PhoneInterfaceManager: [PhoneIntfMgr] QueryTelephonyChecker-getDataNetworkTypeForSubscriber: packageName = com.innowireless.xcal.mobile5, isGrant = true
11-28 21:28:52.331 3887 5676 D PhoneInterfaceManager: [PhoneIntfMgr] QueryTelephonyChecker-getDataNetworkTypeForSubscriber: packageName = com.innowireless.xcal.mobile5, isGrant = true
11-28 21:28:52.353 3887 3904 D PhoneInterfaceManager: [PhoneIntfMgr] QueryTelephonyChecker-getDataNetworkTypeForSubscriber: packageName = com.innowireless.xcal.mobile5, isGrant = true
11-28 21:28:52.385 3887 5676 D PhoneInterfaceManager: [PhoneIntfMgr] QueryTelephonyChecker-getDataNetworkTypeForSubscriber: packageName = com.innowireless.xcal.mobile5, isGrant = true
11-28 21:28:52.386 3887 3904 D PhoneInterfaceManager: [PhoneIntfMgr] QueryTelephonyChecker-getDataNetworkTypeForSubscriber: packageName = com.innowireless.xcal.mobile5, isGrant = true
11-28 21:28:52.387 3887 7417 D PhoneInterfaceManager: [PhoneIntfMgr] QueryTelephonyChecker-getDataNetworkTypeForSubscriber: packageName = com.innowireless.xcal.mobile5, isGrant = true
11-28 21:28:52.454 2523 2658 D OplusLocationStatistics: on recordTaskMark, key: gnssReportLocation
11-28 21:28:52.455 2523 2635 D LocationManagerService: incoming location from: gps
11-28 21:28:52.458 2523 2635 D LocationManagerService: incoming location from: gps
11-28 21:28:52.468 1254 1254 I android.hardware.thermal@2.0-service.qti: Sensor Name:shell_frametemp: 34.8. prev severity:0. cur severity:0 New severity:0
11-28 21:28:52.469 1254 1254 I android.hardware.thermal@2.0-service.qti: Sensor Name:skintemp: 37.842. prev severity:3. cur severity:0 New severity:0
11-28 21:28:52.470 1254 1254 I android.hardware.thermal@2.0-service.qti: Sensor Name:shell_fronttemp: 34.8. prev severity:0. cur severity:0 New severity:0
11-28 21:28:52.470 1254 1254 I android.hardware.thermal@2.0-service.qti: Sensor Name:shell_backtemp: 34.8. prev severity:0. cur severity:0 New severity:0
11-28 21:28:52.470 4443 5595 I FusedLocation: (REDACTED) location delivery to %s blocked - too close
11-28 21:28:52.471 4443 5595 I FusedLocation: (REDACTED) location delivery to %s blocked - too close
11-28 21:28:52.473 4443 5595 I FusedLocation: (REDACTED) location delivery to %s blocked - too fast
11-28 21:28:52.473 4443 5595 I FusedLocation: (REDACTED) location delivery to %s blocked - too fast
11-28 21:28:52.474 2523 5854 D LocationManagerService: incoming location from: fused
11-28 21:28:52.474 2523 5854 D LocationManagerService: incoming location from: fused
11-28 21:28:52.474 4443 5595 I FusedLocation: (REDACTED) location delivery to %s blocked - too fast
11-28 21:28:52.496 1218 4398 I vendor.qti.bluetooth@1.0-ibs_handler: ProcessIbsCmd: Received IBS_WAKE_IND: 0xFD
11-28 21:28:52.496 1218 4398 D vendor.qti.bluetooth@1.0-ibs_handler: SerialClockVote: vote for UART CLK ON
11-28 21:28:52.497 1218 4398 D vendor.qti.bluetooth@1.0-wake_lock: Acquire wakelock is acquired
11-28 21:28:52.497 1218 4398 I vendor.qti.bluetooth@1.0-ibs_handler: ProcessIbsCmd: Writing IBS_WAKE_ACK
11-28 21:28:52.511 3887 5676 D PhoneInterfaceManager: [PhoneIntfMgr] QueryTelephonyChecker-getDataNetworkTypeForSubscriber: packageName = com.innowireless.xcal.mobile5, isGrant = true
11-28 21:28:52.514 2523 3067 D WifiActiveModeWarden: there is no primary client manager, return the default one
11-28 21:28:52.514 2523 4105 D WifiService: getWifiEnabledState primaryClientMode is mDefaultClientModeManager
11-28 21:28:52.557 5266 9100 D DebugReportServiceHidlClient: getReport 1.1...
11-28 21:28:52.558 1237 1237 E LocSvc_HIDL_DebugReportService: Invalid count: 0
11-28 21:28:52.558 1237 1237 E LocSvc_HIDL_DebugReportService: Invalid count: 0
11-28 21:28:52.558 1237 1237 E LocSvc_HIDL_DebugReportService: Invalid count: 0
11-28 21:28:52.558 1237 1237 E LocSvc_HIDL_DebugReportService: Invalid count: 0
11-28 21:28:52.559 5266 9100 D DebugReportServiceHidlClient: getReport 1.1 success: true
11-28 21:28:52.559 5266 9100 D DebugReportServiceHidlClient: getReport 1.0 success: true
11-28 21:28:52.578 1218 4398 I vendor.qti.bluetooth@1.0-ibs_handler: ProcessIbsCmd: Received IBS_SLEEP_IND: 0xFE
11-28 21:28:52.578 1218 4398 D vendor.qti.bluetooth@1.0-ibs_handler: SerialClockVote: vote for UART CLK OFF
11-28 21:28:52.729 1218 4202 D vendor.qti.bluetooth@1.0-wake_lock: Release wakelock is released
11-28 21:28:52.751 8600 10913 D FTPC : getTotalBytes : 24278016 // 0 // 0
11-28 21:28:52.751 8600 10913 D AUTOCALL: ThroTimerTask doTask(...) afterPacket : 24278016
11-28 21:28:52.848 3887 5676 D PhoneInterfaceManager: [PhoneIntfMgr] QueryTelephonyChecker-getDataNetworkTypeForSubscriber: packageName = com.innowireless.xcal.mobile5, isGrant = true
11-28 21:28:52.851 3887 7417 D PhoneInterfaceManager: [PhoneIntfMgr] QueryTelephonyChecker-getDataNetworkTypeForSubscriber: packageName = com.innowireless.xcal.mobile5, isGrant = true
11-28 21:28:52.854 3887 5676 D PhoneInterfaceManager: [PhoneIntfMgr] QueryTelephonyChecker-getDataNetworkTypeForSubscriber: packageName = com.innowireless.xcal.mobile5, isGrant = true
11-28 21:28:52.865 8600 9108 D GPS : NMEA is invaild.
11-28 21:28:52.865 8600 9108 D GPS : mNMEASatelites : 12
11-28 21:28:52.865 8600 9108 D GPS : mGPSSatelites : 70
11-28 21:28:52.865 8600 9108 D GPS : Android GPS is vaild.
11-28 21:28:52.871 3887 7417 D PhoneInterfaceManager: [PhoneIntfMgr] QueryTelephonyChecker-getDataNetworkTypeForSubscriber: packageName = com.innowireless.xcal.mobile5, isGrant = true
11-28 21:28:52.882 8600 9740 I GLThread: waiting tid=2931 mHaveEglContext: false mHaveEglSurface: false mPaused: false mHasSurface: false mSurfaceIsBad: false mWaitingForSurface: true mWidth: 0 mHeight: 0 mRequestRender: true mRenderMode: 0
11-28 21:28:52.887 3887 7417 D PhoneInterfaceManager: [PhoneIntfMgr] QueryTelephonyChecker-getDataNetworkTypeForSubscriber: packageName = com.innowireless.xcal.mobile5, isGrant = true
11-28 21:28:52.889 3887 7417 D PhoneInterfaceManager: [PhoneIntfMgr] QueryTelephonyChecker-getDataNetworkTypeForSubscriber: packageName = com.innowireless.xcal.mobile5, isGrant = true
11-28 21:28:52.892 3887 7417 D PhoneInterfaceManager: [PhoneIntfMgr] QueryTelephonyChecker-getDataNetworkTypeForSubscriber: packageName = com.innowireless.xcal.mobile5, isGrant = true
11-28 21:28:52.893 3887 5676 D PhoneInterfaceManager: [PhoneIntfMgr] QueryTelephonyChecker-getDataNetworkTypeForSubscriber: packageName = com.innowireless.xcal.mobile5, isGrant = true
11-28 21:28:52.895 3887 7417 D PhoneInterfaceManager: [PhoneIntfMgr] QueryTelephonyChecker-getDataNetworkTypeForSubscriber: packageName = com.innowireless.xcal.mobile5, isGrant = true
11-28 21:28:52.934 2523 3067 D WifiActiveModeWarden: there is no primary client manager, return the default one
11-28 21:28:52.995 3887 5676 D PhoneInterfaceManager: [PhoneIntfMgr] QueryTelephonyChecker-getDataNetworkTypeForSubscriber: packageName = com.innowireless.xcal.mobile5, isGrant = true
11-28 21:28:53.085 3887 7417 D PhoneInterfaceManager: [PhoneIntfMgr] QueryTelephonyChecker-getDataNetworkTypeForSubscriber: packageName = com.innowireless.xcal.mobile5, isGrant = true
11-28 21:28:53.114 3887 7417 D PhoneInterfaceManager: [PhoneIntfMgr] QueryTelephonyChecker-getDataNetworkTypeForSubscriber: packageName = com.innowireless.xcal.mobile5, isGrant = true
11-28 21:28:53.186 3887 7417 D PhoneInterfaceManager: [PhoneIntfMgr] QueryTelephonyChecker-getDataNetworkTypeForSubscriber: packageName = com.innowireless.xcal.mobile5, isGrant = true
11-28 21:28:53.249 3887 3904 D PhoneInterfaceManager: [PhoneIntfMgr] QueryTelephonyChecker-getDataNetworkTypeForSubscriber: packageName = com.innowireless.xcal.mobile5, isGrant = true
11-28 21:28:53.255 8600 10913 D FTPC : getTotalBytes : 27494912 // 0 // 0
11-28 21:28:53.255 8600 10913 D AUTOCALL: ThroTimerTask doTask(...) afterPacket : 27494912
11-28 21:28:53.257 2523 2708 D OplusFeatureBrightnessBarController: mDarkLevel: 0
11-28 21:28:53.285 3887 7417 D PhoneInterfaceManager: [PhoneIntfMgr] QueryTelephonyChecker-getDataNetworkTypeForSubscriber: packageName = com.innowireless.xcal.mobile5, isGrant = true
11-28 21:28:53.326 3887 5676 D PhoneInterfaceManager: [PhoneIntfMgr] QueryTelephonyChecker-getDataNetworkTypeForSubscriber: packageName = com.innowireless.xcal.mobile5, isGrant = true
11-28 21:28:53.327 3887 7417 D PhoneInterfaceManager: [PhoneIntfMgr] QueryTelephonyChecker-getDataNetworkTypeForSubscriber: packageName = com.innowireless.xcal.mobile5, isGrant = true
11-28 21:28:53.385 3887 7417 D PhoneInterfaceManager: [PhoneIntfMgr] QueryTelephonyChecker-getDataNetworkTypeForSubscriber: packageName = com.innowireless.xcal.mobile5, isGrant = true
11-28 21:28:53.386 3887 5676 D PhoneInterfaceManager: [PhoneIntfMgr] QueryTelephonyChecker-getDataNetworkTypeForSubscriber: packageName = com.innowireless.xcal.mobile5, isGrant = true
11-28 21:28:53.389 3887 3904 D PhoneInterfaceManager: [PhoneIntfMgr] QueryTelephonyChecker-getDataNetworkTypeForSubscriber: packageName = com.innowireless.xcal.mobile5, isGrant = true
11-28 21:28:53.451 2523 2658 D OplusLocationStatistics: on recordTaskMark, key: gnssReportLocation
11-28 21:28:53.451 2523 2635 D LocationManagerService: incoming location from: gps
11-28 21:28:53.453 2523 2635 D LocationManagerService: incoming location from: gps
11-28 21:28:53.462 4443 5595 I FusedLocation: (REDACTED) location delivery to %s blocked - too close
11-28 21:28:53.462 4443 5595 I FusedLocation: (REDACTED) location delivery to %s blocked - too close
11-28 21:28:53.464 4443 5595 I FusedLocation: (REDACTED) location delivery to %s blocked - too fast
11-28 21:28:53.465 4443 5595 I FusedLocation: (REDACTED) location delivery to %s blocked - too fast
11-28 21:28:53.465 4443 5595 I FusedLocation: (REDACTED) location delivery to %s blocked - too fast
11-28 21:28:53.465 2523 5420 D LocationManagerService: incoming location from: fused
11-28 21:28:53.466 2523 5420 D LocationManagerService: incoming location from: fused
11-28 21:28:53.472 1254 1254 I android.hardware.thermal@2.0-service.qti: Sensor Name:shell_frametemp: 34.8. prev severity:0. cur severity:0 New severity:0
11-28 21:28:53.473 1254 1254 I android.hardware.thermal@2.0-service.qti: Sensor Name:skintemp: 37.818. prev severity:3. cur severity:0 New severity:0
11-28 21:28:53.474 1254 1254 I android.hardware.thermal@2.0-service.qti: Sensor Name:shell_fronttemp: 34.8. prev severity:0. cur severity:0 New severity:0
11-28 21:28:53.474 1254 1254 I android.hardware.thermal@2.0-service.qti: Sensor Name:shell_backtemp: 34.8. prev severity:0. cur severity:0 New severity:0
11-28 21:28:53.557 5266 9100 D DebugReportServiceHidlClient: getReport 1.1...
11-28 21:28:53.557 1237 1237 E LocSvc_HIDL_DebugReportService: Invalid count: 0
11-28 21:28:53.557 1237 1237 E LocSvc_HIDL_DebugReportService: Invalid count: 0
11-28 21:28:53.557 1237 1237 E LocSvc_HIDL_DebugReportService: Invalid count: 0
11-28 21:28:53.557 1237 1237 E LocSvc_HIDL_DebugReportService: Invalid count: 0
11-28 21:28:53.558 5266 9100 D DebugReportServiceHidlClient: getReport 1.1 success: true
11-28 21:28:53.558 5266 9100 D DebugReportServiceHidlClient: getReport 1.0 success: true
11-28 21:28:53.563 3887 3904 D PhoneInterfaceManager: [PhoneIntfMgr] QueryTelephonyChecker-getDataNetworkTypeForSubscriber: packageName = com.innowireless.xcal.mobile5, isGrant = true
11-28 21:28:53.568 2523 3067 D WifiActiveModeWarden: there is no primary client manager, return the default one
11-28 21:28:53.569 2523 5854 D WifiService: getWifiEnabledState primaryClientMode is mDefaultClientModeManager
11-28 21:28:53.752 8600 10913 D FTPC : getTotalBytes : 29974016 // 0 // 0
11-28 21:28:53.753 8600 10913 D AUTOCALL: ThroTimerTask doTask(...) afterPacket : 29974016
11-28 21:28:53.777 1218 4398 I vendor.qti.bluetooth@1.0-ibs_handler: ProcessIbsCmd: Received IBS_WAKE_IND: 0xFD
11-28 21:28:53.777 1218 4398 D vendor.qti.bluetooth@1.0-ibs_handler: SerialClockVote: vote for UART CLK ON
11-28 21:28:53.779 1218 4398 D vendor.qti.bluetooth@1.0-wake_lock: Acquire wakelock is acquired
11-28 21:28:53.779 1218 4398 I vendor.qti.bluetooth@1.0-ibs_handler: ProcessIbsCmd: Writing IBS_WAKE_ACK
11-28 21:28:53.849 3887 3904 D PhoneInterfaceManager: [PhoneIntfMgr] QueryTelephonyChecker-getDataNetworkTypeForSubscriber: packageName = com.innowireless.xcal.mobile5, isGrant = true
11-28 21:28:53.851 3887 7417 D PhoneInterfaceManager: [PhoneIntfMgr] QueryTelephonyChecker-getDataNetworkTypeForSubscriber: packageName = com.innowireless.xcal.mobile5, isGrant = true
11-28 21:28:53.853 3887 3904 D PhoneInterfaceManager: [PhoneIntfMgr] QueryTelephonyChecker-getDataNetworkTypeForSubscriber: packageName = com.innowireless.xcal.mobile5, isGrant = true
11-28 21:28:53.866 8600 9108 D GPS : NMEA is invaild.
11-28 21:28:53.866 8600 9108 D GPS : mNMEASatelites : 12
11-28 21:28:53.866 8600 9108 D GPS : mGPSSatelites : 70
11-28 21:28:53.866 8600 9108 D GPS : Android GPS is vaild.
11-28 21:28:53.873 3887 3904 D PhoneInterfaceManager: [PhoneIntfMgr] QueryTelephonyChecker-getDataNetworkTypeForSubscriber: packageName = com.innowireless.xcal.mobile5, isGrant = true
11-28 21:28:53.885 8600 9740 I GLThread: waiting tid=2931 mHaveEglContext: false mHaveEglSurface: false mPaused: false mHasSurface: false mSurfaceIsBad: false mWaitingForSurface: true mWidth: 0 mHeight: 0 mRequestRender: true mRenderMode: 0
11-28 21:28:53.887 3887 3904 D PhoneInterfaceManager: [PhoneIntfMgr] QueryTelephonyChecker-getDataNetworkTypeForSubscriber: packageName = com.innowireless.xcal.mobile5, isGrant = true
11-28 21:28:53.889 3887 3904 D PhoneInterfaceManager: [PhoneIntfMgr] QueryTelephonyChecker-getDataNetworkTypeForSubscriber: packageName = com.innowireless.xcal.mobile5, isGrant = true
11-28 21:28:53.892 3887 3904 D PhoneInterfaceManager: [PhoneIntfMgr] QueryTelephonyChecker-getDataNetworkTypeForSubscriber: packageName = com.innowireless.xcal.mobile5, isGrant = true
11-28 21:28:53.893 3887 7417 D PhoneInterfaceManager: [PhoneIntfMgr] QueryTelephonyChecker-getDataNetworkTypeForSubscriber: packageName = com.innowireless.xcal.mobile5, isGrant = true
11-28 21:28:53.897 3887 3904 D PhoneInterfaceManager: [PhoneIntfMgr] QueryTelephonyChecker-getDataNetworkTypeForSubscriber: packageName = com.innowireless.xcal.mobile5, isGrant = true
11-28 21:28:53.911 1218 4398 I vendor.qti.bluetooth@1.0-ibs_handler: ProcessIbsCmd: Received IBS_SLEEP_IND: 0xFE
11-28 21:28:53.911 1218 4398 D vendor.qti.bluetooth@1.0-ibs_handler: SerialClockVote: vote for UART CLK OFF
11-28 21:28:53.936 2523 3067 D WifiActiveModeWarden: there is no primary client manager, return the default one
11-28 21:28:53.997 3887 3904 D PhoneInterfaceManager: [PhoneIntfMgr] QueryTelephonyChecker-getDataNetworkTypeForSubscriber: packageName = com.innowireless.xcal.mobile5, isGrant = true
11-28 21:28:54.062 1218 4202 D vendor.qti.bluetooth@1.0-wake_lock: Release wakelock is released
11-28 21:28:54.086 3887 3904 D PhoneInterfaceManager: [PhoneIntfMgr] QueryTelephonyChecker-getDataNetworkTypeForSubscriber: packageName = com.innowireless.xcal.mobile5, isGrant = true
11-28 21:28:54.116 3887 3904 D PhoneInterfaceManager: [PhoneIntfMgr] QueryTelephonyChecker-getDataNetworkTypeForSubscriber: packageName = com.innowireless.xcal.mobile5, isGrant = true
11-28 21:28:54.185 3887 3904 D PhoneInterfaceManager: [PhoneIntfMgr] QueryTelephonyChecker-getDataNetworkTypeForSubscriber: packageName = com.innowireless.xcal.mobile5, isGrant = true
11-28 21:28:54.252 3887 3904 D PhoneInterfaceManager: [PhoneIntfMgr] QueryTelephonyChecker-getDataNetworkTypeForSubscriber: packageName = com.innowireless.xcal.mobile5, isGrant = true
11-28 21:28:54.256 3887 7417 D PhoneInterfaceManager: [PhoneIntfMgr] QueryTelephonyChecker-getDataNetworkTypeForSubscriber: packageName = com.innowireless.xcal.mobile5, isGrant = true
11-28 21:28:54.258 8600 10913 D FTPC : getTotalBytes : 32758272 // 0 // 0
11-28 21:28:54.258 8600 10913 D AUTOCALL: ThroTimerTask doTask(...) afterPacket : 32758272
11-28 21:28:54.326 3887 3904 D PhoneInterfaceManager: [PhoneIntfMgr] QueryTelephonyChecker-getDataNetworkTypeForSubscriber: packageName = com.innowireless.xcal.mobile5, isGrant = true
11-28 21:28:54.328 3887 5676 D PhoneInterfaceManager: [PhoneIntfMgr] QueryTelephonyChecker-getDataNetworkTypeForSubscriber: packageName = com.innowireless.xcal.mobile5, isGrant = true
11-28 21:28:54.385 3887 7417 D PhoneInterfaceManager: [PhoneIntfMgr] QueryTelephonyChecker-getDataNetworkTypeForSubscriber: packageName = com.innowireless.xcal.mobile5, isGrant = true
11-28 21:28:54.388 3887 7417 D PhoneInterfaceManager: [PhoneIntfMgr] QueryTelephonyChecker-getDataNetworkTypeForSubscriber: packageName = com.innowireless.xcal.mobile5, isGrant = true
11-28 21:28:54.391 3887 7417 D PhoneInterfaceManager: [PhoneIntfMgr] QueryTelephonyChecker-getDataNetworkTypeForSubscriber: packageName = com.innowireless.xcal.mobile5, isGrant = true
11-28 21:28:54.459 2523 3045 D OplusLocationStatistics: on recordTaskMark, key: gnssReportLocation
11-28 21:28:54.460 2523 2635 D LocationManagerService: incoming location from: gps
11-28 21:28:54.469 2523 2635 D LocationManagerService: incoming location from: gps
11-28 21:28:54.477 1254 1254 I android.hardware.thermal@2.0-service.qti: Sensor Name:shell_frametemp: 34.8. prev severity:0. cur severity:0 New severity:0
11-28 21:28:54.480 1254 1254 I android.hardware.thermal@2.0-service.qti: Sensor Name:skintemp: 37.815. prev severity:3. cur severity:0 New severity:0
11-28 21:28:54.480 1218 4398 I vendor.qti.bluetooth@1.0-ibs_handler: ProcessIbsCmd: Received IBS_WAKE_IND: 0xFD
11-28 21:28:54.481 1218 4398 D vendor.qti.bluetooth@1.0-ibs_handler: SerialClockVote: vote for UART CLK ON
11-28 21:28:54.481 1218 4398 D vendor.qti.bluetooth@1.0-wake_lock: Acquire wakelock is acquired
11-28 21:28:54.481 1218 4398 I vendor.qti.bluetooth@1.0-ibs_handler: ProcessIbsCmd: Writing IBS_WAKE_ACK
11-28 21:28:54.481 1254 1254 I android.hardware.thermal@2.0-service.qti: Sensor Name:shell_fronttemp: 34.8. prev severity:0. cur severity:0 New severity:0
11-28 21:28:54.481 1254 1254 I android.hardware.thermal@2.0-service.qti: Sensor Name:shell_backtemp: 34.8. prev severity:0. cur severity:0 New severity:0
11-28 21:28:54.489 4443 5595 I FusedLocation: (REDACTED) location delivery to %s blocked - too close
11-28 21:28:54.490 4443 5595 I FusedLocation: (REDACTED) location delivery to %s blocked - too close
11-28 21:28:54.492 2523 3433 D LocationManagerService: incoming location from: fused
11-28 21:28:54.492 4443 5595 I FusedLocation: (REDACTED) location delivery to %s blocked - too fast
11-28 21:28:54.493 4443 5595 I FusedLocation: (REDACTED) location delivery to %s blocked - too fast
11-28 21:28:54.493 4443 5595 I FusedLocation: (REDACTED) location delivery to %s blocked - too fast
11-28 21:28:54.495 2523 3433 D LocationManagerService: incoming location from: fused
11-28 21:28:54.557 5266 9100 D DebugReportServiceHidlClient: getReport 1.1...
11-28 21:28:54.557 1237 1237 E LocSvc_HIDL_DebugReportService: Invalid count: 0
11-28 21:28:54.558 1237 1237 E LocSvc_HIDL_DebugReportService: Invalid count: 0
11-28 21:28:54.558 1237 1237 E LocSvc_HIDL_DebugReportService: Invalid count: 0
11-28 21:28:54.558 1237 1237 E LocSvc_HIDL_DebugReportService: Invalid count: 0
11-28 21:28:54.558 5266 9100 D DebugReportServiceHidlClient: getReport 1.1 success: true
11-28 21:28:54.558 5266 9100 D DebugReportServiceHidlClient: getReport 1.0 success: true
11-28 21:28:54.562 1218 4398 I vendor.qti.bluetooth@1.0-ibs_handler: ProcessIbsCmd: Received IBS_SLEEP_IND: 0xFE
11-28 21:28:54.562 1218 4398 D vendor.qti.bluetooth@1.0-ibs_handler: SerialClockVote: vote for UART CLK OFF
