11-28 21:29:09.870 1218 4398 D vendor.qti.bluetooth@1.0-ibs_handler: SerialClockVote: vote for UART CLK OFF
11-28 21:29:09.872 8600 9108 D GPS : NMEA is invaild.
11-28 21:29:09.872 8600 9108 D GPS : mNMEASatelites : 12
11-28 21:29:09.872 8600 9108 D GPS : mGPSSatelites : 67
11-28 21:29:09.872 8600 9108 D GPS : Android GPS is vaild.
11-28 21:29:09.887 3887 3904 D PhoneInterfaceManager: [PhoneIntfMgr] QueryTelephonyChecker-getDataNetworkTypeForSubscriber: packageName = com.innowireless.xcal.mobile5, isGrant = true
11-28 21:29:09.887 3887 5676 D PhoneInterfaceManager: [PhoneIntfMgr] QueryTelephonyChecker-getDataNetworkTypeForSubscriber: packageName = com.innowireless.xcal.mobile5, isGrant = true
11-28 21:29:09.891 3887 3904 D PhoneInterfaceManager: [PhoneIntfMgr] QueryTelephonyChecker-getDataNetworkTypeForSubscriber: packageName = com.innowireless.xcal.mobile5, isGrant = true
11-28 21:29:09.897 3887 3904 D PhoneInterfaceManager: [PhoneIntfMgr] QueryTelephonyChecker-getDataNetworkTypeForSubscriber: packageName = com.innowireless.xcal.mobile5, isGrant = true
11-28 21:29:09.899 3887 5676 D PhoneInterfaceManager: [PhoneIntfMgr] QueryTelephonyChecker-getDataNetworkTypeForSubscriber: packageName = com.innowireless.xcal.mobile5, isGrant = true
11-28 21:29:09.903 3887 7417 D PhoneInterfaceManager: [PhoneIntfMgr] QueryTelephonyChecker-getDataNetworkTypeForSubscriber: packageName = com.innowireless.xcal.mobile5, isGrant = true
11-28 21:29:09.906 8600 9740 I GLThread: waiting tid=2931 mHaveEglContext: false mHaveEglSurface: false mPaused: false mHasSurface: false mSurfaceIsBad: false mWaitingForSurface: true mWidth: 0 mHeight: 0 mRequestRender: true mRenderMode: 0
11-28 21:29:09.989 2523 3067 D WifiActiveModeWarden: there is no primary client manager, return the default one
11-28 21:29:10.001 3887 5676 D PhoneInterfaceManager: [PhoneIntfMgr] QueryTelephonyChecker-getDataNetworkTypeForSubscriber: packageName = com.innowireless.xcal.mobile5, isGrant = true
11-28 21:29:10.020 1218 4202 D vendor.qti.bluetooth@1.0-wake_lock: Release wakelock is released
11-28 21:29:10.040 2523 3710 I OplusHansManager : uid=10266, pkg=com.innowireless.xcal.smart4g can transition from M to F
11-28 21:29:10.040 2523 3710 I OplusHansManager : uid=10266, pkg=com.innowireless.xcal.smart4g F enter()
11-28 21:29:10.043 2523 3710 I OplusHansManager : freeze uid: 10266 com.innowireless.xcal.smart4g pids: [31287] scene: LcdOn
11-28 21:29:10.091 3887 5676 D PhoneInterfaceManager: [PhoneIntfMgr] QueryTelephonyChecker-getDataNetworkTypeForSubscriber: packageName = com.innowireless.xcal.mobile5, isGrant = true
11-28 21:29:10.125 3887 5676 D PhoneInterfaceManager: [PhoneIntfMgr] QueryTelephonyChecker-getDataNetworkTypeForSubscriber: packageName = com.innowireless.xcal.mobile5, isGrant = true
11-28 21:29:10.197 3887 5676 D PhoneInterfaceManager: [PhoneIntfMgr] QueryTelephonyChecker-getDataNetworkTypeForSubscriber: packageName = com.innowireless.xcal.mobile5, isGrant = true
11-28 21:29:10.272 3887 3904 D PhoneInterfaceManager: [PhoneIntfMgr] QueryTelephonyChecker-getDataNetworkTypeForSubscriber: packageName = com.innowireless.xcal.mobile5, isGrant = true
11-28 21:29:10.290 8600 10913 D FTPC : getTotalBytes : 60328448 // 0 // 0
11-28 21:29:10.290 8600 10913 D AUTOCALL: ThroTimerTask doTask(...) afterPacket : 60328448
11-28 21:29:10.306 3887 3904 D PhoneInterfaceManager: [PhoneIntfMgr] QueryTelephonyChecker-getDataNetworkTypeForSubscriber: packageName = com.innowireless.xcal.mobile5, isGrant = true
11-28 21:29:10.325 3887 3904 D PhoneInterfaceManager: [PhoneIntfMgr] QueryTelephonyChecker-getDataNetworkTypeForSubscriber: packageName = com.innowireless.xcal.mobile5, isGrant = true
11-28 21:29:10.327 3887 5676 D PhoneInterfaceManager: [PhoneIntfMgr] QueryTelephonyChecker-getDataNetworkTypeForSubscriber: packageName = com.innowireless.xcal.mobile5, isGrant = true
11-28 21:29:10.335 31103 31103 D MyAccessibilityService: findChromeCloseBottonNodeInfo: parent != null -> true, 0
11-28 21:29:10.342 31103 31103 D MyAccessibilityService: findChromeCloseBottonNodeInfo: parent != null -> true, 0
11-28 21:29:10.390 3887 3904 D PhoneInterfaceManager: [PhoneIntfMgr] QueryTelephonyChecker-getDataNetworkTypeForSubscriber: packageName = com.innowireless.xcal.mobile5, isGrant = true
11-28 21:29:10.392 3887 5676 D PhoneInterfaceManager: [PhoneIntfMgr] QueryTelephonyChecker-getDataNetworkTypeForSubscriber: packageName = com.innowireless.xcal.mobile5, isGrant = true
11-28 21:29:10.393 3887 7417 D PhoneInterfaceManager: [PhoneIntfMgr] QueryTelephonyChecker-getDataNetworkTypeForSubscriber: packageName = com.innowireless.xcal.mobile5, isGrant = true
11-28 21:29:10.450 1218 4398 I vendor.qti.bluetooth@1.0-ibs_handler: ProcessIbsCmd: Received IBS_WAKE_IND: 0xFD
11-28 21:29:10.450 1218 4398 D vendor.qti.bluetooth@1.0-ibs_handler: SerialClockVote: vote for UART CLK ON
11-28 21:29:10.450 1218 4398 D vendor.qti.bluetooth@1.0-wake_lock: Acquire wakelock is acquired
11-28 21:29:10.450 1218 4398 I vendor.qti.bluetooth@1.0-ibs_handler: ProcessIbsCmd: Writing IBS_WAKE_ACK
11-28 21:29:10.451 31103 31103 D MyAccessibilityService: findChromeCloseBottonNodeInfo: parent != null -> true, 0
11-28 21:29:10.452 2523 2658 D OplusLocationStatistics: on recordTaskMark, key: gnssReportLocation
11-28 21:29:10.453 2523 2635 D LocationManagerService: incoming location from: gps
11-28 21:29:10.455 2523 2635 D LocationManagerService: incoming location from: gps
11-28 21:29:10.461 4443 5595 I FusedLocation: (REDACTED) location delivery to %s blocked - too close
11-28 21:29:10.461 4443 5595 I FusedLocation: (REDACTED) location delivery to %s blocked - too close
11-28 21:29:10.463 4443 5595 I FusedLocation: (REDACTED) location delivery to %s blocked - too fast
11-28 21:29:10.463 2523 5854 D LocationManagerService: incoming location from: fused
11-28 21:29:10.463 2523 5854 D LocationManagerService: incoming location from: fused
11-28 21:29:10.464 4443 5595 I FusedLocation: (REDACTED) location delivery to %s blocked - too fast
11-28 21:29:10.464 4443 5595 I FusedLocation: (REDACTED) location delivery to %s blocked - too fast
11-28 21:29:10.506 4443 8211 I NearbyMediums: Found Fast Ble Advertisements :
11-28 21:29:10.506 4443 8211 I NearbyMediums: BleAdvertisement { version=2, socketVersion=2, isFast=true, serviceIdHash=null, data=[ 0x23 0x56 0x54 0x42 0x42 0x11 0x32 0xea 0xee 0x17 0x69 0x63 0xf9 0xa1 0xa3 0xc6 0x7f 0xcc 0xa1 0x1c 0x1b 0x6e 0xcc ], deviceToken=[ 0xe6 0x39 ], rxAdvertisement=null } : 7 times.
11-28 21:29:10.506 4443 8211 I NearbyMediums: BleAdvertisement { version=2, socketVersion=2, isFast=true, serviceIdHash=null, data=[ 0x23 0x46 0x32 0x5a 0x4d 0x11 0x32 0x82 0x50 0x0d 0xd2 0x27 0xa9 0x6f 0xf4 0x0b 0x2d 0x53 0x92 0xd8 0xae 0x4a 0xb4 ], deviceToken=[ 0xc4 0x4d ], rxAdvertisement=null } : 5 times.
11-28 21:29:10.506 4443 8211 I NearbyMediums: Total 12 fast advertisements from 2 unique advertisers.
11-28 21:29:10.507 4443 8211 I NearbyMediums: Found BLE GATT Advertisements :
11-28 21:29:10.507 4443 8211 I NearbyMediums: BleAdvertisement { version=2, socketVersion=2, isFast=false, serviceIdHash=[ 0xfc 0x9f 0x5e ], data=[ 0x23 0xfc 0x9f 0x5e 0x33 0x4f 0x58 0x49 0x1d 0x06 0x93 0x67 0xe9 0x7f 0xb7 0xb8 0x94 0x7d 0xdc 0x48 0x0b 0x2b 0x55 0xf2 0x61 0x77 0x0b 0x50 0x72 0x61 0x74 0x69 0x6b 0x27 0x73 0x20 0x50 0x43 0x30 0x89 0x4a 0xc6 0x21 0x12 0x00 0x00 ], deviceToken=[ 0x38 0xd8 ], rxAdvertisement=null } : 12 times.
11-28 21:29:10.507 4443 8211 I NearbyMediums: Total 12 GATT advertisements from 1 unique advertisers.
11-28 21:29:10.537 1254 1254 I android.hardware.thermal@2.0-service.qti: Sensor Name:shell_frametemp: 34.9. prev severity:0. cur severity:0 New severity:0
11-28 21:29:10.538 1254 1254 I android.hardware.thermal@2.0-service.qti: Sensor Name:skintemp: 38.095. prev severity:3. cur severity:0 New severity:0
11-28 21:29:10.538 1254 1254 I android.hardware.thermal@2.0-service.qti: Sensor Name:shell_fronttemp: 34.9. prev severity:0. cur severity:0 New severity:0
11-28 21:29:10.538 1254 1254 I android.hardware.thermal@2.0-service.qti: Sensor Name:shell_backtemp: 34.9. prev severity:0. cur severity:0 New severity:0
11-28 21:29:10.563 5266 9100 D DebugReportServiceHidlClient: getReport 1.1...
11-28 21:29:10.564 1237 1237 E LocSvc_HIDL_DebugReportService: Invalid count: 0
11-28 21:29:10.564 1237 1237 E LocSvc_HIDL_DebugReportService: Invalid count: 0
11-28 21:29:10.564 1237 1237 E LocSvc_HIDL_DebugReportService: Invalid count: 0
11-28 21:29:10.564 1237 1237 E LocSvc_HIDL_DebugReportService: Invalid count: 0
11-28 21:29:10.565 5266 9100 D DebugReportServiceHidlClient: getReport 1.1 success: true
11-28 21:29:10.565 5266 9100 D DebugReportServiceHidlClient: getReport 1.0 success: true
11-28 21:29:10.577 3887 3904 D PhoneInterfaceManager: [PhoneIntfMgr] QueryTelephonyChecker-getDataNetworkTypeForSubscriber: packageName = com.innowireless.xcal.mobile5, isGrant = true
11-28 21:29:10.579 2523 3067 D WifiActiveModeWarden: there is no primary client manager, return the default one
11-28 21:29:10.579 2523 5854 D WifiService: getWifiEnabledState primaryClientMode is mDefaultClientModeManager
11-28 21:29:10.580 1218 4398 I vendor.qti.bluetooth@1.0-ibs_handler: ProcessIbsCmd: Received IBS_SLEEP_IND: 0xFE
11-28 21:29:10.580 1218 4398 D vendor.qti.bluetooth@1.0-ibs_handler: SerialClockVote: vote for UART CLK OFF
11-28 21:29:10.730 1218 4202 D vendor.qti.bluetooth@1.0-wake_lock: Release wakelock is released
11-28 21:29:10.794 8600 10913 D FTPC : getTotalBytes : 60762112 // 0 // 0
11-28 21:29:10.794 8600 10913 D AUTOCALL: ThroTimerTask doTask(...) afterPacket : 60762112
11-28 21:29:10.847 3887 3904 D PhoneInterfaceManager: [PhoneIntfMgr] QueryTelephonyChecker-getDataNetworkTypeForSubscriber: packageName = com.innowireless.xcal.mobile5, isGrant = true
11-28 21:29:10.848 3887 5676 D PhoneInterfaceManager: [PhoneIntfMgr] QueryTelephonyChecker-getDataNetworkTypeForSubscriber: packageName = com.innowireless.xcal.mobile5, isGrant = true
11-28 21:29:10.850 3887 7417 D PhoneInterfaceManager: [PhoneIntfMgr] QueryTelephonyChecker-getDataNetworkTypeForSubscriber: packageName = com.innowireless.xcal.mobile5, isGrant = true
11-28 21:29:10.854 2523 2708 D OplusFeatureBrightnessBarController: mDarkLevel: 0
11-28 21:29:10.872 8600 9108 D GPS : NMEA is invaild.
11-28 21:29:10.872 8600 9108 D GPS : mNMEASatelites : 12
11-28 21:29:10.873 8600 9108 D GPS : mGPSSatelites : 70
11-28 21:29:10.873 8600 9108 D GPS : Android GPS is vaild.
11-28 21:29:10.886 3887 7417 D PhoneInterfaceManager: [PhoneIntfMgr] QueryTelephonyChecker-getDataNetworkTypeForSubscriber: packageName = com.innowireless.xcal.mobile5, isGrant = true
11-28 21:29:10.888 3887 7417 D PhoneInterfaceManager: [PhoneIntfMgr] QueryTelephonyChecker-getDataNetworkTypeForSubscriber: packageName = com.innowireless.xcal.mobile5, isGrant = true
11-28 21:29:10.891 3887 5676 D PhoneInterfaceManager: [PhoneIntfMgr] QueryTelephonyChecker-getDataNetworkTypeForSubscriber: packageName = com.innowireless.xcal.mobile5, isGrant = true
11-28 21:29:10.897 3887 7417 D PhoneInterfaceManager: [PhoneIntfMgr] QueryTelephonyChecker-getDataNetworkTypeForSubscriber: packageName = com.innowireless.xcal.mobile5, isGrant = true
11-28 21:29:10.898 3887 5676 D PhoneInterfaceManager: [PhoneIntfMgr] QueryTelephonyChecker-getDataNetworkTypeForSubscriber: packageName = com.innowireless.xcal.mobile5, isGrant = true
11-28 21:29:10.902 3887 7417 D PhoneInterfaceManager: [PhoneIntfMgr] QueryTelephonyChecker-getDataNetworkTypeForSubscriber: packageName = com.innowireless.xcal.mobile5, isGrant = true
11-28 21:29:10.994 2523 3067 D WifiActiveModeWarden: there is no primary client manager, return the default one
11-28 21:29:10.999 3887 7417 D PhoneInterfaceManager: [PhoneIntfMgr] QueryTelephonyChecker-getDataNetworkTypeForSubscriber: packageName = com.innowireless.xcal.mobile5, isGrant = true
11-28 21:29:11.072 2523 5854 D WifiNl80211Manager: Scan result ready event
11-28 21:29:11.072 2523 5854 D WifiNative: Scan result ready event
11-28 21:29:11.074 2523 3067 D WifiActiveModeWarden: there is no primary client manager, return the default one
11-28 21:29:11.074 2523 3067 D WifiService: getWifiEnabledState primaryClientMode is mDefaultClientModeManager
11-28 21:29:11.089 2523 3067 D OplusWifiGbk: adding bss - Bss("í ¾***í¶…":72:**:**:**:5e:46, isGbk=false, security=PSK, level=-83, frequency=2462)
11-28 21:29:11.089 2523 3095 D WificondScannerImpl: Filtering out scan result Am***5g, a8:**:**:**:61:26 time diff 18609479ms
11-28 21:29:11.090 2523 3095 D WificondScannerImpl: Filtering out scan result AN***LE, a8:**:**:**:13:39 time diff 19955714ms
11-28 21:29:11.090 2523 3067 D WifiActiveModeWarden: there is no primary client manager, return the default one
11-28 21:29:11.090 2523 3095 D WificondScannerImpl: Filtering out scan result EMPTY, a2:**:**:**:61:27 time diff 18609038ms
11-28 21:29:11.090 2523 3095 D WificondScannerImpl: Filtering out scan result S**1, 6c:**:**:**:64:d2 time diff 19914251ms
11-28 21:29:11.091 2523 3095 D WificondScannerImpl: Filtering out scan result Ji***A6, 20:**:**:**:8d:40 time diff 18749468ms
11-28 21:29:11.091 2523 3067 D WifiActiveModeWarden: there is no primary client manager, return the default one
11-28 21:29:11.091 2523 3067 D OplusScanResultsProxy: fewApNum:5
11-28 21:29:11.091 2523 3095 D WifiGbk : adding bss - Bss("🦅YASH 🦅":72:5b:ba:39:5e:46, isGbk=false, security=PSK, level=-83, frequency=2462)
11-28 21:29:11.091 2523 3095 D WificondScannerImpl: Filtering out 5 scan results.
11-28 21:29:11.092 3887 7417 D PhoneInterfaceManager: [PhoneIntfMgr] QueryTelephonyChecker-getDataNetworkTypeForSubscriber: packageName = com.innowireless.xcal.mobile5, isGrant = true
11-28 21:29:11.107 2523 3067 D WakeupController: Attempted to handleScanResults while not enabled
11-28 21:29:11.118 4443 10845 I FrewleTileCacheManagerV: (REDACTED) Fetched %d AP models from cache
11-28 21:29:11.126 1218 4398 I vendor.qti.bluetooth@1.0-ibs_handler: ProcessIbsCmd: Received IBS_WAKE_IND: 0xFD
11-28 21:29:11.126 1218 4398 D vendor.qti.bluetooth@1.0-ibs_handler: SerialClockVote: vote for UART CLK ON
11-28 21:29:11.126 3887 7417 D PhoneInterfaceManager: [PhoneIntfMgr] QueryTelephonyChecker-getDataNetworkTypeForSubscriber: packageName = com.innowireless.xcal.mobile5, isGrant = true
11-28 21:29:11.126 1218 4398 D vendor.qti.bluetooth@1.0-wake_lock: Acquire wakelock is acquired
11-28 21:29:11.126 1218 4398 I vendor.qti.bluetooth@1.0-ibs_handler: ProcessIbsCmd: Writing IBS_WAKE_ACK
11-28 21:29:11.152 2523 3456 D LocationManagerService: incoming location from: network
11-28 21:29:11.154 2523 3456 D LocationManagerService: incoming location from: network
11-28 21:29:11.204 3887 7417 D PhoneInterfaceManager: [PhoneIntfMgr] QueryTelephonyChecker-getDataNetworkTypeForSubscriber: packageName = com.innowireless.xcal.mobile5, isGrant = true
11-28 21:29:11.209 1218 4398 I vendor.qti.bluetooth@1.0-ibs_handler: ProcessIbsCmd: Received IBS_SLEEP_IND: 0xFE
11-28 21:29:11.209 1218 4398 D vendor.qti.bluetooth@1.0-ibs_handler: SerialClockVote: vote for UART CLK OFF
11-28 21:29:11.290 8600 10913 D FTPC : getTotalBytes : 61264384 // 0 // 0
11-28 21:29:11.291 8600 10913 D AUTOCALL: ThroTimerTask doTask(...) afterPacket : 61264384
11-28 21:29:11.292 3887 7417 D PhoneInterfaceManager: [PhoneIntfMgr] QueryTelephonyChecker-getDataNetworkTypeForSubscriber: packageName = com.innowireless.xcal.mobile5, isGrant = true
11-28 21:29:11.309 3887 5676 D PhoneInterfaceManager: [PhoneIntfMgr] QueryTelephonyChecker-getDataNetworkTypeForSubscriber: packageName = com.innowireless.xcal.mobile5, isGrant = true
11-28 21:29:11.325 3887 7417 D PhoneInterfaceManager: [PhoneIntfMgr] QueryTelephonyChecker-getDataNetworkTypeForSubscriber: packageName = com.innowireless.xcal.mobile5, isGrant = true
11-28 21:29:11.326 3887 5676 D PhoneInterfaceManager: [PhoneIntfMgr] QueryTelephonyChecker-getDataNetworkTypeForSubscriber: packageName = com.innowireless.xcal.mobile5, isGrant = true
11-28 21:29:11.359 1218 4202 D vendor.qti.bluetooth@1.0-wake_lock: Release wakelock is released
11-28 21:29:11.392 3887 7417 D PhoneInterfaceManager: [PhoneIntfMgr] QueryTelephonyChecker-getDataNetworkTypeForSubscriber: packageName = com.innowireless.xcal.mobile5, isGrant = true
11-28 21:29:11.394 3887 5676 D PhoneInterfaceManager: [PhoneIntfMgr] QueryTelephonyChecker-getDataNetworkTypeForSubscriber: packageName = com.innowireless.xcal.mobile5, isGrant = true
11-28 21:29:11.397 3887 3904 D PhoneInterfaceManager: [PhoneIntfMgr] QueryTelephonyChecker-getDataNetworkTypeForSubscriber: packageName = com.innowireless.xcal.mobile5, isGrant = true
11-28 21:29:11.445 2523 2729 D OplusLocationStatistics: on recordTaskMark, key: gnssReportLocation
11-28 21:29:11.446 2523 2635 D LocationManagerService: incoming location from: gps
11-28 21:29:11.447 2523 2635 D LocationManagerService: incoming location from: gps
11-28 21:29:11.455 4443 5595 I FusedLocation: (REDACTED) location delivery to %s blocked - too close
11-28 21:29:11.455 4443 5595 I FusedLocation: (REDACTED) location delivery to %s blocked - too close
11-28 21:29:11.457 2523 5420 D LocationManagerService: incoming location from: fused
11-28 21:29:11.457 2523 5420 D LocationManagerService: incoming location from: fused
11-28 21:29:11.457 4443 5595 I FusedLocation: (REDACTED) location delivery to %s blocked - too fast
11-28 21:29:11.457 4443 5595 I FusedLocation: (REDACTED) location delivery to %s blocked - too fast
11-28 21:29:11.457 4443 5595 I FusedLocation: (REDACTED) location delivery to %s blocked - too fast
11-28 21:29:11.540 1254 1254 I android.hardware.thermal@2.0-service.qti: Sensor Name:shell_frametemp: 34.9. prev severity:0. cur severity:0 New severity:0
11-28 21:29:11.542 1254 1254 I android.hardware.thermal@2.0-service.qti: Sensor Name:skintemp: 38.257. prev severity:3. cur severity:0 New severity:0
11-28 21:29:11.542 1254 1254 I android.hardware.thermal@2.0-service.qti: Sensor Name:shell_fronttemp: 34.9. prev severity:0. cur severity:0 New severity:0
11-28 21:29:11.542 1254 1254 I android.hardware.thermal@2.0-service.qti: Sensor Name:shell_backtemp: 34.9. prev severity:0. cur severity:0 New severity:0
11-28 21:29:11.560 3720 3720 E ModemAciService: CatchException oemModemAci2OplusModemAci():java.lang.IndexOutOfBoundsException: Index 103 out of bounds for length 85
11-28 21:29:11.560 3887 3887 D TelephonyManager: requestModemActivityInfo: Sending result to app: ModemActivityInfo{ mTimestamp=37686733 mSleepTimeMs=17363292 mIdleTimeMs=7232340 mTxTimeMs[]=[334119, 29249, 10427, 9900, 3375] mRxTimeMs=12565972}
11-28 21:29:11.561 3720 3720 I ModemAciService: UMF LO: OplusModemActivityInfo{ date=11-28 21:29:11.559 modemPowermA[]=[127.29,122.78,132.50] sleepTimeMs=0 idleTimeMs=0 rxTimeMs=4076 5gRxTimeMs=0 txTimeMs[]=[314, 611, 27, 1, 0] 5gTxTimeMs[]=[0, 0, 0, 0, 0] techTimeMs[]=[0, 0, 0, 0, 5029, 0, 0, 0, 0] rrcConn10sC[]=[0, 0] rrcConn20sC[]=[0, 0] rrcConnMore20sC[]=[0, 0] rrcConnC[]=[0, 0] csChangedC[]=[0, 0] psChangedC[]=[0, 0] iRatC[]=[0, 0] cellUpdateC[]=[0, 0] nwSrchC[]=[0, 0] nwSrchT[]=[0, 0] lteRrcConnT[]=[5, 0] psRegT[]=[5, 0] csRegT[]=[5, 0] psNoRegT[]=[0, 5] csNoRegT[]=[0, 5] sigGrid0T[]=[0, 0] endcActT[]=[0, 0] saActT[]=[0, 0] gpsTimeMs=5029 wlanTimeMs=1818 regReqFbC[]=[0, 62] regReqTransAcqDbC[]=[11, 0] saRrcConn10sC[]=[0, 0] saRrcConn20sC[]=[0, 0] saRrcConnMore20sC[]=[0, 0] saRrcConnC[]=[1564, 0] lteHoC[]=[0, 0] saHoC[]=[0, 0] saRrcConnT[]=[0, 0] lteBandDurationSim0[]=[0, 0, 0, 0, 0, 0, 0, 0, 0] lteBandDurationSim1[]=[0, 0, 0, 0, 0, 0, 0, 0, 0] nrBandDurationSim0[]=[0, 0, 0, 0, 0, 0] nrBandDurationSim1[]=[0, 0, 0, 0, 0, 0] sensorStationaryC=0 sensorStationaryT=0 modemStationaryC=0 modemStationaryT=0}
11-28 21:29:11.562 3720 3720 I ModemAciService: UMF CH: OplusModemActivityInfo{ date=11-28 21:29:11.559 modemPowermA[]=[127.29,122.78,132.50] sleepTimeMs=0 idleTimeMs=0 rxTimeMs=4076 5gRxTimeMs=0 txTimeMs[]=[314, 611, 27, 1, 0] 5gTxTimeMs[]=[0, 0, 0, 0, 0] techTimeMs[]=[0, 0, 0, 0, 5029, 0, 0, 0, 0] rrcConn10sC[]=[0, 0] rrcConn20sC[]=[0, 0] rrcConnMore20sC[]=[0, 0] rrcConnC[]=[0, 0] csChangedC[]=[0, 0] psChangedC[]=[0, 0] iRatC[]=[0, 0] cellUpdateC[]=[0, 0] nwSrchC[]=[0, 0] nwSrchT[]=[0, 0] lteRrcConnT[]=[5, 0] psRegT[]=[5, 0] csRegT[]=[5, 0] psNoRegT[]=[0, 5] csNoRegT[]=[0, 5] sigGrid0T[]=[0, 0] endcActT[]=[0, 0] saActT[]=[0, 0] gpsTimeMs=5029 wlanTimeMs=1818 regReqFbC[]=[0, 62] regReqTransAcqDbC[]=[11, 0] saRrcConn10sC[]=[0, 0] saRrcConn20sC[]=[0, 0] saRrcConnMore20sC[]=[0, 0] saRrcConnC[]=[1564, 0] lteHoC[]=[0, 0] saHoC[]=[0, 0] saRrcConnT[]=[0, 0] lteBandDurationSim0[]=[0, 0, 0, 0, 0, 0, 0, 0, 0] lteBandDurationSim1[]=[0, 0, 0, 0, 0, 0, 0, 0, 0] nrBandDurationSim0[]=[0, 0, 0, 0, 0, 0] nrBandDurationSim1[]=[0, 0, 0, 0, 0, 0] sensorStationaryC=0 sensorStationaryT=0 modemStationaryC=0 modemStationaryT=0}
11-28 21:29:11.563 3720 3720 I ModemAciService: UMF LS: OplusModemActivityInfo{ date=11-28 21:29:11.559 modemPowermA[]=[127.29,122.78,132.50] sleepTimeMs=0 idleTimeMs=0 rxTimeMs=4076 5gRxTimeMs=0 txTimeMs[]=[314, 611, 27, 1, 0] 5gTxTimeMs[]=[0, 0, 0, 0, 0] techTimeMs[]=[0, 0, 0, 0, 5029, 0, 0, 0, 0] rrcConn10sC[]=[0, 0] rrcConn20sC[]=[0, 0] rrcConnMore20sC[]=[0, 0] rrcConnC[]=[0, 0] csChangedC[]=[0, 0] psChangedC[]=[0, 0] iRatC[]=[0, 0] cellUpdateC[]=[0, 0] nwSrchC[]=[0, 0] nwSrchT[]=[0, 0] lteRrcConnT[]=[5, 0] psRegT[]=[5, 0] csRegT[]=[5, 0] psNoRegT[]=[0, 5] csNoRegT[]=[0, 5] sigGrid0T[]=[0, 0] endcActT[]=[0, 0] saActT[]=[0, 0] gpsTimeMs=5029 wlanTimeMs=1818 regReqFbC[]=[0, 62] regReqTransAcqDbC[]=[11, 0] saRrcConn10sC[]=[0, 0] saRrcConn20sC[]=[0, 0] saRrcConnMore20sC[]=[0, 0] saRrcConnC[]=[1564, 0] lteHoC[]=[0, 0] saHoC[]=[0, 0] saRrcConnT[]=[0, 0] lteBandDurationSim0[]=[0, 0, 0, 0, 0, 0, 0, 0, 0] lteBandDurationSim1[]=[0, 0, 0, 0, 0, 0, 0, 0, 0] nrBandDurationSim0[]=[0, 0, 0, 0, 0, 0] nrBandDurationSim1[]=[0, 0, 0, 0, 0, 0] sensorStationaryC=0 sensorStationaryT=0 modemStationaryC=0 modemStationaryT=0}
11-28 21:29:11.564 5266 9100 D DebugReportServiceHidlClient: getReport 1.1...
11-28 21:29:11.565 1237 1237 E LocSvc_HIDL_DebugReportService: Invalid count: 0
11-28 21:29:11.565 1237 1237 E LocSvc_HIDL_DebugReportService: Invalid count: 0
11-28 21:29:11.565 1237 1237 E LocSvc_HIDL_DebugReportService: Invalid count: 0
11-28 21:29:11.565 1237 1237 E LocSvc_HIDL_DebugReportService: Invalid count: 0
11-28 21:29:11.565 5266 9100 D DebugReportServiceHidlClient: getReport 1.1 success: true
11-28 21:29:11.565 5266 9100 D DebugReportServiceHidlClient: getReport 1.0 success: true
11-28 21:29:11.570 2523 3710 I OplusHansManager : uid=10287, pkg=org.zwanoo.android.speedtest can transition from M to F
11-28 21:29:11.570 2523 3710 I OplusHansManager : uid=10287, pkg=org.zwanoo.android.speedtest F enter()
11-28 21:29:11.576 2523 3710 I OplusHansManager : freeze uid: 10287 org.zwanoo.android.speedtest pids: [31811] scene: LcdOn
11-28 21:29:11.585 2523 3710 I OplusHansManager : uid=10271, pkg=com.oneplus.brickmode can transition from M to F
11-28 21:29:11.585 2523 3710 I OplusHansManager : uid=10271, pkg=com.oneplus.brickmode F enter()
11-28 21:29:11.586 2523 3710 I OplusHansManager : freeze uid: 10271 com.oneplus.brickmode pids: [4870] scene: LcdOn
11-28 21:29:11.588 6918 5993 D IHansComunication: HansComunication::addUid-- 10271
11-28 21:29:11.589 6918 5993 D IHansComunication: HANS sendMessageToKernel: threadId = 530591591600, netLinkSetup = 1, type = PKG, targetUid = 10271, pkgCmd = ADD_ONE_UID
11-28 21:29:11.592 2523 3067 D WifiActiveModeWarden: there is no primary client manager, return the default one
11-28 21:29:11.595 2523 3124 D WN_S : onCapabilitiesChanged for 118
11-28 21:29:11.599 3672 7447 D QCNEJ/WwanInfoRelay: onCapabilitiesChanged: 118 [ Transports: CELLULAR Capabilities: SUPL&INTERNET&NOT_RESTRICTED&TRUSTED&NOT_VPN&VALIDATED&NOT_ROAMING&FOREGROUND&NOT_CONGESTED&NOT_SUSPENDED&NOT_VCN_MANAGED LinkUpBandwidth>=61494Kbps LinkDnBandwidth>=25739Kbps Specifier: SubscriptionIds: {4} UnderlyingNetworks: Null]
11-28 21:29:11.599 3672 7447 I QCNEJ/WwanInfoRelay: cacheWwanInfo subId = 4 phoneId = 0 slotId = 0
11-28 21:29:11.599 3887 3904 D PhoneInterfaceManager: [PhoneIntfMgr] QueryTelephonyChecker-getDataNetworkTypeForSubscriber: packageName = com.qualcomm.qti.cne, isGrant = true
11-28 21:29:11.607 5351 6843 D WM-NetworkStateTracker: Network capabilities changed: [ Transports: CELLULAR Capabilities: SUPL&INTERNET&NOT_RESTRICTED&TRUSTED&NOT_VPN&VALIDATED&NOT_ROAMING&FOREGROUND&NOT_CONGESTED&NOT_SUSPENDED&NOT_VCN_MANAGED LinkUpBandwidth>=61494Kbps LinkDnBandwidth>=25739Kbps Specifier: SubscriptionIds: {4} UnderlyingNetworks: Null]
11-28 21:29:11.608 6918 6920 E IHansComunication: HANS printMessageBody: RCVed message body: type = 0, port = 86870, caller_pid = 2523, caller_uid = 1000, target_pid = 31811, target_uid = 10287, pkg_cmd = -1
11-28 21:29:11.609 6918 6920 E IHansComunication: HANS printMessageBody: RCVed message body: type = 0, port = 86870, caller_pid = 2523, caller_uid = 1000, target_pid = 31811, target_uid = 10287, pkg_cmd = -1
11-28 21:29:11.609 6918 6920 E IHansComunication: HANS printMessageBody: RCVed message body: type = 0, port = 86870, caller_pid = 2523, caller_uid = 1000, target_pid = 31811, target_uid = 10287, pkg_cmd = -1
11-28 21:29:11.609 31494 31559 I CarrierServices: [2409] fau.handleMessage:39 RcsEngineImpl[DUAL_REG]:[25391196-20f4]>Handler: handleMessage processing message:[NOTIFY_UPTIME_IGNORE_STATE_CHANGED] with [non-null]:RcsEngineImpl reference
11-28 21:29:11.611 2523 3719 I OplusHansManager : unfreeze uid: 10287 org.zwanoo.android.speedtest pids: [31811] reason: AsyncBinder scene: LcdOn
11-28 21:29:11.611 31494 31562 I CarrierServices: [2410] eqy.c:51 Connected state: [1], networkType: [MOBILE]
11-28 21:29:11.612 6918 6920 E IHansComunication: HANS printMessageBody: RCVed message body: type = 0, port = 86870, caller_pid = 2523, caller_uid = 1000, target_pid = 4870, target_uid = 10271, pkg_cmd = -1
11-28 21:29:11.613 2523 3710 I OplusHansManager : uid=10287, pkg=org.zwanoo.android.speedtest, transition from Frozen to Middle, reason=AsyncBinder
11-28 21:29:11.613 2523 3710 I OplusHansManager : uid=10287, pkg=org.zwanoo.android.speedtest F exit(), reason=AsyncBinder
11-28 21:29:11.615 2523 4922 D OplusProxyWakeLock: remove uid: 10287 wiht all pids from wakelockUidInfo list
11-28 21:29:11.616 2523 3719 I OplusHansManager : forceUnfreezeByPid pid= 31811 reason= unfreezeForKernel: AsyncBinder
11-28 21:29:11.618 2523 3124 D WN_S : onCapabilitiesChanged for 119
11-28 21:29:11.621 2523 3719 I OplusHansManager : forceUnfreezeByPid pid= 31811 reason= unfreezeForKernel: AsyncBinder
11-28 21:29:11.619 1086 6743 D WM-NetworkStateTracker: Network capabilities changed: [ Transports: CELLULAR Capabilities: SUPL&INTERNET&NOT_RESTRICTED&TRUSTED&NOT_VPN&VALIDATED&NOT_ROAMING&FOREGROUND&NOT_CONGESTED&NOT_SUSPENDED&NOT_VCN_MANAGED LinkUpBandwidth>=61494Kbps LinkDnBandwidth>=25739Kbps Specifier: SubscriptionIds: {4} UnderlyingNetworks: Null]
11-28 21:29:11.624 2523 3719 I OplusHansManager : unfreeze uid: 10271 com.oneplus.brickmode pids: [4870] reason: AsyncBinder scene: LcdOn
11-28 21:29:11.625 2523 3710 I OplusHansManager : uid=10271, pkg=com.oneplus.brickmode, transition from Frozen to Middle, reason=AsyncBinder
11-28 21:29:11.625 2523 3710 I OplusHansManager : uid=10271, pkg=com.oneplus.brickmode F exit(), reason=AsyncBinder
11-28 21:29:11.626 2523 4922 D OplusProxyWakeLock: remove uid: 10271 wiht all pids from wakelockUidInfo list
11-28 21:29:11.634 3887 5676 D PhoneInterfaceManager: [PhoneIntfMgr] QueryTelephonyChecker-getDataNetworkTypeForSubscriber: packageName = com.innowireless.xcal.mobile5, isGrant = true
11-28 21:29:11.636 2523 3067 D WifiActiveModeWarden: there is no primary client manager, return the default one
11-28 21:29:11.636 2523 5854 D WifiService: getWifiEnabledState primaryClientMode is mDefaultClientModeManager
11-28 21:29:11.792 8600 10913 D FTPC : getTotalBytes : 61889536 // 0 // 0
11-28 21:29:11.792 8600 10913 D AUTOCALL: ThroTimerTask doTask(...) afterPacket : 61897216
11-28 21:29:11.841 1218 4398 I vendor.qti.bluetooth@1.0-ibs_handler: ProcessIbsCmd: Received IBS_WAKE_IND: 0xFD
11-28 21:29:11.842 1218 4398 D vendor.qti.bluetooth@1.0-ibs_handler: SerialClockVote: vote for UART CLK ON
11-28 21:29:11.842 1218 4398 D vendor.qti.bluetooth@1.0-wake_lock: Acquire wakelock is acquired
11-28 21:29:11.842 1218 4398 I vendor.qti.bluetooth@1.0-ibs_handler: ProcessIbsCmd: Writing IBS_WAKE_ACK
11-28 21:29:11.849 3887 5676 D PhoneInterfaceManager: [PhoneIntfMgr] QueryTelephonyChecker-getDataNetworkTypeForSubscriber: packageName = com.innowireless.xcal.mobile5, isGrant = true
11-28 21:29:11.851 3887 3904 D PhoneInterfaceManager: [PhoneIntfMgr] QueryTelephonyChecker-getDataNetworkTypeForSubscriber: packageName = com.innowireless.xcal.mobile5, isGrant = true
11-28 21:29:11.853 3887 5676 D PhoneInterfaceManager: [PhoneIntfMgr] QueryTelephonyChecker-getDataNetworkTypeForSubscriber: packageName = com.innowireless.xcal.mobile5, isGrant = true
11-28 21:29:11.873 8600 9108 D GPS : NMEA is invaild.
11-28 21:29:11.873 8600 9108 D GPS : mNMEASatelites : 12
11-28 21:29:11.873 8600 9108 D GPS : mGPSSatelites : 70
11-28 21:29:11.873 8600 9108 D GPS : Android GPS is vaild.
11-28 21:29:11.881 2523 3125 W ContextImpl: Calling a method in the system process without a qualified user: android.app.ContextImpl.sendBroadcast:1175 com.android.server.job.controllers.OplusCpuController.notifyHighCpuEventForApp:395 com.android.server.job.controllers.OplusCpuController.handleCpuUpdate:341 com.android.server.job.controllers.OplusCpuController.access$900:60 com.android.server.job.controllers.OplusCpuController$CpuTrackerHandler.handleMessage:265
11-28 21:29:11.886 3887 3904 D PhoneInterfaceManager: [PhoneIntfMgr] QueryTelephonyChecker-getDataNetworkTypeForSubscriber: packageName = com.innowireless.xcal.mobile5, isGrant = true
11-28 21:29:11.889 3887 3904 D PhoneInterfaceManager: [PhoneIntfMgr] QueryTelephonyChecker-getDataNetworkTypeForSubscriber: packageName = com.innowireless.xcal.mobile5, isGrant = true
11-28 21:29:11.892 3887 3904 D PhoneInterfaceManager: [PhoneIntfMgr] QueryTelephonyChecker-getDataNetworkTypeForSubscriber: packageName = com.innowireless.xcal.mobile5, isGrant = true
11-28 21:29:11.898 8600 9740 I GLThread: waiting tid=2931 mHaveEglContext: false mHaveEglSurface: false mPaused: false mHasSurface: false mSurfaceIsBad: false mWaitingForSurface: true mWidth: 0 mHeight: 0 mRequestRender: true mRenderMode: 0
11-28 21:29:11.900 3887 3904 D PhoneInterfaceManager: [PhoneIntfMgr] QueryTelephonyChecker-getDataNetworkTypeForSubscriber: packageName = com.innowireless.xcal.mobile5, isGrant = true
11-28 21:29:11.901 3887 5676 D PhoneInterfaceManager: [PhoneIntfMgr] QueryTelephonyChecker-getDataNetworkTypeForSubscriber: packageName = com.innowireless.xcal.mobile5, isGrant = true
11-28 21:29:11.905 3887 3904 D PhoneInterfaceManager: [PhoneIntfMgr] QueryTelephonyChecker-getDataNetworkTypeForSubscriber: packageName = com.innowireless.xcal.mobile5, isGrant = true
11-28 21:29:11.923 1218 4398 I vendor.qti.bluetooth@1.0-ibs_handler: ProcessIbsCmd: Received IBS_SLEEP_IND: 0xFE
11-28 21:29:11.923 1218 4398 D vendor.qti.bluetooth@1.0-ibs_handler: SerialClockVote: vote for UART CLK OFF
11-28 21:29:11.996 2523 3067 D WifiActiveModeWarden: there is no primary client manager, return the default one
11-28 21:29:12.000 3887 3904 D PhoneInterfaceManager: [PhoneIntfMgr] QueryTelephonyChecker-getDataNetworkTypeForSubscriber: packageName = com.innowireless.xcal.mobile5, isGrant = true
11-28 21:29:12.047 6918 5993 D IHansComunication: HansComunication::configCheckedUid-- 10266, type = 0
11-28 21:29:12.047 6918 5993 D IHansComunication: HANS sendMessageToKernel: threadId = 530591591600, netLinkSetup = 1, type = FROZEN_TRANS, targetUid = 10266, pkgCmd = PKG_CMD_MAX
11-28 21:29:12.055 2523 2708 D OplusFeatureBrightnessBarController: mDarkLevel: 0
11-28 21:29:12.074 1218 4202 D vendor.qti.bluetooth@1.0-wake_lock: Release wakelock is released
11-28 21:29:12.091 3887 5676 D PhoneInterfaceManager: [PhoneIntfMgr] QueryTelephonyChecker-getDataNetworkTypeForSubscriber: packageName = com.innowireless.xcal.mobile5, isGrant = true
11-28 21:29:12.133 3887 5074 D PhoneInterfaceManager: [PhoneIntfMgr] QueryTelephonyChecker-getDataNetworkTypeForSubscriber: packageName = com.innowireless.xcal.mobile5, isGrant = true
11-28 21:29:12.213 3887 5074 D PhoneInterfaceManager: [PhoneIntfMgr] QueryTelephonyChecker-getDataNetworkTypeForSubscriber: packageName = com.innowireless.xcal.mobile5, isGrant = true
11-28 21:29:12.294 8600 10913 D FTPC : getTotalBytes : 62532608 // 0 // 0
11-28 21:29:12.294 8600 10913 D AUTOCALL: ThroTimerTask doTask(...) afterPacket : 62532608
11-28 21:29:12.312 3887 5676 D PhoneInterfaceManager: [PhoneIntfMgr] QueryTelephonyChecker-getDataNetworkTypeForSubscriber: packageName = com.innowireless.xcal.mobile5, isGrant = true
11-28 21:29:12.321 3887 5676 D PhoneInterfaceManager: [PhoneIntfMgr] QueryTelephonyChecker-getDataNetworkTypeForSubscriber: packageName = com.innowireless.xcal.mobile5, isGrant = true
11-28 21:29:12.324 3887 5074 D PhoneInterfaceManager: [PhoneIntfMgr] QueryTelephonyChecker-getDataNetworkTypeForSubscriber: packageName = com.innowireless.xcal.mobile5, isGrant = true
11-28 21:29:12.325 3887 7417 D PhoneInterfaceManager: [PhoneIntfMgr] QueryTelephonyChecker-getDataNetworkTypeForSubscriber: packageName = com.innowireless.xcal.mobile5, isGrant = true
11-28 21:29:12.389 3887 5676 D PhoneInterfaceManager: [PhoneIntfMgr] QueryTelephonyChecker-getDataNetworkTypeForSubscriber: packageName = com.innowireless.xcal.mobile5, isGrant = true
11-28 21:29:12.390 3887 5074 D PhoneInterfaceManager: [PhoneIntfMgr] QueryTelephonyChecker-getDataNetworkTypeForSubscriber: packageName = com.innowireless.xcal.mobile5, isGrant = true
11-28 21:29:12.391 3887 7417 D PhoneInterfaceManager: [PhoneIntfMgr] QueryTelephonyChecker-getDataNetworkTypeForSubscriber: packageName = com.innowireless.xcal.mobile5, isGrant = true
11-28 21:29:12.431 1218 4398 I vendor.qti.bluetooth@1.0-ibs_handler: ProcessIbsCmd: Received IBS_WAKE_IND: 0xFD
11-28 21:29:12.431 1218 4398 D vendor.qti.bluetooth@1.0-ibs_handler: SerialClockVote: vote for UART CLK ON
11-28 21:29:12.432 1218 4398 D vendor.qti.bluetooth@1.0-wake_lock: Acquire wakelock is acquired
11-28 21:29:12.432 1218 4398 I vendor.qti.bluetooth@1.0-ibs_handler: ProcessIbsCmd: Writing IBS_WAKE_ACK
11-28 21:29:12.464 2523 3045 D OplusLocationStatistics: on recordTaskMark, key: gnssReportLocation
11-28 21:29:12.464 2523 2635 D LocationManagerService: incoming location from: gps
11-28 21:29:12.466 2523 2635 D LocationManagerService: incoming location from: gps
11-28 21:29:12.472 4443 5595 I FusedLocation: (REDACTED) location delivery to %s blocked - too close
11-28 21:29:12.473 4443 5595 I FusedLocation: (REDACTED) location delivery to %s blocked - too close
11-28 21:29:12.474 4443 5595 I FusedLocation: (REDACTED) location delivery to %s blocked - too fast
11-28 21:29:12.474 4443 5595 I FusedLocation: (REDACTED) location delivery to %s blocked - too fast
11-28 21:29:12.475 2523 3433 D LocationManagerService: incoming location from: fused
11-28 21:29:12.475 2523 3433 D LocationManagerService: incoming location from: fused
11-28 21:29:12.475 4443 5595 I FusedLocation: (REDACTED) location delivery to %s blocked - too fast
11-28 21:29:12.513 1218 4398 I vendor.qti.bluetooth@1.0-ibs_handler: ProcessIbsCmd: Received IBS_SLEEP_IND: 0xFE
11-28 21:29:12.513 1218 4398 D vendor.qti.bluetooth@1.0-ibs_handler: SerialClockVote: vote for UART CLK OFF
11-28 21:29:12.546 1254 1254 I android.hardware.thermal@2.0-service.qti: Sensor Name:shell_frametemp: 34.9. prev severity:0. cur severity:0 New severity:0
11-28 21:29:12.548 1254 1254 I android.hardware.thermal@2.0-service.qti: Sensor Name:skintemp: 38.234. prev severity:3. cur severity:0 New severity:0
11-28 21:29:12.548 1254 1254 I android.hardware.thermal@2.0-service.qti: Sensor Name:shell_fronttemp: 34.9. prev severity:0. cur severity:0 New severity:0
11-28 21:29:12.549 1254 1254 I android.hardware.thermal@2.0-service.qti: Sensor Name:shell_backtemp: 34.9. prev severity:0. cur severity:0 New severity:0
11-28 21:29:12.564 5266 9100 D DebugReportServiceHidlClient: getReport 1.1...
11-28 21:29:12.565 1237 1237 E LocSvc_HIDL_DebugReportService: Invalid count: 0
11-28 21:29:12.565 1237 1237 E LocSvc_HIDL_DebugReportService: Invalid count: 0
11-28 21:29:12.565 1237 1237 E LocSvc_HIDL_DebugReportService: Invalid count: 0
11-28 21:29:12.565 1237 1237 E LocSvc_HIDL_DebugReportService: Invalid count: 0
11-28 21:29:12.566 5266 9100 D DebugReportServiceHidlClient: getReport 1.1 success: true
11-28 21:29:12.566 5266 9100 D DebugReportServiceHidlClient: getReport 1.0 success: true
11-28 21:29:12.663 1218 4202 D vendor.qti.bluetooth@1.0-wake_lock: Release wakelock is released
11-28 21:29:12.704 3887 7417 D PhoneInterfaceManager: [PhoneIntfMgr] QueryTelephonyChecker-getDataNetworkTypeForSubscriber: packageName = com.innowireless.xcal.mobile5, isGrant = true
11-28 21:29:12.706 2523 3067 D WifiActiveModeWarden: there is no primary client manager, return the default one
11-28 21:29:12.707 2523 3433 D WifiService: getWifiEnabledState primaryClientMode is mDefaultClientModeManager
11-28 21:29:12.792 8600 10913 D FTPC : getTotalBytes : 63336448 // 0 // 0
11-28 21:29:12.792 8600 10913 D AUTOCALL: ThroTimerTask doTask(...) afterPacket : 63336448
11-28 21:29:12.850 3887 5676 D PhoneInterfaceManager: [PhoneIntfMgr] QueryTelephonyChecker-getDataNetworkTypeForSubscriber: packageName = com.innowireless.xcal.mobile5, isGrant = true
11-28 21:29:12.854 3887 7417 D PhoneInterfaceManager: [PhoneIntfMgr] QueryTelephonyChecker-getDataNetworkTypeForSubscriber: packageName = com.innowireless.xcal.mobile5, isGrant = true
11-28 21:29:12.857 1253 5188 E sensors-hal: ssc_conn_event_cb:659, event[0] msg_id=1025, ts=723726199782 sensor_type = pedometer_minute Wakeup
11-28 21:29:12.858 1253 5188 E sensors-hal: handle_sns_client_event:83, pedometer_minute: report_ts=627,counter=367.000000 move_status =[SNS_CMC_STATIONARY] time_gap = 0 run_counter=0.000000 walk_counter=304.000000
11-28 21:29:12.860 3887 5676 D PhoneInterfaceManager: [PhoneIntfMgr] QueryTelephonyChecker-getDataNetworkTypeForSubscriber: packageName = com.innowireless.xcal.mobile5, isGrant = true
11-28 21:29:12.863 3997 3997 I StepApp_StepDataPreHandler: (main)onSensorChanged raw data: step=367.0 state=3.0 minuteDelta=0.0 timestamp=37688033048019 steprun=0.0 stepwalk=304.0 formatted data: step=367 state=3 timestamp=37688033048019 time=1732809552856 steprun=0 stepwalk=304
11-28 21:29:12.874 8600 9108 D GPS : NMEA is invaild.
11-28 21:29:12.874 8600 9108 D GPS : mNMEASatelites : 12
11-28 21:29:12.874 8600 9108 D GPS : mGPSSatelites : 70
11-28 21:29:12.874 8600 9108 D GPS : Android GPS is vaild.
11-28 21:29:12.888 3887 5676 D PhoneInterfaceManager: [PhoneIntfMgr] QueryTelephonyChecker-getDataNetworkTypeForSubscriber: packageName = com.innowireless.xcal.mobile5, isGrant = true
11-28 21:29:12.892 3887 5676 D PhoneInterfaceManager: [PhoneIntfMgr] QueryTelephonyChecker-getDataNetworkTypeForSubscriber: packageName = com.innowireless.xcal.mobile5, isGrant = true
11-28 21:29:12.894 3887 7417 D PhoneInterfaceManager: [PhoneIntfMgr] QueryTelephonyChecker-getDataNetworkTypeForSubscriber: packageName = com.innowireless.xcal.mobile5, isGrant = true
11-28 21:29:12.901 8600 9740 I GLThread: waiting tid=2931 mHaveEglContext: false mHaveEglSurface: false mPaused: false mHasSurface: false mSurfaceIsBad: false mWaitingForSurface: true mWidth: 0 mHeight: 0 mRequestRender: true mRenderMode: 0
11-28 21:29:12.902 3887 7417 D PhoneInterfaceManager: [PhoneIntfMgr] QueryTelephonyChecker-getDataNetworkTypeForSubscriber: packageName = com.innowireless.xcal.mobile5, isGrant = true
11-28 21:29:12.903 3887 5676 D PhoneInterfaceManager: [PhoneIntfMgr] QueryTelephonyChecker-getDataNetworkTypeForSubscriber: packageName = com.innowireless.xcal.mobile5, isGrant = true
11-28 21:29:12.907 3887 5074 D PhoneInterfaceManager: [PhoneIntfMgr] QueryTelephonyChecker-getDataNetworkTypeForSubscriber: packageName = com.innowireless.xcal.mobile5, isGrant = true
11-28 21:29:12.918 1218 4398 I vendor.qti.bluetooth@1.0-ibs_handler: ProcessIbsCmd: Received IBS_WAKE_IND: 0xFD
11-28 21:29:12.918 1218 4398 D vendor.qti.bluetooth@1.0-ibs_handler: SerialClockVote: vote for UART CLK ON
11-28 21:29:12.918 1218 4398 D vendor.qti.bluetooth@1.0-wake_lock: Acquire wakelock is acquired
11-28 21:29:12.918 1218 4398 I vendor.qti.bluetooth@1.0-ibs_handler: ProcessIbsCmd: Writing IBS_WAKE_ACK
11-28 21:29:12.998 2523 3067 D WifiActiveModeWarden: there is no primary client manager, return the default one
11-28 21:29:13.001 3887 7417 D PhoneInterfaceManager: [PhoneIntfMgr] QueryTelephonyChecker-getDataNetworkTypeForSubscriber: packageName = com.innowireless.xcal.mobile5, isGrant = true
11-28 21:29:13.007 1218 4398 I vendor.qti.bluetooth@1.0-ibs_handler: ProcessIbsCmd: Received IBS_SLEEP_IND: 0xFE
11-28 21:29:13.007 1218 4398 D vendor.qti.bluetooth@1.0-ibs_handler: SerialClockVote: vote for UART CLK OFF
11-28 21:29:13.091 3887 7417 D PhoneInterfaceManager: [PhoneIntfMgr] QueryTelephonyChecker-getDataNetworkTypeForSubscriber: packageName = com.innowireless.xcal.mobile5, isGrant = true
11-28 21:29:13.127 3887 5074 D PhoneInterfaceManager: [PhoneIntfMgr] QueryTelephonyChecker-getDataNetworkTypeForSubscriber: packageName = com.innowireless.xcal.mobile5, isGrant = true
11-28 21:29:13.158 1218 4202 D vendor.qti.bluetooth@1.0-wake_lock: Release wakelock is released
11-28 21:29:13.195 3887 7417 D PhoneInterfaceManager: [PhoneIntfMgr] QueryTelephonyChecker-getDataNetworkTypeForSubscriber: packageName = com.innowireless.xcal.mobile5, isGrant = true
11-28 21:29:13.257 3887 7417 D PhoneInterfaceManager: [PhoneIntfMgr] QueryTelephonyChecker-getDataNetworkTypeForSubscriber: packageName = com.innowireless.xcal.mobile5, isGrant = true
11-28 21:29:13.295 8600 10913 D FTPC : getTotalBytes : 64179712 // 0 // 0
11-28 21:29:13.295 8600 10913 D AUTOCALL: ThroTimerTask doTask(...) afterPacket : 64179712
11-28 21:29:13.315 3887 5074 D PhoneInterfaceManager: [PhoneIntfMgr] QueryTelephonyChecker-getDataNetworkTypeForSubscriber: packageName = com.innowireless.xcal.mobile5, isGrant = true
11-28 21:29:13.328 3887 5074 D PhoneInterfaceManager: [PhoneIntfMgr] QueryTelephonyChecker-getDataNetworkTypeForSubscriber: packageName = com.innowireless.xcal.mobile5, isGrant = true
11-28 21:29:13.330 3887 5074 D PhoneInterfaceManager: [PhoneIntfMgr] QueryTelephonyChecker-getDataNetworkTypeForSubscriber: packageName = com.innowireless.xcal.mobile5, isGrant = true
11-28 21:29:13.391 3887 5074 D PhoneInterfaceManager: [PhoneIntfMgr] QueryTelephonyChecker-getDataNetworkTypeForSubscriber: packageName = com.innowireless.xcal.mobile5, isGrant = true
11-28 21:29:13.393 3887 7417 D PhoneInterfaceManager: [PhoneIntfMgr] QueryTelephonyChecker-getDataNetworkTypeForSubscriber: packageName = com.innowireless.xcal.mobile5, isGrant = true
11-28 21:29:13.394 3887 5676 D PhoneInterfaceManager: [PhoneIntfMgr] QueryTelephonyChecker-getDataNetworkTypeForSubscriber: packageName = com.innowireless.xcal.mobile5, isGrant = true
11-28 21:29:13.454 2523 3580 D OplusLocationStatistics: on recordTaskMark, key: gnssReportLocation
11-28 21:29:13.455 2523 2635 D LocationManagerService: incoming location from: gps
11-28 21:29:13.457 2523 2635 D LocationManagerService: incoming location from: gps
11-28 21:29:13.466 4443 5595 I FusedLocation: (REDACTED) location delivery to %s blocked - too close
11-28 21:29:13.466 4443 5595 I FusedLocation: (REDACTED) location delivery to %s blocked - too close
11-28 21:29:13.468 2523 4564 D LocationManagerService: incoming location from: fused
11-28 21:29:13.468 2523 4564 D LocationManagerService: incoming location from: fused
11-28 21:29:13.470 4443 5595 I FusedLocation: (REDACTED) location delivery to %s blocked - too fast
11-28 21:29:13.498 4443 10994 W GCoreUlr: Received locations too frequently.
11-28 21:29:13.498 4443 10994 I GCoreUlr: No valid location reports to store
11-28 21:29:13.500 2523 3067 D WifiActiveModeWarden: there is no primary client manager, return the default one
11-28 21:29:13.500 2523 4105 D WifiService: getWifiEnabledState primaryClientMode is mDefaultClientModeManager
11-28 21:29:13.501 2523 4105 I WifiService: startScan uid=10394
11-28 21:29:13.502 2523 3067 I WifiScanRequestProxy: Scan request from com.innowireless.xcal.mobile5 throttled
11-28 21:29:13.503 2523 4105 E WifiService: Failed to start scan
11-28 21:29:13.508 25165 25247 D WifiManager: getScanResults check resulttrue
11-28 21:29:13.512 25165 9208 D WifiManager: getScanResults check resulttrue
11-28 21:29:13.517 2523 3067 D WifiActiveModeWarden: there is no primary client manager, return the default one
11-28 21:29:13.538 4443 10845 I TFLite-in-PlayServices: Created interpreter.
11-28 21:29:13.546 4443 10845 I TFLite-in-PlayServices: Created interpreter.
11-28 21:29:13.551 1254 1254 I android.hardware.thermal@2.0-service.qti: Sensor Name:shell_frametemp: 34.9. prev severity:0. cur severity:0 New severity:0
11-28 21:29:13.553 1254 1254 I android.hardware.thermal@2.0-service.qti: Sensor Name:skintemp: 38.186. prev severity:3. cur severity:0 New severity:0
11-28 21:29:13.553 1254 1254 I android.hardware.thermal@2.0-service.qti: Sensor Name:shell_fronttemp: 34.9. prev severity:0. cur severity:0 New severity:0
11-28 21:29:13.553 1254 1254 I android.hardware.thermal@2.0-service.qti: Sensor Name:shell_backtemp: 34.9. prev severity:0. cur severity:0 New severity:0
11-28 21:29:13.554 4443 10845 I SemanticLocation: (REDACTED) [Inferrer] %s%s
11-28 21:29:13.566 5266 9100 D DebugReportServiceHidlClient: getReport 1.1...
11-28 21:29:13.566 1237 1237 E LocSvc_HIDL_DebugReportService: Invalid count: 0
11-28 21:29:13.566 1237 1237 E LocSvc_HIDL_DebugReportService: Invalid count: 0
11-28 21:29:13.566 1237 1237 E LocSvc_HIDL_DebugReportService: Invalid count: 0
11-28 21:29:13.567 1237 1237 E LocSvc_HIDL_DebugReportService: Invalid count: 0
11-28 21:29:13.568 5266 9100 D DebugReportServiceHidlClient: getReport 1.1 success: true
11-28 21:29:13.568 5266 9100 D DebugReportServiceHidlClient: getReport 1.0 success: true
11-28 21:29:13.580 6918 5993 D IHansComunication: HansComunication::configCheckedUid-- 10287, type = 0
11-28 21:29:13.580 6918 5993 D IHansComunication: HANS sendMessageToKernel: threadId = 530591591600, netLinkSetup = 1, type = FROZEN_TRANS, targetUid = 10287, pkgCmd = PKG_CMD_MAX
11-28 21:29:13.589 6918 5993 D IHansComunication: HansComunication::configCheckedUid-- 10271, type = 0
11-28 21:29:13.589 6918 5993 D IHansComunication: HANS sendMessageToKernel: threadId = 530591591600, netLinkSetup = 1, type = FROZEN_TRANS, targetUid = 10271, pkgCmd = PKG_CMD_MAX
11-28 21:29:13.763 3887 5676 D PhoneInterfaceManager: [PhoneIntfMgr] QueryTelephonyChecker-getDataNetworkTypeForSubscriber: packageName = com.innowireless.xcal.mobile5, isGrant = true
11-28 21:29:13.765 2523 3067 D WifiActiveModeWarden: there is no primary client manager, return the default one
11-28 21:29:13.775 2523 5852 D WifiService: getWifiEnabledState primaryClientMode is mDefaultClientModeManager
11-28 21:29:13.791 8600 8600 D Solo3Charging: Solo3ChargingManager.setBatteryCapacity() capacity : 72 isVoiceCall : false chargingMode : 0
11-28 21:29:13.791 8600 8600 D Solo3Charging: Solo3ChargingManager.setBatteryCapacity() condition : (else)
11-28 21:29:13.798 8600 10913 D FTPC : getTotalBytes : 64965632 // 0 // 0
11-28 21:29:13.799 8600 10913 D AUTOCALL: ThroTimerTask doTask(...) afterPacket : 64965632
11-28 21:29:13.848 3887 5676 D PhoneInterfaceManager: [PhoneIntfMgr] QueryTelephonyChecker-getDataNetworkTypeForSubscriber: packageName = com.innowireless.xcal.mobile5, isGrant = true
11-28 21:29:13.850 3887 7417 D PhoneInterfaceManager: [PhoneIntfMgr] QueryTelephonyChecker-getDataNetworkTypeForSubscriber: packageName = com.innowireless.xcal.mobile5, isGrant = true
11-28 21:29:13.851 3887 5074 D PhoneInterfaceManager: [PhoneIntfMgr] QueryTelephonyChecker-getDataNetworkTypeForSubscriber: packageName = com.innowireless.xcal.mobile5, isGrant = true
11-28 21:29:13.855 2523 2708 D OplusFeatureBrightnessBarController: mDarkLevel: 0
11-28 21:29:13.875 8600 9108 D GPS : NMEA is invaild.
11-28 21:29:13.875 8600 9108 D GPS : mNMEASatelites : 12
11-28 21:29:13.875 8600 9108 D GPS : mGPSSatelites : 69
11-28 21:29:13.875 8600 9108 D GPS : Android GPS is vaild.
11-28 21:29:13.887 3887 5074 D PhoneInterfaceManager: [PhoneIntfMgr] QueryTelephonyChecker-getDataNetworkTypeForSubscriber: packageName = com.innowireless.xcal.mobile5, isGrant = true
11-28 21:29:13.889 3887 5074 D PhoneInterfaceManager: [PhoneIntfMgr] QueryTelephonyChecker-getDataNetworkTypeForSubscriber: packageName = com.innowireless.xcal.mobile5, isGrant = true
11-28 21:29:13.891 3887 5074 D PhoneInterfaceManager: [PhoneIntfMgr] QueryTelephonyChecker-getDataNetworkTypeForSubscriber: packageName = com.innowireless.xcal.mobile5, isGrant = true
11-28 21:29:13.899 3887 5074 D PhoneInterfaceManager: [PhoneIntfMgr] QueryTelephonyChecker-getDataNetworkTypeForSubscriber: packageName = com.innowireless.xcal.mobile5, isGrant = true
11-28 21:29:13.901 3887 7417 D PhoneInterfaceManager: [PhoneIntfMgr] QueryTelephonyChecker-getDataNetworkTypeForSubscriber: packageName = com.innowireless.xcal.mobile5, isGrant = true
11-28 21:29:13.902 8600 9740 I GLThread: waiting tid=2931 mHaveEglContext: false mHaveEglSurface: false mPaused: false mHasSurface: false mSurfaceIsBad: false mWaitingForSurface: true mWidth: 0 mHeight: 0 mRequestRender: true mRenderMode: 0
11-28 21:29:13.905 3887 7417 D PhoneInterfaceManager: [PhoneIntfMgr] QueryTelephonyChecker-getDataNetworkTypeForSubscriber: packageName = com.innowireless.xcal.mobile5, isGrant = true
