11-28 21:29:18.880 8600 9108 D GPS : Android GPS is vaild.
11-28 21:29:18.885 3887 7417 D PhoneInterfaceManager: [PhoneIntfMgr] QueryTelephonyChecker-getDataNetworkTypeForSubscriber: packageName = com.innowireless.xcal.mobile5, isGrant = true
11-28 21:29:18.886 3887 7417 D PhoneInterfaceManager: [PhoneIntfMgr] QueryTelephonyChecker-getDataNetworkTypeForSubscriber: packageName = com.innowireless.xcal.mobile5, isGrant = true
11-28 21:29:18.888 3887 7417 D PhoneInterfaceManager: [PhoneIntfMgr] QueryTelephonyChecker-getDataNetworkTypeForSubscriber: packageName = com.innowireless.xcal.mobile5, isGrant = true
11-28 21:29:18.890 3887 5676 D PhoneInterfaceManager: [PhoneIntfMgr] QueryTelephonyChecker-getDataNetworkTypeForSubscriber: packageName = com.innowireless.xcal.mobile5, isGrant = true
11-28 21:29:18.897 3887 3904 D PhoneInterfaceManager: [PhoneIntfMgr] QueryTelephonyChecker-getDataNetworkTypeForSubscriber: packageName = com.innowireless.xcal.mobile5, isGrant = true
11-28 21:29:18.899 3887 3904 D PhoneInterfaceManager: [PhoneIntfMgr] QueryTelephonyChecker-getDataNetworkTypeForSubscriber: packageName = com.innowireless.xcal.mobile5, isGrant = true
11-28 21:29:18.929 8600 9740 I GLThread: waiting tid=2931 mHaveEglContext: false mHaveEglSurface: false mPaused: false mHasSurface: false mSurfaceIsBad: false mWaitingForSurface: true mWidth: 0 mHeight: 0 mRequestRender: true mRenderMode: 0
11-28 21:29:18.982 5508 8560 D com.heytap.mcs---: MCS-->onStartCommand-intent:Intent { act=com.heytap.mcs.action flg=0x4 pkg=com.heytap.mcs (has extras) }
11-28 21:29:18.982 5508 8560 D com.heytap.mcs---: MCS-->StatisticsExceptionHandler:crashCount:0 0 1732809558982 false true
11-28 21:29:18.982 5508 8560 D com.heytap.mcs---: MCS-->WakeupUtil--acquireWakeLockL:null
11-28 21:29:18.983 1218 4202 D vendor.qti.bluetooth@1.0-wake_lock: Release wakelock is released
11-28 21:29:18.985 5508 8560 D com.heytap.mcs---: MCS-->onStartCommand-type:4101
11-28 21:29:18.985 5508 8560 D com.heytap.mcs---Debug_McsService: MCS-->onStartCommand() will call heartBeat request
11-28 21:29:18.985 5508 8560 D com.heytap.mcs---Debug_b: MCS-->ClientManager-sendPingReqMessage
11-28 21:29:18.985 5508 8560 D com.heytap.mcs---Connect_c: MCS-->sendPingReqMessage() begin
11-28 21:29:18.986 5508 8560 D com.heytap.mcs---client: MCS-->push service send PINGREQ message...
11-28 21:29:18.986 5508 8560 D com.heytap.mcs---Connect_c: MCS-->Send message after created messages .
11-28 21:29:18.986 5508 8560 D com.heytap.mcs---: MCS-->channel has connected :true
11-28 21:29:18.986 5508 8560 D com.heytap.mcs---Connect_HeartBeatLongConnectHandler: MCS-->onHeartBeatTriggled : 32163158791791 channelHandlerContext : ChannelHandlerContext(HeartBeatLongConnectHandler#0, [id: 0x623fed82, L:/192.0.0.2:38992 - R:/129.227.192.32:8080])
11-28 21:29:18.986 5508 8560 D com.heytap.mcs---Connect_HeartBeatLongConnectHandler: MCS-->schedule() begin .
11-28 21:29:18.986 5508 8560 D com.heytap.mcs---Debug_b: MCS-->ClientManager sendPingReqMessage() will call setHeartBeatAlarm()
11-28 21:29:18.986 5508 8560 D com.heytap.mcs---Connect_a: MCS-->setHeartBeatAlarm() begin , and current time is :1732809558986
11-28 21:29:18.987 5508 8560 D com.heytap.mcs---Connect_a: MCS-->setHeartBeatAlarm() The nextHeartBeatSystemRealTime - System.currentTimeMillis() :-14
11-28 21:29:18.987 5508 8560 D com.heytap.mcs---Connect_d: MCS-->getHeartBeatTime--time:285000,min:285000,carrier:data
11-28 21:29:18.987 5508 8560 D com.heytap.mcs---Connect_a: MCS-->setHeartBeatAlarm() time inner smaller than heart beat trigger time millis :285000 nextHeartBeatSystemRealTime :1732809843987 nextHeartBeatElapsedTime:37979164
11-28 21:29:18.991 5508 8560 D com.heytap.mcs---Connect_a: MCS-->setHeartBeatAlarm() final heart beat time :285000 nextHeartBeatSystemRealTime :1732809843987 nextHeartBeatElapsedTime:37979164
11-28 21:29:18.992 5508 8560 D com.heytap.mcs---client: MCS-->push service set heartbeat alarm, next time after 285s with absolutely elapsed time :37979164
11-28 21:29:18.992 5508 8560 D com.heytap.mcs---NotificationSortHelper: MCS-->generateConditionalSQLStringAndArgs() :showType = ? and createTime < ? and messageDisplayStyle in (4,0,3,2,1) and expireTime > ? and post = ?
11-28 21:29:18.992 5508 8560 D com.heytap.mcs---NotificationSortHelper: MCS-->generateConditionalSQLStringAndArgs() : 0 1732809258992 1732809558992 0
11-28 21:29:18.992 5508 8560 D com.heytap.mcs---e: MCS-->getSptNotificationByArgs() : whereClause :showType = ? and createTime < ? and messageDisplayStyle in (4,0,3,2,1) and expireTime > ? and post = ? order by priority asc, createTime asc limit 1
11-28 21:29:18.992 5508 8560 I com.heytap.mcs---: MCS-->shareProvider--query2 uri:content://com.heytap.mcs.data.share/spt_notification_message
11-28 21:29:18.992 5508 8560 I com.heytap.mcs---: MCS-->shareProvider--query2 tableName:spt_notification_message,projection:,selection:showType = ? and createTime < ? and messageDisplayStyle in (4,0,3,2,1) and expireTime > ? and post = ? order by priority asc, createTime asc limit 1,selectionArgs Array:0,1732809258992,1732809558992,0,sortClause:null,limit:null
11-28 21:29:18.992 5508 8560 D com.heytap.mcs---h: MCS-->queryConditionalTableContentForProvider() : tableName:spt_notification_message,selection:showType = ? and createTime < ? and messageDisplayStyle in (4,0,3,2,1) and expireTime > ? and post = ? order by priority asc, createTime asc limit 1,selectionArgs:0,1732809258992,1732809558992,0
11-28 21:29:18.993 5508 8560 D com.heytap.mcs---e: MCS-->getSptNotificationByArgs: finish.
11-28 21:29:18.993 5508 8560 D com.heytap.mcs---: MCS-->WakeupUtil--releaseWakeLock:WakeLock{6846252 held=true, refCount=1}
11-28 21:29:18.993 5508 8783 D com.heytap.mcs---: MCS-->HashTask : no need to process : 1
11-28 21:29:18.993 5508 8783 D com.heytap.mcs---: MCS-->HashTask : no need to process : 2
11-28 21:29:18.993 5508 8783 D com.heytap.mcs---: MCS-->HashTask : before process task type : 4 status : 0 time : 1700466899663 FailCount : 0
11-28 21:29:18.993 5508 8783 D com.heytap.mcs---: MCS-->HashTask : no need to process : 5
11-28 21:29:18.993 5508 8783 D com.heytap.mcs---: MCS-->HashTask : no need to process : 6
11-28 21:29:19.001 3887 5676 D PhoneInterfaceManager: [PhoneIntfMgr] QueryTelephonyChecker-getDataNetworkTypeForSubscriber: packageName = com.innowireless.xcal.mobile5, isGrant = true
11-28 21:29:19.015 2523 3067 D WifiActiveModeWarden: there is no primary client manager, return the default one
11-28 21:29:19.063 3887 5676 D PhoneInterfaceManager: [PhoneIntfMgr] QueryTelephonyChecker-getDataNetworkTypeForSubscriber: packageName = com.innowireless.xcal.mobile5, isGrant = true
11-28 21:29:19.065 2523 3067 D WifiActiveModeWarden: there is no primary client manager, return the default one
11-28 21:29:19.065 2523 3433 D WifiService: getWifiEnabledState primaryClientMode is mDefaultClientModeManager
11-28 21:29:19.096 3887 5676 D PhoneInterfaceManager: [PhoneIntfMgr] QueryTelephonyChecker-getDataNetworkTypeForSubscriber: packageName = com.innowireless.xcal.mobile5, isGrant = true
11-28 21:29:19.129 3887 5676 D PhoneInterfaceManager: [PhoneIntfMgr] QueryTelephonyChecker-getDataNetworkTypeForSubscriber: packageName = com.innowireless.xcal.mobile5, isGrant = true
11-28 21:29:19.201 3887 5676 D PhoneInterfaceManager: [PhoneIntfMgr] QueryTelephonyChecker-getDataNetworkTypeForSubscriber: packageName = com.innowireless.xcal.mobile5, isGrant = true
11-28 21:29:19.214 8600 10913 D FTPC : getTotalBytes : 76216832 // 0 // 0
11-28 21:29:19.214 8600 10913 D AUTOCALL: ThroTimerTask doTask(...) afterPacket : 76216832
11-28 21:29:19.264 3887 3904 D PhoneInterfaceManager: [PhoneIntfMgr] QueryTelephonyChecker-getDataNetworkTypeForSubscriber: packageName = com.innowireless.xcal.mobile5, isGrant = true
11-28 21:29:19.343 3887 5676 D PhoneInterfaceManager: [PhoneIntfMgr] QueryTelephonyChecker-getDataNetworkTypeForSubscriber: packageName = com.innowireless.xcal.mobile5, isGrant = true
11-28 21:29:19.344 3887 3904 D PhoneInterfaceManager: [PhoneIntfMgr] QueryTelephonyChecker-getDataNetworkTypeForSubscriber: packageName = com.innowireless.xcal.mobile5, isGrant = true
11-28 21:29:19.368 3887 5676 D PhoneInterfaceManager: [PhoneIntfMgr] QueryTelephonyChecker-getDataNetworkTypeForSubscriber: packageName = com.innowireless.xcal.mobile5, isGrant = true
11-28 21:29:19.393 3887 5676 D PhoneInterfaceManager: [PhoneIntfMgr] QueryTelephonyChecker-getDataNetworkTypeForSubscriber: packageName = com.innowireless.xcal.mobile5, isGrant = true
11-28 21:29:19.394 3887 3904 D PhoneInterfaceManager: [PhoneIntfMgr] QueryTelephonyChecker-getDataNetworkTypeForSubscriber: packageName = com.innowireless.xcal.mobile5, isGrant = true
11-28 21:29:19.396 3887 5676 D PhoneInterfaceManager: [PhoneIntfMgr] QueryTelephonyChecker-getDataNetworkTypeForSubscriber: packageName = com.innowireless.xcal.mobile5, isGrant = true
11-28 21:29:19.417 1218 4398 I vendor.qti.bluetooth@1.0-ibs_handler: ProcessIbsCmd: Received IBS_WAKE_IND: 0xFD
11-28 21:29:19.418 1218 4398 D vendor.qti.bluetooth@1.0-ibs_handler: SerialClockVote: vote for UART CLK ON
11-28 21:29:19.418 1218 4398 D vendor.qti.bluetooth@1.0-wake_lock: Acquire wakelock is acquired
11-28 21:29:19.418 1218 4398 I vendor.qti.bluetooth@1.0-ibs_handler: ProcessIbsCmd: Writing IBS_WAKE_ACK
11-28 21:29:19.454 2523 2708 D OplusFeatureBrightnessBarController: mDarkLevel: 0
11-28 21:29:19.455 2523 3045 D OplusLocationStatistics: on recordTaskMark, key: gnssReportLocation
11-28 21:29:19.456 2523 2635 D LocationManagerService: incoming location from: gps
11-28 21:29:19.458 2523 2635 D LocationManagerService: incoming location from: gps
11-28 21:29:19.466 4443 5595 I FusedLocation: (REDACTED) location delivery to %s blocked - too close
11-28 21:29:19.467 4443 5595 I FusedLocation: (REDACTED) location delivery to %s blocked - too close
11-28 21:29:19.468 4443 5595 I FusedLocation: (REDACTED) location delivery to %s blocked - too fast
11-28 21:29:19.468 4443 5595 I FusedLocation: (REDACTED) location delivery to %s blocked - too fast
11-28 21:29:19.468 4443 5595 I FusedLocation: (REDACTED) location delivery to %s blocked - too fast
11-28 21:29:19.469 2523 3433 D LocationManagerService: incoming location from: fused
11-28 21:29:19.469 2523 3433 D LocationManagerService: incoming location from: fused
11-28 21:29:19.499 1218 4398 I vendor.qti.bluetooth@1.0-ibs_handler: ProcessIbsCmd: Received IBS_SLEEP_IND: 0xFE
11-28 21:29:19.499 1218 4398 D vendor.qti.bluetooth@1.0-ibs_handler: SerialClockVote: vote for UART CLK OFF
11-28 21:29:19.567 5266 9100 D DebugReportServiceHidlClient: getReport 1.1...
11-28 21:29:19.568 1237 1237 E LocSvc_HIDL_DebugReportService: Invalid count: 0
11-28 21:29:19.568 1237 1237 E LocSvc_HIDL_DebugReportService: Invalid count: 0
11-28 21:29:19.568 1237 1237 E LocSvc_HIDL_DebugReportService: Invalid count: 0
11-28 21:29:19.568 1237 1237 E LocSvc_HIDL_DebugReportService: Invalid count: 0
11-28 21:29:19.569 5266 9100 D DebugReportServiceHidlClient: getReport 1.1 success: true
11-28 21:29:19.569 5266 9100 D DebugReportServiceHidlClient: getReport 1.0 success: true
11-28 21:29:19.572 1254 1254 I android.hardware.thermal@2.0-service.qti: Sensor Name:shell_frametemp: 35. prev severity:0. cur severity:0 New severity:0
11-28 21:29:19.574 1254 1254 I android.hardware.thermal@2.0-service.qti: Sensor Name:skintemp: 38.142. prev severity:3. cur severity:0 New severity:0
11-28 21:29:19.574 1254 1254 I android.hardware.thermal@2.0-service.qti: Sensor Name:shell_fronttemp: 35. prev severity:0. cur severity:0 New severity:0
11-28 21:29:19.574 1254 1254 I android.hardware.thermal@2.0-service.qti: Sensor Name:shell_backtemp: 35. prev severity:0. cur severity:0 New severity:0
11-28 21:29:19.649 1218 4202 D vendor.qti.bluetooth@1.0-wake_lock: Release wakelock is released
11-28 21:29:19.716 8600 10913 D FTPC : getTotalBytes : 77152256 // 0 // 0
11-28 21:29:19.716 8600 10913 D AUTOCALL: ThroTimerTask doTask(...) afterPacket : 77152256
11-28 21:29:19.736 5508 9680 D com.heytap.mcs---Connect_HeartBeatLongConnectHandler: MCS-->channelRead() begin
11-28 21:29:19.737 5508 9680 D com.heytap.mcs---Connect_HeartBeatLongConnectHandler: MCS-->channelRead and lastHeartBeatReadTime is : 32163158791791
11-28 21:29:19.737 5508 9680 D com.heytap.mcs---Connect_HeartBeatLongConnectHandler: MCS-->channelRead and will cancel timeout task .
11-28 21:29:19.737 5508 9680 D com.heytap.mcs---client: MCS-->push service receive message from server...
11-28 21:29:19.737 5508 9680 D com.heytap.mcs---Connect_b: MCS-->channelRead----receive message--isSuccess:true,isFinished:true,message:success
11-28 21:29:19.737 5508 9680 D com.heytap.mcs---Connect_b: MCS-->judgeHeartBeatOrConnectStatus() begin .
11-28 21:29:19.737 5508 9680 D com.heytap.mcs---Connect_b: MCS-->judgeHeartBeatOrConnectStatus() PINGRESP: will call onHeartBeatSuccess()
11-28 21:29:19.737 5508 9680 D com.heytap.mcs---Connect_ConnectManager: MCS-->onHeartBeatSuccess()
11-28 21:29:19.737 5508 9680 D com.heytap.mcs---Connect_a: MCS-->increaseHearBeatCount() and heart beat count of current connect currentAccumulateHeartBeatCount :2 thresholdHeartBeatCountOfHighQuantityConnectCondition :1 isCurrentConnectWellQuality :true firstEstablishConnectTimeInBadQualitySituation:-1 badQualitySituationConnectCount :0
11-28 21:29:19.737 5508 9680 D com.heytap.mcs---Connect_a: MCS-->onHeartBeatSuccess() heartBeatSuccess and set connectTime : -1l
11-28 21:29:19.852 3887 5676 D PhoneInterfaceManager: [PhoneIntfMgr] QueryTelephonyChecker-getDataNetworkTypeForSubscriber: packageName = com.innowireless.xcal.mobile5, isGrant = true
11-28 21:29:19.856 3887 3904 D PhoneInterfaceManager: [PhoneIntfMgr] QueryTelephonyChecker-getDataNetworkTypeForSubscriber: packageName = com.innowireless.xcal.mobile5, isGrant = true
11-28 21:29:19.858 3887 5676 D PhoneInterfaceManager: [PhoneIntfMgr] QueryTelephonyChecker-getDataNetworkTypeForSubscriber: packageName = com.innowireless.xcal.mobile5, isGrant = true
11-28 21:29:19.880 8600 9108 D GPS : NMEA is invaild.
11-28 21:29:19.880 8600 9108 D GPS : mNMEASatelites : 12
11-28 21:29:19.881 8600 9108 D GPS : mGPSSatelites : 68
11-28 21:29:19.881 8600 9108 D GPS : Android GPS is vaild.
11-28 21:29:19.887 3887 5676 D PhoneInterfaceManager: [PhoneIntfMgr] QueryTelephonyChecker-getDataNetworkTypeForSubscriber: packageName = com.innowireless.xcal.mobile5, isGrant = true
11-28 21:29:19.890 3887 5676 D PhoneInterfaceManager: [PhoneIntfMgr] QueryTelephonyChecker-getDataNetworkTypeForSubscriber: packageName = com.innowireless.xcal.mobile5, isGrant = true
11-28 21:29:19.892 3887 5676 D PhoneInterfaceManager: [PhoneIntfMgr] QueryTelephonyChecker-getDataNetworkTypeForSubscriber: packageName = com.innowireless.xcal.mobile5, isGrant = true
11-28 21:29:19.893 3887 3904 D PhoneInterfaceManager: [PhoneIntfMgr] QueryTelephonyChecker-getDataNetworkTypeForSubscriber: packageName = com.innowireless.xcal.mobile5, isGrant = true
11-28 21:29:19.900 3887 3904 D PhoneInterfaceManager: [PhoneIntfMgr] QueryTelephonyChecker-getDataNetworkTypeForSubscriber: packageName = com.innowireless.xcal.mobile5, isGrant = true
11-28 21:29:19.901 3887 5676 D PhoneInterfaceManager: [PhoneIntfMgr] QueryTelephonyChecker-getDataNetworkTypeForSubscriber: packageName = com.innowireless.xcal.mobile5, isGrant = true
11-28 21:29:20.000 3887 3904 D PhoneInterfaceManager: [PhoneIntfMgr] QueryTelephonyChecker-getDataNetworkTypeForSubscriber: packageName = com.innowireless.xcal.mobile5, isGrant = true
11-28 21:29:20.001 1218 4398 I vendor.qti.bluetooth@1.0-ibs_handler: ProcessIbsCmd: Received IBS_WAKE_IND: 0xFD
11-28 21:29:20.001 1218 4398 D vendor.qti.bluetooth@1.0-ibs_handler: SerialClockVote: vote for UART CLK ON
11-28 21:29:20.002 1218 4398 D vendor.qti.bluetooth@1.0-wake_lock: Acquire wakelock is acquired
11-28 21:29:20.002 1218 4398 I vendor.qti.bluetooth@1.0-ibs_handler: ProcessIbsCmd: Writing IBS_WAKE_ACK
11-28 21:29:20.017 2523 3067 D WifiActiveModeWarden: there is no primary client manager, return the default one
11-28 21:29:20.084 1218 4398 I vendor.qti.bluetooth@1.0-ibs_handler: ProcessIbsCmd: Received IBS_SLEEP_IND: 0xFE
11-28 21:29:20.085 1218 4398 D vendor.qti.bluetooth@1.0-ibs_handler: SerialClockVote: vote for UART CLK OFF
11-28 21:29:20.096 3887 3904 D PhoneInterfaceManager: [PhoneIntfMgr] QueryTelephonyChecker-getDataNetworkTypeForSubscriber: packageName = com.innowireless.xcal.mobile5, isGrant = true
11-28 21:29:20.119 3887 3904 D PhoneInterfaceManager: [PhoneIntfMgr] QueryTelephonyChecker-getDataNetworkTypeForSubscriber: packageName = com.innowireless.xcal.mobile5, isGrant = true
11-28 21:29:20.121 2523 3067 D WifiActiveModeWarden: there is no primary client manager, return the default one
11-28 21:29:20.121 2523 3456 D WifiService: getWifiEnabledState primaryClientMode is mDefaultClientModeManager
11-28 21:29:20.130 3887 3904 D PhoneInterfaceManager: [PhoneIntfMgr] QueryTelephonyChecker-getDataNetworkTypeForSubscriber: packageName = com.innowireless.xcal.mobile5, isGrant = true
11-28 21:29:20.190 3887 3904 D PhoneInterfaceManager: [PhoneIntfMgr] QueryTelephonyChecker-getDataNetworkTypeForSubscriber: packageName = com.innowireless.xcal.mobile5, isGrant = true
11-28 21:29:20.220 8600 10913 D FTPC : getTotalBytes : 78096896 // 0 // 0
11-28 21:29:20.220 8600 10913 D AUTOCALL: ThroTimerTask doTask(...) afterPacket : 78096896
11-28 21:29:20.235 1218 4202 D vendor.qti.bluetooth@1.0-wake_lock: Release wakelock is released
11-28 21:29:20.287 3887 3904 D PhoneInterfaceManager: [PhoneIntfMgr] QueryTelephonyChecker-getDataNetworkTypeForSubscriber: packageName = com.innowireless.xcal.mobile5, isGrant = true
11-28 21:29:20.325 3887 5676 D PhoneInterfaceManager: [PhoneIntfMgr] QueryTelephonyChecker-getDataNetworkTypeForSubscriber: packageName = com.innowireless.xcal.mobile5, isGrant = true
11-28 21:29:20.326 3887 3904 D PhoneInterfaceManager: [PhoneIntfMgr] QueryTelephonyChecker-getDataNetworkTypeForSubscriber: packageName = com.innowireless.xcal.mobile5, isGrant = true
11-28 21:29:20.369 3887 3904 D PhoneInterfaceManager: [PhoneIntfMgr] QueryTelephonyChecker-getDataNetworkTypeForSubscriber: packageName = com.innowireless.xcal.mobile5, isGrant = true
11-28 21:29:20.392 3887 3904 D PhoneInterfaceManager: [PhoneIntfMgr] QueryTelephonyChecker-getDataNetworkTypeForSubscriber: packageName = com.innowireless.xcal.mobile5, isGrant = true
11-28 21:29:20.394 3887 3904 D PhoneInterfaceManager: [PhoneIntfMgr] QueryTelephonyChecker-getDataNetworkTypeForSubscriber: packageName = com.innowireless.xcal.mobile5, isGrant = true
11-28 21:29:20.395 3887 5676 D PhoneInterfaceManager: [PhoneIntfMgr] QueryTelephonyChecker-getDataNetworkTypeForSubscriber: packageName = com.innowireless.xcal.mobile5, isGrant = true
11-28 21:29:20.422 1338 1338 I OplusPerfParmCount: The num of client composition of in last 60013 ms is: 38
11-28 21:29:20.422 1338 1338 I OplusPerfParmCount: The num of blur fliter in last 60013 ms is: 252
11-28 21:29:20.422 1338 1338 I OplusPerfParmCount: The num of frame in last 60013 ms is: 869, jank frame is 183, DisplayHAL is 14, SurfaceFlingerCpuDeadlineMissed is 21, SurfaceFlingerGpuDeadlineMissed is 0, AppDeadlineMissed is 0, PredictionError is 65, SurfaceFlingerScheduling is 78, BufferStuffing is 0, Unknown is 0, SurfaceFlingerStuffing is 5
11-28 21:29:20.422 1338 1338 I Quality : SFJankCountInfo: 869; 0; 0; 15; 12; 8; 111; 6; 6; 4; 2
11-28 21:29:20.422 1338 1338 I OplusPerfParmCount: The layer number in last 60013ms is: 5 layer, 1131 time,
11-28 21:29:20.445 2523 2658 D OplusLocationStatistics: on recordTaskMark, key: gnssReportLocation
11-28 21:29:20.445 2523 2635 D LocationManagerService: incoming location from: gps
11-28 21:29:20.447 2523 2635 D LocationManagerService: incoming location from: gps
11-28 21:29:20.454 4443 5595 I FusedLocation: (REDACTED) location delivery to %s blocked - too close
11-28 21:29:20.454 2523 2708 D OplusFeatureBrightnessBarController: mDarkLevel: 0
11-28 21:29:20.455 4443 5595 I FusedLocation: (REDACTED) location delivery to %s blocked - too close
11-28 21:29:20.456 4443 5595 I FusedLocation: (REDACTED) location delivery to %s blocked - too fast
11-28 21:29:20.456 4443 5595 I FusedLocation: (REDACTED) location delivery to %s blocked - too fast
11-28 21:29:20.456 2523 4105 D LocationManagerService: incoming location from: fused
11-28 21:29:20.457 2523 4105 D LocationManagerService: incoming location from: fused
11-28 21:29:20.457 4443 5595 I FusedLocation: (REDACTED) location delivery to %s blocked - too fast
11-28 21:29:20.511 4443 8214 I NearbyMediums: Found Fast Ble Advertisements :
11-28 21:29:20.511 4443 8214 I NearbyMediums: BleAdvertisement { version=2, socketVersion=2, isFast=true, serviceIdHash=null, data=[ 0x23 0x56 0x54 0x42 0x42 0x11 0x32 0xea 0xee 0x17 0x69 0x63 0xf9 0xa1 0xa3 0xc6 0x7f 0xcc 0xa1 0x1c 0x1b 0x6e 0xcc ], deviceToken=[ 0xe6 0x39 ], rxAdvertisement=null } : 4 times.
11-28 21:29:20.511 4443 8214 I NearbyMediums: BleAdvertisement { version=2, socketVersion=2, isFast=true, serviceIdHash=null, data=[ 0x23 0x46 0x32 0x5a 0x4d 0x11 0x32 0x82 0x50 0x0d 0xd2 0x27 0xa9 0x6f 0xf4 0x0b 0x2d 0x53 0x92 0xd8 0xae 0x4a 0xb4 ], deviceToken=[ 0xc4 0x4d ], rxAdvertisement=null } : 8 times.
11-28 21:29:20.511 4443 8214 I NearbyMediums: Total 12 fast advertisements from 2 unique advertisers.
11-28 21:29:20.512 4443 8214 I NearbyMediums: Found BLE GATT Advertisements :
11-28 21:29:20.512 4443 8214 I NearbyMediums: BleAdvertisement { version=2, socketVersion=2, isFast=false, serviceIdHash=[ 0xfc 0x9f 0x5e ], data=[ 0x23 0xfc 0x9f 0x5e 0x33 0x4f 0x58 0x49 0x1d 0x06 0x93 0x67 0xe9 0x7f 0xb7 0xb8 0x94 0x7d 0xdc 0x48 0x0b 0x2b 0x55 0xf2 0x61 0x77 0x0b 0x50 0x72 0x61 0x74 0x69 0x6b 0x27 0x73 0x20 0x50 0x43 0x30 0x89 0x4a 0xc6 0x21 0x12 0x00 0x00 ], deviceToken=[ 0x38 0xd8 ], rxAdvertisement=null } : 13 times.
11-28 21:29:20.512 4443 8214 I NearbyMediums: Total 13 GATT advertisements from 1 unique advertisers.
11-28 21:29:20.567 5266 9100 D DebugReportServiceHidlClient: getReport 1.1...
11-28 21:29:20.568 1237 1237 E LocSvc_HIDL_DebugReportService: Invalid count: 0
11-28 21:29:20.568 1237 1237 E LocSvc_HIDL_DebugReportService: Invalid count: 0
11-28 21:29:20.568 1237 1237 E LocSvc_HIDL_DebugReportService: Invalid count: 0
11-28 21:29:20.568 1237 1237 E LocSvc_HIDL_DebugReportService: Invalid count: 0
11-28 21:29:20.568 5266 9100 D DebugReportServiceHidlClient: getReport 1.1 success: true
11-28 21:29:20.569 5266 9100 D DebugReportServiceHidlClient: getReport 1.0 success: true
11-28 21:29:20.578 1254 1254 I android.hardware.thermal@2.0-service.qti: Sensor Name:shell_frametemp: 35. prev severity:0. cur severity:0 New severity:0
11-28 21:29:20.583 1254 1254 I android.hardware.thermal@2.0-service.qti: Sensor Name:skintemp: 38.119. prev severity:3. cur severity:0 New severity:0
11-28 21:29:20.583 1254 1254 I android.hardware.thermal@2.0-service.qti: Sensor Name:shell_fronttemp: 35. prev severity:0. cur severity:0 New severity:0
11-28 21:29:20.583 1254 1254 I android.hardware.thermal@2.0-service.qti: Sensor Name:shell_backtemp: 35. prev severity:0. cur severity:0 New severity:0
11-28 21:29:20.588 1218 4398 I vendor.qti.bluetooth@1.0-ibs_handler: ProcessIbsCmd: Received IBS_WAKE_IND: 0xFD
11-28 21:29:20.589 1218 4398 D vendor.qti.bluetooth@1.0-ibs_handler: SerialClockVote: vote for UART CLK ON
11-28 21:29:20.589 1218 4398 D vendor.qti.bluetooth@1.0-wake_lock: Acquire wakelock is acquired
11-28 21:29:20.589 1218 4398 I vendor.qti.bluetooth@1.0-ibs_handler: ProcessIbsCmd: Writing IBS_WAKE_ACK
11-28 21:29:20.716 1218 4398 I vendor.qti.bluetooth@1.0-ibs_handler: ProcessIbsCmd: Received IBS_SLEEP_IND: 0xFE
11-28 21:29:20.716 1218 4398 D vendor.qti.bluetooth@1.0-ibs_handler: SerialClockVote: vote for UART CLK OFF
11-28 21:29:20.721 8600 10913 D FTPC : getTotalBytes : 78755328 // 0 // 0
11-28 21:29:20.721 8600 10913 D AUTOCALL: ThroTimerTask doTask(...) afterPacket : 78755328
11-28 21:29:20.851 3887 5676 D PhoneInterfaceManager: [PhoneIntfMgr] QueryTelephonyChecker-getDataNetworkTypeForSubscriber: packageName = com.innowireless.xcal.mobile5, isGrant = true
11-28 21:29:20.854 3887 3904 D PhoneInterfaceManager: [PhoneIntfMgr] QueryTelephonyChecker-getDataNetworkTypeForSubscriber: packageName = com.innowireless.xcal.mobile5, isGrant = true
11-28 21:29:20.858 3887 5676 D PhoneInterfaceManager: [PhoneIntfMgr] QueryTelephonyChecker-getDataNetworkTypeForSubscriber: packageName = com.innowireless.xcal.mobile5, isGrant = true
11-28 21:29:20.867 1218 4202 D vendor.qti.bluetooth@1.0-wake_lock: Release wakelock is released
11-28 21:29:20.869 8600 8600 I Quality : Skipped: true 1 cost 17.747063 refreshRate 0 processName com.innowireless.xcal.mobile5
11-28 21:29:20.880 8600 9108 D GPS : NMEA is invaild.
11-28 21:29:20.880 8600 9108 D GPS : mNMEASatelites : 12
11-28 21:29:20.880 8600 9108 D GPS : mGPSSatelites : 69
11-28 21:29:20.880 8600 9108 D GPS : Android GPS is vaild.
11-28 21:29:20.889 3887 5676 D PhoneInterfaceManager: [PhoneIntfMgr] QueryTelephonyChecker-getDataNetworkTypeForSubscriber: packageName = com.innowireless.xcal.mobile5, isGrant = true
11-28 21:29:20.890 3887 5676 D PhoneInterfaceManager: [PhoneIntfMgr] QueryTelephonyChecker-getDataNetworkTypeForSubscriber: packageName = com.innowireless.xcal.mobile5, isGrant = true
11-28 21:29:20.893 3887 5676 D PhoneInterfaceManager: [PhoneIntfMgr] QueryTelephonyChecker-getDataNetworkTypeForSubscriber: packageName = com.innowireless.xcal.mobile5, isGrant = true
11-28 21:29:20.894 3887 3904 D PhoneInterfaceManager: [PhoneIntfMgr] QueryTelephonyChecker-getDataNetworkTypeForSubscriber: packageName = com.innowireless.xcal.mobile5, isGrant = true
11-28 21:29:20.900 8600 9740 I GLThread: waiting tid=2931 mHaveEglContext: false mHaveEglSurface: false mPaused: false mHasSurface: false mSurfaceIsBad: false mWaitingForSurface: true mWidth: 0 mHeight: 0 mRequestRender: true mRenderMode: 0
11-28 21:29:20.903 3887 5676 D PhoneInterfaceManager: [PhoneIntfMgr] QueryTelephonyChecker-getDataNetworkTypeForSubscriber: packageName = com.innowireless.xcal.mobile5, isGrant = true
11-28 21:29:20.907 3887 3904 D PhoneInterfaceManager: [PhoneIntfMgr] QueryTelephonyChecker-getDataNetworkTypeForSubscriber: packageName = com.innowireless.xcal.mobile5, isGrant = true
11-28 21:29:21.004 3887 3904 D PhoneInterfaceManager: [PhoneIntfMgr] QueryTelephonyChecker-getDataNetworkTypeForSubscriber: packageName = com.innowireless.xcal.mobile5, isGrant = true
11-28 21:29:21.023 2523 3067 D WifiActiveModeWarden: there is no primary client manager, return the default one
11-28 21:29:21.098 3887 3904 D PhoneInterfaceManager: [PhoneIntfMgr] QueryTelephonyChecker-getDataNetworkTypeForSubscriber: packageName = com.innowireless.xcal.mobile5, isGrant = true
11-28 21:29:21.174 3887 3904 D PhoneInterfaceManager: [PhoneIntfMgr] QueryTelephonyChecker-getDataNetworkTypeForSubscriber: packageName = com.innowireless.xcal.mobile5, isGrant = true
11-28 21:29:21.177 2523 3067 D WifiActiveModeWarden: there is no primary client manager, return the default one
11-28 21:29:21.178 2523 3433 D WifiService: getWifiEnabledState primaryClientMode is mDefaultClientModeManager
11-28 21:29:21.181 3887 3904 D PhoneInterfaceManager: [PhoneIntfMgr] QueryTelephonyChecker-getDataNetworkTypeForSubscriber: packageName = com.innowireless.xcal.mobile5, isGrant = true
11-28 21:29:21.220 8600 10913 D FTPC : getTotalBytes : 79429632 // 0 // 0
11-28 21:29:21.220 8600 10913 D AUTOCALL: ThroTimerTask doTask(...) afterPacket : 79429632
11-28 21:29:21.244 3887 3904 D PhoneInterfaceManager: [PhoneIntfMgr] QueryTelephonyChecker-getDataNetworkTypeForSubscriber: packageName = com.innowireless.xcal.mobile5, isGrant = true
11-28 21:29:21.297 1218 4398 I vendor.qti.bluetooth@1.0-ibs_handler: ProcessIbsCmd: Received IBS_WAKE_IND: 0xFD
11-28 21:29:21.298 1218 4398 D vendor.qti.bluetooth@1.0-ibs_handler: SerialClockVote: vote for UART CLK ON
11-28 21:29:21.298 1218 4398 D vendor.qti.bluetooth@1.0-wake_lock: Acquire wakelock is acquired
11-28 21:29:21.298 1218 4398 I vendor.qti.bluetooth@1.0-ibs_handler: ProcessIbsCmd: Writing IBS_WAKE_ACK
11-28 21:29:21.316 3887 3904 D PhoneInterfaceManager: [PhoneIntfMgr] QueryTelephonyChecker-getDataNetworkTypeForSubscriber: packageName = com.innowireless.xcal.mobile5, isGrant = true
11-28 21:29:21.328 3887 5676 D PhoneInterfaceManager: [PhoneIntfMgr] QueryTelephonyChecker-getDataNetworkTypeForSubscriber: packageName = com.innowireless.xcal.mobile5, isGrant = true
11-28 21:29:21.330 3887 5676 D PhoneInterfaceManager: [PhoneIntfMgr] QueryTelephonyChecker-getDataNetworkTypeForSubscriber: packageName = com.innowireless.xcal.mobile5, isGrant = true
11-28 21:29:21.371 3887 3904 D PhoneInterfaceManager: [PhoneIntfMgr] QueryTelephonyChecker-getDataNetworkTypeForSubscriber: packageName = com.innowireless.xcal.mobile5, isGrant = true
11-28 21:29:21.393 3887 3904 D PhoneInterfaceManager: [PhoneIntfMgr] QueryTelephonyChecker-getDataNetworkTypeForSubscriber: packageName = com.innowireless.xcal.mobile5, isGrant = true
11-28 21:29:21.394 3887 5676 D PhoneInterfaceManager: [PhoneIntfMgr] QueryTelephonyChecker-getDataNetworkTypeForSubscriber: packageName = com.innowireless.xcal.mobile5, isGrant = true
11-28 21:29:21.396 3887 3904 D PhoneInterfaceManager: [PhoneIntfMgr] QueryTelephonyChecker-getDataNetworkTypeForSubscriber: packageName = com.innowireless.xcal.mobile5, isGrant = true
11-28 21:29:21.397 1218 4398 I vendor.qti.bluetooth@1.0-ibs_handler: ProcessIbsCmd: Received IBS_SLEEP_IND: 0xFE
11-28 21:29:21.397 1218 4398 D vendor.qti.bluetooth@1.0-ibs_handler: SerialClockVote: vote for UART CLK OFF
11-28 21:29:21.451 2523 2658 D OplusLocationStatistics: on recordTaskMark, key: gnssReportLocation
11-28 21:29:21.451 2523 2635 D LocationManagerService: incoming location from: gps
11-28 21:29:21.454 2523 2635 D LocationManagerService: incoming location from: gps
11-28 21:29:21.462 4443 5595 I FusedLocation: (REDACTED) location delivery to %s blocked - too close
11-28 21:29:21.463 4443 5595 I FusedLocation: (REDACTED) location delivery to %s blocked - too close
11-28 21:29:21.464 4443 5595 I FusedLocation: (REDACTED) location delivery to %s blocked - too fast
11-28 21:29:21.464 4443 5595 I FusedLocation: (REDACTED) location delivery to %s blocked - too fast
11-28 21:29:21.464 4443 5595 I FusedLocation: (REDACTED) location delivery to %s blocked - too fast
11-28 21:29:21.464 2523 4564 D LocationManagerService: incoming location from: fused
11-28 21:29:21.464 2523 4564 D LocationManagerService: incoming location from: fused
11-28 21:29:21.547 1218 4202 D vendor.qti.bluetooth@1.0-wake_lock: Release wakelock is released
11-28 21:29:21.567 5266 9100 D DebugReportServiceHidlClient: getReport 1.1...
11-28 21:29:21.568 1237 1237 E LocSvc_HIDL_DebugReportService: Invalid count: 0
11-28 21:29:21.568 1237 1237 E LocSvc_HIDL_DebugReportService: Invalid count: 0
11-28 21:29:21.568 1237 1237 E LocSvc_HIDL_DebugReportService: Invalid count: 0
11-28 21:29:21.568 1237 1237 E LocSvc_HIDL_DebugReportService: Invalid count: 0
11-28 21:29:21.568 5266 9100 D DebugReportServiceHidlClient: getReport 1.1 success: true
11-28 21:29:21.569 5266 9100 D DebugReportServiceHidlClient: getReport 1.0 success: true
11-28 21:29:21.576 1254 1254 I android.hardware.thermal@2.0-service.qti: Sensor Name:shell_frametemp: 35. prev severity:0. cur severity:0 New severity:0
11-28 21:29:21.580 1254 1254 I android.hardware.thermal@2.0-service.qti: Sensor Name:skintemp: 38.122. prev severity:3. cur severity:0 New severity:0
11-28 21:29:21.580 1254 1254 I android.hardware.thermal@2.0-service.qti: Sensor Name:shell_fronttemp: 35. prev severity:0. cur severity:0 New severity:0
11-28 21:29:21.581 1254 1254 I android.hardware.thermal@2.0-service.qti: Sensor Name:shell_backtemp: 35. prev severity:0. cur severity:0 New severity:0
11-28 21:29:21.628 2523 3710 I OplusHansManager : uid=10287, pkg=org.zwanoo.android.speedtest can transition from M to F
11-28 21:29:21.628 2523 3710 I OplusHansManager : uid=10287, pkg=org.zwanoo.android.speedtest F enter()
11-28 21:29:21.633 3887 3887 D TelephonyManager: requestModemActivityInfo: Sending result to app: ModemActivityInfo{ mTimestamp=37696809 mSleepTimeMs=17363292 mIdleTimeMs=7232340 mTxTimeMs[]=[334774, 30564, 10445, 9900, 3375] mRxTimeMs=12574061}
11-28 21:29:21.635 2523 3710 I OplusHansManager : freeze uid: 10287 org.zwanoo.android.speedtest pids: [31811] scene: LcdOn
11-28 21:29:21.642 2523 3710 I OplusHansManager : uid=10271, pkg=com.oneplus.brickmode can transition from M to F
11-28 21:29:21.642 2523 3710 I OplusHansManager : uid=10271, pkg=com.oneplus.brickmode F enter()
11-28 21:29:21.642 3720 3720 E ModemAciService: CatchException oemModemAci2OplusModemAci():java.lang.IndexOutOfBoundsException: Index 103 out of bounds for length 85
11-28 21:29:21.645 2523 3710 I OplusHansManager : freeze uid: 10271 com.oneplus.brickmode pids: [4870] scene: LcdOn
11-28 21:29:21.648 3720 3720 I ModemAciService: UMF LO: OplusModemActivityInfo{ date=11-28 21:29:21.641 modemPowermA[]=[127.91,123.42,133.19] sleepTimeMs=0 idleTimeMs=0 rxTimeMs=4046 5gRxTimeMs=0 txTimeMs[]=[333, 660, 2, 0, 0] 5gTxTimeMs[]=[0, 0, 0, 0, 0] techTimeMs[]=[0, 0, 0, 0, 5040, 0, 0, 0, 0] rrcConn10sC[]=[0, 0] rrcConn20sC[]=[0, 0] rrcConnMore20sC[]=[0, 0] rrcConnC[]=[0, 0] csChangedC[]=[0, 0] psChangedC[]=[0, 0] iRatC[]=[0, 0] cellUpdateC[]=[0, 0] nwSrchC[]=[0, 0] nwSrchT[]=[0, 0] lteRrcConnT[]=[5, 0] psRegT[]=[5, 0] csRegT[]=[5, 0] psNoRegT[]=[0, 5] csNoRegT[]=[0, 5] sigGrid0T[]=[0, 0] endcActT[]=[0, 0] saActT[]=[0, 0] gpsTimeMs=5040 wlanTimeMs=0 regReqFbC[]=[0, 62] regReqTransAcqDbC[]=[11, 0] saRrcConn10sC[]=[0, 0] saRrcConn20sC[]=[0, 0] saRrcConnMore20sC[]=[0, 0] saRrcConnC[]=[1574, 0] lteHoC[]=[0, 0] saHoC[]=[0, 0] saRrcConnT[]=[0, 0] lteBandDurationSim0[]=[0, 0, 0, 0, 0, 0, 0, 0, 0] lteBandDurationSim1[]=[0, 0, 0, 0, 0, 0, 0, 0, 0] nrBandDurationSim0[]=[0, 0, 0, 0, 0, 0] nrBandDurationSim1[]=[0, 0, 0, 0, 0, 0] sensorStationaryC=0 sensorStationaryT=0 modemStationaryC=0 modemStationaryT=0}
11-28 21:29:21.649 6918 5993 D IHansComunication: HansComunication::addUid-- 10271
11-28 21:29:21.649 6918 5993 D IHansComunication: HANS sendMessageToKernel: threadId = 530591591600, netLinkSetup = 1, type = PKG, targetUid = 10271, pkgCmd = ADD_ONE_UID
11-28 21:29:21.649 3720 3720 I ModemAciService: UMF CH: OplusModemActivityInfo{ date=11-28 21:29:21.641 modemPowermA[]=[127.91,123.42,133.19] sleepTimeMs=0 idleTimeMs=0 rxTimeMs=4046 5gRxTimeMs=0 txTimeMs[]=[333, 660, 2, 0, 0] 5gTxTimeMs[]=[0, 0, 0, 0, 0] techTimeMs[]=[0, 0, 0, 0, 5040, 0, 0, 0, 0] rrcConn10sC[]=[0, 0] rrcConn20sC[]=[0, 0] rrcConnMore20sC[]=[0, 0] rrcConnC[]=[0, 0] csChangedC[]=[0, 0] psChangedC[]=[0, 0] iRatC[]=[0, 0] cellUpdateC[]=[0, 0] nwSrchC[]=[0, 0] nwSrchT[]=[0, 0] lteRrcConnT[]=[5, 0] psRegT[]=[5, 0] csRegT[]=[5, 0] psNoRegT[]=[0, 5] csNoRegT[]=[0, 5] sigGrid0T[]=[0, 0] endcActT[]=[0, 0] saActT[]=[0, 0] gpsTimeMs=5040 wlanTimeMs=0 regReqFbC[]=[0, 62] regReqTransAcqDbC[]=[11, 0] saRrcConn10sC[]=[0, 0] saRrcConn20sC[]=[0, 0] saRrcConnMore20sC[]=[0, 0] saRrcConnC[]=[1574, 0] lteHoC[]=[0, 0] saHoC[]=[0, 0] saRrcConnT[]=[0, 0] lteBandDurationSim0[]=[0, 0, 0, 0, 0, 0, 0, 0, 0] lteBandDurationSim1[]=[0, 0, 0, 0, 0, 0, 0, 0, 0] nrBandDurationSim0[]=[0, 0, 0, 0, 0, 0] nrBandDurationSim1[]=[0, 0, 0, 0, 0, 0] sensorStationaryC=0 sensorStationaryT=0 modemStationaryC=0 modemStationaryT=0}
11-28 21:29:21.649 3720 3720 I ModemAciService: UMF LS: OplusModemActivityInfo{ date=11-28 21:29:21.641 modemPowermA[]=[127.91,123.42,133.19] sleepTimeMs=0 idleTimeMs=0 rxTimeMs=4046 5gRxTimeMs=0 txTimeMs[]=[333, 660, 2, 0, 0] 5gTxTimeMs[]=[0, 0, 0, 0, 0] techTimeMs[]=[0, 0, 0, 0, 5040, 0, 0, 0, 0] rrcConn10sC[]=[0, 0] rrcConn20sC[]=[0, 0] rrcConnMore20sC[]=[0, 0] rrcConnC[]=[0, 0] csChangedC[]=[0, 0] psChangedC[]=[0, 0] iRatC[]=[0, 0] cellUpdateC[]=[0, 0] nwSrchC[]=[0, 0] nwSrchT[]=[0, 0] lteRrcConnT[]=[5, 0] psRegT[]=[5, 0] csRegT[]=[5, 0] psNoRegT[]=[0, 5] csNoRegT[]=[0, 5] sigGrid0T[]=[0, 0] endcActT[]=[0, 0] saActT[]=[0, 0] gpsTimeMs=5040 wlanTimeMs=0 regReqFbC[]=[0, 62] regReqTransAcqDbC[]=[11, 0] saRrcConn10sC[]=[0, 0] saRrcConn20sC[]=[0, 0] saRrcConnMore20sC[]=[0, 0] saRrcConnC[]=[1574, 0] lteHoC[]=[0, 0] saHoC[]=[0, 0] saRrcConnT[]=[0, 0] lteBandDurationSim0[]=[0, 0, 0, 0, 0, 0, 0, 0, 0] lteBandDurationSim1[]=[0, 0, 0, 0, 0, 0, 0, 0, 0] nrBandDurationSim0[]=[0, 0, 0, 0, 0, 0] nrBandDurationSim1[]=[0, 0, 0, 0, 0, 0] sensorStationaryC=0 sensorStationaryT=0 modemStationaryC=0 modemStationaryT=0}
11-28 21:29:21.725 8600 10913 D FTPC : getTotalBytes : 80190464 // 0 // 0
11-28 21:29:21.725 8600 10913 D AUTOCALL: ThroTimerTask doTask(...) afterPacket : 80190464
11-28 21:29:21.850 3887 3904 D PhoneInterfaceManager: [PhoneIntfMgr] QueryTelephonyChecker-getDataNetworkTypeForSubscriber: packageName = com.innowireless.xcal.mobile5, isGrant = true
11-28 21:29:21.852 3887 5676 D PhoneInterfaceManager: [PhoneIntfMgr] QueryTelephonyChecker-getDataNetworkTypeForSubscriber: packageName = com.innowireless.xcal.mobile5, isGrant = true
11-28 21:29:21.854 3887 7417 D PhoneInterfaceManager: [PhoneIntfMgr] QueryTelephonyChecker-getDataNetworkTypeForSubscriber: packageName = com.innowireless.xcal.mobile5, isGrant = true
11-28 21:29:21.881 8600 9108 D GPS : NMEA is invaild.
11-28 21:29:21.881 8600 9108 D GPS : mNMEASatelites : 12
11-28 21:29:21.881 8600 9108 D GPS : mGPSSatelites : 66
11-28 21:29:21.881 8600 9108 D GPS : Android GPS is vaild.
11-28 21:29:21.885 3887 5676 D PhoneInterfaceManager: [PhoneIntfMgr] QueryTelephonyChecker-getDataNetworkTypeForSubscriber: packageName = com.innowireless.xcal.mobile5, isGrant = true
11-28 21:29:21.887 3887 5676 D PhoneInterfaceManager: [PhoneIntfMgr] QueryTelephonyChecker-getDataNetworkTypeForSubscriber: packageName = com.innowireless.xcal.mobile5, isGrant = true
11-28 21:29:21.889 3887 5676 D PhoneInterfaceManager: [PhoneIntfMgr] QueryTelephonyChecker-getDataNetworkTypeForSubscriber: packageName = com.innowireless.xcal.mobile5, isGrant = true
11-28 21:29:21.890 3887 5676 D PhoneInterfaceManager: [PhoneIntfMgr] QueryTelephonyChecker-getDataNetworkTypeForSubscriber: packageName = com.innowireless.xcal.mobile5, isGrant = true
11-28 21:29:21.894 3887 7417 D PhoneInterfaceManager: [PhoneIntfMgr] QueryTelephonyChecker-getDataNetworkTypeForSubscriber: packageName = com.innowireless.xcal.mobile5, isGrant = true
11-28 21:29:21.895 3887 3904 D PhoneInterfaceManager: [PhoneIntfMgr] QueryTelephonyChecker-getDataNetworkTypeForSubscriber: packageName = com.innowireless.xcal.mobile5, isGrant = true
11-28 21:29:21.902 8600 9740 I GLThread: waiting tid=2931 mHaveEglContext: false mHaveEglSurface: false mPaused: false mHasSurface: false mSurfaceIsBad: false mWaitingForSurface: true mWidth: 0 mHeight: 0 mRequestRender: true mRenderMode: 0
11-28 21:29:21.953 1218 4398 I vendor.qti.bluetooth@1.0-ibs_handler: ProcessIbsCmd: Received IBS_WAKE_IND: 0xFD
11-28 21:29:21.953 1218 4398 D vendor.qti.bluetooth@1.0-ibs_handler: SerialClockVote: vote for UART CLK ON
11-28 21:29:21.954 1218 4398 D vendor.qti.bluetooth@1.0-wake_lock: Acquire wakelock is acquired
11-28 21:29:21.954 1218 4398 I vendor.qti.bluetooth@1.0-ibs_handler: ProcessIbsCmd: Writing IBS_WAKE_ACK
11-28 21:29:22.006 3887 3904 D PhoneInterfaceManager: [PhoneIntfMgr] QueryTelephonyChecker-getDataNetworkTypeForSubscriber: packageName = com.innowireless.xcal.mobile5, isGrant = true
11-28 21:29:22.024 2523 3067 D WifiActiveModeWarden: there is no primary client manager, return the default one
11-28 21:29:22.050 1218 4398 I vendor.qti.bluetooth@1.0-ibs_handler: ProcessIbsCmd: Received IBS_SLEEP_IND: 0xFE
11-28 21:29:22.050 1218 4398 D vendor.qti.bluetooth@1.0-ibs_handler: SerialClockVote: vote for UART CLK OFF
11-28 21:29:22.099 3887 3904 D PhoneInterfaceManager: [PhoneIntfMgr] QueryTelephonyChecker-getDataNetworkTypeForSubscriber: packageName = com.innowireless.xcal.mobile5, isGrant = true
11-28 21:29:22.137 3887 3904 D PhoneInterfaceManager: [PhoneIntfMgr] QueryTelephonyChecker-getDataNetworkTypeForSubscriber: packageName = com.innowireless.xcal.mobile5, isGrant = true
11-28 21:29:22.200 1218 4202 D vendor.qti.bluetooth@1.0-wake_lock: Release wakelock is released
11-28 21:29:22.220 3887 3904 D PhoneInterfaceManager: [PhoneIntfMgr] QueryTelephonyChecker-getDataNetworkTypeForSubscriber: packageName = com.innowireless.xcal.mobile5, isGrant = true
11-28 21:29:22.223 8600 10913 D FTPC : getTotalBytes : 81229312 // 0 // 0
11-28 21:29:22.224 8600 10913 D AUTOCALL: ThroTimerTask doTask(...) afterPacket : 81229312
11-28 21:29:22.236 3887 3904 D PhoneInterfaceManager: [PhoneIntfMgr] QueryTelephonyChecker-getDataNetworkTypeForSubscriber: packageName = com.innowireless.xcal.mobile5, isGrant = true
11-28 21:29:22.237 2523 3067 D WifiActiveModeWarden: there is no primary client manager, return the default one
11-28 21:29:22.238 2523 4105 D WifiService: getWifiEnabledState primaryClientMode is mDefaultClientModeManager
11-28 21:29:22.294 3887 7417 D PhoneInterfaceManager: [PhoneIntfMgr] QueryTelephonyChecker-getDataNetworkTypeForSubscriber: packageName = com.innowireless.xcal.mobile5, isGrant = true
11-28 21:29:22.325 3887 3904 D PhoneInterfaceManager: [PhoneIntfMgr] QueryTelephonyChecker-getDataNetworkTypeForSubscriber: packageName = com.innowireless.xcal.mobile5, isGrant = true
11-28 21:29:22.326 3887 7417 D PhoneInterfaceManager: [PhoneIntfMgr] QueryTelephonyChecker-getDataNetworkTypeForSubscriber: packageName = com.innowireless.xcal.mobile5, isGrant = true
11-28 21:29:22.381 3887 3904 D PhoneInterfaceManager: [PhoneIntfMgr] QueryTelephonyChecker-getDataNetworkTypeForSubscriber: packageName = com.innowireless.xcal.mobile5, isGrant = true
11-28 21:29:22.393 3887 3904 D PhoneInterfaceManager: [PhoneIntfMgr] QueryTelephonyChecker-getDataNetworkTypeForSubscriber: packageName = com.innowireless.xcal.mobile5, isGrant = true
11-28 21:29:22.394 3887 7417 D PhoneInterfaceManager: [PhoneIntfMgr] QueryTelephonyChecker-getDataNetworkTypeForSubscriber: packageName = com.innowireless.xcal.mobile5, isGrant = true
11-28 21:29:22.395 3887 5676 D PhoneInterfaceManager: [PhoneIntfMgr] QueryTelephonyChecker-getDataNetworkTypeForSubscriber: packageName = com.innowireless.xcal.mobile5, isGrant = true
11-28 21:29:22.457 2523 3580 D OplusLocationStatistics: on recordTaskMark, key: gnssReportLocation
11-28 21:29:22.458 2523 2635 D LocationManagerService: incoming location from: gps
11-28 21:29:22.461 2523 2635 D LocationManagerService: incoming location from: gps
11-28 21:29:22.477 4443 5595 I FusedLocation: (REDACTED) location delivery to %s blocked - too close
11-28 21:29:22.478 4443 5595 I FusedLocation: (REDACTED) location delivery to %s blocked - too close
11-28 21:29:22.479 4443 5595 I FusedLocation: (REDACTED) location delivery to %s blocked - too fast
11-28 21:29:22.479 4443 5595 I FusedLocation: (REDACTED) location delivery to %s blocked - too fast
11-28 21:29:22.479 4443 5595 I FusedLocation: (REDACTED) location delivery to %s blocked - too fast
11-28 21:29:22.480 2523 3456 D LocationManagerService: incoming location from: fused
11-28 21:29:22.483 2523 3456 D LocationManagerService: incoming location from: fused
11-28 21:29:22.538 1218 4398 I vendor.qti.bluetooth@1.0-ibs_handler: ProcessIbsCmd: Received IBS_WAKE_IND: 0xFD
11-28 21:29:22.538 1218 4398 D vendor.qti.bluetooth@1.0-ibs_handler: SerialClockVote: vote for UART CLK ON
11-28 21:29:22.538 1218 4398 D vendor.qti.bluetooth@1.0-wake_lock: Acquire wakelock is acquired
11-28 21:29:22.538 1218 4398 I vendor.qti.bluetooth@1.0-ibs_handler: ProcessIbsCmd: Writing IBS_WAKE_ACK
11-28 21:29:22.567 5266 9100 D DebugReportServiceHidlClient: getReport 1.1...
11-28 21:29:22.568 1237 1237 E LocSvc_HIDL_DebugReportService: Invalid count: 0
11-28 21:29:22.568 1237 1237 E LocSvc_HIDL_DebugReportService: Invalid count: 0
11-28 21:29:22.568 1237 1237 E LocSvc_HIDL_DebugReportService: Invalid count: 0
11-28 21:29:22.568 1237 1237 E LocSvc_HIDL_DebugReportService: Invalid count: 0
11-28 21:29:22.569 5266 9100 D DebugReportServiceHidlClient: getReport 1.1 success: true
11-28 21:29:22.569 5266 9100 D DebugReportServiceHidlClient: getReport 1.0 success: true
11-28 21:29:22.581 1254 1254 I android.hardware.thermal@2.0-service.qti: Sensor Name:shell_frametemp: 35. prev severity:0. cur severity:0 New severity:0
11-28 21:29:22.583 1254 1254 I android.hardware.thermal@2.0-service.qti: Sensor Name:skintemp: 38.146. prev severity:3. cur severity:0 New severity:0
11-28 21:29:22.585 1254 1254 I android.hardware.thermal@2.0-service.qti: Sensor Name:shell_fronttemp: 35. prev severity:0. cur severity:0 New severity:0
11-28 21:29:22.585 1254 1254 I android.hardware.thermal@2.0-service.qti: Sensor Name:shell_backtemp: 35. prev severity:0. cur severity:0 New severity:0
11-28 21:29:22.622 1218 4398 I vendor.qti.bluetooth@1.0-ibs_handler: ProcessIbsCmd: Received IBS_SLEEP_IND: 0xFE
11-28 21:29:22.622 1218 4398 D vendor.qti.bluetooth@1.0-ibs_handler: SerialClockVote: vote for UART CLK OFF
11-28 21:29:22.726 8600 10913 D FTPC : getTotalBytes : 82362880 // 0 // 0
11-28 21:29:22.726 8600 10913 D AUTOCALL: ThroTimerTask doTask(...) afterPacket : 82362880
11-28 21:29:22.772 1218 4202 D vendor.qti.bluetooth@1.0-wake_lock: Release wakelock is released
11-28 21:29:22.852 3887 3904 D PhoneInterfaceManager: [PhoneIntfMgr] QueryTelephonyChecker-getDataNetworkTypeForSubscriber: packageName = com.innowireless.xcal.mobile5, isGrant = true
11-28 21:29:22.855 3887 5676 D PhoneInterfaceManager: [PhoneIntfMgr] QueryTelephonyChecker-getDataNetworkTypeForSubscriber: packageName = com.innowireless.xcal.mobile5, isGrant = true
11-28 21:29:22.858 3887 3904 D PhoneInterfaceManager: [PhoneIntfMgr] QueryTelephonyChecker-getDataNetworkTypeForSubscriber: packageName = com.innowireless.xcal.mobile5, isGrant = true
11-28 21:29:22.882 8600 9108 D GPS : NMEA is invaild.
11-28 21:29:22.882 8600 9108 D GPS : mNMEASatelites : 12
11-28 21:29:22.882 8600 9108 D GPS : mGPSSatelites : 70
11-28 21:29:22.882 8600 9108 D GPS : Android GPS is vaild.
11-28 21:29:22.885 3887 5676 D PhoneInterfaceManager: [PhoneIntfMgr] QueryTelephonyChecker-getDataNetworkTypeForSubscriber: packageName = com.innowireless.xcal.mobile5, isGrant = true
11-28 21:29:22.888 3887 5676 D PhoneInterfaceManager: [PhoneIntfMgr] QueryTelephonyChecker-getDataNetworkTypeForSubscriber: packageName = com.innowireless.xcal.mobile5, isGrant = true
11-28 21:29:22.890 3887 5676 D PhoneInterfaceManager: [PhoneIntfMgr] QueryTelephonyChecker-getDataNetworkTypeForSubscriber: packageName = com.innowireless.xcal.mobile5, isGrant = true
11-28 21:29:22.892 3887 3904 D PhoneInterfaceManager: [PhoneIntfMgr] QueryTelephonyChecker-getDataNetworkTypeForSubscriber: packageName = com.innowireless.xcal.mobile5, isGrant = true
11-28 21:29:22.899 3887 5074 D PhoneInterfaceManager: [PhoneIntfMgr] QueryTelephonyChecker-getDataNetworkTypeForSubscriber: packageName = com.innowireless.xcal.mobile5, isGrant = true
11-28 21:29:22.902 3887 3904 D PhoneInterfaceManager: [PhoneIntfMgr] QueryTelephonyChecker-getDataNetworkTypeForSubscriber: packageName = com.innowireless.xcal.mobile5, isGrant = true
11-28 21:29:22.907 8600 9740 I GLThread: waiting tid=2931 mHaveEglContext: false mHaveEglSurface: false mPaused: false mHasSurface: false mSurfaceIsBad: false mWaitingForSurface: true mWidth: 0 mHeight: 0 mRequestRender: true mRenderMode: 0
11-28 21:29:23.003 3887 3904 D PhoneInterfaceManager: [PhoneIntfMgr] QueryTelephonyChecker-getDataNetworkTypeForSubscriber: packageName = com.innowireless.xcal.mobile5, isGrant = true
11-28 21:29:23.026 2523 3067 D WifiActiveModeWarden: there is no primary client manager, return the default one
11-28 21:29:23.101 3887 3904 D PhoneInterfaceManager: [PhoneIntfMgr] QueryTelephonyChecker-getDataNetworkTypeForSubscriber: packageName = com.innowireless.xcal.mobile5, isGrant = true
11-28 21:29:23.141 3887 5074 D PhoneInterfaceManager: [PhoneIntfMgr] QueryTelephonyChecker-getDataNetworkTypeForSubscriber: packageName = com.innowireless.xcal.mobile5, isGrant = true
11-28 21:29:23.226 8600 10913 D FTPC : getTotalBytes : 83279360 // 0 // 0
11-28 21:29:23.226 8600 10913 D AUTOCALL: ThroTimerTask doTask(...) afterPacket : 83279360
11-28 21:29:23.227 3887 3904 D PhoneInterfaceManager: [PhoneIntfMgr] QueryTelephonyChecker-getDataNetworkTypeForSubscriber: packageName = com.innowireless.xcal.mobile5, isGrant = true
11-28 21:29:23.246 1218 4398 I vendor.qti.bluetooth@1.0-ibs_handler: ProcessIbsCmd: Received IBS_WAKE_IND: 0xFD
11-28 21:29:23.247 1218 4398 D vendor.qti.bluetooth@1.0-ibs_handler: SerialClockVote: vote for UART CLK ON
11-28 21:29:23.247 1218 4398 D vendor.qti.bluetooth@1.0-wake_lock: Acquire wakelock is acquired
11-28 21:29:23.247 1218 4398 I vendor.qti.bluetooth@1.0-ibs_handler: ProcessIbsCmd: Writing IBS_WAKE_ACK
11-28 21:29:23.286 3887 3904 D PhoneInterfaceManager: [PhoneIntfMgr] QueryTelephonyChecker-getDataNetworkTypeForSubscriber: packageName = com.innowireless.xcal.mobile5, isGrant = true
11-28 21:29:23.288 2523 3067 D WifiActiveModeWarden: there is no primary client manager, return the default one
11-28 21:29:23.288 2523 4105 D WifiService: getWifiEnabledState primaryClientMode is mDefaultClientModeManager
11-28 21:29:23.293 3887 4827 D PhoneInterfaceManager: [PhoneIntfMgr] QueryTelephonyChecker-getDataNetworkTypeForSubscriber: packageName = com.innowireless.xcal.mobile5, isGrant = true
11-28 21:29:23.325 3887 4827 D PhoneInterfaceManager: [PhoneIntfMgr] QueryTelephonyChecker-getDataNetworkTypeForSubscriber: packageName = com.innowireless.xcal.mobile5, isGrant = true
11-28 21:29:23.326 3887 5074 D PhoneInterfaceManager: [PhoneIntfMgr] QueryTelephonyChecker-getDataNetworkTypeForSubscriber: packageName = com.innowireless.xcal.mobile5, isGrant = true
11-28 21:29:23.345 1218 4398 I vendor.qti.bluetooth@1.0-ibs_handler: ProcessIbsCmd: Received IBS_SLEEP_IND: 0xFE
