11-28 21:28:54.624 3887 3904 D PhoneInterfaceManager: [PhoneIntfMgr] QueryTelephonyChecker-getDataNetworkTypeForSubscriber: packageName = com.innowireless.xcal.mobile5, isGrant = true
11-28 21:28:54.626 2523 3067 D WifiActiveModeWarden: there is no primary client manager, return the default one
11-28 21:28:54.627 2523 4564 D WifiService: getWifiEnabledState primaryClientMode is mDefaultClientModeManager
11-28 21:28:54.712 1218 4202 D vendor.qti.bluetooth@1.0-wake_lock: Release wakelock is released
11-28 21:28:54.756 8600 10913 D FTPC : getTotalBytes : 35686400 // 0 // 0
11-28 21:28:54.756 8600 10913 D AUTOCALL: ThroTimerTask doTask(...) afterPacket : 35686400
11-28 21:28:54.847 3887 3904 D PhoneInterfaceManager: [PhoneIntfMgr] QueryTelephonyChecker-getDataNetworkTypeForSubscriber: packageName = com.innowireless.xcal.mobile5, isGrant = true
11-28 21:28:54.849 3887 5676 D PhoneInterfaceManager: [PhoneIntfMgr] QueryTelephonyChecker-getDataNetworkTypeForSubscriber: packageName = com.innowireless.xcal.mobile5, isGrant = true
11-28 21:28:54.850 3887 7417 D PhoneInterfaceManager: [PhoneIntfMgr] QueryTelephonyChecker-getDataNetworkTypeForSubscriber: packageName = com.innowireless.xcal.mobile5, isGrant = true
11-28 21:28:54.865 8600 9108 D GPS : NMEA is invaild.
11-28 21:28:54.865 8600 9108 D GPS : mNMEASatelites : 12
11-28 21:28:54.865 8600 9108 D GPS : mGPSSatelites : 70
11-28 21:28:54.865 8600 9108 D GPS : Android GPS is vaild.
11-28 21:28:54.874 3887 5676 D PhoneInterfaceManager: [PhoneIntfMgr] QueryTelephonyChecker-getDataNetworkTypeForSubscriber: packageName = com.innowireless.xcal.mobile5, isGrant = true
11-28 21:28:54.888 3887 5676 D PhoneInterfaceManager: [PhoneIntfMgr] QueryTelephonyChecker-getDataNetworkTypeForSubscriber: packageName = com.innowireless.xcal.mobile5, isGrant = true
11-28 21:28:54.890 3887 5676 D PhoneInterfaceManager: [PhoneIntfMgr] QueryTelephonyChecker-getDataNetworkTypeForSubscriber: packageName = com.innowireless.xcal.mobile5, isGrant = true
11-28 21:28:54.891 8600 9740 I GLThread: waiting tid=2931 mHaveEglContext: false mHaveEglSurface: false mPaused: false mHasSurface: false mSurfaceIsBad: false mWaitingForSurface: true mWidth: 0 mHeight: 0 mRequestRender: true mRenderMode: 0
11-28 21:28:54.893 3887 5676 D PhoneInterfaceManager: [PhoneIntfMgr] QueryTelephonyChecker-getDataNetworkTypeForSubscriber: packageName = com.innowireless.xcal.mobile5, isGrant = true
11-28 21:28:54.894 3887 3904 D PhoneInterfaceManager: [PhoneIntfMgr] QueryTelephonyChecker-getDataNetworkTypeForSubscriber: packageName = com.innowireless.xcal.mobile5, isGrant = true
11-28 21:28:54.897 3887 3904 D PhoneInterfaceManager: [PhoneIntfMgr] QueryTelephonyChecker-getDataNetworkTypeForSubscriber: packageName = com.innowireless.xcal.mobile5, isGrant = true
11-28 21:28:54.939 2523 3067 D WifiActiveModeWarden: there is no primary client manager, return the default one
11-28 21:28:54.996 3887 3904 D PhoneInterfaceManager: [PhoneIntfMgr] QueryTelephonyChecker-getDataNetworkTypeForSubscriber: packageName = com.innowireless.xcal.mobile5, isGrant = true
11-28 21:28:55.085 3887 3904 D PhoneInterfaceManager: [PhoneIntfMgr] QueryTelephonyChecker-getDataNetworkTypeForSubscriber: packageName = com.innowireless.xcal.mobile5, isGrant = true
11-28 21:28:55.088 1218 4398 I vendor.qti.bluetooth@1.0-ibs_handler: ProcessIbsCmd: Received IBS_WAKE_IND: 0xFD
11-28 21:28:55.088 1218 4398 D vendor.qti.bluetooth@1.0-ibs_handler: SerialClockVote: vote for UART CLK ON
11-28 21:28:55.089 1218 4398 D vendor.qti.bluetooth@1.0-wake_lock: Acquire wakelock is acquired
11-28 21:28:55.089 1218 4398 I vendor.qti.bluetooth@1.0-ibs_handler: ProcessIbsCmd: Writing IBS_WAKE_ACK
11-28 21:28:55.115 3887 3904 D PhoneInterfaceManager: [PhoneIntfMgr] QueryTelephonyChecker-getDataNetworkTypeForSubscriber: packageName = com.innowireless.xcal.mobile5, isGrant = true
11-28 21:28:55.170 1218 4398 I vendor.qti.bluetooth@1.0-ibs_handler: ProcessIbsCmd: Received IBS_SLEEP_IND: 0xFE
11-28 21:28:55.170 1218 4398 D vendor.qti.bluetooth@1.0-ibs_handler: SerialClockVote: vote for UART CLK OFF
11-28 21:28:55.189 3887 3904 D PhoneInterfaceManager: [PhoneIntfMgr] QueryTelephonyChecker-getDataNetworkTypeForSubscriber: packageName = com.innowireless.xcal.mobile5, isGrant = true
11-28 21:28:55.256 8600 10913 D FTPC : getTotalBytes : 38204416 // 0 // 0
11-28 21:28:55.256 8600 10913 D AUTOCALL: ThroTimerTask doTask(...) afterPacket : 38204416
11-28 21:28:55.260 3887 5676 D PhoneInterfaceManager: [PhoneIntfMgr] QueryTelephonyChecker-getDataNetworkTypeForSubscriber: packageName = com.innowireless.xcal.mobile5, isGrant = true
11-28 21:28:55.261 3887 3904 D PhoneInterfaceManager: [PhoneIntfMgr] QueryTelephonyChecker-getDataNetworkTypeForSubscriber: packageName = com.innowireless.xcal.mobile5, isGrant = true
11-28 21:28:55.292 6137 10513 I gle.android.gm: Explicit concurrent copying GC freed 8462KB AllocSpace bytes, 6(120KB) LOS objects, 22% free, 27MB/35MB, paused 205us,112us total 403.265ms
11-28 21:28:55.302 6137 6161 W System : A resource failed to call close.
11-28 21:28:55.302 6137 6161 W System : A resource failed to call close.
11-28 21:28:55.302 6137 6161 W System : A resource failed to call close.
11-28 21:28:55.302 6137 6161 W System : A resource failed to call close.
11-28 21:28:55.302 6137 6161 W System : A resource failed to call close.
11-28 21:28:55.320 1218 4202 D vendor.qti.bluetooth@1.0-wake_lock: Release wakelock is released
11-28 21:28:55.327 3887 3904 D PhoneInterfaceManager: [PhoneIntfMgr] QueryTelephonyChecker-getDataNetworkTypeForSubscriber: packageName = com.innowireless.xcal.mobile5, isGrant = true
11-28 21:28:55.329 3887 5676 D PhoneInterfaceManager: [PhoneIntfMgr] QueryTelephonyChecker-getDataNetworkTypeForSubscriber: packageName = com.innowireless.xcal.mobile5, isGrant = true
11-28 21:28:55.386 3887 5676 D PhoneInterfaceManager: [PhoneIntfMgr] QueryTelephonyChecker-getDataNetworkTypeForSubscriber: packageName = com.innowireless.xcal.mobile5, isGrant = true
11-28 21:28:55.387 3887 3904 D PhoneInterfaceManager: [PhoneIntfMgr] QueryTelephonyChecker-getDataNetworkTypeForSubscriber: packageName = com.innowireless.xcal.mobile5, isGrant = true
11-28 21:28:55.388 3887 5676 D PhoneInterfaceManager: [PhoneIntfMgr] QueryTelephonyChecker-getDataNetworkTypeForSubscriber: packageName = com.innowireless.xcal.mobile5, isGrant = true
11-28 21:28:55.455 2523 11318 D OplusLocationStatistics: on recordTaskMark, key: gnssReportLocation
11-28 21:28:55.455 2523 2635 D LocationManagerService: incoming location from: gps
11-28 21:28:55.459 2523 2635 D LocationManagerService: incoming location from: gps
11-28 21:28:55.465 4443 5595 I FusedLocation: (REDACTED) location delivery to %s blocked - too close
11-28 21:28:55.466 4443 5595 I FusedLocation: (REDACTED) location delivery to %s blocked - too close
11-28 21:28:55.467 4443 5595 I FusedLocation: (REDACTED) location delivery to %s blocked - too fast
11-28 21:28:55.467 2523 3433 D LocationManagerService: incoming location from: fused
11-28 21:28:55.467 2523 3433 D LocationManagerService: incoming location from: fused
11-28 21:28:55.467 4443 5595 I FusedLocation: (REDACTED) location delivery to %s blocked - too fast
11-28 21:28:55.468 4443 5595 I FusedLocation: (REDACTED) location delivery to %s blocked - too fast
11-28 21:28:55.481 1254 1254 I android.hardware.thermal@2.0-service.qti: Sensor Name:shell_frametemp: 34.8. prev severity:0. cur severity:0 New severity:0
11-28 21:28:55.483 1254 1254 I android.hardware.thermal@2.0-service.qti: Sensor Name:skintemp: 37.838. prev severity:3. cur severity:0 New severity:0
11-28 21:28:55.483 1254 1254 I android.hardware.thermal@2.0-service.qti: Sensor Name:shell_fronttemp: 34.8. prev severity:0. cur severity:0 New severity:0
11-28 21:28:55.483 1254 1254 I android.hardware.thermal@2.0-service.qti: Sensor Name:shell_backtemp: 34.8. prev severity:0. cur severity:0 New severity:0
11-28 21:28:55.558 5266 9100 D DebugReportServiceHidlClient: getReport 1.1...
11-28 21:28:55.558 1237 1237 E LocSvc_HIDL_DebugReportService: Invalid count: 0
11-28 21:28:55.558 1237 1237 E LocSvc_HIDL_DebugReportService: Invalid count: 0
11-28 21:28:55.558 1237 1237 E LocSvc_HIDL_DebugReportService: Invalid count: 0
11-28 21:28:55.558 1237 1237 E LocSvc_HIDL_DebugReportService: Invalid count: 0
11-28 21:28:55.560 5266 9100 D DebugReportServiceHidlClient: getReport 1.1 success: true
11-28 21:28:55.560 5266 9100 D DebugReportServiceHidlClient: getReport 1.0 success: true
11-28 21:28:55.655 2523 2708 D OplusFeatureBrightnessBarController: mDarkLevel: 0
11-28 21:28:55.679 3887 5676 D PhoneInterfaceManager: [PhoneIntfMgr] QueryTelephonyChecker-getDataNetworkTypeForSubscriber: packageName = com.innowireless.xcal.mobile5, isGrant = true
11-28 21:28:55.681 2523 3067 D WifiActiveModeWarden: there is no primary client manager, return the default one
11-28 21:28:55.682 2523 5854 D WifiService: getWifiEnabledState primaryClientMode is mDefaultClientModeManager
11-28 21:28:55.724 1218 4398 I vendor.qti.bluetooth@1.0-ibs_handler: ProcessIbsCmd: Received IBS_WAKE_IND: 0xFD
11-28 21:28:55.724 1218 4398 D vendor.qti.bluetooth@1.0-ibs_handler: SerialClockVote: vote for UART CLK ON
11-28 21:28:55.725 1218 4398 D vendor.qti.bluetooth@1.0-wake_lock: Acquire wakelock is acquired
11-28 21:28:55.725 1218 4398 I vendor.qti.bluetooth@1.0-ibs_handler: ProcessIbsCmd: Writing IBS_WAKE_ACK
11-28 21:28:55.759 8600 10913 D FTPC : getTotalBytes : 40156160 // 0 // 0
11-28 21:28:55.760 8600 10913 D AUTOCALL: ThroTimerTask doTask(...) afterPacket : 40156160
11-28 21:28:55.806 1218 4398 I vendor.qti.bluetooth@1.0-ibs_handler: ProcessIbsCmd: Received IBS_SLEEP_IND: 0xFE
11-28 21:28:55.806 1218 4398 D vendor.qti.bluetooth@1.0-ibs_handler: SerialClockVote: vote for UART CLK OFF
11-28 21:28:55.847 3887 3904 D PhoneInterfaceManager: [PhoneIntfMgr] QueryTelephonyChecker-getDataNetworkTypeForSubscriber: packageName = com.innowireless.xcal.mobile5, isGrant = true
11-28 21:28:55.849 3887 3904 D PhoneInterfaceManager: [PhoneIntfMgr] QueryTelephonyChecker-getDataNetworkTypeForSubscriber: packageName = com.innowireless.xcal.mobile5, isGrant = true
11-28 21:28:55.851 3887 3904 D PhoneInterfaceManager: [PhoneIntfMgr] QueryTelephonyChecker-getDataNetworkTypeForSubscriber: packageName = com.innowireless.xcal.mobile5, isGrant = true
11-28 21:28:55.865 8600 9108 D GPS : NMEA is invaild.
11-28 21:28:55.865 8600 9108 D GPS : mNMEASatelites : 12
11-28 21:28:55.865 8600 9108 D GPS : mGPSSatelites : 70
11-28 21:28:55.865 8600 9108 D GPS : Android GPS is vaild.
11-28 21:28:55.874 3887 3904 D PhoneInterfaceManager: [PhoneIntfMgr] QueryTelephonyChecker-getDataNetworkTypeForSubscriber: packageName = com.innowireless.xcal.mobile5, isGrant = true
11-28 21:28:55.885 3887 3904 D PhoneInterfaceManager: [PhoneIntfMgr] QueryTelephonyChecker-getDataNetworkTypeForSubscriber: packageName = com.innowireless.xcal.mobile5, isGrant = true
11-28 21:28:55.888 3887 3904 D PhoneInterfaceManager: [PhoneIntfMgr] QueryTelephonyChecker-getDataNetworkTypeForSubscriber: packageName = com.innowireless.xcal.mobile5, isGrant = true
11-28 21:28:55.890 3887 3904 D PhoneInterfaceManager: [PhoneIntfMgr] QueryTelephonyChecker-getDataNetworkTypeForSubscriber: packageName = com.innowireless.xcal.mobile5, isGrant = true
11-28 21:28:55.891 3887 5676 D PhoneInterfaceManager: [PhoneIntfMgr] QueryTelephonyChecker-getDataNetworkTypeForSubscriber: packageName = com.innowireless.xcal.mobile5, isGrant = true
11-28 21:28:55.893 3887 7417 D PhoneInterfaceManager: [PhoneIntfMgr] QueryTelephonyChecker-getDataNetworkTypeForSubscriber: packageName = com.innowireless.xcal.mobile5, isGrant = true
11-28 21:28:55.894 8600 9740 I GLThread: waiting tid=2931 mHaveEglContext: false mHaveEglSurface: false mPaused: false mHasSurface: false mSurfaceIsBad: false mWaitingForSurface: true mWidth: 0 mHeight: 0 mRequestRender: true mRenderMode: 0
11-28 21:28:55.944 2523 3067 D WifiActiveModeWarden: there is no primary client manager, return the default one
11-28 21:28:55.956 1218 4202 D vendor.qti.bluetooth@1.0-wake_lock: Release wakelock is released
11-28 21:28:55.996 3887 3904 D PhoneInterfaceManager: [PhoneIntfMgr] QueryTelephonyChecker-getDataNetworkTypeForSubscriber: packageName = com.innowireless.xcal.mobile5, isGrant = true
11-28 21:28:56.090 3887 3904 D PhoneInterfaceManager: [PhoneIntfMgr] QueryTelephonyChecker-getDataNetworkTypeForSubscriber: packageName = com.innowireless.xcal.mobile5, isGrant = true
11-28 21:28:56.120 3887 7417 D PhoneInterfaceManager: [PhoneIntfMgr] QueryTelephonyChecker-getDataNetworkTypeForSubscriber: packageName = com.innowireless.xcal.mobile5, isGrant = true
11-28 21:28:56.218 3887 3904 D PhoneInterfaceManager: [PhoneIntfMgr] QueryTelephonyChecker-getDataNetworkTypeForSubscriber: packageName = com.innowireless.xcal.mobile5, isGrant = true
11-28 21:28:56.257 8600 10913 D FTPC : getTotalBytes : 41849856 // 0 // 0
11-28 21:28:56.261 8600 10913 D AUTOCALL: ThroTimerTask doTask(...) afterPacket : 41901056
11-28 21:28:56.264 3887 7417 D PhoneInterfaceManager: [PhoneIntfMgr] QueryTelephonyChecker-getDataNetworkTypeForSubscriber: packageName = com.innowireless.xcal.mobile5, isGrant = true
11-28 21:28:56.290 3887 3904 D PhoneInterfaceManager: [PhoneIntfMgr] QueryTelephonyChecker-getDataNetworkTypeForSubscriber: packageName = com.innowireless.xcal.mobile5, isGrant = true
11-28 21:28:56.326 3887 7417 D PhoneInterfaceManager: [PhoneIntfMgr] QueryTelephonyChecker-getDataNetworkTypeForSubscriber: packageName = com.innowireless.xcal.mobile5, isGrant = true
11-28 21:28:56.328 3887 3904 D PhoneInterfaceManager: [PhoneIntfMgr] QueryTelephonyChecker-getDataNetworkTypeForSubscriber: packageName = com.innowireless.xcal.mobile5, isGrant = true
11-28 21:28:56.343 1218 4398 I vendor.qti.bluetooth@1.0-ibs_handler: ProcessIbsCmd: Received IBS_WAKE_IND: 0xFD
11-28 21:28:56.343 1218 4398 D vendor.qti.bluetooth@1.0-ibs_handler: SerialClockVote: vote for UART CLK ON
11-28 21:28:56.344 1218 4398 D vendor.qti.bluetooth@1.0-wake_lock: Acquire wakelock is acquired
11-28 21:28:56.344 1218 4398 I vendor.qti.bluetooth@1.0-ibs_handler: ProcessIbsCmd: Writing IBS_WAKE_ACK
11-28 21:28:56.386 3887 3904 D PhoneInterfaceManager: [PhoneIntfMgr] QueryTelephonyChecker-getDataNetworkTypeForSubscriber: packageName = com.innowireless.xcal.mobile5, isGrant = true
11-28 21:28:56.387 3887 7417 D PhoneInterfaceManager: [PhoneIntfMgr] QueryTelephonyChecker-getDataNetworkTypeForSubscriber: packageName = com.innowireless.xcal.mobile5, isGrant = true
11-28 21:28:56.388 3887 5676 D PhoneInterfaceManager: [PhoneIntfMgr] QueryTelephonyChecker-getDataNetworkTypeForSubscriber: packageName = com.innowireless.xcal.mobile5, isGrant = true
11-28 21:28:56.425 1218 4398 I vendor.qti.bluetooth@1.0-ibs_handler: ProcessIbsCmd: Received IBS_SLEEP_IND: 0xFE
11-28 21:28:56.425 1218 4398 D vendor.qti.bluetooth@1.0-ibs_handler: SerialClockVote: vote for UART CLK OFF
11-28 21:28:56.461 2523 2729 D OplusLocationStatistics: on recordTaskMark, key: gnssReportLocation
11-28 21:28:56.461 2523 2635 D LocationManagerService: incoming location from: gps
11-28 21:28:56.463 2523 2635 D LocationManagerService: incoming location from: gps
11-28 21:28:56.469 4443 5595 I FusedLocation: (REDACTED) location delivery to %s blocked - too close
11-28 21:28:56.470 4443 5595 I FusedLocation: (REDACTED) location delivery to %s blocked - too close
11-28 21:28:56.471 4443 5595 I FusedLocation: (REDACTED) location delivery to %s blocked - too fast
11-28 21:28:56.471 4443 5595 I FusedLocation: (REDACTED) location delivery to %s blocked - too fast
11-28 21:28:56.471 4443 5595 I FusedLocation: (REDACTED) location delivery to %s blocked - too fast
11-28 21:28:56.475 2523 2552 D LocationManagerService: incoming location from: fused
11-28 21:28:56.476 2523 2552 D LocationManagerService: incoming location from: fused
11-28 21:28:56.484 1254 1254 I android.hardware.thermal@2.0-service.qti: Sensor Name:shell_frametemp: 34.8. prev severity:0. cur severity:0 New severity:0
11-28 21:28:56.485 1254 1254 I android.hardware.thermal@2.0-service.qti: Sensor Name:skintemp: 37.862. prev severity:3. cur severity:0 New severity:0
11-28 21:28:56.485 1254 1254 I android.hardware.thermal@2.0-service.qti: Sensor Name:shell_fronttemp: 34.8. prev severity:0. cur severity:0 New severity:0
11-28 21:28:56.485 1254 1254 I android.hardware.thermal@2.0-service.qti: Sensor Name:shell_backtemp: 34.8. prev severity:0. cur severity:0 New severity:0
11-28 21:28:56.499 3887 3887 D TelephonyManager: requestModemActivityInfo: Sending result to app: ModemActivityInfo{ mTimestamp=37671674 mSleepTimeMs=17363292 mIdleTimeMs=7232339 mTxTimeMs[]=[332986, 27577, 10350, 9899, 3375] mRxTimeMs=12553799}
11-28 21:28:56.499 3720 3720 E ModemAciService: CatchException oemModemAci2OplusModemAci():java.lang.IndexOutOfBoundsException: Index 103 out of bounds for length 85
11-28 21:28:56.499 3720 3720 I ModemAciService: UMF LO: OplusModemActivityInfo{ date=11-28 21:28:56.498 modemPowermA[]=[127.30,122.88,133.15] sleepTimeMs=0 idleTimeMs=0 rxTimeMs=4011 5gRxTimeMs=0 txTimeMs[]=[396, 606, 1, 0, 0] 5gTxTimeMs[]=[0, 0, 0, 0, 0] techTimeMs[]=[0, 0, 0, 0, 5014, 0, 0, 0, 0] rrcConn10sC[]=[0, 0] rrcConn20sC[]=[0, 0] rrcConnMore20sC[]=[0, 0] rrcConnC[]=[0, 0] csChangedC[]=[0, 0] psChangedC[]=[0, 0] iRatC[]=[0, 0] cellUpdateC[]=[0, 0] nwSrchC[]=[0, 0] nwSrchT[]=[0, 0] lteRrcConnT[]=[5, 0] psRegT[]=[5, 0] csRegT[]=[5, 0] psNoRegT[]=[0, 5] csNoRegT[]=[0, 5] sigGrid0T[]=[0, 0] endcActT[]=[0, 0] saActT[]=[0, 0] gpsTimeMs=5014 wlanTimeMs=0 regReqFbC[]=[0, 62] regReqTransAcqDbC[]=[11, 0] saRrcConn10sC[]=[0, 0] saRrcConn20sC[]=[0, 0] saRrcConnMore20sC[]=[0, 0] saRrcConnC[]=[1549, 0] lteHoC[]=[0, 0] saHoC[]=[0, 0] saRrcConnT[]=[0, 0] lteBandDurationSim0[]=[0, 0, 0, 0, 0, 0, 0, 0, 0] lteBandDurationSim1[]=[0, 0, 0, 0, 0, 0, 0, 0, 0] nrBandDurationSim0[]=[0, 0, 0, 0, 0, 0] nrBandDurationSim1[]=[0, 0, 0, 0, 0, 0] sensorStationaryC=0 sensorStationaryT=0 modemStationaryC=0 modemStationaryT=0}
11-28 21:28:56.500 3720 3720 I ModemAciService: UMF CH: OplusModemActivityInfo{ date=11-28 21:28:56.498 modemPowermA[]=[127.30,122.88,133.15] sleepTimeMs=0 idleTimeMs=0 rxTimeMs=4011 5gRxTimeMs=0 txTimeMs[]=[396, 606, 1, 0, 0] 5gTxTimeMs[]=[0, 0, 0, 0, 0] techTimeMs[]=[0, 0, 0, 0, 5014, 0, 0, 0, 0] rrcConn10sC[]=[0, 0] rrcConn20sC[]=[0, 0] rrcConnMore20sC[]=[0, 0] rrcConnC[]=[0, 0] csChangedC[]=[0, 0] psChangedC[]=[0, 0] iRatC[]=[0, 0] cellUpdateC[]=[0, 0] nwSrchC[]=[0, 0] nwSrchT[]=[0, 0] lteRrcConnT[]=[5, 0] psRegT[]=[5, 0] csRegT[]=[5, 0] psNoRegT[]=[0, 5] csNoRegT[]=[0, 5] sigGrid0T[]=[0, 0] endcActT[]=[0, 0] saActT[]=[0, 0] gpsTimeMs=5014 wlanTimeMs=0 regReqFbC[]=[0, 62] regReqTransAcqDbC[]=[11, 0] saRrcConn10sC[]=[0, 0] saRrcConn20sC[]=[0, 0] saRrcConnMore20sC[]=[0, 0] saRrcConnC[]=[1549, 0] lteHoC[]=[0, 0] saHoC[]=[0, 0] saRrcConnT[]=[0, 0] lteBandDurationSim0[]=[0, 0, 0, 0, 0, 0, 0, 0, 0] lteBandDurationSim1[]=[0, 0, 0, 0, 0, 0, 0, 0, 0] nrBandDurationSim0[]=[0, 0, 0, 0, 0, 0] nrBandDurationSim1[]=[0, 0, 0, 0, 0, 0] sensorStationaryC=0 sensorStationaryT=0 modemStationaryC=0 modemStationaryT=0}
11-28 21:28:56.500 3720 3720 I ModemAciService: UMF LS: OplusModemActivityInfo{ date=11-28 21:28:56.498 modemPowermA[]=[127.30,122.88,133.15] sleepTimeMs=0 idleTimeMs=0 rxTimeMs=4011 5gRxTimeMs=0 txTimeMs[]=[396, 606, 1, 0, 0] 5gTxTimeMs[]=[0, 0, 0, 0, 0] techTimeMs[]=[0, 0, 0, 0, 5014, 0, 0, 0, 0] rrcConn10sC[]=[0, 0] rrcConn20sC[]=[0, 0] rrcConnMore20sC[]=[0, 0] rrcConnC[]=[0, 0] csChangedC[]=[0, 0] psChangedC[]=[0, 0] iRatC[]=[0, 0] cellUpdateC[]=[0, 0] nwSrchC[]=[0, 0] nwSrchT[]=[0, 0] lteRrcConnT[]=[5, 0] psRegT[]=[5, 0] csRegT[]=[5, 0] psNoRegT[]=[0, 5] csNoRegT[]=[0, 5] sigGrid0T[]=[0, 0] endcActT[]=[0, 0] saActT[]=[0, 0] gpsTimeMs=5014 wlanTimeMs=0 regReqFbC[]=[0, 62] regReqTransAcqDbC[]=[11, 0] saRrcConn10sC[]=[0, 0] saRrcConn20sC[]=[0, 0] saRrcConnMore20sC[]=[0, 0] saRrcConnC[]=[1549, 0] lteHoC[]=[0, 0] saHoC[]=[0, 0] saRrcConnT[]=[0, 0] lteBandDurationSim0[]=[0, 0, 0, 0, 0, 0, 0, 0, 0] lteBandDurationSim1[]=[0, 0, 0, 0, 0, 0, 0, 0, 0] nrBandDurationSim0[]=[0, 0, 0, 0, 0, 0] nrBandDurationSim1[]=[0, 0, 0, 0, 0, 0] sensorStationaryC=0 sensorStationaryT=0 modemStationaryC=0 modemStationaryT=0}
11-28 21:28:56.516 2523 3067 D WifiActiveModeWarden: there is no primary client manager, return the default one
11-28 21:28:56.517 2523 3124 D WN_S : onCapabilitiesChanged for 118
11-28 21:28:56.520 3672 7447 D QCNEJ/WwanInfoRelay: onCapabilitiesChanged: 118 [ Transports: CELLULAR Capabilities: SUPL&INTERNET&NOT_RESTRICTED&TRUSTED&NOT_VPN&VALIDATED&NOT_ROAMING&FOREGROUND&NOT_CONGESTED&NOT_SUSPENDED&NOT_VCN_MANAGED LinkUpBandwidth>=61494Kbps LinkDnBandwidth>=44928Kbps Specifier: SubscriptionIds: {4} UnderlyingNetworks: Null]
11-28 21:28:56.520 3672 7447 I QCNEJ/WwanInfoRelay: cacheWwanInfo subId = 4 phoneId = 0 slotId = 0
11-28 21:28:56.521 3887 7417 D PhoneInterfaceManager: [PhoneIntfMgr] QueryTelephonyChecker-getDataNetworkTypeForSubscriber: packageName = com.qualcomm.qti.cne, isGrant = true
11-28 21:28:56.525 5351 6843 D WM-NetworkStateTracker: Network capabilities changed: [ Transports: CELLULAR Capabilities: SUPL&INTERNET&NOT_RESTRICTED&TRUSTED&NOT_VPN&VALIDATED&NOT_ROAMING&FOREGROUND&NOT_CONGESTED&NOT_SUSPENDED&NOT_VCN_MANAGED LinkUpBandwidth>=61494Kbps LinkDnBandwidth>=44928Kbps Specifier: SubscriptionIds: {4} UnderlyingNetworks: Null]
11-28 21:28:56.526 31494 31562 I CarrierServices: [2410] eqy.c:51 Connected state: [1], networkType: [MOBILE]
11-28 21:28:56.527 31494 31559 I CarrierServices: [2409] fau.handleMessage:39 RcsEngineImpl[DUAL_REG]:[25391196-20f4]>Handler: handleMessage processing message:[NOTIFY_UPTIME_IGNORE_STATE_CHANGED] with [non-null]:RcsEngineImpl reference
11-28 21:28:56.529 1086 6743 D WM-NetworkStateTracker: Network capabilities changed: [ Transports: CELLULAR Capabilities: SUPL&INTERNET&NOT_RESTRICTED&TRUSTED&NOT_VPN&VALIDATED&NOT_ROAMING&FOREGROUND&NOT_CONGESTED&NOT_SUSPENDED&NOT_VCN_MANAGED LinkUpBandwidth>=61494Kbps LinkDnBandwidth>=44928Kbps Specifier: SubscriptionIds: {4} UnderlyingNetworks: Null]
11-28 21:28:56.534 2523 3124 D WN_S : onCapabilitiesChanged for 119
11-28 21:28:56.557 5266 9100 D DebugReportServiceHidlClient: getReport 1.1...
11-28 21:28:56.558 1237 1237 E LocSvc_HIDL_DebugReportService: Invalid count: 0
11-28 21:28:56.558 1237 1237 E LocSvc_HIDL_DebugReportService: Invalid count: 0
11-28 21:28:56.558 1237 1237 E LocSvc_HIDL_DebugReportService: Invalid count: 0
11-28 21:28:56.558 1237 1237 E LocSvc_HIDL_DebugReportService: Invalid count: 0
11-28 21:28:56.558 5266 9100 D DebugReportServiceHidlClient: getReport 1.1 success: true
11-28 21:28:56.558 5266 9100 D DebugReportServiceHidlClient: getReport 1.0 success: true
11-28 21:28:56.575 1218 4202 D vendor.qti.bluetooth@1.0-wake_lock: Release wakelock is released
11-28 21:28:56.654 2523 2708 D OplusFeatureBrightnessBarController: mDarkLevel: 0
11-28 21:28:56.739 3887 3904 D PhoneInterfaceManager: [PhoneIntfMgr] QueryTelephonyChecker-getDataNetworkTypeForSubscriber: packageName = com.innowireless.xcal.mobile5, isGrant = true
11-28 21:28:56.741 2523 3067 D WifiActiveModeWarden: there is no primary client manager, return the default one
11-28 21:28:56.741 2523 5854 D WifiService: getWifiEnabledState primaryClientMode is mDefaultClientModeManager
11-28 21:28:56.761 8600 10913 D FTPC : getTotalBytes : 43805184 // 0 // 0
11-28 21:28:56.761 8600 10913 D AUTOCALL: ThroTimerTask doTask(...) afterPacket : 43805184
11-28 21:28:56.848 3887 3904 D PhoneInterfaceManager: [PhoneIntfMgr] QueryTelephonyChecker-getDataNetworkTypeForSubscriber: packageName = com.innowireless.xcal.mobile5, isGrant = true
11-28 21:28:56.851 3887 3904 D PhoneInterfaceManager: [PhoneIntfMgr] QueryTelephonyChecker-getDataNetworkTypeForSubscriber: packageName = com.innowireless.xcal.mobile5, isGrant = true
11-28 21:28:56.853 3887 7417 D PhoneInterfaceManager: [PhoneIntfMgr] QueryTelephonyChecker-getDataNetworkTypeForSubscriber: packageName = com.innowireless.xcal.mobile5, isGrant = true
11-28 21:28:56.865 8600 9108 D GPS : NMEA is invaild.
11-28 21:28:56.865 8600 9108 D GPS : mNMEASatelites : 12
11-28 21:28:56.866 8600 9108 D GPS : mGPSSatelites : 65
11-28 21:28:56.866 8600 9108 D GPS : Android GPS is vaild.
11-28 21:28:56.875 3887 3904 D PhoneInterfaceManager: [PhoneIntfMgr] QueryTelephonyChecker-getDataNetworkTypeForSubscriber: packageName = com.innowireless.xcal.mobile5, isGrant = true
11-28 21:28:56.887 3887 3904 D PhoneInterfaceManager: [PhoneIntfMgr] QueryTelephonyChecker-getDataNetworkTypeForSubscriber: packageName = com.innowireless.xcal.mobile5, isGrant = true
11-28 21:28:56.889 3887 3904 D PhoneInterfaceManager: [PhoneIntfMgr] QueryTelephonyChecker-getDataNetworkTypeForSubscriber: packageName = com.innowireless.xcal.mobile5, isGrant = true
11-28 21:28:56.892 3887 7417 D PhoneInterfaceManager: [PhoneIntfMgr] QueryTelephonyChecker-getDataNetworkTypeForSubscriber: packageName = com.innowireless.xcal.mobile5, isGrant = true
11-28 21:28:56.894 3887 7417 D PhoneInterfaceManager: [PhoneIntfMgr] QueryTelephonyChecker-getDataNetworkTypeForSubscriber: packageName = com.innowireless.xcal.mobile5, isGrant = true
11-28 21:28:56.896 8600 9740 I GLThread: waiting tid=2931 mHaveEglContext: false mHaveEglSurface: false mPaused: false mHasSurface: false mSurfaceIsBad: false mWaitingForSurface: true mWidth: 0 mHeight: 0 mRequestRender: true mRenderMode: 0
11-28 21:28:56.897 3887 7417 D PhoneInterfaceManager: [PhoneIntfMgr] QueryTelephonyChecker-getDataNetworkTypeForSubscriber: packageName = com.innowireless.xcal.mobile5, isGrant = true
11-28 21:28:56.900 3887 7417 D PhoneInterfaceManager: [PhoneIntfMgr] QueryTelephonyChecker-getDataNetworkTypeForSubscriber: packageName = com.innowireless.xcal.mobile5, isGrant = true
11-28 21:28:56.904 3887 7417 D PhoneInterfaceManager: [PhoneIntfMgr] QueryTelephonyChecker-getDataNetworkTypeForSubscriber: packageName = com.innowireless.xcal.mobile5, isGrant = true
11-28 21:28:56.908 8600 8600 D Solo3Charging: Solo3ChargingManager.setBatteryCapacity() capacity : 72 isVoiceCall : false chargingMode : 0
11-28 21:28:56.908 8600 8600 D Solo3Charging: Solo3ChargingManager.setBatteryCapacity() condition : (else)
11-28 21:28:56.942 1218 4398 I vendor.qti.bluetooth@1.0-ibs_handler: ProcessIbsCmd: Received IBS_WAKE_IND: 0xFD
11-28 21:28:56.942 1218 4398 D vendor.qti.bluetooth@1.0-ibs_handler: SerialClockVote: vote for UART CLK ON
11-28 21:28:56.942 1218 4398 D vendor.qti.bluetooth@1.0-wake_lock: Acquire wakelock is acquired
11-28 21:28:56.942 1218 4398 I vendor.qti.bluetooth@1.0-ibs_handler: ProcessIbsCmd: Writing IBS_WAKE_ACK
11-28 21:28:56.947 2523 3067 D WifiActiveModeWarden: there is no primary client manager, return the default one
11-28 21:28:56.997 3887 3904 D PhoneInterfaceManager: [PhoneIntfMgr] QueryTelephonyChecker-getDataNetworkTypeForSubscriber: packageName = com.innowireless.xcal.mobile5, isGrant = true
11-28 21:28:57.023 1218 4398 I vendor.qti.bluetooth@1.0-ibs_handler: ProcessIbsCmd: Received IBS_SLEEP_IND: 0xFE
11-28 21:28:57.023 1218 4398 D vendor.qti.bluetooth@1.0-ibs_handler: SerialClockVote: vote for UART CLK OFF
11-28 21:28:57.087 3887 3904 D PhoneInterfaceManager: [PhoneIntfMgr] QueryTelephonyChecker-getDataNetworkTypeForSubscriber: packageName = com.innowireless.xcal.mobile5, isGrant = true
11-28 21:28:57.119 3887 3904 D PhoneInterfaceManager: [PhoneIntfMgr] QueryTelephonyChecker-getDataNetworkTypeForSubscriber: packageName = com.innowireless.xcal.mobile5, isGrant = true
11-28 21:28:57.173 1218 4202 D vendor.qti.bluetooth@1.0-wake_lock: Release wakelock is released
11-28 21:28:57.201 3887 7417 D PhoneInterfaceManager: [PhoneIntfMgr] QueryTelephonyChecker-getDataNetworkTypeForSubscriber: packageName = com.innowireless.xcal.mobile5, isGrant = true
11-28 21:28:57.263 8600 10913 D FTPC : getTotalBytes : 45082112 // 0 // 0
11-28 21:28:57.263 8600 10913 D AUTOCALL: ThroTimerTask doTask(...) afterPacket : 45082112
11-28 21:28:57.267 3887 3904 D PhoneInterfaceManager: [PhoneIntfMgr] QueryTelephonyChecker-getDataNetworkTypeForSubscriber: packageName = com.innowireless.xcal.mobile5, isGrant = true
11-28 21:28:57.309 3887 7417 D PhoneInterfaceManager: [PhoneIntfMgr] QueryTelephonyChecker-getDataNetworkTypeForSubscriber: packageName = com.innowireless.xcal.mobile5, isGrant = true
11-28 21:28:57.325 3887 7417 D PhoneInterfaceManager: [PhoneIntfMgr] QueryTelephonyChecker-getDataNetworkTypeForSubscriber: packageName = com.innowireless.xcal.mobile5, isGrant = true
11-28 21:28:57.327 3887 3904 D PhoneInterfaceManager: [PhoneIntfMgr] QueryTelephonyChecker-getDataNetworkTypeForSubscriber: packageName = com.innowireless.xcal.mobile5, isGrant = true
11-28 21:28:57.387 3887 7417 D PhoneInterfaceManager: [PhoneIntfMgr] QueryTelephonyChecker-getDataNetworkTypeForSubscriber: packageName = com.innowireless.xcal.mobile5, isGrant = true
11-28 21:28:57.389 3887 3904 D PhoneInterfaceManager: [PhoneIntfMgr] QueryTelephonyChecker-getDataNetworkTypeForSubscriber: packageName = com.innowireless.xcal.mobile5, isGrant = true
11-28 21:28:57.391 3887 5074 D PhoneInterfaceManager: [PhoneIntfMgr] QueryTelephonyChecker-getDataNetworkTypeForSubscriber: packageName = com.innowireless.xcal.mobile5, isGrant = true
11-28 21:28:57.447 2523 3580 D OplusLocationStatistics: on recordTaskMark, key: gnssReportLocation
11-28 21:28:57.448 2523 2635 D LocationManagerService: incoming location from: gps
11-28 21:28:57.453 2523 2635 D LocationManagerService: incoming location from: gps
11-28 21:28:57.465 4443 5595 I FusedLocation: (REDACTED) location delivery to %s blocked - too close
11-28 21:28:57.465 4443 5595 I FusedLocation: (REDACTED) location delivery to %s blocked - too close
11-28 21:28:57.466 4443 5595 I FusedLocation: (REDACTED) location delivery to %s blocked - too fast
11-28 21:28:57.466 2523 5420 D LocationManagerService: incoming location from: fused
11-28 21:28:57.466 2523 5420 D LocationManagerService: incoming location from: fused
11-28 21:28:57.466 4443 5595 I FusedLocation: (REDACTED) location delivery to %s blocked - too fast
11-28 21:28:57.466 4443 5595 I FusedLocation: (REDACTED) location delivery to %s blocked - too fast
11-28 21:28:57.488 1254 1254 I android.hardware.thermal@2.0-service.qti: Sensor Name:shell_frametemp: 34.8. prev severity:0. cur severity:0 New severity:0
11-28 21:28:57.490 1254 1254 I android.hardware.thermal@2.0-service.qti: Sensor Name:skintemp: 37.875. prev severity:3. cur severity:0 New severity:0
11-28 21:28:57.490 1254 1254 I android.hardware.thermal@2.0-service.qti: Sensor Name:shell_fronttemp: 34.8. prev severity:0. cur severity:0 New severity:0
11-28 21:28:57.490 1254 1254 I android.hardware.thermal@2.0-service.qti: Sensor Name:shell_backtemp: 34.8. prev severity:0. cur severity:0 New severity:0
11-28 21:28:57.558 5266 9100 D DebugReportServiceHidlClient: getReport 1.1...
11-28 21:28:57.559 1237 1237 E LocSvc_HIDL_DebugReportService: Invalid count: 0
11-28 21:28:57.559 1237 1237 E LocSvc_HIDL_DebugReportService: Invalid count: 0
11-28 21:28:57.559 1237 1237 E LocSvc_HIDL_DebugReportService: Invalid count: 0
11-28 21:28:57.559 1237 1237 E LocSvc_HIDL_DebugReportService: Invalid count: 0
11-28 21:28:57.560 5266 9100 D DebugReportServiceHidlClient: getReport 1.1 success: true
11-28 21:28:57.560 5266 9100 D DebugReportServiceHidlClient: getReport 1.0 success: true
11-28 21:28:57.561 1218 4398 I vendor.qti.bluetooth@1.0-ibs_handler: ProcessIbsCmd: Received IBS_WAKE_IND: 0xFD
11-28 21:28:57.561 1218 4398 D vendor.qti.bluetooth@1.0-ibs_handler: SerialClockVote: vote for UART CLK ON
11-28 21:28:57.561 1218 4398 D vendor.qti.bluetooth@1.0-wake_lock: Acquire wakelock is acquired
11-28 21:28:57.561 1218 4398 I vendor.qti.bluetooth@1.0-ibs_handler: ProcessIbsCmd: Writing IBS_WAKE_ACK
11-28 21:28:57.708 1218 4398 I vendor.qti.bluetooth@1.0-ibs_handler: ProcessIbsCmd: Received IBS_SLEEP_IND: 0xFE
11-28 21:28:57.708 1218 4398 D vendor.qti.bluetooth@1.0-ibs_handler: SerialClockVote: vote for UART CLK OFF
11-28 21:28:57.764 8600 10913 D FTPC : getTotalBytes : 46094336 // 0 // 0
11-28 21:28:57.765 8600 10913 D AUTOCALL: ThroTimerTask doTask(...) afterPacket : 46094336
11-28 21:28:57.801 3887 5074 D PhoneInterfaceManager: [PhoneIntfMgr] QueryTelephonyChecker-getDataNetworkTypeForSubscriber: packageName = com.innowireless.xcal.mobile5, isGrant = true
11-28 21:28:57.802 2523 3067 D WifiActiveModeWarden: there is no primary client manager, return the default one
11-28 21:28:57.803 2523 5854 D WifiService: getWifiEnabledState primaryClientMode is mDefaultClientModeManager
11-28 21:28:57.848 3887 5074 D PhoneInterfaceManager: [PhoneIntfMgr] QueryTelephonyChecker-getDataNetworkTypeForSubscriber: packageName = com.innowireless.xcal.mobile5, isGrant = true
11-28 21:28:57.849 3887 5676 D PhoneInterfaceManager: [PhoneIntfMgr] QueryTelephonyChecker-getDataNetworkTypeForSubscriber: packageName = com.innowireless.xcal.mobile5, isGrant = true
11-28 21:28:57.851 3887 7417 D PhoneInterfaceManager: [PhoneIntfMgr] QueryTelephonyChecker-getDataNetworkTypeForSubscriber: packageName = com.innowireless.xcal.mobile5, isGrant = true
11-28 21:28:57.855 2523 2708 D OplusFeatureBrightnessBarController: mDarkLevel: 0
11-28 21:28:57.859 1218 4202 D vendor.qti.bluetooth@1.0-wake_lock: Release wakelock is released
11-28 21:28:57.866 8600 9108 D GPS : NMEA is invaild.
11-28 21:28:57.866 8600 9108 D GPS : mNMEASatelites : 12
11-28 21:28:57.866 8600 9108 D GPS : mGPSSatelites : 69
11-28 21:28:57.866 8600 9108 D GPS : Android GPS is vaild.
11-28 21:28:57.876 3887 5074 D PhoneInterfaceManager: [PhoneIntfMgr] QueryTelephonyChecker-getDataNetworkTypeForSubscriber: packageName = com.innowireless.xcal.mobile5, isGrant = true
11-28 21:28:57.887 3887 5074 D PhoneInterfaceManager: [PhoneIntfMgr] QueryTelephonyChecker-getDataNetworkTypeForSubscriber: packageName = com.innowireless.xcal.mobile5, isGrant = true
11-28 21:28:57.892 3887 5074 D PhoneInterfaceManager: [PhoneIntfMgr] QueryTelephonyChecker-getDataNetworkTypeForSubscriber: packageName = com.innowireless.xcal.mobile5, isGrant = true
11-28 21:28:57.894 3887 5676 D PhoneInterfaceManager: [PhoneIntfMgr] QueryTelephonyChecker-getDataNetworkTypeForSubscriber: packageName = com.innowireless.xcal.mobile5, isGrant = true
11-28 21:28:57.897 3887 5074 D PhoneInterfaceManager: [PhoneIntfMgr] QueryTelephonyChecker-getDataNetworkTypeForSubscriber: packageName = com.innowireless.xcal.mobile5, isGrant = true
11-28 21:28:57.900 3887 5676 D PhoneInterfaceManager: [PhoneIntfMgr] QueryTelephonyChecker-getDataNetworkTypeForSubscriber: packageName = com.innowireless.xcal.mobile5, isGrant = true
11-28 21:28:57.902 8600 9740 I GLThread: waiting tid=2931 mHaveEglContext: false mHaveEglSurface: false mPaused: false mHasSurface: false mSurfaceIsBad: false mWaitingForSurface: true mWidth: 0 mHeight: 0 mRequestRender: true mRenderMode: 0
11-28 21:28:57.950 2523 3067 D WifiActiveModeWarden: there is no primary client manager, return the default one
11-28 21:28:57.998 3887 5074 D PhoneInterfaceManager: [PhoneIntfMgr] QueryTelephonyChecker-getDataNetworkTypeForSubscriber: packageName = com.innowireless.xcal.mobile5, isGrant = true
11-28 21:28:58.086 3887 5074 D PhoneInterfaceManager: [PhoneIntfMgr] QueryTelephonyChecker-getDataNetworkTypeForSubscriber: packageName = com.innowireless.xcal.mobile5, isGrant = true
11-28 21:28:58.118 3887 5676 D PhoneInterfaceManager: [PhoneIntfMgr] QueryTelephonyChecker-getDataNetworkTypeForSubscriber: packageName = com.innowireless.xcal.mobile5, isGrant = true
11-28 21:28:58.201 3887 5074 D PhoneInterfaceManager: [PhoneIntfMgr] QueryTelephonyChecker-getDataNetworkTypeForSubscriber: packageName = com.innowireless.xcal.mobile5, isGrant = true
11-28 21:28:58.211 1218 4398 I vendor.qti.bluetooth@1.0-ibs_handler: ProcessIbsCmd: Received IBS_WAKE_IND: 0xFD
11-28 21:28:58.212 1218 4398 D vendor.qti.bluetooth@1.0-ibs_handler: SerialClockVote: vote for UART CLK ON
11-28 21:28:58.212 1218 4398 D vendor.qti.bluetooth@1.0-wake_lock: Acquire wakelock is acquired
11-28 21:28:58.212 1218 4398 I vendor.qti.bluetooth@1.0-ibs_handler: ProcessIbsCmd: Writing IBS_WAKE_ACK
11-28 21:28:58.251 3887 5676 D PhoneInterfaceManager: [PhoneIntfMgr] QueryTelephonyChecker-getDataNetworkTypeForSubscriber: packageName = com.innowireless.xcal.mobile5, isGrant = true
11-28 21:28:58.263 8600 10913 D FTPC : getTotalBytes : 46978048 // 0 // 0
11-28 21:28:58.263 8600 10913 D AUTOCALL: ThroTimerTask doTask(...) afterPacket : 46978048
11-28 21:28:58.270 3887 5676 D PhoneInterfaceManager: [PhoneIntfMgr] QueryTelephonyChecker-getDataNetworkTypeForSubscriber: packageName = com.innowireless.xcal.mobile5, isGrant = true
11-28 21:28:58.293 1218 4398 I vendor.qti.bluetooth@1.0-ibs_handler: ProcessIbsCmd: Received IBS_SLEEP_IND: 0xFE
11-28 21:28:58.293 1218 4398 D vendor.qti.bluetooth@1.0-ibs_handler: SerialClockVote: vote for UART CLK OFF
11-28 21:28:58.326 3887 5676 D PhoneInterfaceManager: [PhoneIntfMgr] QueryTelephonyChecker-getDataNetworkTypeForSubscriber: packageName = com.innowireless.xcal.mobile5, isGrant = true
11-28 21:28:58.328 3887 5074 D PhoneInterfaceManager: [PhoneIntfMgr] QueryTelephonyChecker-getDataNetworkTypeForSubscriber: packageName = com.innowireless.xcal.mobile5, isGrant = true
11-28 21:28:58.347 2523 3710 I OplusHansManager : uid=10266, pkg=com.innowireless.xcal.smart4g can transition from M to F
11-28 21:28:58.347 2523 3710 I OplusHansManager : uid=10266, pkg=com.innowireless.xcal.smart4g F enter()
11-28 21:28:58.351 2523 3710 I OplusHansManager : freeze uid: 10266 com.innowireless.xcal.smart4g pids: [31287] scene: LcdOn
11-28 21:28:58.388 3887 5676 D PhoneInterfaceManager: [PhoneIntfMgr] QueryTelephonyChecker-getDataNetworkTypeForSubscriber: packageName = com.innowireless.xcal.mobile5, isGrant = true
11-28 21:28:58.390 3887 5074 D PhoneInterfaceManager: [PhoneIntfMgr] QueryTelephonyChecker-getDataNetworkTypeForSubscriber: packageName = com.innowireless.xcal.mobile5, isGrant = true
11-28 21:28:58.392 3887 7417 D PhoneInterfaceManager: [PhoneIntfMgr] QueryTelephonyChecker-getDataNetworkTypeForSubscriber: packageName = com.innowireless.xcal.mobile5, isGrant = true
11-28 21:28:58.443 1218 4202 D vendor.qti.bluetooth@1.0-wake_lock: Release wakelock is released
11-28 21:28:58.460 2523 11318 D OplusLocationStatistics: on recordTaskMark, key: gnssReportLocation
11-28 21:28:58.461 2523 2635 D LocationManagerService: incoming location from: gps
11-28 21:28:58.464 2523 2635 D LocationManagerService: incoming location from: gps
11-28 21:28:58.470 4443 5595 I FusedLocation: (REDACTED) location delivery to %s blocked - too close
11-28 21:28:58.471 4443 5595 I FusedLocation: (REDACTED) location delivery to %s blocked - too close
11-28 21:28:58.472 4443 5595 I FusedLocation: (REDACTED) location delivery to %s blocked - too fast
11-28 21:28:58.473 2523 4105 D LocationManagerService: incoming location from: fused
11-28 21:28:58.473 2523 4105 D LocationManagerService: incoming location from: fused
11-28 21:28:58.473 4443 5595 I FusedLocation: (REDACTED) location delivery to %s blocked - too fast
11-28 21:28:58.474 4443 5595 I FusedLocation: (REDACTED) location delivery to %s blocked - too fast
11-28 21:28:58.494 1254 1254 I android.hardware.thermal@2.0-service.qti: Sensor Name:shell_frametemp: 34.8. prev severity:0. cur severity:0 New severity:0
11-28 21:28:58.495 1254 1254 I android.hardware.thermal@2.0-service.qti: Sensor Name:skintemp: 37.892. prev severity:3. cur severity:0 New severity:0
11-28 21:28:58.496 1254 1254 I android.hardware.thermal@2.0-service.qti: Sensor Name:shell_fronttemp: 34.8. prev severity:0. cur severity:0 New severity:0
11-28 21:28:58.496 1254 1254 I android.hardware.thermal@2.0-service.qti: Sensor Name:shell_backtemp: 34.8. prev severity:0. cur severity:0 New severity:0
11-28 21:28:58.558 5266 9100 D DebugReportServiceHidlClient: getReport 1.1...
11-28 21:28:58.559 1237 1237 E LocSvc_HIDL_DebugReportService: Invalid count: 0
11-28 21:28:58.559 1237 1237 E LocSvc_HIDL_DebugReportService: Invalid count: 0
11-28 21:28:58.559 1237 1237 E LocSvc_HIDL_DebugReportService: Invalid count: 0
11-28 21:28:58.559 1237 1237 E LocSvc_HIDL_DebugReportService: Invalid count: 0
11-28 21:28:58.560 5266 9100 D DebugReportServiceHidlClient: getReport 1.1 success: true
11-28 21:28:58.560 5266 9100 D DebugReportServiceHidlClient: getReport 1.0 success: true
11-28 21:28:58.765 8600 10913 D FTPC : getTotalBytes : 47696896 // 0 // 0
11-28 21:28:58.765 8600 10913 D AUTOCALL: ThroTimerTask doTask(...) afterPacket : 47696896
11-28 21:28:58.848 3887 5074 D PhoneInterfaceManager: [PhoneIntfMgr] QueryTelephonyChecker-getDataNetworkTypeForSubscriber: packageName = com.innowireless.xcal.mobile5, isGrant = true
11-28 21:28:58.850 3887 5074 D PhoneInterfaceManager: [PhoneIntfMgr] QueryTelephonyChecker-getDataNetworkTypeForSubscriber: packageName = com.innowireless.xcal.mobile5, isGrant = true
11-28 21:28:58.852 3887 5074 D PhoneInterfaceManager: [PhoneIntfMgr] QueryTelephonyChecker-getDataNetworkTypeForSubscriber: packageName = com.innowireless.xcal.mobile5, isGrant = true
11-28 21:28:58.866 8600 9108 D GPS : NMEA is invaild.
11-28 21:28:58.866 8600 9108 D GPS : mNMEASatelites : 12
11-28 21:28:58.866 8600 9108 D GPS : mGPSSatelites : 70
11-28 21:28:58.866 8600 9108 D GPS : Android GPS is vaild.
11-28 21:28:58.872 3887 5074 D PhoneInterfaceManager: [PhoneIntfMgr] QueryTelephonyChecker-getDataNetworkTypeForSubscriber: packageName = com.innowireless.xcal.mobile5, isGrant = true
11-28 21:28:58.875 2523 3067 D WifiActiveModeWarden: there is no primary client manager, return the default one
11-28 21:28:58.875 2523 3433 D WifiService: getWifiEnabledState primaryClientMode is mDefaultClientModeManager
11-28 21:28:58.876 3887 5074 D PhoneInterfaceManager: [PhoneIntfMgr] QueryTelephonyChecker-getDataNetworkTypeForSubscriber: packageName = com.innowireless.xcal.mobile5, isGrant = true
11-28 21:28:58.887 3887 7417 D PhoneInterfaceManager: [PhoneIntfMgr] QueryTelephonyChecker-getDataNetworkTypeForSubscriber: packageName = com.innowireless.xcal.mobile5, isGrant = true
11-28 21:28:58.893 3887 7417 D PhoneInterfaceManager: [PhoneIntfMgr] QueryTelephonyChecker-getDataNetworkTypeForSubscriber: packageName = com.innowireless.xcal.mobile5, isGrant = true
11-28 21:28:58.895 3887 5074 D PhoneInterfaceManager: [PhoneIntfMgr] QueryTelephonyChecker-getDataNetworkTypeForSubscriber: packageName = com.innowireless.xcal.mobile5, isGrant = true
11-28 21:28:58.896 3887 7417 D PhoneInterfaceManager: [PhoneIntfMgr] QueryTelephonyChecker-getDataNetworkTypeForSubscriber: packageName = com.innowireless.xcal.mobile5, isGrant = true
11-28 21:28:58.900 3887 5676 D PhoneInterfaceManager: [PhoneIntfMgr] QueryTelephonyChecker-getDataNetworkTypeForSubscriber: packageName = com.innowireless.xcal.mobile5, isGrant = true
11-28 21:28:58.917 1218 4398 I vendor.qti.bluetooth@1.0-ibs_handler: ProcessIbsCmd: Received IBS_WAKE_IND: 0xFD
11-28 21:28:58.917 1218 4398 D vendor.qti.bluetooth@1.0-ibs_handler: SerialClockVote: vote for UART CLK ON
11-28 21:28:58.918 1218 4398 D vendor.qti.bluetooth@1.0-wake_lock: Acquire wakelock is acquired
11-28 21:28:58.918 1218 4398 I vendor.qti.bluetooth@1.0-ibs_handler: ProcessIbsCmd: Writing IBS_WAKE_ACK
11-28 21:28:58.953 2523 3067 D WifiActiveModeWarden: there is no primary client manager, return the default one
11-28 21:28:58.997 3887 5676 D PhoneInterfaceManager: [PhoneIntfMgr] QueryTelephonyChecker-getDataNetworkTypeForSubscriber: packageName = com.innowireless.xcal.mobile5, isGrant = true
11-28 21:28:58.998 1218 4398 I vendor.qti.bluetooth@1.0-ibs_handler: ProcessIbsCmd: Received IBS_SLEEP_IND: 0xFE
11-28 21:28:58.999 1218 4398 D vendor.qti.bluetooth@1.0-ibs_handler: SerialClockVote: vote for UART CLK OFF
11-28 21:28:59.084 5208 8449 E MtpServer: got command MTP_OPERATION_GET_STORAGE_IDS (1004)
11-28 21:28:59.085 5208 8449 E MtpServer: got command MTP_OPERATION_GET_STORAGE_INFO (1005)
11-28 21:28:59.085 5208 8449 E MtpServer: isRemoving=0, path=/storage/emulated/0, storageId=00010001, size=1
11-28 21:28:59.086 3887 5676 D PhoneInterfaceManager: [PhoneIntfMgr] QueryTelephonyChecker-getDataNetworkTypeForSubscriber: packageName = com.innowireless.xcal.mobile5, isGrant = true
11-28 21:28:59.087 5208 8449 E MtpServer: got command MTP_OPERATION_GET_DEVICE_INFO (1001)
11-28 21:28:59.118 3887 7417 D PhoneInterfaceManager: [PhoneIntfMgr] QueryTelephonyChecker-getDataNetworkTypeForSubscriber: packageName = com.innowireless.xcal.mobile5, isGrant = true
11-28 21:28:59.150 1218 4202 D vendor.qti.bluetooth@1.0-wake_lock: Release wakelock is released
11-28 21:28:59.224 3887 5676 D PhoneInterfaceManager: [PhoneIntfMgr] QueryTelephonyChecker-getDataNetworkTypeForSubscriber: packageName = com.innowireless.xcal.mobile5, isGrant = true
11-28 21:28:59.265 8600 10913 D FTPC : getTotalBytes : 48370176 // 0 // 0
11-28 21:28:59.265 8600 10913 D AUTOCALL: ThroTimerTask doTask(...) afterPacket : 48370176
11-28 21:28:59.273 3887 5676 D PhoneInterfaceManager: [PhoneIntfMgr] QueryTelephonyChecker-getDataNetworkTypeForSubscriber: packageName = com.innowireless.xcal.mobile5, isGrant = true
11-28 21:28:59.304 3887 7417 D PhoneInterfaceManager: [PhoneIntfMgr] QueryTelephonyChecker-getDataNetworkTypeForSubscriber: packageName = com.innowireless.xcal.mobile5, isGrant = true
11-28 21:28:59.316 2523 3003 I OplusPowerMonitor: getActiveAudioPids :
11-28 21:28:59.316 2523 3003 I OplusPowerMonitor: getActiveRecordPids :
11-28 21:28:59.325 3887 5676 D PhoneInterfaceManager: [PhoneIntfMgr] QueryTelephonyChecker-getDataNetworkTypeForSubscriber: packageName = com.innowireless.xcal.mobile5, isGrant = true
11-28 21:28:59.327 3887 7417 D PhoneInterfaceManager: [PhoneIntfMgr] QueryTelephonyChecker-getDataNetworkTypeForSubscriber: packageName = com.innowireless.xcal.mobile5, isGrant = true
11-28 21:28:59.387 3887 5676 D PhoneInterfaceManager: [PhoneIntfMgr] QueryTelephonyChecker-getDataNetworkTypeForSubscriber: packageName = com.innowireless.xcal.mobile5, isGrant = true
11-28 21:28:59.389 3887 7417 D PhoneInterfaceManager: [PhoneIntfMgr] QueryTelephonyChecker-getDataNetworkTypeForSubscriber: packageName = com.innowireless.xcal.mobile5, isGrant = true
11-28 21:28:59.390 3887 5074 D PhoneInterfaceManager: [PhoneIntfMgr] QueryTelephonyChecker-getDataNetworkTypeForSubscriber: packageName = com.innowireless.xcal.mobile5, isGrant = true
11-28 21:28:59.455 2523 11318 D OplusLocationStatistics: on recordTaskMark, key: gnssReportLocation
11-28 21:28:59.456 2523 2635 D LocationManagerService: incoming location from: gps
11-28 21:28:59.457 2523 2635 D LocationManagerService: incoming location from: gps
11-28 21:28:59.465 4443 5595 I FusedLocation: (REDACTED) location delivery to %s blocked - too close
11-28 21:28:59.466 4443 5595 I FusedLocation: (REDACTED) location delivery to %s blocked - too close
11-28 21:28:59.468 2523 3433 D LocationManagerService: incoming location from: fused
11-28 21:28:59.468 2523 3433 D LocationManagerService: incoming location from: fused
11-28 21:28:59.470 4443 5595 I FusedLocation: (REDACTED) location delivery to %s blocked - too fast
11-28 21:28:59.485 4443 10845 I SemanticLocation: [InfMgr] No location reports after filtering [CONTEXT service_id=173 ]
11-28 21:28:59.499 1254 1254 I android.hardware.thermal@2.0-service.qti: Sensor Name:shell_frametemp: 34.8. prev severity:0. cur severity:0 New severity:0
11-28 21:28:59.500 1254 1254 I android.hardware.thermal@2.0-service.qti: Sensor Name:skintemp: 37.913. prev severity:3. cur severity:0 New severity:0
11-28 21:28:59.501 1254 1254 I android.hardware.thermal@2.0-service.qti: Sensor Name:shell_fronttemp: 34.8. prev severity:0. cur severity:0 New severity:0
11-28 21:28:59.501 1254 1254 I android.hardware.thermal@2.0-service.qti: Sensor Name:shell_backtemp: 34.8. prev severity:0. cur severity:0 New severity:0
11-28 21:28:59.502 4443 10839 I GCoreUlr: Successfully inserted 1 locations
11-28 21:28:59.558 5266 9100 D DebugReportServiceHidlClient: getReport 1.1...
11-28 21:28:59.559 1237 1237 E LocSvc_HIDL_DebugReportService: Invalid count: 0
11-28 21:28:59.559 1237 1237 E LocSvc_HIDL_DebugReportService: Invalid count: 0
11-28 21:28:59.559 1237 1237 E LocSvc_HIDL_DebugReportService: Invalid count: 0
11-28 21:28:59.559 1237 1237 E LocSvc_HIDL_DebugReportService: Invalid count: 0
11-28 21:28:59.560 5266 9100 D DebugReportServiceHidlClient: getReport 1.1 success: true
11-28 21:28:59.560 5266 9100 D DebugReportServiceHidlClient: getReport 1.0 success: true
11-28 21:28:59.603 1218 4398 I vendor.qti.bluetooth@1.0-ibs_handler: ProcessIbsCmd: Received IBS_WAKE_IND: 0xFD
11-28 21:28:59.603 1218 4398 D vendor.qti.bluetooth@1.0-ibs_handler: SerialClockVote: vote for UART CLK ON
11-28 21:28:59.603 1218 4398 D vendor.qti.bluetooth@1.0-wake_lock: Acquire wakelock is acquired
11-28 21:28:59.604 1218 4398 I vendor.qti.bluetooth@1.0-ibs_handler: ProcessIbsCmd: Writing IBS_WAKE_ACK
11-28 21:28:59.684 1218 4398 I vendor.qti.bluetooth@1.0-ibs_handler: ProcessIbsCmd: Received IBS_SLEEP_IND: 0xFE
11-28 21:28:59.685 1218 4398 D vendor.qti.bluetooth@1.0-ibs_handler: SerialClockVote: vote for UART CLK OFF
11-28 21:28:59.768 8600 10913 D FTPC : getTotalBytes : 49644544 // 0 // 0
11-28 21:28:59.768 8600 10913 D AUTOCALL: ThroTimerTask doTask(...) afterPacket : 49644544
11-28 21:28:59.835 1218 4202 D vendor.qti.bluetooth@1.0-wake_lock: Release wakelock is released
11-28 21:28:59.847 3887 5676 D PhoneInterfaceManager: [PhoneIntfMgr] QueryTelephonyChecker-getDataNetworkTypeForSubscriber: packageName = com.innowireless.xcal.mobile5, isGrant = true
11-28 21:28:59.848 3887 5074 D PhoneInterfaceManager: [PhoneIntfMgr] QueryTelephonyChecker-getDataNetworkTypeForSubscriber: packageName = com.innowireless.xcal.mobile5, isGrant = true
