11-28 21:28:59.849 3887 5676 D PhoneInterfaceManager: [PhoneIntfMgr] QueryTelephonyChecker-getDataNetworkTypeForSubscriber: packageName = com.innowireless.xcal.mobile5, isGrant = true
11-28 21:28:59.867 8600 9108 D GPS : NMEA is invaild.
11-28 21:28:59.867 8600 9108 D GPS : mNMEASatelites : 12
11-28 21:28:59.867 8600 9108 D GPS : mGPSSatelites : 70
11-28 21:28:59.867 8600 9108 D GPS : Android GPS is vaild.
11-28 21:28:59.877 3887 7417 D PhoneInterfaceManager: [PhoneIntfMgr] QueryTelephonyChecker-getDataNetworkTypeForSubscriber: packageName = com.innowireless.xcal.mobile5, isGrant = true
11-28 21:28:59.881 8600 9740 I GLThread: waiting tid=2931 mHaveEglContext: false mHaveEglSurface: false mPaused: false mHasSurface: false mSurfaceIsBad: false mWaitingForSurface: true mWidth: 0 mHeight: 0 mRequestRender: true mRenderMode: 0
11-28 21:28:59.886 3887 7417 D PhoneInterfaceManager: [PhoneIntfMgr] QueryTelephonyChecker-getDataNetworkTypeForSubscriber: packageName = com.innowireless.xcal.mobile5, isGrant = true
11-28 21:28:59.888 3887 7417 D PhoneInterfaceManager: [PhoneIntfMgr] QueryTelephonyChecker-getDataNetworkTypeForSubscriber: packageName = com.innowireless.xcal.mobile5, isGrant = true
11-28 21:28:59.889 3887 7417 D PhoneInterfaceManager: [PhoneIntfMgr] QueryTelephonyChecker-getDataNetworkTypeForSubscriber: packageName = com.innowireless.xcal.mobile5, isGrant = true
11-28 21:28:59.890 3887 3904 D PhoneInterfaceManager: [PhoneIntfMgr] QueryTelephonyChecker-getDataNetworkTypeForSubscriber: packageName = com.innowireless.xcal.mobile5, isGrant = true
11-28 21:28:59.892 3887 5676 D PhoneInterfaceManager: [PhoneIntfMgr] QueryTelephonyChecker-getDataNetworkTypeForSubscriber: packageName = com.innowireless.xcal.mobile5, isGrant = true
11-28 21:28:59.921 3887 7417 D PhoneInterfaceManager: [PhoneIntfMgr] QueryTelephonyChecker-getDataNetworkTypeForSubscriber: packageName = com.innowireless.xcal.mobile5, isGrant = true
11-28 21:28:59.922 2523 3067 D WifiActiveModeWarden: there is no primary client manager, return the default one
11-28 21:28:59.923 2523 4564 D WifiService: getWifiEnabledState primaryClientMode is mDefaultClientModeManager
11-28 21:28:59.956 2523 3067 D WifiActiveModeWarden: there is no primary client manager, return the default one
11-28 21:29:00.000 3887 7417 D PhoneInterfaceManager: [PhoneIntfMgr] QueryTelephonyChecker-getDataNetworkTypeForSubscriber: packageName = com.innowireless.xcal.mobile5, isGrant = true
11-28 21:29:00.014 3303 3303 I OpColorTextView: index:1
11-28 21:29:00.023 2523 3433 E OplusCustomizeRestrictionManagerService: isBiometricDisabled start
11-28 21:29:00.026 2523 3433 E OplusCustomizeRestrictionManagerService: isBiometricDisabled start
11-28 21:29:00.033 3303 3303 D OpUtils : color code -654311424
11-28 21:29:00.033 3303 3303 D OpUtils : color code -654311424
11-28 21:29:00.033 3303 3303 D OpUtils : color code -654311424
11-28 21:29:00.033 6918 6920 E IHansComunication: HANS printMessageBody: RCVed message body: type = 0, port = 86870, caller_pid = 2523, caller_uid = 1000, target_pid = 31287, target_uid = 10266, pkg_cmd = -1
11-28 21:29:00.036 2523 3719 I OplusHansManager : unfreeze uid: 10266 com.innowireless.xcal.smart4g pids: [31287] reason: AsyncBinder scene: LcdOn
11-28 21:29:00.037 2523 3710 I OplusHansManager : uid=10266, pkg=com.innowireless.xcal.smart4g, transition from Frozen to Middle, reason=AsyncBinder
11-28 21:29:00.037 2523 3710 I OplusHansManager : uid=10266, pkg=com.innowireless.xcal.smart4g F exit(), reason=AsyncBinder
11-28 21:29:00.038 2523 4922 D OplusProxyWakeLock: remove uid: 10266 wiht all pids from wakelockUidInfo list
11-28 21:29:00.054 2523 2708 D OplusFeatureBrightnessBarController: mDarkLevel: 0
11-28 21:29:00.092 3887 7417 D PhoneInterfaceManager: [PhoneIntfMgr] QueryTelephonyChecker-getDataNetworkTypeForSubscriber: packageName = com.innowireless.xcal.mobile5, isGrant = true
11-28 21:29:00.118 3887 5676 D PhoneInterfaceManager: [PhoneIntfMgr] QueryTelephonyChecker-getDataNetworkTypeForSubscriber: packageName = com.innowireless.xcal.mobile5, isGrant = true
11-28 21:29:00.182 3887 5676 D PhoneInterfaceManager: [PhoneIntfMgr] QueryTelephonyChecker-getDataNetworkTypeForSubscriber: packageName = com.innowireless.xcal.mobile5, isGrant = true
11-28 21:29:00.222 1218 4398 I vendor.qti.bluetooth@1.0-ibs_handler: ProcessIbsCmd: Received IBS_WAKE_IND: 0xFD
11-28 21:29:00.222 1218 4398 D vendor.qti.bluetooth@1.0-ibs_handler: SerialClockVote: vote for UART CLK ON
11-28 21:29:00.223 1218 4398 D vendor.qti.bluetooth@1.0-wake_lock: Acquire wakelock is acquired
11-28 21:29:00.223 1218 4398 I vendor.qti.bluetooth@1.0-ibs_handler: ProcessIbsCmd: Writing IBS_WAKE_ACK
11-28 21:29:00.260 3887 7417 D PhoneInterfaceManager: [PhoneIntfMgr] QueryTelephonyChecker-getDataNetworkTypeForSubscriber: packageName = com.innowireless.xcal.mobile5, isGrant = true
11-28 21:29:00.269 8600 10913 D FTPC : getTotalBytes : 50865664 // 0 // 0
11-28 21:29:00.269 8600 10913 D AUTOCALL: ThroTimerTask doTask(...) afterPacket : 50865664
11-28 21:29:00.276 3887 5676 D PhoneInterfaceManager: [PhoneIntfMgr] QueryTelephonyChecker-getDataNetworkTypeForSubscriber: packageName = com.innowireless.xcal.mobile5, isGrant = true
11-28 21:29:00.305 1218 4398 I vendor.qti.bluetooth@1.0-ibs_handler: ProcessIbsCmd: Received IBS_SLEEP_IND: 0xFE
11-28 21:29:00.305 1218 4398 D vendor.qti.bluetooth@1.0-ibs_handler: SerialClockVote: vote for UART CLK OFF
11-28 21:29:00.325 3887 5676 D PhoneInterfaceManager: [PhoneIntfMgr] QueryTelephonyChecker-getDataNetworkTypeForSubscriber: packageName = com.innowireless.xcal.mobile5, isGrant = true
11-28 21:29:00.327 3887 7417 D PhoneInterfaceManager: [PhoneIntfMgr] QueryTelephonyChecker-getDataNetworkTypeForSubscriber: packageName = com.innowireless.xcal.mobile5, isGrant = true
11-28 21:29:00.354 6918 5993 D IHansComunication: HansComunication::configCheckedUid-- 10266, type = 0
11-28 21:29:00.354 6918 5993 D IHansComunication: HANS sendMessageToKernel: threadId = 530591591600, netLinkSetup = 1, type = FROZEN_TRANS, targetUid = 10266, pkgCmd = PKG_CMD_MAX
11-28 21:29:00.387 3887 5676 D PhoneInterfaceManager: [PhoneIntfMgr] QueryTelephonyChecker-getDataNetworkTypeForSubscriber: packageName = com.innowireless.xcal.mobile5, isGrant = true
11-28 21:29:00.388 3887 7417 D PhoneInterfaceManager: [PhoneIntfMgr] QueryTelephonyChecker-getDataNetworkTypeForSubscriber: packageName = com.innowireless.xcal.mobile5, isGrant = true
11-28 21:29:00.389 3887 3904 D PhoneInterfaceManager: [PhoneIntfMgr] QueryTelephonyChecker-getDataNetworkTypeForSubscriber: packageName = com.innowireless.xcal.mobile5, isGrant = true
11-28 21:29:00.442 2523 2658 D OplusLocationStatistics: on recordTaskMark, key: gnssReportLocation
11-28 21:29:00.451 2523 2635 D LocationManagerService: incoming location from: gps
11-28 21:29:00.455 1218 4202 D vendor.qti.bluetooth@1.0-wake_lock: Release wakelock is released
11-28 21:29:00.458 2523 2635 D LocationManagerService: incoming location from: gps
11-28 21:29:00.464 4443 5595 I FusedLocation: (REDACTED) location delivery to %s blocked - too close
11-28 21:29:00.464 4443 5595 I FusedLocation: (REDACTED) location delivery to %s blocked - too close
11-28 21:29:00.465 4443 5595 I FusedLocation: (REDACTED) location delivery to %s blocked - too fast
11-28 21:29:00.465 2523 3324 D LocationManagerService: incoming location from: fused
11-28 21:29:00.465 2523 3324 D LocationManagerService: incoming location from: fused
11-28 21:29:00.465 4443 5595 I FusedLocation: (REDACTED) location delivery to %s blocked - too fast
11-28 21:29:00.465 4443 5595 I FusedLocation: (REDACTED) location delivery to %s blocked - too fast
11-28 21:29:00.500 4443 8211 I NearbyMediums: Found Fast Ble Advertisements :
11-28 21:29:00.500 4443 8211 I NearbyMediums: BleAdvertisement { version=2, socketVersion=2, isFast=true, serviceIdHash=null, data=[ 0x23 0x56 0x54 0x42 0x42 0x11 0x32 0xea 0xee 0x17 0x69 0x63 0xf9 0xa1 0xa3 0xc6 0x7f 0xcc 0xa1 0x1c 0x1b 0x6e 0xcc ], deviceToken=[ 0xe6 0x39 ], rxAdvertisement=null } : 5 times.
11-28 21:29:00.500 4443 8211 I NearbyMediums: BleAdvertisement { version=2, socketVersion=2, isFast=true, serviceIdHash=null, data=[ 0x23 0x46 0x32 0x5a 0x4d 0x11 0x32 0x82 0x50 0x0d 0xd2 0x27 0xa9 0x6f 0xf4 0x0b 0x2d 0x53 0x92 0xd8 0xae 0x4a 0xb4 ], deviceToken=[ 0xc4 0x4d ], rxAdvertisement=null } : 5 times.
11-28 21:29:00.500 4443 8211 I NearbyMediums: Total 10 fast advertisements from 2 unique advertisers.
11-28 21:29:00.500 4443 8211 I NearbyMediums: Found BLE GATT Advertisements :
11-28 21:29:00.500 4443 8211 I NearbyMediums: BleAdvertisement { version=2, socketVersion=2, isFast=false, serviceIdHash=[ 0xfc 0x9f 0x5e ], data=[ 0x23 0xfc 0x9f 0x5e 0x33 0x4f 0x58 0x49 0x1d 0x06 0x93 0x67 0xe9 0x7f 0xb7 0xb8 0x94 0x7d 0xdc 0x48 0x0b 0x2b 0x55 0xf2 0x61 0x77 0x0b 0x50 0x72 0x61 0x74 0x69 0x6b 0x27 0x73 0x20 0x50 0x43 0x30 0x89 0x4a 0xc6 0x21 0x12 0x00 0x00 ], deviceToken=[ 0x38 0xd8 ], rxAdvertisement=null } : 14 times.
11-28 21:29:00.500 4443 8211 I NearbyMediums: Total 14 GATT advertisements from 1 unique advertisers.
11-28 21:29:00.505 1254 1254 I android.hardware.thermal@2.0-service.qti: Sensor Name:shell_frametemp: 34.8. prev severity:0. cur severity:0 New severity:0
11-28 21:29:00.507 1254 1254 I android.hardware.thermal@2.0-service.qti: Sensor Name:skintemp: 37.916. prev severity:3. cur severity:0 New severity:0
11-28 21:29:00.507 1254 1254 I android.hardware.thermal@2.0-service.qti: Sensor Name:shell_fronttemp: 34.8. prev severity:0. cur severity:0 New severity:0
11-28 21:29:00.507 1254 1254 I android.hardware.thermal@2.0-service.qti: Sensor Name:shell_backtemp: 34.8. prev severity:0. cur severity:0 New severity:0
11-28 21:29:00.558 5266 9100 D DebugReportServiceHidlClient: getReport 1.1...
11-28 21:29:00.558 1237 1237 E LocSvc_HIDL_DebugReportService: Invalid count: 0
11-28 21:29:00.558 1237 1237 E LocSvc_HIDL_DebugReportService: Invalid count: 0
11-28 21:29:00.558 1237 1237 E LocSvc_HIDL_DebugReportService: Invalid count: 0
11-28 21:29:00.558 1237 1237 E LocSvc_HIDL_DebugReportService: Invalid count: 0
11-28 21:29:00.559 5266 9100 D DebugReportServiceHidlClient: getReport 1.1 success: true
11-28 21:29:00.559 5266 9100 D DebugReportServiceHidlClient: getReport 1.0 success: true
11-28 21:29:00.772 8600 10913 D FTPC : getTotalBytes : 51744256 // 0 // 0
11-28 21:29:00.772 8600 10913 D AUTOCALL: ThroTimerTask doTask(...) afterPacket : 51744256
11-28 21:29:00.832 1218 4398 I vendor.qti.bluetooth@1.0-ibs_handler: ProcessIbsCmd: Received IBS_WAKE_IND: 0xFD
11-28 21:29:00.833 1218 4398 D vendor.qti.bluetooth@1.0-ibs_handler: SerialClockVote: vote for UART CLK ON
11-28 21:29:00.833 1218 4398 D vendor.qti.bluetooth@1.0-wake_lock: Acquire wakelock is acquired
11-28 21:29:00.833 1218 4398 I vendor.qti.bluetooth@1.0-ibs_handler: ProcessIbsCmd: Writing IBS_WAKE_ACK
11-28 21:29:00.849 3887 3904 D PhoneInterfaceManager: [PhoneIntfMgr] QueryTelephonyChecker-getDataNetworkTypeForSubscriber: packageName = com.innowireless.xcal.mobile5, isGrant = true
11-28 21:29:00.851 3887 3904 D PhoneInterfaceManager: [PhoneIntfMgr] QueryTelephonyChecker-getDataNetworkTypeForSubscriber: packageName = com.innowireless.xcal.mobile5, isGrant = true
11-28 21:29:00.854 3887 3904 D PhoneInterfaceManager: [PhoneIntfMgr] QueryTelephonyChecker-getDataNetworkTypeForSubscriber: packageName = com.innowireless.xcal.mobile5, isGrant = true
11-28 21:29:00.868 8600 9108 D GPS : NMEA is invaild.
11-28 21:29:00.869 8600 9108 D GPS : mNMEASatelites : 12
11-28 21:29:00.869 8600 9108 D GPS : mGPSSatelites : 70
11-28 21:29:00.869 8600 9108 D GPS : Android GPS is vaild.
11-28 21:29:00.880 3887 3904 D PhoneInterfaceManager: [PhoneIntfMgr] QueryTelephonyChecker-getDataNetworkTypeForSubscriber: packageName = com.innowireless.xcal.mobile5, isGrant = true
11-28 21:29:00.886 3887 3904 D PhoneInterfaceManager: [PhoneIntfMgr] QueryTelephonyChecker-getDataNetworkTypeForSubscriber: packageName = com.innowireless.xcal.mobile5, isGrant = true
11-28 21:29:00.889 8600 9740 I GLThread: waiting tid=2931 mHaveEglContext: false mHaveEglSurface: false mPaused: false mHasSurface: false mSurfaceIsBad: false mWaitingForSurface: true mWidth: 0 mHeight: 0 mRequestRender: true mRenderMode: 0
11-28 21:29:00.892 3887 3904 D PhoneInterfaceManager: [PhoneIntfMgr] QueryTelephonyChecker-getDataNetworkTypeForSubscriber: packageName = com.innowireless.xcal.mobile5, isGrant = true
11-28 21:29:00.895 3887 7417 D PhoneInterfaceManager: [PhoneIntfMgr] QueryTelephonyChecker-getDataNetworkTypeForSubscriber: packageName = com.innowireless.xcal.mobile5, isGrant = true
11-28 21:29:00.897 3887 7417 D PhoneInterfaceManager: [PhoneIntfMgr] QueryTelephonyChecker-getDataNetworkTypeForSubscriber: packageName = com.innowireless.xcal.mobile5, isGrant = true
11-28 21:29:00.901 3887 7417 D PhoneInterfaceManager: [PhoneIntfMgr] QueryTelephonyChecker-getDataNetworkTypeForSubscriber: packageName = com.innowireless.xcal.mobile5, isGrant = true
11-28 21:29:00.914 1218 4398 I vendor.qti.bluetooth@1.0-ibs_handler: ProcessIbsCmd: Received IBS_SLEEP_IND: 0xFE
11-28 21:29:00.914 1218 4398 D vendor.qti.bluetooth@1.0-ibs_handler: SerialClockVote: vote for UART CLK OFF
11-28 21:29:00.959 2523 3067 D WifiActiveModeWarden: there is no primary client manager, return the default one
11-28 21:29:00.988 3887 7417 D PhoneInterfaceManager: [PhoneIntfMgr] QueryTelephonyChecker-getDataNetworkTypeForSubscriber: packageName = com.innowireless.xcal.mobile5, isGrant = true
11-28 21:29:00.991 2523 3067 D WifiActiveModeWarden: there is no primary client manager, return the default one
11-28 21:29:00.991 2523 3456 D WifiService: getWifiEnabledState primaryClientMode is mDefaultClientModeManager
11-28 21:29:01.000 3887 7417 D PhoneInterfaceManager: [PhoneIntfMgr] QueryTelephonyChecker-getDataNetworkTypeForSubscriber: packageName = com.innowireless.xcal.mobile5, isGrant = true
11-28 21:29:01.050 31103 31103 D MyAccessibilityService: findChromeCloseBottonNodeInfo: parent != null -> true, 0
11-28 21:29:01.065 1218 4202 D vendor.qti.bluetooth@1.0-wake_lock: Release wakelock is released
11-28 21:29:01.092 3887 7417 D PhoneInterfaceManager: [PhoneIntfMgr] QueryTelephonyChecker-getDataNetworkTypeForSubscriber: packageName = com.innowireless.xcal.mobile5, isGrant = true
11-28 21:29:01.123 3887 7417 D PhoneInterfaceManager: [PhoneIntfMgr] QueryTelephonyChecker-getDataNetworkTypeForSubscriber: packageName = com.innowireless.xcal.mobile5, isGrant = true
11-28 21:29:01.142 31103 31103 D MyAccessibilityService: findChromeCloseBottonNodeInfo: parent != null -> true, 0
11-28 21:29:01.203 3887 7417 D PhoneInterfaceManager: [PhoneIntfMgr] QueryTelephonyChecker-getDataNetworkTypeForSubscriber: packageName = com.innowireless.xcal.mobile5, isGrant = true
11-28 21:29:01.251 3887 3904 D PhoneInterfaceManager: [PhoneIntfMgr] QueryTelephonyChecker-getDataNetworkTypeForSubscriber: packageName = com.innowireless.xcal.mobile5, isGrant = true
11-28 21:29:01.254 2523 2708 D OplusFeatureBrightnessBarController: mDarkLevel: 0
11-28 21:29:01.272 8600 10913 D FTPC : getTotalBytes : 52262912 // 0 // 0
11-28 21:29:01.272 8600 10913 D AUTOCALL: ThroTimerTask doTask(...) afterPacket : 52262912
11-28 21:29:01.280 3887 3904 D PhoneInterfaceManager: [PhoneIntfMgr] QueryTelephonyChecker-getDataNetworkTypeForSubscriber: packageName = com.innowireless.xcal.mobile5, isGrant = true
11-28 21:29:01.328 3887 3904 D PhoneInterfaceManager: [PhoneIntfMgr] QueryTelephonyChecker-getDataNetworkTypeForSubscriber: packageName = com.innowireless.xcal.mobile5, isGrant = true
11-28 21:29:01.330 3887 7417 D PhoneInterfaceManager: [PhoneIntfMgr] QueryTelephonyChecker-getDataNetworkTypeForSubscriber: packageName = com.innowireless.xcal.mobile5, isGrant = true
11-28 21:29:01.387 3887 3904 D PhoneInterfaceManager: [PhoneIntfMgr] QueryTelephonyChecker-getDataNetworkTypeForSubscriber: packageName = com.innowireless.xcal.mobile5, isGrant = true
11-28 21:29:01.388 3887 7417 D PhoneInterfaceManager: [PhoneIntfMgr] QueryTelephonyChecker-getDataNetworkTypeForSubscriber: packageName = com.innowireless.xcal.mobile5, isGrant = true
11-28 21:29:01.390 3887 5676 D PhoneInterfaceManager: [PhoneIntfMgr] QueryTelephonyChecker-getDataNetworkTypeForSubscriber: packageName = com.innowireless.xcal.mobile5, isGrant = true
11-28 21:29:01.453 2523 11318 D OplusLocationStatistics: on recordTaskMark, key: gnssReportLocation
11-28 21:29:01.454 2523 2635 D LocationManagerService: incoming location from: gps
11-28 21:29:01.455 1218 4398 I vendor.qti.bluetooth@1.0-ibs_handler: ProcessIbsCmd: Received IBS_WAKE_IND: 0xFD
11-28 21:29:01.455 1218 4398 D vendor.qti.bluetooth@1.0-ibs_handler: SerialClockVote: vote for UART CLK ON
11-28 21:29:01.456 1218 4398 D vendor.qti.bluetooth@1.0-wake_lock: Acquire wakelock is acquired
11-28 21:29:01.456 1218 4398 I vendor.qti.bluetooth@1.0-ibs_handler: ProcessIbsCmd: Writing IBS_WAKE_ACK
11-28 21:29:01.458 2523 2635 D LocationManagerService: incoming location from: gps
11-28 21:29:01.466 4443 5595 I FusedLocation: (REDACTED) location delivery to %s blocked - too close
11-28 21:29:01.466 4443 5595 I FusedLocation: (REDACTED) location delivery to %s blocked - too close
11-28 21:29:01.468 4443 5595 I FusedLocation: (REDACTED) location delivery to %s blocked - too fast
11-28 21:29:01.468 2523 3433 D LocationManagerService: incoming location from: fused
11-28 21:29:01.468 2523 3433 D LocationManagerService: incoming location from: fused
11-28 21:29:01.468 4443 5595 I FusedLocation: (REDACTED) location delivery to %s blocked - too fast
11-28 21:29:01.468 4443 5595 I FusedLocation: (REDACTED) location delivery to %s blocked - too fast
11-28 21:29:01.509 1254 1254 I android.hardware.thermal@2.0-service.qti: Sensor Name:shell_frametemp: 34.8. prev severity:0. cur severity:0 New severity:0
11-28 21:29:01.511 1254 1254 I android.hardware.thermal@2.0-service.qti: Sensor Name:skintemp: 37.94. prev severity:3. cur severity:0 New severity:0
11-28 21:29:01.512 1254 1254 I android.hardware.thermal@2.0-service.qti: Sensor Name:shell_fronttemp: 34.8. prev severity:0. cur severity:0 New severity:0
11-28 21:29:01.512 1254 1254 I android.hardware.thermal@2.0-service.qti: Sensor Name:shell_backtemp: 34.8. prev severity:0. cur severity:0 New severity:0
11-28 21:29:01.519 3720 3720 E ModemAciService: CatchException oemModemAci2OplusModemAci():java.lang.IndexOutOfBoundsException: Index 103 out of bounds for length 85
11-28 21:29:01.520 3720 3720 I ModemAciService: UMF LO: OplusModemActivityInfo{ date=11-28 21:29:01.518 modemPowermA[]=[124.82,120.72,131.64] sleepTimeMs=0 idleTimeMs=1 rxTimeMs=4030 5gRxTimeMs=0 txTimeMs[]=[519, 466, 3, 0, 0] 5gTxTimeMs[]=[0, 0, 0, 0, 0] techTimeMs[]=[0, 0, 0, 0, 5018, 0, 0, 0, 0] rrcConn10sC[]=[0, 0] rrcConn20sC[]=[0, 0] rrcConnMore20sC[]=[0, 0] rrcConnC[]=[0, 0] csChangedC[]=[0, 0] psChangedC[]=[0, 0] iRatC[]=[0, 0] cellUpdateC[]=[0, 0] nwSrchC[]=[0, 0] nwSrchT[]=[0, 0] lteRrcConnT[]=[5, 0] psRegT[]=[5, 0] csRegT[]=[5, 0] psNoRegT[]=[0, 5] csNoRegT[]=[0, 5] sigGrid0T[]=[0, 0] endcActT[]=[0, 0] saActT[]=[0, 0] gpsTimeMs=5018 wlanTimeMs=0 regReqFbC[]=[0, 62] regReqTransAcqDbC[]=[11, 0] saRrcConn10sC[]=[0, 0] saRrcConn20sC[]=[0, 0] saRrcConnMore20sC[]=[0, 0] saRrcConnC[]=[1554, 0] lteHoC[]=[0, 0] saHoC[]=[0, 0] saRrcConnT[]=[0, 0] lteBandDurationSim0[]=[0, 0, 0, 0, 0, 0, 0, 0, 0] lteBandDurationSim1[]=[0, 0, 0, 0, 0, 0, 0, 0, 0] nrBandDurationSim0[]=[0, 0, 0, 0, 0, 0] nrBandDurationSim1[]=[0, 0, 0, 0, 0, 0] sensorStationaryC=0 sensorStationaryT=0 modemStationaryC=0 modemStationaryT=0}
11-28 21:29:01.520 3720 3720 I ModemAciService: UMF CH: OplusModemActivityInfo{ date=11-28 21:29:01.518 modemPowermA[]=[124.82,120.72,131.64] sleepTimeMs=0 idleTimeMs=1 rxTimeMs=4030 5gRxTimeMs=0 txTimeMs[]=[519, 466, 3, 0, 0] 5gTxTimeMs[]=[0, 0, 0, 0, 0] techTimeMs[]=[0, 0, 0, 0, 5018, 0, 0, 0, 0] rrcConn10sC[]=[0, 0] rrcConn20sC[]=[0, 0] rrcConnMore20sC[]=[0, 0] rrcConnC[]=[0, 0] csChangedC[]=[0, 0] psChangedC[]=[0, 0] iRatC[]=[0, 0] cellUpdateC[]=[0, 0] nwSrchC[]=[0, 0] nwSrchT[]=[0, 0] lteRrcConnT[]=[5, 0] psRegT[]=[5, 0] csRegT[]=[5, 0] psNoRegT[]=[0, 5] csNoRegT[]=[0, 5] sigGrid0T[]=[0, 0] endcActT[]=[0, 0] saActT[]=[0, 0] gpsTimeMs=5018 wlanTimeMs=0 regReqFbC[]=[0, 62] regReqTransAcqDbC[]=[11, 0] saRrcConn10sC[]=[0, 0] saRrcConn20sC[]=[0, 0] saRrcConnMore20sC[]=[0, 0] saRrcConnC[]=[1554, 0] lteHoC[]=[0, 0] saHoC[]=[0, 0] saRrcConnT[]=[0, 0] lteBandDurationSim0[]=[0, 0, 0, 0, 0, 0, 0, 0, 0] lteBandDurationSim1[]=[0, 0, 0, 0, 0, 0, 0, 0, 0] nrBandDurationSim0[]=[0, 0, 0, 0, 0, 0] nrBandDurationSim1[]=[0, 0, 0, 0, 0, 0] sensorStationaryC=0 sensorStationaryT=0 modemStationaryC=0 modemStationaryT=0}
11-28 21:29:01.522 3887 3887 D TelephonyManager: requestModemActivityInfo: Sending result to app: ModemActivityInfo{ mTimestamp=37676696 mSleepTimeMs=17363292 mIdleTimeMs=7232340 mTxTimeMs[]=[333505, 28043, 10353, 9899, 3375] mRxTimeMs=12557829}
11-28 21:29:01.523 3720 3720 I ModemAciService: UMF LS: OplusModemActivityInfo{ date=11-28 21:29:01.518 modemPowermA[]=[124.82,120.72,131.64] sleepTimeMs=0 idleTimeMs=1 rxTimeMs=4030 5gRxTimeMs=0 txTimeMs[]=[519, 466, 3, 0, 0] 5gTxTimeMs[]=[0, 0, 0, 0, 0] techTimeMs[]=[0, 0, 0, 0, 5018, 0, 0, 0, 0] rrcConn10sC[]=[0, 0] rrcConn20sC[]=[0, 0] rrcConnMore20sC[]=[0, 0] rrcConnC[]=[0, 0] csChangedC[]=[0, 0] psChangedC[]=[0, 0] iRatC[]=[0, 0] cellUpdateC[]=[0, 0] nwSrchC[]=[0, 0] nwSrchT[]=[0, 0] lteRrcConnT[]=[5, 0] psRegT[]=[5, 0] csRegT[]=[5, 0] psNoRegT[]=[0, 5] csNoRegT[]=[0, 5] sigGrid0T[]=[0, 0] endcActT[]=[0, 0] saActT[]=[0, 0] gpsTimeMs=5018 wlanTimeMs=0 regReqFbC[]=[0, 62] regReqTransAcqDbC[]=[11, 0] saRrcConn10sC[]=[0, 0] saRrcConn20sC[]=[0, 0] saRrcConnMore20sC[]=[0, 0] saRrcConnC[]=[1554, 0] lteHoC[]=[0, 0] saHoC[]=[0, 0] saRrcConnT[]=[0, 0] lteBandDurationSim0[]=[0, 0, 0, 0, 0, 0, 0, 0, 0] lteBandDurationSim1[]=[0, 0, 0, 0, 0, 0, 0, 0, 0] nrBandDurationSim0[]=[0, 0, 0, 0, 0, 0] nrBandDurationSim1[]=[0, 0, 0, 0, 0, 0] sensorStationaryC=0 sensorStationaryT=0 modemStationaryC=0 modemStationaryT=0}
11-28 21:29:01.526 2523 3710 I OplusHansManager : uid=10287, pkg=org.zwanoo.android.speedtest can transition from M to F
11-28 21:29:01.526 2523 3710 I OplusHansManager : uid=10287, pkg=org.zwanoo.android.speedtest F enter()
11-28 21:29:01.534 2523 3710 I OplusHansManager : freeze uid: 10287 org.zwanoo.android.speedtest pids: [31811] scene: LcdOn
11-28 21:29:01.536 1218 4398 I vendor.qti.bluetooth@1.0-ibs_handler: ProcessIbsCmd: Received IBS_SLEEP_IND: 0xFE
11-28 21:29:01.536 1218 4398 D vendor.qti.bluetooth@1.0-ibs_handler: SerialClockVote: vote for UART CLK OFF
11-28 21:29:01.540 2523 3710 I OplusHansManager : uid=10271, pkg=com.oneplus.brickmode can transition from M to F
11-28 21:29:01.540 2523 3710 I OplusHansManager : uid=10271, pkg=com.oneplus.brickmode F enter()
11-28 21:29:01.542 2523 3710 I OplusHansManager : freeze uid: 10271 com.oneplus.brickmode pids: [4870] scene: LcdOn
11-28 21:29:01.543 6918 5993 D IHansComunication: HansComunication::addUid-- 10271
11-28 21:29:01.543 6918 5993 D IHansComunication: HANS sendMessageToKernel: threadId = 530591591600, netLinkSetup = 1, type = PKG, targetUid = 10271, pkgCmd = ADD_ONE_UID
11-28 21:29:01.549 2523 3067 D WifiActiveModeWarden: there is no primary client manager, return the default one
11-28 21:29:01.551 2523 3124 D WN_S : onCapabilitiesChanged for 118
11-28 21:29:01.553 3672 7447 D QCNEJ/WwanInfoRelay: onCapabilitiesChanged: 118 [ Transports: CELLULAR Capabilities: SUPL&INTERNET&NOT_RESTRICTED&TRUSTED&NOT_VPN&VALIDATED&NOT_ROAMING&FOREGROUND&NOT_CONGESTED&NOT_SUSPENDED&NOT_VCN_MANAGED LinkUpBandwidth>=61494Kbps LinkDnBandwidth>=30430Kbps Specifier: SubscriptionIds: {4} UnderlyingNetworks: Null]
11-28 21:29:01.553 3672 7447 I QCNEJ/WwanInfoRelay: cacheWwanInfo subId = 4 phoneId = 0 slotId = 0
11-28 21:29:01.554 3887 7417 D PhoneInterfaceManager: [PhoneIntfMgr] QueryTelephonyChecker-getDataNetworkTypeForSubscriber: packageName = com.qualcomm.qti.cne, isGrant = true
11-28 21:29:01.559 5351 6843 D WM-NetworkStateTracker: Network capabilities changed: [ Transports: CELLULAR Capabilities: SUPL&INTERNET&NOT_RESTRICTED&TRUSTED&NOT_VPN&VALIDATED&NOT_ROAMING&FOREGROUND&NOT_CONGESTED&NOT_SUSPENDED&NOT_VCN_MANAGED LinkUpBandwidth>=61494Kbps LinkDnBandwidth>=30430Kbps Specifier: SubscriptionIds: {4} UnderlyingNetworks: Null]
11-28 21:29:01.559 6918 6920 E IHansComunication: HANS printMessageBody: RCVed message body: type = 0, port = 86870, caller_pid = 2523, caller_uid = 1000, target_pid = 31811, target_uid = 10287, pkg_cmd = -1
11-28 21:29:01.559 6918 6920 E IHansComunication: HANS printMessageBody: RCVed message body: type = 0, port = 86870, caller_pid = 2523, caller_uid = 1000, target_pid = 31811, target_uid = 10287, pkg_cmd = -1
11-28 21:29:01.560 5266 9100 D DebugReportServiceHidlClient: getReport 1.1...
11-28 21:29:01.560 6918 6920 E IHansComunication: HANS printMessageBody: RCVed message body: type = 0, port = 86870, caller_pid = 2523, caller_uid = 1000, target_pid = 31811, target_uid = 10287, pkg_cmd = -1
11-28 21:29:01.560 1237 1237 E LocSvc_HIDL_DebugReportService: Invalid count: 0
11-28 21:29:01.560 1237 1237 E LocSvc_HIDL_DebugReportService: Invalid count: 0
11-28 21:29:01.560 1237 1237 E LocSvc_HIDL_DebugReportService: Invalid count: 0
11-28 21:29:01.560 1237 1237 E LocSvc_HIDL_DebugReportService: Invalid count: 0
11-28 21:29:01.561 31494 31559 I CarrierServices: [2409] fau.handleMessage:39 RcsEngineImpl[DUAL_REG]:[25391196-20f4]>Handler: handleMessage processing message:[NOTIFY_UPTIME_IGNORE_STATE_CHANGED] with [non-null]:RcsEngineImpl reference
11-28 21:29:01.561 5266 9100 D DebugReportServiceHidlClient: getReport 1.1 success: true
11-28 21:29:01.561 5266 9100 D DebugReportServiceHidlClient: getReport 1.0 success: true
11-28 21:29:01.562 2523 3719 I OplusHansManager : unfreeze uid: 10287 org.zwanoo.android.speedtest pids: [31811] reason: AsyncBinder scene: LcdOn
11-28 21:29:01.562 31494 31562 I CarrierServices: [2410] eqy.c:51 Connected state: [1], networkType: [MOBILE]
11-28 21:29:01.563 6918 6920 E IHansComunication: HANS printMessageBody: RCVed message body: type = 0, port = 86870, caller_pid = 2523, caller_uid = 1000, target_pid = 4870, target_uid = 10271, pkg_cmd = -1
11-28 21:29:01.564 2523 3719 I OplusHansManager : forceUnfreezeByPid pid= 31811 reason= unfreezeForKernel: AsyncBinder
11-28 21:29:01.565 2523 3710 I OplusHansManager : uid=10287, pkg=org.zwanoo.android.speedtest, transition from Frozen to Middle, reason=AsyncBinder
11-28 21:29:01.565 2523 3710 I OplusHansManager : uid=10287, pkg=org.zwanoo.android.speedtest F exit(), reason=AsyncBinder
11-28 21:29:01.565 1086 6743 D WM-NetworkStateTracker: Network capabilities changed: [ Transports: CELLULAR Capabilities: SUPL&INTERNET&NOT_RESTRICTED&TRUSTED&NOT_VPN&VALIDATED&NOT_ROAMING&FOREGROUND&NOT_CONGESTED&NOT_SUSPENDED&NOT_VCN_MANAGED LinkUpBandwidth>=61494Kbps LinkDnBandwidth>=30430Kbps Specifier: SubscriptionIds: {4} UnderlyingNetworks: Null]
11-28 21:29:01.565 2523 4922 D OplusProxyWakeLock: remove uid: 10287 wiht all pids from wakelockUidInfo list
11-28 21:29:01.566 2523 3719 I OplusHansManager : forceUnfreezeByPid pid= 31811 reason= unfreezeForKernel: AsyncBinder
11-28 21:29:01.569 2523 3719 I OplusHansManager : unfreeze uid: 10271 com.oneplus.brickmode pids: [4870] reason: AsyncBinder scene: LcdOn
11-28 21:29:01.570 2523 3710 I OplusHansManager : uid=10271, pkg=com.oneplus.brickmode, transition from Frozen to Middle, reason=AsyncBinder
11-28 21:29:01.570 2523 3710 I OplusHansManager : uid=10271, pkg=com.oneplus.brickmode F exit(), reason=AsyncBinder
11-28 21:29:01.570 2523 4922 D OplusProxyWakeLock: remove uid: 10271 wiht all pids from wakelockUidInfo list
11-28 21:29:01.571 2523 3124 D WN_S : onCapabilitiesChanged for 119
11-28 21:29:01.687 1218 4202 D vendor.qti.bluetooth@1.0-wake_lock: Release wakelock is released
11-28 21:29:01.777 8600 10913 D FTPC : getTotalBytes : 52730880 // 0 // 0
11-28 21:29:01.777 8600 10913 D AUTOCALL: ThroTimerTask doTask(...) afterPacket : 52730880
11-28 21:29:01.847 3887 5676 D PhoneInterfaceManager: [PhoneIntfMgr] QueryTelephonyChecker-getDataNetworkTypeForSubscriber: packageName = com.innowireless.xcal.mobile5, isGrant = true
11-28 21:29:01.849 3887 7417 D PhoneInterfaceManager: [PhoneIntfMgr] QueryTelephonyChecker-getDataNetworkTypeForSubscriber: packageName = com.innowireless.xcal.mobile5, isGrant = true
11-28 21:29:01.850 3887 3904 D PhoneInterfaceManager: [PhoneIntfMgr] QueryTelephonyChecker-getDataNetworkTypeForSubscriber: packageName = com.innowireless.xcal.mobile5, isGrant = true
11-28 21:29:01.869 8600 9108 D GPS : NMEA is invaild.
11-28 21:29:01.869 8600 9108 D GPS : mNMEASatelites : 12
11-28 21:29:01.869 8600 9108 D GPS : mGPSSatelites : 69
11-28 21:29:01.869 8600 9108 D GPS : Android GPS is vaild.
11-28 21:29:01.880 3887 3904 D PhoneInterfaceManager: [PhoneIntfMgr] QueryTelephonyChecker-getDataNetworkTypeForSubscriber: packageName = com.innowireless.xcal.mobile5, isGrant = true
11-28 21:29:01.885 3887 3904 D PhoneInterfaceManager: [PhoneIntfMgr] QueryTelephonyChecker-getDataNetworkTypeForSubscriber: packageName = com.innowireless.xcal.mobile5, isGrant = true
11-28 21:29:01.887 3887 3904 D PhoneInterfaceManager: [PhoneIntfMgr] QueryTelephonyChecker-getDataNetworkTypeForSubscriber: packageName = com.innowireless.xcal.mobile5, isGrant = true
11-28 21:29:01.889 3887 3904 D PhoneInterfaceManager: [PhoneIntfMgr] QueryTelephonyChecker-getDataNetworkTypeForSubscriber: packageName = com.innowireless.xcal.mobile5, isGrant = true
11-28 21:29:01.890 8600 9740 I GLThread: waiting tid=2931 mHaveEglContext: false mHaveEglSurface: false mPaused: false mHasSurface: false mSurfaceIsBad: false mWaitingForSurface: true mWidth: 0 mHeight: 0 mRequestRender: true mRenderMode: 0
11-28 21:29:01.890 3887 5676 D PhoneInterfaceManager: [PhoneIntfMgr] QueryTelephonyChecker-getDataNetworkTypeForSubscriber: packageName = com.innowireless.xcal.mobile5, isGrant = true
11-28 21:29:01.893 3887 3904 D PhoneInterfaceManager: [PhoneIntfMgr] QueryTelephonyChecker-getDataNetworkTypeForSubscriber: packageName = com.innowireless.xcal.mobile5, isGrant = true
11-28 21:29:01.962 2523 3067 D WifiActiveModeWarden: there is no primary client manager, return the default one
11-28 21:29:01.998 3887 3904 D PhoneInterfaceManager: [PhoneIntfMgr] QueryTelephonyChecker-getDataNetworkTypeForSubscriber: packageName = com.innowireless.xcal.mobile5, isGrant = true
11-28 21:29:02.044 3887 3904 D PhoneInterfaceManager: [PhoneIntfMgr] QueryTelephonyChecker-getDataNetworkTypeForSubscriber: packageName = com.innowireless.xcal.mobile5, isGrant = true
11-28 21:29:02.046 2523 3067 D WifiActiveModeWarden: there is no primary client manager, return the default one
11-28 21:29:02.047 2523 3456 D WifiService: getWifiEnabledState primaryClientMode is mDefaultClientModeManager
11-28 21:29:02.054 2523 2708 D OplusFeatureBrightnessBarController: mDarkLevel: 0
11-28 21:29:02.072 1218 4398 I vendor.qti.bluetooth@1.0-ibs_handler: ProcessIbsCmd: Received IBS_WAKE_IND: 0xFD
11-28 21:29:02.072 1218 4398 D vendor.qti.bluetooth@1.0-ibs_handler: SerialClockVote: vote for UART CLK ON
11-28 21:29:02.073 1218 4398 D vendor.qti.bluetooth@1.0-wake_lock: Acquire wakelock is acquired
11-28 21:29:02.073 1218 4398 I vendor.qti.bluetooth@1.0-ibs_handler: ProcessIbsCmd: Writing IBS_WAKE_ACK
11-28 21:29:02.087 3887 3904 D PhoneInterfaceManager: [PhoneIntfMgr] QueryTelephonyChecker-getDataNetworkTypeForSubscriber: packageName = com.innowireless.xcal.mobile5, isGrant = true
11-28 21:29:02.120 3887 5676 D PhoneInterfaceManager: [PhoneIntfMgr] QueryTelephonyChecker-getDataNetworkTypeForSubscriber: packageName = com.innowireless.xcal.mobile5, isGrant = true
11-28 21:29:02.190 1218 4398 I vendor.qti.bluetooth@1.0-ibs_handler: ProcessIbsCmd: Received IBS_SLEEP_IND: 0xFE
11-28 21:29:02.190 1218 4398 D vendor.qti.bluetooth@1.0-ibs_handler: SerialClockVote: vote for UART CLK OFF
11-28 21:29:02.200 3887 3904 D PhoneInterfaceManager: [PhoneIntfMgr] QueryTelephonyChecker-getDataNetworkTypeForSubscriber: packageName = com.innowireless.xcal.mobile5, isGrant = true
11-28 21:29:02.273 8600 10913 D FTPC : getTotalBytes : 53212672 // 0 // 0
11-28 21:29:02.273 8600 10913 D AUTOCALL: ThroTimerTask doTask(...) afterPacket : 53212672
11-28 21:29:02.283 3887 5676 D PhoneInterfaceManager: [PhoneIntfMgr] QueryTelephonyChecker-getDataNetworkTypeForSubscriber: packageName = com.innowireless.xcal.mobile5, isGrant = true
11-28 21:29:02.285 3887 5676 D PhoneInterfaceManager: [PhoneIntfMgr] QueryTelephonyChecker-getDataNetworkTypeForSubscriber: packageName = com.innowireless.xcal.mobile5, isGrant = true
11-28 21:29:02.325 3887 5676 D PhoneInterfaceManager: [PhoneIntfMgr] QueryTelephonyChecker-getDataNetworkTypeForSubscriber: packageName = com.innowireless.xcal.mobile5, isGrant = true
11-28 21:29:02.326 3887 3904 D PhoneInterfaceManager: [PhoneIntfMgr] QueryTelephonyChecker-getDataNetworkTypeForSubscriber: packageName = com.innowireless.xcal.mobile5, isGrant = true
11-28 21:29:02.342 1218 4202 D vendor.qti.bluetooth@1.0-wake_lock: Release wakelock is released
11-28 21:29:02.389 3887 5676 D PhoneInterfaceManager: [PhoneIntfMgr] QueryTelephonyChecker-getDataNetworkTypeForSubscriber: packageName = com.innowireless.xcal.mobile5, isGrant = true
11-28 21:29:02.390 3887 3904 D PhoneInterfaceManager: [PhoneIntfMgr] QueryTelephonyChecker-getDataNetworkTypeForSubscriber: packageName = com.innowireless.xcal.mobile5, isGrant = true
11-28 21:29:02.392 3887 7417 D PhoneInterfaceManager: [PhoneIntfMgr] QueryTelephonyChecker-getDataNetworkTypeForSubscriber: packageName = com.innowireless.xcal.mobile5, isGrant = true
11-28 21:29:02.460 2523 3580 D OplusLocationStatistics: on recordTaskMark, key: gnssReportLocation
11-28 21:29:02.460 2523 2635 D LocationManagerService: incoming location from: gps
11-28 21:29:02.464 2523 2635 D LocationManagerService: incoming location from: gps
11-28 21:29:02.472 4443 5595 I FusedLocation: (REDACTED) location delivery to %s blocked - too close
11-28 21:29:02.472 4443 5595 I FusedLocation: (REDACTED) location delivery to %s blocked - too close
11-28 21:29:02.474 4443 5595 I FusedLocation: (REDACTED) location delivery to %s blocked - too fast
11-28 21:29:02.474 2523 4105 D LocationManagerService: incoming location from: fused
11-28 21:29:02.474 4443 5595 I FusedLocation: (REDACTED) location delivery to %s blocked - too fast
11-28 21:29:02.474 4443 5595 I FusedLocation: (REDACTED) location delivery to %s blocked - too fast
11-28 21:29:02.477 2523 4105 D LocationManagerService: incoming location from: fused
11-28 21:29:02.514 1254 1254 I android.hardware.thermal@2.0-service.qti: Sensor Name:shell_frametemp: 34.8. prev severity:0. cur severity:0 New severity:0
11-28 21:29:02.515 1254 1254 I android.hardware.thermal@2.0-service.qti: Sensor Name:skintemp: 37.943. prev severity:3. cur severity:0 New severity:0
11-28 21:29:02.516 1254 1254 I android.hardware.thermal@2.0-service.qti: Sensor Name:shell_fronttemp: 34.8. prev severity:0. cur severity:0 New severity:0
11-28 21:29:02.516 1254 1254 I android.hardware.thermal@2.0-service.qti: Sensor Name:shell_backtemp: 34.8. prev severity:0. cur severity:0 New severity:0
11-28 21:29:02.560 5266 9100 D DebugReportServiceHidlClient: getReport 1.1...
11-28 21:29:02.561 1237 1237 E LocSvc_HIDL_DebugReportService: Invalid count: 0
11-28 21:29:02.561 1237 1237 E LocSvc_HIDL_DebugReportService: Invalid count: 0
11-28 21:29:02.561 1237 1237 E LocSvc_HIDL_DebugReportService: Invalid count: 0
11-28 21:29:02.561 1237 1237 E LocSvc_HIDL_DebugReportService: Invalid count: 0
11-28 21:29:02.562 5266 9100 D DebugReportServiceHidlClient: getReport 1.1 success: true
11-28 21:29:02.562 5266 9100 D DebugReportServiceHidlClient: getReport 1.0 success: true
11-28 21:29:02.774 8600 10913 D FTPC : getTotalBytes : 53668864 // 0 // 0
11-28 21:29:02.774 8600 10913 D AUTOCALL: ThroTimerTask doTask(...) afterPacket : 53668864
11-28 21:29:02.795 8600 8600 D Solo3Charging: Solo3ChargingManager.setBatteryCapacity() capacity : 72 isVoiceCall : false chargingMode : 0
11-28 21:29:02.796 8600 8600 D Solo3Charging: Solo3ChargingManager.setBatteryCapacity() condition : (else)
11-28 21:29:02.828 1218 4398 I vendor.qti.bluetooth@1.0-ibs_handler: ProcessIbsCmd: Received IBS_WAKE_IND: 0xFD
11-28 21:29:02.828 1218 4398 D vendor.qti.bluetooth@1.0-ibs_handler: SerialClockVote: vote for UART CLK ON
11-28 21:29:02.828 1218 4398 D vendor.qti.bluetooth@1.0-wake_lock: Acquire wakelock is acquired
11-28 21:29:02.828 1218 4398 I vendor.qti.bluetooth@1.0-ibs_handler: ProcessIbsCmd: Writing IBS_WAKE_ACK
11-28 21:29:02.847 3887 5676 D PhoneInterfaceManager: [PhoneIntfMgr] QueryTelephonyChecker-getDataNetworkTypeForSubscriber: packageName = com.innowireless.xcal.mobile5, isGrant = true
11-28 21:29:02.849 3887 7417 D PhoneInterfaceManager: [PhoneIntfMgr] QueryTelephonyChecker-getDataNetworkTypeForSubscriber: packageName = com.innowireless.xcal.mobile5, isGrant = true
11-28 21:29:02.851 3887 7417 D PhoneInterfaceManager: [PhoneIntfMgr] QueryTelephonyChecker-getDataNetworkTypeForSubscriber: packageName = com.innowireless.xcal.mobile5, isGrant = true
11-28 21:29:02.870 8600 9108 D GPS : NMEA is invaild.
11-28 21:29:02.870 8600 9108 D GPS : mNMEASatelites : 12
11-28 21:29:02.870 8600 9108 D GPS : mGPSSatelites : 68
11-28 21:29:02.870 8600 9108 D GPS : Android GPS is vaild.
11-28 21:29:02.882 3887 7417 D PhoneInterfaceManager: [PhoneIntfMgr] QueryTelephonyChecker-getDataNetworkTypeForSubscriber: packageName = com.innowireless.xcal.mobile5, isGrant = true
11-28 21:29:02.887 3887 7417 D PhoneInterfaceManager: [PhoneIntfMgr] QueryTelephonyChecker-getDataNetworkTypeForSubscriber: packageName = com.innowireless.xcal.mobile5, isGrant = true
11-28 21:29:02.890 8600 9740 I GLThread: waiting tid=2931 mHaveEglContext: false mHaveEglSurface: false mPaused: false mHasSurface: false mSurfaceIsBad: false mWaitingForSurface: true mWidth: 0 mHeight: 0 mRequestRender: true mRenderMode: 0
11-28 21:29:02.891 3887 7417 D PhoneInterfaceManager: [PhoneIntfMgr] QueryTelephonyChecker-getDataNetworkTypeForSubscriber: packageName = com.innowireless.xcal.mobile5, isGrant = true
11-28 21:29:02.894 3887 5676 D PhoneInterfaceManager: [PhoneIntfMgr] QueryTelephonyChecker-getDataNetworkTypeForSubscriber: packageName = com.innowireless.xcal.mobile5, isGrant = true
11-28 21:29:02.897 3887 5676 D PhoneInterfaceManager: [PhoneIntfMgr] QueryTelephonyChecker-getDataNetworkTypeForSubscriber: packageName = com.innowireless.xcal.mobile5, isGrant = true
11-28 21:29:02.902 3887 5676 D PhoneInterfaceManager: [PhoneIntfMgr] QueryTelephonyChecker-getDataNetworkTypeForSubscriber: packageName = com.innowireless.xcal.mobile5, isGrant = true
11-28 21:29:02.909 1218 4398 I vendor.qti.bluetooth@1.0-ibs_handler: ProcessIbsCmd: Received IBS_SLEEP_IND: 0xFE
11-28 21:29:02.910 1218 4398 D vendor.qti.bluetooth@1.0-ibs_handler: SerialClockVote: vote for UART CLK OFF
11-28 21:29:02.966 2523 3067 D WifiActiveModeWarden: there is no primary client manager, return the default one
11-28 21:29:02.998 3887 5676 D PhoneInterfaceManager: [PhoneIntfMgr] QueryTelephonyChecker-getDataNetworkTypeForSubscriber: packageName = com.innowireless.xcal.mobile5, isGrant = true
11-28 21:29:03.060 1218 4202 D vendor.qti.bluetooth@1.0-wake_lock: Release wakelock is released
11-28 21:29:03.088 3887 7417 D PhoneInterfaceManager: [PhoneIntfMgr] QueryTelephonyChecker-getDataNetworkTypeForSubscriber: packageName = com.innowireless.xcal.mobile5, isGrant = true
11-28 21:29:03.114 3887 7417 D PhoneInterfaceManager: [PhoneIntfMgr] QueryTelephonyChecker-getDataNetworkTypeForSubscriber: packageName = com.innowireless.xcal.mobile5, isGrant = true
11-28 21:29:03.118 2523 3067 D WifiActiveModeWarden: there is no primary client manager, return the default one
11-28 21:29:03.119 2523 5420 D WifiService: getWifiEnabledState primaryClientMode is mDefaultClientModeManager
11-28 21:29:03.124 3887 5676 D PhoneInterfaceManager: [PhoneIntfMgr] QueryTelephonyChecker-getDataNetworkTypeForSubscriber: packageName = com.innowireless.xcal.mobile5, isGrant = true
11-28 21:29:03.260 3887 5676 D PhoneInterfaceManager: [PhoneIntfMgr] QueryTelephonyChecker-getDataNetworkTypeForSubscriber: packageName = com.innowireless.xcal.mobile5, isGrant = true
11-28 21:29:03.273 8600 10913 D FTPC : getTotalBytes : 54153728 // 0 // 0
11-28 21:29:03.273 8600 10913 D AUTOCALL: ThroTimerTask doTask(...) afterPacket : 54153728
11-28 21:29:03.285 3887 7417 D PhoneInterfaceManager: [PhoneIntfMgr] QueryTelephonyChecker-getDataNetworkTypeForSubscriber: packageName = com.innowireless.xcal.mobile5, isGrant = true
11-28 21:29:03.326 3887 7417 D PhoneInterfaceManager: [PhoneIntfMgr] QueryTelephonyChecker-getDataNetworkTypeForSubscriber: packageName = com.innowireless.xcal.mobile5, isGrant = true
11-28 21:29:03.327 3887 7417 D PhoneInterfaceManager: [PhoneIntfMgr] QueryTelephonyChecker-getDataNetworkTypeForSubscriber: packageName = com.innowireless.xcal.mobile5, isGrant = true
11-28 21:29:03.353 3887 7417 D PhoneInterfaceManager: [PhoneIntfMgr] QueryTelephonyChecker-getDataNetworkTypeForSubscriber: packageName = com.innowireless.xcal.mobile5, isGrant = true
11-28 21:29:03.389 3887 7417 D PhoneInterfaceManager: [PhoneIntfMgr] QueryTelephonyChecker-getDataNetworkTypeForSubscriber: packageName = com.innowireless.xcal.mobile5, isGrant = true
11-28 21:29:03.391 3887 7417 D PhoneInterfaceManager: [PhoneIntfMgr] QueryTelephonyChecker-getDataNetworkTypeForSubscriber: packageName = com.innowireless.xcal.mobile5, isGrant = true
11-28 21:29:03.393 3887 7417 D PhoneInterfaceManager: [PhoneIntfMgr] QueryTelephonyChecker-getDataNetworkTypeForSubscriber: packageName = com.innowireless.xcal.mobile5, isGrant = true
11-28 21:29:03.402 1218 4398 I vendor.qti.bluetooth@1.0-ibs_handler: ProcessIbsCmd: Received IBS_WAKE_IND: 0xFD
11-28 21:29:03.402 1218 4398 D vendor.qti.bluetooth@1.0-ibs_handler: SerialClockVote: vote for UART CLK ON
11-28 21:29:03.403 1218 4398 D vendor.qti.bluetooth@1.0-wake_lock: Acquire wakelock is acquired
11-28 21:29:03.403 1218 4398 I vendor.qti.bluetooth@1.0-ibs_handler: ProcessIbsCmd: Writing IBS_WAKE_ACK
11-28 21:29:03.457 2523 3580 D OplusLocationStatistics: on recordTaskMark, key: gnssReportLocation
11-28 21:29:03.457 2523 2635 D LocationManagerService: incoming location from: gps
11-28 21:29:03.459 2523 2635 D LocationManagerService: incoming location from: gps
11-28 21:29:03.465 4443 5595 I FusedLocation: (REDACTED) location delivery to %s blocked - too close
11-28 21:29:03.466 4443 5595 I FusedLocation: (REDACTED) location delivery to %s blocked - too close
11-28 21:29:03.467 4443 5595 I FusedLocation: (REDACTED) location delivery to %s blocked - too fast
11-28 21:29:03.468 2523 5854 D LocationManagerService: incoming location from: fused
11-28 21:29:03.468 2523 5854 D LocationManagerService: incoming location from: fused
11-28 21:29:03.468 4443 5595 I FusedLocation: (REDACTED) location delivery to %s blocked - too fast
11-28 21:29:03.468 4443 5595 I FusedLocation: (REDACTED) location delivery to %s blocked - too fast
11-28 21:29:03.484 1218 4398 I vendor.qti.bluetooth@1.0-ibs_handler: ProcessIbsCmd: Received IBS_SLEEP_IND: 0xFE
11-28 21:29:03.484 1218 4398 D vendor.qti.bluetooth@1.0-ibs_handler: SerialClockVote: vote for UART CLK OFF
11-28 21:29:03.514 1254 1254 I android.hardware.thermal@2.0-service.qti: Sensor Name:shell_frametemp: 34.8. prev severity:0. cur severity:0 New severity:0
11-28 21:29:03.516 1254 1254 I android.hardware.thermal@2.0-service.qti: Sensor Name:skintemp: 37.95. prev severity:3. cur severity:0 New severity:0
11-28 21:29:03.516 1254 1254 I android.hardware.thermal@2.0-service.qti: Sensor Name:shell_fronttemp: 34.8. prev severity:0. cur severity:0 New severity:0
11-28 21:29:03.516 1254 1254 I android.hardware.thermal@2.0-service.qti: Sensor Name:shell_backtemp: 34.8. prev severity:0. cur severity:0 New severity:0
11-28 21:29:03.537 6918 5993 D IHansComunication: HansComunication::configCheckedUid-- 10287, type = 0
11-28 21:29:03.537 6918 5993 D IHansComunication: HANS sendMessageToKernel: threadId = 530591591600, netLinkSetup = 1, type = FROZEN_TRANS, targetUid = 10287, pkgCmd = PKG_CMD_MAX
11-28 21:29:03.543 6918 5993 D IHansComunication: HansComunication::configCheckedUid-- 10271, type = 0
11-28 21:29:03.543 6918 5993 D IHansComunication: HANS sendMessageToKernel: threadId = 530591591600, netLinkSetup = 1, type = FROZEN_TRANS, targetUid = 10271, pkgCmd = PKG_CMD_MAX
11-28 21:29:03.561 5266 9100 D DebugReportServiceHidlClient: getReport 1.1...
11-28 21:29:03.561 1237 1237 E LocSvc_HIDL_DebugReportService: Invalid count: 0
11-28 21:29:03.561 1237 1237 E LocSvc_HIDL_DebugReportService: Invalid count: 0
11-28 21:29:03.561 1237 1237 E LocSvc_HIDL_DebugReportService: Invalid count: 0
11-28 21:29:03.561 1237 1237 E LocSvc_HIDL_DebugReportService: Invalid count: 0
11-28 21:29:03.561 5266 9100 D DebugReportServiceHidlClient: getReport 1.1 success: true
11-28 21:29:03.561 5266 9100 D DebugReportServiceHidlClient: getReport 1.0 success: true
11-28 21:29:03.634 1218 4202 D vendor.qti.bluetooth@1.0-wake_lock: Release wakelock is released
11-28 21:29:03.777 8600 10913 D FTPC : getTotalBytes : 54442496 // 0 // 0
11-28 21:29:03.777 8600 10913 D AUTOCALL: ThroTimerTask doTask(...) afterPacket : 54442496
11-28 21:29:03.848 3887 7417 D PhoneInterfaceManager: [PhoneIntfMgr] QueryTelephonyChecker-getDataNetworkTypeForSubscriber: packageName = com.innowireless.xcal.mobile5, isGrant = true
11-28 21:29:03.850 3887 5676 D PhoneInterfaceManager: [PhoneIntfMgr] QueryTelephonyChecker-getDataNetworkTypeForSubscriber: packageName = com.innowireless.xcal.mobile5, isGrant = true
11-28 21:29:03.852 3887 5676 D PhoneInterfaceManager: [PhoneIntfMgr] QueryTelephonyChecker-getDataNetworkTypeForSubscriber: packageName = com.innowireless.xcal.mobile5, isGrant = true
11-28 21:29:03.871 8600 9108 D GPS : NMEA is invaild.
11-28 21:29:03.871 8600 9108 D GPS : mNMEASatelites : 12
11-28 21:29:03.871 8600 9108 D GPS : mGPSSatelites : 69
11-28 21:29:03.871 8600 9108 D GPS : Android GPS is vaild.
11-28 21:29:03.882 3887 5676 D PhoneInterfaceManager: [PhoneIntfMgr] QueryTelephonyChecker-getDataNetworkTypeForSubscriber: packageName = com.innowireless.xcal.mobile5, isGrant = true
11-28 21:29:03.887 3887 7417 D PhoneInterfaceManager: [PhoneIntfMgr] QueryTelephonyChecker-getDataNetworkTypeForSubscriber: packageName = com.innowireless.xcal.mobile5, isGrant = true
11-28 21:29:03.893 3887 7417 D PhoneInterfaceManager: [PhoneIntfMgr] QueryTelephonyChecker-getDataNetworkTypeForSubscriber: packageName = com.innowireless.xcal.mobile5, isGrant = true
11-28 21:29:03.893 8600 9740 I GLThread: waiting tid=2931 mHaveEglContext: false mHaveEglSurface: false mPaused: false mHasSurface: false mSurfaceIsBad: false mWaitingForSurface: true mWidth: 0 mHeight: 0 mRequestRender: true mRenderMode: 0
11-28 21:29:03.898 3887 7417 D PhoneInterfaceManager: [PhoneIntfMgr] QueryTelephonyChecker-getDataNetworkTypeForSubscriber: packageName = com.innowireless.xcal.mobile5, isGrant = true
11-28 21:29:03.900 3887 7417 D PhoneInterfaceManager: [PhoneIntfMgr] QueryTelephonyChecker-getDataNetworkTypeForSubscriber: packageName = com.innowireless.xcal.mobile5, isGrant = true
11-28 21:29:03.906 3887 7417 D PhoneInterfaceManager: [PhoneIntfMgr] QueryTelephonyChecker-getDataNetworkTypeForSubscriber: packageName = com.innowireless.xcal.mobile5, isGrant = true
11-28 21:29:03.969 2523 3067 D WifiActiveModeWarden: there is no primary client manager, return the default one
11-28 21:29:03.979 1218 4398 I vendor.qti.bluetooth@1.0-ibs_handler: ProcessIbsCmd: Received IBS_WAKE_IND: 0xFD
11-28 21:29:03.980 1218 4398 D vendor.qti.bluetooth@1.0-ibs_handler: SerialClockVote: vote for UART CLK ON
11-28 21:29:03.980 1218 4398 D vendor.qti.bluetooth@1.0-wake_lock: Acquire wakelock is acquired
11-28 21:29:03.980 1218 4398 I vendor.qti.bluetooth@1.0-ibs_handler: ProcessIbsCmd: Writing IBS_WAKE_ACK
11-28 21:29:03.999 3887 7417 D PhoneInterfaceManager: [PhoneIntfMgr] QueryTelephonyChecker-getDataNetworkTypeForSubscriber: packageName = com.innowireless.xcal.mobile5, isGrant = true
11-28 21:29:04.055 2523 2708 D OplusFeatureBrightnessBarController: mDarkLevel: 0
11-28 21:29:04.089 3887 7417 D PhoneInterfaceManager: [PhoneIntfMgr] QueryTelephonyChecker-getDataNetworkTypeForSubscriber: packageName = com.innowireless.xcal.mobile5, isGrant = true
11-28 21:29:04.109 1218 4398 I vendor.qti.bluetooth@1.0-ibs_handler: ProcessIbsCmd: Received IBS_SLEEP_IND: 0xFE
11-28 21:29:04.109 1218 4398 D vendor.qti.bluetooth@1.0-ibs_handler: SerialClockVote: vote for UART CLK OFF
11-28 21:29:04.121 3887 5676 D PhoneInterfaceManager: [PhoneIntfMgr] QueryTelephonyChecker-getDataNetworkTypeForSubscriber: packageName = com.innowireless.xcal.mobile5, isGrant = true
11-28 21:29:04.190 3887 5676 D PhoneInterfaceManager: [PhoneIntfMgr] QueryTelephonyChecker-getDataNetworkTypeForSubscriber: packageName = com.innowireless.xcal.mobile5, isGrant = true
11-28 21:29:04.197 2523 3067 D WifiActiveModeWarden: there is no primary client manager, return the default one
11-28 21:29:04.198 2523 3456 D WifiService: getWifiEnabledState primaryClientMode is mDefaultClientModeManager
11-28 21:29:04.239 3887 5676 D PhoneInterfaceManager: [PhoneIntfMgr] QueryTelephonyChecker-getDataNetworkTypeForSubscriber: packageName = com.innowireless.xcal.mobile5, isGrant = true
11-28 21:29:04.260 1218 4202 D vendor.qti.bluetooth@1.0-wake_lock: Release wakelock is released
11-28 21:29:04.276 8600 10913 D FTPC : getTotalBytes : 54442496 // 0 // 0
11-28 21:29:04.276 8600 10913 D AUTOCALL: ThroTimerTask doTask(...) afterPacket : 54442496
11-28 21:29:04.288 3887 7417 D PhoneInterfaceManager: [PhoneIntfMgr] QueryTelephonyChecker-getDataNetworkTypeForSubscriber: packageName = com.innowireless.xcal.mobile5, isGrant = true
