--------- beginning of main
11-28 21:28:38.454 4443 5595 I FusedLocation: (REDACTED) location delivery to %s blocked - too close
11-28 21:28:38.455 4443 5595 I FusedLocation: (REDACTED) location delivery to %s blocked - too close
11-28 21:28:38.456 4443 5595 I FusedLocation: (REDACTED) location delivery to %s blocked - too fast
11-28 21:28:38.457 4443 5595 I FusedLocation: (REDACTED) location delivery to %s blocked - too fast
11-28 21:28:38.457 2523 3433 D LocationManagerService: incoming location from: fused
11-28 21:28:38.457 2523 3433 D LocationManagerService: incoming location from: fused
11-28 21:28:38.457 4443 5595 I FusedLocation: (REDACTED) location delivery to %s blocked - too fast
11-28 21:28:38.493 1218 4398 I vendor.qti.bluetooth@1.0-ibs_handler: ProcessIbsCmd: Received IBS_SLEEP_IND: 0xFE
11-28 21:28:38.493 1218 4398 D vendor.qti.bluetooth@1.0-ibs_handler: SerialClockVote: vote for UART CLK OFF
11-28 21:28:38.553 5266 9100 D DebugReportServiceHidlClient: getReport 1.1...
11-28 21:28:38.554 1237 1237 E LocSvc_HIDL_DebugReportService: Invalid count: 0
11-28 21:28:38.554 1237 1237 E LocSvc_HIDL_DebugReportService: Invalid count: 0
11-28 21:28:38.554 1237 1237 E LocSvc_HIDL_DebugReportService: Invalid count: 0
11-28 21:28:38.554 1237 1237 E LocSvc_HIDL_DebugReportService: Invalid count: 0
11-28 21:28:38.554 5266 9100 D DebugReportServiceHidlClient: getReport 1.1 success: true
11-28 21:28:38.555 5266 9100 D DebugReportServiceHidlClient: getReport 1.0 success: true
11-28 21:28:38.610 8600 8600 D XCAL-Mobile: FTPCallView, creator.
11-28 21:28:38.630 3887 5074 D PhoneInterfaceManager: [PhoneIntfMgr] QueryTelephonyChecker-getDataNetworkTypeForSubscriber: packageName = com.innowireless.xcal.mobile5, isGrant = true
11-28 21:28:38.633 2523 3067 D WifiActiveModeWarden: there is no primary client manager, return the default one
11-28 21:28:38.633 2523 4105 D WifiService: getWifiEnabledState primaryClientMode is mDefaultClientModeManager
11-28 21:28:38.644 1218 4202 D vendor.qti.bluetooth@1.0-wake_lock: Release wakelock is released
11-28 21:28:38.654 8600 8600 I oplus.android.OplusFrameworkFactoryImpl: get feature:IOplusDynamicVsyncFeature
11-28 21:28:38.654 8600 8600 I oplus.android.OplusFrameworkFactoryImpl: get feature:IOplusDynamicVsyncFeature
11-28 21:28:38.654 8600 8600 I oplus.android.OplusFrameworkFactoryImpl: get feature:IOplusDynamicVsyncFeature
11-28 21:28:38.666 8600 8600 I oplus.android.OplusFrameworkFactoryImpl: get feature:IOplusDynamicVsyncFeature
11-28 21:28:38.666 8600 8600 I oplus.android.OplusFrameworkFactoryImpl: get feature:IOplusDynamicVsyncFeature
11-28 21:28:38.666 8600 8600 I oplus.android.OplusFrameworkFactoryImpl: get feature:IOplusDynamicVsyncFeature
11-28 21:28:38.681 8600 8600 D AUTOCALL: AutoCallUiEventDispatcher.subscribe() : com.innowireless.xcal.mobile5.ui.autocall.viewmodel.FtpCallViewModel
11-28 21:28:38.684 8600 8600 I oplus.android.OplusFrameworkFactoryImpl: get feature:IOplusDynamicVsyncFeature
11-28 21:28:38.684 8600 8600 I oplus.android.OplusFrameworkFactoryImpl: get feature:IOplusDynamicVsyncFeature
11-28 21:28:38.684 8600 8600 I oplus.android.OplusFrameworkFactoryImpl: get feature:IOplusDynamicVsyncFeature
11-28 21:28:38.697 8600 8600 D AUTOCALL_UI: Event subscribe
11-28 21:28:38.698 8600 8600 D AUTOCALL_UI: AutoCallViewModel.subscribe()
11-28 21:28:38.698 8600 8600 D AUTOCALL: AutoCallUiEventDispatcher.subscribe() : com.innowireless.xcal.mobile5.ui.autocall.viewmodel.AutoCallViewModel158483667
11-28 21:28:38.698 8600 8600 D TabController: TabController.replaceView()
11-28 21:28:38.698 8600 8600 D TabController: Add view : FTPCallView
11-28 21:28:38.698 8600 8600 D XCAL-Mobile: TabFragment addView : com.innowireless.xcal.mobile5.ui.autocall.view.FTPCallView{e125b2f V.E...... ......I. 0,0-0,0}
11-28 21:28:38.702 8600 8600 D UiController: addHistory(1) : class com.innowireless.xcal.mobile5.ui.autocall.view.FTPCallView
11-28 21:28:38.703 8600 8600 D DrawerMainMenuAdapter: selectMenu allclear --------- beginning of system
11-28 21:28:38.703 8600 8600 I Quality : Skipped: false 7 cost 87.57611 refreshRate 0 processName com.innowireless.xcal.mobile5
11-28 21:28:38.853 8600 8600 D InbuuildingStartCheck: Load mSplitLogbyTime false
11-28 21:28:38.853 8600 8600 D InbuuildingStartCheck: Load mSplitLogbyCall false
11-28 21:28:38.853 8600 8600 D InbuuildingStartCheck: Load mSplitLogbySize false
11-28 21:28:38.855 3887 5074 D PhoneInterfaceManager: [PhoneIntfMgr] QueryTelephonyChecker-getDataNetworkTypeForSubscriber: packageName = com.innowireless.xcal.mobile5, isGrant = true
11-28 21:28:38.856 8600 9108 D GPS : NMEA is invaild.
11-28 21:28:38.856 8600 9108 D GPS : mNMEASatelites : 12
11-28 21:28:38.856 8600 9108 D GPS : mGPSSatelites : 69
11-28 21:28:38.856 8600 9108 D GPS : Android GPS is vaild.
11-28 21:28:38.856 3887 5676 D PhoneInterfaceManager: [PhoneIntfMgr] QueryTelephonyChecker-getDataNetworkTypeForSubscriber: packageName = com.innowireless.xcal.mobile5, isGrant = true
11-28 21:28:38.857 3887 7417 D PhoneInterfaceManager: [PhoneIntfMgr] QueryTelephonyChecker-getDataNetworkTypeForSubscriber: packageName = com.innowireless.xcal.mobile5, isGrant = true
11-28 21:28:38.885 3887 5676 D PhoneInterfaceManager: [PhoneIntfMgr] QueryTelephonyChecker-getDataNetworkTypeForSubscriber: packageName = com.innowireless.xcal.mobile5, isGrant = true
11-28 21:28:38.887 3887 5676 D PhoneInterfaceManager: [PhoneIntfMgr] QueryTelephonyChecker-getDataNetworkTypeForSubscriber: packageName = com.innowireless.xcal.mobile5, isGrant = true
11-28 21:28:38.904 2523 3067 D WifiActiveModeWarden: there is no primary client manager, return the default one
11-28 21:28:38.989 3887 7417 D PhoneInterfaceManager: [PhoneIntfMgr] QueryTelephonyChecker-getDataNetworkTypeForSubscriber: packageName = com.innowireless.xcal.mobile5, isGrant = true
11-28 21:28:39.041 3887 7417 D PhoneInterfaceManager: [PhoneIntfMgr] QueryTelephonyChecker-getDataNetworkTypeForSubscriber: packageName = com.innowireless.xcal.mobile5, isGrant = true
11-28 21:28:39.046 8600 9740 I GLThread: waiting tid=2931 mHaveEglContext: false mHaveEglSurface: false mPaused: false mHasSurface: false mSurfaceIsBad: false mWaitingForSurface: true mWidth: 0 mHeight: 0 mRequestRender: true mRenderMode: 0
11-28 21:28:39.047 3887 7417 D PhoneInterfaceManager: [PhoneIntfMgr] QueryTelephonyChecker-getDataNetworkTypeForSubscriber: packageName = com.innowireless.xcal.mobile5, isGrant = true
11-28 21:28:39.048 3887 7417 D PhoneInterfaceManager: [PhoneIntfMgr] QueryTelephonyChecker-getDataNetworkTypeForSubscriber: packageName = com.innowireless.xcal.mobile5, isGrant = true
11-28 21:28:39.050 3887 5676 D PhoneInterfaceManager: [PhoneIntfMgr] QueryTelephonyChecker-getDataNetworkTypeForSubscriber: packageName = com.innowireless.xcal.mobile5, isGrant = true
11-28 21:28:39.052 2523 2552 W ActivityManager: setGlThreads detect 8600 10930
11-28 21:28:39.057 1218 4398 I vendor.qti.bluetooth@1.0-ibs_handler: ProcessIbsCmd: Received IBS_WAKE_IND: 0xFD
11-28 21:28:39.057 1218 4398 D vendor.qti.bluetooth@1.0-ibs_handler: SerialClockVote: vote for UART CLK ON
11-28 21:28:39.058 1218 4398 D vendor.qti.bluetooth@1.0-wake_lock: Acquire wakelock is acquired
11-28 21:28:39.058 1218 4398 I vendor.qti.bluetooth@1.0-ibs_handler: ProcessIbsCmd: Writing IBS_WAKE_ACK
11-28 21:28:39.081 3887 5676 D PhoneInterfaceManager: [PhoneIntfMgr] QueryTelephonyChecker-getDataNetworkTypeForSubscriber: packageName = com.innowireless.xcal.mobile5, isGrant = true
11-28 21:28:39.100 3887 7417 D PhoneInterfaceManager: [PhoneIntfMgr] QueryTelephonyChecker-getDataNetworkTypeForSubscriber: packageName = com.innowireless.xcal.mobile5, isGrant = true
11-28 21:28:39.139 1218 4398 I vendor.qti.bluetooth@1.0-ibs_handler: ProcessIbsCmd: Received IBS_SLEEP_IND: 0xFE
11-28 21:28:39.139 1218 4398 D vendor.qti.bluetooth@1.0-ibs_handler: SerialClockVote: vote for UART CLK OFF
11-28 21:28:39.150 3887 5676 D PhoneInterfaceManager: [PhoneIntfMgr] QueryTelephonyChecker-getDataNetworkTypeForSubscriber: packageName = com.innowireless.xcal.mobile5, isGrant = true
11-28 21:28:39.186 3887 5676 D PhoneInterfaceManager: [PhoneIntfMgr] QueryTelephonyChecker-getDataNetworkTypeForSubscriber: packageName = com.innowireless.xcal.mobile5, isGrant = true
11-28 21:28:39.230 3887 5676 D PhoneInterfaceManager: [PhoneIntfMgr] QueryTelephonyChecker-getDataNetworkTypeForSubscriber: packageName = com.innowireless.xcal.mobile5, isGrant = true
11-28 21:28:39.289 1218 4202 D vendor.qti.bluetooth@1.0-wake_lock: Release wakelock is released
11-28 21:28:39.298 31103 31103 D MyAccessibilityService: findChromeCloseBottonNodeInfo: parent != null -> true, 0
11-28 21:28:39.331 3887 5676 D PhoneInterfaceManager: [PhoneIntfMgr] QueryTelephonyChecker-getDataNetworkTypeForSubscriber: packageName = com.innowireless.xcal.mobile5, isGrant = true
11-28 21:28:39.333 3887 5676 D PhoneInterfaceManager: [PhoneIntfMgr] QueryTelephonyChecker-getDataNetworkTypeForSubscriber: packageName = com.innowireless.xcal.mobile5, isGrant = true
11-28 21:28:39.340 8600 8600 I Quality : Skipped: false 1 cost 13.594669 refreshRate 0 processName com.innowireless.xcal.mobile5
11-28 21:28:39.353 6918 5993 D IHansComunication: HansComunication::configCheckedUid-- 10287, type = 0
11-28 21:28:39.353 6918 5993 D IHansComunication: HANS sendMessageToKernel: threadId = 530591591600, netLinkSetup = 1, type = FROZEN_TRANS, targetUid = 10287, pkgCmd = PKG_CMD_MAX
11-28 21:28:39.354 6918 6918 D IHansComunication: HansComunication::configCheckedUid-- 10271, type = 0
11-28 21:28:39.354 6918 6918 D IHansComunication: HANS sendMessageToKernel: threadId = 530591591600, netLinkSetup = 1, type = FROZEN_TRANS, targetUid = 10271, pkgCmd = PKG_CMD_MAX
11-28 21:28:39.380 3887 5676 D PhoneInterfaceManager: [PhoneIntfMgr] QueryTelephonyChecker-getDataNetworkTypeForSubscriber: packageName = com.innowireless.xcal.mobile5, isGrant = true
11-28 21:28:39.382 3887 5676 D PhoneInterfaceManager: [PhoneIntfMgr] QueryTelephonyChecker-getDataNetworkTypeForSubscriber: packageName = com.innowireless.xcal.mobile5, isGrant = true
11-28 21:28:39.384 3887 7417 D PhoneInterfaceManager: [PhoneIntfMgr] QueryTelephonyChecker-getDataNetworkTypeForSubscriber: packageName = com.innowireless.xcal.mobile5, isGrant = true
11-28 21:28:39.389 31103 31103 D MyAccessibilityService: findChromeCloseBottonNodeInfo: parent != null -> true, 0
11-28 21:28:39.417 1254 1254 I android.hardware.thermal@2.0-service.qti: Sensor Name:shell_frametemp: 34.7. prev severity:0. cur severity:0 New severity:0
11-28 21:28:39.419 1254 1254 I android.hardware.thermal@2.0-service.qti: Sensor Name:skintemp: 37.46. prev severity:3. cur severity:0 New severity:0
11-28 21:28:39.419 1254 1254 I android.hardware.thermal@2.0-service.qti: Sensor Name:shell_fronttemp: 34.7. prev severity:0. cur severity:0 New severity:0
11-28 21:28:39.419 1254 1254 I android.hardware.thermal@2.0-service.qti: Sensor Name:shell_backtemp: 34.7. prev severity:0. cur severity:0 New severity:0
11-28 21:28:39.454 2523 3580 D OplusLocationStatistics: on recordTaskMark, key: gnssReportLocation
11-28 21:28:39.454 2523 2635 D LocationManagerService: incoming location from: gps
11-28 21:28:39.457 2523 2635 D LocationManagerService: incoming location from: gps
11-28 21:28:39.464 4443 5595 I FusedLocation: (REDACTED) location delivery to %s blocked - too close
11-28 21:28:39.464 4443 5595 I FusedLocation: (REDACTED) location delivery to %s blocked - too close
11-28 21:28:39.465 4443 5595 I FusedLocation: (REDACTED) location delivery to %s blocked - too fast
11-28 21:28:39.465 4443 5595 I FusedLocation: (REDACTED) location delivery to %s blocked - too fast
11-28 21:28:39.465 2523 3456 D LocationManagerService: incoming location from: fused
11-28 21:28:39.465 2523 3456 D LocationManagerService: incoming location from: fused
11-28 21:28:39.466 4443 5595 I FusedLocation: (REDACTED) location delivery to %s blocked - too fast
11-28 21:28:39.488 31103 31103 D MyAccessibilityService: findChromeCloseBottonNodeInfo: parent != null -> true, 0
11-28 21:28:39.553 5266 9100 D DebugReportServiceHidlClient: getReport 1.1...
11-28 21:28:39.554 1237 1237 E LocSvc_HIDL_DebugReportService: Invalid count: 0
11-28 21:28:39.554 1237 1237 E LocSvc_HIDL_DebugReportService: Invalid count: 0
11-28 21:28:39.554 1237 1237 E LocSvc_HIDL_DebugReportService: Invalid count: 0
11-28 21:28:39.554 1237 1237 E LocSvc_HIDL_DebugReportService: Invalid count: 0
11-28 21:28:39.554 5266 9100 D DebugReportServiceHidlClient: getReport 1.1 success: true
11-28 21:28:39.555 5266 9100 D DebugReportServiceHidlClient: getReport 1.0 success: true
11-28 21:28:39.596 31103 31103 D MyAccessibilityService: findChromeCloseBottonNodeInfo: parent != null -> true, 0
11-28 21:28:39.691 3887 5676 D PhoneInterfaceManager: [PhoneIntfMgr] QueryTelephonyChecker-getDataNetworkTypeForSubscriber: packageName = com.innowireless.xcal.mobile5, isGrant = true
11-28 21:28:39.693 2523 3067 D WifiActiveModeWarden: there is no primary client manager, return the default one
11-28 21:28:39.694 2523 4105 D WifiService: getWifiEnabledState primaryClientMode is mDefaultClientModeManager
11-28 21:28:39.742 1218 4398 I vendor.qti.bluetooth@1.0-ibs_handler: ProcessIbsCmd: Received IBS_WAKE_IND: 0xFD
11-28 21:28:39.742 1218 4398 D vendor.qti.bluetooth@1.0-ibs_handler: SerialClockVote: vote for UART CLK ON
11-28 21:28:39.743 1218 4398 D vendor.qti.bluetooth@1.0-wake_lock: Acquire wakelock is acquired
11-28 21:28:39.743 1218 4398 I vendor.qti.bluetooth@1.0-ibs_handler: ProcessIbsCmd: Writing IBS_WAKE_ACK
11-28 21:28:39.824 1218 4398 I vendor.qti.bluetooth@1.0-ibs_handler: ProcessIbsCmd: Received IBS_SLEEP_IND: 0xFE
11-28 21:28:39.824 1218 4398 D vendor.qti.bluetooth@1.0-ibs_handler: SerialClockVote: vote for UART CLK OFF
11-28 21:28:39.844 3887 5676 D PhoneInterfaceManager: [PhoneIntfMgr] QueryTelephonyChecker-getDataNetworkTypeForSubscriber: packageName = com.innowireless.xcal.mobile5, isGrant = true
11-28 21:28:39.848 3887 7417 D PhoneInterfaceManager: [PhoneIntfMgr] QueryTelephonyChecker-getDataNetworkTypeForSubscriber: packageName = com.innowireless.xcal.mobile5, isGrant = true
11-28 21:28:39.851 3887 7417 D PhoneInterfaceManager: [PhoneIntfMgr] QueryTelephonyChecker-getDataNetworkTypeForSubscriber: packageName = com.innowireless.xcal.mobile5, isGrant = true
11-28 21:28:39.856 8600 9108 D GPS : NMEA is invaild.
11-28 21:28:39.857 8600 9108 D GPS : mNMEASatelites : 12
11-28 21:28:39.857 8600 9108 D GPS : mGPSSatelites : 69
11-28 21:28:39.857 8600 9108 D GPS : Android GPS is vaild.
11-28 21:28:39.864 8600 8600 I Quality : Skipped: true 1 cost 14.286693 refreshRate 0 processName com.innowireless.xcal.mobile5
11-28 21:28:39.869 3887 7417 D PhoneInterfaceManager: [PhoneIntfMgr] QueryTelephonyChecker-getDataNetworkTypeForSubscriber: packageName = com.innowireless.xcal.mobile5, isGrant = true
11-28 21:28:39.885 3887 7417 D PhoneInterfaceManager: [PhoneIntfMgr] QueryTelephonyChecker-getDataNetworkTypeForSubscriber: packageName = com.innowireless.xcal.mobile5, isGrant = true
11-28 21:28:39.887 3887 7417 D PhoneInterfaceManager: [PhoneIntfMgr] QueryTelephonyChecker-getDataNetworkTypeForSubscriber: packageName = com.innowireless.xcal.mobile5, isGrant = true
11-28 21:28:39.890 3887 7417 D PhoneInterfaceManager: [PhoneIntfMgr] QueryTelephonyChecker-getDataNetworkTypeForSubscriber: packageName = com.innowireless.xcal.mobile5, isGrant = true
11-28 21:28:39.892 3887 5676 D PhoneInterfaceManager: [PhoneIntfMgr] QueryTelephonyChecker-getDataNetworkTypeForSubscriber: packageName = com.innowireless.xcal.mobile5, isGrant = true
11-28 21:28:39.893 3887 5676 D PhoneInterfaceManager: [PhoneIntfMgr] QueryTelephonyChecker-getDataNetworkTypeForSubscriber: packageName = com.innowireless.xcal.mobile5, isGrant = true
11-28 21:28:39.906 2523 3067 D WifiActiveModeWarden: there is no primary client manager, return the default one
11-28 21:28:39.974 1218 4202 D vendor.qti.bluetooth@1.0-wake_lock: Release wakelock is released
11-28 21:28:39.991 3887 5676 D PhoneInterfaceManager: [PhoneIntfMgr] QueryTelephonyChecker-getDataNetworkTypeForSubscriber: packageName = com.innowireless.xcal.mobile5, isGrant = true
11-28 21:28:40.080 3887 5676 D PhoneInterfaceManager: [PhoneIntfMgr] QueryTelephonyChecker-getDataNetworkTypeForSubscriber: packageName = com.innowireless.xcal.mobile5, isGrant = true
11-28 21:28:40.103 3887 7417 D PhoneInterfaceManager: [PhoneIntfMgr] QueryTelephonyChecker-getDataNetworkTypeForSubscriber: packageName = com.innowireless.xcal.mobile5, isGrant = true
11-28 21:28:40.133 2523 3172 D OGG_Detector: D:done mCurrStatus: 0
11-28 21:28:40.167 1271 1271 E vendor.qti.hardware.perf@2.2-service: Unknown params
11-28 21:28:40.169 1271 1271 E vendor.qti.hardware.perf@2.2-service: Unknown params
11-28 21:28:40.176 3887 7417 D PhoneInterfaceManager: [PhoneIntfMgr] QueryTelephonyChecker-getDataNetworkTypeForSubscriber: packageName = com.innowireless.xcal.mobile5, isGrant = true
11-28 21:28:40.188 3887 7417 D PhoneInterfaceManager: [PhoneIntfMgr] QueryTelephonyChecker-getDataNetworkTypeForSubscriber: packageName = com.innowireless.xcal.mobile5, isGrant = true
11-28 21:28:40.190 1300 1300 E ORMS_HAL: open /sys/devices/platform/soc/soc:oplus-omrg/oplus-omrg0/ruler_enable failed(No such file or directory)
11-28 21:28:40.191 1300 1300 D ORMS_HAL: OrmsHalService write file /proc/sys/kernel/slide_boost_enabled - 1.
11-28 21:28:40.193 1271 1368 E ANDR-PERF-OPTSHANDLER: Perflock resource /sys/class/devfreq/soc:qcom,cpubw/bw_hwmon/io_percent not supported
11-28 21:28:40.193 1271 1368 E ANDR-PERF-RESOURCEQS: Failed to apply optimization [6, 2]
11-28 21:28:40.193 1271 1368 E ANDR-PERF-OPTSHANDLER: Perflock resource /sys/class/devfreq/soc:qcom,cpubw/bw_hwmon/sample_ms not supported
11-28 21:28:40.193 1271 1368 E ANDR-PERF-RESOURCEQS: Failed to apply optimization [6, 8]
11-28 21:28:40.193 1271 1368 E ANDR-PERF-OPTSHANDLER: Perflock resource SPECIAL_NODE - cpubw_hwmon_hyst_opt not supported
11-28 21:28:40.193 1271 1368 E ANDR-PERF-RESOURCEQS: Failed to apply optimization [6, 3]
11-28 21:28:40.193 1271 1368 E ANDR-PERF-OPTSHANDLER: Perflock resource /sys/class/devfreq/soc:qcom,cpubw/min_freq not supported
11-28 21:28:40.193 1271 1368 E ANDR-PERF-RESOURCEQS: Failed to apply optimization [6, 0]
11-28 21:28:40.193 1271 1368 E ANDR-PERF-OPTSHANDLER: Perflock resource /sys/class/devfreq/soc:qcom,llccbw/min_freq not supported
11-28 21:28:40.193 1271 1368 E ANDR-PERF-RESOURCEQS: Failed to apply optimization [12, 0]
11-28 21:28:40.193 1271 1368 E ANDR-PERF-OPTSHANDLER: Perflock resource /sys/class/devfreq/soc:qcom,llccbw/bw_hwmon/io_percent not supported
11-28 21:28:40.193 1271 1368 E ANDR-PERF-RESOURCEQS: Failed to apply optimization [12, 1]
11-28 21:28:40.193 1271 1368 E ANDR-PERF-OPTSHANDLER: Perflock resource /sys/class/devfreq/soc:qcom,llccbw/bw_hwmon/sample_ms not supported
11-28 21:28:40.193 1271 1368 E ANDR-PERF-RESOURCEQS: Failed to apply optimization [12, 3]
11-28 21:28:40.193 1271 1368 E ANDR-PERF-OPTSHANDLER: Perflock resource SPECIAL_NODE - llcbw_hwmon_hyst_opt not supported
11-28 21:28:40.193 1271 1368 E ANDR-PERF-RESOURCEQS: Failed to apply optimization [12, 2]
11-28 21:28:40.193 1271 1368 E ANDR-PERF-OPTSHANDLER: Min bounds check failed
11-28 21:28:40.193 1271 1368 E ANDR-PERF-OPTSHANDLER: Error! Perflock failed, invalid request value 79
11-28 21:28:40.193 1271 1368 E ANDR-PERF-RESOURCEQS: Failed to apply optimization [12, 6]
11-28 21:28:40.210 3887 5676 D PhoneInterfaceManager: [PhoneIntfMgr] QueryTelephonyChecker-getDataNetworkTypeForSubscriber: packageName = com.innowireless.xcal.mobile5, isGrant = true
11-28 21:28:40.324 3887 5676 D PhoneInterfaceManager: [PhoneIntfMgr] QueryTelephonyChecker-getDataNetworkTypeForSubscriber: packageName = com.innowireless.xcal.mobile5, isGrant = true
11-28 21:28:40.325 3887 7417 D PhoneInterfaceManager: [PhoneIntfMgr] QueryTelephonyChecker-getDataNetworkTypeForSubscriber: packageName = com.innowireless.xcal.mobile5, isGrant = true
11-28 21:28:40.380 3887 7417 D PhoneInterfaceManager: [PhoneIntfMgr] QueryTelephonyChecker-getDataNetworkTypeForSubscriber: packageName = com.innowireless.xcal.mobile5, isGrant = true
11-28 21:28:40.381 3887 5676 D PhoneInterfaceManager: [PhoneIntfMgr] QueryTelephonyChecker-getDataNetworkTypeForSubscriber: packageName = com.innowireless.xcal.mobile5, isGrant = true
11-28 21:28:40.382 3887 5074 D PhoneInterfaceManager: [PhoneIntfMgr] QueryTelephonyChecker-getDataNetworkTypeForSubscriber: packageName = com.innowireless.xcal.mobile5, isGrant = true
11-28 21:28:40.420 1254 1254 I android.hardware.thermal@2.0-service.qti: Sensor Name:shell_frametemp: 34.7. prev severity:0. cur severity:0 New severity:0
11-28 21:28:40.422 1254 1254 I android.hardware.thermal@2.0-service.qti: Sensor Name:skintemp: 37.453. prev severity:3. cur severity:0 New severity:0
11-28 21:28:40.422 1254 1254 I android.hardware.thermal@2.0-service.qti: Sensor Name:shell_fronttemp: 34.7. prev severity:0. cur severity:0 New severity:0
11-28 21:28:40.422 1254 1254 I android.hardware.thermal@2.0-service.qti: Sensor Name:shell_backtemp: 34.7. prev severity:0. cur severity:0 New severity:0
11-28 21:28:40.450 2523 2658 D OplusLocationStatistics: on recordTaskMark, key: gnssReportLocation
11-28 21:28:40.451 2523 2635 D LocationManagerService: incoming location from: gps
11-28 21:28:40.454 2523 2635 D LocationManagerService: incoming location from: gps
11-28 21:28:40.462 4443 5595 I FusedLocation: (REDACTED) location delivery to %s blocked - too close
11-28 21:28:40.463 4443 5595 I FusedLocation: (REDACTED) location delivery to %s blocked - too close
11-28 21:28:40.464 1300 1300 D ORMS_HAL: OrmsHalService write file /proc/sys/kernel/slide_boost_enabled - 0.
11-28 21:28:40.464 1300 1300 E ORMS_HAL: open /sys/devices/platform/soc/soc:oplus-omrg/oplus-omrg0/ruler_enable failed(No such file or directory)
11-28 21:28:40.465 1271 1271 E vendor.qti.hardware.perf@2.2-service: Unknown params
11-28 21:28:40.466 1271 1271 E vendor.qti.hardware.perf@2.2-service: Unknown params
11-28 21:28:40.467 4443 5595 I FusedLocation: (REDACTED) location delivery to %s blocked - too fast
11-28 21:28:40.467 1300 1300 E ORMS_HAL: open /sys/devices/platform/soc/soc:oplus-omrg/oplus-omrg0/ruler_enable failed(No such file or directory)
11-28 21:28:40.468 1300 1300 D ORMS_HAL: OrmsHalService write file /proc/sys/kernel/slide_boost_enabled - 1.
11-28 21:28:40.468 1271 1368 E ANDR-PERF-OPTSHANDLER: Perflock resource /sys/class/devfreq/soc:qcom,cpubw/bw_hwmon/io_percent not supported
11-28 21:28:40.468 1271 1368 E ANDR-PERF-RESOURCEQS: Failed to apply optimization [6, 2]
11-28 21:28:40.468 1271 1368 E ANDR-PERF-OPTSHANDLER: Perflock resource /sys/class/devfreq/soc:qcom,cpubw/bw_hwmon/sample_ms not supported
11-28 21:28:40.468 1271 1368 E ANDR-PERF-RESOURCEQS: Failed to apply optimization [6, 8]
11-28 21:28:40.468 1271 1368 E ANDR-PERF-OPTSHANDLER: Perflock resource SPECIAL_NODE - cpubw_hwmon_hyst_opt not supported
11-28 21:28:40.468 1271 1368 E ANDR-PERF-RESOURCEQS: Failed to apply optimization [6, 3]
11-28 21:28:40.468 1271 1368 E ANDR-PERF-OPTSHANDLER: Perflock resource /sys/class/devfreq/soc:qcom,cpubw/min_freq not supported
11-28 21:28:40.468 1271 1368 E ANDR-PERF-RESOURCEQS: Failed to apply optimization [6, 0]
11-28 21:28:40.468 1271 1368 E ANDR-PERF-OPTSHANDLER: Perflock resource /sys/class/devfreq/soc:qcom,llccbw/min_freq not supported
11-28 21:28:40.468 1271 1368 E ANDR-PERF-RESOURCEQS: Failed to apply optimization [12, 0]
11-28 21:28:40.468 2523 2552 D LocationManagerService: incoming location from: fused
11-28 21:28:40.468 2523 2552 D LocationManagerService: incoming location from: fused
11-28 21:28:40.468 1271 1368 E ANDR-PERF-OPTSHANDLER: Perflock resource /sys/class/devfreq/soc:qcom,llccbw/bw_hwmon/io_percent not supported
11-28 21:28:40.468 1271 1368 E ANDR-PERF-RESOURCEQS: Failed to apply optimization [12, 1]
11-28 21:28:40.468 1271 1368 E ANDR-PERF-OPTSHANDLER: Perflock resource /sys/class/devfreq/soc:qcom,llccbw/bw_hwmon/sample_ms not supported
11-28 21:28:40.468 1271 1368 E ANDR-PERF-RESOURCEQS: Failed to apply optimization [12, 3]
11-28 21:28:40.469 1271 1368 E ANDR-PERF-OPTSHANDLER: Perflock resource SPECIAL_NODE - llcbw_hwmon_hyst_opt not supported
11-28 21:28:40.469 1271 1368 E ANDR-PERF-RESOURCEQS: Failed to apply optimization [12, 2]
11-28 21:28:40.469 1271 1368 E ANDR-PERF-OPTSHANDLER: Min bounds check failed
11-28 21:28:40.469 1271 1368 E ANDR-PERF-OPTSHANDLER: Error! Perflock failed, invalid request value 79
11-28 21:28:40.469 1271 1368 E ANDR-PERF-RESOURCEQS: Failed to apply optimization [12, 6]
11-28 21:28:40.470 1271 1368 E ANDR-PERF-OPTSHANDLER: Perflock resource /sys/class/devfreq/soc:qcom,cpubw/bw_hwmon/io_percent not supported
11-28 21:28:40.470 1271 1368 E ANDR-PERF-RESOURCEQS: Failed to apply optimization [6, 2]
11-28 21:28:40.470 1271 1368 E ANDR-PERF-OPTSHANDLER: Perflock resource /sys/class/devfreq/soc:qcom,cpubw/bw_hwmon/sample_ms not supported
11-28 21:28:40.470 1271 1368 E ANDR-PERF-RESOURCEQS: Failed to apply optimization [6, 8]
11-28 21:28:40.470 1271 1368 E ANDR-PERF-OPTSHANDLER: Perflock resource SPECIAL_NODE - cpubw_hwmon_hyst_opt not supported
11-28 21:28:40.470 1271 1368 E ANDR-PERF-RESOURCEQS: Failed to apply optimization [6, 3]
11-28 21:28:40.470 1271 1368 E ANDR-PERF-OPTSHANDLER: Perflock resource /sys/class/devfreq/soc:qcom,cpubw/min_freq not supported
11-28 21:28:40.470 1271 1368 E ANDR-PERF-RESOURCEQS: Failed to apply optimization [6, 0]
11-28 21:28:40.470 1271 1368 E ANDR-PERF-OPTSHANDLER: Perflock resource /sys/class/devfreq/soc:qcom,llccbw/min_freq not supported
11-28 21:28:40.470 1271 1368 E ANDR-PERF-RESOURCEQS: Failed to apply optimization [12, 0]
11-28 21:28:40.470 1271 1368 E ANDR-PERF-OPTSHANDLER: Perflock resource /sys/class/devfreq/soc:qcom,llccbw/bw_hwmon/io_percent not supported
11-28 21:28:40.470 1271 1368 E ANDR-PERF-RESOURCEQS: Failed to apply optimization [12, 1]
11-28 21:28:40.470 1271 1368 E ANDR-PERF-OPTSHANDLER: Perflock resource /sys/class/devfreq/soc:qcom,llccbw/bw_hwmon/sample_ms not supported
11-28 21:28:40.470 1271 1368 E ANDR-PERF-RESOURCEQS: Failed to apply optimization [12, 3]
11-28 21:28:40.470 1271 1368 E ANDR-PERF-OPTSHANDLER: Perflock resource SPECIAL_NODE - llcbw_hwmon_hyst_opt not supported
11-28 21:28:40.470 1271 1368 E ANDR-PERF-RESOURCEQS: Failed to apply optimization [12, 2]
11-28 21:28:40.470 1271 1368 E ANDR-PERF-OPTSHANDLER: Min bounds check failed
11-28 21:28:40.470 1271 1368 E ANDR-PERF-OPTSHANDLER: Error! Perflock failed, invalid request value 79
11-28 21:28:40.471 1271 1368 E ANDR-PERF-RESOURCEQS: Failed to apply optimization [12, 6]
11-28 21:28:40.471 4443 5595 I FusedLocation: (REDACTED) location delivery to %s blocked - too fast
11-28 21:28:40.471 4443 5595 I FusedLocation: (REDACTED) location delivery to %s blocked - too fast
11-28 21:28:40.497 4443 8214 I NearbyMediums: Found Fast Ble Advertisements :
11-28 21:28:40.497 4443 8214 I NearbyMediums: BleAdvertisement { version=2, socketVersion=2, isFast=true, serviceIdHash=null, data=[ 0x23 0x56 0x54 0x42 0x42 0x11 0x32 0xea 0xee 0x17 0x69 0x63 0xf9 0xa1 0xa3 0xc6 0x7f 0xcc 0xa1 0x1c 0x1b 0x6e 0xcc ], deviceToken=[ 0xe6 0x39 ], rxAdvertisement=null } : 5 times.
11-28 21:28:40.497 4443 8214 I NearbyMediums: BleAdvertisement { version=2, socketVersion=2, isFast=true, serviceIdHash=null, data=[ 0x23 0x46 0x32 0x5a 0x4d 0x11 0x32 0x82 0x50 0x0d 0xd2 0x27 0xa9 0x6f 0xf4 0x0b 0x2d 0x53 0x92 0xd8 0xae 0x4a 0xb4 ], deviceToken=[ 0xc4 0x4d ], rxAdvertisement=null } : 8 times.
11-28 21:28:40.497 4443 8214 I NearbyMediums: Total 13 fast advertisements from 2 unique advertisers.
11-28 21:28:40.497 4443 8214 I NearbyMediums: Found BLE GATT Advertisements :
11-28 21:28:40.497 4443 8214 I NearbyMediums: BleAdvertisement { version=2, socketVersion=2, isFast=false, serviceIdHash=[ 0xfc 0x9f 0x5e ], data=[ 0x23 0xfc 0x9f 0x5e 0x33 0x4f 0x58 0x49 0x1d 0x06 0x93 0x67 0xe9 0x7f 0xb7 0xb8 0x94 0x7d 0xdc 0x48 0x0b 0x2b 0x55 0xf2 0x61 0x77 0x0b 0x50 0x72 0x61 0x74 0x69 0x6b 0x27 0x73 0x20 0x50 0x43 0x30 0x89 0x4a 0xc6 0x21 0x12 0x00 0x00 ], deviceToken=[ 0x38 0xd8 ], rxAdvertisement=null } : 11 times.
11-28 21:28:40.497 4443 8214 I NearbyMediums: Total 11 GATT advertisements from 1 unique advertisers.
11-28 21:28:40.497 4443 8211 I NearbyConnections: Processing lost BlePeripheral BlePeripheral{advertisement=BleAdvertisement { version=2, socketVersion=2, isFast=false, serviceIdHash=[ 0xfc 0x9f 0x5e ], data=[ 0x23 0xfc 0x9f 0x5e 0x38 0x4b 0x56 0x5a 0x1d 0x06 0x7a 0x84 0x56 0x42 0xba 0x6e 0x2b 0xdf 0xa3 0x0a 0xe3 0x97 0xae 0xe7 0xe6 0x72 0x0b 0x50 0x72 0x61 0x74 0x69 0x6b 0x27 0x73 0x20 0x50 0x43 0x30 0x89 0x4a 0xc6 0x21 0x12 0x00 0x00 ], deviceToken=[ 0x8c 0xf5 ], rxAdvertisement=null }, address=null, psm=0, deviceToken=, isSecondProfile=false, rxInstantConnectionAdv=null}.
11-28 21:28:40.553 5266 9100 D DebugReportServiceHidlClient: getReport 1.1...
11-28 21:28:40.553 1237 1237 E LocSvc_HIDL_DebugReportService: Invalid count: 0
11-28 21:28:40.553 1237 1237 E LocSvc_HIDL_DebugReportService: Invalid count: 0
11-28 21:28:40.553 1237 1237 E LocSvc_HIDL_DebugReportService: Invalid count: 0
11-28 21:28:40.553 1237 1237 E LocSvc_HIDL_DebugReportService: Invalid count: 0
11-28 21:28:40.553 5266 9100 D DebugReportServiceHidlClient: getReport 1.1 success: true
11-28 21:28:40.554 5266 9100 D DebugReportServiceHidlClient: getReport 1.0 success: true
11-28 21:28:40.610 8600 10915 D AUTOCALL: Start AutoCall Timer
11-28 21:28:40.611 8600 8897 D XCAL-Mobile: OnServiceHandler.onCallStart(), Start, SessionIndex: 0, CallCount: 1
11-28 21:28:40.611 8600 8897 D XCAL-Mobile: OnServiceHandler.onCallStart(),AutoCallManager.mAutoCallMode 0
11-28 21:28:40.612 8600 8897 D XCAL-Mobile: OnServiceHandler.setPacketCaptureSize() - ESP : true CallType : 2
11-28 21:28:40.612 8600 8897 D XCAL-Mobile: OnServiceHandler.setPacketCaptureSize() - Capture size : 0
11-28 21:28:40.612 8600 8897 D XCAL-Mobile: Set Autocall packet capture - disablePacketCapture
11-28 21:28:40.612 8600 8897 D XCAL-Mobile: DMLog.disablePacketCapture()
11-28 21:28:40.612 8600 8897 D XCAL-Mobile: OnServiceHandler.setPcapSize() - PCAP size : 0
11-28 21:28:40.634 8600 8897 D XCAL-Mobile: DMLog.callTrafficReset(), From: OnServiceHandler.onCallStart(), Enable: false
11-28 21:28:40.634 8600 8897 D XCAL-Mobile: OnServiceHandler.onCallStart(), End
11-28 21:28:40.636 1300 1300 D ORMS_HAL: OrmsHalService write file /proc/sys/kernel/slide_boost_enabled - 0.
11-28 21:28:40.637 1300 1300 E ORMS_HAL: open /sys/devices/platform/soc/soc:oplus-omrg/oplus-omrg0/ruler_enable failed(No such file or directory)
11-28 21:28:40.638 1271 1368 E ANDR-PERF-OPTSHANDLER: Perflock resource /sys/class/devfreq/soc:qcom,cpubw/bw_hwmon/io_percent not supported
11-28 21:28:40.638 1271 1368 E ANDR-PERF-RESOURCEQS: Failed to apply optimization [6, 2]
11-28 21:28:40.638 1271 1368 E ANDR-PERF-OPTSHANDLER: Perflock resource /sys/class/devfreq/soc:qcom,cpubw/bw_hwmon/sample_ms not supported
11-28 21:28:40.638 1271 1368 E ANDR-PERF-RESOURCEQS: Failed to apply optimization [6, 8]
11-28 21:28:40.638 1271 1368 E ANDR-PERF-OPTSHANDLER: Perflock resource SPECIAL_NODE - cpubw_hwmon_hyst_opt not supported
11-28 21:28:40.638 1271 1368 E ANDR-PERF-RESOURCEQS: Failed to apply optimization [6, 3]
11-28 21:28:40.638 1271 1368 E ANDR-PERF-OPTSHANDLER: Perflock resource /sys/class/devfreq/soc:qcom,cpubw/min_freq not supported
11-28 21:28:40.638 1271 1368 E ANDR-PERF-RESOURCEQS: Failed to apply optimization [6, 0]
11-28 21:28:40.638 1271 1368 E ANDR-PERF-OPTSHANDLER: Perflock resource /sys/class/devfreq/soc:qcom,llccbw/min_freq not supported
11-28 21:28:40.639 1271 1368 E ANDR-PERF-RESOURCEQS: Failed to apply optimization [12, 0]
11-28 21:28:40.639 1271 1368 E ANDR-PERF-OPTSHANDLER: Perflock resource /sys/class/devfreq/soc:qcom,llccbw/bw_hwmon/io_percent not supported
11-28 21:28:40.639 1271 1368 E ANDR-PERF-RESOURCEQS: Failed to apply optimization [12, 1]
11-28 21:28:40.639 1271 1368 E ANDR-PERF-OPTSHANDLER: Perflock resource /sys/class/devfreq/soc:qcom,llccbw/bw_hwmon/sample_ms not supported
11-28 21:28:40.639 1271 1368 E ANDR-PERF-RESOURCEQS: Failed to apply optimization [12, 3]
11-28 21:28:40.639 1271 1368 E ANDR-PERF-OPTSHANDLER: Perflock resource SPECIAL_NODE - llcbw_hwmon_hyst_opt not supported
11-28 21:28:40.639 1271 1368 E ANDR-PERF-RESOURCEQS: Failed to apply optimization [12, 2]
11-28 21:28:40.639 1271 1368 E ANDR-PERF-OPTSHANDLER: Min bounds check failed
11-28 21:28:40.639 1271 1368 E ANDR-PERF-OPTSHANDLER: Error! Perflock failed, invalid request value 79
11-28 21:28:40.639 1271 1368 E ANDR-PERF-RESOURCEQS: Failed to apply optimization [12, 6]
11-28 21:28:40.656 8600 10941 D XCAL-Mobile: Logmask.setQCDataProtocol(), nLen:0, isADPL:false
11-28 21:28:40.657 8600 10941 D XCAL-Mobile: DMLog.resetLogmask(), From: DMLog.disableQCDataProtocol, IPFrame: false, isLogmaskOff: false
11-28 21:28:40.657 8600 10941 D XCAL-Mobile: Logmask.0: 7D 5D 05 00 00 00 00 00 00 74 41 7E
11-28 21:28:40.657 8600 10941 D XCAL-Mobile: Logmask.1: 73 00 00 00 03 00 00 00 0B 00 00 00 C0 09 00 00 00 00 00 00 00 00 00 00 00 00 00 00 9F 01 00 00 8A 0C 8A 00 15 00 15 00 FF 3F 0A 00 7F FC E0 00 00 00 10 00 E1 40 00 0C 40 E0 00 20 FF FF CF F6 FF 7F 2C 7B 7F 00 03 5C 1E 26 00 02 01 08 20 00 00 00 00 00 00 00 00 00 00 00 00 00 00 00 00 00 00 00 00 00 00 00 00 00 00 00 00 00 00 00 00 00 00 00 00 00 00 00 00 00 00 00 00 00 00 00 00 00 00 00 00 00 00 00 00 00 00 00 00 00 00 00 00 00 00 00 00 00 00 00 00 00 00 00 00 00 00 00 00 00 00 00 00 00 00 00 00 00 00 00 00 00 00 00 00 00 00 00 00 00 00 00 00 00 00 00 00 00 00 00 00 00 00 00 00 00 00 00 00 00 00 00 00 00 00 00 00 00 00 00 00 00 00 00 00 00 00 00 00 00 00 00 00 00 00 00 00 00 00 00 00 00 00 00 00 00 00 00 00 00 00 00 00 00 00 00 00 00 00 00 00 00 00 00 00 00 00 00 00 00 00 00 00 00 00 00 00 00 00 00 00 00 3B FF 3F 00 EE 19 84 00 86 38 00 01 0B 03 0E 03 FB 87 03 08 81 80 00 00 00 00 04 21 04 00 00 00 00 00 00 00 00 00 00 00 00 00 07 22 00 E0 21 80 00 00 44 00 B0 00 00 C0 A6 21 7E
11-28 21:28:40.662 8600 10941 D XCAL-Mobile: LOGMASK:B060,B061,B062,B063,B064,B067,B068,B081,B083,B087,B08A,B08B,B091,B093,B097,B0A0,B0A2,B0A4,B0B0,B0B2,B0B4,B0C0,B0C1,B0C2,B0C3,B0C4,B0C5,B0C6,B0C7,B0C8,B0C9,B0CA,B0CB,B0CC,B0CD,B0D1,B0D3,B0E0,B0E1,B0E2,B0E3,B0E4,B0E5,B0E6,B0EA,B0EB,B0EC,B0ED,B0EE,B0EF,B0F5,B0F6,B0F7,B114,B120,B125,B126,B127,B12E,B13A,B13B,B146,B14D,B14E,B14F,B15D,B160,B161,B162,B163,B164,B165,B166,B167,B168,B169,B16A,B16B,B16C,B16D,B16E,B16F,B170,B171,B172,B173,B176,B177,B179,B17A,B17C,B17D,B17E,B17F,B180,B181,B182,B183,B184,B185,B186,B187,B188,B189,B18A,B18B,B18C,B18D,B18E,B192,B193,B195,B198,B199,B19B,B19C,B19D,B19E,B1A0,B1A1,B1A2,B1A3,B1A4,B1A5,B1A6,B1B0,B1B1,B1BA,B1BB,B1BC,B1BE,B1C1,B1C2,B1C3,B1C4,B1C9,B1CA,B1CD,B1D9,B1E0,B1EB,B1F5,B800,B801,B803,B804,B805,B808,B809,B80A,B80B,B80C,B80D,B80E,B80F,B810,B811,B812,B813,B814,B815,B821,B822,B823,B825,B826,B827,B828,B82B,B82C,B832,B837,B841,B842,B847,B84B,B84C,B84D,B858,B860,B861,B863,B868,B869,B871,B872,B873,B878,B879,B880,B881,B883,B884,B885,B886,B887,B888,B889,B88A,B88F,B890,B891,B89B,B8A0,B8A7,B8AF,B8D2,B8D8,B8DD,B8E2,B950,B951,B952,B959,B95D,B96D,B96E,B96F,B970,B975,B97F,B992,B996,B9A4,B9A5,B9A7,B9BE,B9BF,
11-28 21:28:40.663 8600 10941 D XCAL-Mobile: Logmask.2: 73 00 00 00 03 00 00 00 07 00 00 00 58 0B 00 00 00 00 00 04 00 00 00 00 00 00 00 00 00 00 00 00 00 00 00 00 00 00 00 00 00 00 00 00 00 00 00 00 00 00 00 00 00 00 FF E7 19 00 01 02 00 00 00 00 00 00 00 00 00 00 00 00 00 00 00 00 00 00 00 00 00 00 00 00 00 00 00 00 00 00 00 00 00 00 00 00 00 00 00 00 00 00 00 00 00 00 00 00 00 00 00 00 00 00 00 00 00 00 00 00 00 00 00 00 00 00 00 00 00 00 00 00 00 00 00 00 00 00 00 00 00 00 00 00 00 00 00 00 00 00 00 00 00 00 00 00 00 00 00 00 00 00 00 00 00 00 00 00 00 00 00 00 00 00 00 00 00 00 00 00 00 00 00 00 00 00 00 00 00 00 00 00 00 00 00 00 00 00 00 00 00 00 00 00 00 00 00 00 00 00 00 00 00 00 00 00 00 00 00 00 00 00 00 00 00 00 00 00 00 00 00 00 00 00 00 00 00 00 00 00 00 00 00 00 00 00 00 00 00 00 00 00 00 00 00 00 00 00 00 00 00 00 00 00 00 00 00 00 00 00 00 00 00 00 00 00 00 00 00 00 00 00 00 00 00 00 00 00 00 00 00 00 00 00 00 00 00 00 00 00 00 00 00 00 00 00 00 00 00 00 00 00 00 00 00 00 00 00 00 00 00 00 00 00 00 00 00 00 00 00 00 00 00 00 00 00 00 00 00 00 00 00 00 00 00 00 00 00 00 00 00 00 00 00 00 00 00 00 00 00 00 00 00 00 00 00 00 00 00 00 00 00 00 00 FF 67 00 00 01 7F EF 7E
11-28 21:28:40.664 8600 10941 D XCAL-Mobile: LOGMASK:701A,7130,7131,7132,7133,7134,7135,7136,7137,7138,7139,713A,713D,713E,713F,7140,7143,7144,7150,7159,7B30,7B31,7B32,7B33,7B34,7B35,7B36,7B37,7B38,7B39,7B3A,7B3D,7B3E,7B50,
11-28 21:28:40.665 8600 10941 D XCAL-Mobile: Logmask.3: 82 00 00 00 40 0D 00 00 00 00 00 00 00 00 00 00 00 00 00 00 00 00 00 00 00 00 00 00 00 00 00 00 00 00 00 00 00 00 00 00 00 00 00 00 00 00 00 00 00 00 00 00 00 00 00 00 00 00 00 00 00 00 00 00 00 00 00 00 00 00 00 00 00 00 00 00 00 00 00 00 00 00 00 00 00 00 00 00 00 00 00 00 00 00 00 00 00 00 00 00 00 00 00 00 00 00 00 00 00 00 00 00 00 00 00 00 00 00 00 00 00 00 00 00 00 00 00 00 00 00 00 00 00 00 00 00 00 00 00 00 00 00 00 00 00 00 00 00 00 00 00 00 00 00 00 00 00 00 00 00 00 00 00 00 00 00 00 00 00 00 00 00 00 00 00 00 00 00 00 00 00 00 00 00 00 00 00 00 00 00 00 00 00 A0 00 00 00 00 00 00 00 00 00 00 00 00 C0 38 04 00 00 00 00 00 00 00 20 00 00 00 00 00 00 40 00 00 00 00 00 00 00 00 01 00 00 00 00 00 00 00 00 00 00 00 00 00 00 00 00 00 00 C0 00 00 00 08 00 00 00 00 00 00 00 00 00 00 00 00 00 00 00 00 00 00 00 00 00 00 00 00 00 00 00 00 00 80 07 00 00 00 00 00 00 00 00 00 00 00 00 00 00 00 00 00 00 00 00 00 00 00 00 00 00 00 00 00 00 00 00 00 00 00 00 00 00 00 00 00 00 00 00 00 00 00 00 00 00 00 00 00 00 20 06 00 00 00 00 00 00 00 00 00 00 00 00 00 00 00 00 00 00 00 00 00 00 00 00 00 00 00 00 00 00 00 00 00 00 00 00 00 00 00 00 00 00 00 00 00 00 00 00 00 00 D0 F9 01 00 E0 00 00 00 00 00 00 FF 01 00 00 00 00 00 0A 10 00 E0 9F 02 18 0A 10 08 70 00 00 00 00 00 00 00 00 00 34 6A 7E
11-28 21:28:40.665 8600 10941 D XCAL-Mobile: LOGMASK:1501,1503,1606,1607,1611,1612,1613,1618,1685,1742,1808,1966,1967,1995,2239,2240,2241,2242,2685,2689,2690,3100,3102,3103,3104,3107,3108,3109,3110,3111,3112,3133,3134,3135,3184,3185,3186,3187,3188,3189,3190,3191,3192,3241,3243,3252,3269,3270,3271,3272,3273,3274,3275,3276,3279,3281,3291,3292,3297,3299,3308,3315,3324,3325,3326,
11-28 21:28:40.665 8600 10941 D XCAL-Mobile: Logmask.4: 60 01 9B 7B 7E
11-28 21:28:40.666 8600 10941 D XCAL-Mobile: Logmask.5: 73 00 00 00 03 00 00 00 01 00 00 00 90 0D 00 00 00 06 00 00 00 00 00 00 00 00 00 00 00 00 00 00 00 00 00 01 00 00 00 00 00 00 00 00 00 00 00 00 00 00 00 00 00 00 00 00 00 00 00 00 00 00 00 00 00 00 00 00 00 00 00 00 00 00 00 00 00 00 00 00 00 00 00 00 00 00 00 00 00 00 00 00 00 00 06 00 00 00 00 00 00 00 00 00 00 00 00 00 00 00 00 00 00 00 00 00 00 00 00 00 00 00 00 00 1E 00 00 00 00 00 00 00 00 00 00 00 00 00 00 00 00 00 00 00 00 00 00 00 00 00 00 00 00 00 00 00 00 00 00 00 00 00 00 00 00 00 00 00 00 00 00 00 00 00 00 00 00 00 00 00 00 00 00 00 10 00 00 00 00 41 00 00 00 00 00 00 00 00 00 00 00 00 00 00 00 00 00 00 00 00 00 00 00 00 00 00 00 00 00 00 00 00 00 00 00 00 00 00 00 00 00 00 00 00 00 00 00 00 00 00 00 00 00 00 00 00 00 00 00 00 00 00 00 00 00 00 00 00 00 00 00 00 00 00 00 00 00 00 00 00 00 00 30 00 00 00 00 00 00 00 00 00 00 00 00 00 00 00 00 00 00 00 00 00 00 00 00 00 00 00 00 00 00 00 08 00 00 00 00 00 00 00 00 00 00 00 00 00 00 00 00 00 00 00 00 00 80 00 00 00 00 00 00 00 00 00 00 00 00 00 00 00 00 00 00 00 00 00 00 00 00 00 00 00 00 00 00 00 00 00 00 00 00 00 00 00 00 00 00 00 00 00 00 00 00 00 00 00 00 00 00 00 00 00 00 00 00 00 00 00 00 00 00 00 00 00 00 00 00 00 00 00 00 00 00 00 00 00 00 00 00 00 00 00 00 00 00 00 00 00 00 00 00 00 00 00 00 00 00 00 00 00 00 00 00 00 00 00 00 00 00 00 00 00 00 00 00 00 00 04 26 98 7E
11-28 21:28:40.666 8600 10941 D XCAL-Mobile: LOGMASK:1009,100A,1098,1271,1272,1361,1362,1363,1364,1544,1568,156E,1804,1805,1903,19B7,1D8A,
11-28 21:28:40.713 8600 10913 D AUTOCALL:
11-28 21:28:40.713 8600 10913 D AUTOCALL:
11-28 21:28:40.713 8600 10913 D AUTOCALL:
11-28 21:28:40.713 8600 10913 D AUTOCALL: Config IDLE : 5 SETUP : 30 TSETUP : 30 TRAFFIC : 50 TOTAL TIME : 0 Call Count : 1
11-28 21:28:40.713 8600 10913 D AUTOCALL: Idle Start (session id : 0 call count : 0)
11-28 21:28:40.713 8600 10913 D AUTOCALL: This is FTPCall!!
11-28 21:28:40.713 8600 10913 D AUTOCALL: UI MSG : Idle Start
11-28 21:28:40.717 3887 5074 D PhoneInterfaceManager: [PhoneIntfMgr] QueryTelephonyChecker-getDataNetworkTypeForSubscriber: packageName = com.innowireless.xcal.mobile5, isGrant = true
11-28 21:28:40.718 3887 5074 D PhoneInterfaceManager: [PhoneIntfMgr] QueryTelephonyChecker-getDataNetworkTypeForSubscriber: packageName = com.innowireless.xcal.mobile5, isGrant = true
11-28 21:28:40.726 8600 8931 D XCAL-Native: CApp_Connection::OnReadPacket - ###################################### Sim index: 0, Set parser: 0xA2E4
11-28 21:28:40.726 8600 10913 D AUTOCALL: Idle Start() - CallNo.1
11-28 21:28:40.741 3887 5074 D PhoneInterfaceManager: [PhoneIntfMgr] QueryTelephonyChecker-getDataNetworkTypeForSubscriber: packageName = com.innowireless.xcal.mobile5, isGrant = true
11-28 21:28:40.743 2523 3067 D WifiActiveModeWarden: there is no primary client manager, return the default one
11-28 21:28:40.743 2523 4564 D WifiService: getWifiEnabledState primaryClientMode is mDefaultClientModeManager
11-28 21:28:40.842 3887 5074 D PhoneInterfaceManager: [PhoneIntfMgr] QueryTelephonyChecker-getDataNetworkTypeForSubscriber: packageName = com.innowireless.xcal.mobile5, isGrant = true
11-28 21:28:40.843 3887 5676 D PhoneInterfaceManager: [PhoneIntfMgr] QueryTelephonyChecker-getDataNetworkTypeForSubscriber: packageName = com.innowireless.xcal.mobile5, isGrant = true
11-28 21:28:40.844 3887 5074 D PhoneInterfaceManager: [PhoneIntfMgr] QueryTelephonyChecker-getDataNetworkTypeForSubscriber: packageName = com.innowireless.xcal.mobile5, isGrant = true
11-28 21:28:40.852 3887 5676 D PhoneInterfaceManager: [PhoneIntfMgr] QueryTelephonyChecker-getDataNetworkTypeForSubscriber: packageName = com.innowireless.xcal.mobile5, isGrant = true
11-28 21:28:40.857 8600 9740 I GLThread: waiting tid=2931 mHaveEglContext: false mHaveEglSurface: false mPaused: false mHasSurface: false mSurfaceIsBad: false mWaitingForSurface: true mWidth: 0 mHeight: 0 mRequestRender: true mRenderMode: 0
11-28 21:28:40.858 8600 9108 D GPS : NMEA is invaild.
11-28 21:28:40.858 8600 9108 D GPS : mNMEASatelites : 12
11-28 21:28:40.858 8600 9108 D GPS : mGPSSatelites : 70
11-28 21:28:40.858 8600 9108 D GPS : Android GPS is vaild.
11-28 21:28:40.885 3887 5676 D PhoneInterfaceManager: [PhoneIntfMgr] QueryTelephonyChecker-getDataNetworkTypeForSubscriber: packageName = com.innowireless.xcal.mobile5, isGrant = true
11-28 21:28:40.886 3887 5676 D PhoneInterfaceManager: [PhoneIntfMgr] QueryTelephonyChecker-getDataNetworkTypeForSubscriber: packageName = com.innowireless.xcal.mobile5, isGrant = true
11-28 21:28:40.889 3887 5676 D PhoneInterfaceManager: [PhoneIntfMgr] QueryTelephonyChecker-getDataNetworkTypeForSubscriber: packageName = com.innowireless.xcal.mobile5, isGrant = true
11-28 21:28:40.890 3887 5074 D PhoneInterfaceManager: [PhoneIntfMgr] QueryTelephonyChecker-getDataNetworkTypeForSubscriber: packageName = com.innowireless.xcal.mobile5, isGrant = true
11-28 21:28:40.893 3887 5074 D PhoneInterfaceManager: [PhoneIntfMgr] QueryTelephonyChecker-getDataNetworkTypeForSubscriber: packageName = com.innowireless.xcal.mobile5, isGrant = true
11-28 21:28:40.909 2523 3067 D WifiActiveModeWarden: there is no primary client manager, return the default one
11-28 21:28:40.987 1218 4398 I vendor.qti.bluetooth@1.0-ibs_handler: ProcessIbsCmd: Received IBS_WAKE_IND: 0xFD
11-28 21:28:40.987 1218 4398 D vendor.qti.bluetooth@1.0-ibs_handler: SerialClockVote: vote for UART CLK ON
11-28 21:28:40.987 1218 4398 D vendor.qti.bluetooth@1.0-wake_lock: Acquire wakelock is acquired
11-28 21:28:40.987 1218 4398 I vendor.qti.bluetooth@1.0-ibs_handler: ProcessIbsCmd: Writing IBS_WAKE_ACK
11-28 21:28:40.989 3887 5074 D PhoneInterfaceManager: [PhoneIntfMgr] QueryTelephonyChecker-getDataNetworkTypeForSubscriber: packageName = com.innowireless.xcal.mobile5, isGrant = true
11-28 21:28:41.079 3887 5074 D PhoneInterfaceManager: [PhoneIntfMgr] QueryTelephonyChecker-getDataNetworkTypeForSubscriber: packageName = com.innowireless.xcal.mobile5, isGrant = true
11-28 21:28:41.104 3887 5676 D PhoneInterfaceManager: [PhoneIntfMgr] QueryTelephonyChecker-getDataNetworkTypeForSubscriber: packageName = com.innowireless.xcal.mobile5, isGrant = true
11-28 21:28:41.120 1218 4398 I vendor.qti.bluetooth@1.0-ibs_handler: ProcessIbsCmd: Received IBS_SLEEP_IND: 0xFE
11-28 21:28:41.121 1218 4398 D vendor.qti.bluetooth@1.0-ibs_handler: SerialClockVote: vote for UART CLK OFF
11-28 21:28:41.160 3887 5676 D PhoneInterfaceManager: [PhoneIntfMgr] QueryTelephonyChecker-getDataNetworkTypeForSubscriber: packageName = com.innowireless.xcal.mobile5, isGrant = true
11-28 21:28:41.192 3887 5676 D PhoneInterfaceManager: [PhoneIntfMgr] QueryTelephonyChecker-getDataNetworkTypeForSubscriber: packageName = com.innowireless.xcal.mobile5, isGrant = true
11-28 21:28:41.246 3887 5676 D PhoneInterfaceManager: [PhoneIntfMgr] QueryTelephonyChecker-getDataNetworkTypeForSubscriber: packageName = com.innowireless.xcal.mobile5, isGrant = true
11-28 21:28:41.271 1218 4202 D vendor.qti.bluetooth@1.0-wake_lock: Release wakelock is released
11-28 21:28:41.331 3887 5676 D PhoneInterfaceManager: [PhoneIntfMgr] QueryTelephonyChecker-getDataNetworkTypeForSubscriber: packageName = com.innowireless.xcal.mobile5, isGrant = true
11-28 21:28:41.334 3887 5074 D PhoneInterfaceManager: [PhoneIntfMgr] QueryTelephonyChecker-getDataNetworkTypeForSubscriber: packageName = com.innowireless.xcal.mobile5, isGrant = true
11-28 21:28:41.345 8600 8600 I Quality : Skipped: false 1 cost 18.001324 refreshRate 0 processName com.innowireless.xcal.mobile5
11-28 21:28:41.372 8600 8600 I Quality : Skipped: true 2 cost 23.26525 refreshRate 0 processName com.innowireless.xcal.mobile5
11-28 21:28:41.388 3887 5074 D PhoneInterfaceManager: [PhoneIntfMgr] QueryTelephonyChecker-getDataNetworkTypeForSubscriber: packageName = com.innowireless.xcal.mobile5, isGrant = true
11-28 21:28:41.390 3887 5676 D PhoneInterfaceManager: [PhoneIntfMgr] QueryTelephonyChecker-getDataNetworkTypeForSubscriber: packageName = com.innowireless.xcal.mobile5, isGrant = true
11-28 21:28:41.392 3887 7417 D PhoneInterfaceManager: [PhoneIntfMgr] QueryTelephonyChecker-getDataNetworkTypeForSubscriber: packageName = com.innowireless.xcal.mobile5, isGrant = true
11-28 21:28:41.394 8600 8600 I Quality : Skipped: true 1 cost 12.155491 refreshRate 0 processName com.innowireless.xcal.mobile5
11-28 21:28:41.424 1254 1254 I android.hardware.thermal@2.0-service.qti: Sensor Name:shell_frametemp: 34.7. prev severity:0. cur severity:0 New severity:0
11-28 21:28:41.425 1254 1254 I android.hardware.thermal@2.0-service.qti: Sensor Name:skintemp: 37.467. prev severity:3. cur severity:0 New severity:0
11-28 21:28:41.426 1254 1254 I android.hardware.thermal@2.0-service.qti: Sensor Name:shell_fronttemp: 34.7. prev severity:0. cur severity:0 New severity:0
11-28 21:28:41.426 1254 1254 I android.hardware.thermal@2.0-service.qti: Sensor Name:shell_backtemp: 34.7. prev severity:0. cur severity:0 New severity:0
11-28 21:28:41.450 2523 3580 D OplusLocationStatistics: on recordTaskMark, key: gnssReportLocation
11-28 21:28:41.451 2523 2635 D LocationManagerService: incoming location from: gps
11-28 21:28:41.453 2523 2635 D LocationManagerService: incoming location from: gps
11-28 21:28:41.459 4443 5595 I FusedLocation: (REDACTED) location delivery to %s blocked - too close
11-28 21:28:41.459 4443 5595 I FusedLocation: (REDACTED) location delivery to %s blocked - too close
11-28 21:28:41.460 4443 5595 I FusedLocation: (REDACTED) location delivery to %s blocked - too fast
11-28 21:28:41.460 4443 5595 I FusedLocation: (REDACTED) location delivery to %s blocked - too fast
11-28 21:28:41.461 4443 5595 I FusedLocation: (REDACTED) location delivery to %s blocked - too fast
11-28 21:28:41.462 2523 4564 D LocationManagerService: incoming location from: fused
11-28 21:28:41.462 2523 4564 D LocationManagerService: incoming location from: fused
11-28 21:28:41.553 5266 9100 D DebugReportServiceHidlClient: getReport 1.1...
11-28 21:28:41.554 1237 1237 E LocSvc_HIDL_DebugReportService: Invalid count: 0
11-28 21:28:41.554 1237 1237 E LocSvc_HIDL_DebugReportService: Invalid count: 0
11-28 21:28:41.554 1237 1237 E LocSvc_HIDL_DebugReportService: Invalid count: 0
11-28 21:28:41.554 1237 1237 E LocSvc_HIDL_DebugReportService: Invalid count: 0
11-28 21:28:41.555 5266 9100 D DebugReportServiceHidlClient: getReport 1.1 success: true
11-28 21:28:41.555 5266 9100 D DebugReportServiceHidlClient: getReport 1.0 success: true
11-28 21:28:41.616 1218 4398 I vendor.qti.bluetooth@1.0-ibs_handler: ProcessIbsCmd: Received IBS_WAKE_IND: 0xFD
11-28 21:28:41.616 1218 4398 D vendor.qti.bluetooth@1.0-ibs_handler: SerialClockVote: vote for UART CLK ON
11-28 21:28:41.616 1218 4398 D vendor.qti.bluetooth@1.0-wake_lock: Acquire wakelock is acquired
11-28 21:28:41.616 1218 4398 I vendor.qti.bluetooth@1.0-ibs_handler: ProcessIbsCmd: Writing IBS_WAKE_ACK
11-28 21:28:41.699 1218 4398 I vendor.qti.bluetooth@1.0-ibs_handler: ProcessIbsCmd: Received IBS_SLEEP_IND: 0xFE
11-28 21:28:41.699 1218 4398 D vendor.qti.bluetooth@1.0-ibs_handler: SerialClockVote: vote for UART CLK OFF
11-28 21:28:41.789 8600 8600 D Solo3Charging: Solo3ChargingManager.setBatteryCapacity() capacity : 72 isVoiceCall : false chargingMode : 0
11-28 21:28:41.789 8600 8600 D Solo3Charging: Solo3ChargingManager.setBatteryCapacity() condition : (else)
