11-28 21:29:14.000 3887 7417 D PhoneInterfaceManager: [PhoneIntfMgr] QueryTelephonyChecker-getDataNetworkTypeForSubscriber: packageName = com.innowireless.xcal.mobile5, isGrant = true
11-28 21:29:14.000 2523 3067 D WifiActiveModeWarden: there is no primary client manager, return the default one
11-28 21:29:14.096 3887 7417 D PhoneInterfaceManager: [PhoneIntfMgr] QueryTelephonyChecker-getDataNetworkTypeForSubscriber: packageName = com.innowireless.xcal.mobile5, isGrant = true
11-28 21:29:14.127 3887 5074 D PhoneInterfaceManager: [PhoneIntfMgr] QueryTelephonyChecker-getDataNetworkTypeForSubscriber: packageName = com.innowireless.xcal.mobile5, isGrant = true
11-28 21:29:14.215 3887 5074 D PhoneInterfaceManager: [PhoneIntfMgr] QueryTelephonyChecker-getDataNetworkTypeForSubscriber: packageName = com.innowireless.xcal.mobile5, isGrant = true
11-28 21:29:14.284 4966 4978 E horae : Entering notifyCallback, binder clients size 5
11-28 21:29:14.285 2523 3456 D HoraeHelper: mIThermalStatusListener info is:5
11-28 21:29:14.285 4966 4978 E horae : Notify thermal status: 5
11-28 21:29:14.285 2523 3324 D HoraeHelper: mIThermalStatusListener info is:5
11-28 21:29:14.285 4966 4978 E horae : Notify thermal status: 5
11-28 21:29:14.286 4966 4978 E horae : Notify thermal status: 5
11-28 21:29:14.286 1218 4398 I vendor.qti.bluetooth@1.0-ibs_handler: ProcessIbsCmd: Received IBS_WAKE_IND: 0xFD
11-28 21:29:14.286 1218 4398 D vendor.qti.bluetooth@1.0-ibs_handler: SerialClockVote: vote for UART CLK ON
11-28 21:29:14.286 2523 3456 D HoraeHelper: mIThermalStatusListener info is:5
11-28 21:29:14.286 4966 4978 E horae : Notify thermal status: 5
11-28 21:29:14.287 4966 4978 E horae : Notify thermal status: 5
11-28 21:29:14.288 1218 4398 D vendor.qti.bluetooth@1.0-wake_lock: Acquire wakelock is acquired
11-28 21:29:14.288 1218 4398 I vendor.qti.bluetooth@1.0-ibs_handler: ProcessIbsCmd: Writing IBS_WAKE_ACK
11-28 21:29:14.288 3997 6623 W Battery : ThermalControlUtils: setHighTempSafetyState same.
11-28 21:29:14.288 3997 6623 W Battery : ThermalControllHandler: MSG_THERMAL_CONTROL_TEMPGEAR_CHANGED,tempLevel=5,mTemp=35
11-28 21:29:14.295 3997 6623 W Battery : ThermalControllHandler: tempLevel=5,userMode=2,gameUserMode=-1,appType=-1,envTempType=1,appStates=[]
11-28 21:29:14.295 3887 7417 D PhoneInterfaceManager: [PhoneIntfMgr] QueryTelephonyChecker-getDataNetworkTypeForSubscriber: packageName = com.innowireless.xcal.mobile5, isGrant = true
11-28 21:29:14.295 3997 6623 W Battery : ThermalControllerCenter: mSafetyState=10000
11-28 21:29:14.296 3997 6623 W Battery : ThermalControllHandler: tempGear=5,configItemName=common_config
11-28 21:29:14.298 1271 1368 E ANDR-PERF-OPTSHANDLER: Perflock resource /sys/class/devfreq/soc:qcom,cpubw/bw_hwmon/io_percent not supported
11-28 21:29:14.298 1271 1368 E ANDR-PERF-RESOURCEQS: Failed to apply optimization [6, 2]
11-28 21:29:14.298 1271 1368 E ANDR-PERF-OPTSHANDLER: Perflock resource /sys/class/devfreq/soc:qcom,cpubw/bw_hwmon/sample_ms not supported
11-28 21:29:14.298 1271 1368 E ANDR-PERF-RESOURCEQS: Failed to apply optimization [6, 8]
11-28 21:29:14.298 1271 1368 E ANDR-PERF-OPTSHANDLER: Perflock resource SPECIAL_NODE - cpubw_hwmon_hyst_opt not supported
11-28 21:29:14.298 1271 1368 E ANDR-PERF-RESOURCEQS: Failed to apply optimization [6, 3]
11-28 21:29:14.298 1271 1368 E ANDR-PERF-OPTSHANDLER: Perflock resource /sys/class/devfreq/soc:qcom,cpubw/min_freq not supported
11-28 21:29:14.298 1271 1368 E ANDR-PERF-RESOURCEQS: Failed to apply optimization [6, 0]
11-28 21:29:14.299 1271 1368 E ANDR-PERF-OPTSHANDLER: Perflock resource /sys/class/devfreq/soc:qcom,llccbw/min_freq not supported
11-28 21:29:14.299 1271 1368 E ANDR-PERF-RESOURCEQS: Failed to apply optimization [12, 0]
11-28 21:29:14.299 1271 1368 E ANDR-PERF-OPTSHANDLER: Perflock resource /sys/class/devfreq/soc:qcom,llccbw/bw_hwmon/io_percent not supported
11-28 21:29:14.299 1271 1368 E ANDR-PERF-RESOURCEQS: Failed to apply optimization [12, 1]
11-28 21:29:14.299 1271 1368 E ANDR-PERF-OPTSHANDLER: Perflock resource /sys/class/devfreq/soc:qcom,llccbw/bw_hwmon/sample_ms not supported
11-28 21:29:14.299 1271 1368 E ANDR-PERF-RESOURCEQS: Failed to apply optimization [12, 3]
11-28 21:29:14.299 1271 1368 E ANDR-PERF-OPTSHANDLER: Perflock resource SPECIAL_NODE - llcbw_hwmon_hyst_opt not supported
11-28 21:29:14.299 1271 1368 E ANDR-PERF-RESOURCEQS: Failed to apply optimization [12, 2]
11-28 21:29:14.299 1271 1368 E ANDR-PERF-OPTSHANDLER: Min bounds check failed
11-28 21:29:14.299 1271 1368 E ANDR-PERF-OPTSHANDLER: Error! Perflock failed, invalid request value 79
11-28 21:29:14.299 1271 1368 E ANDR-PERF-RESOURCEQS: Failed to apply optimization [12, 6]
11-28 21:29:14.299 8600 10913 D FTPC : getTotalBytes : 66066432 // 0 // 0
11-28 21:29:14.299 8600 10913 D AUTOCALL: ThroTimerTask doTask(...) afterPacket : 66066432
11-28 21:29:14.318 3887 5074 D PhoneInterfaceManager: [PhoneIntfMgr] QueryTelephonyChecker-getDataNetworkTypeForSubscriber: packageName = com.innowireless.xcal.mobile5, isGrant = true
11-28 21:29:14.342 3887 5074 D PhoneInterfaceManager: [PhoneIntfMgr] QueryTelephonyChecker-getDataNetworkTypeForSubscriber: packageName = com.innowireless.xcal.mobile5, isGrant = true
11-28 21:29:14.344 3887 7417 D PhoneInterfaceManager: [PhoneIntfMgr] QueryTelephonyChecker-getDataNetworkTypeForSubscriber: packageName = com.innowireless.xcal.mobile5, isGrant = true
11-28 21:29:14.369 1218 4398 I vendor.qti.bluetooth@1.0-ibs_handler: ProcessIbsCmd: Received IBS_SLEEP_IND: 0xFE
11-28 21:29:14.369 1218 4398 D vendor.qti.bluetooth@1.0-ibs_handler: SerialClockVote: vote for UART CLK OFF
11-28 21:29:14.391 3887 5074 D PhoneInterfaceManager: [PhoneIntfMgr] QueryTelephonyChecker-getDataNetworkTypeForSubscriber: packageName = com.innowireless.xcal.mobile5, isGrant = true
11-28 21:29:14.392 3887 7417 D PhoneInterfaceManager: [PhoneIntfMgr] QueryTelephonyChecker-getDataNetworkTypeForSubscriber: packageName = com.innowireless.xcal.mobile5, isGrant = true
11-28 21:29:14.394 3887 5676 D PhoneInterfaceManager: [PhoneIntfMgr] QueryTelephonyChecker-getDataNetworkTypeForSubscriber: packageName = com.innowireless.xcal.mobile5, isGrant = true
11-28 21:29:14.451 2523 2729 D OplusLocationStatistics: on recordTaskMark, key: gnssReportLocation
11-28 21:29:14.452 2523 2635 D LocationManagerService: incoming location from: gps
11-28 21:29:14.455 2523 2635 D LocationManagerService: incoming location from: gps
11-28 21:29:14.466 4443 5595 I FusedLocation: (REDACTED) location delivery to %s blocked - too close
11-28 21:29:14.466 4443 5595 I FusedLocation: (REDACTED) location delivery to %s blocked - too close
11-28 21:29:14.467 4443 5595 I FusedLocation: (REDACTED) location delivery to %s blocked - too fast
11-28 21:29:14.468 4443 5595 I FusedLocation: (REDACTED) location delivery to %s blocked - too fast
11-28 21:29:14.468 2523 3456 D LocationManagerService: incoming location from: fused
11-28 21:29:14.468 2523 3456 D LocationManagerService: incoming location from: fused
11-28 21:29:14.468 4443 5595 I FusedLocation: (REDACTED) location delivery to %s blocked - too fast
11-28 21:29:14.520 1218 4202 D vendor.qti.bluetooth@1.0-wake_lock: Release wakelock is released
11-28 21:29:14.556 1254 1254 I android.hardware.thermal@2.0-service.qti: Sensor Name:shell_frametemp: 35. prev severity:0. cur severity:0 New severity:0
11-28 21:29:14.559 1254 1254 I android.hardware.thermal@2.0-service.qti: Sensor Name:skintemp: 38.159. prev severity:3. cur severity:0 New severity:0
11-28 21:29:14.559 1254 1254 I android.hardware.thermal@2.0-service.qti: Sensor Name:shell_fronttemp: 35. prev severity:0. cur severity:0 New severity:0
11-28 21:29:14.559 1254 1254 I android.hardware.thermal@2.0-service.qti: Sensor Name:shell_backtemp: 35. prev severity:0. cur severity:0 New severity:0
11-28 21:29:14.565 5266 9100 D DebugReportServiceHidlClient: getReport 1.1...
11-28 21:29:14.565 1237 1237 E LocSvc_HIDL_DebugReportService: Invalid count: 0
11-28 21:29:14.565 1237 1237 E LocSvc_HIDL_DebugReportService: Invalid count: 0
11-28 21:29:14.565 1237 1237 E LocSvc_HIDL_DebugReportService: Invalid count: 0
11-28 21:29:14.565 1237 1237 E LocSvc_HIDL_DebugReportService: Invalid count: 0
11-28 21:29:14.566 5266 9100 D DebugReportServiceHidlClient: getReport 1.1 success: true
11-28 21:29:14.566 5266 9100 D DebugReportServiceHidlClient: getReport 1.0 success: true
11-28 21:29:14.800 8600 10913 D FTPC : getTotalBytes : 67218944 // 0 // 0
11-28 21:29:14.800 8600 10913 D AUTOCALL: ThroTimerTask doTask(...) afterPacket : 67218944
11-28 21:29:14.839 3887 5676 D PhoneInterfaceManager: [PhoneIntfMgr] QueryTelephonyChecker-getDataNetworkTypeForSubscriber: packageName = com.innowireless.xcal.mobile5, isGrant = true
11-28 21:29:14.842 2523 3067 D WifiActiveModeWarden: there is no primary client manager, return the default one
11-28 21:29:14.842 2523 3456 D WifiService: getWifiEnabledState primaryClientMode is mDefaultClientModeManager
11-28 21:29:14.850 3887 5074 D PhoneInterfaceManager: [PhoneIntfMgr] QueryTelephonyChecker-getDataNetworkTypeForSubscriber: packageName = com.innowireless.xcal.mobile5, isGrant = true
11-28 21:29:14.851 3887 5074 D PhoneInterfaceManager: [PhoneIntfMgr] QueryTelephonyChecker-getDataNetworkTypeForSubscriber: packageName = com.innowireless.xcal.mobile5, isGrant = true
11-28 21:29:14.852 3887 5676 D PhoneInterfaceManager: [PhoneIntfMgr] QueryTelephonyChecker-getDataNetworkTypeForSubscriber: packageName = com.innowireless.xcal.mobile5, isGrant = true
11-28 21:29:14.876 8600 9108 D GPS : NMEA is invaild.
11-28 21:29:14.876 8600 9108 D GPS : mNMEASatelites : 12
11-28 21:29:14.876 8600 9108 D GPS : mGPSSatelites : 70
11-28 21:29:14.876 8600 9108 D GPS : Android GPS is vaild.
11-28 21:29:14.886 3887 5676 D PhoneInterfaceManager: [PhoneIntfMgr] QueryTelephonyChecker-getDataNetworkTypeForSubscriber: packageName = com.innowireless.xcal.mobile5, isGrant = true
11-28 21:29:14.890 3887 5676 D PhoneInterfaceManager: [PhoneIntfMgr] QueryTelephonyChecker-getDataNetworkTypeForSubscriber: packageName = com.innowireless.xcal.mobile5, isGrant = true
11-28 21:29:14.892 3887 5074 D PhoneInterfaceManager: [PhoneIntfMgr] QueryTelephonyChecker-getDataNetworkTypeForSubscriber: packageName = com.innowireless.xcal.mobile5, isGrant = true
11-28 21:29:14.901 3887 5074 D PhoneInterfaceManager: [PhoneIntfMgr] QueryTelephonyChecker-getDataNetworkTypeForSubscriber: packageName = com.innowireless.xcal.mobile5, isGrant = true
11-28 21:29:14.903 3887 5676 D PhoneInterfaceManager: [PhoneIntfMgr] QueryTelephonyChecker-getDataNetworkTypeForSubscriber: packageName = com.innowireless.xcal.mobile5, isGrant = true
11-28 21:29:14.907 8600 9740 I GLThread: waiting tid=2931 mHaveEglContext: false mHaveEglSurface: false mPaused: false mHasSurface: false mSurfaceIsBad: false mWaitingForSurface: true mWidth: 0 mHeight: 0 mRequestRender: true mRenderMode: 0
11-28 21:29:14.907 3887 7417 D PhoneInterfaceManager: [PhoneIntfMgr] QueryTelephonyChecker-getDataNetworkTypeForSubscriber: packageName = com.innowireless.xcal.mobile5, isGrant = true
11-28 21:29:14.927 1218 4398 I vendor.qti.bluetooth@1.0-ibs_handler: ProcessIbsCmd: Received IBS_WAKE_IND: 0xFD
11-28 21:29:14.927 1218 4398 D vendor.qti.bluetooth@1.0-ibs_handler: SerialClockVote: vote for UART CLK ON
11-28 21:29:14.928 1218 4398 D vendor.qti.bluetooth@1.0-wake_lock: Acquire wakelock is acquired
11-28 21:29:14.928 1218 4398 I vendor.qti.bluetooth@1.0-ibs_handler: ProcessIbsCmd: Writing IBS_WAKE_ACK
11-28 21:29:15.002 2523 3067 D WifiActiveModeWarden: there is no primary client manager, return the default one
11-28 21:29:15.002 3887 5074 D PhoneInterfaceManager: [PhoneIntfMgr] QueryTelephonyChecker-getDataNetworkTypeForSubscriber: packageName = com.innowireless.xcal.mobile5, isGrant = true
11-28 21:29:15.009 1218 4398 I vendor.qti.bluetooth@1.0-ibs_handler: ProcessIbsCmd: Received IBS_SLEEP_IND: 0xFE
11-28 21:29:15.009 1218 4398 D vendor.qti.bluetooth@1.0-ibs_handler: SerialClockVote: vote for UART CLK OFF
11-28 21:29:15.093 3887 5074 D PhoneInterfaceManager: [PhoneIntfMgr] QueryTelephonyChecker-getDataNetworkTypeForSubscriber: packageName = com.innowireless.xcal.mobile5, isGrant = true
11-28 21:29:15.128 3887 5074 D PhoneInterfaceManager: [PhoneIntfMgr] QueryTelephonyChecker-getDataNetworkTypeForSubscriber: packageName = com.innowireless.xcal.mobile5, isGrant = true
11-28 21:29:15.159 1218 4202 D vendor.qti.bluetooth@1.0-wake_lock: Release wakelock is released
11-28 21:29:15.193 3887 5074 D PhoneInterfaceManager: [PhoneIntfMgr] QueryTelephonyChecker-getDataNetworkTypeForSubscriber: packageName = com.innowireless.xcal.mobile5, isGrant = true
11-28 21:29:15.266 3887 5074 D PhoneInterfaceManager: [PhoneIntfMgr] QueryTelephonyChecker-getDataNetworkTypeForSubscriber: packageName = com.innowireless.xcal.mobile5, isGrant = true
11-28 21:29:15.308 8600 10913 D FTPC : getTotalBytes : 68249600 // 0 // 0
11-28 21:29:15.308 8600 10913 D AUTOCALL: ThroTimerTask doTask(...) afterPacket : 68249600
11-28 21:29:15.321 3887 5074 D PhoneInterfaceManager: [PhoneIntfMgr] QueryTelephonyChecker-getDataNetworkTypeForSubscriber: packageName = com.innowireless.xcal.mobile5, isGrant = true
11-28 21:29:15.332 3887 5074 D PhoneInterfaceManager: [PhoneIntfMgr] QueryTelephonyChecker-getDataNetworkTypeForSubscriber: packageName = com.innowireless.xcal.mobile5, isGrant = true
11-28 21:29:15.333 3887 7417 D PhoneInterfaceManager: [PhoneIntfMgr] QueryTelephonyChecker-getDataNetworkTypeForSubscriber: packageName = com.innowireless.xcal.mobile5, isGrant = true
11-28 21:29:15.392 3887 5074 D PhoneInterfaceManager: [PhoneIntfMgr] QueryTelephonyChecker-getDataNetworkTypeForSubscriber: packageName = com.innowireless.xcal.mobile5, isGrant = true
11-28 21:29:15.393 3887 7417 D PhoneInterfaceManager: [PhoneIntfMgr] QueryTelephonyChecker-getDataNetworkTypeForSubscriber: packageName = com.innowireless.xcal.mobile5, isGrant = true
11-28 21:29:15.395 3887 5676 D PhoneInterfaceManager: [PhoneIntfMgr] QueryTelephonyChecker-getDataNetworkTypeForSubscriber: packageName = com.innowireless.xcal.mobile5, isGrant = true
11-28 21:29:15.453 2523 3122 D OplusLocationStatistics: on recordTaskMark, key: gnssReportLocation
11-28 21:29:15.454 2523 2635 D LocationManagerService: incoming location from: gps
11-28 21:29:15.459 2523 2635 D LocationManagerService: incoming location from: gps
11-28 21:29:15.468 4443 5595 I FusedLocation: (REDACTED) location delivery to %s blocked - too close
11-28 21:29:15.468 4443 5595 I FusedLocation: (REDACTED) location delivery to %s blocked - too close
11-28 21:29:15.469 2523 3324 D LocationManagerService: incoming location from: fused
11-28 21:29:15.470 4443 5595 I FusedLocation: (REDACTED) location delivery to %s blocked - too fast
11-28 21:29:15.470 2523 3324 D LocationManagerService: incoming location from: fused
11-28 21:29:15.470 4443 5595 I FusedLocation: (REDACTED) location delivery to %s blocked - too fast
11-28 21:29:15.470 4443 5595 I FusedLocation: (REDACTED) location delivery to %s blocked - too fast
11-28 21:29:15.534 1218 4398 I vendor.qti.bluetooth@1.0-ibs_handler: ProcessIbsCmd: Received IBS_WAKE_IND: 0xFD
11-28 21:29:15.534 1218 4398 D vendor.qti.bluetooth@1.0-ibs_handler: SerialClockVote: vote for UART CLK ON
11-28 21:29:15.535 1218 4398 D vendor.qti.bluetooth@1.0-wake_lock: Acquire wakelock is acquired
11-28 21:29:15.535 1218 4398 I vendor.qti.bluetooth@1.0-ibs_handler: ProcessIbsCmd: Writing IBS_WAKE_ACK
11-28 21:29:15.558 1254 1254 I android.hardware.thermal@2.0-service.qti: Sensor Name:shell_frametemp: 35. prev severity:0. cur severity:0 New severity:0
11-28 21:29:15.560 1254 1254 I android.hardware.thermal@2.0-service.qti: Sensor Name:skintemp: 38.142. prev severity:3. cur severity:0 New severity:0
11-28 21:29:15.560 1254 1254 I android.hardware.thermal@2.0-service.qti: Sensor Name:shell_fronttemp: 35. prev severity:0. cur severity:0 New severity:0
11-28 21:29:15.561 1254 1254 I android.hardware.thermal@2.0-service.qti: Sensor Name:shell_backtemp: 35. prev severity:0. cur severity:0 New severity:0
11-28 21:29:15.565 5266 9100 D DebugReportServiceHidlClient: getReport 1.1...
11-28 21:29:15.566 1237 1237 E LocSvc_HIDL_DebugReportService: Invalid count: 0
11-28 21:29:15.566 1237 1237 E LocSvc_HIDL_DebugReportService: Invalid count: 0
11-28 21:29:15.566 1237 1237 E LocSvc_HIDL_DebugReportService: Invalid count: 0
11-28 21:29:15.566 1237 1237 E LocSvc_HIDL_DebugReportService: Invalid count: 0
11-28 21:29:15.567 5266 9100 D DebugReportServiceHidlClient: getReport 1.1 success: true
11-28 21:29:15.567 5266 9100 D DebugReportServiceHidlClient: getReport 1.0 success: true
11-28 21:29:15.616 1218 4398 I vendor.qti.bluetooth@1.0-ibs_handler: ProcessIbsCmd: Received IBS_SLEEP_IND: 0xFE
11-28 21:29:15.616 1218 4398 D vendor.qti.bluetooth@1.0-ibs_handler: SerialClockVote: vote for UART CLK OFF
11-28 21:29:15.766 1218 4202 D vendor.qti.bluetooth@1.0-wake_lock: Release wakelock is released
11-28 21:29:15.804 8600 10913 D FTPC : getTotalBytes : 69057536 // 0 // 0
11-28 21:29:15.805 8600 10913 D AUTOCALL: ThroTimerTask doTask(...) afterPacket : 69057536
11-28 21:29:15.849 3887 5074 D PhoneInterfaceManager: [PhoneIntfMgr] QueryTelephonyChecker-getDataNetworkTypeForSubscriber: packageName = com.innowireless.xcal.mobile5, isGrant = true
11-28 21:29:15.850 3887 5676 D PhoneInterfaceManager: [PhoneIntfMgr] QueryTelephonyChecker-getDataNetworkTypeForSubscriber: packageName = com.innowireless.xcal.mobile5, isGrant = true
11-28 21:29:15.851 3887 7417 D PhoneInterfaceManager: [PhoneIntfMgr] QueryTelephonyChecker-getDataNetworkTypeForSubscriber: packageName = com.innowireless.xcal.mobile5, isGrant = true
11-28 21:29:15.878 8600 9108 D GPS : NMEA is invaild.
11-28 21:29:15.878 8600 9108 D GPS : mNMEASatelites : 12
11-28 21:29:15.878 8600 9108 D GPS : mGPSSatelites : 70
11-28 21:29:15.878 8600 9108 D GPS : Android GPS is vaild.
11-28 21:29:15.885 3887 5676 D PhoneInterfaceManager: [PhoneIntfMgr] QueryTelephonyChecker-getDataNetworkTypeForSubscriber: packageName = com.innowireless.xcal.mobile5, isGrant = true
11-28 21:29:15.887 3887 7417 D PhoneInterfaceManager: [PhoneIntfMgr] QueryTelephonyChecker-getDataNetworkTypeForSubscriber: packageName = com.innowireless.xcal.mobile5, isGrant = true
11-28 21:29:15.893 3887 7417 D PhoneInterfaceManager: [PhoneIntfMgr] QueryTelephonyChecker-getDataNetworkTypeForSubscriber: packageName = com.innowireless.xcal.mobile5, isGrant = true
11-28 21:29:15.895 3887 5676 D PhoneInterfaceManager: [PhoneIntfMgr] QueryTelephonyChecker-getDataNetworkTypeForSubscriber: packageName = com.innowireless.xcal.mobile5, isGrant = true
11-28 21:29:15.898 3887 5074 D PhoneInterfaceManager: [PhoneIntfMgr] QueryTelephonyChecker-getDataNetworkTypeForSubscriber: packageName = com.innowireless.xcal.mobile5, isGrant = true
11-28 21:29:15.899 3887 3904 D PhoneInterfaceManager: [PhoneIntfMgr] QueryTelephonyChecker-getDataNetworkTypeForSubscriber: packageName = com.innowireless.xcal.mobile5, isGrant = true
11-28 21:29:15.907 3887 7417 D PhoneInterfaceManager: [PhoneIntfMgr] QueryTelephonyChecker-getDataNetworkTypeForSubscriber: packageName = com.innowireless.xcal.mobile5, isGrant = true
11-28 21:29:15.909 2523 3067 D WifiActiveModeWarden: there is no primary client manager, return the default one
11-28 21:29:15.909 8600 9740 I GLThread: waiting tid=2931 mHaveEglContext: false mHaveEglSurface: false mPaused: false mHasSurface: false mSurfaceIsBad: false mWaitingForSurface: true mWidth: 0 mHeight: 0 mRequestRender: true mRenderMode: 0
11-28 21:29:15.909 2523 5852 D WifiService: getWifiEnabledState primaryClientMode is mDefaultClientModeManager
11-28 21:29:16.006 3887 7417 D PhoneInterfaceManager: [PhoneIntfMgr] QueryTelephonyChecker-getDataNetworkTypeForSubscriber: packageName = com.innowireless.xcal.mobile5, isGrant = true
11-28 21:29:16.008 2523 3067 D WifiActiveModeWarden: there is no primary client manager, return the default one
11-28 21:29:16.054 2523 2708 D OplusFeatureBrightnessBarController: mDarkLevel: 0
11-28 21:29:16.094 3887 7417 D PhoneInterfaceManager: [PhoneIntfMgr] QueryTelephonyChecker-getDataNetworkTypeForSubscriber: packageName = com.innowireless.xcal.mobile5, isGrant = true
11-28 21:29:16.128 3887 5074 D PhoneInterfaceManager: [PhoneIntfMgr] QueryTelephonyChecker-getDataNetworkTypeForSubscriber: packageName = com.innowireless.xcal.mobile5, isGrant = true
11-28 21:29:16.157 1218 4398 I vendor.qti.bluetooth@1.0-ibs_handler: ProcessIbsCmd: Received IBS_WAKE_IND: 0xFD
11-28 21:29:16.158 1218 4398 D vendor.qti.bluetooth@1.0-ibs_handler: SerialClockVote: vote for UART CLK ON
11-28 21:29:16.158 1218 4398 D vendor.qti.bluetooth@1.0-wake_lock: Acquire wakelock is acquired
11-28 21:29:16.158 1218 4398 I vendor.qti.bluetooth@1.0-ibs_handler: ProcessIbsCmd: Writing IBS_WAKE_ACK
11-28 21:29:16.202 3887 7417 D PhoneInterfaceManager: [PhoneIntfMgr] QueryTelephonyChecker-getDataNetworkTypeForSubscriber: packageName = com.innowireless.xcal.mobile5, isGrant = true
11-28 21:29:16.249 1218 4398 I vendor.qti.bluetooth@1.0-ibs_handler: ProcessIbsCmd: Received IBS_SLEEP_IND: 0xFE
11-28 21:29:16.249 1218 4398 D vendor.qti.bluetooth@1.0-ibs_handler: SerialClockVote: vote for UART CLK OFF
11-28 21:29:16.250 3887 7417 D PhoneInterfaceManager: [PhoneIntfMgr] QueryTelephonyChecker-getDataNetworkTypeForSubscriber: packageName = com.innowireless.xcal.mobile5, isGrant = true
11-28 21:29:16.310 8600 10913 D FTPC : getTotalBytes : 70292480 // 0 // 0
11-28 21:29:16.310 8600 10913 D AUTOCALL: ThroTimerTask doTask(...) afterPacket : 70292480
11-28 21:29:16.336 3887 5074 D PhoneInterfaceManager: [PhoneIntfMgr] QueryTelephonyChecker-getDataNetworkTypeForSubscriber: packageName = com.innowireless.xcal.mobile5, isGrant = true
11-28 21:29:16.341 3887 5074 D PhoneInterfaceManager: [PhoneIntfMgr] QueryTelephonyChecker-getDataNetworkTypeForSubscriber: packageName = com.innowireless.xcal.mobile5, isGrant = true
11-28 21:29:16.342 3887 5074 D PhoneInterfaceManager: [PhoneIntfMgr] QueryTelephonyChecker-getDataNetworkTypeForSubscriber: packageName = com.innowireless.xcal.mobile5, isGrant = true
11-28 21:29:16.381 8600 10962 D FTPC : runThread, Control Socket Exception: Timeout
11-28 21:29:16.392 3887 3904 D PhoneInterfaceManager: [PhoneIntfMgr] QueryTelephonyChecker-getDataNetworkTypeForSubscriber: packageName = com.innowireless.xcal.mobile5, isGrant = true
11-28 21:29:16.394 3887 7417 D PhoneInterfaceManager: [PhoneIntfMgr] QueryTelephonyChecker-getDataNetworkTypeForSubscriber: packageName = com.innowireless.xcal.mobile5, isGrant = true
11-28 21:29:16.395 3887 5074 D PhoneInterfaceManager: [PhoneIntfMgr] QueryTelephonyChecker-getDataNetworkTypeForSubscriber: packageName = com.innowireless.xcal.mobile5, isGrant = true
11-28 21:29:16.400 1218 4202 D vendor.qti.bluetooth@1.0-wake_lock: Release wakelock is released
11-28 21:29:16.442 2523 3045 D OplusLocationStatistics: on recordTaskMark, key: gnssReportLocation
11-28 21:29:16.443 2523 2635 D LocationManagerService: incoming location from: gps
11-28 21:29:16.444 2523 2635 D LocationManagerService: incoming location from: gps
11-28 21:29:16.451 4443 5595 I FusedLocation: (REDACTED) location delivery to %s blocked - too close
11-28 21:29:16.452 4443 5595 I FusedLocation: (REDACTED) location delivery to %s blocked - too close
11-28 21:29:16.453 4443 5595 I FusedLocation: (REDACTED) location delivery to %s blocked - too fast
11-28 21:29:16.453 2523 3433 D LocationManagerService: incoming location from: fused
11-28 21:29:16.453 4443 5595 I FusedLocation: (REDACTED) location delivery to %s blocked - too fast
11-28 21:29:16.453 4443 5595 I FusedLocation: (REDACTED) location delivery to %s blocked - too fast
11-28 21:29:16.456 2523 3433 D LocationManagerService: incoming location from: fused
11-28 21:29:16.560 1254 1254 I android.hardware.thermal@2.0-service.qti: Sensor Name:shell_frametemp: 35. prev severity:0. cur severity:0 New severity:0
11-28 21:29:16.562 1254 1254 I android.hardware.thermal@2.0-service.qti: Sensor Name:skintemp: 38.139. prev severity:3. cur severity:0 New severity:0
11-28 21:29:16.562 1254 1254 I android.hardware.thermal@2.0-service.qti: Sensor Name:shell_fronttemp: 35. prev severity:0. cur severity:0 New severity:0
11-28 21:29:16.562 1254 1254 I android.hardware.thermal@2.0-service.qti: Sensor Name:shell_backtemp: 35. prev severity:0. cur severity:0 New severity:0
11-28 21:29:16.565 5266 9100 D DebugReportServiceHidlClient: getReport 1.1...
11-28 21:29:16.566 1237 1237 E LocSvc_HIDL_DebugReportService: Invalid count: 0
11-28 21:29:16.566 1237 1237 E LocSvc_HIDL_DebugReportService: Invalid count: 0
11-28 21:29:16.566 1237 1237 E LocSvc_HIDL_DebugReportService: Invalid count: 0
11-28 21:29:16.566 1237 1237 E LocSvc_HIDL_DebugReportService: Invalid count: 0
11-28 21:29:16.567 5266 9100 D DebugReportServiceHidlClient: getReport 1.1 success: true
11-28 21:29:16.567 5266 9100 D DebugReportServiceHidlClient: getReport 1.0 success: true
11-28 21:29:16.591 3887 3887 D TelephonyManager: requestModemActivityInfo: Sending result to app: ModemActivityInfo{ mTimestamp=37691768 mSleepTimeMs=17363292 mIdleTimeMs=7232340 mTxTimeMs[]=[334441, 29904, 10443, 9900, 3375] mRxTimeMs=12570015}
11-28 21:29:16.593 3720 3720 E ModemAciService: CatchException oemModemAci2OplusModemAci():java.lang.IndexOutOfBoundsException: Index 103 out of bounds for length 85
11-28 21:29:16.594 3720 3720 I ModemAciService: UMF LO: OplusModemActivityInfo{ date=11-28 21:29:16.592 modemPowermA[]=[128.25,123.65,133.53] sleepTimeMs=0 idleTimeMs=0 rxTimeMs=4043 5gRxTimeMs=0 txTimeMs[]=[322, 655, 16, 0, 0] 5gTxTimeMs[]=[0, 0, 0, 0, 0] techTimeMs[]=[0, 0, 0, 0, 5036, 0, 0, 0, 0] rrcConn10sC[]=[0, 0] rrcConn20sC[]=[0, 0] rrcConnMore20sC[]=[0, 0] rrcConnC[]=[0, 0] csChangedC[]=[0, 0] psChangedC[]=[0, 0] iRatC[]=[0, 0] cellUpdateC[]=[0, 0] nwSrchC[]=[0, 0] nwSrchT[]=[0, 0] lteRrcConnT[]=[5, 0] psRegT[]=[5, 0] csRegT[]=[5, 0] psNoRegT[]=[0, 5] csNoRegT[]=[0, 5] sigGrid0T[]=[0, 0] endcActT[]=[0, 0] saActT[]=[0, 0] gpsTimeMs=5036 wlanTimeMs=0 regReqFbC[]=[0, 62] regReqTransAcqDbC[]=[11, 0] saRrcConn10sC[]=[0, 0] saRrcConn20sC[]=[0, 0] saRrcConnMore20sC[]=[0, 0] saRrcConnC[]=[1569, 0] lteHoC[]=[0, 0] saHoC[]=[0, 0] saRrcConnT[]=[0, 0] lteBandDurationSim0[]=[0, 0, 0, 0, 0, 0, 0, 0, 0] lteBandDurationSim1[]=[0, 0, 0, 0, 0, 0, 0, 0, 0] nrBandDurationSim0[]=[0, 0, 0, 0, 0, 0] nrBandDurationSim1[]=[0, 0, 0, 0, 0, 0] sensorStationaryC=0 sensorStationaryT=0 modemStationaryC=0 modemStationaryT=0}
11-28 21:29:16.594 3720 3720 I ModemAciService: UMF CH: OplusModemActivityInfo{ date=11-28 21:29:16.592 modemPowermA[]=[128.25,123.65,133.53] sleepTimeMs=0 idleTimeMs=0 rxTimeMs=4043 5gRxTimeMs=0 txTimeMs[]=[322, 655, 16, 0, 0] 5gTxTimeMs[]=[0, 0, 0, 0, 0] techTimeMs[]=[0, 0, 0, 0, 5036, 0, 0, 0, 0] rrcConn10sC[]=[0, 0] rrcConn20sC[]=[0, 0] rrcConnMore20sC[]=[0, 0] rrcConnC[]=[0, 0] csChangedC[]=[0, 0] psChangedC[]=[0, 0] iRatC[]=[0, 0] cellUpdateC[]=[0, 0] nwSrchC[]=[0, 0] nwSrchT[]=[0, 0] lteRrcConnT[]=[5, 0] psRegT[]=[5, 0] csRegT[]=[5, 0] psNoRegT[]=[0, 5] csNoRegT[]=[0, 5] sigGrid0T[]=[0, 0] endcActT[]=[0, 0] saActT[]=[0, 0] gpsTimeMs=5036 wlanTimeMs=0 regReqFbC[]=[0, 62] regReqTransAcqDbC[]=[11, 0] saRrcConn10sC[]=[0, 0] saRrcConn20sC[]=[0, 0] saRrcConnMore20sC[]=[0, 0] saRrcConnC[]=[1569, 0] lteHoC[]=[0, 0] saHoC[]=[0, 0] saRrcConnT[]=[0, 0] lteBandDurationSim0[]=[0, 0, 0, 0, 0, 0, 0, 0, 0] lteBandDurationSim1[]=[0, 0, 0, 0, 0, 0, 0, 0, 0] nrBandDurationSim0[]=[0, 0, 0, 0, 0, 0] nrBandDurationSim1[]=[0, 0, 0, 0, 0, 0] sensorStationaryC=0 sensorStationaryT=0 modemStationaryC=0 modemStationaryT=0}
11-28 21:29:16.594 3720 3720 I ModemAciService: UMF LS: OplusModemActivityInfo{ date=11-28 21:29:16.592 modemPowermA[]=[128.25,123.65,133.53] sleepTimeMs=0 idleTimeMs=0 rxTimeMs=4043 5gRxTimeMs=0 txTimeMs[]=[322, 655, 16, 0, 0] 5gTxTimeMs[]=[0, 0, 0, 0, 0] techTimeMs[]=[0, 0, 0, 0, 5036, 0, 0, 0, 0] rrcConn10sC[]=[0, 0] rrcConn20sC[]=[0, 0] rrcConnMore20sC[]=[0, 0] rrcConnC[]=[0, 0] csChangedC[]=[0, 0] psChangedC[]=[0, 0] iRatC[]=[0, 0] cellUpdateC[]=[0, 0] nwSrchC[]=[0, 0] nwSrchT[]=[0, 0] lteRrcConnT[]=[5, 0] psRegT[]=[5, 0] csRegT[]=[5, 0] psNoRegT[]=[0, 5] csNoRegT[]=[0, 5] sigGrid0T[]=[0, 0] endcActT[]=[0, 0] saActT[]=[0, 0] gpsTimeMs=5036 wlanTimeMs=0 regReqFbC[]=[0, 62] regReqTransAcqDbC[]=[11, 0] saRrcConn10sC[]=[0, 0] saRrcConn20sC[]=[0, 0] saRrcConnMore20sC[]=[0, 0] saRrcConnC[]=[1569, 0] lteHoC[]=[0, 0] saHoC[]=[0, 0] saRrcConnT[]=[0, 0] lteBandDurationSim0[]=[0, 0, 0, 0, 0, 0, 0, 0, 0] lteBandDurationSim1[]=[0, 0, 0, 0, 0, 0, 0, 0, 0] nrBandDurationSim0[]=[0, 0, 0, 0, 0, 0] nrBandDurationSim1[]=[0, 0, 0, 0, 0, 0] sensorStationaryC=0 sensorStationaryT=0 modemStationaryC=0 modemStationaryT=0}
11-28 21:29:16.609 2523 3067 D WifiActiveModeWarden: there is no primary client manager, return the default one
11-28 21:29:16.610 2523 3124 D WN_S : onCapabilitiesChanged for 118
11-28 21:29:16.614 3672 7447 D QCNEJ/WwanInfoRelay: onCapabilitiesChanged: 118 [ Transports: CELLULAR Capabilities: SUPL&INTERNET&NOT_RESTRICTED&TRUSTED&NOT_VPN&VALIDATED&NOT_ROAMING&FOREGROUND&NOT_CONGESTED&NOT_SUSPENDED&NOT_VCN_MANAGED LinkUpBandwidth>=61494Kbps LinkDnBandwidth>=19577Kbps Specifier: SubscriptionIds: {4} UnderlyingNetworks: Null]
11-28 21:29:16.615 3672 7447 I QCNEJ/WwanInfoRelay: cacheWwanInfo subId = 4 phoneId = 0 slotId = 0
11-28 21:29:16.616 3887 5676 D PhoneInterfaceManager: [PhoneIntfMgr] QueryTelephonyChecker-getDataNetworkTypeForSubscriber: packageName = com.qualcomm.qti.cne, isGrant = true
11-28 21:29:16.622 5351 6843 D WM-NetworkStateTracker: Network capabilities changed: [ Transports: CELLULAR Capabilities: SUPL&INTERNET&NOT_RESTRICTED&TRUSTED&NOT_VPN&VALIDATED&NOT_ROAMING&FOREGROUND&NOT_CONGESTED&NOT_SUSPENDED&NOT_VCN_MANAGED LinkUpBandwidth>=61494Kbps LinkDnBandwidth>=19577Kbps Specifier: SubscriptionIds: {4} UnderlyingNetworks: Null]
11-28 21:29:16.623 31494 31559 I CarrierServices: [2409] fau.handleMessage:39 RcsEngineImpl[DUAL_REG]:[25391196-20f4]>Handler: handleMessage processing message:[NOTIFY_UPTIME_IGNORE_STATE_CHANGED] with [non-null]:RcsEngineImpl reference
11-28 21:29:16.625 31494 31562 I CarrierServices: [2410] eqy.c:51 Connected state: [1], networkType: [MOBILE]
11-28 21:29:16.632 1086 6743 D WM-NetworkStateTracker: Network capabilities changed: [ Transports: CELLULAR Capabilities: SUPL&INTERNET&NOT_RESTRICTED&TRUSTED&NOT_VPN&VALIDATED&NOT_ROAMING&FOREGROUND&NOT_CONGESTED&NOT_SUSPENDED&NOT_VCN_MANAGED LinkUpBandwidth>=61494Kbps LinkDnBandwidth>=19577Kbps Specifier: SubscriptionIds: {4} UnderlyingNetworks: Null]
11-28 21:29:16.637 2523 3124 D WN_S : onCapabilitiesChanged for 119
11-28 21:29:16.710 8600 10913 D FTPC : getTotalBytes : 71408640 // 0 // 0
11-28 21:29:16.710 8600 10913 D AUTOCALL: ThroTimerTask doTask(...) afterPacket : 71408640
11-28 21:29:16.851 3887 5676 D PhoneInterfaceManager: [PhoneIntfMgr] QueryTelephonyChecker-getDataNetworkTypeForSubscriber: packageName = com.innowireless.xcal.mobile5, isGrant = true
11-28 21:29:16.852 1218 4398 I vendor.qti.bluetooth@1.0-ibs_handler: ProcessIbsCmd: Received IBS_WAKE_IND: 0xFD
11-28 21:29:16.852 1218 4398 D vendor.qti.bluetooth@1.0-ibs_handler: SerialClockVote: vote for UART CLK ON
11-28 21:29:16.853 1218 4398 D vendor.qti.bluetooth@1.0-wake_lock: Acquire wakelock is acquired
11-28 21:29:16.853 1218 4398 I vendor.qti.bluetooth@1.0-ibs_handler: ProcessIbsCmd: Writing IBS_WAKE_ACK
11-28 21:29:16.854 3887 3904 D PhoneInterfaceManager: [PhoneIntfMgr] QueryTelephonyChecker-getDataNetworkTypeForSubscriber: packageName = com.innowireless.xcal.mobile5, isGrant = true
11-28 21:29:16.857 3887 5676 D PhoneInterfaceManager: [PhoneIntfMgr] QueryTelephonyChecker-getDataNetworkTypeForSubscriber: packageName = com.innowireless.xcal.mobile5, isGrant = true
11-28 21:29:16.879 8600 9108 D GPS : NMEA is invaild.
11-28 21:29:16.879 8600 9108 D GPS : mNMEASatelites : 12
11-28 21:29:16.879 8600 9108 D GPS : mGPSSatelites : 69
11-28 21:29:16.879 8600 9108 D GPS : Android GPS is vaild.
11-28 21:29:16.885 3887 5676 D PhoneInterfaceManager: [PhoneIntfMgr] QueryTelephonyChecker-getDataNetworkTypeForSubscriber: packageName = com.innowireless.xcal.mobile5, isGrant = true
11-28 21:29:16.886 3887 5676 D PhoneInterfaceManager: [PhoneIntfMgr] QueryTelephonyChecker-getDataNetworkTypeForSubscriber: packageName = com.innowireless.xcal.mobile5, isGrant = true
11-28 21:29:16.889 3887 5676 D PhoneInterfaceManager: [PhoneIntfMgr] QueryTelephonyChecker-getDataNetworkTypeForSubscriber: packageName = com.innowireless.xcal.mobile5, isGrant = true
11-28 21:29:16.890 3887 5676 D PhoneInterfaceManager: [PhoneIntfMgr] QueryTelephonyChecker-getDataNetworkTypeForSubscriber: packageName = com.innowireless.xcal.mobile5, isGrant = true
11-28 21:29:16.891 3887 5676 D PhoneInterfaceManager: [PhoneIntfMgr] QueryTelephonyChecker-getDataNetworkTypeForSubscriber: packageName = com.innowireless.xcal.mobile5, isGrant = true
11-28 21:29:16.892 3887 3904 D PhoneInterfaceManager: [PhoneIntfMgr] QueryTelephonyChecker-getDataNetworkTypeForSubscriber: packageName = com.innowireless.xcal.mobile5, isGrant = true
11-28 21:29:16.897 3887 3904 D PhoneInterfaceManager: [PhoneIntfMgr] QueryTelephonyChecker-getDataNetworkTypeForSubscriber: packageName = com.innowireless.xcal.mobile5, isGrant = true
11-28 21:29:16.899 3887 3904 D PhoneInterfaceManager: [PhoneIntfMgr] QueryTelephonyChecker-getDataNetworkTypeForSubscriber: packageName = com.innowireless.xcal.mobile5, isGrant = true
11-28 21:29:16.922 8600 9740 I GLThread: waiting tid=2931 mHaveEglContext: false mHaveEglSurface: false mPaused: false mHasSurface: false mSurfaceIsBad: false mWaitingForSurface: true mWidth: 0 mHeight: 0 mRequestRender: true mRenderMode: 0
11-28 21:29:16.959 3887 3904 D PhoneInterfaceManager: [PhoneIntfMgr] QueryTelephonyChecker-getDataNetworkTypeForSubscriber: packageName = com.innowireless.xcal.mobile5, isGrant = true
11-28 21:29:16.961 2523 3067 D WifiActiveModeWarden: there is no primary client manager, return the default one
11-28 21:29:16.962 2523 4564 D WifiService: getWifiEnabledState primaryClientMode is mDefaultClientModeManager
11-28 21:29:16.977 1218 4398 I vendor.qti.bluetooth@1.0-ibs_handler: ProcessIbsCmd: Received IBS_SLEEP_IND: 0xFE
11-28 21:29:16.977 1218 4398 D vendor.qti.bluetooth@1.0-ibs_handler: SerialClockVote: vote for UART CLK OFF
11-28 21:29:16.999 3887 3904 D PhoneInterfaceManager: [PhoneIntfMgr] QueryTelephonyChecker-getDataNetworkTypeForSubscriber: packageName = com.innowireless.xcal.mobile5, isGrant = true
11-28 21:29:17.010 2523 3067 D WifiActiveModeWarden: there is no primary client manager, return the default one
11-28 21:29:17.067 2523 5852 D OplusAppListInterceptManager: shouldFilterTask
11-28 21:29:17.068 2523 5852 D OplusAppListInterceptManager: shouldFilterTask::packageName = com.innowireless.xcal.mobile5
11-28 21:29:17.094 3887 3904 D PhoneInterfaceManager: [PhoneIntfMgr] QueryTelephonyChecker-getDataNetworkTypeForSubscriber: packageName = com.innowireless.xcal.mobile5, isGrant = true
11-28 21:29:17.128 1218 4202 D vendor.qti.bluetooth@1.0-wake_lock: Release wakelock is released
11-28 21:29:17.129 3887 5676 D PhoneInterfaceManager: [PhoneIntfMgr] QueryTelephonyChecker-getDataNetworkTypeForSubscriber: packageName = com.innowireless.xcal.mobile5, isGrant = true
11-28 21:29:17.210 8600 10913 D FTPC : getTotalBytes : 72753664 // 0 // 0
11-28 21:29:17.210 8600 10913 D AUTOCALL: ThroTimerTask doTask(...) afterPacket : 72753664
11-28 21:29:17.215 3887 5676 D PhoneInterfaceManager: [PhoneIntfMgr] QueryTelephonyChecker-getDataNetworkTypeForSubscriber: packageName = com.innowireless.xcal.mobile5, isGrant = true
11-28 21:29:17.320 3887 3904 D PhoneInterfaceManager: [PhoneIntfMgr] QueryTelephonyChecker-getDataNetworkTypeForSubscriber: packageName = com.innowireless.xcal.mobile5, isGrant = true
11-28 21:29:17.332 3887 3904 D PhoneInterfaceManager: [PhoneIntfMgr] QueryTelephonyChecker-getDataNetworkTypeForSubscriber: packageName = com.innowireless.xcal.mobile5, isGrant = true
11-28 21:29:17.334 3887 5074 D PhoneInterfaceManager: [PhoneIntfMgr] QueryTelephonyChecker-getDataNetworkTypeForSubscriber: packageName = com.innowireless.xcal.mobile5, isGrant = true
11-28 21:29:17.354 3887 5676 D PhoneInterfaceManager: [PhoneIntfMgr] QueryTelephonyChecker-getDataNetworkTypeForSubscriber: packageName = com.innowireless.xcal.mobile5, isGrant = true
11-28 21:29:17.392 3887 5676 D PhoneInterfaceManager: [PhoneIntfMgr] QueryTelephonyChecker-getDataNetworkTypeForSubscriber: packageName = com.innowireless.xcal.mobile5, isGrant = true
11-28 21:29:17.394 3887 3904 D PhoneInterfaceManager: [PhoneIntfMgr] QueryTelephonyChecker-getDataNetworkTypeForSubscriber: packageName = com.innowireless.xcal.mobile5, isGrant = true
11-28 21:29:17.395 3887 5074 D PhoneInterfaceManager: [PhoneIntfMgr] QueryTelephonyChecker-getDataNetworkTypeForSubscriber: packageName = com.innowireless.xcal.mobile5, isGrant = true
11-28 21:29:17.454 2523 2658 D OplusLocationStatistics: on recordTaskMark, key: gnssReportLocation
11-28 21:29:17.454 2523 2635 D LocationManagerService: incoming location from: gps
11-28 21:29:17.457 2523 2635 D LocationManagerService: incoming location from: gps
11-28 21:29:17.469 4443 5595 I FusedLocation: (REDACTED) location delivery to %s blocked - too close
11-28 21:29:17.470 4443 5595 I FusedLocation: (REDACTED) location delivery to %s blocked - too close
11-28 21:29:17.473 4443 5595 I FusedLocation: (REDACTED) location delivery to %s blocked - too fast
11-28 21:29:17.473 2523 5852 D LocationManagerService: incoming location from: fused
11-28 21:29:17.473 2523 5852 D LocationManagerService: incoming location from: fused
11-28 21:29:17.473 4443 5595 I FusedLocation: (REDACTED) location delivery to %s blocked - too fast
11-28 21:29:17.473 4443 5595 I FusedLocation: (REDACTED) location delivery to %s blocked - too fast
11-28 21:29:17.553 1218 4398 I vendor.qti.bluetooth@1.0-ibs_handler: ProcessIbsCmd: Received IBS_WAKE_IND: 0xFD
11-28 21:29:17.554 1218 4398 D vendor.qti.bluetooth@1.0-ibs_handler: SerialClockVote: vote for UART CLK ON
11-28 21:29:17.554 1218 4398 D vendor.qti.bluetooth@1.0-wake_lock: Acquire wakelock is acquired
11-28 21:29:17.554 1218 4398 I vendor.qti.bluetooth@1.0-ibs_handler: ProcessIbsCmd: Writing IBS_WAKE_ACK
11-28 21:29:17.565 1254 1254 I android.hardware.thermal@2.0-service.qti: Sensor Name:shell_frametemp: 35. prev severity:0. cur severity:0 New severity:0
11-28 21:29:17.566 5266 9100 D DebugReportServiceHidlClient: getReport 1.1...
11-28 21:29:17.567 1237 1237 E LocSvc_HIDL_DebugReportService: Invalid count: 0
11-28 21:29:17.567 1237 1237 E LocSvc_HIDL_DebugReportService: Invalid count: 0
11-28 21:29:17.567 1237 1237 E LocSvc_HIDL_DebugReportService: Invalid count: 0
11-28 21:29:17.567 1237 1237 E LocSvc_HIDL_DebugReportService: Invalid count: 0
11-28 21:29:17.567 1254 1254 I android.hardware.thermal@2.0-service.qti: Sensor Name:skintemp: 38.136. prev severity:3. cur severity:0 New severity:0
11-28 21:29:17.568 1254 1254 I android.hardware.thermal@2.0-service.qti: Sensor Name:shell_fronttemp: 35. prev severity:0. cur severity:0 New severity:0
11-28 21:29:17.568 1254 1254 I android.hardware.thermal@2.0-service.qti: Sensor Name:shell_backtemp: 35. prev severity:0. cur severity:0 New severity:0
11-28 21:29:17.568 5266 9100 D DebugReportServiceHidlClient: getReport 1.1 success: true
11-28 21:29:17.569 5266 9100 D DebugReportServiceHidlClient: getReport 1.0 success: true
11-28 21:29:17.635 1218 4398 I vendor.qti.bluetooth@1.0-ibs_handler: ProcessIbsCmd: Received IBS_SLEEP_IND: 0xFE
11-28 21:29:17.636 1218 4398 D vendor.qti.bluetooth@1.0-ibs_handler: SerialClockVote: vote for UART CLK OFF
11-28 21:29:17.712 8600 10913 D FTPC : getTotalBytes : 73632256 // 0 // 0
11-28 21:29:17.712 8600 10913 D AUTOCALL: ThroTimerTask doTask(...) afterPacket : 73632256
11-28 21:29:17.786 1218 4202 D vendor.qti.bluetooth@1.0-wake_lock: Release wakelock is released
11-28 21:29:17.852 3887 5676 D PhoneInterfaceManager: [PhoneIntfMgr] QueryTelephonyChecker-getDataNetworkTypeForSubscriber: packageName = com.innowireless.xcal.mobile5, isGrant = true
11-28 21:29:17.858 3887 5074 D PhoneInterfaceManager: [PhoneIntfMgr] QueryTelephonyChecker-getDataNetworkTypeForSubscriber: packageName = com.innowireless.xcal.mobile5, isGrant = true
11-28 21:29:17.862 3887 5676 D PhoneInterfaceManager: [PhoneIntfMgr] QueryTelephonyChecker-getDataNetworkTypeForSubscriber: packageName = com.innowireless.xcal.mobile5, isGrant = true
11-28 21:29:17.873 8600 8600 I Quality : Skipped: true 1 cost 21.047869 refreshRate 0 processName com.innowireless.xcal.mobile5
11-28 21:29:17.880 8600 9108 D GPS : NMEA is invaild.
11-28 21:29:17.880 8600 9108 D GPS : mNMEASatelites : 12
11-28 21:29:17.880 8600 9108 D GPS : mGPSSatelites : 70
11-28 21:29:17.880 8600 9108 D GPS : Android GPS is vaild.
11-28 21:29:17.887 3887 5676 D PhoneInterfaceManager: [PhoneIntfMgr] QueryTelephonyChecker-getDataNetworkTypeForSubscriber: packageName = com.innowireless.xcal.mobile5, isGrant = true
11-28 21:29:17.891 3887 5676 D PhoneInterfaceManager: [PhoneIntfMgr] QueryTelephonyChecker-getDataNetworkTypeForSubscriber: packageName = com.innowireless.xcal.mobile5, isGrant = true
11-28 21:29:17.892 3887 5676 D PhoneInterfaceManager: [PhoneIntfMgr] QueryTelephonyChecker-getDataNetworkTypeForSubscriber: packageName = com.innowireless.xcal.mobile5, isGrant = true
11-28 21:29:17.903 3887 5676 D PhoneInterfaceManager: [PhoneIntfMgr] QueryTelephonyChecker-getDataNetworkTypeForSubscriber: packageName = com.innowireless.xcal.mobile5, isGrant = true
11-28 21:29:17.905 3887 5074 D PhoneInterfaceManager: [PhoneIntfMgr] QueryTelephonyChecker-getDataNetworkTypeForSubscriber: packageName = com.innowireless.xcal.mobile5, isGrant = true
11-28 21:29:17.910 3887 5074 D PhoneInterfaceManager: [PhoneIntfMgr] QueryTelephonyChecker-getDataNetworkTypeForSubscriber: packageName = com.innowireless.xcal.mobile5, isGrant = true
11-28 21:29:17.923 8600 9740 I GLThread: waiting tid=2931 mHaveEglContext: false mHaveEglSurface: false mPaused: false mHasSurface: false mSurfaceIsBad: false mWaitingForSurface: true mWidth: 0 mHeight: 0 mRequestRender: true mRenderMode: 0
11-28 21:29:18.001 3887 5074 D PhoneInterfaceManager: [PhoneIntfMgr] QueryTelephonyChecker-getDataNetworkTypeForSubscriber: packageName = com.innowireless.xcal.mobile5, isGrant = true
11-28 21:29:18.012 3887 5074 D PhoneInterfaceManager: [PhoneIntfMgr] QueryTelephonyChecker-getDataNetworkTypeForSubscriber: packageName = com.innowireless.xcal.mobile5, isGrant = true
11-28 21:29:18.012 2523 3067 D WifiActiveModeWarden: there is no primary client manager, return the default one
11-28 21:29:18.015 2523 3067 D WifiActiveModeWarden: there is no primary client manager, return the default one
11-28 21:29:18.017 2523 3324 D WifiService: getWifiEnabledState primaryClientMode is mDefaultClientModeManager
11-28 21:29:18.095 3887 5074 D PhoneInterfaceManager: [PhoneIntfMgr] QueryTelephonyChecker-getDataNetworkTypeForSubscriber: packageName = com.innowireless.xcal.mobile5, isGrant = true
11-28 21:29:18.109 1218 4398 I vendor.qti.bluetooth@1.0-ibs_handler: ProcessIbsCmd: Received IBS_WAKE_IND: 0xFD
11-28 21:29:18.109 1218 4398 D vendor.qti.bluetooth@1.0-ibs_handler: SerialClockVote: vote for UART CLK ON
11-28 21:29:18.109 1218 4398 D vendor.qti.bluetooth@1.0-wake_lock: Acquire wakelock is acquired
11-28 21:29:18.109 1218 4398 I vendor.qti.bluetooth@1.0-ibs_handler: ProcessIbsCmd: Writing IBS_WAKE_ACK
11-28 21:29:18.129 3887 5074 D PhoneInterfaceManager: [PhoneIntfMgr] QueryTelephonyChecker-getDataNetworkTypeForSubscriber: packageName = com.innowireless.xcal.mobile5, isGrant = true
11-28 21:29:18.188 3887 3904 D PhoneInterfaceManager: [PhoneIntfMgr] QueryTelephonyChecker-getDataNetworkTypeForSubscriber: packageName = com.innowireless.xcal.mobile5, isGrant = true
11-28 21:29:18.207 1218 4398 I vendor.qti.bluetooth@1.0-ibs_handler: ProcessIbsCmd: Received IBS_SLEEP_IND: 0xFE
11-28 21:29:18.207 1218 4398 D vendor.qti.bluetooth@1.0-ibs_handler: SerialClockVote: vote for UART CLK OFF
11-28 21:29:18.211 8600 10913 D FTPC : getTotalBytes : 74399744 // 0 // 0
11-28 21:29:18.211 8600 10913 D AUTOCALL: ThroTimerTask doTask(...) afterPacket : 74399744
11-28 21:29:18.252 3887 5676 D PhoneInterfaceManager: [PhoneIntfMgr] QueryTelephonyChecker-getDataNetworkTypeForSubscriber: packageName = com.innowireless.xcal.mobile5, isGrant = true
11-28 21:29:18.254 2523 2708 D OplusFeatureBrightnessBarController: mDarkLevel: 0
11-28 21:29:18.331 3887 5676 D PhoneInterfaceManager: [PhoneIntfMgr] QueryTelephonyChecker-getDataNetworkTypeForSubscriber: packageName = com.innowireless.xcal.mobile5, isGrant = true
11-28 21:29:18.333 3887 5676 D PhoneInterfaceManager: [PhoneIntfMgr] QueryTelephonyChecker-getDataNetworkTypeForSubscriber: packageName = com.innowireless.xcal.mobile5, isGrant = true
11-28 21:29:18.357 1218 4202 D vendor.qti.bluetooth@1.0-wake_lock: Release wakelock is released
11-28 21:29:18.360 3887 5676 D PhoneInterfaceManager: [PhoneIntfMgr] QueryTelephonyChecker-getDataNetworkTypeForSubscriber: packageName = com.innowireless.xcal.mobile5, isGrant = true
11-28 21:29:18.394 3887 5676 D PhoneInterfaceManager: [PhoneIntfMgr] QueryTelephonyChecker-getDataNetworkTypeForSubscriber: packageName = com.innowireless.xcal.mobile5, isGrant = true
11-28 21:29:18.396 3887 7417 D PhoneInterfaceManager: [PhoneIntfMgr] QueryTelephonyChecker-getDataNetworkTypeForSubscriber: packageName = com.innowireless.xcal.mobile5, isGrant = true
11-28 21:29:18.398 3887 7417 D PhoneInterfaceManager: [PhoneIntfMgr] QueryTelephonyChecker-getDataNetworkTypeForSubscriber: packageName = com.innowireless.xcal.mobile5, isGrant = true
11-28 21:29:18.452 2523 2658 D OplusLocationStatistics: on recordTaskMark, key: gnssReportLocation
11-28 21:29:18.452 2523 2635 D LocationManagerService: incoming location from: gps
11-28 21:29:18.454 2523 2635 D LocationManagerService: incoming location from: gps
11-28 21:29:18.461 4443 5595 I FusedLocation: (REDACTED) location delivery to %s blocked - too close
11-28 21:29:18.461 4443 5595 I FusedLocation: (REDACTED) location delivery to %s blocked - too close
11-28 21:29:18.464 4443 5595 I FusedLocation: (REDACTED) location delivery to %s blocked - too fast
11-28 21:29:18.464 2523 5852 D LocationManagerService: incoming location from: fused
11-28 21:29:18.464 2523 5852 D LocationManagerService: incoming location from: fused
11-28 21:29:18.464 4443 5595 I FusedLocation: (REDACTED) location delivery to %s blocked - too fast
11-28 21:29:18.464 4443 5595 I FusedLocation: (REDACTED) location delivery to %s blocked - too fast
11-28 21:29:18.567 5266 9100 D DebugReportServiceHidlClient: getReport 1.1...
11-28 21:29:18.568 1237 1237 E LocSvc_HIDL_DebugReportService: Invalid count: 0
11-28 21:29:18.568 1237 1237 E LocSvc_HIDL_DebugReportService: Invalid count: 0
11-28 21:29:18.568 1237 1237 E LocSvc_HIDL_DebugReportService: Invalid count: 0
11-28 21:29:18.568 1237 1237 E LocSvc_HIDL_DebugReportService: Invalid count: 0
11-28 21:29:18.569 1254 1254 I android.hardware.thermal@2.0-service.qti: Sensor Name:shell_frametemp: 35. prev severity:0. cur severity:0 New severity:0
11-28 21:29:18.569 5266 9100 D DebugReportServiceHidlClient: getReport 1.1 success: true
11-28 21:29:18.569 5266 9100 D DebugReportServiceHidlClient: getReport 1.0 success: true
11-28 21:29:18.570 1254 1254 I android.hardware.thermal@2.0-service.qti: Sensor Name:skintemp: 38.142. prev severity:3. cur severity:0 New severity:0
11-28 21:29:18.570 1254 1254 I android.hardware.thermal@2.0-service.qti: Sensor Name:shell_fronttemp: 35. prev severity:0. cur severity:0 New severity:0
11-28 21:29:18.571 1254 1254 I android.hardware.thermal@2.0-service.qti: Sensor Name:shell_backtemp: 35. prev severity:0. cur severity:0 New severity:0
11-28 21:29:18.666 8600 8600 D Solo3Charging: Solo3ChargingManager.setBatteryCapacity() capacity : 72 isVoiceCall : false chargingMode : 0
11-28 21:29:18.666 8600 8600 D Solo3Charging: Solo3ChargingManager.setBatteryCapacity() condition : (else)
11-28 21:29:18.694 1218 4398 I vendor.qti.bluetooth@1.0-ibs_handler: ProcessIbsCmd: Received IBS_WAKE_IND: 0xFD
11-28 21:29:18.694 1218 4398 D vendor.qti.bluetooth@1.0-ibs_handler: SerialClockVote: vote for UART CLK ON
11-28 21:29:18.695 1218 4398 D vendor.qti.bluetooth@1.0-wake_lock: Acquire wakelock is acquired
11-28 21:29:18.695 1218 4398 I vendor.qti.bluetooth@1.0-ibs_handler: ProcessIbsCmd: Writing IBS_WAKE_ACK
11-28 21:29:18.713 8600 10913 D FTPC : getTotalBytes : 75164160 // 0 // 0
11-28 21:29:18.714 8600 10913 D AUTOCALL: ThroTimerTask doTask(...) afterPacket : 75164160
11-28 21:29:18.832 1218 4398 I vendor.qti.bluetooth@1.0-ibs_handler: ProcessIbsCmd: Received IBS_SLEEP_IND: 0xFE
11-28 21:29:18.832 1218 4398 D vendor.qti.bluetooth@1.0-ibs_handler: SerialClockVote: vote for UART CLK OFF
11-28 21:29:18.848 5120 5515 I bbiw : (REDACTED) getHotwordActive::active query: %s, watch: %s, devices connected: %s
11-28 21:29:18.851 3887 5676 D PhoneInterfaceManager: [PhoneIntfMgr] QueryTelephonyChecker-getDataNetworkTypeForSubscriber: packageName = com.innowireless.xcal.mobile5, isGrant = true
11-28 21:29:18.855 3887 7417 D PhoneInterfaceManager: [PhoneIntfMgr] QueryTelephonyChecker-getDataNetworkTypeForSubscriber: packageName = com.innowireless.xcal.mobile5, isGrant = true
11-28 21:29:18.859 3887 5676 D PhoneInterfaceManager: [PhoneIntfMgr] QueryTelephonyChecker-getDataNetworkTypeForSubscriber: packageName = com.innowireless.xcal.mobile5, isGrant = true
11-28 21:29:18.870 8600 8600 I Quality : Skipped: true 1 cost 17.818165 refreshRate 0 processName com.innowireless.xcal.mobile5
11-28 21:29:18.880 8600 9108 D GPS : NMEA is invaild.
11-28 21:29:18.880 8600 9108 D GPS : mNMEASatelites : 12
11-28 21:29:18.880 8600 9108 D GPS : mGPSSatelites : 69
