01-09 22:18:49.351 3670 3670 D FaceWidgetClockRoamManager: isNetworkRoamingState id=3
01-09 22:18:49.351 3670 3670 D FaceWidgetClockRoamManager: isNetworkRoamingState false
01-09 22:18:49.351 3670 3670 D FaceWidgetClockRoamManager: onRefreshCarrierInfo(pre, now): false, false
01-09 22:18:49.351 3670 3670 D FaceWidgetClockPage: onRefreshCarrierInfo : isChanged false mIsRoaming false
01-09 22:18:49.351 3670 3670 D MultiSIMController: MESSAGE_UPDATE_SERVICE_STATE
01-09 22:18:49.351 4039 4530 I PdnController: getDefaultNetworkBearer: WIFI
01-09 22:18:49.351 4039 4530 I RegiMgr-Utils<0>: getAvailableMobileNetwork: network=18 mobileDataType=0 => rat=18
01-09 22:18:49.351 4039 4530 I PdnController<0>: isNetworkAvailable: isEpdgConnected=false getDataNetworkType()=18
01-09 22:18:49.351 4039 4530 I RegiMgr-Utils<0>: findBestNetwork: IWLAN
01-09 22:18:49.351 4039 4530 I RegiMgr-Utils: selectPdnType: rat=18pdn=11
01-09 22:18:49.351 4039 4530 I RegiMgr-NetEvtCtr<0>: handleNetworkEventBeforeRegister: new network event=NetworkEvent [network=18, voiceNetwork=0, voiceOverPs=NOT_SUPPORTED, outOfService=false, isDataRoaming=false, isVoiceRoaming=false, csOutOfService=true, isWifiConnected=true, isEpdgConnected=false, isEpdgAvailable=true, operatorNumeric=40492, isPsOnlyReg=false, isDataConnected=false], old network event=NetworkEvent [network=13, voiceNetwork=13, voiceOverPs=SUPPORTED, outOfService=false, isDataRoaming=false, isVoiceRoaming=false, csOutOfService=false, isWifiConnected=true, isEpdgConnected=false, isEpdgAvailable=true, operatorNumeric=40492, isPsOnlyReg=false, isDataConnected=false]
01-09 22:18:49.351 4039 4530 I SimManager<0>: getRilSimOperator: ETC
01-09 22:18:49.351 4039 4530 I SimManager<0>: hasIsim: [false]
01-09 22:18:49.351 4039 4530 I SimManager<0>: mSimState:LOADED, mIsimLoaded:false, hasIsim():false
01-09 22:18:49.351 4039 4530 I SimManager<0>: getRilSimOperator: ETC
01-09 22:18:49.351 4039 4530 I SimManager<0>: hasIsim: [false]
01-09 22:18:49.351 4039 4530 I RegiMgr-NetEvtCtr<0>: onNetworkEventChanged: tryRegister by phoneID
01-09 22:18:49.351 4039 4530 I RegiMgr<0>: tryRegister:
01-09 22:18:49.351 4039 4530 I RegiMgr<0>: RegisterTask(s): AIRTEL VoLTE (CONNECTING), AIRTEL India RCS (IDLE)
01-09 22:18:49.351 4039 4530 I RcsPolicyMgr<0>: pendingRcsRegister: mActiveDataPhoneId = 0
01-09 22:18:49.351 4039 4530 I RegisterTask: isSuspended: mSuspended(false) mSuspendByIrat(false)
01-09 22:18:49.351 4039 4530 I RegiMgr<0>: [AIRTEL VoLTE|CONNECTING] checkForTryRegister id: 736
01-09 22:18:49.352 4039 4530 I RegiMgr : isPdnConnected: false, PdnType: 11
01-09 22:18:49.352 3797 4669 I EPDG -- SIM0 [EpdgImsManagerHelper]: Find isAllowedOnRoaming value on IMS Profile : true
01-09 22:18:49.352 3642 3971 D Telephony: SamsungTuiCallFunctions: getSimApplicationState() simState= 10
01-09 22:18:49.352 4039 4530 I PdnController: getDefaultNetworkBearer: WIFI
01-09 22:18:49.352 3797 4669 I EPDG -- SIM0 [SMARTCELLULAR]: LTE Available: false
01-09 22:18:49.352 3797 4669 I EPDG -- SIM0 [PolicyMgr]: updatePolicyTable: preferred Order for [ims] is IWLAN:LTE
01-09 22:18:49.352 4039 4530 I RegiMgr-Utils<0>: getAvailableMobileNetwork: network=18 mobileDataType=0 => rat=18
01-09 22:18:49.352 4039 4530 I PdnController<0>: isNetworkAvailable: isEpdgConnected=false getDataNetworkType()=18
01-09 22:18:49.352 4039 4530 I RegiMgr-Utils<0>: findBestNetwork: IWLAN
01-09 22:18:49.352 9555 9555 I SepApiMethodCall: method:getSimApplicationState result:10 success:true error:null
01-09 22:18:49.352 9555 9555 I FT.TuiUtilFeature: isFirstBootInTss : true isTSSActivated : true
01-09 22:18:49.352 9555 9555 I UT.TelephonyUtils: getPhoneId : subId = 3
01-09 22:18:49.352 4039 4530 I RegiGvnBase<0>: isReadyToDualRegister: slot 1's call state: 0
01-09 22:18:49.352 4039 4530 I RegiGvnBase<0>: isReadyToDualRegister : true
01-09 22:18:49.353 9555 9555 I AlarmManagerUtils: getRegisterAlarmManager : register_allow_data_dialog_retry_to_alarm_manager = false
01-09 22:18:49.353 9555 9555 I UT.TelephonyUtils: getPhoneId : subId = 3
01-09 22:18:49.353 3797 4669 I EPDG -- SIM0 [NetController]: onNetworkStatusChanged: voiceNetType: 0 mActiveVoiceRat: 13
01-09 22:18:49.353 9555 9555 I CU.NetworkUiUtils: isSupportRoamingNotiOption : (false)
01-09 22:18:49.353 9555 9555 I CU.NetworkUiUtils: setNetworkModeByQuickPanel: enabled : false
01-09 22:18:49.353 4039 4530 I RegiMgr<0>: [AIRTEL VoLTE|CONNECTING] checkInitialRegistrationIsReady: APM ON [true], Roamimg [false]
01-09 22:18:49.353 2400 3913 D KNOX_MDM_SettingsProvider: isChangeAllowed() : name = set_network_mode_by_quick_panel
01-09 22:18:49.353 4039 4530 I RcsPolicyMgr<0>: pendingRcsRegister: mActiveDataPhoneId = 0
01-09 22:18:49.353 4039 4530 I ImsProfile: isRttSupportByCallApp : false ttyType : 1
01-09 22:18:49.354 4039 4530 I RegiMgr-Utils<0>: getPriorityRegiedTask : isPriority High? true
01-09 22:18:49.354 9555 9555 I UT.TelephonyUtils: getPhoneId : subId = 3
01-09 22:18:49.354 4039 4530 I RegiGvnBase: checkRegiStatus: getState()=CONNECTING mIsUpdateRegistering=false
01-09 22:18:49.354 4039 4530 I RegiMgr<0>: getTelephonyCallStatus:
01-09 22:18:49.354 4039 4530 I RcsPolicyMgr<0>: pendingRcsRegister: mActiveDataPhoneId = 0
01-09 22:18:49.354 2400 3913 I Telecom:SamsungTelecomServiceImpl: isInCall - callingPackage : com.android.systemui / callingUser : UserHandle{0} / hasCrossUserAccess : true
01-09 22:18:49.354 4039 4530 I RcsUtils: isDualRcsReg: true
01-09 22:18:49.354 4039 4530 I RegisterTask: isSuspended: mSuspended(false) mSuspendByIrat(false)
01-09 22:18:49.354 4039 4530 I RegiMgr<0>: [AIRTEL India RCS|IDLE] checkForTryRegister id: 738
01-09 22:18:49.354 9555 9555 I FT.TuiSalesCodeFeature: LGT.isCurrentOperator
01-09 22:18:49.354 4039 4530 I RegiMgr : isPdnConnected: false, PdnType: 0
01-09 22:18:49.354 9555 9555 I FT.TuiSalesCodeFeature: LGT.isCurrentOperator
01-09 22:18:49.354 9555 9555 I FT.TuiSalesCodeFeature: LGT.isCurrentOperator
01-09 22:18:49.354 3670 3670 D CarrierTextUtil: updateNetworkName showSpn=false spn=null dataSpn=airtel showPlmn=true plmn=null hasVoWifiPLMN=false
01-09 22:18:49.354 3670 3670 D CarrierTextUtil: updateNetworkName showSpn=false spn=null dataSpn=airtel showPlmn=true plmn=null hasVoWifiPLMN=false
01-09 22:18:49.354 3670 3670 D CarrierTextController: carrierTextForSimState(3)-(order: 0) : airtel
01-09 22:18:49.354 3670 3670 D CarrierTextController: setText : Flight mode
01-09 22:18:49.354 4039 4530 I PdnController: getDefaultNetworkBearer: WIFI
01-09 22:18:49.354 3797 4669 I EPDG -- SIM0 [NetController]: Rat is unknown, enable wifi profiling
01-09 22:18:49.355 3797 4669 I EPDG -- SIM0 [EpdgSubScription]: onWifiConnected
01-09 22:18:49.355 3797 4669 I EPDG -- SIM0 [EpdgSubScription]: No SM for apnType: ims
01-09 22:18:49.355 3797 4669 I EPDG -- SIM0 [EpdgSubScription]: isPdnConnectedOverCellularData: returning result: false for apnType: ims
01-09 22:18:49.355 3797 4669 I EPDG -- SIM0 [EpdgSubScription]: No SM for apnType: emergency
01-09 22:18:49.355 3797 4669 I EPDG -- SIM0 [EpdgSubScription]: isPdnConnectedOverCellularData: returning result: false for apnType: emergency
01-09 22:18:49.355 3797 4669 I EPDG -- SIM0 [EpdgServerSelection]: isEpdgServerDnsValid(): returning resulttrue
01-09 22:18:49.355 3797 4669 I EPDG -- SIM0 [EpdgSubScription]: Epdg FQDN is already resolved, received duplicate wifi connect
01-09 22:18:49.355 3670 3670 D CarrierTextUtil: updateNetworkName showSpn=false spn=null dataSpn=airtel showPlmn=true plmn=null hasVoWifiPLMN=false
01-09 22:18:49.355 3670 3670 D CarrierTextUtil: updateNetworkName showSpn=false spn=null dataSpn=airtel showPlmn=true plmn=null hasVoWifiPLMN=false
01-09 22:18:49.355 3670 3670 D CarrierTextController: carrierTextForSimState(3)-(order: 0) : airtel
01-09 22:18:49.355 4039 4530 I RegiMgr-Utils<0>: findBestNetwork: WIFI needWifiNetwork = true
01-09 22:18:49.355 3670 3670 D CarrierTextController: setText : Flight mode
01-09 22:18:49.355 3797 4669 I EPDG -- SIM0 [UTILS]: getSubIdFromSpecifier() : specifier null
01-09 22:18:49.355 3797 4669 I EPDG -- SIM0 [UTILS]: getSubIdFromSpecifier() : return : 3
01-09 22:18:49.355 4039 4530 I RegiGvnBase<0>: isReadyToDualRegister: slot 1's call state: 0
01-09 22:18:49.355 4039 4530 I RegiGvnBase<0>: isReadyToDualRegister : true
01-09 22:18:49.355 3670 3670 D CarrierTextUtil: updateNetworkName showSpn=false spn=null dataSpn=airtel showPlmn=true plmn=null hasVoWifiPLMN=false
01-09 22:18:49.355 3670 3670 D CarrierTextUtil: updateNetworkName showSpn=false spn=null dataSpn=airtel showPlmn=true plmn=null hasVoWifiPLMN=false
01-09 22:18:49.355 3670 3670 D CarrierTextController: carrierTextForSimState(3)-(order: 0) : airtel
01-09 22:18:49.355 3797 4669 I EPDG -- SIM0 [UTILS]: isWifiConnected: [type: WIFI[], state: CONNECTED/CONNECTED, reason: (unspecified), extra: , failover: false, available: true, roaming: false]
01-09 22:18:49.355 3670 3670 D CarrierTextController: setText : Flight mode
01-09 22:18:49.355 3670 3670 D FaceWidgetPagesController: onRefreshCarrierInfo()
01-09 22:18:49.355 3670 3670 D FaceWidgetClockRoamManager: isNetworkRoamingState id=3
01-09 22:18:49.355 3670 3670 D FaceWidgetClockRoamManager: isNetworkRoamingState false
01-09 22:18:49.355 3670 3670 D FaceWidgetClockRoamManager: onRefreshCarrierInfo(pre, now): false, false
01-09 22:18:49.355 3670 3670 D FaceWidgetClockPage: onRefreshCarrierInfo : isChanged false mIsRoaming false
01-09 22:18:49.355 9555 9555 I CU.NetworkWarning: UpdateRoamingFailWarning: UpdateRoamingFailWarning service = 3
01-09 22:18:49.355 3670 3670 D ShadeCarrierGroup: handleUpdateCarrierInfo [Flight mode] isLatin=false
01-09 22:18:49.355 9555 9555 I FT.TuiSalesCodeFeature: LGT.isCurrentOperator
01-09 22:18:49.356 3670 3670 D ShadeCarrierGroup: handleUpdateCarrierInfo [Flight mode] isLatin=false
01-09 22:18:49.356 4039 4530 I RegiMgr<0>: [AIRTEL India RCS|IDLE] checkInitialRegistrationIsReady: APM ON [true], Roamimg [false]
01-09 22:18:49.356 4039 4530 I RcsPolicyMgr<0>: pendingRcsRegister: mActiveDataPhoneId = 0
01-09 22:18:49.356 4039 4530 I RcsUtils: isDualRcsReg: true
01-09 22:18:49.356 4039 4530 I ImsProfile: isRttSupportByCallApp : false ttyType : 1
01-09 22:18:49.356 4039 4530 I RegiMgr-Utils<0>: getPriorityRegiedTask : isPriority High? true
01-09 22:18:49.356 4039 4530 I RegiGvnBase: checkRegiStatus: getState()=IDLE mIsUpdateRegistering=false
01-09 22:18:49.356 4039 4530 I RegiMgr<0>: getTelephonyCallStatus:
01-09 22:18:49.356 3642 3642 D Telephony: SamsungTuiAsyncSendExtras: SamsungTuiAsyncSendExtras[onPostExecute] method: network_notification_event
01-09 22:18:49.356 3642 3642 D Telephony: SamsungTuiAsyncSendExtras: SamsungTuiAsyncSendExtras[onPostExecute] method: service_state_changed
01-09 22:18:49.356 4039 4530 I ConfigProvider: query uri:xxxxx
01-09 22:18:49.357 3797 4669 I EPDG -- SIM0 [SMARTWIFI]: mCaptiveAuthenticated : false
01-09 22:18:49.357 3797 4669 I EPDG -- SIM0 [SMARTWIFI]: mCaptiveAuthenticated : false
01-09 22:18:49.357 3797 4669 I EPDG -- SIM0 [SMARTWIFI]: unable to find status about connected wifi
01-09 22:18:49.357 3797 4669 I EPDG -- SIM0 [SMARTWIFI]: setResultOfRunnableForCannotSwitchToWifi: set to false
01-09 22:18:49.357 3797 4669 I EPDG -- SIM0 [SMARTWIFI]: isCaptivePortalAuthenticated: defaultValue: true wifiLinkStatus: UNDETERMINABLE
01-09 22:18:49.357 3797 4669 I EPDG -- SIM0 [NetController]: [HO_OPTIMIZATION][NETCHANGE]Active Rat Changed from 13(LTE) to 0(UNKNOWN)
01-09 22:18:49.357 3797 4669 I EPDG -- SIM0 [EpdgSubScription]: No SM for apnType: ims
01-09 22:18:49.357 3797 4669 I EPDG -- SIM0 [EpdgSubScription]: isPdnConnectedOverWifi: returning result: false for apnType: ims
01-09 22:18:49.357 3797 4669 I EPDG -- SIM0 [EpdgSubScription]: volteSetting(true) for VOICECALL_TYPE_KEY: voicecall_type
01-09 22:18:49.357 3797 4669 I EPDG -- SIM0 [UTILS]: isWfcCallDropNotiEnabled() imsOverWIFI :falsevolteAvail: falseresult: false
01-09 22:18:49.357 3797 4669 I EPDG -- SIM0 [NetController]: RAT change from LTE to other RAT, calling LTE off
01-09 22:18:49.357 3670 3670 D MobileIconViewModel: [mobile] (0/3) connected=false dataConnected=false dataType=DefaultIcon(iconGroup=IconGroup(LTE)) networkType=UNKNOWN simCard=AIRTEL
01-09 22:18:49.358 3670 3670 D MobileIconViewModel: [mobile] (0/3) connected=false dataConnected=false dataType=DefaultIcon(iconGroup=IconGroup(Unknown)) networkType=UNKNOWN simCard=AIRTEL
01-09 22:18:49.358 4039 4530 I ConfigProvider: queryStorage path content://com.samsung.rcs.autoconfigurationprovider/parameter/version#simslot0
01-09 22:18:49.358 9555 9555 I FT.TuiUtilFeature: isAirplaneModeOn = true
01-09 22:18:49.358 3797 4669 I EPDG -- SIM0 [EpdgImsManagerHelper]: Find isAllowedOnRoaming value on IMS Profile : true
01-09 22:18:49.358 3797 4669 I EPDG -- SIM0 [SMARTCELLULAR]: LTE Available: false
01-09 22:18:49.359 3797 4669 I EPDG -- SIM0 [HO_OPTIMIZATION]: [OH_CRITERIA]LTE is not connected
01-09 22:18:49.359 3797 4669 I EPDG -- SIM0 [HO_OPTIMIZATION]: [OH_CRITERIA]LTE is available :false
01-09 22:18:49.359 3797 4669 I EPDG -- SIM0 [EpdgSubScription]: mWifiRssiA :-70 mWifiRssiB:-80 mWifiRssiC:0 mWifiRssiRoveInWifiOnly:0 mWifiRssiRoveOutWifiOnly:0 mWifiRssiRoveInVoice:0 mLteRsrp1:-110 mLteRsrp2:0 mLteRsrp3:-105 mNrRsrp1:0 mNrRsrp2:0 mNrRsrp3:0
01-09 22:18:49.359 3797 4669 I EPDG -- SIM0 [EpdgSubScription]: TimerStatus :
01-09 22:18:49.359 4039 4530 I RegiGvnRcs: isReadyToRegister: User don't try RCS service yet
01-09 22:18:49.359 4039 4530 I RegiMgr<0>: [AIRTEL India RCS|IDLE] checkForTryRegister: isReadyToRegister = false
01-09 22:18:49.359 3797 4669 I EPDG -- SIM0 [EpdgSubScription]: retryL2WHandoverIfRequired(): apnType: ims networkType: 11
01-09 22:18:49.359 3797 4669 I EPDG -- SIM0 [UTILS]: isAlwaysOnApn(): result is: true
01-09 22:18:49.359 3797 4669 I EPDG -- SIM0 [EpdgSubScription]: getIsAirplaneMode: returning: true
01-09 22:18:49.359 3797 4669 I EPDG -- SIM0 [PolicyMgr]: isL2WRecommended(): Airplane mode ON
01-09 22:18:49.359 3797 4669 I EPDG -- SIM0 [PolicyMgr]: [HO_OPTIMIZATION]isL2WRecommended(): result is: true
01-09 22:18:49.359 4039 4530 I GeolocationCon: handleMessage : what = SERVICE_STATE_CHANGED
01-09 22:18:49.359 3797 4669 I EPDG -- SIM0 [EpdgSubScription]: isOngoingConnectionOverWifi: returning result: falseConnected Check : true
01-09 22:18:49.359 4039 4530 I GeolocationCon: matchTimingReqLocation ,match=2, timing=4
01-09 22:18:49.359 4039 4530 I GeolocationCon: matchTimingReqLocation ,match=0, timing=4
01-09 22:18:49.359 4039 4530 I GeolocationCon: matchTimingReqLocation ,match=0, timing=4
01-09 22:18:49.359 4039 4530 I GeolocationCon: profile is null
01-09 22:18:49.359 3797 4669 I EPDG -- SIM0 [EpdgSubScription]: Firing L2W handover
01-09 22:18:49.359 3797 4669 I EPDG -- SIM0 [EpdgSubScription]: [HANDOFF]Cannot trigger L2W HO: (AP ASSIST MODE) : 11
01-09 22:18:49.359 3797 4669 I EPDG -- SIM0 [ThrottleController]: isThrottleTimerRunning: apnType: ims. result: false
01-09 22:18:49.359 3797 4669 I EPDG -- SIM0 [PolicyMgr]: getApnRatPolicy: default,idle only LTE is allowed RAT
01-09 22:18:49.359 3797 4669 I EPDG -- SIM0 [PolicyMgr]: getApnRatPolicy: default,idle result=LTE
01-09 22:18:49.359 3797 4669 I EPDG -- SIM0 [PolicyMgr]: getApnRatPolicy: mms,idle only LTE is allowed RAT
01-09 22:18:49.359 3797 4669 I EPDG -- SIM0 [PolicyMgr]: getApnRatPolicy: mms,idle result=LTE
01-09 22:18:49.359 3797 4669 I EPDG -- SIM0 [PolicyMgr]: getApnRatPolicy: supl,idle only LTE is allowed RAT
01-09 22:18:49.359 3797 4669 I EPDG -- SIM0 [PolicyMgr]: getApnRatPolicy: supl,idle result=LTE
01-09 22:18:49.359 3797 4669 I EPDG -- SIM0 [PolicyMgr]: getApnRatPolicy: dun,idle only LTE is allowed RAT
01-09 22:18:49.359 3797 4669 I EPDG -- SIM0 [PolicyMgr]: getApnRatPolicy: dun,idle result=LTE
01-09 22:18:49.359 3797 4669 I EPDG -- SIM0 [PolicyMgr]: getApnRatPolicy: hipri,idle only LTE is allowed RAT
01-09 22:18:49.359 3797 4669 I EPDG -- SIM0 [PolicyMgr]: getApnRatPolicy: hipri,idle result=LTE
01-09 22:18:49.359 3797 4669 I EPDG -- SIM0 [PolicyMgr]: getApnRatPolicy: fota,idle only LTE is allowed RAT
01-09 22:18:49.359 3797 4669 I EPDG -- SIM0 [PolicyMgr]: getApnRatPolicy: fota,idle result=LTE
01-09 22:18:49.359 4039 4530 I GeolocationCon<0>: onNetworkCountryIsoChanged: mCountryIso = in, iso = in
01-09 22:18:49.359 3797 4669 I EPDG -- SIM0 [EpdgSubScription]: getIsAirplaneMode: returning: true
01-09 22:18:49.359 3797 4669 I EPDG -- SIM0 [PolicyMgr]: getApnRatPolicy: ims,idle Airplanemode not support
01-09 22:18:49.359 3797 4669 I EPDG -- SIM0 [PolicyMgr]: getApnRatPolicy: ims,idle result=LTE
01-09 22:18:49.359 3797 4669 I EPDG -- SIM0 [PolicyMgr]: getApnRatPolicy: cbs,idle only LTE is allowed RAT
01-09 22:18:49.359 3797 4669 I EPDG -- SIM0 [PolicyMgr]: getApnRatPolicy: cbs,idle result=LTE
01-09 22:18:49.359 3797 4669 I EPDG -- SIM0 [PolicyMgr]: getApnRatPolicy: ia,idle only LTE is allowed RAT
01-09 22:18:49.359 4039 4530 I RegiMgr-Handler: handleMessage: EVENT_DO_PENDING_UPDATE_REGISTRATION
01-09 22:18:49.359 3797 4669 I EPDG -- SIM0 [PolicyMgr]: getApnRatPolicy: ia,idle result=LTE
01-09 22:18:49.359 3797 4669 I EPDG -- SIM0 [PolicyMgr]: getApnRatPolicy: emergency,idle only LTE is allowed RAT
01-09 22:18:49.359 3797 4669 I EPDG -- SIM0 [PolicyMgr]: getApnRatPolicy: emergency,idle result=LTE
01-09 22:18:49.359 3797 4669 I EPDG -- SIM0 [PolicyMgr]: getApnRatPolicy: mcx,idle only LTE is allowed RAT
01-09 22:18:49.359 3797 4669 I EPDG -- SIM0 [PolicyMgr]: getApnRatPolicy: mcx,idle result=LTE
01-09 22:18:49.359 3797 4669 I EPDG -- SIM0 [PolicyMgr]: getApnRatPolicy: xcap,idle only LTE is allowed RAT
01-09 22:18:49.359 3797 4669 I EPDG -- SIM0 [PolicyMgr]: getApnRatPolicy: xcap,idle result=LTE
01-09 22:18:49.359 3797 4669 I EPDG -- SIM0 [EpdgSubScription]: getHandoverEnableSetting: true
01-09 22:18:49.359 3797 4669 I EPDG -- SIM0 [UTILS]: getSubIdFromSpecifier() : specifier null
01-09 22:18:49.359 3797 4669 I EPDG -- SIM0 [UTILS]: getSubIdFromSpecifier() : return : 3
01-09 22:18:49.359 3797 4669 I EPDG -- SIM0 [UTILS]: getNetworkForType: subIdFromSpecifier: 3
01-09 22:18:49.359 3797 4669 I EPDG -- SIM0 [UTILS]: getNetworkForType: returning null
01-09 22:18:49.359 3797 4669 I EPDG -- SIM0 [EpdgSubScription]: notifyQualifiedNetworksChange to telephony
01-09 22:18:49.359 3797 4669 I EPDG -- SIM0 [NetController]: onNetworkStatusChanged : mCellularAvailable = false
01-09 22:18:49.359 9555 9555 I FT.TuiUtilFeature: isAirplaneModeOn = true
01-09 22:18:49.360 9555 9555 I CU.NetworkWarning: RtsWarningDialogFactory: createRtsWarning: RtsOperatorConstants.UPDATE_REJECT_NOTI_WARNING_POPUP
01-09 22:18:49.360 9555 9555 I FT.TuiSalesCodeFeature: LGT.isCurrentOperator
01-09 22:18:49.360 9555 9555 I FT.TuiSalesCodeFeature: LGT.isCurrentOperator
01-09 22:18:49.360 9555 9555 I FT.TuiSalesCodeFeature: LGT.isCurrentOperator
01-09 22:18:49.360 9555 9555 I UT.TelephonyUtils: getPhoneId : subId = 3
01-09 22:18:49.360 9555 9555 I FT.TuiUtilFeature: isAirplaneModeOn = true
01-09 22:18:49.360 9555 9555 I CU.NetworkWarning: UpdateRejectWarning: dismissRtsDialog : dismiss by airplane mode
01-09 22:18:49.361 3797 4669 I EPDG -- SIM0 [NetController]: getServiceState: UNKNOWN Network
01-09 22:18:49.361 9555 9555 I FT.TuiSalesCodeFeature: LGT.isCurrentOperator
01-09 22:18:49.361 3797 4669 I EPDG -- SIM0 [ThrottleController]: isThrottleTimerRunning: apnType: ims. result: false
01-09 22:18:49.361 3797 4669 I EPDG -- SIM0 [PolicyMgr]: getApnRatPolicy: default,idle only LTE is allowed RAT
01-09 22:18:49.361 3797 4669 I EPDG -- SIM0 [PolicyMgr]: getApnRatPolicy: default,idle result=LTE
01-09 22:18:49.361 3797 4669 I EPDG -- SIM0 [PolicyMgr]: getApnRatPolicy: mms,idle only LTE is allowed RAT
01-09 22:18:49.361 3797 4669 I EPDG -- SIM0 [PolicyMgr]: getApnRatPolicy: mms,idle result=LTE
01-09 22:18:49.361 3797 4669 I EPDG -- SIM0 [PolicyMgr]: getApnRatPolicy: supl,idle only LTE is allowed RAT
01-09 22:18:49.361 3797 4669 I EPDG -- SIM0 [PolicyMgr]: getApnRatPolicy: supl,idle result=LTE
01-09 22:18:49.361 3797 4669 I EPDG -- SIM0 [PolicyMgr]: getApnRatPolicy: dun,idle only LTE is allowed RAT
01-09 22:18:49.361 3797 4669 I EPDG -- SIM0 [PolicyMgr]: getApnRatPolicy: dun,idle result=LTE
01-09 22:18:49.361 3797 4669 I EPDG -- SIM0 [PolicyMgr]: getApnRatPolicy: hipri,idle only LTE is allowed RAT
01-09 22:18:49.361 3797 4669 I EPDG -- SIM0 [PolicyMgr]: getApnRatPolicy: hipri,idle result=LTE
01-09 22:18:49.361 3797 4669 I EPDG -- SIM0 [PolicyMgr]: getApnRatPolicy: fota,idle only LTE is allowed RAT
01-09 22:18:49.361 3797 4669 I EPDG -- SIM0 [PolicyMgr]: getApnRatPolicy: fota,idle result=LTE
01-09 22:18:49.361 3797 4669 I EPDG -- SIM0 [EpdgSubScription]: getIsAirplaneMode: returning: true
01-09 22:18:49.361 3797 4669 I EPDG -- SIM0 [PolicyMgr]: getApnRatPolicy: ims,idle Airplanemode not support
01-09 22:18:49.361 3797 4669 I EPDG -- SIM0 [PolicyMgr]: getApnRatPolicy: ims,idle result=LTE
01-09 22:18:49.361 3797 4669 I EPDG -- SIM0 [PolicyMgr]: getApnRatPolicy: cbs,idle only LTE is allowed RAT
01-09 22:18:49.361 3797 4669 I EPDG -- SIM0 [PolicyMgr]: getApnRatPolicy: cbs,idle result=LTE
01-09 22:18:49.361 3797 4669 I EPDG -- SIM0 [PolicyMgr]: getApnRatPolicy: ia,idle only LTE is allowed RAT
01-09 22:18:49.361 3797 4669 I EPDG -- SIM0 [PolicyMgr]: getApnRatPolicy: ia,idle result=LTE
01-09 22:18:49.361 3797 4669 I EPDG -- SIM0 [PolicyMgr]: getApnRatPolicy: emergency,idle only LTE is allowed RAT
01-09 22:18:49.361 3797 4669 I EPDG -- SIM0 [PolicyMgr]: getApnRatPolicy: emergency,idle result=LTE
01-09 22:18:49.361 3797 4669 I EPDG -- SIM0 [PolicyMgr]: getApnRatPolicy: mcx,idle only LTE is allowed RAT
01-09 22:18:49.361 3797 4669 I EPDG -- SIM0 [PolicyMgr]: getApnRatPolicy: mcx,idle result=LTE
01-09 22:18:49.361 3797 4669 I EPDG -- SIM0 [PolicyMgr]: getApnRatPolicy: xcap,idle only LTE is allowed RAT
01-09 22:18:49.361 3797 4669 I EPDG -- SIM0 [PolicyMgr]: getApnRatPolicy: xcap,idle result=LTE
01-09 22:18:49.361 3797 4669 I EPDG -- SIM0 [EpdgSubScription]: getHandoverEnableSetting: true
01-09 22:18:49.362 3797 4669 I EPDG -- SIM0 [UTILS]: getSubIdFromSpecifier() : specifier null
01-09 22:18:49.362 3797 4669 I EPDG -- SIM0 [UTILS]: getSubIdFromSpecifier() : return : 3
01-09 22:18:49.362 3797 4669 I EPDG -- SIM0 [UTILS]: getNetworkForType: subIdFromSpecifier: 3
01-09 22:18:49.362 3797 4669 I EPDG -- SIM0 [UTILS]: getNetworkForType: returning null
01-09 22:18:49.362 3797 4669 I EPDG -- SIM0 [EpdgSubScription]: notifyQualifiedNetworksChange to telephony
01-09 22:18:49.362 3797 4669 I EPDG -- SIM0 [EpdgSubScription]: mWifiRssiA :-70 mWifiRssiB:-80 mWifiRssiC:0 mWifiRssiRoveInWifiOnly:0 mWifiRssiRoveOutWifiOnly:0 mWifiRssiRoveInVoice:0 mLteRsrp1:-110 mLteRsrp2:0 mLteRsrp3:-105 mNrRsrp1:0 mNrRsrp2:0 mNrRsrp3:0
01-09 22:18:49.362 3797 4669 I EPDG -- SIM0 [EpdgSubScription]: TimerStatus :
01-09 22:18:49.362 3797 4669 I EPDG -- SIM0 [EpdgSubScription]: retryL2WHandoverIfRequired(): apnType: ims networkType: 11
01-09 22:18:49.362 3797 4669 I EPDG -- SIM0 [UTILS]: isAlwaysOnApn(): result is: true
01-09 22:18:49.362 3797 4669 I EPDG -- SIM0 [EpdgSubScription]: getIsAirplaneMode: returning: true
01-09 22:18:49.362 3797 4669 I EPDG -- SIM0 [PolicyMgr]: isL2WRecommended(): Airplane mode ON
01-09 22:18:49.362 3797 4669 I EPDG -- SIM0 [PolicyMgr]: [HO_OPTIMIZATION]isL2WRecommended(): result is: true
01-09 22:18:49.362 3797 4669 I EPDG -- SIM0 [EpdgSubScription]: isOngoingConnectionOverWifi: returning result: falseConnected Check : true
01-09 22:18:49.362 3797 4669 I EPDG -- SIM0 [EpdgSubScription]: Firing L2W handover
01-09 22:18:49.362 3797 4669 I EPDG -- SIM0 [EpdgSubScription]: [HANDOFF]Cannot trigger L2W HO: (AP ASSIST MODE) : 11
01-09 22:18:49.362 3797 4669 I EPDG -- SIM0 [ThrottleController]: isThrottleTimerRunning: apnType: ims. result: false
01-09 22:18:49.362 3797 4669 I EPDG -- SIM0 [PolicyMgr]: getApnRatPolicy: default,idle only LTE is allowed RAT
01-09 22:18:49.362 3797 4669 I EPDG -- SIM0 [PolicyMgr]: getApnRatPolicy: default,idle result=LTE
01-09 22:18:49.362 3797 4669 I EPDG -- SIM0 [PolicyMgr]: getApnRatPolicy: mms,idle only LTE is allowed RAT
01-09 22:18:49.362 3797 4669 I EPDG -- SIM0 [PolicyMgr]: getApnRatPolicy: mms,idle result=LTE
01-09 22:18:49.362 3797 4669 I EPDG -- SIM0 [PolicyMgr]: getApnRatPolicy: supl,idle only LTE is allowed RAT
01-09 22:18:49.362 3797 4669 I EPDG -- SIM0 [PolicyMgr]: getApnRatPolicy: supl,idle result=LTE
01-09 22:18:49.362 3797 4669 I EPDG -- SIM0 [PolicyMgr]: getApnRatPolicy: dun,idle only LTE is allowed RAT
01-09 22:18:49.362 3797 4669 I EPDG -- SIM0 [PolicyMgr]: getApnRatPolicy: dun,idle result=LTE
01-09 22:18:49.362 3797 4669 I EPDG -- SIM0 [PolicyMgr]: getApnRatPolicy: hipri,idle only LTE is allowed RAT
01-09 22:18:49.362 3797 4669 I EPDG -- SIM0 [PolicyMgr]: getApnRatPolicy: hipri,idle result=LTE
01-09 22:18:49.362 3797 4669 I EPDG -- SIM0 [PolicyMgr]: getApnRatPolicy: fota,idle only LTE is allowed RAT
01-09 22:18:49.362 3797 4669 I EPDG -- SIM0 [PolicyMgr]: getApnRatPolicy: fota,idle result=LTE
01-09 22:18:49.362 3797 4669 I EPDG -- SIM0 [EpdgSubScription]: getIsAirplaneMode: returning: true
01-09 22:18:49.362 3797 4669 I EPDG -- SIM0 [PolicyMgr]: getApnRatPolicy: ims,idle Airplanemode not support
01-09 22:18:49.362 3797 4669 I EPDG -- SIM0 [PolicyMgr]: getApnRatPolicy: ims,idle result=LTE
01-09 22:18:49.362 3797 4669 I EPDG -- SIM0 [PolicyMgr]: getApnRatPolicy: cbs,idle only LTE is allowed RAT
01-09 22:18:49.362 3797 4669 I EPDG -- SIM0 [PolicyMgr]: getApnRatPolicy: cbs,idle result=LTE
01-09 22:18:49.362 3797 4669 I EPDG -- SIM0 [PolicyMgr]: getApnRatPolicy: ia,idle only LTE is allowed RAT
01-09 22:18:49.362 3797 4669 I EPDG -- SIM0 [PolicyMgr]: getApnRatPolicy: ia,idle result=LTE
01-09 22:18:49.362 3797 4669 I EPDG -- SIM0 [PolicyMgr]: getApnRatPolicy: emergency,idle only LTE is allowed RAT
01-09 22:18:49.362 3797 4669 I EPDG -- SIM0 [PolicyMgr]: getApnRatPolicy: emergency,idle result=LTE
01-09 22:18:49.362 3797 4669 I EPDG -- SIM0 [PolicyMgr]: getApnRatPolicy: mcx,idle only LTE is allowed RAT
01-09 22:18:49.362 3797 4669 I EPDG -- SIM0 [PolicyMgr]: getApnRatPolicy: mcx,idle result=LTE
01-09 22:18:49.362 3797 4669 I EPDG -- SIM0 [PolicyMgr]: getApnRatPolicy: xcap,idle only LTE is allowed RAT
01-09 22:18:49.362 3797 4669 I EPDG -- SIM0 [PolicyMgr]: getApnRatPolicy: xcap,idle result=LTE
01-09 22:18:49.362 3797 4669 I EPDG -- SIM0 [EpdgSubScription]: getHandoverEnableSetting: true
01-09 22:18:49.363 2400 2400 I AS.AudioService: onSubscriptionsChanged()
01-09 22:18:49.363 3797 4669 I EPDG -- SIM0 [UTILS]: getSubIdFromSpecifier() : specifier null
01-09 22:18:49.364 2400 3384 E AppOps : attributionTag VCN not declared in manifest of android
01-09 22:18:49.364 2400 3384 E AppOps : attributionTag VCN not declared in manifest of android
01-09 22:18:49.364 7294 7294 I Finsky : [2] pcg.onSubscriptionsChanged(6): onSubscriptionsChanged
01-09 22:18:49.364 2400 2400 I NSLocationMonitor: onSubscriptionsChanged
01-09 22:18:49.364 2400 2400 W NSLocationMonitor: SubId[3] for sim[0] was not changed
01-09 22:18:49.364 2400 2400 W NSLocationMonitor: SubId[-1] for sim[1] was not changed
01-09 22:18:49.365 2400 3384 E AppOps : attributionTag VCN not declared in manifest of android
01-09 22:18:49.365 2400 3384 E AppOps : attributionTag VCN not declared in manifest of android
01-09 22:18:49.365 4020 5450 I HeadsetPhoneState: onSubscriptionsChanged(), simState=5
01-09 22:18:49.365 2400 3388 D GnssNetworkConnectivityHandler: Active Sub List size: 1
01-09 22:18:49.366 3797 4669 I EPDG -- SIM0 [UTILS]: getSubIdFromSpecifier() : return : 3
01-09 22:18:49.366 3797 4669 I EPDG -- SIM0 [UTILS]: getNetworkForType: subIdFromSpecifier: 3
01-09 22:18:49.366 3797 4669 I EPDG -- SIM0 [UTILS]: getNetworkForType: returning null
01-09 22:18:49.366 3797 4669 I EPDG -- SIM0 [EpdgSubScription]: notifyQualifiedNetworksChange to telephony
01-09 22:18:49.366 2400 3356 D WifiService: Country code changed to :
01-09 22:18:49.366 4039 4039 I SimManagerFactory: onSubscriptionsChanged: subInfo=[SubscriptionInfo: id=3 iccId=899192230[****] simSlotIndex=0 portIndex=0 isEmbedded=false carrierId=1961 displayName=airtel carrierName= isOpportunistic=false groupUuid=null groupOwner= isGroupDisabled=false displayNameSource=SIM_SPN iconTint=-9033797 number=[****] dataRoaming=0 mcc=404 mnc=92 ehplmns=[] hplmns=[40492] cardString=899192230[****] cardId=3 nativeAccessRules=null carrierConfigAccessRules=[cert: 7170F9C35AC5966C1687372089AF55713DACC17635BAD248370DA67DDF8472B6 pkg: null access: 0, cert: FB9FD5425AB63FA933CF8125B2F3EFC0DF11F0DE0C9C01EF2F2B71A3EBD135A3 pkg: null access: 0] countryIso=in profileClass=-1 mType=LOCAL_SIM areUiccApplicationsEnabled=true usageSetting=DEFAULT]
01-09 22:18:49.366 4039 4039 I SimManagerFactory: Do not notify: SubId is not changed.
01-09 22:18:49.366 4039 4039 I SimManagerFactory: updateAdsSlot: subId:3 phoneId:0 curActiveDataPhone:0
01-09 22:18:49.366 2400 3489 D SemWifiService: Country code changed to :
01-09 22:18:49.366 2400 3489 I SemSoftApManager: setNetworkCountryCode old : null
01-09 22:18:49.367 2400 3356 D WifiCountryCode: Set telephony country code to:
01-09 22:18:49.367 3642 3642 I Telephony: TelecomAccountRegistry$TelecomAccountTelephonyCallback: onServiceStateChanged: newState=3, mServiceState=0
01-09 22:18:49.367 2400 3356 D WifiCountryCode: updateCountryCode to IN
01-09 22:18:49.367 2400 3356 D WifiCountryCode: skip update supplicant not ready yet
01-09 22:18:49.367 2400 3804 W EmergencyAffordanceService: Ignore empty countryIso report when APM is on.
01-09 22:18:49.367 3642 3642 I Telephony: TelecomAccountRegistry$AccountEntry: isRttCurrentlySupported -- regular acct,, hasVoiceAvailability: false, isRttSupported: false, alwaysAllowWhileRoaming: false, isRoaming: false, isOnWfc: false
01-09 22:18:49.367 3642 3642 D Telephony: SamsungTelephonyUIProxy: updateNetworkSelection subid : 3
01-09 22:18:49.367 3642 3642 D Telephony: SamsungTuiAsyncSendExtras: SamsungTuiAsyncSendExtras[onPreExecute] method: update_network_selection
01-09 22:18:49.368 3642 3642 D NotificationMgr: updateNetworkSelection, Use Samsung codes instead of AOSP codes
01-09 22:18:49.368 3642 11849 D Telephony: SamsungTuiAsyncSendExtras: SamsungTuiAsyncSendExtras[doInBackground] method: update_network_selection
01-09 22:18:49.368 3797 4669 I EPDG -- SIM0 [SMARTWIFI]: isL2WHandoverProfilingRunning: returning: false
01-09 22:18:49.368 3797 4669 I EPDG -- SIM0 [SMARTCELLULAR]: setLteThreshold: Good Rsrp: -105 Low Rsrp: -110 Good Rsrq: 0 Low Rsrq: 0
01-09 22:18:49.368 3797 4669 I EPDG -- SIM0 [ThrottleController]: isThrottleTimerRunning: apnType: ims. result: false
01-09 22:18:49.368 3797 4669 I EPDG -- SIM0 [EpdgSubScription]: No SM for apnType: ims
01-09 22:18:49.368 3797 4669 I EPDG -- SIM0 [EpdgSubScription]: isPdnConnectedOverCellularData: returning result: false for apnType: ims
01-09 22:18:49.368 3797 4669 I EPDG -- SIM0 [EpdgSubScription]: No SM for apnType: emergency
01-09 22:18:49.368 3797 4669 I EPDG -- SIM0 [EpdgSubScription]: isPdnConnectedOverCellularData: returning result: false for apnType: emergency
01-09 22:18:49.368 3797 4669 I EPDG -- SIM0 [EPDG-->RIL]: SEND NET REGISTER -- EPDG AVAILABLE
01-09 22:18:49.368 3797 4669 I EPDG -- SIM0 [IPCDISPATCHER]: [Tx]: Main: IPC_NET_CMD Sub: IPC_NET_REGIST Cmd Type: IPC_CMD_NOTI Param: 30 03 02 00 00 00 00 00 00 00 00 00 00 00 00 00 00 00 00 00
01-09 22:18:49.368 4050 4431 I UwbCountryCode: Ignoring already set country code: IN
01-09 22:18:49.368 3797 4669 I EPDG -- SIM0 [EpdgSubScription]: updateEpdgHoThreshold: lteRsrpRovein: 105 lteRsrpRoveout: 110 lteRsrqRovein: 255 lteRsrqRoveout: 255 lteSinrRovein: 0 lteSinrRoveout: 0 3gRscpRovein: 100 3gRscpRoveout: 110
01-09 22:18:49.368 3797 4669 I EPDG -- SIM0 [EPDG-->RIL]: SEND EPDG HANDOVER THRESHOLD -- TURN ON
01-09 22:18:49.368 3797 4669 I EPDG -- SIM0 [IPCDISPATCHER]: [Tx]: Main: IPC_NET_CMD Sub: IPC_NET_EPDG_HO_THRESHOLD Cmd Type: IPC_CMD_NOTI Param: 01 69 6E 64 6E 5F 69 00 0F 00 00 00 00 FF FF 69 6E 69 6E
01-09 22:18:49.368 3797 5477 I EPDG -- : EpdgModemSender(): send
01-09 22:18:49.369 3797 5477 I EPDG -- : EpdgModemSender(): send
01-09 22:18:49.369 2400 3356 D WifiCountryCode: setCountryCodeNative: IN, isClientModeOnly: false mDriverCountryCode: IN
01-09 22:18:49.369 4039 4039 I GeolocationCon: Received Intent : android.telephony.action.NETWORK_COUNTRY_CHANGED
01-09 22:18:49.369 2040 3271 D SemNativeCarrierFeature_vendor: getInstance
01-09 22:18:49.369 4039 4039 I GeolocationCon<0>: Network country code changed: countryIso: in
01-09 22:18:49.369 2400 5709 D PhoneRestrictionPolicy: isOperationAllowed >>> slotNum: 0 function: 1
01-09 22:18:49.369 3797 4669 I EPDG -- SIM0 [EpdgSubScription]: Wifi connected: true, Ssid changed: false
01-09 22:18:49.369 3797 4669 I EPDG -- SIM0 [EpdgSubScription]: mWifiRssiA :-70 mWifiRssiB:-80 mWifiRssiC:0 mWifiRssiRoveInWifiOnly:0 mWifiRssiRoveOutWifiOnly:0 mWifiRssiRoveInVoice:0 mLteRsrp1:-110 mLteRsrp2:0 mLteRsrp3:-105 mNrRsrp1:0 mNrRsrp2:0 mNrRsrp3:0
01-09 22:18:49.369 3797 4669 I EPDG -- SIM0 [EpdgSubScription]: TimerStatus :
01-09 22:18:49.369 3797 4669 I EPDG -- SIM0 [EpdgSubScription]: retryL2WHandoverIfRequired(): apnType: ims networkType: 11
01-09 22:18:49.369 3797 4669 I EPDG -- SIM0 [UTILS]: isAlwaysOnApn(): result is: true
01-09 22:18:49.369 3797 4669 I EPDG -- SIM0 [EpdgSubScription]: getIsAirplaneMode: returning: true
01-09 22:18:49.369 3797 4669 I EPDG -- SIM0 [PolicyMgr]: isL2WRecommended(): Airplane mode ON
01-09 22:18:49.369 3797 4669 I EPDG -- SIM0 [PolicyMgr]: [HO_OPTIMIZATION]isL2WRecommended(): result is: true
01-09 22:18:49.369 3797 4669 I EPDG -- SIM0 [EpdgSubScription]: isOngoingConnectionOverWifi: returning result: falseConnected Check : true
01-09 22:18:49.369 3797 4669 I EPDG -- SIM0 [EpdgSubScription]: Firing L2W handover
01-09 22:18:49.369 3797 4669 I EPDG -- SIM0 [EpdgSubScription]: [HANDOFF]Cannot trigger L2W HO: (AP ASSIST MODE) : 11
01-09 22:18:49.369 9555 9567 I InternalContentProvider: update_network_selection null
01-09 22:18:49.370 9555 9567 I InternalContentProvider: Take CarrierUiCallFunctions
01-09 22:18:49.370 9555 9567 I CarrierUiCallFunctions: call update_network_selection null Bundle[mParcelledData.dataSize=28]
01-09 22:18:49.370 3797 4669 I EPDG -- SIM0 [ThrottleController]: isThrottleTimerRunning: apnType: ims. result: false
01-09 22:18:49.370 3797 4669 I EPDG -- SIM0 [PolicyMgr]: getApnRatPolicy: default,idle only LTE is allowed RAT
01-09 22:18:49.370 3797 4669 I EPDG -- SIM0 [PolicyMgr]: getApnRatPolicy: default,idle result=LTE
01-09 22:18:49.370 3797 4669 I EPDG -- SIM0 [PolicyMgr]: getApnRatPolicy: mms,idle only LTE is allowed RAT
01-09 22:18:49.370 3797 4669 I EPDG -- SIM0 [PolicyMgr]: getApnRatPolicy: mms,idle result=LTE
01-09 22:18:49.370 3797 4669 I EPDG -- SIM0 [PolicyMgr]: getApnRatPolicy: supl,idle only LTE is allowed RAT
01-09 22:18:49.370 3797 4669 I EPDG -- SIM0 [PolicyMgr]: getApnRatPolicy: supl,idle result=LTE
01-09 22:18:49.370 3797 4669 I EPDG -- SIM0 [PolicyMgr]: getApnRatPolicy: dun,idle only LTE is allowed RAT
01-09 22:18:49.370 3797 4669 I EPDG -- SIM0 [PolicyMgr]: getApnRatPolicy: dun,idle result=LTE
01-09 22:18:49.370 3797 4669 I EPDG -- SIM0 [PolicyMgr]: getApnRatPolicy: hipri,idle only LTE is allowed RAT
01-09 22:18:49.370 3797 4669 I EPDG -- SIM0 [PolicyMgr]: getApnRatPolicy: hipri,idle result=LTE
01-09 22:18:49.370 3797 4669 I EPDG -- SIM0 [PolicyMgr]: getApnRatPolicy: fota,idle only LTE is allowed RAT
01-09 22:18:49.370 3797 4669 I EPDG -- SIM0 [PolicyMgr]: getApnRatPolicy: fota,idle result=LTE
01-09 22:18:49.370 3797 4669 I EPDG -- SIM0 [EpdgSubScription]: getIsAirplaneMode: returning: true
01-09 22:18:49.370 3797 4669 I EPDG -- SIM0 [PolicyMgr]: getApnRatPolicy: ims,idle Airplanemode not support
01-09 22:18:49.370 3797 4669 I EPDG -- SIM0 [PolicyMgr]: getApnRatPolicy: ims,idle result=LTE
01-09 22:18:49.370 3797 4669 I EPDG -- SIM0 [PolicyMgr]: getApnRatPolicy: cbs,idle only LTE is allowed RAT
01-09 22:18:49.370 3797 4669 I EPDG -- SIM0 [PolicyMgr]: getApnRatPolicy: cbs,idle result=LTE
01-09 22:18:49.370 3797 4669 I EPDG -- SIM0 [PolicyMgr]: getApnRatPolicy: ia,idle only LTE is allowed RAT
01-09 22:18:49.370 3797 4669 I EPDG -- SIM0 [PolicyMgr]: getApnRatPolicy: ia,idle result=LTE
01-09 22:18:49.370 3797 4669 I EPDG -- SIM0 [PolicyMgr]: getApnRatPolicy: emergency,idle only LTE is allowed RAT
01-09 22:18:49.370 3797 4669 I EPDG -- SIM0 [PolicyMgr]: getApnRatPolicy: emergency,idle result=LTE
01-09 22:18:49.370 3797 4669 I EPDG -- SIM0 [PolicyMgr]: getApnRatPolicy: mcx,idle only LTE is allowed RAT
01-09 22:18:49.370 3797 4669 I EPDG -- SIM0 [PolicyMgr]: getApnRatPolicy: mcx,idle result=LTE
01-09 22:18:49.370 3797 4669 I EPDG -- SIM0 [PolicyMgr]: getApnRatPolicy: xcap,idle only LTE is allowed RAT
01-09 22:18:49.370 3797 4669 I EPDG -- SIM0 [PolicyMgr]: getApnRatPolicy: xcap,idle result=LTE
01-09 22:18:49.370 3797 4669 I EPDG -- SIM0 [EpdgSubScription]: getHandoverEnableSetting: true
01-09 22:18:49.370 5050 5205 D OsAgentAidlClient: [string_dataitem_update][1789] [HC] =>> [HS]
01-09 22:18:49.371 3797 4669 I EPDG -- SIM0 [UTILS]: getSubIdFromSpecifier() : specifier null
01-09 22:18:49.371 3797 4669 I EPDG -- SIM0 [UTILS]: getSubIdFromSpecifier() : return : 3
01-09 22:18:49.371 3797 4669 I EPDG -- SIM0 [UTILS]: getNetworkForType: subIdFromSpecifier: 3
01-09 22:18:49.371 3797 4669 I EPDG -- SIM0 [UTILS]: getNetworkForType: returning null
01-09 22:18:49.371 3797 4669 I EPDG -- SIM0 [EpdgSubScription]: notifyQualifiedNetworksChange to telephony
01-09 22:18:49.371 3797 4669 I EPDG -- SIM0 [EpdgHandoverHandler]: notifyEpdgAvailability as: true
01-09 22:18:49.371 3797 4669 I EPDG -- SIM0 [EpdgContentObserver]: DB changed : content://mapconprovider/mapcon/mapcontable
01-09 22:18:49.371 3797 4669 I EPDG -- SIM0 [IPSECDATACONNSM][0]: InactiveState[ ] Event: WIFI_STATUS_CHANGED
01-09 22:18:49.371 3797 4669 I EPDG -- SIM0 [IPSECDATACONNSM][1]: InactiveState[ ] Event: WIFI_STATUS_CHANGED
01-09 22:18:49.371 3797 4669 I EPDG -- SIM0 [IPSECDATACONNSM][2]: InactiveState[ ] Event: WIFI_STATUS_CHANGED
01-09 22:18:49.371 3797 4669 I EPDG -- SIM0 [IPSECDATACONNSM][3]: InactiveState[ ] Event: WIFI_STATUS_CHANGED
01-09 22:18:49.371 7169 7201 I ORC/MultiSimManager: updateSimCount() = 1
01-09 22:18:49.371 3797 4669 I EPDG -- SIM0 [IPSECDATACONNSM][4]: InactiveState[ ] Event: WIFI_STATUS_CHANGED
01-09 22:18:49.371 7169 7201 I ORC/MultiSimManager: updateMultiSimState() Before : sIsSim1Active = true, sIsSim2Active = false
01-09 22:18:49.371 3797 4669 I EPDG -- SIM0 [IPSECDATACONNSM][5]: InactiveState[ ] Event: WIFI_STATUS_CHANGED
01-09 22:18:49.371 3797 4669 I EPDG -- SIM0 [IPSECDATACONNSM][6]: InactiveState[ ] Event: WIFI_STATUS_CHANGED
01-09 22:18:49.371 3797 4669 I EPDG -- SIM0 [IPSECDATACONNSM][7]: InactiveState[ ] Event: WIFI_STATUS_CHANGED
01-09 22:18:49.371 3797 4669 I EPDG -- SIM0 [IPSECDATACONNSM][8]: InactiveState[ ] Event: WIFI_STATUS_CHANGED
01-09 22:18:49.371 3797 4669 I EPDG -- SIM0 [IPSECDATACONNSM][9]: InactiveState[ ] Event: WIFI_STATUS_CHANGED
01-09 22:18:49.371 3797 4669 I EPDG -- SIM0 [IPSECDATACONNSM][10]: InactiveState[ ] Event: WIFI_STATUS_CHANGED
01-09 22:18:49.371 3797 4669 I EPDG -- SIM0 [IPSECDATACONNSM][11]: InactiveState[ ] Event: WIFI_STATUS_CHANGED
01-09 22:18:49.371 3797 4669 I EPDG -- SIM0 [IPSECDATACONNSM][12]: InactiveState[ ] Event: WIFI_STATUS_CHANGED
01-09 22:18:49.371 3797 4669 I EPDG -- SIM0 [IPSECDATACONNSM][13]: InactiveState[ ] Event: WIFI_STATUS_CHANGED
01-09 22:18:49.371 3797 4669 I EPDG -- SIM0 [IPSECDATACONNSM][14]: InactiveState[ ] Event: WIFI_STATUS_CHANGED
01-09 22:18:49.371 3797 4669 I EPDG -- SIM0 [IPSECDATACONNSM][15]: InactiveState[ ] Event: WIFI_STATUS_CHANGED
01-09 22:18:49.371 3797 4669 I EPDG -- SIM0 [IPSECDATACONNSM][16]: InactiveState[ ] Event: WIFI_STATUS_CHANGED
01-09 22:18:49.371 3797 4669 I EPDG -- SIM0 [IPSECDATACONNSM][17]: InactiveState[ ] Event: WIFI_STATUS_CHANGED
01-09 22:18:49.371 3797 4669 I EPDG -- SIM0 [IPSECDATACONNSM][18]: InactiveState[ ] Event: WIFI_STATUS_CHANGED
01-09 22:18:49.371 3797 4669 I EPDG -- SIM0 [IPSECDATACONNSM][19]: InactiveState[ ] Event: WIFI_STATUS_CHANGED
01-09 22:18:49.371 3797 4669 I EPDG -- SIM0 [IPSECDATACONNSM][20]: InactiveState[ ] Event: WIFI_STATUS_CHANGED
01-09 22:18:49.371 3797 4669 I EPDG -- SIM0 [IPSECDATACONNSM][21]: InactiveState[ ] Event: WIFI_STATUS_CHANGED
01-09 22:18:49.371 3797 4669 I EPDG -- SIM0 [IPSECDATACONNSM][22]: InactiveState[ ] Event: WIFI_STATUS_CHANGED
01-09 22:18:49.371 3797 4669 I EPDG -- SIM0 [IPSECDATACONNSM][23]: InactiveState[ ] Event: WIFI_STATUS_CHANGED
01-09 22:18:49.371 3797 4669 I EPDG -- SIM0 [IPSECDATACONNSM][24]: InactiveState[ ] Event: WIFI_STATUS_CHANGED
01-09 22:18:49.371 3797 4669 I EPDG -- SIM0 [IPSECDATACONNSM][25]: InactiveState[ ] Event: WIFI_STATUS_CHANGED
01-09 22:18:49.371 3797 4669 I EPDG -- SIM0 [IPSECDATACONNSM][26]: InactiveState[ ] Event: WIFI_STATUS_CHANGED
01-09 22:18:49.371 3797 4669 I EPDG -- SIM0 [IPSECDATACONNSM][27]: InactiveState[ ] Event: WIFI_STATUS_CHANGED
01-09 22:18:49.371 3797 4669 I EPDG -- SIM0 [IPSECDATACONNSM][28]: InactiveState[ ] Event: WIFI_STATUS_CHANGED
01-09 22:18:49.371 3797 4669 I EPDG -- SIM0 [IPSECDATACONNSM][29]: InactiveState[ ] Event: WIFI_STATUS_CHANGED
01-09 22:18:49.371 3797 5807 I EPDG -- [MAPCON]: createMapconTable : AIRTEL_IN
01-09 22:18:49.371 3797 4670 I EPDG -- SIM0 [EpdgHandoverHandler]: [EpdgHandoverHandler : MSG_EPDG_AVAILABILITY (1)] isAvailable : 1 / physicalInterface : 1
01-09 22:18:49.372 3642 3642 D NotificationMgr: updateNetworkSelection, Use Samsung codes instead of AOSP codes
01-09 22:18:49.372 3797 5807 I EPDG -- SIM0 [MapconTable]: apnType: ims rat: IWLAN
01-09 22:18:49.372 3797 5807 I EPDG -- SIM0 [MapconTable]: apnType: ims rat: LTE
01-09 22:18:49.372 3797 5807 I EPDG -- SIM0 [MapconTable]: apnType: mms rat: LTE
01-09 22:18:49.372 3797 5807 I EPDG -- SIM0 [MapconTable]: apnType: xcap rat: LTE
01-09 22:18:49.372 3797 5807 I EPDG -- SIM0 [MapconTable]: apnType: cbs rat: LTE
01-09 22:18:49.372 3797 5807 I EPDG -- SIM0 [MapconTable]: apnType: emergency rat: LTE
01-09 22:18:49.372 3797 5807 I EPDG -- SIM0 [MapconTable]: apnType: default rat: LTE
01-09 22:18:49.372 3797 5807 I EPDG -- SIM0 [MapconTable]: apnType: hipri rat: LTE
01-09 22:18:49.372 3797 5807 I EPDG -- SIM0 [MapconTable]: apnType: supl rat: LTE
01-09 22:18:49.372 3797 5807 I EPDG -- SIM0 [MapconTable]: apnType: dun rat: LTE
01-09 22:18:49.373 3797 4669 I EPDG -- SIM0 [EpdgHandler]: Event received: MAPCON_CHANGED cid - 0
01-09 22:18:49.374 3797 4669 I EPDG -- SIM0 [UTILS]: getSubIdFromSpecifier() : specifier null
01-09 22:18:49.374 3797 4669 I EPDG -- SIM0 [UTILS]: getSubIdFromSpecifier() : return : 3
01-09 22:18:49.374 3797 4669 I EPDG -- SIM0 [UTILS]: isWifiConnected: [type: WIFI[], state: CONNECTED/CONNECTED, reason: (unspecified), extra: , failover: false, available: true, roaming: false]
01-09 22:18:49.374 3797 4669 I EPDG -- SIM0 [EpdgSubScription]: set mapcon prop - default;L;mms;L;supl;L;dun;L;hipri;L;ims;W:L;cbs;L;emergency;L;xcap;L
01-09 22:18:49.374 3797 4669 I EPDG -- SIM0 [EPDG-->RIL]: EpdgMapconInfo: (64,)
01-09 22:18:49.374 3797 4669 I EPDG -- SIM0 [EPDG-->RIL]: New EpdgMapconInfo: (64,)
01-09 22:18:49.374 3797 4669 I EPDG -- SIM0 [IPCDISPATCHER]: [Tx]: Main: IPC_IIL_CMD Sub: IPC_IIL_EPDG_MAPCON Cmd Type: IPC_CMD_NOTI Param: 40 00 00 00 05 05 05 05 05 05 01 05 05 05 05 05
01-09 22:18:49.374 3642 3968 D Telephony: SamsungTuiCallFunctions: getSimApplicationState() simState= 10
01-09 22:18:49.374 3797 4669 I EPDG -- SIM0 [ThrottleController]: isThrottleTimerRunning: apnType: ims. result: false
01-09 22:18:49.374 3797 4669 I EPDG -- SIM0 [PolicyMgr]: getApnRatPolicy: default,idle only LTE is allowed RAT
01-09 22:18:49.374 3797 4669 I EPDG -- SIM0 [PolicyMgr]: getApnRatPolicy: default,idle result=LTE
01-09 22:18:49.374 3797 4669 I EPDG -- SIM0 [PolicyMgr]: getApnRatPolicy: mms,idle only LTE is allowed RAT
01-09 22:18:49.374 3797 4669 I EPDG -- SIM0 [PolicyMgr]: getApnRatPolicy: mms,idle result=LTE
01-09 22:18:49.374 3797 4669 I EPDG -- SIM0 [PolicyMgr]: getApnRatPolicy: supl,idle only LTE is allowed RAT
01-09 22:18:49.374 3797 4669 I EPDG -- SIM0 [PolicyMgr]: getApnRatPolicy: supl,idle result=LTE
01-09 22:18:49.374 3797 4669 I EPDG -- SIM0 [PolicyMgr]: getApnRatPolicy: dun,idle only LTE is allowed RAT
01-09 22:18:49.374 3797 5477 I EPDG -- : EpdgModemSender(): send
01-09 22:18:49.374 3797 4669 I EPDG -- SIM0 [PolicyMgr]: getApnRatPolicy: dun,idle result=LTE
01-09 22:18:49.374 3797 4669 I EPDG -- SIM0 [PolicyMgr]: getApnRatPolicy: hipri,idle only LTE is allowed RAT
01-09 22:18:49.374 3797 4669 I EPDG -- SIM0 [PolicyMgr]: getApnRatPolicy: hipri,idle result=LTE
01-09 22:18:49.374 3797 4669 I EPDG -- SIM0 [PolicyMgr]: getApnRatPolicy: fota,idle only LTE is allowed RAT
01-09 22:18:49.374 9555 9555 I SepApiMethodCall: method:getSimApplicationState result:10 success:true error:null
01-09 22:18:49.374 3797 4669 I EPDG -- SIM0 [PolicyMgr]: getApnRatPolicy: fota,idle result=LTE
01-09 22:18:49.374 9555 9555 I FT.TuiUtilFeature: isFirstBootInTss : true isTSSActivated : true
01-09 22:18:49.374 3797 4669 I EPDG -- SIM0 [EpdgSubScription]: getIsAirplaneMode: returning: true
01-09 22:18:49.374 3797 4669 I EPDG -- SIM0 [PolicyMgr]: getApnRatPolicy: ims,idle Airplanemode not support
01-09 22:18:49.374 3797 4669 I EPDG -- SIM0 [PolicyMgr]: getApnRatPolicy: ims,idle result=LTE
01-09 22:18:49.374 9555 9555 I UT.TelephonyUtils: getPhoneId : subId = 3
01-09 22:18:49.374 3797 4669 I EPDG -- SIM0 [PolicyMgr]: getApnRatPolicy: cbs,idle only LTE is allowed RAT
01-09 22:18:49.374 3797 4669 I EPDG -- SIM0 [PolicyMgr]: getApnRatPolicy: cbs,idle result=LTE
01-09 22:18:49.374 3797 4669 I EPDG -- SIM0 [PolicyMgr]: getApnRatPolicy: ia,idle only LTE is allowed RAT
01-09 22:18:49.374 3797 4669 I EPDG -- SIM0 [PolicyMgr]: getApnRatPolicy: ia,idle result=LTE
01-09 22:18:49.374 3797 4669 I EPDG -- SIM0 [PolicyMgr]: getApnRatPolicy: emergency,idle only LTE is allowed RAT
01-09 22:18:49.374 3797 4669 I EPDG -- SIM0 [PolicyMgr]: getApnRatPolicy: emergency,idle result=LTE
01-09 22:18:49.374 3797 4669 I EPDG -- SIM0 [PolicyMgr]: getApnRatPolicy: mcx,idle only LTE is allowed RAT
01-09 22:18:49.374 3797 4669 I EPDG -- SIM0 [PolicyMgr]: getApnRatPolicy: mcx,idle result=LTE
01-09 22:18:49.374 3797 4669 I EPDG -- SIM0 [PolicyMgr]: getApnRatPolicy: xcap,idle only LTE is allowed RAT
01-09 22:18:49.374 3797 4669 I EPDG -- SIM0 [PolicyMgr]: getApnRatPolicy: xcap,idle result=LTE
01-09 22:18:49.374 3797 4669 I EPDG -- SIM0 [EpdgSubScription]: getHandoverEnableSetting: true
01-09 22:18:49.375 3797 4669 I EPDG -- SIM0 [UTILS]: getSubIdFromSpecifier() : specifier null
01-09 22:18:49.375 7169 7201 I ORC/MultiSimManager: isSimActive() : simSlot = 0, simActive = true
01-09 22:18:49.375 3797 4669 I EPDG -- SIM0 [UTILS]: getSubIdFromSpecifier() : return : 3
01-09 22:18:49.375 3797 4669 I EPDG -- SIM0 [UTILS]: getNetworkForType: subIdFromSpecifier: 3
01-09 22:18:49.375 3797 4669 I EPDG -- SIM0 [UTILS]: getNetworkForType: returning null
01-09 22:18:49.375 3797 4669 I EPDG -- SIM0 [EpdgSubScription]: notifyQualifiedNetworksChange to telephony
01-09 22:18:49.375 3797 4669 I EPDG -- SIM0 [SMARTWIFI]: Profiling stopped
01-09 22:18:49.375 3797 4669 I EPDG -- SIM0 [SMARTWIFI]: setHandoverThresholdMet: set to: false
01-09 22:18:49.375 3797 4669 I EPDG -- SIM0 [SMARTWIFI]: setW2LHandoverForWeakWiFiSignal: set to false
01-09 22:18:49.375 3797 4669 I EPDG -- SIM0 [SMARTWIFI]: setResultOfRunnableForCannotSwitchToWifi: set to false
01-09 22:18:49.375 3797 4669 I EPDG -- SIM0 [NetController]: getMobleDataState mIsPhoneStateListenerRegistered : true
01-09 22:18:49.375 3797 4669 I EPDG -- SIM0 [SMARTCELLULAR]: Stop cellular profiling called, is profiling running: true
01-09 22:18:49.375 3797 4669 I EPDG -- SIM0 [SMARTCELLULAR]: unregisterTelephonyCallback false
01-09 22:18:49.375 3797 4669 I EPDG -- SIM0 [SMARTCELLULAR]: Lte Profiling stopped
01-09 22:18:49.375 3797 4669 I EPDG -- SIM0 [NetController]: getIsRssiDisabledForProfiling: returning: true
01-09 22:18:49.375 3797 4669 I EPDG -- SIM0 [EpdgSubScription]: getWifiThreshold() disableRSSI : true
01-09 22:18:49.376 3797 4669 I EPDG -- SIM0 [SMARTWIFI]: Profiling started, Threshold is set at -100Db and level is: 0
01-09 22:18:49.376 3642 3970 D PhoneInterfaceManager: setDataEnabledForReason() Reason=1 Pid=2400 App=system
01-09 22:18:49.376 3797 4669 I EPDG -- SIM0 [UTILS]: getSubIdFromSpecifier() : specifier null
01-09 22:18:49.376 3797 4669 I EPDG -- SIM0 [UTILS]: getSubIdFromSpecifier() : return : 3
01-09 22:18:49.376 3642 3642 I TelephonyProvider: D/TelephonyProvider: URL_TELEPHONY uid = 1001, pid= 3642
01-09 22:18:49.376 3797 4669 I EPDG -- SIM0 [UTILS]: isWifiConnected: [type: WIFI[], state: CONNECTED/CONNECTED, reason: (unspecified), extra: , failover: false, available: true, roaming: false]
01-09 22:18:49.376 7169 7201 I ORC/MultiSimManager: isSimActive() : simSlot = 1, simActive = false
01-09 22:18:49.376 7169 7201 I ORC/MultiSimManager: updateMultiSimState() sIsSim1ActiveWhenNotCalling = true, sIsSim2ActiveWhenNotCalling = false
01-09 22:18:49.376 7169 7201 I ORC/MultiSimManager: updateMultiSimState() not in call sIsSim1Active and sIsSim2Active set TRUE
01-09 22:18:49.376 7169 7201 I ORC/MultiSimManager: updateMultiSimState() After : sIsSim1Active = true, sIsSim2Active = false
01-09 22:18:49.376 7169 7201 I ORC/MultiSimManager: updateSimState() : sSimSlotCount = 2
01-09 22:18:49.376 7169 7169 I ORC/MultiSimManager: onSubscriptionsChanged
01-09 22:18:49.376 9555 9555 I FT.SimUtilFeature: isSimReady[slot1]: false
01-09 22:18:49.378 3797 4669 I EPDG -- SIM0 [SMARTWIFI]: mCaptiveAuthenticated : false
01-09 22:18:49.378 3797 4669 I EPDG -- SIM0 [SMARTWIFI]: mCaptiveAuthenticated : false
01-09 22:18:49.378 3797 4669 I EPDG -- SIM0 [SMARTWIFI]: unable to find status about connected wifi
