01-09 22:18:50.776 2400 3813 D SLocation: LocationProviderStatus - gps & nlp status not changed
01-09 22:18:50.776 2400 3813 D SLocation: GeopointReceiver - PendingIntent onSendFinished id:13
01-09 22:18:50.776 2400 3813 D SLocation: GeofenceCoreManager - geofence core command pending size : 6
01-09 22:18:50.776 2400 3813 D SLocation: GeofenceCoreManager - registerSLocationCore geofence
01-09 22:18:50.776 2400 3813 D SLocation: GeofenceCoreManager - geofence core command pending size : 5
01-09 22:18:50.776 2400 3813 D SLocation: GeofenceCoreRecovery - storeGeofenceInfo 1 id = 13, radius = 550
01-09 22:18:50.776 2400 3813 D SLocation: SLocationCoreSem - send to coreSem, packet length : 16 / [16, 0, 13, 11, 82, 218, 24, 43, 149, 112, 83, 0, 0, 2, 38, 1]
01-09 22:18:50.776 2400 3813 D SemContextLocationCoreAttribute: setAttribute() mode : 0 action : 23
01-09 22:18:50.776 2400 3813 D SemContextService: lock : changeParameters
01-09 22:18:50.776 2400 3813 D SemContext.CaeProvider.LocationCoreImpl: setAttribute() mode : 0 action : 23
01-09 22:18:50.776 2400 3813 W CAE : setCAProperty(ContextAwareService.java:509) - [setProperty 01] Mutex is locked for SLOCATION_RUNNER
01-09 22:18:50.776 2400 3813 I CAE : setPropertyValue(SLocationRunner.java:116) - SLocationRunner setProperty header : 16, len : 16
01-09 22:18:50.776 2400 2400 D SLocation: DeviceStatusNotiManager - broadcastReceiver.onReceive start 1065978
01-09 22:18:50.776 2400 2400 D SLocation: DeviceStatusNotiManager - broadcastReceiver.onReceive end 1065978
01-09 22:18:50.776 2400 3347 D SensorService: setSContextDataLocked ints length 6 , byte length 19
01-09 22:18:50.776 2400 3347 D SensorService: setSContextDataLocked 103717c1
01-09 22:18:50.776 1507 1507 I sensors-hal: inject_sensor_data:407, handle 1501 send inject
01-09 22:18:50.776 1507 1507 I sensors-hal: sendContextData:288, sensor hal 19, (0xc1, 0x17, 0x37, 0x10)
01-09 22:18:50.776 1507 1507 E sensors-hal: sendContextData:133, slocationcore h 193 m 23 s 55
01-09 22:18:50.776 1507 1507 I sensors-hal: sendUserData:119, slocationcore sendUserData
01-09 22:18:50.777 1507 1507 E sensors-hal: create_send_context_data:64, slocationcore create_send_context_data
01-09 22:18:50.777 1507 1507 I sensors-hal: send_context_data:694, slocationcore, 4986366670857974562, 1320970896291267344, msgid:700
01-09 22:18:50.777 1500 1523 D vendor.qti.hardware.bttpi-impl: setAirplaneMode: state:0
01-09 22:18:50.777 1500 1523 D vendor.qti.hardware.bttpi-impl: sendDataToController:
01-09 22:18:50.777 1500 1523 D vendor.qti.hardware.bttpi-impl: sendDataToController: sending VS cmd, starting timer
01-09 22:18:50.777 1500 1523 D vendor.qti.hardware.bttpi-impl: BtTpiTimerStart: is_timer_created=1
01-09 22:18:50.777 1500 1523 D vendor.qti.bluetooth@1.1-data_handler: SendBtTpiData
01-09 22:18:50.777 1500 1523 D vendor.qti.bluetooth@1.1-data_handler: isProtocolInitialized:
01-09 22:18:50.777 1500 1523 I vendor.qti.bluetooth@1.1-data_handler: isProtocolInitialized: status:1
01-09 22:18:50.777 1500 1523 D vendor.qti.bluetooth@1.1-ibs_handler: SerialClockVote: vote for UART CLK ON
01-09 22:18:50.777 2400 3540 D WifiConnectivityMonitor: Update Wcm settings CurrentState=com.samsung.android.server.wifi.SemWifiConnectivityMonitor$ValidNonSwitchableState@1a2302f
01-09 22:18:50.777 2400 2400 D SemWifiApIntentHandler: rcvd:android.intent.action.AIRPLANE_MODE
01-09 22:18:50.777 2400 3490 D SemSoftApManager: isAirplaneMode:false
01-09 22:18:50.777 2400 3490 I SemSoftApManager: CMD_AIRPLANE_TOGGLED false,isMobileApOn():falsegetWifiSavedState 0
01-09 22:18:50.777 2400 3490 D SemWifiApSmartClient: isAirplaneMode:false
01-09 22:18:50.777 2400 3490 D SemWifiApSmartD2DMHS: isAirplaneMode:false
01-09 22:18:50.777 2400 3490 D SemWifiApSmartBleScanner: isAirplaneMode:false
01-09 22:18:50.778 2400 3490 I SemWifiApSmartBleScanner: AirplaneMode changed. sendBroadcastForMDE
01-09 22:18:50.778 2400 3490 D SemWifiApSmartD2DClient: isAirplaneMode:false
01-09 22:18:50.778 2400 2400 D KNOX_MDM_SettingsProvider: isChangeAllowed() : name = wifi_on
01-09 22:18:50.778 2400 11904 W ContextImpl: Calling a method in the system process without a qualified user: android.app.ContextImpl.sendBroadcast:1281 com.samsung.android.server.wifi.ap.SemWifiApUtils$2.run:24 java.lang.Thread.run:1012
01-09 22:18:50.778 2400 11904 E ActivityManager: Sending non-protected broadcast com.samsung.intent.action.MDE_SUGGESTION_NOTIFY from system 2400:system/1000 pkg android
01-09 22:18:50.778 2400 11904 E ActivityManager: java.lang.Throwable
01-09 22:18:50.778 2400 11904 E ActivityManager: at com.android.server.am.ActivityManagerService.checkBroadcastFromSystem(ActivityManagerService.java:17011)
01-09 22:18:50.778 2400 11904 E ActivityManager: at com.android.server.am.ActivityManagerService.broadcastIntentLockedTraced(ActivityManagerService.java:17956)
01-09 22:18:50.778 2400 11904 E ActivityManager: at com.android.server.am.ActivityManagerService.broadcastIntentLocked(ActivityManagerService.java:17099)
01-09 22:18:50.778 2400 11904 E ActivityManager: at com.android.server.am.ActivityManagerService.broadcastIntentLocked(ActivityManagerService.java:17076)
01-09 22:18:50.778 2400 11904 E ActivityManager: at com.android.server.am.ActivityManagerService.broadcastIntentWithFeature(ActivityManagerService.java:18183)
01-09 22:18:50.778 2400 11904 E ActivityManager: at android.app.ContextImpl.sendBroadcast(ContextImpl.java:1285)
01-09 22:18:50.778 2400 11904 E ActivityManager: at com.samsung.android.server.wifi.ap.SemWifiApUtils$2.run(SemWifiApUtils.java:24)
01-09 22:18:50.778 2400 11904 E ActivityManager: at java.lang.Thread.run(Thread.java:1012)
01-09 22:18:50.778 2400 3813 W CAE : setCAProperty(ContextAwareService.java:515) - [setProperty 02] Mutex is unlocked for SLOCATION_RUNNER
01-09 22:18:50.778 2400 3813 D SemContextService: unlock : changeParameters
01-09 22:18:50.778 2400 3813 D SemContextManager: .changeParameters : listener = t0.e@779cc16, service=SLocation Core
01-09 22:18:50.778 2400 3813 D SLocation: GeofenceCoreManager - geofence core command pending size : 4
01-09 22:18:50.778 2400 3813 D SLocation: GeofenceCoreManager - geofence core command pending size : 3
01-09 22:18:50.778 2400 3813 D SLocation: GeofenceCoreRecovery - storeGeofenceInfo 1 id = 14, radius = 500
01-09 22:18:50.778 2400 3813 D SLocation: SLocationCoreSem - send to coreSem, packet length : 16 / [16, 0, 14, 11, 99, 223, 130, 43, 130, 179, 24, 0, 0, 1, 244, 2]
01-09 22:18:50.778 2400 3813 D SemContextLocationCoreAttribute: setAttribute() mode : 0 action : 23
01-09 22:18:50.778 2400 3813 D SemContextService: lock : changeParameters
01-09 22:18:50.778 2400 3813 D SemContext.CaeProvider.LocationCoreImpl: setAttribute() mode : 0 action : 23
01-09 22:18:50.778 2400 3813 W CAE : setCAProperty(ContextAwareService.java:509) - [setProperty 01] Mutex is locked for SLOCATION_RUNNER
01-09 22:18:50.778 1507 3343 I sensors-hal: qsh_conn_resp_cb:930, resp_value = 0 for slocationcore
01-09 22:18:50.778 2400 3813 I CAE : setPropertyValue(SLocationRunner.java:116) - SLocationRunner setProperty header : 16, len : 16
01-09 22:18:50.779 1507 3343 I sensors-hal: qsh_conn_event_cb:890, event[0] sensor:slocationcore Wakeup, msg_id=1025, ts=20747760468
01-09 22:18:50.779 1507 3343 E sensors-hal: handle_sns_client_event:78, slocationcore_event: msgid:1025
01-09 22:18:50.779 4021 9891 I txpwradmin:SettingsObserver: onChange for uri = content://settings/global/wifi_on
01-09 22:18:50.779 3797 4669 W Settings: Setting wifi_on has moved from android.provider.Settings.System to android.provider.Settings.Secure, returning read-only value.
01-09 22:18:50.779 3797 4669 W Settings: Setting wifi_on has moved from android.provider.Settings.Secure to android.provider.Settings.Global.
01-09 22:18:50.780 3797 4669 I EPDG -- [EpdgSettingObserver]: EpdgSettingObserver - wifi on changed 1
01-09 22:18:50.780 4021 9891 D txpwrJni: sendRadioStatus start
01-09 22:18:50.780 1500 1523 D vendor.qti.bluetooth@1.1-wake_lock: Acquire wakelock is acquired
01-09 22:18:50.780 1500 1523 I vendor.qti.bluetooth@1.1-ibs_handler: DeviceWakeUp: Writing IBS_WAKE_IND
01-09 22:18:50.780 4893 5021 I SettingsObserver_FLP: WIFI setting is changed to 1
01-09 22:18:50.780 4893 5021 I NetworkManager_FLP: Success to add new network info by settingChanged, Service=3 / Network=UNKNOWN(band=0, ch=2147483647) / MobileData=false, roaming=false / WIFI=true, conn=true / BT=true, conn=false
01-09 22:18:50.780 1507 3343 I sensors-hal: qsh_conn_event_cb:890, event[0] sensor:slocationcore Wakeup, msg_id=1025, ts=20747760783
01-09 22:18:50.780 1507 3343 E sensors-hal: handle_sns_client_event:78, slocationcore_event: msgid:1025
01-09 22:18:50.780 4039 4638 E RegiObsMgr: onChange: content://settings/global/wifi_on => match [-1]
01-09 22:18:50.780 5631 12492 W MediaProvider: isAppCloneUserPair for user 0: false
01-09 22:18:50.781 2400 3540 D WifiConnectivityMonitor: change TrafficStatsCallback interval by turning off airplane mode
01-09 22:18:50.781 2400 3540 D WifiConnectivityMonitor: mPoorNetworkDetectionEnabled/mUIEnabled : true/true
01-09 22:18:50.781 2400 3540 D KNOX_MDM_SettingsProvider: isChangeAllowed() : name = network_avoid_bad_wifi
01-09 22:18:50.781 2400 3538 D SemWifiTransportLayerNotificationManager: showTcpMonitorSuggestionNotification: false, null
01-09 22:18:50.781 2400 3538 D SemWifiTransportLayerNotificationManager: showTcpMonitorHeadUpNotification: false, 0, null
01-09 22:18:50.781 2400 3538 D SemWifiTransportLayerNotificationManager: showTcpMonitorNotification: false, 0, null
01-09 22:18:50.781 3642 3642 I PhoneGlobals: PhoneAppBroadcastReceiver. action: android.intent.action.AIRPLANE_MODE
01-09 22:18:50.781 2400 3540 I WifiConnectivityMonitor: determineMode : MODE_AGG_BY_QAI_1
01-09 22:18:50.782 2400 3540 D WifiConnectivityMonitor: ValidSwitchableState enter
01-09 22:18:50.782 2400 3540 D WifiConnectivityMonitor: Level1State enter
01-09 22:18:50.782 3642 3642 I PhoneGlobals: Turning radio on - airplane
01-09 22:18:50.782 2400 3540 D WifiConnectivityMonitor.WifiScoreMediator: Set Wifi network that it can be default network
01-09 22:18:50.782 2400 5709 D KNOX_MDM_SettingsProvider: isChangeAllowed() : name = cell_on
01-09 22:18:50.782 2400 3540 W ContextImpl: Calling a method in the system process without a qualified user: android.app.ContextImpl.sendBroadcast:1281 com.samsung.android.server.wifi.SemWifiConnectivityMonitor.sendBroadcastWCMTestResult:4 com.samsung.android.server.wifi.SemWifiConnectivityMonitor.setWifiScoreAndIcon:2 com.samsung.android.server.wifi.SemWifiConnectivityMonitor.setWifiScoreAndIcon:4 com.samsung.android.server.wifi.SemWifiConnectivityMonitor.-$$Nest$msetWifiScoreAndIcon:1
01-09 22:18:50.782 2400 3378 D ConnectivityService: unregister offer from providerId 2 : NetworkOffer [ Provider Id (2) Score(Policies : EVER_EVALUATED&IS_UNMETERED ; KeepConnected : 0) Caps [ Transports: WIFI_AWARE Capabilities: NOT_METERED&NOT_RESTRICTED&TRUSTED&NOT_VPN&NOT_ROAMING&NOT_CONGESTED&NOT_VCN_MANAGED LinkUpBandwidth>=1Kbps LinkDnBandwidth>=1Kbps Specifier: SignalStrength: 1 UnderlyingNetworks: Null] Needed by []]
01-09 22:18:50.782 2400 3378 D ConnectivityService: update offer from providerId 2 new : NetworkOffer [ Provider Id (2) Score(Policies : EVER_EVALUATED&IS_UNMETERED ; KeepConnected : 0) Caps [ Transports: WIFI_AWARE Capabilities: NOT_METERED&NOT_RESTRICTED&TRUSTED&NOT_VPN&NOT_ROAMING&NOT_CONGESTED&NOT_VCN_MANAGED LinkUpBandwidth>=1Kbps LinkDnBandwidth>=1Kbps Specifier: SignalStrength: 1 UnderlyingNetworks: Null] Needed by []]
01-09 22:18:50.782 2400 3341 D CAE : onGetSensorHubData(SensorHubParserProvider.java:92) - onGetSensorHubData Event [event buffer len :16], AP_WAKEUP
01-09 22:18:50.782 2400 3341 I CAE : parse(SensorHubParserProvider.java:193) - buffer size = 16
01-09 22:18:50.782 2400 3341 I CAE : parse(SensorHubParserProvider.java:204) - 1, 1, 55, 0, 11, 5, 7, 2, 0, 0, 0, 0, 3, -101, -103, 104,
01-09 22:18:50.782 2400 5709 D KNOX_MDM_SettingsProvider: isChangeAllowed() : name = enable_cellular_on_boot
01-09 22:18:50.782 2400 3341 I CAE : parse(SLocationRunner.java:88) - SLocationRunner parse start : 3
01-09 22:18:50.782 2400 3378 D ConnectivityService: unregister offer from providerId 3 : NetworkOffer [ Provider Id (3) Score(Policies : YIELD_TO_BAD_WIFI&TRANSPORT_PRIMARY&EVER_EVALUATED&IS_UNMETERED&EVER_VALIDATED&IS_VALIDATED ; KeepConnected : 0) Caps [ Transports: CELLULAR Capabilities: MMS&SUPL&DUN&FOTA&IMS&CBS&IA&RCS&XCAP&EIMS&INTERNET&NOT_RESTRICTED&TRUSTED&NOT_VPN&MCX&NOT_VCN_MANAGED UnderlyingNetworks: Null] Needed by [2]]
01-09 22:18:50.782 2400 3341 D CAE : display(ContextProvider.java:375) - ================= SLOCATION_RUNNER =================
01-09 22:18:50.782 2400 3542 D WifiConnectivityMonitor.NetworkStatsAnalyzer: Backhaul result - RSSI:-65, CE:5, PE:7, TI:20, PTI:23, TW:8, PTW:8, Tx:11, Rx:8, TxS:8, RxS:6, RESULT:true, IC:0, ICT:5, WC:0, WCT:5, R:1, RC:0, IE:0, EC:0
01-09 22:18:50.782 2400 3341 I CAE : display(ContextProvider.java:391) - ExtraDataArray=[1, 1, 55, 0, 11, 5, 7, 2, 0, 0, 0, 0, 3, -101, -103, 104]
01-09 22:18:50.782 2400 3378 D ConnectivityService: update offer from providerId 3 new : NetworkOffer [ Provider Id (3) Score(Policies : TRANSPORT_PRIMARY&EVER_EVALUATED&IS_UNMETERED&EVER_VALIDATED&IS_VALIDATED ; KeepConnected : 0) Caps [ Transports: CELLULAR Capabilities: MMS&SUPL&DUN&FOTA&IMS&CBS&IA&RCS&XCAP&EIMS&INTERNET&NOT_RESTRICTED&TRUSTED&NOT_VPN&MCX&NOT_VCN_MANAGED UnderlyingNetworks: Null] Needed by [2]]
01-09 22:18:50.782 2400 3341 I CAE : parse(SLocationRunner.java:96) - SLocationRunner parse end:16
01-09 22:18:50.782 2400 3341 D CAE : onGetSensorHubData(SensorHubParserProvider.java:92) - onGetSensorHubData Event [event buffer len :10], AP_WAKEUP
01-09 22:18:50.782 2400 3341 I CAE : parse(SensorHubParserProvider.java:193) - buffer size = 10
01-09 22:18:50.782 2400 3378 D ConnectivityService: unregister offer from providerId 4 : NetworkOffer [ Provider Id (4) Score(Policies : YIELD_TO_BAD_WIFI&EVER_EVALUATED&IS_INVINCIBLE&IS_UNMETERED&EVER_VALIDATED&IS_VALIDATED ; KeepConnected : 0) Caps [ Transports: CELLULAR Capabilities: MMS&SUPL&DUN&FOTA&IMS&CBS&IA&RCS&XCAP&EIMS&INTERNET&NOT_RESTRICTED&TRUSTED&NOT_VPN&MCX&ENTERPRISE&VSIM&MMTEL&PRIORITIZE_LATENCY&PRIORITIZE_BANDWIDTH Specifier: EnterpriseId: 1&2&3&4&5 UnderlyingNetworks: Null] Needed by [108]]
01-09 22:18:50.783 2400 3347 D SensorService: setSContextDataLocked ints length 6 , byte length 19
01-09 22:18:50.783 2400 3347 D SensorService: setSContextDataLocked 103717c1
01-09 22:18:50.783 2400 3540 D WifiConnectivityMonitor: Sent WIFI_CONNECTIVITY_TEST_REPORT_ACTION valid = true forced = false
01-09 22:18:50.783 2400 3540 D WifiConnectivityMonitor: changeWifiIcon - Icon change request ignored : DUPLICATED_REQUEST
01-09 22:18:50.783 2400 3540 D WifiConnectivityMonitor: setLinkDetectMode : 1
01-09 22:18:50.783 2400 3540 I WifiConnectivityMonitor.ScoreQC: SCORE_QC_STATE_POOR_MONITOR
01-09 22:18:50.783 2400 3338 D SemContextService: Service.updateContext() : service = SLocation Core
01-09 22:18:50.783 2400 3540 I WifiConnectivityMonitor: determineMode : MODE_AGG_BY_QAI_1
01-09 22:18:50.783 2400 3540 I SemWifiEleStateTracker: setMonitorEnabled : true
01-09 22:18:50.783 2400 3341 I CAE : parse(SensorHubParserProvider.java:204) - 1, 1, 55, 0, 5, 2, 16, 0, 0, 13,
01-09 22:18:50.783 2400 3540 D SensorManager: registerListener fail (2) :: 61, lps22df Pressure Sensor Non-wakeup, 200000, 0, com.samsung.android.server.wifi.wcm.SemWifiEleStateTracker$BarometerReader@874eb2a
01-09 22:18:50.783 2400 3540 D SemWifiEleStateTracker: Start reading Baro
01-09 22:18:50.783 2400 3540 D WifiConnectivityMonitor: Register WifiLinkQualityMonitorCallback
01-09 22:18:50.783 2400 3341 I CAE : parse(SLocationRunner.java:88) - SLocationRunner parse start : 3
01-09 22:18:50.783 2400 3540 I SemWifiLinkQualityMonitor: LQ callback initialized
01-09 22:18:50.783 2400 3341 D CAE : display(ContextProvider.java:375) - ================= SLOCATION_RUNNER =================
01-09 22:18:50.783 2400 3514 I SemWifiLinkQualityMonitor: LQ callback registered
01-09 22:18:50.783 2400 3341 I CAE : display(ContextProvider.java:391) - ExtraDataArray=[1, 1, 55, 0, 5, 2, 16, 0, 0, 13]
01-09 22:18:50.783 2400 3544 I SemIWCMonitor.File: Good Link, timestamp =: 1736441330783, RSSI:-57, AP:##:##:##:##:4f:1e
01-09 22:18:50.784 2400 3540 W ContextImpl: Calling a method in the system process without a qualified user: android.app.ContextImpl.sendBroadcast:1281 com.samsung.android.server.wifi.SemWifiConnectivityMonitor.sendBroadcastWCMStatusChanged:12 com.samsung.android.server.wifi.SemWifiConnectivityMonitor.-$$Nest$msendBroadcastWCMStatusChanged:1 com.samsung.android.server.wifi.SemWifiConnectivityMonitor$Level1State.enter:173 com.android.internal.util.StateMachine$SmHandler.invokeEnterMethods:1038
01-09 22:18:50.784 2400 3378 D ConnectivityService: update offer from providerId 4 new : NetworkOffer [ Provider Id (4) Score(Policies : EVER_EVALUATED&IS_INVINCIBLE&IS_UNMETERED&EVER_VALIDATED&IS_VALIDATED ; KeepConnected : 0) Caps [ Transports: CELLULAR Capabilities: MMS&SUPL&DUN&FOTA&IMS&CBS&IA&RCS&XCAP&EIMS&INTERNET&NOT_RESTRICTED&TRUSTED&NOT_VPN&MCX&ENTERPRISE&VSIM&MMTEL&PRIORITIZE_LATENCY&PRIORITIZE_BANDWIDTH Specifier: EnterpriseId: 1&2&3&4&5 UnderlyingNetworks: Null] Needed by [108]]
01-09 22:18:50.784 2400 3341 I CAE : parse(SLocationRunner.java:96) - SLocationRunner parse end:10
01-09 22:18:50.784 1507 1507 I sensors-hal: inject_sensor_data:407, handle 1501 send inject
01-09 22:18:50.784 2400 3378 D ConnectivityService: unregister offer from providerId 6 : NetworkOffer [ Provider Id (6) Score(Policies : YIELD_TO_BAD_WIFI&EVER_EVALUATED&IS_UNMETERED&EVER_VALIDATED&IS_VALIDATED ; KeepConnected : 0) Caps [ Transports: CELLULAR Capabilities: MMS&SUPL&DUN&FOTA&IMS&CBS&IA&RCS&XCAP&EIMS&INTERNET&NOT_RESTRICTED&TRUSTED&NOT_VPN&MCX&NOT_VCN_MANAGED&ENTERPRISE&VSIM&BIP&MMTEL&PRIORITIZE_LATENCY&PRIORITIZE_BANDWIDTH Specifier: EnterpriseId: 1&2&3&4&5 UnderlyingNetworks: Null] Needed by [2]]
01-09 22:18:50.784 1507 1507 I sensors-hal: sendContextData:288, sensor hal 19, (0xc1, 0x17, 0x37, 0x10)
01-09 22:18:50.784 1507 1507 E sensors-hal: sendContextData:133, slocationcore h 193 m 23 s 55
01-09 22:18:50.784 1507 1507 I sensors-hal: sendUserData:119, slocationcore sendUserData
01-09 22:18:50.784 1507 1507 E sensors-hal: create_send_context_data:64, slocationcore create_send_context_data
01-09 22:18:50.784 2400 3378 D ConnectivityService: update offer from providerId 6 new : NetworkOffer [ Provider Id (6) Score(Policies : EVER_EVALUATED&IS_UNMETERED&EVER_VALIDATED&IS_VALIDATED ; KeepConnected : 0) Caps [ Transports: CELLULAR Capabilities: MMS&SUPL&DUN&FOTA&IMS&CBS&IA&RCS&XCAP&EIMS&INTERNET&NOT_RESTRICTED&TRUSTED&NOT_VPN&MCX&NOT_VCN_MANAGED&ENTERPRISE&VSIM&BIP&MMTEL&PRIORITIZE_LATENCY&PRIORITIZE_BANDWIDTH Specifier: EnterpriseId: 1&2&3&4&5 UnderlyingNetworks: Null] Needed by [2]]
01-09 22:18:50.784 1507 1507 I sensors-hal: send_context_data:694, slocationcore, 4986366670857974562, 1320970896291267344, msgid:700
01-09 22:18:50.784 2400 3378 D ConnectivityService: unregister offer from providerId 5 : NetworkOffer [ Provider Id (5) Score(Policies : YIELD_TO_BAD_WIFI&EVER_EVALUATED&IS_UNMETERED&EVER_VALIDATED&IS_VALIDATED ; KeepConnected : 0) Caps [ Transports: CELLULAR Capabilities: MMS&SUPL&DUN&FOTA&IMS&CBS&IA&RCS&XCAP&EIMS&INTERNET&NOT_RESTRICTED&TRUSTED&NOT_VPN&MCX&NOT_VCN_MANAGED&ENTERPRISE&VSIM&BIP&MMTEL&PRIORITIZE_LATENCY&PRIORITIZE_BANDWIDTH Specifier: EnterpriseId: 1&2&3&4&5 UnderlyingNetworks: Null] Needed by [2, 108]]
01-09 22:18:50.784 2400 3378 D ConnectivityService: update offer from providerId 5 new : NetworkOffer [ Provider Id (5) Score(Policies : EVER_EVALUATED&IS_UNMETERED&EVER_VALIDATED&IS_VALIDATED ; KeepConnected : 0) Caps [ Transports: CELLULAR Capabilities: MMS&SUPL&DUN&FOTA&IMS&CBS&IA&RCS&XCAP&EIMS&INTERNET&NOT_RESTRICTED&TRUSTED&NOT_VPN&MCX&NOT_VCN_MANAGED&ENTERPRISE&VSIM&BIP&MMTEL&PRIORITIZE_LATENCY&PRIORITIZE_BANDWIDTH Specifier: EnterpriseId: 1&2&3&4&5 UnderlyingNetworks: Null] Needed by [2, 108]]
01-09 22:18:50.784 2400 3540 D WifiConnectivityMonitor: sent WIFI_WCM_STATE_CHANGED_ACTION
01-09 22:18:50.784 2400 2400 D SemContextManager: onSemContextChanged() : event = SLocation Core
01-09 22:18:50.784 2400 3813 W CAE : setCAProperty(ContextAwareService.java:515) - [setProperty 02] Mutex is unlocked for SLOCATION_RUNNER
01-09 22:18:50.784 2400 2400 D SLocation: SensorHubWrapper - SemContextChanged type = 47, packet received
01-09 22:18:50.784 2400 3378 D ConnectivityService: unregister offer from providerId 8 : NetworkOffer [ Provider Id (8) Score(Policies : EVER_EVALUATED&IS_UNMETERED&EVER_VALIDATED&IS_VALIDATED ; KeepConnected : 0) Caps [ Transports: WIFI Capabilities: NOT_METERED&INTERNET&NOT_RESTRICTED&TRUSTED&NOT_VPN&NOT_ROAMING&NOT_CONGESTED&NOT_SUSPENDED&NOT_VCN_MANAGED LinkUpBandwidth>=1048576Kbps LinkDnBandwidth>=1048576Kbps Specifier: UnderlyingNetworks: Null] Needed by [72, 32, 26, 14, 161, 1, 236, 159, 86, 168, 74, 83, 263, 311, 136, 355, 286, 56, 30, 11, 52, 181, 221, 36, 232, 349, 143, 44, 129, 64, 133, 139, 284, 121, 373, 28, 124, 164, 70, 54, 340, 50, 201, 371, 438, 81, 115, 403, 62, 77, 230, 147, 145, 66, 93, 189, 183, 425, 48, 187, 484, 96, 34, 319, 46, 251, 42, 22, 24, 255, 38, 281, 317, 308, 89, 240, 12, 40, 386, 131, 122, 475, 118, 59, 166, 196, 292, 151, 296]]
01-09 22:18:50.784 2400 3813 D SemContextService: unlock : changeParameters
01-09 22:18:50.784 2400 3813 D SemContextManager: .changeParameters : listener = t0.e@779cc16, service=SLocation Core
01-09 22:18:50.784 2400 3338 D SemContextService: Service.updateContext() : service = SLocation Core
01-09 22:18:50.784 2400 3378 D ConnectivityService: update offer from providerId 8 new : NetworkOffer [ Provider Id (8) Score(Policies : EVER_EVALUATED&IS_UNMETERED&EVER_VALIDATED&IS_VALIDATED ; KeepConnected : 0) Caps [ Transports: WIFI Capabilities: NOT_METERED&INTERNET&NOT_RESTRICTED&TRUSTED&NOT_VPN&NOT_ROAMING&NOT_CONGESTED&NOT_SUSPENDED&NOT_VCN_MANAGED LinkUpBandwidth>=1048576Kbps LinkDnBandwidth>=1048576Kbps Specifier: UnderlyingNetworks: Null] Needed by [72, 32, 26, 14, 161, 1, 236, 159, 86, 168, 74, 83, 263, 311, 136, 355, 286, 56, 30, 11, 52, 181, 221, 36, 232, 349, 143, 44, 129, 64, 133, 139, 284, 121, 373, 28, 124, 164, 70, 54, 340, 50, 201, 371, 438, 81, 115, 403, 62, 77, 230, 147, 145, 66, 93, 189, 183, 425, 48, 187, 484, 96, 34, 319, 46, 251, 42, 22, 24, 255, 38, 281, 317, 308, 89, 240, 12, 40, 386, 131, 122, 475, 118, 59, 166, 196, 292, 151, 296]]
01-09 22:18:50.784 2400 3813 D SLocation: GeofenceCoreManager - geofence core command pending size : 2
01-09 22:18:50.784 2400 3813 D SLocation: GeofenceCoreManager - geofence core command pending size : 1
01-09 22:18:50.784 2400 3378 D ConnectivityService: unregister offer from providerId 9 : NetworkOffer [ Provider Id (9) Score(Policies : EVER_EVALUATED&IS_INVINCIBLE&IS_UNMETERED&EVER_VALIDATED&IS_VALIDATED ; KeepConnected : 0) Caps [ Transports: WIFI Capabilities: NOT_METERED&INTERNET&NOT_RESTRICTED&TRUSTED&NOT_VPN&NOT_ROAMING&NOT_CONGESTED&NOT_SUSPENDED&NOT_VCN_MANAGED LinkUpBandwidth>=1048576Kbps LinkDnBandwidth>=1048576Kbps Specifier: UnderlyingNetworks: Null] Needed by [72, 32, 26, 14, 161, 1, 236, 159, 86, 168, 74, 83, 263, 311, 136, 355, 286, 56, 30, 11, 52, 181, 221, 36, 232, 349, 143, 44, 129, 64, 133, 139, 284, 121, 373, 28, 124, 164, 70, 54, 340, 50, 201, 371, 438, 81, 115, 403, 62, 77, 230, 147, 145, 66, 93, 189, 183, 425, 48, 187, 484, 96, 34, 319, 46, 251, 42, 22, 24, 255, 38, 281, 317, 308, 89, 240, 12, 40, 386, 131, 122, 475, 118, 59, 166, 196, 292, 151, 296]]
01-09 22:18:50.784 2400 3813 D SLocation: GeofenceCoreRecovery - storeGeofenceInfo 1 id = 15, radius = 500
01-09 22:18:50.784 2400 3378 D ConnectivityService: update offer from providerId 9 new : NetworkOffer [ Provider Id (9) Score(Policies : EVER_EVALUATED&IS_INVINCIBLE&IS_UNMETERED&EVER_VALIDATED&IS_VALIDATED ; KeepConnected : 0) Caps [ Transports: WIFI Capabilities: NOT_METERED&INTERNET&NOT_RESTRICTED&TRUSTED&NOT_VPN&NOT_ROAMING&NOT_CONGESTED&NOT_SUSPENDED&NOT_VCN_MANAGED LinkUpBandwidth>=1048576Kbps LinkDnBandwidth>=1048576Kbps Specifier: UnderlyingNetworks: Null] Needed by [72, 32, 26, 14, 161, 1, 236, 159, 86, 168, 74, 83, 263, 311, 136, 355, 286, 56, 30, 11, 52, 181, 221, 36, 232, 349, 143, 44, 129, 64, 133, 139, 284, 121, 373, 28, 124, 164, 70, 54, 340, 50, 201, 371, 438, 81, 115, 403, 62, 77, 230, 147, 145, 66, 93, 189, 183, 425, 48, 187, 484, 96, 34, 319, 46, 251, 42, 22, 24, 255, 38, 281, 317, 308, 89, 240, 12, 40, 386, 131, 122, 475, 118, 59, 166, 196, 292, 151, 296]]
01-09 22:18:50.784 2400 3813 D SLocation: SLocationCoreSem - send to coreSem, packet length : 16 / [16, 0, 15, 11, 93, 131, 5, 43, 129, 213, 18, 0, 0, 1, 244, 2]
01-09 22:18:50.784 2400 3813 D SemContextLocationCoreAttribute: setAttribute() mode : 0 action : 23
01-09 22:18:50.784 2400 3813 D SemContextService: lock : changeParameters
01-09 22:18:50.784 2400 2400 D SemContextManager: onSemContextChanged() : event = SLocation Core
01-09 22:18:50.784 2400 3378 D ConnectivityService: unregister offer from providerId 10 : NetworkOffer [ Provider Id (10) Score(Policies : EVER_EVALUATED&IS_INVINCIBLE&IS_UNMETERED&EVER_VALIDATED&IS_VALIDATED ; KeepConnected : 0) Caps [ Transports: WIFI Capabilities: NOT_METERED&INTERNET&TRUSTED&NOT_VPN&NOT_ROAMING&NOT_CONGESTED&NOT_SUSPENDED&NOT_VCN_MANAGED LinkUpBandwidth>=1048576Kbps LinkDnBandwidth>=1048576Kbps Specifier: UnderlyingNetworks: Null] Needed by []]
01-09 22:18:50.785 2400 3813 D SemContext.CaeProvider.LocationCoreImpl: setAttribute() mode : 0 action : 23
01-09 22:18:50.785 2400 3378 D ConnectivityService: update offer from providerId 10 new : NetworkOffer [ Provider Id (10) Score(Policies : EVER_EVALUATED&IS_INVINCIBLE&IS_UNMETERED&EVER_VALIDATED&IS_VALIDATED ; KeepConnected : 0) Caps [ Transports: WIFI Capabilities: NOT_METERED&INTERNET&TRUSTED&NOT_VPN&NOT_ROAMING&NOT_CONGESTED&NOT_SUSPENDED&NOT_VCN_MANAGED LinkUpBandwidth>=1048576Kbps LinkDnBandwidth>=1048576Kbps Specifier: UnderlyingNetworks: Null] Needed by []]
01-09 22:18:50.785 2400 2400 D SLocation: SensorHubWrapper - SemContextChanged type = 47, packet received
01-09 22:18:50.785 2400 3378 D ConnectivityService: unregister offer from providerId 11 : NetworkOffer [ Provider Id (11) Score(Policies : EVER_EVALUATED&IS_INVINCIBLE&IS_UNMETERED&EVER_VALIDATED&IS_VALIDATED ; KeepConnected : 0) Caps [ Transports: WIFI Capabilities: NOT_METERED&INTERNET&NOT_RESTRICTED&TRUSTED&NOT_VPN&NOT_ROAMING&NOT_CONGESTED&NOT_SUSPENDED&OEM_PAID&OEM_PRIVATE&NOT_VCN_MANAGED LinkUpBandwidth>=1048576Kbps LinkDnBandwidth>=1048576Kbps Specifier: UnderlyingNetworks: Null] Needed by [72, 32, 26, 14, 161, 1, 236, 159, 86, 168, 74, 83, 263, 311, 136, 355, 286, 56, 30, 11, 52, 181, 221, 36, 232, 349, 143, 44, 129, 64, 133, 139, 284, 121, 373, 28, 124, 164, 70, 54, 340, 50, 201, 371, 438, 81, 115, 403, 62, 77, 230, 147, 145, 66, 93, 189, 183, 425, 48, 187, 484, 96, 34, 319, 46, 251, 42, 22, 24, 255, 38, 281, 317, 308, 89, 240, 12, 40, 386, 131, 122, 475, 118, 59, 166, 196, 292, 151, 296]]
01-09 22:18:50.785 1507 3343 I sensors-hal: qsh_conn_resp_cb:930, resp_value = 0 for slocationcore
01-09 22:18:50.785 2400 3813 W CAE : setCAProperty(ContextAwareService.java:509) - [setProperty 01] Mutex is locked for SLOCATION_RUNNER
01-09 22:18:50.785 2400 3378 D ConnectivityService: update offer from providerId 11 new : NetworkOffer [ Provider Id (11) Score(Policies : EVER_EVALUATED&IS_INVINCIBLE&IS_UNMETERED&EVER_VALIDATED&IS_VALIDATED ; KeepConnected : 0) Caps [ Transports: WIFI Capabilities: NOT_METERED&INTERNET&NOT_RESTRICTED&TRUSTED&NOT_VPN&NOT_ROAMING&NOT_CONGESTED&NOT_SUSPENDED&OEM_PAID&OEM_PRIVATE&NOT_VCN_MANAGED LinkUpBandwidth>=1048576Kbps LinkDnBandwidth>=1048576Kbps Specifier: UnderlyingNetworks: Null] Needed by [72, 32, 26, 14, 161, 1, 236, 159, 86, 168, 74, 83, 263, 311, 136, 355, 286, 56, 30, 11, 52, 181, 221, 36, 232, 349, 143, 44, 129, 64, 133, 139, 284, 121, 373, 28, 124, 164, 70, 54, 340, 50, 201, 371, 438, 81, 115, 403, 62, 77, 230, 147, 145, 66, 93, 189, 183, 425, 48, 187, 484, 96, 34, 319, 46, 251, 42, 22, 24, 255, 38, 281, 317, 308, 89, 240, 12, 40, 386, 131, 122, 475, 118, 59, 166, 196, 292, 151, 296]]
01-09 22:18:50.785 1507 3343 I sensors-hal: qsh_conn_event_cb:890, event[0] sensor:slocationcore Wakeup, msg_id=1025, ts=20747878871
01-09 22:18:50.785 1507 3343 E sensors-hal: handle_sns_client_event:78, slocationcore_event: msgid:1025
01-09 22:18:50.785 2400 3813 I CAE : setPropertyValue(SLocationRunner.java:116) - SLocationRunner setProperty header : 16, len : 16
01-09 22:18:50.785 2400 3378 D ConnectivityService: unregister offer from providerId 12 : NetworkOffer [ Provider Id (12) Score(Policies : EVER_EVALUATED&IS_INVINCIBLE&IS_UNMETERED&EVER_VALIDATED&IS_VALIDATED ; KeepConnected : 0) Caps [ Transports: WIFI Capabilities: NOT_METERED&INTERNET&NOT_RESTRICTED&TRUSTED&NOT_VPN&NOT_ROAMING&NOT_CONGESTED&NOT_SUSPENDED&NOT_VCN_MANAGED LinkUpBandwidth>=1048576Kbps LinkDnBandwidth>=1048576Kbps Specifier: UnderlyingNetworks: Null] Needed by [72, 32, 26, 14, 161, 1, 236, 159, 86, 168, 74, 83, 263, 311, 136, 355, 286, 56, 30, 11, 52, 181, 221, 36, 232, 349, 143, 44, 129, 64, 133, 139, 284, 121, 373, 28, 124, 164, 70, 54, 340, 50, 201, 371, 438, 81, 115, 403, 62, 77, 230, 147, 145, 66, 93, 189, 183, 425, 48, 187, 484, 96, 34, 319, 46, 251, 42, 22, 24, 255, 38, 281, 317, 308, 89, 240, 12, 40, 386, 131, 122, 475, 118, 59, 166, 196, 292, 151, 296]]
01-09 22:18:50.785 1500 4905 I vendor.qti.bluetooth@1.1-ibs_handler: ProcessIbsCmd: Received IBS_WAKE_ACK: 0xFC
01-09 22:18:50.785 2400 3378 D ConnectivityService: update offer from providerId 12 new : NetworkOffer [ Provider Id (12) Score(Policies : EVER_EVALUATED&IS_INVINCIBLE&IS_UNMETERED&EVER_VALIDATED&IS_VALIDATED ; KeepConnected : 0) Caps [ Transports: WIFI Capabilities: NOT_METERED&INTERNET&NOT_RESTRICTED&TRUSTED&NOT_VPN&NOT_ROAMING&NOT_CONGESTED&NOT_SUSPENDED&NOT_VCN_MANAGED LinkUpBandwidth>=1048576Kbps LinkDnBandwidth>=1048576Kbps Specifier: UnderlyingNetworks: Null] Needed by [72, 32, 26, 14, 161, 1, 236, 159, 86, 168, 74, 83, 263, 311, 136, 355, 286, 56, 30, 11, 52, 181, 221, 36, 232, 349, 143, 44, 129, 64, 133, 139, 284, 121, 373, 28, 124, 164, 70, 54, 340, 50, 201, 371, 438, 81, 115, 403, 62, 77, 230, 147, 145, 66, 93, 189, 183, 425, 48, 187, 484, 96, 34, 319, 46, 251, 42, 22, 24, 255, 38, 281, 317, 308, 89, 240, 12, 40, 386, 131, 122, 475, 118, 59, 166, 196, 292, 151, 296]]
01-09 22:18:50.785 1500 4905 I vendor.qti.bluetooth@1.1-ibs_handler: ProcessIbsCmd: Signal wack_cond_
01-09 22:18:50.785 1500 1523 D vendor.qti.bluetooth@1.1-ibs_handler: DeviceWakeUp: Unblocked from waiting for FC, pthread_cond_timedwait ret = 0
01-09 22:18:50.785 1500 1523 D vendor.qti.hardware.bttpi-impl: sendDataToController: Command is sent
01-09 22:18:50.785 2400 3347 D SensorService: setSContextDataLocked ints length 6 , byte length 19
01-09 22:18:50.785 2400 3347 D SensorService: setSContextDataLocked 103717c1
01-09 22:18:50.785 1500 4905 I vendor.qti.bluetooth@1.1-ibs_handler: ProcessIbsCmd: Received IBS_WAKE_IND: 0xFD
01-09 22:18:50.785 2400 3378 D ConnectivityService: Rematched networks [computed 0ms] [applied 0ms] [issued 0]
01-09 22:18:50.785 2400 3378 D ConnectivityService: NetworkReassignment : no changes
01-09 22:18:50.785 1500 4905 I vendor.qti.bluetooth@1.1-ibs_handler: ProcessIbsCmd: Writing IBS_WAKE_ACK
01-09 22:18:50.786 2400 3378 D ConnectivityService: updateNetworkScore for [101 WIFI] to Score(Policies : 4)
01-09 22:18:50.786 1507 1507 I sensors-hal: inject_sensor_data:407, handle 1501 send inject
01-09 22:18:50.786 1507 1507 I sensors-hal: sendContextData:288, sensor hal 19, (0xc1, 0x17, 0x37, 0x10)
01-09 22:18:50.786 1500 4905 D vendor.qti.bluetooth@1.1-data_handler: isBtTpiEvent: true
01-09 22:18:50.786 1500 4905 D vendor.qti.hardware.bttpi-impl: operator(): HCI event received. Status(0)
01-09 22:18:50.786 1500 4905 D vendor.qti.hardware.bttpi-impl: BtTpiTimerStop: is_timer_created= 1
01-09 22:18:50.786 1507 1507 E sensors-hal: sendContextData:133, slocationcore h 193 m 23 s 55
01-09 22:18:50.786 1507 1507 I sensors-hal: sendUserData:119, slocationcore sendUserData
01-09 22:18:50.786 1507 1507 E sensors-hal: create_send_context_data:64, slocationcore create_send_context_data
01-09 22:18:50.786 2400 3378 D ConnectivityService: Rematched networks [computed 0ms] [applied 0ms] [issued 0]
01-09 22:18:50.786 1507 1507 I sensors-hal: send_context_data:694, slocationcore, 4986366670857974562, 1320970896291267344, msgid:700
01-09 22:18:50.786 2400 3378 D ConnectivityService: NetworkReassignment : no changes
01-09 22:18:50.786 2400 3813 W CAE : setCAProperty(ContextAwareService.java:515) - [setProperty 02] Mutex is unlocked for SLOCATION_RUNNER
01-09 22:18:50.787 2400 3813 D SemContextService: unlock : changeParameters
01-09 22:18:50.787 2400 3813 D SemContextManager: .changeParameters : listener = t0.e@779cc16, service=SLocation Core
01-09 22:18:50.787 2400 3813 I SLocation: DeviceStatusNotiManager - received action : android.intent.action.AIRPLANE_MODE
01-09 22:18:50.787 2400 3813 I SLocation: SemContextParser - parse start : 3
01-09 22:18:50.787 2400 3813 I SLocation: SemContextParser - packet Length : 11packet total size : 16
01-09 22:18:50.787 2400 3813 I SLocation: SemContextParser - packet : [5, 7, 2, 0, 0, 0, 0, 3, -101, -103, 104]
01-09 22:18:50.787 2400 3813 I SLocation: SemContextParser - parse start : 3
01-09 22:18:50.787 2400 3813 I SLocation: SemContextParser - packet Length : 5packet total size : 10
01-09 22:18:50.787 2400 3813 I SLocation: SemContextParser - packet : [2, 16, 0, 0, 13]
01-09 22:18:50.787 2400 3813 W Settings: Setting airplane_mode_on has moved from android.provider.Settings.System to android.provider.Settings.Global, returning read-only value.
01-09 22:18:50.787 2400 3813 D SLocation: GeofenceCoreManager - received Extra Data from core, len : 11
01-09 22:18:50.787 2400 3813 D SLocation: CommonCoreManager - received Extra Data from core, len : 11
01-09 22:18:50.787 1507 3343 I sensors-hal: qsh_conn_resp_cb:930, resp_value = 0 for slocationcore
01-09 22:18:50.787 2400 3813 D SLocation: GeofenceCoreManager - received Extra Data from core, len : 5
01-09 22:18:50.787 2400 3813 D SLocation: GeofenceCoreManager - handleCommandCallback - GEOFENCE_ADD SUCCESS
01-09 22:18:50.787 2400 3813 I SLocation: SHardwareManager - handleAddCallback : GEOFENCE_SUCCESS id = 13
01-09 22:18:50.787 1507 3343 I sensors-hal: qsh_conn_event_cb:890, event[0] sensor:slocationcore Wakeup, msg_id=1025, ts=20747922984
01-09 22:18:50.787 1507 3343 E sensors-hal: handle_sns_client_event:78, slocationcore_event: msgid:1025
01-09 22:18:50.787 2400 3813 D SLocation: CommonCoreManager - received Extra Data from core, len : 5
01-09 22:18:50.787 2400 3341 D CAE : onGetSensorHubData(SensorHubParserProvider.java:92) - onGetSensorHubData Event [event buffer len :10], AP_WAKEUP
01-09 22:18:50.787 2400 3341 I CAE : parse(SensorHubParserProvider.java:193) - buffer size = 10
01-09 22:18:50.787 2400 3341 I CAE : parse(SensorHubParserProvider.java:204) - 1, 1, 55, 0, 5, 2, 16, 0, 0, 14,
01-09 22:18:50.788 2400 3341 I CAE : parse(SLocationRunner.java:88) - SLocationRunner parse start : 3
01-09 22:18:50.788 2400 3341 D CAE : display(ContextProvider.java:375) - ================= SLOCATION_RUNNER =================
01-09 22:18:50.788 2400 3341 I CAE : display(ContextProvider.java:391) - ExtraDataArray=[1, 1, 55, 0, 5, 2, 16, 0, 0, 14]
01-09 22:18:50.789 2400 3341 I CAE : parse(SLocationRunner.java:96) - SLocationRunner parse end:10
01-09 22:18:50.790 2400 3338 D SemContextService: Service.updateContext() : service = SLocation Core
01-09 22:18:50.790 2400 3341 D CAE : onGetSensorHubData(SensorHubParserProvider.java:92) - onGetSensorHubData Event [event buffer len :10], AP_WAKEUP
01-09 22:18:50.790 2400 3341 I CAE : parse(SensorHubParserProvider.java:193) - buffer size = 10
01-09 22:18:50.790 2400 3341 I CAE : parse(SensorHubParserProvider.java:204) - 1, 1, 55, 0, 5, 2, 16, 0, 0, 15,
01-09 22:18:50.790 2400 3341 I CAE : parse(SLocationRunner.java:88) - SLocationRunner parse start : 3
01-09 22:18:50.790 2400 3341 D CAE : display(ContextProvider.java:375) - ================= SLOCATION_RUNNER =================
01-09 22:18:50.790 2400 3341 I CAE : display(ContextProvider.java:391) - ExtraDataArray=[1, 1, 55, 0, 5, 2, 16, 0, 0, 15]
01-09 22:18:50.790 2400 3341 I CAE : parse(SLocationRunner.java:96) - SLocationRunner parse end:10
01-09 22:18:50.790 2400 2400 D SemContextManager: onSemContextChanged() : event = SLocation Core
01-09 22:18:50.790 2400 2400 D SLocation: SensorHubWrapper - SemContextChanged type = 47, packet received
01-09 22:18:50.790 10717 10717 D AnimatorSet: mReversing is false. Don't call initChildren.
01-09 22:18:50.791 2400 3813 I SLocation: SemContextParser - parse start : 3
01-09 22:18:50.791 2400 3813 I SLocation: SemContextParser - packet Length : 5packet total size : 10
01-09 22:18:50.791 2400 3813 I SLocation: SemContextParser - packet : [2, 16, 0, 0, 14]
01-09 22:18:50.791 2400 3813 D SLocation: GeofenceCoreManager - received Extra Data from core, len : 5
01-09 22:18:50.791 2400 3813 D SLocation: GeofenceCoreManager - handleCommandCallback - GEOFENCE_ADD SUCCESS
01-09 22:18:50.791 2400 3813 I SLocation: SHardwareManager - handleAddCallback : GEOFENCE_SUCCESS id = 14
01-09 22:18:50.791 2400 3813 D SLocation: CommonCoreManager - received Extra Data from core, len : 5
01-09 22:18:50.792 2400 3338 D SemContextService: Service.updateContext() : service = SLocation Core
01-09 22:18:50.793 2400 2400 D SemContextManager: onSemContextChanged() : event = SLocation Core
01-09 22:18:50.793 2400 2400 D SLocation: SensorHubWrapper - SemContextChanged type = 47, packet received
01-09 22:18:50.793 2400 3813 I SLocation: SemContextParser - parse start : 3
01-09 22:18:50.793 2400 3813 I SLocation: SemContextParser - packet Length : 5packet total size : 10
01-09 22:18:50.793 2400 3813 I SLocation: SemContextParser - packet : [2, 16, 0, 0, 15]
01-09 22:18:50.793 2400 3813 D SLocation: GeofenceCoreManager - received Extra Data from core, len : 5
01-09 22:18:50.793 2400 3813 D SLocation: GeofenceCoreManager - handleCommandCallback - GEOFENCE_ADD SUCCESS
01-09 22:18:50.793 2400 3813 I SLocation: SHardwareManager - handleAddCallback : GEOFENCE_SUCCESS id = 15
01-09 22:18:50.793 2400 3813 D SLocation: CommonCoreManager - received Extra Data from core, len : 5
01-09 22:18:50.804 2400 3511 D AutoWifiController: mGeofenceStateListener state is 1
01-09 22:18:50.804 2400 3511 D AutoWifi.Geofence: [id : 2][direction : ENTER ][result : ENTER ]
01-09 22:18:50.804 1635 1808 I VSyncReactor: Current= 24, Period= 24, Distance= 0
01-09 22:18:50.812 3642 3642 I RILJ : !@Boot_SVC : setRadioPower on
01-09 22:18:50.814 3642 3642 I RILJ : !@Boot_SVC : setRadioPower on
01-09 22:18:50.816 3642 3863 W SQLiteLog: (28) double-quoted string literal: "airplane_mode_status"
01-09 22:18:50.816 1507 10083 I sensors-hal: handle_sns_std_sensor_event:156, [17327] Pressure 1011.626, cal -0.242, sw_offset 0.000
01-09 22:18:50.818 2400 3511 D AutoWifiController: mGeofenceStateListener state is 2
01-09 22:18:50.818 2400 3511 D AutoWifi.Geofence: [id : 3][direction : EXIT ][result : ENTER ]
01-09 22:18:50.819 2400 3511 D AutoWifiController: mGeofenceStateListener state is 2
01-09 22:18:50.819 2400 3511 D AutoWifi.Geofence: [id : 1][direction : EXIT ][result : ENTER ]
01-09 22:18:50.819 2400 3813 D SLocation: GeopointReceiver - PendingIntent onSendFinished id:14
01-09 22:18:50.819 2400 3813 D SLocation: GeopointReceiver - PendingIntent onSendFinished id:15
01-09 22:18:50.825 4050 4431 I UwbServiceImpl: Airplane mode change detected
01-09 22:18:50.826 1500 4905 I vendor.qti.bluetooth@1.1-ibs_handler: ProcessIbsCmd: Received IBS_SLEEP_IND: 0xFE
01-09 22:18:50.828 4050 4431 I UwbServiceCore: Initialization start ...
01-09 22:18:50.829 3642 3642 D SecImsManager: isWfcEnabledByPlatform
01-09 22:18:50.830 1507 18926 I sensors-hal: handle_sns_client_event:422, [1][0] gyro_sample_cal(cal_available:48527)(3) [-0.001, 0.000, 0.000] bias[ 0.004, 0.005, 0.006] 1066018669918
01-09 22:18:50.831 3797 3946 I EPDG -- SIM1 IwlanNetworkService: requestNetworkRegistrationInfo for domain 2
01-09 22:18:50.831 2040 2346 D SemNativeCarrierFeature_vendor: getInstance
01-09 22:18:50.831 3797 4144 I EPDG -- SIM1 IwlanNetworkService: Calling onRequestNetworkRegistrationInfoComplete.resultCode = 0, netState = NetworkRegistrationInfo{ domain=PS transportType=WLAN registrationState=UNKNOWN networkRegistrationState=UNKNOWN roamingType=NOT_ROAMING accessNetworkTechnology=IWLAN rejectCause=0 emergencyEnabled=false availableServices=[] cellIdentity=null voiceSpecificInfo=null dataSpecificInfo=null nrState=**** rRplmn= isUsingCarrierAggregation=false}
01-09 22:18:50.832 4668 5783 I NearbyDiscovery: (REDACTED) FastPairHandler: Received action %s
01-09 22:18:50.833 4668 5783 I NearbyDiscovery: (REDACTED) OffloadFastPairScanner: eventType=%s, isInternalReq=%s, isOffloadScanning=%s, isOffloadScanningAllowed=%s
01-09 22:18:50.834 4668 5783 I NearbyDiscovery: (REDACTED) FastPairScanner: isScreenOn=%s, isLocationEnabled=%s, disableLocationRequirement=%s, isDiscoveryScanningEnabled=%s, during24GhzWifiWarmingUpPeriod=%s
01-09 22:18:50.834 4668 5783 D BluetoothAdapter: isLeEnabled(): ON
01-09 22:18:50.834 4668 5783 I NearbyDiscovery: (REDACTED) FastPairScanner: eventType=%s, intReq=%s, scanning=%s, scanAllowed=%s, bleEnabled=%s, lockScanRate=%s, startScanningByLowPowerMode=%s
01-09 22:18:50.834 2040 2346 D SemNativeCarrierFeature_vendor: getInstance
01-09 22:18:50.834 4668 5783 I NearbyDiscovery: (REDACTED) FastPairScanner: isScreenOn=%s, isLocationEnabled=%s, disableLocationRequirement=%s, isDiscoveryScanningEnabled=%s, during24GhzWifiWarmingUpPeriod=%s
01-09 22:18:50.835 4668 5783 I NearbyDiscovery: (REDACTED) FastPairScanner: Start scanning internally, %s
01-09 22:18:50.835 4668 5783 D BluetoothAdapter: getBleEnabledArray(): ON
01-09 22:18:50.835 4668 5783 D BluetoothAdapter: semIsBleEnabled(): ON
01-09 22:18:50.835 4668 5783 D BluetoothAdapter: getBleEnabledArray(): ON
01-09 22:18:50.835 4668 5783 D BluetoothLeScanner: Start Scan with callback
01-09 22:18:50.836 3642 3642 D SecImsManager: isWfcEnabledByPlatform
01-09 22:18:50.837 3797 3946 I EPDG -- SIM0 IwlanNetworkService: requestNetworkRegistrationInfo for domain 2
01-09 22:18:50.837 4020 10300 D BtGatt.ContextMap: add() - appUid: 10261, appPid: 0, appName: com.google.uid.shared, uuid : be107768-a61a-4c32-b928-e7c42df463de
01-09 22:18:50.837 4020 10300 I bt_stack: [INFO:le_scanning_manager.cc(165)] RegisterScanner in shim layer
01-09 22:18:50.837 3797 4149 I EPDG -- SIM0 IwlanNetworkService: Calling onRequestNetworkRegistrationInfoComplete.resultCode = 0, netState = NetworkRegistrationInfo{ domain=PS transportType=WLAN registrationState=HOME networkRegistrationState=HOME roamingType=NOT_ROAMING accessNetworkTechnology=IWLAN rejectCause=0 emergencyEnabled=false availableServices=[DATA] cellIdentity=null voiceSpecificInfo=null dataSpecificInfo=null nrState=**** rRplmn= isUsingCarrierAggregation=false}
01-09 22:18:50.837 1594 1594 I vendor.samsung.hardware.uwb@1.0-service: AIDL-open Enter
01-09 22:18:50.838 4020 4928 D BtGatt.GattService: onScannerRegistered() - UUID=be107768-a61a-4c32-b928-e7c42df463de, scannerId=1, status=0
01-09 22:18:50.838 4668 11042 D BluetoothLeScanner: onScannerRegistered() - status=0 scannerId=1 mScannerId=0
01-09 22:18:50.838 2040 2346 D SemNativeCarrierFeature_vendor: getInstance
01-09 22:18:50.838 4668 6833 W Settings: Setting airplane_mode_on has moved from android.provider.Settings.System to android.provider.Settings.Global, returning read-only value.
01-09 22:18:50.838 1594 1594 I vendor.samsung.hardware.uwb@1.0-service: AIDL-linkToDeath succeed: 0
01-09 22:18:50.838 1594 1594 W libc : Access denied finding property "uwb.nxp_log_level_global"
01-09 22:18:50.838 1594 1594 W libc : Access denied finding property "uwb.nxp_log_level_hal"
01-09 22:18:50.839 1594 1594 W libc : Access denied finding property "uwb.nxp_log_level_extns"
01-09 22:18:50.839 1594 1594 W libc : Access denied finding property "uwb.nxp_log_level_tml"
01-09 22:18:50.839 1594 1594 W libc : Access denied finding property "uwb.nxp_log_level_dnld"
01-09 22:18:50.839 1594 1594 W libc : Access denied finding property "uwb.nxp_log_level_uci"
01-09 22:18:50.839 4020 10300 D BluetoothAdapter: needsPrivilegedPermissionForBleScan(): ON
01-09 22:18:50.839 1594 1594 E NxpUwbHal: Assinging the default helios Node: dev/sr200
01-09 22:18:50.840 4020 10300 D ActivityAttributionService: notifyActivityAttributionInfo UID=1002 packageName=com.android.bluetooth deviceAddress=no_active_device_address
01-09 22:18:50.840 4020 10300 I bt_btif : packages/modules/Bluetooth/system/btif/src/bluetooth.cc:880 get_profile_interface: get_profile_interface: id = activity_attribution
01-09 22:18:50.840 4020 5075 D BluetoothAdapter: semIsBleEnabled(): ON
01-09 22:18:50.840 2040 2638 D SemNativeCarrierFeature_vendor: getInstance
01-09 22:18:50.841 2040 2346 D SemNativeCarrierFeature_vendor: getInstance
01-09 22:18:50.841 4020 5075 D BluetoothAdapter: semIsBleEnabled(): ON
01-09 22:18:50.841 4020 5075 D BluetoothAdapter: semIsBleEnabled(): ON
01-09 22:18:50.841 4020 5075 I bt_stack: [INFO:le_scanning_manager.cc(285)] ScanFilterEnable in shim layer
01-09 22:18:50.841 4020 5078 E BtGatt.GattService: [GSIM LOG]: gsimLogHandler, msg: MESSAGE_SCAN_START, appName: com.google.uid.shared, scannerId: 1, reportDelayMillis=0
01-09 22:18:50.841 4020 5075 I bt_stack: [INFO:le_scanning_manager.cc(256)] ScanFilterAdd in shim layer
01-09 22:18:50.842 4020 5075 D BtGatt.ScanManager: configureFilterParamter() : onFoundTimeout | onLostTimeout | onFoundCount | numOfTrackingEntries | scanFilterRssiThreshold | trackableScanFilterRssiThreshold | matchMode
01-09 22:18:50.842 1500 4905 I vendor.qti.bluetooth@1.1-ibs_handler: ProcessIbsCmd: Received IBS_WAKE_IND: 0xFD
01-09 22:18:50.842 1500 4905 I vendor.qti.bluetooth@1.1-ibs_handler: ProcessIbsCmd: Writing IBS_WAKE_ACK
01-09 22:18:50.842 4020 5075 D BtGatt.ScanManager: configureFilterParamter() : __________500__|________10000__|___________1__|___________________0__|___________________-128__|____________________________-128__|________1_
01-09 22:18:50.842 4020 5075 I bt_stack: [INFO:le_scanning_manager.cc(214)] ScanFilterParamSetup in shim layer
01-09 22:18:50.842 4020 5075 I bt_stack: [INFO:le_scanning_manager.cc(256)] ScanFilterAdd in shim layer
01-09 22:18:50.843 4020 5075 D BtGatt.ScanManager: configureFilterParamter() : onFoundTimeout | onLostTimeout | onFoundCount | numOfTrackingEntries | scanFilterRssiThreshold | trackableScanFilterRssiThreshold | matchMode
01-09 22:18:50.843 4020 5075 D BtGatt.ScanManager: configureFilterParamter() : __________500__|________10000__|___________1__|___________________0__|___________________-128__|____________________________-128__|________1_
01-09 22:18:50.843 4020 5075 I bt_stack: [INFO:le_scanning_manager.cc(214)] ScanFilterParamSetup in shim layer
01-09 22:18:50.843 4668 10935 I NetworkScheduler.Stats: (REDACTED) Task %s/%s started execution. cause:%s exec_start_elapsed_seconds: %s
01-09 22:18:50.843 7169 7169 I ORC/CbReceiver: onReceive : action = com.samsung.provider.Telephony.CB_SETTINGS_AVAILABLE
01-09 22:18:50.844 4668 5783 I NearbyDiscovery: (REDACTED) FastPairScanner: Start scanning, mode=%s
01-09 22:18:50.845 7169 11924 I ORC/PermissionUtil: hasReceiveSmsPermission : state = 0
01-09 22:18:50.846 7169 11924 I ORC/CbEventReceiverService: handleCbAvailable(intent)
01-09 22:18:50.846 4668 5783 I NearbyDiscovery: (REDACTED) FastPairScanner: isScreenOn=%s, isLocationEnabled=%s, disableLocationRequirement=%s, isDiscoveryScanningEnabled=%s, during24GhzWifiWarmingUpPeriod=%s
01-09 22:18:50.846 7169 11924 I ORC/CbEventReceiverService: handleCbAvailable : simSlot = 0
01-09 22:18:50.846 4668 8682 I NetworkScheduler.Stats: (REDACTED) Task %s/%s finished executing. cause:%s result: %s elapsed_millis: %s uptime_millis: %s exec_start_elapsed_seconds: %s
01-09 22:18:50.846 1635 1808 I VSyncReactor: Current= 24, Period= 24, Distance= 24
01-09 22:18:50.846 7169 11924 I ORC/CbEventReceiverService: handleCbAvailable : cb config exist
01-09 22:18:50.846 7169 11924 I PROV/MsgContentProviderQuery: query, uriMatch : 2301, Elapsed time : 0.027188 ms
01-09 22:18:50.848 7169 7201 I ORC/ChannelUtils: setCbSettings - simSlot = 0, bCbActivation : false
01-09 22:18:50.849 12336 12336 I [AirCmd]_AbsPenBehaviorPolicy: onReceive : action = android.intent.action.AIRPLANE_MODE
01-09 22:18:50.849 12336 12336 I [AirCmd]_AbsPenBehaviorPolicy: onAirplaneModeChanged : isAirplaneMode=false
01-09 22:18:50.850 3670 3670 D StatusBarIconController: ignoring old pipeline callbacks, because the new mobile icons are enabled
01-09 22:18:50.850 7169 7201 I ORC/ChannelUtils: resetAllCbChannelRange : isEnabled = false, simSlot = 0
01-09 22:18:50.850 7169 7201 I ORC/ChannelUtils: setCbSettings : End.
01-09 22:18:50.850 12336 12336 I [AirCmd]_RemoteSpenBroadcastReceiver: onReceiveRemoteSpenCommonBR : isAirplaneModeEnabled=false
01-09 22:18:50.850 2400 5709 D StatusBarManagerService: isSecCustomTile : componentName =ComponentInfo{com.samsung.android.service.aircommand/com.samsung.android.service.aircommand.remotespen.RemoteSpenTileService}
01-09 22:18:50.851 2400 3796 D KNOX_MDM_SettingsProvider: isChangeAllowed() : name = spen_air_action
01-09 22:18:50.851 2400 3796 D KNOX_MDM_SettingsProvider: edmUri: content://com.sec.knox.provider/RestrictionPolicy3
01-09 22:18:50.851 2400 3796 D KNOX_MDM_SettingsProvider: projectionArgs: isSettingsChangesAllowed
01-09 22:18:50.851 2400 3796 D KNOX_MDM_SettingsProvider: selectionArgs: false
