01-09 22:18:51.955 9555 9569 I InternalContentProvider: update_network_selection null
01-09 22:18:51.955 9555 9569 I InternalContentProvider: Take CarrierUiCallFunctions
01-09 22:18:51.955 9555 9569 I CarrierUiCallFunctions: call update_network_selection null Bundle[mParcelledData.dataSize=28]
01-09 22:18:51.955 9555 9555 I AlarmManagerUtils: getRegisterAlarmManager : register_allow_data_dialog_retry_to_alarm_manager = false
01-09 22:18:51.955 3642 3652 I ImsMmTelManager: onCapabilitiesStatusChanged()
01-09 22:18:51.955 9555 9555 I UT.TelephonyUtils: getPhoneId : subId = 3
01-09 22:18:51.955 2400 5671 D PhoneRestrictionPolicy: isOperationAllowed >>> slotNum: 0 function: 1
01-09 22:18:51.955 1496 19327 D AGM: graph_module: configure_tdm_ep: 456 exit, ret 0
01-09 22:18:51.955 1496 19327 D AGM: graph_module: configure_output_media_format: 763 entry mod tag c000000e miid 4003 mid 7001005
01-09 22:18:51.956 3670 3670 I KeyguardUpdateMonitor: onSubscriptionInfoChanged()
01-09 22:18:51.956 1496 19327 D AGM: graph_module: configure_output_media_format: 894 exit, ret 0
01-09 22:18:51.956 1496 19327 D AGM: graph_module: configure_output_media_format: 763 entry mod tag c0000010 miid 4004 mid 7001003
01-09 22:18:51.956 3642 3653 D PhoneInterfaceManager: setDataEnabledForReason() Reason=1 Pid=2400 App=system
01-09 22:18:51.957 1496 19327 D AGM: graph_module: configure_output_media_format: 894 exit, ret 0
01-09 22:18:51.957 1496 19327 D AGM: graph_module: configure_spr: 1908 SPR module IID 4163
01-09 22:18:51.957 1496 19327 D AGM: graph_module: configure_spr: 1931 HW EP module IID 43b1
01-09 22:18:51.957 1496 19327 D AGM: graph: configure_buffer_params: 204 Enter
01-09 22:18:51.957 1496 19327 D AGM: graph: configure_buffer_params: 267 Playback sess buf_sz 7680 num_bufs 4
01-09 22:18:51.957 1496 19327 E AGM: graph: configure_buffer_params: 300 Unsupported buffer mode : 0, Default to Blocking
01-09 22:18:51.957 1496 19327 D AGM: graph: configure_buffer_params: 320 exit, ret 0
01-09 22:18:51.958 2400 5682 I Telecom:SamsungTelecomServiceImpl: isInCall - callingPackage : com.android.systemui / callingUser : UserHandle{0} / hasCrossUserAccess : true
01-09 22:18:51.958 9555 9555 I CU.NetworkSelectionNotificationMgr: getNetworkSelection : subId : 3
01-09 22:18:51.958 9555 9555 I CU.NetworkSelectionNotificationMgr: updateNetworkSelection()... isManualSelection : false , isSelectedOperatorEmpty : true , selectedNetworkOperatorName : PhoneId: 0
01-09 22:18:51.958 3670 3670 D CarrierTextController: carrierTextForSimState(3)-(order: 0) : airtel
01-09 22:18:51.958 3670 3670 D CarrierTextController: setText : airtel
01-09 22:18:51.958 3670 3670 D CarrierTextController: carrierTextForSimState(3)-(order: 0) : airtel
01-09 22:18:51.958 3670 3670 D CarrierTextController: setText : airtel
01-09 22:18:51.958 3670 3670 D CarrierTextController: carrierTextForSimState(3)-(order: 0) : airtel
01-09 22:18:51.958 3670 3670 D CarrierTextController: setText : airtel
01-09 22:18:51.958 3670 3670 D FaceWidgetPagesController: onRefreshCarrierInfo()
01-09 22:18:51.958 3670 3670 D FaceWidgetClockRoamManager: isNetworkRoamingState id=3
01-09 22:18:51.958 3670 3670 D FaceWidgetClockRoamManager: isNetworkRoamingState false
01-09 22:18:51.958 3670 3670 D FaceWidgetClockRoamManager: onRefreshCarrierInfo(pre, now): false, false
01-09 22:18:51.958 3670 3670 D FaceWidgetClockPage: onRefreshCarrierInfo : isChanged false mIsRoaming false
01-09 22:18:51.959 3670 3670 D ShadeCarrierGroup: handleUpdateCarrierInfo [airtel] isLatin=false
01-09 22:18:51.959 1496 19327 D AGM: graph: graph_prepare: 911 exit, ret 0
01-09 22:18:51.959 1496 19327 D AGM: graph: graph_start: 925 entry graph_handle 0x47534c
01-09 22:18:51.959 3797 3946 I EPDG -- SIM0 IwlanNetworkService: requestNetworkRegistrationInfo for domain 2
01-09 22:18:51.959 3797 4149 I EPDG -- SIM0 IwlanNetworkService: Calling onRequestNetworkRegistrationInfoComplete.resultCode = 0, netState = NetworkRegistrationInfo{ domain=PS transportType=WLAN registrationState=HOME networkRegistrationState=HOME roamingType=NOT_ROAMING accessNetworkTechnology=IWLAN rejectCause=0 emergencyEnabled=false availableServices=[DATA] cellIdentity=null voiceSpecificInfo=null dataSpecificInfo=null nrState=**** rRplmn= isUsingCarrierAggregation=false}
01-09 22:18:51.960 2400 2629 D time_detector: Not setting system clock or confidence. origin=network newTime=UnixEpochTime{mElapsedRealtimeMillis=19476, mUnixEpochTimeMillis=1736440284300} newTimeConfidence=100 cause=Found good network suggestion., networkSuggestion=NetworkTimeSuggestion{mUnixEpochTime=UnixEpochTime{mElapsedRealtimeMillis=19476, mUnixEpochTimeMillis=1736440284300}, mUncertaintyMillis=70, mDebugInfo=[network available, TimeResult{unixEpochTime=2025-01-09T16:31:24.300Z, elapsedRealtime=PT19.476S, mUncertaintyMillis=70, mNtpServerSocketAddress=time.android.com/216.239.35.12:123}]}, detectionReason=New telephony time suggested. suggestion=TelephonyTimeSuggestion{mSlotIndex='0', mUnixEpochTime=UnixEpochTime{mElapsedRealtimeMillis=1067116, mUnixEpochTimeMillis=1736441331000}, mDebugInfo=[Sending new time suggestion nitzSignal=NitzSignal{mReceiptElapsedMillis=PT17M47.116S, mNitzData=NitzData{mOriginalString=25/01/09,16:48:51+22,00, mZoneOffset=19800000, mDstOffset=0, mCurrentTimeMillis=1736441331000, mEmulatorHostTimeZone=null}, mAgeMillis=0}, reason=handleNitzReceived(NitzSignal{mReceiptElapsedMillis=PT17M47.116S, mNitzData=NitzData{mOriginalString=25/01/09,16:48:51+22,00, mZoneOffset=19800000, mDstOffset=0, mCurrentTimeMillis=1736441331000, mEmulatorHostTimeZone=null}, mAgeMillis=0})]} elapsedRealtimeMillis=1067162 systemClockUpdateThreshold=2000 absTimeDifference=26 currentTimeConfidence=100
01-09 22:18:51.961 9555 9555 I FT.TuiSalesCodeFeature: LGT.isCurrentOperator
01-09 22:18:51.962 1496 19327 D AGM: graph: graph_start: 938 exit, ret 0
01-09 22:18:51.962 3670 3670 W View : requestLayout() improperly called by android.widget.FrameLayout{3ec886a V.E...... ......ID 0,138-1080,2205 #7f0a084c app:id/qs_frame} during layout: running second layout pass
01-09 22:18:51.965 3642 3642 D CallNotifier: onSubscriptionsChanged, updatePhoneStateListeners
01-09 22:18:51.965 3642 3642 D CallNotifier: updatePhoneStateListeners: isRefresh=true, updateType=2, subIdToUpdate=-1
01-09 22:18:51.965 3642 3642 D CallNotifier: updatePhoneStateListeners: subId=3
01-09 22:18:51.965 3642 3642 D CallNotifier: updatePhoneStateListeners: update CF notifications.
01-09 22:18:51.965 3642 3642 I Telephony: SamsungImsManagerInjector: [getImsManager_0 : com.samsung.telephony.model.ims.SamsungTelephonyImsManager@db36e44] [ getImsManager_1 : com.samsung.telephony.model.ims.SamsungTelephonyImsManager@30f0df3]
01-09 22:18:51.965 3642 3642 D semImsManager[0]: isImsFeatureEnabled: mmtel-video, -1
01-09 22:18:51.966 4039 4297 I ImsServiceStub<0>: isServiceAvailable: mmtel-video, rat: -1, profileFind:true, Enabled:true
01-09 22:18:51.966 3642 3642 I Telephony: SamsungImsRepositoryImpl: isPSVTRegistered, result :true
01-09 22:18:51.966 3642 3642 I Telephony: SamsungCallForwardUpdateManager: shouldCheckVideoCallForwarding for slot 0 : true
01-09 22:18:51.966 3642 3642 I Telephony: SamsungCallForwardUpdateManager: isCfiVisible, voiceI: false, videoI: false
01-09 22:18:51.966 3642 3642 I NotificationMgr: updateCfi: subId= 3, visible=N, isValidSubId= true
01-09 22:18:51.967 3642 3642 D NotificationMgr: cancelAsUser, tag=3, id=4, user=UserHandle{0}
01-09 22:18:51.967 3642 3642 D CallNotifier: updatePhoneStateListeners: update MW notifications.
01-09 22:18:51.967 3642 3642 I NotificationMgr: updateMwi(): subId 3 update to false
01-09 22:18:51.967 3642 3642 D Telephony: SamsungVoiceMailMwiNotifiaction: getMwiNotificationId, notificationId: 3
01-09 22:18:51.967 3642 3642 I NotificationMgr: updateMwi(): phoneId 0, notificationId 3
01-09 22:18:51.967 2400 3796 I Telecom:SamsungTelecomServiceImpl: getDefaultDialerPackageForUser - userId : 0 / callingPid : 3642 / processName : sts
01-09 22:18:51.968 3642 3642 D NotificationMgr: updateMwi, notifyCancelAsUserMwi
01-09 22:18:51.968 3642 3642 D Telephony: SamsungVoiceMailMwiManager: cancelAsUser, id=3, user=UserHandle{0}
01-09 22:18:51.969 3642 3642 I Telephony: SamsungMultiSimRepositoryImpl: isNoSIM() : slotIndex: 0, simState: 5
01-09 22:18:51.969 3642 3642 I Telephony: SamsungMultiSimRepositoryImpl: isNotReadySIM() : slotIndex: 0, simState: 5
01-09 22:18:51.970 3642 3642 I Telephony: SamsungMultiSimRepositoryImpl: isNoSIM() : slotIndex: 1, simState: 6
01-09 22:18:51.970 3642 3642 I Telephony: SamsungMultiSimRepositoryImpl: isNotReadySIM() : slotIndex: 1, simState: 6
01-09 22:18:51.971 3642 3642 D Telephony: SamsungVoiceMailMwiManager: notifyCancelMwiForGear()...
01-09 22:18:51.971 3642 3642 I Telephony: TelecomAccountRegistry$1: TelecomAccountRegistry: onSubscriptionsChanged - update accounts
01-09 22:18:51.971 3642 3642 I Telephony: SamsungTelecomAccountRegistry: shouldUpdatePhoneAccountsOnSubscriptionsChanged: Skip - PhoneId: 1, SubId: -1, SubscriptionManager.isValidSubscriptionId(): false, phone.getFullIccSerialNumber() == null: true
01-09 22:18:51.972 3642 3642 I Telephony: SamsungTelecomAccountRegistry: shouldUpdatePhoneAccountsOnSubscriptionsChanged: false - simSlotIndex: 0 isSimCardStatusOn true hasEmergencyOnlyCapa: false
01-09 22:18:51.972 3642 3642 I Telephony: SamsungTelecomAccountRegistry: shouldUpdatePhoneAccountsOnSubscriptionsChanged: false - validPhoneCounts: 1, accounts.size: 1
01-09 22:18:51.972 3642 3642 I Telephony: TelecomAccountRegistry$1: TelecomAccountRegistry: onSubscriptionsChanged - end
01-09 22:18:51.972 3642 3642 I ImsExternalCallTracker: handleVideoCapabilitiesChanged : isVideoCapable = false
01-09 22:18:51.972 3642 3642 D ImsExternalCallTracker: refreshCallPullState
01-09 22:18:51.972 3642 3642 I Telephony: PstnPhoneCapabilitiesNotifier: handleVideoCapabilitesChanged. Video capability - false
01-09 22:18:51.972 3642 3642 I Telephony: TelecomAccountRegistry$AccountEntry: onVideoCapabilitiesChanged: skip. has same state, false
01-09 22:18:51.972 3642 3642 D Telephony: SamsungTuiAsyncSendExtras: SamsungTuiAsyncSendExtras[onPostExecute] method: update_network_selection
01-09 22:18:51.973 3642 3642 I Telephony: TelecomAccountRegistry$AccountEntry: isRttCurrentlySupported -- regular acct,, hasVoiceAvailability: false, isRttSupported: false, alwaysAllowWhileRoaming: false, isRoaming: false, isOnWfc: false
01-09 22:18:51.974 3642 3642 D Telephony: SamsungTuiAsyncSendExtras: SamsungTuiAsyncSendExtras[onPreExecute] method: network_notification_event
01-09 22:18:51.974 3642 11849 D Telephony: SamsungTuiAsyncSendExtras: SamsungTuiAsyncSendExtras[doInBackground] method: network_notification_event
01-09 22:18:51.974 3642 3642 D Telephony: SamsungTuiAsyncSendExtras: SamsungTuiAsyncSendExtras[onPreExecute] method: service_state_changed
01-09 22:18:51.974 9555 9569 I InternalContentProvider: network_notification_event null
01-09 22:18:51.974 3642 1886 D Telephony: SamsungTuiAsyncSendExtras: SamsungTuiAsyncSendExtras[doInBackground] method: service_state_changed
01-09 22:18:51.974 9555 9569 I InternalContentProvider: Take CarrierUiCallFunctions
01-09 22:18:51.974 9555 9569 I CarrierUiCallFunctions: call network_notification_event null Bundle[mParcelledData.dataSize=828]
01-09 22:18:51.974 9555 9567 I InternalContentProvider: service_state_changed null
01-09 22:18:51.974 9555 9567 I InternalContentProvider: Take CarrierUiCallFunctions
01-09 22:18:51.974 9555 9567 I CarrierUiCallFunctions: call service_state_changed null Bundle[mParcelledData.dataSize=4956]
01-09 22:18:51.975 3797 3946 I EPDG -- SIM0 IwlanNetworkService: requestNetworkRegistrationInfo for domain 2
01-09 22:18:51.976 3642 3642 D Telephony: SamsungTuiAsyncSendExtras: SamsungTuiAsyncSendExtras[onPostExecute] method: network_notification_event
01-09 22:18:51.976 3642 3642 D Telephony: SamsungTuiAsyncSendExtras: SamsungTuiAsyncSendExtras[onPostExecute] method: service_state_changed
01-09 22:18:51.976 3797 4149 I EPDG -- SIM0 IwlanNetworkService: Calling onRequestNetworkRegistrationInfoComplete.resultCode = 0, netState = NetworkRegistrationInfo{ domain=PS transportType=WLAN registrationState=HOME networkRegistrationState=HOME roamingType=NOT_ROAMING accessNetworkTechnology=IWLAN rejectCause=0 emergencyEnabled=false availableServices=[DATA] cellIdentity=null voiceSpecificInfo=null dataSpecificInfo=null nrState=**** rRplmn= isUsingCarrierAggregation=false}
01-09 22:18:51.976 9555 9555 I AlarmManagerUtils: getRegisterAlarmManager : register_allow_data_dialog_retry_to_alarm_manager = false
01-09 22:18:51.976 9555 9555 I CU.NetworkUiReceiver: handleNetworkNotification event: android.telephony.action.SERVICE_PROVIDERS_UPDATED
01-09 22:18:51.978 10717 10717 I ViewRootImpl@2071ed5[Main_Activity]: onDisplayChanged oldDisplayState=2 newDisplayState=2
01-09 22:18:51.978 10717 10717 I ViewRootImpl@cec25af[Main_Activity]: onDisplayChanged oldDisplayState=2 newDisplayState=2
01-09 22:18:51.978 1500 4910 I vendor.qti.bluetooth@1.1-ibs_handler: DeviceSleep: TX Awake, Sending SLEEP_IND
01-09 22:18:51.978 10717 10717 I ViewRootImpl@64be10f[Main_Activity]: onDisplayChanged oldDisplayState=2 newDisplayState=2
01-09 22:18:51.978 10717 10717 I ViewRootImpl@6f023a[Main_Activity]: onDisplayChanged oldDisplayState=2 newDisplayState=2
01-09 22:18:51.978 1500 4910 D vendor.qti.bluetooth@1.1-ibs_handler: SerialClockVote: vote for UART CLK OFF
01-09 22:18:51.978 9555 9555 I FT.SimUtilFeature: isSimReady[slot1]: false
01-09 22:18:51.979 3642 3732 I TelephonyProvider: D/TelephonyProvider: APN updated !! match = 13
01-09 22:18:51.979 10717 10717 W ss.xcal.mobile5: Accessing hidden method Landroid/telephony/TelephonyManager;->getVoiceNetworkType(I)I (max-target-p, reflection, denied)
01-09 22:18:51.980 10717 10717 W ss.xcal.mobile5: Accessing hidden method Landroid/telephony/TelephonyManager;->getDataNetworkType(I)I (max-target-p, reflection, denied)
01-09 22:18:51.980 9555 9555 I UT.TelephonyUtils: isRoamingArea : serviceState = 0
01-09 22:18:51.980 9555 9555 I CU.NetworkSelectionNotificationMgr: isRoamingServiceAvailable : slotId = 1, enabled = false, roaming = false
01-09 22:18:51.980 9555 9555 I FT.SimUtilFeature: isSimReady[slot0]: true
01-09 22:18:51.980 9555 9555 I FT.TuiUtilFeature: isAirplaneModeOn = false
01-09 22:18:51.983 1496 19327 I PAL: API: pal_stream_start: 396: Exit. status 0
01-09 22:18:51.983 1496 19327 I AHAL: AudioStream: configurePalOutputStream: 4092: notify GEF client of device config
01-09 22:18:51.983 1496 19327 I AudioSAEffectOffload: effect_update_payload_by_hal updateType:100000 OFFLOAD_EFFECT_ALL
01-09 22:18:51.983 1496 19327 D AudioSAEffectOffload: send_custom_payload_effect: enter, tag: 0xc00000b, custom_data_sz: 28
01-09 22:18:51.983 1496 19327 I PAL: ResourceManager: setParameter: 11978: PAL_PARAM_ID_UIEFFECT VOLUMEMONITOR_SET_PARAMS(0x10001f43)
01-09 22:18:51.983 1496 19327 I PAL: API: pal_gef_rw_param: 1597: set global parameter 4, status -22
01-09 22:18:51.983 1496 19327 I PAL: ResourceManager: setParameter: 11978: PAL_PARAM_ID_UIEFFECT VOLUMEMONITOR_SET_PARAMS(0x10001f43)
01-09 22:18:51.983 1496 19327 I PAL: API: pal_gef_rw_param: 1597: set global parameter 4, status -22
01-09 22:18:51.983 1496 19327 I PAL: ResourceManager: setParameter: 11978: PAL_PARAM_ID_UIEFFECT VOLUMEMONITOR_SET_PARAMS(0x10001f43)
01-09 22:18:51.983 1496 19327 I PAL: API: pal_gef_rw_param: 1597: set global parameter 4, status -22
01-09 22:18:51.983 1496 19327 I PAL: ResourceManager: setParameter: 11978: PAL_PARAM_ID_UIEFFECT VOLUMEMONITOR_SET_PARAMS(0x10001f43)
01-09 22:18:51.983 1496 19327 I PAL: API: pal_gef_rw_param: 1597: set global parameter 4, status -22
01-09 22:18:51.983 1496 19327 D AudioSAEffectOffload: send_custom_payload_effect: exit, tag: 0xc00000b, custom_data_sz: 28
01-09 22:18:51.983 1496 19327 D AudioSAEffectOffload: offload_param_dump() : status[-22] value[ VM,0,0,0,0,2,0,0 ]
01-09 22:18:51.983 1496 19327 D AHAL: AudioStream: ~AutoPerfLock: 167: (release) perf_lock_handle: 0x0, count: 1
01-09 22:18:51.983 1496 19327 D AHAL: AudioStream: ~AutoPerfLock: 171: Releasing perf_lock_handle: 0x0
01-09 22:18:51.983 9555 9555 I UT.TelephonyUtils: isRoamingArea : serviceState = 0
01-09 22:18:51.983 1619 2927 D AudioFlinger: mixer(0xb400007f8aade6a0) Spend too much time to write: delta 78(effect 0, stage 0)
01-09 22:18:51.986 9555 9555 I UT.TelephonyUtils: isRoamingArea : serviceState = 0
01-09 22:18:51.986 9555 9555 I CU.NetworkSelectionNotificationMgr: isRoamingServiceAvailable : slotId = 0, enabled = false, roaming = false
01-09 22:18:51.986 9555 9555 I CU.NetworkSelectionNotificationMgr: put state : UNAVAILABLE -> UNAVAILABLE
01-09 22:18:51.986 9555 9555 I CU.NetworkSelectionNotificationMgr: updateRoamingCurrentOperator : serviceState = 0, RoamingServiceState = UNAVAILABLE
01-09 22:18:51.986 9555 9555 I CU.NetworkSelectionNotificationMgr: removeRoamingCurrentOperatorNotification
01-09 22:18:51.986 9555 9555 I CU.NetworkSelectionNotificationMgr: refreshNetworkSelection
01-09 22:18:51.986 2400 2633 I WindowManager: Reparenting to original parent: Surface(name=ActivityRecord{9e0931d u0 com.innowireless.xcal.mobile5/.ui.Main_Activity t23})/@0x7873cc1, destroy=true, surface=Surface(name=a663267 com.innowireless.xcal.mobile5/com.innowireless.xcal.mobile5.ui.Main_Activity)/@0xb992e12
01-09 22:18:51.987 3642 4595 D Telephony: SamsungTuiCallFunctions: getDataRegState() dataRegState= 0
01-09 22:18:51.987 9555 9555 I SepApiMethodCall: method:getDataRegState result:0 success:true error:null
01-09 22:18:51.987 3642 4595 D Telephony: SamsungTuiCallFunctions: getDataRoamingType() dataRegState= 0
01-09 22:18:51.987 9555 9555 I SepApiMethodCall: method:getDataRoamingType result:0 success:true error:null
01-09 22:18:51.987 9555 9555 I CU.NetworkUiReceiver: ACTION_SERVICE_PROVIDERS_UPDATED : serviceState.getState = 0, dataRegState = 0, dataRoamingType = 0
01-09 22:18:51.987 9555 9555 I UT.TelephonyUtils: getPhoneId : subId = -1
01-09 22:18:51.987 9555 9555 I CU.NetworkUiUtils: isSupportRoamingNotiOption : (false)
01-09 22:18:51.988 2400 2400 D SemWifiService: onServiceStateChanged : state - 0, dataNetworkType : 18
01-09 22:18:51.988 2400 5671 I LocationAccessPolicy: com.android.systemui is aware of fine but the app-ops permission is specifically denied.
01-09 22:18:51.988 2400 5671 I LocationAccessPolicy: checkLocationPermission - callingUid: 10103, callingPid: 3670, resultForFine: DENIED_SOFT
01-09 22:18:51.989 2400 5671 I LocationAccessPolicy: com.android.systemui is aware of coarse but the app-ops permission is specifically denied.
01-09 22:18:51.989 2400 5671 I LocationAccessPolicy: checkLocationPermission - callingUid: 10103, callingPid: 3670, resultForCoarse: DENIED_SOFT
01-09 22:18:51.989 2400 5671 I LocationAccessPolicy: com.android.systemui is aware of fine but the app-ops permission is specifically denied.
01-09 22:18:51.989 2400 5671 I LocationAccessPolicy: checkLocationPermission - callingUid: 10103, callingPid: 3670, resultForFine: DENIED_SOFT
01-09 22:18:51.990 2400 5671 I LocationAccessPolicy: com.android.systemui is aware of coarse but the app-ops permission is specifically denied.
01-09 22:18:51.990 2400 5671 I LocationAccessPolicy: checkLocationPermission - callingUid: 10103, callingPid: 3670, resultForCoarse: DENIED_SOFT
01-09 22:18:51.990 2400 5671 I LocationAccessPolicy: com.android.systemui is aware of fine but the app-ops permission is specifically denied.
01-09 22:18:51.990 2400 5671 I LocationAccessPolicy: checkLocationPermission - callingUid: 10103, callingPid: 3670, resultForFine: DENIED_SOFT
01-09 22:18:51.990 2400 5671 I LocationAccessPolicy: com.android.systemui is aware of coarse but the app-ops permission is specifically denied.
01-09 22:18:51.990 2400 5671 I LocationAccessPolicy: checkLocationPermission - callingUid: 10103, callingPid: 3670, resultForCoarse: DENIED_SOFT
01-09 22:18:51.990 2400 2400 D SemWifiApServiceImpl: onServiceStateChanged : 0dataNetworkType : 18
01-09 22:18:51.990 2400 2400 W NSLocationMonitor: onServiceStateChanged, state=0 / channel=3686
01-09 22:18:51.990 4039 4039 I VolteServiceModule: onServiceStateChanged({mVoiceRegState=0(IN_SERVICE), mDataRegState=0(IN_SERVICE), mChannelNumber=3686, duplexMode()=0, mCellBandwidths=[5000], mOperatorAlphaLong=airtel, mOperatorAlphaShort=airtel, isManualNetworkSelection=false(automatic), getRilVoiceRadioTechnology=14(LTE), getRilDataRadioTechnology=18(IWLAN), mCssIndicator=unsupported, mNetworkId=*1, mSystemId=*1, mCdmaRoamingIndicator=-1, mCdmaDefaultRoamingIndicator=-1, VoiceRegType=0, Snap=0, PsOnly=false, FemtocellInd=0, SprDisplayRoam=false, OptRadioTech=0, MsimSubmode=0, IsVoiceCallAvailable=true, mIsEmergencyOnly=false, isUsingCarrierAggregation=false, mArfcnRsrpBoost=0, mNetworkRegistrationInfos=[NetworkRegistrationInfo{ domain=PS transportType=WLAN registrationState=HOME networkRegistrationState=HOME roamingType=NOT_ROAMING accessNetworkTechnology=IWLAN rejectCause=0 emergencyEnabled=false availableServices=[DATA] cellIdentity=null voiceSpecificInfo=null dataSpecificInfo=null nrState=**** rRplmn= isUsingCarrierAggregation=false}, NetworkRegistrationInfo{ domain=CS transportType=WWAN registrationState=HOME networkRegistrationState=HOME roamingType=NOT_ROAMING accessNetworkTechnology=LTE rejectCause=0 emergencyEnabled=false availableServices=[VOICE,SMS,VIDEO] cellIdentity=CellIdentityLte:{ mCi=1******73 mPci=292 mTac=4**6 mEarfcn=3686 mBands=[8] mBandwidth=2147483647 mMcc=404 mMnc=92 mAlphaLong=AIRTEL mAlphaShort=airtel mAdditionalPlmns={} mCsgInfo=null} voiceSpecificInfo=VoiceSpecificRegistrationInfo { mCssSupported=false mRoamingIndicator=0 mSystemIsInPrl=0 mDefaultRoamingIndicator=0} dataSpecificInfo=null nrState=**** rRplmn=40492 isUsingCarrierAggregation=false}, NetworkRegistrationInfo{ domain=PS transportType=WWAN registrationState=HOME networkRegistrationState=HOME roamingType=NOT_ROAMING accessNetworkTechnology=LTE rejectCause=0 emergencyEnabled=false availableServices=[DATA] cellIdentity=CellIdentityLte:{ mCi=1******73 mPci=292 mTac=4**6 mEarfcn=3686 mBands=[8] mBandwidth=2147483647 mMcc=404 mMnc=92 mAlphaLong=AIRTEL mAlphaShort=airtel mAdditionalPlmns={} mCsgInfo=null} voiceSpecificInfo=null dataSpecificInfo=android.telephony.DataSpecificRegistrationInfo :{ maxDataCalls = 16 isDcNrRestricted = false isNrAvailable = false isEnDcAvailable = false mLteAttachResultType = 0 mLteAttachExtraInfo = 0 LteVopsSupportInfo : mVopsSupport = 2 mEmcBearerSupport = 2 } nrState=**** rRplmn=40492 isUsingCarrierAggregation=false}], mNrFrequencyRange=0, mOperatorAlphaLongRaw=airtel, mOperatorAlphaShortRaw=airtel, mIsDataRoamingFromRegistration=false, mIsIwlanPreferred=true})
01-09 22:18:51.990 2400 2400 I NSLocationMonitor: networkType[13]=LTE / nrState=false
01-09 22:18:51.990 4039 4039 I VolteServiceModule: mIsLteEpsOnlyAttached(1):false
01-09 22:18:51.990 2400 2400 W NSLocationMonitor: onServiceStateChanged, state=0 / channel=3686
01-09 22:18:51.990 2400 2400 I NSLocationMonitor: networkType[13]=LTE / nrState=false
01-09 22:18:51.991 4039 4658 I VolteServiceModule: onServiceStateChanged({mVoiceRegState=0(IN_SERVICE), mDataRegState=0(IN_SERVICE), mChannelNumber=3686, duplexMode()=0, mCellBandwidths=[5000], mOperatorAlphaLong=airtel, mOperatorAlphaShort=airtel, isManualNetworkSelection=false(automatic), getRilVoiceRadioTechnology=14(LTE), getRilDataRadioTechnology=18(IWLAN), mCssIndicator=unsupported, mNetworkId=*1, mSystemId=*1, mCdmaRoamingIndicator=-1, mCdmaDefaultRoamingIndicator=-1, VoiceRegType=0, Snap=0, PsOnly=false, FemtocellInd=0, SprDisplayRoam=false, OptRadioTech=0, MsimSubmode=0, IsVoiceCallAvailable=true, mIsEmergencyOnly=false, isUsingCarrierAggregation=false, mArfcnRsrpBoost=0, mNetworkRegistrationInfos=[NetworkRegistrationInfo{ domain=PS transportType=WLAN registrationState=HOME networkRegistrationState=HOME roamingType=NOT_ROAMING accessNetworkTechnology=IWLAN rejectCause=0 emergencyEnabled=false availableServices=[DATA] cellIdentity=null voiceSpecificInfo=null dataSpecificInfo=null nrState=**** rRplmn= isUsingCarrierAggregation=false}, NetworkRegistrationInfo{ domain=CS transportType=WWAN registrationState=HOME networkRegistrationState=HOME roamingType=NOT_ROAMING accessNetworkTechnology=LTE rejectCause=0 emergencyEnabled=false availableServices=[VOICE,SMS,VIDEO] cellIdentity=CellIdentityLte:{ mCi=1******73 mPci=292 mTac=4**6 mEarfcn=3686 mBands=[8] mBandwidth=2147483647 mMcc=404 mMnc=92 mAlphaLong=AIRTEL mAlphaShort=airtel mAdditionalPlmns={} mCsgInfo=null} voiceSpecificInfo=VoiceSpecificRegistrationInfo { mCssSupported=false mRoamingIndicator=0 mSystemIsInPrl=0 mDefaultRoamingIndicator=0} dataSpecificInfo=null nrState=**** rRplmn=40492 isUsingCarrierAggregation=false}, NetworkRegistrationInfo{ domain=PS transportType=WWAN registrationState=HOME networkRegistrationState=HOME roamingType=NOT_ROAMING accessNetworkTechnology=LTE rejectCause=0 emergencyEnabled=false availableServices=[DATA] cellIdentity=CellIdentityLte:{ mCi=1******73 mPci=292 mTac=4**6 mEarfcn=3686 mBands=[8] mBandwidth=2147483647 mMcc=404 mMnc=92 mAlphaLong=AIRTEL mAlphaShort=airtel mAdditionalPlmns={} mCsgInfo=null} voiceSpecificInfo=null dataSpecificInfo=android.telephony.DataSpecificRegistrationInfo :{ maxDataCalls = 16 isDcNrRestricted = false isNrAvailable = false isEnDcAvailable = false mLteAttachResultType = 0 mLteAttachExtraInfo = 0 LteVopsSupportInfo : mVopsSupport = 2 mEmcBearerSupport = 2 } nrState=**** rRplmn=40492 isUsingCarrierAggregation=false}], mNrFrequencyRange=0, mOperatorAlphaLongRaw=airtel, mOperatorAlphaShortRaw=airtel, mIsDataRoamingFromRegistration=false, mIsIwlanPreferred=true})
01-09 22:18:51.991 4039 4658 I VolteServiceModule: mIsLteEpsOnlyAttached(0):false
01-09 22:18:51.991 4893 5021 W NetworkManager_FLP: updateServiceStateChanged, serviceState=0 / isRegistered=true / channel=3686 / networkTypeName=LTE / nr=false
01-09 22:18:51.991 3797 3797 I EPDG -- SIM0 [SMARTCELLULAR]: onServiceStateChanged: 13
01-09 22:18:51.991 4893 5021 I NetworkManager_FLP: Success to update networkStatus, Service=0 / Network=LTE(band=8, ch=3686) / MobileData=false, roaming=false / WIFI=true, conn=true / BT=true, conn=false
01-09 22:18:51.991 3797 3797 I EPDG -- SIM0 [SMARTCELLULAR]: lastLteRSRP is 0 currentLteRSRP is -84 lastLteRSRQ is 0 currentLteRSRQ is -9 lastLteSNR is -21 currentLteSNR is 3
01-09 22:18:51.991 2400 5671 W ContextImpl: Calling a method in the system process without a qualified user: android.app.ContextImpl.sendBroadcastMultiplePermissions:1331 android.content.Context.sendBroadcastMultiplePermissions:2480 com.android.server.TelephonyRegistry.broadcastServiceStateChanged:3653 com.android.server.TelephonyRegistry.notifyServiceStateForPhoneId:1749 com.android.internal.telephony.ITelephonyRegistry$Stub.onTransact:542
01-09 22:18:51.991 3797 4669 I EPDG -- SIM0 [NetController]: WWAN Voice Regi: 0 Roaming: 0
01-09 22:18:51.991 4893 5021 W NetworkManager_FLP: updateServiceStateChanged, serviceState=0 / isRegistered=true / channel=3686 / networkTypeName=LTE / nr=false
01-09 22:18:51.991 3797 4669 I EPDG -- SIM0 [NetController]: WWAN Data Regi: 0 Rat: 13 Roaming: false
01-09 22:18:51.991 3797 3797 I EPDG -- SIM0 [SMARTCELLULAR]: RSRP is -84 RSRQ is -9 SNR is 3
01-09 22:18:51.991 3797 3797 I EPDG -- SIM0 [SMARTCELLULAR]: postLteRunnableFinal: mIsLteAvailable is true
01-09 22:18:51.991 3797 3797 I EPDG -- SIM0 [SMARTCELLULAR]: EPDI (STRONG_LTE_SIGNAL)
01-09 22:18:51.991 3797 3797 I EPDG -- SIM0 [SMARTWIFI]: onServiceStateChanged state=0
01-09 22:18:51.991 3797 4669 I EPDG -- SIM0 [EpdgSubScription]: getIsAirplaneMode: returning: false
01-09 22:18:51.991 2400 5671 W ContextImpl: Calling a method in the system process without a qualified user: android.app.ContextImpl.sendBroadcastMultiplePermissions:1364 com.android.server.TelephonyRegistry.broadcastServiceStateChanged:3658 com.android.server.TelephonyRegistry.notifyServiceStateForPhoneId:1749 com.android.internal.telephony.ITelephonyRegistry$Stub.onTransact:542 android.os.Binder.execTransactInternal:1380
01-09 22:18:51.993 3670 3670 D StatusBarIconController: ignoring old pipeline callbacks, because the new mobile icons are enabled
01-09 22:18:51.993 2400 2400 D SemWifiService: received: android.intent.action.SERVICE_STATE
01-09 22:18:51.993 2400 5671 W ContextImpl: Calling a method in the system process without a qualified user: android.app.ContextImpl.sendBroadcastMultiplePermissions:1364 com.android.server.TelephonyRegistry.broadcastServiceStateChanged:3667 com.android.server.TelephonyRegistry.notifyServiceStateForPhoneId:1749 com.android.internal.telephony.ITelephonyRegistry$Stub.onTransact:542 android.os.Binder.execTransactInternal:1380
01-09 22:18:51.994 3797 4669 I EPDG -- SIM0 [NetController]: getIsRssiDisabledForProfiling: returning: true
01-09 22:18:51.994 3797 4669 I EPDG -- SIM0 [NetController]: Celluler is available, enable Wifi thresholds
01-09 22:18:51.994 3797 4669 I EPDG -- SIM0 [NetController]: setIsRssiDisabledForProfiling: value: false
01-09 22:18:51.994 2400 5671 W ContextImpl: Calling a method in the system process without a qualified user: android.app.ContextImpl.sendBroadcastMultiplePermissions:1364 com.android.server.TelephonyRegistry.broadcastServiceStateChanged:3673 com.android.server.TelephonyRegistry.notifyServiceStateForPhoneId:1749 com.android.internal.telephony.ITelephonyRegistry$Stub.onTransact:542 android.os.Binder.execTransactInternal:1380
01-09 22:18:51.994 1635 1635 I Layer : Layer::reparent [a663267 com.innowireless.xcal.mobile5/com.innowireless.xcal.mobile5.ui.Main_Activity#1420] newParent : ActivityRecord{9e0931d u0 com.innowireless.xcal.mobile5/.ui.Main_Activity t23}#1382 , isRemovedFromCurrentState : 0 -------------------------
01-09 22:18:51.994 4039 4039 I NetworkUtil: Network Cap check : INTERNET : true
01-09 22:18:51.994 4039 4039 I NetworkUtil: isConnected = false isCellularOnly : true
01-09 22:18:51.994 1635 1635 I Layer : Layer::reparent [a663267 com.innowireless.xcal.mobile5/com.innowireless.xcal.mobile5.ui.Main_Activity#1420] End -------------------------
01-09 22:18:51.994 4039 4530 I RegiMgr-Handler: handleMessage: EVENT_MOBILE_RADIO_CONNECTED
01-09 22:18:51.994 4039 4039 I TelephonyCallbackForPdnController<0>: onServiceStateChanged: state={mVoiceRegState=0(IN_SERVICE), mDataRegState=0(IN_SERVICE), mChannelNumber=3686, duplexMode()=0, mCellBandwidths=[5000], mOperatorAlphaLong=airtel, mOperatorAlphaShort=airtel, isManualNetworkSelection=false(automatic), getRilVoiceRadioTechnology=14(LTE), getRilDataRadioTechnology=18(IWLAN), mCssIndicator=unsupported, mNetworkId=*1, mSystemId=*1, mCdmaRoamingIndicator=-1, mCdmaDefaultRoamingIndicator=-1, VoiceRegType=0, Snap=0, PsOnly=false, FemtocellInd=0, SprDisplayRoam=false, OptRadioTech=0, MsimSubmode=0, IsVoiceCallAvailable=true, mIsEmergencyOnly=false, isUsingCarrierAggregation=false, mArfcnRsrpBoost=0, mNetworkRegistrationInfos=[NetworkRegistrationInfo{ domain=PS transportType=WLAN registrationState=HOME networkRegistrationState=HOME roamingType=NOT_ROAMING accessNetworkTechnology=IWLAN rejectCause=0 emergencyEnabled=false availableServices=[DATA] cellIdentity=null voiceSpecificInfo=null dataSpecificInfo=null nrState=**** rRplmn= isUsingCarrierAggregation=false}, NetworkRegistrationInfo{ domain=CS transportType=WWAN registrationState=HOME networkRegistrationState=HOME roamingType=NOT_ROAMING accessNetworkTechnology=LTE rejectCause=0 emergencyEnabled=false availableServices=[VOICE,SMS,VIDEO] cellIdentity=CellIdentityLte:{ mCi=1******73 mPci=292 mTac=4**6 mEarfcn=3686 mBands=[8] mBandwidth=2147483647 mMcc=404 mMnc=92 mAlphaLong=AIRTEL mAlphaShort=airtel mAdditionalPlmns={} mCsgInfo=null} voiceSpecificInfo=VoiceSpecificRegistrationInfo { mCssSupported=false mRoamingIndicator=0 mSystemIsInPrl=0 mDefaultRoamingIndicator=0} dataSpecificInfo=null nrState=**** rRplmn=40492 isUsingCarrierAggregation=false}, NetworkRegistrationInfo{ domain=PS transportType=WWAN registrationState=HOME networkRegistrationState=HOME roamingType=NOT_ROAMING accessNetworkTechnology=LTE rejectCause=0 emergencyEnabled=false availableServices=[DATA] cellIdentity=CellIdentityLte:{ mCi=1******73 mPci=292 mTac=4**6 mEarfcn=3686 mBands=[8] mBandwidth=2147483647 mMcc=404 mMnc=92 mAlphaLong=AIRTEL mAlphaShort=airtel mAdditionalPlmns={} mCsgInfo=null} voiceSpecificInfo=null dataSpecificInfo=android.telephony.DataSpecificRegistrationInfo :{ maxDataCalls = 16 isDcNrRestricted = false isNrAvailable = false isEnDcAvailable = false mLteAttachResultType = 0 mLteAttachExtraInfo = 0 LteVopsSupportInfo : mVopsSupport = 2 mEmcBearerSupport = 2 } nrState=**** rRplmn=40492 isUsingCarrierAggregation=false}], mNrFrequencyRange=0, mOperatorAlphaLongRaw=airtel, mOperatorAlphaShortRaw=airtel, mIsDataRoamingFromRegistration=false, mIsIwlanPreferred=true}Changed=VoPS:NOT_SUPPORTED=>SUPPORTED, EmcBsIndi:UNKNOWN=>SUPPORTED
01-09 22:18:51.994 1635 1635 I Layer : Layer::reparent [Surface(name=a663267 com.innowireless.xcal.mobile5/com.innowireless.xcal.mobile5.ui.Main_Activity)/@0xb992e12 - animation-leash of window_animation#1427] newParentHandle : null -------------------------
01-09 22:18:51.994 4039 4039 I PdnController<0>: notifyDataConnectionState
01-09 22:18:51.994 4039 4039 I PdnController<0>: notifyDataConnectionState: needNotify=true networkType=18 isEpdgConnected=false dataNetType=18=>18 dataRegState=0=>0
01-09 22:18:51.994 4039 4530 I ResipRegiMgr: [0] handleInactiveCiaOnMobileConnected() need CIA_Inactive = false for AIRTEL VoLTE
01-09 22:18:51.994 1635 1635 I Layer : id=1427 removeFromCurrentState Surface(name=a663267 com.innowireless.xcal.mobile5/com.innowireless.xcal.mobile5.ui.Main_Activity)/@0xb992e12 - animation-leash of window_animation#1427 (127)
01-09 22:18:51.994 1635 1635 I Layer : Layer::reparent [Surface(name=a663267 com.innowireless.xcal.mobile5/com.innowireless.xcal.mobile5.ui.Main_Activity)/@0xb992e12 - animation-leash of window_animation#1427] End -------------------------
01-09 22:18:51.994 3642 3642 D ServiceStateProvider: subId=3
01-09 22:18:51.995 1635 1635 I SurfaceFlinger: id=1427 Removed Surface(name=a663267 com.innowireless.xcal.mobile5/com.innowireless.xcal.mobile5.ui.Main_Activity)/@0xb992e12 - animation-leash of window_animation#1427 (127)
01-09 22:18:51.995 4039 4039 I RegiMgr-Handler<0>: onDataConnectionStateChanged(): networkType [IWLAN], isWifiConnected [true]
01-09 22:18:51.995 4039 4530 I RegiMgr-Handler: handleMessage: EVENT_NETWORK_TYPE
01-09 22:18:51.995 4039 4530 I RegiMgr-NetEvtCtr<0>: onNetworkChanged: suspendByIrat=false
01-09 22:18:51.995 4039 4530 I NetworkState: setAllCellInfo : Cleared by null set !!!!
01-09 22:18:51.995 4039 4530 I RegiMgr<0>: updatePani RegisterTask[0][mProfile=AIRTEL VoLTE, mRegistrationRat=18, mPdnType=11, mState=CONNECTING, mObject=null, mReason=, mPcscfHostname=null, mDeregiReason=41]
01-09 22:18:51.995 4039 4530 I PaniGenerator<0>: generate: subId=3, network=18, pdn=11
01-09 22:18:51.995 4039 4530 I PaniGenerator<0>: generate: network=13, fallbackPlmn=40402
01-09 22:18:51.995 4039 4039 I ImsCallSessionManager: onDataConnectionStateChanged(): networkType [IWLAN]isWifiConnected [true], phoneId [0]
01-09 22:18:51.995 4039 4530 I PdnController<0>: getAllCellInfo mNeedCellLocationUpdate : true
01-09 22:18:51.996 3642 3642 D SST : !@Boot_SVC : GPRS Attached
01-09 22:18:51.996 4039 4530 I PdnController<0>: get latest cellInfo and store, subId = 3
01-09 22:18:51.996 4039 4530 I PaniGenerator: generate: change to NW PLMN(40492)
01-09 22:18:51.996 4039 4039 I TelephonyCallbackForPdnController<0>: notifySnapshotState: snapshotState=0 old=0
01-09 22:18:51.997 3642 4594 D Telephony: SamsungTuiCallFunctions: getSimApplicationState() simState= 10
01-09 22:18:51.997 9555 9555 I SepApiMethodCall: method:getSimApplicationState result:10 success:true error:null
01-09 22:18:51.997 9555 9555 I FT.TuiUtilFeature: isFirstBootInTss : true isTSSActivated : true
01-09 22:18:51.997 9555 9555 I UT.TelephonyUtils: getPhoneId : subId = 3
01-09 22:18:51.998 10717 11408 D PSCALL : ********************** Attach Complete, direction:0, code:743, chipsetTime:22:18:51.863
01-09 22:18:51.998 10717 11408 D PSCALL : ********************** attach duration:563ms
01-09 22:18:51.998 4039 4530 I RegiMgr-NetEvtCtr<0>: onNetworkEventChanged:Changed Event: VoPS(NOT_SUPPORTED=>SUPPORTED)
01-09 22:18:51.998 4039 4530 I VolteServiceModule: onNetworkChanged: NetworkEvent [network=18, voiceNetwork=13, voiceOverPs=SUPPORTED, outOfService=false, isDataRoaming=false, isVoiceRoaming=false, csOutOfService=false, isWifiConnected=true, isEpdgConnected=false, isEpdgAvailable=true, operatorNumeric=40492, isPsOnlyReg=false, isDataConnected=false]
01-09 22:18:51.998 4039 4530 I SmsServiceModule: regInfo: null
01-09 22:18:51.998 4039 4530 I SmsServiceModule: disallow sms Service
01-09 22:18:51.998 4039 4530 I SmsServiceModule: Sms Service queryCapabilityStatus[0]: removeCapabilities CAPABILITY_TYPE_SMS
01-09 22:18:51.998 4039 4530 E CmcServiceHelper: disallow Call Service
01-09 22:18:51.998 4039 4530 E CmcServiceHelper: disallow Call Service
01-09 22:18:51.998 4039 4530 E CmcServiceHelper: disallow Call Service
01-09 22:18:51.998 4039 4658 I VolteServiceModule: tryDisconnect(0) delay 100
01-09 22:18:51.998 4039 4530 I UtServiceModule<0>: isUtEnabled with policy : CS enabled = false
01-09 22:18:51.998 4039 4530 I SecImsNotifier: slot[0]: updateCapabilities: capabilities=MmTel Capabilities - [Voice: false Video: false UT: false SMS: false CALL_COMPOSER: false]
01-09 22:18:51.998 9555 9555 I AlarmManagerUtils: getRegisterAlarmManager : register_allow_data_dialog_retry_to_alarm_manager = false
01-09 22:18:51.998 4039 4530 I SecImsServiceConnector<0>: getMmTelFeatureImpl
01-09 22:18:51.998 4039 4530 E SecImsServiceConnector: connect to local SecImsService #1 attempt
01-09 22:18:51.998 4039 4530 I SecImsService: createMmTelFeatureForSubscription: slotId=0,subscriptionId=-1
01-09 22:18:51.998 4039 4530 I SecImsNotifier: slot[0]: updateRcsCapabilities: capabilities=Capabilities: 0
01-09 22:18:51.998 9555 9555 I UT.TelephonyUtils: getPhoneId : subId = 3
01-09 22:18:51.998 4039 4530 I SecImsServiceConnector<0>: getRcsFeatureImpl
01-09 22:18:51.998 4039 4530 E SecImsServiceConnector: connect to local SecImsService #1 attempt
01-09 22:18:51.998 4039 4530 I SecImsService: createRcsFeatureForSubscription: slotId=0,subscriptionId=-1
01-09 22:18:51.998 4039 4530 I RegiMgr-NetEvtCtr<0>: handleNetworkEventBeforeRegister: new network event=NetworkEvent [network=18, voiceNetwork=13, voiceOverPs=SUPPORTED, outOfService=false, isDataRoaming=false, isVoiceRoaming=false, csOutOfService=false, isWifiConnected=true, isEpdgConnected=false, isEpdgAvailable=true, operatorNumeric=40492, isPsOnlyReg=false, isDataConnected=false], old network event=NetworkEvent [network=18, voiceNetwork=13, voiceOverPs=NOT_SUPPORTED, outOfService=false, isDataRoaming=false, isVoiceRoaming=false, csOutOfService=false, isWifiConnected=true, isEpdgConnected=false, isEpdgAvailable=true, operatorNumeric=40492, isPsOnlyReg=false, isDataConnected=false]
01-09 22:18:51.998 4039 4530 I RegiMgr-NetEvtCtr<0>: handleNetworkEventBeforeRegister: new network event=NetworkEvent [network=18, voiceNetwork=13, voiceOverPs=SUPPORTED, outOfService=false, isDataRoaming=false, isVoiceRoaming=false, csOutOfService=false, isWifiConnected=true, isEpdgConnected=false, isEpdgAvailable=true, operatorNumeric=40492, isPsOnlyReg=false, isDataConnected=false], old network event=NetworkEvent [network=18, voiceNetwork=13, voiceOverPs=NOT_SUPPORTED, outOfService=false, isDataRoaming=false, isVoiceRoaming=false, csOutOfService=false, isWifiConnected=true, isEpdgConnected=false, isEpdgAvailable=true, operatorNumeric=40492, isPsOnlyReg=false, isDataConnected=false]
01-09 22:18:51.998 4039 4530 I SimManager<0>: getRilSimOperator: ETC
01-09 22:18:51.998 4039 4530 I SimManager<0>: hasIsim: [false]
01-09 22:18:51.998 4039 4530 I SimManager<0>: mSimState:LOADED, mIsimLoaded:false, hasIsim():false
01-09 22:18:51.998 4039 4530 I SimManager<0>: getRilSimOperator: ETC
01-09 22:18:51.998 4039 4530 I SimManager<0>: hasIsim: [false]
01-09 22:18:51.998 4039 4530 I RegiMgr-NetEvtCtr<0>: onNetworkEventChanged: tryRegister by phoneID
01-09 22:18:51.998 4039 4530 I RegiMgr<0>: tryRegister:
01-09 22:18:51.998 4039 4530 I RegiMgr<0>: RegisterTask(s): AIRTEL VoLTE (CONNECTING), AIRTEL India RCS (IDLE)
01-09 22:18:51.998 4039 4530 I RcsPolicyMgr<0>: pendingRcsRegister: mActiveDataPhoneId = 0
01-09 22:18:51.998 4039 4530 I RegisterTask: isSuspended: mSuspended(false) mSuspendByIrat(false)
01-09 22:18:51.998 4039 4530 I RegiMgr<0>: [AIRTEL VoLTE|CONNECTING] checkForTryRegister id: 736
01-09 22:18:51.998 4039 4530 I RegiMgr : isPdnConnected: false, PdnType: 11
01-09 22:18:51.999 9555 9555 I CU.NetworkUiUtils: isSupportRoamingNotiOption : (false)
01-09 22:18:51.999 9555 9555 I CU.NetworkUiUtils: setNetworkModeByQuickPanel: enabled : false
01-09 22:18:51.999 4039 4530 I PdnController: getDefaultNetworkBearer: WIFI
01-09 22:18:51.999 4039 4530 I RegiMgr-Utils<0>: getAvailableMobileNetwork: network=18 mobileDataType=13 => rat=18
01-09 22:18:51.999 2400 5671 D KNOX_MDM_SettingsProvider: isChangeAllowed() : name = set_network_mode_by_quick_panel
01-09 22:18:51.999 4039 4530 I PdnController<0>: isNetworkAvailable: isEpdgConnected=false getDataNetworkType()=18
01-09 22:18:51.999 4039 4530 I RegiMgr-Utils<0>: findBestNetwork: IWLAN
01-09 22:18:51.999 9555 9555 I UT.TelephonyUtils: getPhoneId : subId = 3
01-09 22:18:51.999 4039 4530 I RegiGvnBase<0>: isReadyToDualRegister: slot 1's call state: 0
01-09 22:18:51.999 4039 4530 I RegiGvnBase<0>: isReadyToDualRegister : true
01-09 22:18:51.999 9555 9555 I FT.TuiSalesCodeFeature: LGT.isCurrentOperator
01-09 22:18:51.999 9555 9555 I FT.TuiSalesCodeFeature: LGT.isCurrentOperator
01-09 22:18:51.999 9555 9555 I FT.TuiSalesCodeFeature: LGT.isCurrentOperator
01-09 22:18:52.000 3670 3670 D MultiSIMController: onReceive() - action = android.intent.action.SERVICE_STATE
01-09 22:18:52.000 3670 3670 D MultiSIMController: MESSAGE_UPDATE_SERVICE_STATE
01-09 22:18:52.001 9668 9668 D CellBroadcastReceiver: onReceive Intent { act=android.intent.action.SERVICE_STATE flg=0x1000010 cmp=com.google.android.cellbroadcastreceiver/com.android.cellbroadcastreceiver.CellBroadcastReceiver (has extras) }
01-09 22:18:52.001 13492 13492 I SAMSUNGWALLET: [SpayBroadcastReceiver] Action: android.intent.action.SERVICE_STATE
01-09 22:18:52.001 4039 4530 I RegiMgr<0>: [AIRTEL VoLTE|CONNECTING] checkInitialRegistrationIsReady: APM ON [false], Roamimg [false]
01-09 22:18:52.001 9668 9668 D CellBroadcastReceiver: onServiceStateChanged, ss: 0
01-09 22:18:52.001 9668 9668 D CellBroadcastReceiver: networkOperator: 40492
01-09 22:18:52.001 9555 9555 I CU.NetworkWarning: UpdateRoamingFailWarning: UpdateRoamingFailWarning service = 0
01-09 22:18:52.001 3670 3670 D MobileIconViewModel: [mobile] (0/3) connected=true dataConnected=false dataType=DefaultIcon(iconGroup=IconGroup(Unknown)) networkType=LTE simCard=AIRTEL
01-09 22:18:52.002 9555 9555 I FT.TuiSalesCodeFeature: LGT.isCurrentOperator
01-09 22:18:52.002 9668 9668 D CellBroadcastReceiver: update supported roaming operator as
01-09 22:18:52.002 3670 3670 D MobileIconViewModel: [mobile] (0/3) connected=true dataConnected=false dataType=DefaultIcon(iconGroup=IconGroup(LTE)) networkType=LTE simCard=AIRTEL
01-09 22:18:52.002 2400 2400 D EdgeLightingManager: isCallingUserSupported : callingUserId=0, mUserId=0, isDualAppId=false, isKnoxId=false
01-09 22:18:52.002 2400 2400 D EdgeLightingManager: hideForNotification : packageName = com.samsung.android.app.telephonyui
01-09 22:18:52.002 2400 2400 D EdgeLightingPolicyManager:NotificationGroup: remove : sbn : StatusBarNotification(pkg=com.samsung.android.app.telephonyui user=UserHandle{0} id=831 tag=null key=0|com.samsung.android.app.telephonyui|831|null|1001: Notification(channel=channel_mobileNetworks shortcut=null contentView=null vibrate=null sound=null defaults=0x0 flags=0x802 color=0x00000000 vis=PRIVATE semFlags=0x0 semPriority=0 semMissedCount=0))
01-09 22:18:52.002 2400 2400 D EdgeLightingPolicyManager.NotificationGroup: group notification count : 1
01-09 22:18:52.002 2400 2400 D EdgeLightingManager: hideForNotification : isInteractive is true
01-09 22:18:52.002 4039 4530 I RcsPolicyMgr<0>: pendingRcsRegister: mActiveDataPhoneId = 0
01-09 22:18:52.002 4039 4530 I ImsProfile: isRttSupportByCallApp : false ttyType : 1
01-09 22:18:52.002 4039 4530 I RegiMgr-Utils<0>: getPriorityRegiedTask : isPriority High? true
01-09 22:18:52.002 2400 2400 D NotificationService: CancelNotificationRunnable end r = 0|com.samsung.android.app.telephonyui|831|null|1001, reason = 8
01-09 22:18:52.002 4039 4530 I RegiGvnBase: checkRegiStatus: getState()=CONNECTING mIsUpdateRegistering=false
01-09 22:18:52.002 4039 4530 I RegiMgr<0>: getTelephonyCallStatus:
01-09 22:18:52.002 1635 1635 I Layer : id=1427 Destroyed Surface(name=a663267 com.innowireless.xcal.mobile5/com.innowireless.xcal.mobile5.ui.Main_Activity)/@0xb992e12 - animation-leash of window_animation#1427
01-09 22:18:52.003 2400 2592 I Telecom:SamsungTelecomServiceImpl: isInCall - callingPackage : com.android.systemui / callingUser : UserHandle{0} / hasCrossUserAccess : true
01-09 22:18:52.003 4039 4530 I RcsPolicyMgr<0>: pendingRcsRegister: mActiveDataPhoneId = 0
01-09 22:18:52.003 4039 4530 I RcsUtils: isDualRcsReg: true
01-09 22:18:52.003 3670 3670 D CarrierTextController: carrierTextForSimState(3)-(order: 0) : airtel
01-09 22:18:52.003 4039 4530 I RegisterTask: isSuspended: mSuspended(false) mSuspendByIrat(false)
01-09 22:18:52.003 3670 3670 D CarrierTextController: setText : airtel
01-09 22:18:52.003 3670 3670 D CarrierTextController: carrierTextForSimState(3)-(order: 0) : airtel
01-09 22:18:52.003 3670 3670 D CarrierTextController: setText : airtel
01-09 22:18:52.003 3670 3670 D CarrierTextController: carrierTextForSimState(3)-(order: 0) : airtel
01-09 22:18:52.003 3670 3670 D CarrierTextController: setText : airtel
01-09 22:18:52.003 4039 4530 I RegiMgr<0>: [AIRTEL India RCS|IDLE] checkForTryRegister id: 738
01-09 22:18:52.003 3670 3670 D FaceWidgetPagesController: onRefreshCarrierInfo()
01-09 22:18:52.003 4039 4530 I RegiMgr : isPdnConnected: false, PdnType: 0
01-09 22:18:52.003 3670 3670 D FaceWidgetClockRoamManager: isNetworkRoamingState id=3
01-09 22:18:52.003 3670 3670 D FaceWidgetClockRoamManager: isNetworkRoamingState false
01-09 22:18:52.003 3670 3670 D FaceWidgetClockRoamManager: onRefreshCarrierInfo(pre, now): false, false
01-09 22:18:52.003 3670 3670 D FaceWidgetClockPage: onRefreshCarrierInfo : isChanged false mIsRoaming false
01-09 22:18:52.003 3670 3670 D ShadeCarrierGroup: handleUpdateCarrierInfo [airtel] isLatin=false
01-09 22:18:52.003 9555 9555 I CU.NetworkWarning: RtsWarningDialogFactory: createRtsWarning: RtsOperatorConstants.UPDATE_REJECT_NOTI_WARNING_POPUP
01-09 22:18:52.003 9555 9555 I FT.TuiSalesCodeFeature: LGT.isCurrentOperator
01-09 22:18:52.003 9555 9555 I FT.TuiSalesCodeFeature: LGT.isCurrentOperator
01-09 22:18:52.003 9555 9555 I FT.TuiSalesCodeFeature: LGT.isCurrentOperator
01-09 22:18:52.003 9555 9555 I UT.TelephonyUtils: getPhoneId : subId = 3
01-09 22:18:52.003 3642 3642 D NotificationMgr: updateNetworkSelection, Use Samsung codes instead of AOSP codes
01-09 22:18:52.003 3642 3642 I Telephony: TelecomAccountRegistry$TelecomAccountTelephonyCallback: onServiceStateChanged: newState=0, mServiceState=0
01-09 22:18:52.004 2400 2400 D NotificationReminder: removeFromNotificationList record com.samsung.android.app.telephonyui
01-09 22:18:52.004 2400 2400 D SmartAlertController: SmartAlert - Found Missed Event
01-09 22:18:52.004 4039 4530 I PdnController: getDefaultNetworkBearer: WIFI
01-09 22:18:52.004 9555 9555 I FT.TuiUtilFeature: isAirplaneModeOn = false
01-09 22:18:52.004 3797 4669 I EPDG -- SIM0 [EpdgImsManagerHelper]: Find isAllowedOnRoaming value on IMS Profile : true
01-09 22:18:52.004 4039 4530 I RegiMgr-Utils<0>: findBestNetwork: WIFI needWifiNetwork = true
01-09 22:18:52.004 2400 12058 D SmartAlertController: SmartAlert - already registered or Setting disabled
01-09 22:18:52.004 4039 4530 I RegiGvnBase<0>: isReadyToDualRegister: slot 1's call state: 0
01-09 22:18:52.004 3797 4669 I EPDG -- SIM0 [SMARTCELLULAR]: LTE Available: true
01-09 22:18:52.004 4039 4530 I RegiGvnBase<0>: isReadyToDualRegister : true
01-09 22:18:52.004 3797 4669 I EPDG -- SIM0 [EpdgSubScription]: volteSetting(true) for VOICECALL_TYPE_KEY: voicecall_type
01-09 22:18:52.005 13492 13492 I SAMSUNGWALLET: [CommonNetworkUtil] mcc - 404
01-09 22:18:52.005 13492 13492 I SAMSUNGWALLET: [SpayBroadcastReceiver] mCurrentUiccId: 8991922305946154416, previousUiccId: 8991922305946154416
01-09 22:18:52.005 13492 13492 I SAMSUNGWALLET: [SpayBroadcastReceiver] mCurrentNetworkMcc: 404, previousNetworkMcc: 404
01-09 22:18:52.005 10717 11464 D QC_DMLog: nativeParsing: init
01-09 22:18:52.005 1619 2927 D AudioFlinger: mixer(0xb400007f8aade6a0) throttle end: throttle time(10)
01-09 22:18:52.006 3642 3642 I Telephony: TelecomAccountRegistry$AccountEntry: isRttCurrentlySupported -- regular acct,, hasVoiceAvailability: false, isRttSupported: false, alwaysAllowWhileRoaming: false, isRoaming: false, isOnWfc: false
01-09 22:18:52.006 3642 3642 D NotificationMgr: updateNetworkSelection, Use Samsung codes instead of AOSP codes
01-09 22:18:52.006 2400 5709 D PhoneRestrictionPolicy: isOperationAllowed >>> slotNum: 0 function: 1
01-09 22:18:52.006 4060 4060 I HoneySpace.NotificationListener: onNotificationRemoved com.samsung.android.app.telephonyui: 0|com.samsung.android.app.telephonyui|831|null|1001: 0
01-09 22:18:52.006 9555 9555 I CU.NetworkWarning: UpdateRejectWarning: UpdateRejectProcess slotId : 0
01-09 22:18:52.006 9555 9555 I CU.NetworkWarning: RTSValues=Status1;Idle0;CS0;PS0
