01-09 22:18:50.997 9555 9555 I FT.TuiSalesCodeFeature: LGT.isCurrentOperator
01-09 22:18:50.997 9555 9555 I FT.TuiSalesCodeFeature: LGT.isCurrentOperator
01-09 22:18:50.997 10717 10717 I Google Maps Android API: Google Play services package version: 244738029
01-09 22:18:50.997 9555 9555 I UT.TelephonyUtils: getPhoneId : subId = 3
01-09 22:18:50.997 10717 10717 I Google Maps Android API: Google Play services maps renderer version(legacy): 203115000
01-09 22:18:50.997 9555 9555 I FT.TuiUtilFeature: isAirplaneModeOn = false
01-09 22:18:51.000 9555 9555 I FT.TuiSalesCodeFeature: LGT.isCurrentOperator
01-09 22:18:51.005 3642 3970 D Telephony: SamsungTuiCallFunctions: getSimApplicationState() simState= 10
01-09 22:18:51.005 9555 9555 I SepApiMethodCall: method:getSimApplicationState result:10 success:true error:null
01-09 22:18:51.005 9555 9555 I FT.TuiUtilFeature: isFirstBootInTss : true isTSSActivated : true
01-09 22:18:51.005 9555 9555 I UT.TelephonyUtils: getPhoneId : subId = 3
01-09 22:18:51.006 9555 9555 I FT.SimUtilFeature: isSimReady[slot1]: false
01-09 22:18:51.007 9555 9555 I UT.TelephonyUtils: isRoamingArea : serviceState = 1
01-09 22:18:51.007 9555 9555 I CU.NetworkSelectionNotificationMgr: isRoamingServiceAvailable : slotId = 1, enabled = false, roaming = false
01-09 22:18:51.008 9555 9555 I FT.SimUtilFeature: isSimReady[slot0]: true
01-09 22:18:51.008 9555 9555 I FT.TuiUtilFeature: isAirplaneModeOn = false
01-09 22:18:51.010 9555 9555 I UT.TelephonyUtils: isRoamingArea : serviceState = 1
01-09 22:18:51.010 9555 9555 I CU.NetworkSelectionNotificationMgr: isRoamingServiceAvailable : slotId = 0, enabled = false, roaming = false
01-09 22:18:51.010 9555 9555 I CU.NetworkSelectionNotificationMgr: put state : UNAVAILABLE -> UNAVAILABLE
01-09 22:18:51.010 9555 9555 I CU.NetworkSelectionNotificationMgr: updateRoamingCurrentOperator : serviceState = 1, RoamingServiceState = UNAVAILABLE
01-09 22:18:51.010 9555 9555 I CU.NetworkSelectionNotificationMgr: removeRoamingCurrentOperatorNotification
01-09 22:18:51.010 9555 9555 I FT.TuiUtilFeature: isAirplaneModeOn = false
01-09 22:18:51.010 9555 9555 I CarrierUiCallFunctions: AirplaneMode change
01-09 22:18:51.010 9555 9555 I CU.NetworkLockWarningPopup: carrierId= [AIS, bSameCarrierId=, false]
01-09 22:18:51.010 9555 9555 I CU.NetworkLockWarningPopup: carrierId= [TRM, bSameCarrierId=, false]
01-09 22:18:51.010 9555 9555 I FT.TuiSalesCodeFeature: .isCurrentOmcNwCode
01-09 22:18:51.010 9555 9555 I FT.TuiSalesCodeFeature: LGT.isCurrentOperator
01-09 22:18:51.010 9555 9555 I FT.TuiSalesCodeFeature: .isCurrentOmcNwCode
01-09 22:18:51.010 9555 9555 I FT.TuiSalesCodeFeature: LGT.isCurrentOperator
01-09 22:18:51.010 9555 9555 I FT.TuiSalesCodeFeature: .isCurrentOmcNwCode
01-09 22:18:51.010 9555 9555 I FT.TuiSalesCodeFeature: LGT.isCurrentOperator
01-09 22:18:51.010 9555 9555 I FT.TuiSalesCodeFeature: .isCurrentOmcNwCode
01-09 22:18:51.010 9555 9555 I FT.TuiSalesCodeFeature: LGT.isCurrentOperator
01-09 22:18:51.010 9555 9555 I AlarmManagerUtils: getRegisterAlarmManager : register_allow_data_dialog_retry_to_alarm_manager = false
01-09 22:18:51.010 9555 9555 I UT.TelephonyUtils: getPhoneId : subId = 3
01-09 22:18:51.011 9555 9555 I CU.NetworkUiUtils: isSupportRoamingNotiOption : (false)
01-09 22:18:51.011 9555 9555 I CU.NetworkUiUtils: setNetworkModeByQuickPanel: enabled : false
01-09 22:18:51.011 2400 4825 D KNOX_MDM_SettingsProvider: isChangeAllowed() : name = set_network_mode_by_quick_panel
01-09 22:18:51.011 9555 9555 I UT.TelephonyUtils: getPhoneId : subId = 3
01-09 22:18:51.012 9555 9555 I FT.TuiSalesCodeFeature: LGT.isCurrentOperator
01-09 22:18:51.012 9555 9555 I FT.TuiSalesCodeFeature: LGT.isCurrentOperator
01-09 22:18:51.012 9555 9555 I FT.TuiSalesCodeFeature: LGT.isCurrentOperator
01-09 22:18:51.012 1594 1594 E NxpUwbHal: cleaning up the callback data
01-09 22:18:51.013 3670 3670 D MultiSIMController: MESSAGE_UPDATE_SERVICE_STATE
01-09 22:18:51.014 9555 9555 I CU.NetworkWarning: UpdateRoamingFailWarning: UpdateRoamingFailWarning service = 1
01-09 22:18:51.014 9555 9555 I FT.TuiSalesCodeFeature: LGT.isCurrentOperator
01-09 22:18:51.015 2400 3796 D PhoneRestrictionPolicy: isOperationAllowed >>> slotNum: 0 function: 1
01-09 22:18:51.016 2400 5682 D PhoneRestrictionPolicy: isOperationAllowed >>> slotNum: 0 function: 1
01-09 22:18:51.016 2400 6796 I Telecom:SamsungTelecomServiceImpl: isInCall - callingPackage : com.android.systemui / callingUser : UserHandle{0} / hasCrossUserAccess : true
01-09 22:18:51.016 3670 3670 D CarrierTextController: carrierTextForSimState(3)-(order: 0) :
01-09 22:18:51.016 3670 3670 D CarrierTextController: setText :
01-09 22:18:51.016 3670 3670 D CarrierTextController: carrierTextForSimState(3)-(order: 0) :
01-09 22:18:51.016 3670 3670 D CarrierTextController: setText :
01-09 22:18:51.017 3670 3670 D CarrierTextController: carrierTextForSimState(3)-(order: 0) :
01-09 22:18:51.017 3670 3670 D CarrierTextController: setText :
01-09 22:18:51.017 3670 3670 D FaceWidgetPagesController: onRefreshCarrierInfo()
01-09 22:18:51.017 3670 3670 D FaceWidgetClockRoamManager: isNetworkRoamingState id=3
01-09 22:18:51.017 3670 3670 D FaceWidgetClockRoamManager: isNetworkRoamingState false
01-09 22:18:51.017 3670 3670 D FaceWidgetClockRoamManager: onRefreshCarrierInfo(pre, now): false, false
01-09 22:18:51.017 2400 3159 D MotionEngine: [CALIBRATION] Calibration Secess(1)[-0.0061 -0.0045 0.0005]
01-09 22:18:51.017 3670 3670 D FaceWidgetClockPage: onRefreshCarrierInfo : isChanged false mIsRoaming false
01-09 22:18:51.017 3670 3670 I KeyguardUpdateMonitor: onSubscriptionInfoChanged()
01-09 22:18:51.018 9555 9555 I FT.TuiUtilFeature: isAirplaneModeOn = false
01-09 22:18:51.018 9555 9555 I FT.SimUtilFeature: isSimNotReady[slot0]: Sim state = 5, retValue = false
01-09 22:18:51.018 9555 9555 I CU.NetworkWarning: UpdateRoamingFailWarning: sendMessage(EVENT_OUT_OF_SERVICE_IN_ROAMING_AREA)
01-09 22:18:51.018 9555 9555 I CU.NetworkSelectionNotificationMgr: addRoamingNetScanningNotification...
01-09 22:18:51.018 1500 4905 I vendor.qti.bluetooth@1.1-ibs_handler: ProcessIbsCmd: Received IBS_SLEEP_IND: 0xFE
01-09 22:18:51.019 9555 9555 I FT.SimUtilFeature: isSimReady[slot0]: true
01-09 22:18:51.020 2400 5682 I ConnectivityService: Update score for net 109 : +IS_UNMETERED
01-09 22:18:51.020 2400 5682 D ConnectivityService: registerNetworkAgent NetworkAgentInfo{network{109} handle{471557132301} ni{MOBILE[IWLAN] CONNECTING extra: IMS} created=2025-01-09T16:48:51.020Z Score(Policies : IS_UNMETERED ; KeepConnected : 0) lp{{LinkAddresses: [ ] DnsAddresses: [ ] Domains: null MTU: 0 Routes: [ ]}} nc{[ Transports: CELLULAR Capabilities: IMS&NOT_METERED&TRUSTED&NOT_VPN&NOT_ROAMING&NOT_CONGESTED&NOT_SUSPENDED&NOT_VCN_MANAGED&MMTEL LinkUpBandwidth>=14Kbps LinkDnBandwidth>=14Kbps Specifier: SubscriptionIds: {3} UnderlyingNetworks: Null]} factorySerialNumber=5}
01-09 22:18:51.021 9555 9555 I NotificationManager: com.samsung.android.app.telephonyui: notify(831, null, Notification(channel=channel_mobileNetworks shortcut=null contentView=null vibrate=null sound=null defaults=0x0 flags=0x2 color=0x00000000 vis=PRIVATE semFlags=0x0 semPriority=0 semMissedCount=0)) as user
01-09 22:18:51.022 2400 5671 I Telecom:SamsungTelecomServiceImpl: isInCall - callingPackage : com.android.systemui / callingUser : UserHandle{0} / hasCrossUserAccess : true
01-09 22:18:51.022 3670 3670 D CarrierTextController: carrierTextForSimState(3)-(order: 0) : No service
01-09 22:18:51.022 3670 3670 D CarrierTextController: setText : No service
01-09 22:18:51.022 3670 3670 D CarrierTextController: carrierTextForSimState(3)-(order: 0) : No service
01-09 22:18:51.022 3670 3670 D CarrierTextController: setText : No service
01-09 22:18:51.022 3670 3670 D CarrierTextController: carrierTextForSimState(3)-(order: 0) : No service
01-09 22:18:51.022 3670 3670 D CarrierTextController: setText : No service
01-09 22:18:51.022 3670 3670 D FaceWidgetPagesController: onRefreshCarrierInfo()
01-09 22:18:51.022 3797 3797 I EPDG -- SIM0 [NetController]: onPreciseDataConnectionStateChanged: state=Suppressed
01-09 22:18:51.022 4039 4039 I RegiMgr-Handler<0>: onPreciseDataConnectionStateChanged
01-09 22:18:51.022 3670 3670 D FaceWidgetClockRoamManager: isNetworkRoamingState id=3
01-09 22:18:51.022 3670 3670 D FaceWidgetClockRoamManager: isNetworkRoamingState false
01-09 22:18:51.022 3670 3670 D FaceWidgetClockRoamManager: onRefreshCarrierInfo(pre, now): false, false
01-09 22:18:51.022 3670 3670 D FaceWidgetClockPage: onRefreshCarrierInfo : isChanged false mIsRoaming false
01-09 22:18:51.022 3670 3670 D MultiSIMController: MESSAGE_UPDATE_SUBSCRIPTION_INFO
01-09 22:18:51.023 2400 3796 W ContextImpl: Calling a method in the system process without a qualified user: android.app.ContextImpl.sendBroadcastMultiplePermissions:1364 android.content.Context.sendBroadcastMultiplePermissions:2426 android.content.Context.sendBroadcastMultiplePermissions:2414 com.android.server.TelephonyRegistry.broadcastDataConnectionStateChanged:3875 com.android.server.TelephonyRegistry.notifyDataConnectionForSubscriber:2190
01-09 22:18:51.025 3670 3670 D ShadeCarrierGroup: handleUpdateCarrierInfo [] isLatin=false
01-09 22:18:51.025 3670 3670 D ShadeCarrierGroup: handleUpdateCarrierInfo [] isLatin=false
01-09 22:18:51.026 9555 9555 I AlarmManagerUtils: getRegisterAlarmManager : register_out_of_service_to_alarm_manager = true
01-09 22:18:51.026 9555 9555 I AlarmManagerUtils: registerIntentToAlarmManager : already set com.samsung.android.app.telephonyui.action.EVENT_OUT_OF_SERVICE_IN_ROAMING_AREA to alarm manager
01-09 22:18:51.027 9555 9555 I CU.NetworkWarning: RtsWarningDialogFactory: createRtsWarning: RtsOperatorConstants.UPDATE_REJECT_NOTI_WARNING_POPUP
01-09 22:18:51.027 9555 9555 I FT.TuiSalesCodeFeature: LGT.isCurrentOperator
01-09 22:18:51.027 9555 9555 I FT.TuiSalesCodeFeature: LGT.isCurrentOperator
01-09 22:18:51.027 9555 9555 I FT.TuiSalesCodeFeature: LGT.isCurrentOperator
01-09 22:18:51.027 9555 9555 I UT.TelephonyUtils: getPhoneId : subId = 3
01-09 22:18:51.028 9555 9555 I FT.TuiUtilFeature: isAirplaneModeOn = false
01-09 22:18:51.028 3797 3948 I EPDG -- SIM0 IwlanDataService: setupDataCall 0
01-09 22:18:51.028 3797 3948 I EPDG -- SIM0 [UTILS]: HalVersion: 200
01-09 22:18:51.028 3797 3948 I EPDG -- SIM0 [TelephonyAdapter]: setupDataCall, apn: IMS, reason: 1, result: { when=-17m46s230ms what=1 target=com.sec.epdg.apassist.IwlanService.IwlanDataService$IwlanDataServiceProvider$1 }
01-09 22:18:51.028 3797 4669 I EPDG -- SIM0 [EpdgHandler]: Event received: PDU_SESSION_ID_UPDATE cid - 0
01-09 22:18:51.028 2400 3378 D ConnectivityService: [109 CELLULAR] EVENT_NETWORK_INFO_CHANGED, going from CONNECTING to CONNECTING
01-09 22:18:51.028 3797 4669 I EPDG -- SIM0 [EpdgHandler]: Event received: RIL_CONNECT_REQ cid - 0
01-09 22:18:51.028 3797 4669 I EPDG -- SIM0 [IPSECDATACONNSM][1]: InactiveState[ ] Event: APN_ATTACH_REQ
01-09 22:18:51.028 3797 4669 I EPDG -- SIM0 [IPSECDATACONNSM_HP]: setIsHandOver : false
01-09 22:18:51.028 3797 4669 I EPDG -- SIM0 [IPSECDATACONNSM][1]: InactiveState[ ] Connect request is received for cid: 2 apnName: IMS
01-09 22:18:51.028 3797 4669 I EPDG -- SIM0 [UTILS]: getApnTypeByName apnName: IMS
01-09 22:18:51.028 3797 4669 I EPDG -- SIM0 [Operator]: getSubId(): subID is : 3
01-09 22:18:51.029 1594 1594 E NxpUwbHal: cleaning up the callback data
01-09 22:18:51.030 9555 9555 I FT.TuiSalesCodeFeature: LGT.isCurrentOperator
01-09 22:18:51.031 3754 11962 D NetworkMonitor/109: checkAndRenewResourceConfig: update captive portal https urls to [https://www.google.com/generate_204]
01-09 22:18:51.031 3754 11962 D NetworkMonitor/109: checkAndRenewResourceConfig: update captive portal http urls to [http://connectivitycheck.gstatic.com/generate_204]
01-09 22:18:51.031 3754 11962 D NetworkMonitor/109: checkAndRenewResourceConfig: update captive portal fallback urls to[http://www.google.com/gen_204, http://play.googleapis.com/generate_204]
01-09 22:18:51.031 3754 11962 D NetworkMonitor: Starting on network 109 with capport HTTPS URL [https://www.google.com/generate_204] and HTTP URL [http://connectivitycheck.gstatic.com/generate_204]
01-09 22:18:51.031 2400 3378 D ConnectivityService: notifyType CALLBACK_CAP_CHANGED for [109 CELLULAR]
01-09 22:18:51.032 3642 4721 I TelephonyProvider: D/TelephonyProvider: URL_TELEPHONY uid = 1000, pid= 3797
01-09 22:18:51.032 3642 4721 W SQLiteLog: (28) double-quoted string literal: "IMS"
01-09 22:18:51.032 3642 4721 W SQLiteLog: (28) double-quoted string literal: "IMS"
01-09 22:18:51.033 1594 1594 E NxpUwbHal: cleaning up the callback data
01-09 22:18:51.034 3642 3737 D CellBroadcastConfigTracker-0: Failed to set cdma config
01-09 22:18:51.034 3642 3737 D CellBroadcastConfigTracker-0: IdleState: isNeedUpdate3gpp is true
01-09 22:18:51.034 9668 9685 E CellBroadcastConfigService: fails to setCellBroadcastRanges, result = 2
01-09 22:18:51.034 3797 4669 I EPDG -- SIM0 [UTILS]: getApnTypeByName() epdgApnName: IMS apnType: ims
01-09 22:18:51.035 3797 4669 I EPDG -- SIM0 [IPSECDATACONNSM][1]: InactiveState[ ] configureAPNSettings apnType: ims
01-09 22:18:51.035 3797 4669 I EPDG -- SIM0 [IWLANAPNCONTEXT]: remoteUri: IMS epdgApnType: ims
01-09 22:18:51.035 3797 4669 I EPDG -- SIM0 [IPSECDATACONNSM][1]: InactiveState[ ] setApnName apnname: IMS
01-09 22:18:51.035 3797 4669 I EPDG -- SIM0 [EpdgServerSelection]: ePDG IP Reamined
01-09 22:18:51.035 3797 4669 I EPDG -- SIM0 [IPSECDATACONNSM][1]: InactiveState[i] No DNS retry required. Proceeding handling the Connect Request
01-09 22:18:51.035 3797 4669 I EPDG -- SIM0 [IPSECDATACONNSM][1]: InactiveState[i] Enter handleConnectRequest()
01-09 22:18:51.035 3797 4669 I EPDG -- SIM0 [ThrottleController]: isThrottleTimerRunning: apnType: ims. result: false
01-09 22:18:51.035 3797 4669 I EPDG -- SIM0 [IPSECDATACONNSM][1]: InactiveState[i] : Exit
01-09 22:18:51.035 3797 4669 I EPDG -- SIM0 [IPSECDATACONNSM][1]: InitialConnectingState[i] : Enter
01-09 22:18:51.035 3797 4669 I EPDG -- SIM0 #EPDG: IPSEC_CONNECTION :InitialConnect, apnType : ims
01-09 22:18:51.035 3797 4669 I EPDG -- SIM0 [IWLANAPNCONTEXT]: [IwlanContext] setState() previous state:INACTIVE
01-09 22:18:51.035 3797 4669 I EPDG -- SIM0 [RILSHAREDDATA]: mIwlanApnState for cid: 1 setting state 1 is: INACTIVE
01-09 22:18:51.035 3797 4669 I EPDG -- SIM0 [IWLANAPNCONTEXT]: [IwlanContext] setState() Current state:INITIAL_CONNECTING
01-09 22:18:51.035 3797 5699 I EPDG -- [IPSECADAPTER_ERIS]: connect(): cid - 2
01-09 22:18:51.035 3797 5699 I ErisClient -- IPSecConnection: IPSecConnection()
01-09 22:18:51.035 3797 5699 I ErisClient -- IPSecConnection: operatorCode : null
01-09 22:18:51.035 3797 5699 I EPDG -- SIM0 [EpdgServerSelection]: getIpv6AddressUpdated(): returning : false
01-09 22:18:51.035 3797 5699 I EPDG -- SIM0 [EpdgSubScription]: isAnyPdnConnectedOverWifi: returning result: false
01-09 22:18:51.035 3797 5699 I EPDG -- SIM0 [EpdgServerSelection]: getNextEpdgServerIp(): getIpv6AddressUpdated(): false any pdn connected over wifi: false cached ip is: Suppressed
01-09 22:18:51.035 3797 5699 I EPDG -- SIM0 [EpdgServerSelection]: getIpv6AddressUpdated(): returning : false
01-09 22:18:51.035 3797 5699 I EPDG -- SIM0 [EpdgServerSelection]: Cached epdg server ip address is available, returning cached ip address: Suppressed
01-09 22:18:51.036 4039 4661 I ImsServiceStub<0>: isServiceAvailable: mmtel, rat: 20, profileFind:false, Enabled:true
01-09 22:18:51.036 3797 5699 I EPDG -- SIM0 [Operator]: getSubId(): subID is : 3
01-09 22:18:51.038 3797 5699 I EPDG -- SIM0 [Operator]: getSubId(): subID is : 3
01-09 22:18:51.039 3797 5699 I EPDG -- SIM0 [Operator]: getSubId(): subID is : 3
01-09 22:18:51.039 3797 5699 I EPDG -- SIM0 [Operator]: getSubId(): subID is : 3
01-09 22:18:51.039 3642 3652 D Telephony: SamsungTuiCallFunctions: getSimApplicationState() simState= 10
01-09 22:18:51.040 9555 9555 I SepApiMethodCall: method:getSimApplicationState result:10 success:true error:null
01-09 22:18:51.040 9555 9555 I FT.TuiUtilFeature: isFirstBootInTss : true isTSSActivated : true
01-09 22:18:51.040 9555 9555 I UT.TelephonyUtils: getPhoneId : subId = 3
01-09 22:18:51.041 9555 9555 I FT.SimUtilFeature: isSimReady[slot1]: false
01-09 22:18:51.041 3797 5699 I EPDG -- SIM0 [Operator]: getSubId(): subID is : 3
01-09 22:18:51.042 9555 9555 I UT.TelephonyUtils: isRoamingArea : serviceState = 1
01-09 22:18:51.042 9555 9555 I CU.NetworkSelectionNotificationMgr: isRoamingServiceAvailable : slotId = 1, enabled = false, roaming = false
01-09 22:18:51.043 3797 5699 I EPDG -- [IPSECADAPTER_ERIS]: PFS for: imsApnis: DISABLED
01-09 22:18:51.043 9555 9555 I FT.SimUtilFeature: isSimReady[slot0]: true
01-09 22:18:51.043 9555 9555 I FT.TuiUtilFeature: isAirplaneModeOn = false
01-09 22:18:51.043 3797 5699 I EPDG -- [IPSECADAPTER_ERIS]: Vendor Attribute is to PCSCF_CONF PCSCF_CONF_V4V6
01-09 22:18:51.043 3797 5699 I EPDG -- [IPSECADAPTER_ERIS]: Vendor Attribute is to IMEI DEVICE_IMEI
01-09 22:18:51.044 3797 5699 I EPDG -- [IPSECADAPTER_ERIS]: IMEI VendorAttributeType:16391IMEI VendorAttributeValue:Suppressed
01-09 22:18:51.044 3797 5699 I EPDG -- [IPSECADAPTER_ERIS]: Adding wlan interface
01-09 22:18:51.044 3797 5699 I EPDG -- [IPSECADAPTER_ERIS]: MOBIKE for: imsApnis: DISABLED
01-09 22:18:51.044 3797 5699 I EPDG -- [IPSECADAPTER_ERIS]: Fast re-auth for: imsApnis: DISABLED
01-09 22:18:51.044 3797 5699 I EPDG -- [IPSECADAPTER_ERIS]: DEVICE_IDENTITY for: imsApn is: DISABLED
01-09 22:18:51.044 3797 5699 I EPDG -- [IPSECADAPTER_ERIS]: IKE DSCP for: imsApn is: 0
01-09 22:18:51.044 3797 5699 I ErisClient -- ErisClient: connect() [2:ims]
01-09 22:18:51.046 3797 5699 I ErisClient -- ErisClient: Interface name: wlan0
01-09 22:18:51.046 3797 5699 I ErisClient -- ErisClient: wlan0 addresses=192.168.0.106,
01-09 22:18:51.047 3797 5699 I ErisClient -- ErisClient: sendRequestToDaemon()
01-09 22:18:51.047 3797 5699 I ErisClient -- IPSecConnection: toJson()
01-09 22:18:51.047 9555 9555 I UT.TelephonyUtils: isRoamingArea : serviceState = 1
01-09 22:18:51.047 3797 5699 I ErisClient -- ErisClient: Write data to daemon
01-09 22:18:51.047 9555 9555 I CU.NetworkSelectionNotificationMgr: isRoamingServiceAvailable : slotId = 0, enabled = false, roaming = false
01-09 22:18:51.047 3797 5699 I EPDG -- [IPSECADAPTER_ERIS]: Added IPSecConnection to DB cid 2
01-09 22:18:51.047 9555 9555 I CU.NetworkSelectionNotificationMgr: put state : UNAVAILABLE -> UNAVAILABLE
01-09 22:18:51.047 9555 9555 I CU.NetworkSelectionNotificationMgr: updateRoamingCurrentOperator : serviceState = 1, RoamingServiceState = UNAVAILABLE
01-09 22:18:51.047 9555 9555 I CU.NetworkSelectionNotificationMgr: removeRoamingCurrentOperatorNotification
01-09 22:18:51.047 6164 6267 I eris : 09[DMN] [eris_interface] handle_request - type = MSG_TYPE_CONNECT
01-09 22:18:51.047 6164 6267 I eris : 09[DMN] operator_code : DEF
01-09 22:18:51.047 6164 6267 I eris : 09[DMN] destroy service[2] before create new
01-09 22:18:51.048 9555 9555 I FT.TuiUtilFeature: isAirplaneModeOn = false
01-09 22:18:51.048 9555 9555 I AlarmManagerUtils: getRegisterAlarmManager : register_allow_data_dialog_retry_to_alarm_manager = false
01-09 22:18:51.048 9555 9555 I CU.NetworkUiReceiver: handleNetworkNotification event: android.telephony.action.SERVICE_PROVIDERS_UPDATED
01-09 22:18:51.049 9555 9555 I FT.SimUtilFeature: isSimReady[slot1]: false
01-09 22:18:51.050 6164 6267 I eris : 09[DMN] cid 2 destroyed
01-09 22:18:51.050 6164 6267 I eris : 09[LIB] created TUN device: epdg1
01-09 22:18:51.051 6164 6267 I eris : 09[DMN] Search sub-string again
01-09 22:18:51.051 2035 2047 E IPACM : vendor/qcom/opensource/data-ipa-cfg-mgr/ipacm/src/IPACM_Netlink.cpp:1588 ipa_nl_decode_nlmsg()
01-09 22:18:51.051 2035 2047 E IPACM : vendor/qcom/opensource/data-ipa-cfg-mgr/ipacm/src/IPACM_Netlink.cpp:1588 ipa_nl_decode_nlmsg() IPV6 Address ff02:0000:0000:0000:0000:0000:0000:0016
01-09 22:18:51.051 2035 2047 E IPACM : vendor/qcom/opensource/data-ipa-cfg-mgr/ipacm/src/IPACM_Netlink.cpp:1626 ipa_nl_decode_nlmsg() posting IPA_DEL_NEIGH_EVENT (epdg1):index:22 ip-family: 10
01-09 22:18:51.051 2035 2046 E IPACM : vendor/qcom/opensource/data-ipa-cfg-mgr/ipacm/src/IPACM_Neighbor.cpp:167 event_callback() Received IPA_DEL_NEIGH_EVENT
01-09 22:18:51.051 2035 2047 E IPACM : vendor/qcom/opensource/data-ipa-cfg-mgr/ipacm/src/IPACM_Netlink.cpp:1588 ipa_nl_decode_nlmsg()
01-09 22:18:51.051 2035 2046 E IPACM : vendor/qcom/opensource/data-ipa-cfg-mgr/ipacm/src/IPACM_Iface.cpp:458 iface_ipa_index_query() Interface index 22
01-09 22:18:51.051 2035 2046 E IPACM : vendor/qcom/opensource/data-ipa-cfg-mgr/ipacm/src/IPACM_Iface.cpp:468 iface_ipa_index_query() Received interface name epdg1
01-09 22:18:51.051 2035 2047 E IPACM : vendor/qcom/opensource/data-ipa-cfg-mgr/ipacm/src/IPACM_Netlink.cpp:1588 ipa_nl_decode_nlmsg() IPV6 Address fe80:0000:0000:0000:0000:0000:0000:0001
01-09 22:18:51.051 2035 2046 E IPACM : vendor/qcom/opensource/data-ipa-cfg-mgr/ipacm/src/IPACM_Neighbor.cpp:175 event_callback() not supported iface id: 22
01-09 22:18:51.051 2035 2047 E IPACM : vendor/qcom/opensource/data-ipa-cfg-mgr/ipacm/src/IPACM_Netlink.cpp:1626 ipa_nl_decode_nlmsg() posting IPA_DEL_NEIGH_EVENT (epdg1):index:22 ip-family: 10
01-09 22:18:51.051 2035 2046 E IPACM : vendor/qcom/opensource/data-ipa-cfg-mgr/ipacm/src/IPACM_Neighbor.cpp:167 event_callback() Received IPA_DEL_NEIGH_EVENT
01-09 22:18:51.051 2035 2046 E IPACM : vendor/qcom/opensource/data-ipa-cfg-mgr/ipacm/src/IPACM_Iface.cpp:458 iface_ipa_index_query() Interface index 22
01-09 22:18:51.051 2035 2046 E IPACM : vendor/qcom/opensource/data-ipa-cfg-mgr/ipacm/src/IPACM_Iface.cpp:468 iface_ipa_index_query() Received interface name epdg1
01-09 22:18:51.051 2035 2046 E IPACM : vendor/qcom/opensource/data-ipa-cfg-mgr/ipacm/src/IPACM_Neighbor.cpp:175 event_callback() not supported iface id: 22
01-09 22:18:51.051 2035 2047 E IPACM : vendor/qcom/opensource/data-ipa-cfg-mgr/ipacm/src/IPACM_Netlink.cpp:1588 ipa_nl_decode_nlmsg()
01-09 22:18:51.051 2035 2047 E IPACM : vendor/qcom/opensource/data-ipa-cfg-mgr/ipacm/src/IPACM_Netlink.cpp:1588 ipa_nl_decode_nlmsg() IPV6 Address ff02:0000:0000:0000:0000:0000:0000:0002
01-09 22:18:51.051 2035 2047 E IPACM : vendor/qcom/opensource/data-ipa-cfg-mgr/ipacm/src/IPACM_Netlink.cpp:1626 ipa_nl_decode_nlmsg() posting IPA_DEL_NEIGH_EVENT (epdg1):index:22 ip-family: 10
01-09 22:18:51.052 2035 2046 E IPACM : vendor/qcom/opensource/data-ipa-cfg-mgr/ipacm/src/IPACM_Neighbor.cpp:167 event_callback() Received IPA_DEL_NEIGH_EVENT
01-09 22:18:51.052 2035 2046 E IPACM : vendor/qcom/opensource/data-ipa-cfg-mgr/ipacm/src/IPACM_Iface.cpp:458 iface_ipa_index_query() Interface index 22
01-09 22:18:51.052 2035 2046 E IPACM : vendor/qcom/opensource/data-ipa-cfg-mgr/ipacm/src/IPACM_Iface.cpp:468 iface_ipa_index_query() Received interface name epdg1
01-09 22:18:51.052 2035 2046 E IPACM : vendor/qcom/opensource/data-ipa-cfg-mgr/ipacm/src/IPACM_Neighbor.cpp:175 event_callback() not supported iface id: 22
01-09 22:18:51.052 3797 3797 I EPDG -- SIM1 [EpdgIntfCont]: Not Mobile Interface. Ignoring Event
01-09 22:18:51.052 6164 6272 I eris : 13[IKE] initiating IKE_SA ims[4] to 106.201.214.112
01-09 22:18:51.052 3797 3797 I EPDG -- SIM1 [EpdgIntfCont]: Not Mobile Interface. Ignoring Event
01-09 22:18:51.052 3797 3797 I EPDG -- SIM0 [EpdgIntfCont]: Not Mobile Interface. Ignoring Event
01-09 22:18:51.052 3797 3797 I EPDG -- SIM0 [EpdgIntfCont]: Not Mobile Interface. Ignoring Event
01-09 22:18:51.052 9555 9555 I UT.TelephonyUtils: isRoamingArea : serviceState = 1
01-09 22:18:51.052 9555 9555 I CU.NetworkSelectionNotificationMgr: isRoamingServiceAvailable : slotId = 1, enabled = false, roaming = false
01-09 22:18:51.052 6164 6272 I eris : 13[ENC] generating IKE_SA_INIT request 0 [ SA KE No N(NATD_S_IP) N(NATD_D_IP) N(FRAG_SUP) N(HASH_ALG) N(REDIR_SUP) ]
01-09 22:18:51.052 6164 6272 I eris : 13[NET] sending packet: from 192.168.0.106[49187] to 106.201.214.112[500] (336 bytes)
01-09 22:18:51.052 3797 4669 I EPDG -- SIM0 [EpdgNetworkMgmtObserver]: Not Mobile Interface. Ignoring Interface State Change Event
01-09 22:18:51.052 2103 2284 D LOWI-9.0.1.70: [LOWINetlinkSocketReceiver] unpackRTMLinkMessage: RTM_NEWLINK - ifname epdg1, flags 0x10d1 ([UP][RUNNING])
01-09 22:18:51.052 3797 4669 I EPDG -- SIM0 [EpdgNetworkMgmtObserver]: Not Mobile Interface. Ignoring Interface State Change Event
01-09 22:18:51.053 2103 2284 D LOWI-9.0.1.70: [LOWINetlinkSocketReceiver] unpackRTMLinkMessage: RTM_NEWLINK - ifname epdg1, flags 0x10d1 ([UP][RUNNING])
01-09 22:18:51.053 2103 2284 D LOWI-9.0.1.70: [LOWINetlinkSocketReceiver] unpackRTMLinkMessage: RTM_NEWLINK - ifname epdg1, flags 0x110d1 ([UP][RUNNING])
01-09 22:18:51.053 9555 9555 I FT.SimUtilFeature: isSimReady[slot0]: true
01-09 22:18:51.053 9555 9555 I FT.TuiUtilFeature: isAirplaneModeOn = false
01-09 22:18:51.053 3797 4669 I EPDG -- SIM0 [EpdgNetworkMgmtObserver]: Not Mobile Interface. Ignoring Interface State Change Event
01-09 22:18:51.053 3797 3797 I EPDG -- SIM0 [EpdgIntfCont]: Not Mobile Interface. Ignoring Event
01-09 22:18:51.057 3797 3797 I EPDG -- SIM1 [EpdgIntfCont]: Not Mobile Interface. Ignoring Event
01-09 22:18:51.058 9555 9555 I UT.TelephonyUtils: isRoamingArea : serviceState = 1
01-09 22:18:51.058 9555 9555 I CU.NetworkSelectionNotificationMgr: isRoamingServiceAvailable : slotId = 0, enabled = false, roaming = false
01-09 22:18:51.059 9555 9555 I CU.NetworkSelectionNotificationMgr: put state : UNAVAILABLE -> UNAVAILABLE
01-09 22:18:51.059 9555 9555 I CU.NetworkSelectionNotificationMgr: updateRoamingCurrentOperator : serviceState = 1, RoamingServiceState = UNAVAILABLE
01-09 22:18:51.059 9555 9555 I CU.NetworkSelectionNotificationMgr: removeRoamingCurrentOperatorNotification
01-09 22:18:51.059 9555 9555 I CU.NetworkSelectionNotificationMgr: refreshNetworkSelection
01-09 22:18:51.059 3642 3652 D Telephony: SamsungTuiCallFunctions: getDataRegState() dataRegState= 0
01-09 22:18:51.059 10717 10717 W BottomSheetBehavior: BottomSheetBehavior now supports multiple callbacks. `setBottomSheetCallback()` removes all existing callbacks, including ones set internally by library authors, which may result in unintended behavior. This may change in the future. Please use `addBottomSheetCallback()` and `removeBottomSheetCallback()` instead to set your own callbacks.
01-09 22:18:51.060 9555 9555 I SepApiMethodCall: method:getDataRegState result:0 success:true error:null
01-09 22:18:51.060 3642 3652 D Telephony: SamsungTuiCallFunctions: getDataRoamingType() dataRegState= 0
01-09 22:18:51.060 9555 9555 I SepApiMethodCall: method:getDataRoamingType result:0 success:true error:null
01-09 22:18:51.060 9555 9555 I CU.NetworkUiReceiver: ACTION_SERVICE_PROVIDERS_UPDATED : serviceState.getState = 1, dataRegState = 0, dataRoamingType = 0
01-09 22:18:51.060 9555 9555 I UT.TelephonyUtils: getPhoneId : subId = -1
01-09 22:18:51.060 9555 9555 I CU.NetworkUiUtils: isSupportRoamingNotiOption : (false)
01-09 22:18:51.060 10717 10717 D TabController: TabController.addView()
01-09 22:18:51.060 10717 10717 D TabController: Add view : MapCommonView
01-09 22:18:51.060 10717 10717 D XCAL-Mobile: TabFragment addView : com.innowireless.xcal.mobile5.ui.menu.map.renewal.MapCommonView{174dfd0 V.E...... ......I. 0,0-0,0}
01-09 22:18:51.061 3670 3670 W View : requestLayout() improperly called by android.widget.FrameLayout{3ec886a V.E...... ......ID 0,138-1080,2205 #7f0a084c app:id/qs_frame} during layout: running second layout pass
01-09 22:18:51.062 10717 10717 D UiController: addHistory(3) : class com.innowireless.xcal.mobile5.ui.menu.map.renewal.MapCommonView
01-09 22:18:51.063 3670 3670 D ShadeCarrierGroup: handleUpdateCarrierInfo [] isLatin=false
01-09 22:18:51.063 3670 3670 D ShadeCarrierGroup: handleUpdateCarrierInfo [No service] isLatin=false
01-09 22:18:51.063 5631 6088 W MediaProvider: isAppCloneUserPair for user 0: false
01-09 22:18:51.067 3642 4721 D Telephony: SamsungTuiCallFunctions: getSimApplicationState() simState= 10
01-09 22:18:51.067 9555 9555 I SepApiMethodCall: method:getSimApplicationState result:10 success:true error:null
01-09 22:18:51.067 9555 9555 I FT.TuiUtilFeature: isFirstBootInTss : true isTSSActivated : true
01-09 22:18:51.067 9555 9555 I UT.TelephonyUtils: getPhoneId : subId = 3
01-09 22:18:51.073 5631 12980 I MediaProvider: Deleted 1 0 0 0 0 0 0 items on external_primary due to com.innowireless.xcal.mobile5
01-09 22:18:51.089 4668 8682 I NetworkScheduler.Stats: (REDACTED) Task %s/%s started execution. cause:%s exec_start_elapsed_seconds: %s
01-09 22:18:51.092 4668 8682 I NetworkScheduler.Stats: (REDACTED) Task %s/%s finished executing. cause:%s result: %s elapsed_millis: %s uptime_millis: %s exec_start_elapsed_seconds: %s
01-09 22:18:51.093 2400 11909 D WifiConnectivityMonitor.DnsThread: [|207]
01-09 22:18:51.093 2400 3542 D WifiConnectivityMonitor.NetworkStatsAnalyzer: DNS resultType : 0, responseTime : 207
01-09 22:18:51.093 2400 3540 D OpenNetworkQos[4.00]: updateBssidLatestDnsResultType - result: 0
01-09 22:18:51.093 2400 3540 D OpenNetworkQos[4.00]: updateBssidNoInternet: mBssidNoInternet = false
01-09 22:18:51.093 2400 3540 D OpenNetworkQos[4.00]: getOpenNetworkQosNoInternetStatus: false
01-09 22:18:51.093 2400 3540 D OpenNetworkQos[4.00]: getOpenNetworkQosScores: 20 23 0
01-09 22:18:51.093 2400 3540 D KNOX_MDM_SettingsProvider: isChangeAllowed() : name = wifi_wcm_qos_sharing_score_summary
01-09 22:18:51.093 2400 3540 I WifiProfileShare: network QoS data was changed (internet), updateQoSData networkType: true, qosData: false
01-09 22:18:51.094 2400 5041 D WifiProfileShare: nearby scanning settings run
01-09 22:18:51.094 2400 5041 D WifiProfileShare: network score provider settings enabled
01-09 22:18:51.094 2400 5041 D OpenNetworkQos[4.00]: getOpenNetworkQosScores: 20 23 0
01-09 22:18:51.094 2400 5041 D OpenNetworkQos[4.00]: getOpenNetworkQosNoInternetStatus: false
01-09 22:18:51.094 2400 5041 I WifiProfileShare.Caster: current network type: 0, score: [20, 23, 0]
01-09 22:18:51.095 2400 5041 D WifiProfileShare.ScanMatcher: getMcfDataList size:1
01-09 22:18:51.095 2400 5041 I WifiProfileShare.Caster: qos data was updated , before:type:QOS, pBssid:35:65:fa, qosData:5a after:type:QOS, pBssid:35:65:fa, qosData:5a
01-09 22:18:51.096 2400 5041 I [MCFSDK_android_1.2.13040]_4_McfCasterImpl: isNetworkEnabled - type : 1 ret : true
01-09 22:18:51.096 2400 5041 D WifiProfileShare.McfCast: -ME--- mIsNetworkEnabled :true
01-09 22:18:51.096 2400 5041 D WifiProfileShare.McfCast: -ME--- updateQoSData, contents data is different from the previous data
01-09 22:18:51.096 2400 5041 I [MCFSDK_android_1.2.13040]_4_McfCasterImpl: updateAdvertiseData -
01-09 22:18:51.097 2400 5041 D WifiProfileShare.MCF: success update QosData !
01-09 22:18:51.097 5359 5359 I [MCFServer]_CasterManager: updateAdvertiseData - adv:{AD{id=0x4, access=0, timeout=0}, R=true, CB{i=4, h=228504662}}
01-09 22:18:51.097 5359 5359 I [MCFServer]_McfBleAdvertiser(Caster): stopAdvertiser - unset
01-09 22:18:51.097 2400 5041 I [MCFSDK_android_1.2.13040]_4_McfCasterImpl: isNetworkEnabled - type : 1 ret : true
01-09 22:18:51.097 2400 5041 D WifiProfileShare.McfCast: -ME--- mIsNetworkEnabled :true
01-09 22:18:51.097 2400 5041 D WifiProfileShare.McfCast: -ME--- updatePasswordDate pwdData size:1
01-09 22:18:51.097 6164 6260 I eris : 06[NET] received packet: from 106.201.214.112[500] to 192.168.0.106[49187] (464 bytes)
01-09 22:18:51.097 6164 6260 I eris : 06[ENC] parsed IKE_SA_INIT response 0 [ SA KE No N(NATD_D_IP) N(NATD_S_IP) N(FRAG_SUP) ]
01-09 22:18:51.097 6164 6260 I eris : 06[IKE] local host is behind NAT, sending keep alives
01-09 22:18:51.098 3670 3670 W View : requestLayout() improperly called by android.widget.FrameLayout{3ec886a V.E...... ......ID 0,138-1080,2205 #7f0a084c app:id/qs_frame} during layout: running second layout pass
01-09 22:18:51.102 6164 6260 I eris : 06[IKE] establishing CHILD_SA ims{4}
01-09 22:18:51.103 6164 6260 I eris : 06[ENC] generating IKE_AUTH request 1 [ IDi N(INIT_CONTACT) IDr CPRQ(MASK ADDR DNS (16389) ADDR6 DNS6 (16390) (16391)) N(ESP_TFC_PAD_N) SA TSi TSr N(EAP_ONLY) N(MSG_ID_SYN_SUP) ]
01-09 22:18:51.103 6164 6260 I eris : 06[NET] sending packet: from 192.168.0.106[49289] to 106.201.214.112[4500] (396 bytes)
01-09 22:18:51.190 10717 10717 D ScenarioSettings: Path : /sdcard/XCAL-Mobile/Settings/ScenarioSet.call
01-09 22:18:51.196 10717 10722 I ss.xcal.mobile5: NativeAlloc concurrent mark compact GC freed 6205KB AllocSpace bytes, 33(724KB) LOS objects, 50% free, 19MB/39MB, paused 187us,6.125ms total 33.883ms
01-09 22:18:51.199 5631 12980 I MediaProvider: Deleted 1 0 0 0 0 0 0 items on external_primary due to com.innowireless.xcal.mobile5
01-09 22:18:51.204 2400 2400 I Telecom:SamsungTelecomServiceImpl: isInManagedCall - callingPackage : android / callingUser : UserHandle{0} / hasCrossUserAccess : true
01-09 22:18:51.206 5631 6088 W MediaProvider: isAppCloneUserPair for user 0: false
01-09 22:18:51.213 1512 4222 I WifiHAL : event received NL80211_CMD_VENDOR, vendor_id = 0x1374, subcmd = 0xb6
01-09 22:18:51.213 2103 4234 D LOWI-9.0.1.70: [LOWI-Scan] wait_event:Wait done with Cmd 103
01-09 22:18:51.213 2103 4234 D LOWI-9.0.1.70: [LOWI-Scan] do_listen_events: Rcvd valid Netlink Cmd 0 Err 0
01-09 22:18:51.213 2057 2057 I cnss-daemon: nl80211 response handler invoked
01-09 22:18:51.213 2057 2057 I cnss-daemon: nl80211_response_handler: cmd 103, vendorID 4980, subcmd 182 received
01-09 22:18:51.216 2400 2400 D NotificationReminder: addNotificationRecord record com.samsung.android.app.telephonyui
01-09 22:18:51.218 2400 2400 D SmartAlertController: SmartAlert - Found Missed Event
01-09 22:18:51.218 2400 11986 D SmartAlertController: SmartAlert - already registered or Setting disabled
01-09 22:18:51.219 4060 4060 I HoneySpace.NotificationListener: onNotificationPosted com.samsung.android.app.telephonyui: 0|com.samsung.android.app.telephonyui|831|null|1001: 0
01-09 22:18:51.219 4060 4060 I HoneySpace.BadgeDataSourceImpl: Get notification count. PackageKey(packageName=com.samsung.android.app.telephonyui, user=UserHandle{0}) - forceBadgeCount: false, notification listener: 1, badge provider: 0
01-09 22:18:51.219 4060 30950 I HoneySpace.BadgeDataSourceImpl: Get notification count. PackageKey(packageName=com.google.android.gm, user=UserHandle{0}) - forceBadgeCount: false, notification listener: 2, badge provider: 0
01-09 22:18:51.219 4060 30950 I HoneySpace.BadgeDataSourceImpl: Get notification count. PackageKey(packageName=com.google.android.gm, user=UserHandle{0}) - forceBadgeCount: false, notification listener: 2, badge provider: 0
01-09 22:18:51.220 6658 6658 D NotificationListener: [snowdeer] onNotificationPosted() - StatusBarNotification(pkg=com.samsung.android.app.telephonyui user=UserHandle{0} id=831 tag=null key=0|com.samsung.android.app.telephonyui|831|null|1001: Notification(channel=channel_mobileNetworks shortcut=null contentView=null vibrate=null sound=null defaults=0x0 flags=0x802 color=0x00000000 vis=PRIVATE semFlags=0x0 semPriority=0 semMissedCount=0))
01-09 22:18:51.220 6658 6658 D NotificationListener: [snowdeer] PackageName:com.samsung.android.app.telephonyui
01-09 22:18:51.221 3670 3670 D BubblesManager: onEntryAdded : bubbleEntryAdded=false
01-09 22:18:51.222 3670 3670 D InterruptionStateProvider: no Heads up : edgelighting enabled app. 0|com.samsung.android.app.telephonyui|831|null|1001
01-09 22:18:51.223 3670 3670 D InterruptionStateProvider: no Heads up : edgelighting enabled app. 0|com.samsung.android.app.telephonyui|831|null|1001
01-09 22:18:51.220 6658 6658 D NotificationListener: [snowdeer] PostTime:1736441330996
01-09 22:18:51.223 6658 6658 D NotificationListener: [snowdeer] Title:Scanning for networks
01-09 22:18:51.223 6658 6658 D NotificationListener: [snowdeer] Text:Scanning for available networks.
01-09 22:18:51.223 6658 6658 D NotificationListener: [snowdeer] Sub Text:null
01-09 22:18:51.226 1594 1594 E NxpUwbHal: cleaning up the callback data
01-09 22:18:51.229 3670 3670 I AODNotificationManager: updateNotification()
01-09 22:18:51.232 2400 2400 I Telecom:SamsungTelecomServiceImpl: isInManagedCall - callingPackage : android / callingUser : UserHandle{0} / hasCrossUserAccess : true
01-09 22:18:51.234 2400 2400 D SmartAlertController: SmartAlert - Found Missed Event
01-09 22:18:51.235 2400 11989 D SmartAlertController: SmartAlert - already registered or Setting disabled
01-09 22:18:51.235 4060 4060 I HoneySpace.NotificationListener: onNotificationPosted com.samsung.android.app.telephonyui: 0|com.samsung.android.app.telephonyui|831|null|1001: 0
01-09 22:18:51.235 4060 4060 I HoneySpace.BadgeDataSourceImpl: Get notification count. PackageKey(packageName=com.samsung.android.app.telephonyui, user=UserHandle{0}) - forceBadgeCount: false, notification listener: 1, badge provider: 0
01-09 22:18:51.235 4060 6748 I HoneySpace.BadgeDataSourceImpl: Get notification count. PackageKey(packageName=com.google.android.gm, user=UserHandle{0}) - forceBadgeCount: false, notification listener: 2, badge provider: 0
01-09 22:18:51.236 4060 30950 I HoneySpace.BadgeDataSourceImpl: Get notification count. PackageKey(packageName=com.google.android.gm, user=UserHandle{0}) - forceBadgeCount: false, notification listener: 2, badge provider: 0
01-09 22:18:51.236 3670 3670 D BubblesManager: onEntryUpdated : shouldBubbleUp=false ,key=0|com.samsung.android.app.telephonyui|831|null|1001
01-09 22:18:51.236 3670 3670 D InterruptionStateProvider: no Heads up : edgelighting enabled app. 0|com.samsung.android.app.telephonyui|831|null|1001
01-09 22:18:51.237 3670 3670 D InterruptionStateProvider: no Heads up : edgelighting enabled app. 0|com.samsung.android.app.telephonyui|831|null|1001
01-09 22:18:51.241 6658 6658 D NotificationListener: [snowdeer] onNotificationPosted() - StatusBarNotification(pkg=com.samsung.android.app.telephonyui user=UserHandle{0} id=831 tag=null key=0|com.samsung.android.app.telephonyui|831|null|1001: Notification(channel=channel_mobileNetworks shortcut=null contentView=null vibrate=null sound=null defaults=0x0 flags=0x802 color=0x00000000 vis=PRIVATE semFlags=0x0 semPriority=0 semMissedCount=0))
01-09 22:18:51.241 6658 6658 D NotificationListener: [snowdeer] PackageName:com.samsung.android.app.telephonyui
01-09 22:18:51.241 6658 6658 D NotificationListener: [snowdeer] PostTime:1736441331023
01-09 22:18:51.241 6658 6658 D NotificationListener: [snowdeer] Title:Scanning for networks
01-09 22:18:51.241 6658 6658 D NotificationListener: [snowdeer] Text:Scanning for available networks.
01-09 22:18:51.241 6658 6658 D NotificationListener: [snowdeer] Sub Text:null
01-09 22:18:51.244 4668 10935 I NetworkScheduler.Stats: (REDACTED) Task %s/%s started execution. cause:%s exec_start_elapsed_seconds: %s
01-09 22:18:51.245 1594 1594 E NxpUwbHal: cleaning up the callback data
01-09 22:18:51.245 2040 2623 D SemNativeCarrierFeature_vendor: getInstance
01-09 22:18:51.247 1594 1594 E NxpUwbHal: cleaning up the callback data
01-09 22:18:51.247 4668 8682 I NetworkScheduler.Stats: (REDACTED) Task %s/%s finished executing. cause:%s result: %s elapsed_millis: %s uptime_millis: %s exec_start_elapsed_seconds: %s
01-09 22:18:51.249 1594 1594 E NxpUwbHal: cleaning up the callback data
01-09 22:18:51.250 1594 1594 E NxpUwbHal: cleaning up the callback data
01-09 22:18:51.252 1594 1594 E NxpUwbHal: cleaning up the callback data
01-09 22:18:51.252 1594 1594 E NxpUwbHal: cleaning up the callback data
01-09 22:18:51.253 1594 1594 E NxpUwbHal: cleaning up the callback data
01-09 22:18:51.254 1594 1594 I vendor.samsung.hardware.uwb@1.0-service: MW Version: UWB_SW_Android_U_HKY_D46.01
01-09 22:18:51.254 1594 1594 I vendor.samsung.hardware.uwb@1.0-service: FW Version: 01.25_RC03
01-09 22:18:51.255 4050 11921 I UwbServiceCore: onVendorUciNotificationReceived
01-09 22:18:51.255 4050 11921 I UwbServiceCore: updateDeviceState(): deviceState = READY, current internal adapter state = 0
01-09 22:18:51.255 4050 4696 I System.out: Not defined Gid
01-09 22:18:51.255 4050 11921 I UwbServiceCore: updateDeviceState(): deviceState = READY, current internal adapter state = 1
01-09 22:18:51.256 1594 1594 I vendor.samsung.hardware.uwb@1.0-service: AIDL-Write Enter
01-09 22:18:51.256 5359 5461 I [MCFServer]_McfMainController: onStateChanged - 1 / 2
01-09 22:18:51.256 5359 5461 I [MCFServer]_McfMainController: onStateChanged - UWB state is ON
01-09 22:18:51.256 5359 5461 I [MCFServer]_McfMainController: updateUwbStatus - bOn=true
01-09 22:18:51.256 2400 3796 I [MCFSDK_android_1.2.13040]_4_McfSubscriberImpl: isNetworkEnabled - type : 2 ret : true
01-09 22:18:51.256 2400 3796 I WifiProfileShare.McfSub: -ME--- onMcfServiceStateChanged, status : 2 network:false
01-09 22:18:51.256 2400 4825 E ActivityManager: Sending non-protected broadcast com.samsung.android.uwb.action.ADAPTER_STATE_CHANGED from system 4050:com.samsung.android.uwb/1083 pkg com.samsung.android.uwb
01-09 22:18:51.256 2400 4825 E ActivityManager: java.lang.Throwable
01-09 22:18:51.256 2400 4825 E ActivityManager: at com.android.server.am.ActivityManagerService.checkBroadcastFromSystem(ActivityManagerService.java:17011)
01-09 22:18:51.256 2400 4825 E ActivityManager: at com.android.server.am.ActivityManagerService.broadcastIntentLockedTraced(ActivityManagerService.java:17956)
01-09 22:18:51.256 2400 4825 E ActivityManager: at com.android.server.am.ActivityManagerService.broadcastIntentLocked(ActivityManagerService.java:17099)
01-09 22:18:51.256 2400 4825 E ActivityManager: at com.android.server.am.ActivityManagerService.broadcastIntentLocked(ActivityManagerService.java:17076)
01-09 22:18:51.256 2400 4825 E ActivityManager: at com.android.server.am.ActivityManagerService.broadcastIntentWithFeature(ActivityManagerService.java:18183)
01-09 22:18:51.256 2400 4825 E ActivityManager: at android.app.IActivityManager$Stub.onTransact$broadcastIntentWithFeature$(IActivityManager.java:11632)
01-09 22:18:51.256 2400 4825 E ActivityManager: at android.app.IActivityManager$Stub.onTransact(IActivityManager.java:2953)
01-09 22:18:51.256 2400 4825 E ActivityManager: at com.android.server.am.ActivityManagerService.onTransact(ActivityManagerService.java:3198)
01-09 22:18:51.256 2400 4825 E ActivityManager: at android.os.Binder.execTransactInternal(Binder.java:1380)
01-09 22:18:51.256 2400 4825 E ActivityManager: at android.os.Binder.execTransact(Binder.java:1311)
01-09 22:18:51.258 1594 1594 E NxpUwbHal: cleaning up the callback data
01-09 22:18:51.259 4020 10300 I [MCFSDK_bluetooth_1.2.13040]_1_McfSubscriberImpl: isNetworkEnabled - type : 2 ret : true
01-09 22:18:51.259 4050 4431 I UwbServiceCore: Initialization success
01-09 22:18:51.259 4020 10300 I TAG : onMcfServiceStateChanged
01-09 22:18:51.260 1594 1594 I vendor.samsung.hardware.uwb@1.0-service: AIDL-Write Enter
01-09 22:18:51.262 2400 3796 I [MCFSDK_android_1.2.13040]_4_McfCasterImpl: isNetworkEnabled - type : 2 ret : true
01-09 22:18:51.265 1594 1594 E NxpUwbHal: cleaning up the callback data
01-09 22:18:51.267 4050 11993 I UwbServiceCore: onVendorUciResponseReceived
01-09 22:18:51.267 3670 3670 I AODNotificationManager: updateNotification()
01-09 22:18:51.268 4050 4431 I UwbServiceCore: updateDeviceState(): deviceState = READY, current internal adapter state = 1
01-09 22:18:51.268 4050 4431 I NativeUwbManager: setCountryCode: IN
01-09 22:18:51.268 1594 1594 I vendor.samsung.hardware.uwb@1.0-service: AIDL-Write Enter
01-09 22:18:51.268 1594 1594 E NxpUwbHal: SetCountry code command is received
01-09 22:18:51.269 1594 1594 E NxpUwbHal: phnxpucihal_process_ext_cmd_rsp: nxpucihal_ctrl.hal_parse_enabled is enabled
01-09 22:18:51.269 1594 1594 E NxpUwbHal: cleaning up the callback data
01-09 22:18:51.269 4050 4431 I UwbServiceCore: Received onCountryCodeChanged() with countryCode = IN
01-09 22:18:51.270 1594 1594 I vendor.samsung.hardware.uwb@1.0-service: AIDL-Write Enter
01-09 22:18:51.274 1594 1594 E NxpUwbHal: cleaning up the callback data
01-09 22:18:51.275 4050 11996 I UwbServiceCore: onVendorUciResponseReceived
01-09 22:18:51.275 4050 4431 I UwbServiceCore: Current country code = IN
01-09 22:18:51.276 2040 2623 D SemNativeCarrierFeature_vendor: getInstance
01-09 22:18:51.276 2040 2623 D SemNativeCarrierFeature_vendor: getInstance
01-09 22:18:51.276 2040 2623 D SemNativeCarrierFeature_vendor: getInstance
01-09 22:18:51.279 4050 4488 E UwbFactoryManager: CHANNEL_5, AOA_TX_POWER_CAL is NULL
01-09 22:18:51.280 4050 4431 I UwbCountryCode: Ignoring already set country code: IN
01-09 22:18:51.280 1594 1594 I vendor.samsung.hardware.uwb@1.0-service: AIDL-Write Enter
01-09 22:18:51.281 2400 3489 D SemCellularStateManager: onSignalStrengthsChanged: mCellularSignalLevel=4
01-09 22:18:51.282 3642 3652 I System.out: Broadcasting: Intent { act=com.sec.intent.action.CP_CHAN_INFO flg=0x1000000 (has extras) }
01-09 22:18:51.282 3670 3670 D S.S.N. : entryViewBound parent :0|com.samsung.android.app.telephonyui|831|null|1001
01-09 22:18:51.282 2400 3796 D EdgeLightingPolicyManager: isAcceptableApplication: pkg=com.samsung.android.app.telephonyui , range=1 , includeAllApp=false , userId=-2 , infoRange=0 , infoCategory=0
01-09 22:18:51.282 2400 3796 D EdgeLightingPolicyManager: isAcceptableApplication - accept rechecked by isEdgeLightingAllowed = true uid = 1001
01-09 22:18:51.282 2400 3796 D EdgeLightingPolicyManager: isAcceptableApplication: getRejectablePolicy true
01-09 22:18:51.282 3670 3670 D S.S.N. : entryViewBound parent :0|com.samsung.android.app.telephonyui|831|null|1001
01-09 22:18:51.282 3670 3670 D S.S.N. : entryViewBound parent - entry update :0|com.samsung.android.app.telephonyui|831|null|1001
01-09 22:18:51.282 2400 5682 D EdgeLightingPolicyManager: isAcceptableApplication: pkg=com.samsung.android.app.telephonyui , range=1 , includeAllApp=false , userId=-2 , infoRange=0 , infoCategory=0
01-09 22:18:51.282 2400 5682 D EdgeLightingPolicyManager: isAcceptableApplication - accept rechecked by isEdgeLightingAllowed = true uid = 1001
01-09 22:18:51.282 2400 5682 D EdgeLightingPolicyManager: isAcceptableApplication: getRejectablePolicy true
01-09 22:18:51.284 3797 3797 I EPDG -- SIM0 [SMARTCELLULAR]: onSignalStrengthsChanged: SignalStrength:{mCdma=Invalid,mGsm=Invalid,mWcdma=Invalid,mTdscdma=Invalid,mLte=CellSignalStrengthLte: rssi=-59 rsrp=-86 rsrq=-10 rssnr=2 cqiTableIndex=2147483647 cqi=2147483647 ta=2147483647 level=4 parametersUseForLevel=0,mNr=Invalid,SignalBarInfo{ lteLevel=4 },rat=14,primary=CellSignalStrengthLte}
01-09 22:18:51.286 3797 5483 I EPDG -- SIM0 [SMARTCELLULAR]: Not valid cellular signal strength
01-09 22:18:51.287 1594 1594 E NxpUwbHal: cleaning up the callback data
01-09 22:18:51.287 4050 11999 I UwbServiceCore: onVendorUciResponseReceived
01-09 22:18:51.288 3670 3670 D MobileSignalTransitionManager: updateSignalTransition
01-09 22:18:51.288 3670 3670 D StatusBarIconController: ignoring old pipeline callbacks, because the new mobile icons are enabled
01-09 22:18:51.288 3642 3652 I System.out: Broadcast completed: result=0
01-09 22:18:51.289 4050 4488 E UwbFactoryManager: CHANNEL_9, AOA_TX_POWER_CAL is NULL
01-09 22:18:51.289 3797 3946 I EPDG -- SIM0 IwlanNetworkService: requestNetworkRegistrationInfo for domain 2
01-09 22:18:51.289 3797 4149 I EPDG -- SIM0 IwlanNetworkService: Calling onRequestNetworkRegistrationInfoComplete.resultCode = 0, netState = NetworkRegistrationInfo{ domain=PS transportType=WLAN registrationState=HOME networkRegistrationState=HOME roamingType=NOT_ROAMING accessNetworkTechnology=IWLAN rejectCause=0 emergencyEnabled=false availableServices=[DATA] cellIdentity=null voiceSpecificInfo=null dataSpecificInfo=null nrState=**** rRplmn= isUsingCarrierAggregation=false}
01-09 22:18:51.290 2040 2638 D SemNativeCarrierFeature_vendor: getInstance
01-09 22:18:51.290 2040 2638 D SemNativeCarrierFeature_vendor: getInstance
01-09 22:18:51.290 1594 1594 I vendor.samsung.hardware.uwb@1.0-service: AIDL-Write Enter
01-09 22:18:51.291 2040 2638 D SemNativeCarrierFeature_vendor: getInstance
01-09 22:18:51.292 1594 1594 E NxpUwbHal: cleaning up the callback data
01-09 22:18:51.292 4050 12003 I UwbServiceCore: onVendorUciResponseReceived
01-09 22:18:51.293 4050 4488 E UwbFactoryManager: CHANNEL_9, CAL_AOA_PHASE_OFFSET is NULL
01-09 22:18:51.294 2040 2638 D SemNativeCarrierFeature_vendor: getInstance
01-09 22:18:51.294 2040 2638 D SemNativeCarrierFeature_vendor: getInstance
01-09 22:18:51.294 3797 3946 I EPDG -- SIM0 IwlanNetworkService: requestNetworkRegistrationInfo for domain 2
01-09 22:18:51.294 3797 4149 I EPDG -- SIM0 IwlanNetworkService: Calling onRequestNetworkRegistrationInfoComplete.resultCode = 0, netState = NetworkRegistrationInfo{ domain=PS transportType=WLAN registrationState=HOME networkRegistrationState=HOME roamingType=NOT_ROAMING accessNetworkTechnology=IWLAN rejectCause=0 emergencyEnabled=false availableServices=[DATA] cellIdentity=null voiceSpecificInfo=null dataSpecificInfo=null nrState=**** rRplmn= isUsingCarrierAggregation=false}
01-09 22:18:51.295 2400 3489 D SemCellularStateManager: onCellInfoChanged: cellInfoList Number of cell: 1
01-09 22:18:51.295 2400 3489 D SemCellularStateManager: onCellInfoChanged: Registered = true, mCellularCellId = 167370773
01-09 22:18:51.295 4039 4039 I TelephonyCallbackForPdnController<0>: onCellInfoChanged: xxxxx
01-09 22:18:51.296 4039 4530 I RegiMgr-Handler: handleMessage: EVENT_CELL_INFO_CHANGED
01-09 22:18:51.296 4039 4530 I RegiMgr<0>: updatePani RegisterTask[0][mProfile=AIRTEL VoLTE, mRegistrationRat=18, mPdnType=11, mState=CONNECTING, mObject=null, mReason=, mPcscfHostname=null, mDeregiReason=41]
01-09 22:18:51.296 4039 4039 I ImsCallSessionManager: onCellInfoChanged, phoneId: 0
01-09 22:18:51.296 4039 4530 I PaniGenerator<0>: generate: subId=3, network=18, pdn=11
01-09 22:18:51.297 4039 4530 I PaniGenerator<0>: generate: mobileDataNetworkType=0
