01-09 22:18:52.150 3797 4669 I EPDG -- SIM0 [UTILS]: getNetworkForType: subIdFromSpecifier: 3
01-09 22:18:52.150 3797 4669 I EPDG -- SIM0 [UTILS]: getNetworkForType: returning Network for type: 11
01-09 22:18:52.150 3797 4669 I EPDG -- SIM0 [UTILS]: getNetworkInfo: returning networkInfo [type: MOBILE[IWLAN], state: CONNECTING/CONNECTING, reason: (unspecified), extra: IMS, failover: false, available: true, roaming: false]
01-09 22:18:52.150 3797 4669 I EPDG -- SIM0 [EpdgSubScription]: notifyQualifiedNetworksChange to telephony
01-09 22:18:52.150 3797 4669 I EPDG -- SIM0 [EpdgHandoverHandler]: notifyEpdgAvailability as: true
01-09 22:18:52.150 3797 4669 I EPDG -- SIM0 [EpdgSubScription]: getIsAirplaneMode: returning: false
01-09 22:18:52.151 4039 4530 I PdnController: getDefaultNetworkBearer: WIFI
01-09 22:18:52.151 9555 9567 I InternalContentProvider: data_state_changed null
01-09 22:18:52.151 2400 3378 D ConnectivityService: Adding Route [2401:4900:57f3:f842::/64 -> :: rmnet_data0 mtu 0] to network 110
01-09 22:18:52.151 9555 9567 I InternalContentProvider: Take CarrierUiCallFunctions
01-09 22:18:52.151 9555 9567 I CarrierUiCallFunctions: call data_state_changed null Bundle[mParcelledData.dataSize=328]
01-09 22:18:52.151 3797 4670 I EPDG -- SIM0 [EpdgHandoverHandler]: [EpdgHandoverHandler : MSG_EPDG_AVAILABILITY (1)] isAvailable : 1 / physicalInterface : 1
01-09 22:18:52.151 2400 3378 D ConnectivityService: Adding Route [0.0.0.0/0 -> 100.105.80.104 rmnet_data0 mtu 1500] to network 110
01-09 22:18:52.152 9555 9555 I AlarmManagerUtils: getRegisterAlarmManager : register_allow_data_dialog_retry_to_alarm_manager = false
01-09 22:18:52.152 9555 9555 I UT.TelephonyUtils: getPhoneId : subId = 3
01-09 22:18:52.152 2400 3378 D ConnectivityService: Adding Route [::/0 -> fe80::2 rmnet_data0 mtu 1500] to network 110
01-09 22:18:52.152 4039 4530 I RegiMgr-Utils<0>: findBestNetwork: WIFI needWifiNetwork = true
01-09 22:18:52.152 1433 20667 E netd : Error adding route ::/0 -> fe80::2 rmnet_data0 to table 1026: File exists
01-09 22:18:52.152 2400 3378 D ConnectivityService: Setting DNS servers for network 110 to [/117.96.122.160, /59.144.144.46, /2401:4900:50:9::7c2, /2401:4900:50:9::45]
01-09 22:18:52.152 2400 3378 D DnsManager: sendDnsConfigurationForNetwork(ResolverParamsParcel{netId: 110, sampleValiditySeconds: 1800, successThreshold: 25, minSamples: 8, maxSamples: 64, baseTimeoutMsec: 0, retryCount: 0, servers: [117.96.122.160, 59.144.144.46, 2401:4900:50:9::7c2, 2401:4900:50:9::45], domains: [], tlsName: , tlsServers: [117.96.122.160, 59.144.144.46, 2401:4900:50:9::7c2, 2401:4900:50:9::45], tlsFingerprints: [], caCertificate: , tlsConnectTimeoutMs: 0, resolverOptions: null, transportTypes: [0], meteredNetwork: true, dohParams: null, interfaceNames: [rmnet_data0]})
01-09 22:18:52.152 4039 4530 I RegiGvnBase<0>: isReadyToDualRegister: slot 1's call state: 0
01-09 22:18:52.152 4039 4530 I RegiGvnBase<0>: isReadyToDualRegister : true
01-09 22:18:52.153 1433 12082 W resolv : Validating DnsTlsServer {59.144.144.46/} with mark 0xf006e
01-09 22:18:52.153 1433 12083 W resolv : Validating DnsTlsServer {117.96.122.160/} with mark 0xf006e
01-09 22:18:52.153 3797 4669 I EPDG -- SIM0 [NetController]: getIsRssiDisabledForProfiling: returning: false
01-09 22:18:52.154 1433 12085 W resolv : Validating DnsTlsServer {2401:4900:50:9::7c2/} with mark 0xf006e
01-09 22:18:52.154 1433 12084 W resolv : Validating DnsTlsServer {2401:4900:50:9::45/} with mark 0xf006e
01-09 22:18:52.154 9555 9555 I CU.NetworkUiReceiver: mReceiver: ACTION_ANY_DATA_CONNECTION_STATE_CHANGED
01-09 22:18:52.154 9555 9555 I CU.NetworkUiReceiver: - state: CONNECTED, apnType: default,supl, reason: null, phoneId: 0
01-09 22:18:52.154 9555 9555 I CU.NetworkUiUtils: setNetworkModeByQuickPanel: enabled : false
01-09 22:18:52.155 4039 4530 I RegiMgr<0>: [AIRTEL India RCS|IDLE] checkInitialRegistrationIsReady: APM ON [false], Roamimg [false]
01-09 22:18:52.155 4039 4530 I RcsPolicyMgr<0>: pendingRcsRegister: mActiveDataPhoneId = 0
01-09 22:18:52.155 4039 4530 I RcsUtils: isDualRcsReg: true
01-09 22:18:52.155 4039 4530 I ImsProfile: isRttSupportByCallApp : false ttyType : 1
01-09 22:18:52.155 4039 4530 I RegiMgr-Utils<0>: getPriorityRegiedTask : isPriority High? true
01-09 22:18:52.155 4039 4530 I RegiGvnBase: checkRegiStatus: getState()=IDLE mIsUpdateRegistering=false
01-09 22:18:52.155 4039 4530 I RegiMgr<0>: getTelephonyCallStatus:
01-09 22:18:52.156 4039 4530 I ConfigProvider: query uri:xxxxx
01-09 22:18:52.156 3797 3946 I EPDG -- SIM0 IwlanNetworkService: requestNetworkRegistrationInfo for domain 2
01-09 22:18:52.157 3797 4669 I EPDG -- SIM0 [EpdgImsManagerHelper]: Find isAllowedOnRoaming value on IMS Profile : true
01-09 22:18:52.157 3797 4149 I EPDG -- SIM0 IwlanNetworkService: Calling onRequestNetworkRegistrationInfoComplete.resultCode = 0, netState = NetworkRegistrationInfo{ domain=PS transportType=WLAN registrationState=HOME networkRegistrationState=HOME roamingType=NOT_ROAMING accessNetworkTechnology=IWLAN rejectCause=0 emergencyEnabled=false availableServices=[DATA] cellIdentity=null voiceSpecificInfo=null dataSpecificInfo=null nrState=**** rRplmn= isUsingCarrierAggregation=false}
01-09 22:18:52.158 3797 4669 I EPDG -- SIM0 [SMARTCELLULAR]: LTE Available: true
01-09 22:18:52.158 3797 4669 I EPDG -- SIM0 [EpdgSubScription]: volteSetting(true) for VOICECALL_TYPE_KEY: voicecall_type
01-09 22:18:52.158 3797 4669 I EPDG -- SIM0 [NetController]: onNetworkStatusChanged: voiceNetType: 13 mActiveVoiceRat: 13
01-09 22:18:52.158 3797 4669 I EPDG -- SIM0 [NetController]: onNetworkStatusChanged : mCellularAvailable = true
01-09 22:18:52.158 3797 4669 I EPDG -- SIM0 [NetController]: WWAN Voice Regi: 0 Roaming: 0
01-09 22:18:52.158 3797 4669 I EPDG -- SIM0 [NetController]: WWAN Data Regi: 0 Rat: 13 Roaming: false
01-09 22:18:52.158 3797 4669 I EPDG -- SIM0 [EpdgSubScription]: getIsAirplaneMode: returning: false
01-09 22:18:52.158 3642 3642 D Telephony: SamsungTuiAsyncSendExtras: SamsungTuiAsyncSendExtras[onPostExecute] method: data_state_changed
01-09 22:18:52.154 2400 3513 I SemWifiServiceDetector: Service det. resumed
01-09 22:18:52.158 2400 4825 D KNOX_MDM_SettingsProvider: isChangeAllowed() : name = set_network_mode_by_quick_panel
01-09 22:18:52.158 4039 4530 I ConfigProvider: queryStorage path content://com.samsung.rcs.autoconfigurationprovider/parameter/version#simslot0
01-09 22:18:52.159 9555 9555 I FT.TuiSalesCodeFeature: LGT.isCurrentOperator
01-09 22:18:52.159 9555 9555 I FT.TuiSalesCodeFeature: LGT.isCurrentOperator
01-09 22:18:52.159 9555 9555 I CU.DataRoamingNotificationMgr: hideDataDisconnectedRoaming...
01-09 22:18:52.159 9555 9555 I FT.TuiSalesCodeFeature: LGT.isCurrentOperator
01-09 22:18:52.159 3797 4669 I EPDG -- SIM0 [NetController]: getIsRssiDisabledForProfiling: returning: false
01-09 22:18:52.160 4039 4530 I RegiGvnRcs: isReadyToRegister: User don't try RCS service yet
01-09 22:18:52.160 4039 4530 I RegiMgr<0>: [AIRTEL India RCS|IDLE] checkForTryRegister: isReadyToRegister = false
01-09 22:18:52.160 4039 4530 I GeolocationCon: handleMessage : what = SERVICE_STATE_CHANGED
01-09 22:18:52.160 4039 4530 I GeolocationCon: matchTimingReqLocation ,match=2, timing=4
01-09 22:18:52.160 4039 4530 I GeolocationCon: matchTimingReqLocation ,match=0, timing=4
01-09 22:18:52.160 4039 4530 I GeolocationCon: matchTimingReqLocation ,match=0, timing=4
01-09 22:18:52.160 4039 4530 I GeolocationCon: profile is null
01-09 22:18:52.160 4039 4530 I GeolocationCon<0>: onNetworkCountryIsoChanged: mCountryIso = in, iso = in
01-09 22:18:52.160 4039 4530 I RegiMgr-Handler: handleMessage: EVENT_DO_PENDING_UPDATE_REGISTRATION
01-09 22:18:52.160 3797 4669 I EPDG -- SIM0 [EpdgImsManagerHelper]: Find isAllowedOnRoaming value on IMS Profile : true
01-09 22:18:52.160 3797 4669 I EPDG -- SIM0 [SMARTCELLULAR]: LTE Available: true
01-09 22:18:52.161 3797 4669 I EPDG -- SIM0 [EpdgSubScription]: volteSetting(true) for VOICECALL_TYPE_KEY: voicecall_type
01-09 22:18:52.161 3797 4669 I EPDG -- SIM0 [NetController]: onNetworkStatusChanged: voiceNetType: 13 mActiveVoiceRat: 13
01-09 22:18:52.161 3797 4669 I EPDG -- SIM0 [NetController]: onNetworkStatusChanged : mCellularAvailable = true
01-09 22:18:52.161 2400 3378 D ConnectivityService: notifyType CALLBACK_IP_CHANGED for [110 CELLULAR]
01-09 22:18:52.161 2400 3378 D ConnectivityService: accepting network in place of null for NetworkRequest [ BACKGROUND_REQUEST id=2, [ Transports: CELLULAR Capabilities: INTERNET&NOT_RESTRICTED&TRUSTED&NOT_VPN&NOT_VCN_MANAGED RequestorUid: 1000 RequestorPkg: android UnderlyingNetworks: Null] ]
01-09 22:18:52.163 3797 4669 I EPDG -- SIM0 [Operator]: getSubId(): subID is : 3
01-09 22:18:52.163 3797 4669 I EPDG -- SIM0 [EpdgSubScription]: isOngoingConnectionOverWifi: returning result: trueConnected Check : false
01-09 22:18:52.163 3797 4669 I EPDG -- SIM0 [EpdgSubScription]: mWifiRssiA :-70 mWifiRssiB:-80 mWifiRssiC:0 mWifiRssiRoveInWifiOnly:0 mWifiRssiRoveOutWifiOnly:0 mWifiRssiRoveInVoice:0 mLteRsrp1:-110 mLteRsrp2:0 mLteRsrp3:-105 mNrRsrp1:0 mNrRsrp2:0 mNrRsrp3:0
01-09 22:18:52.163 3797 4669 I EPDG -- SIM0 [EpdgSubScription]: TimerStatus :
01-09 22:18:52.163 3797 4669 I EPDG -- SIM0 [EpdgImsListener]: getVoWifiSessionConnected: CALL: idle IPME: false result: false
01-09 22:18:52.163 2400 3295 I HqmInfo::HqmManagerService: MSG_TYPE:MSG_TYPE_PROCESS_LOG_BY_HQM
01-09 22:18:52.164 3797 4669 I EPDG -- SIM0 [EpdgSubScription]: getIsAirplaneMode: returning: false
01-09 22:18:52.167 2400 3378 D ConnectivityService: notifyType CALLBACK_CAP_CHANGED for [110 CELLULAR]
01-09 22:18:52.171 2400 3485 I UMR : ReclaimerPolicyManager: update policy 0 -> 2
01-09 22:18:52.176 3797 4669 I EPDG -- SIM0 [IfomTable]: checkIsRuleforApn: appStr is: idle apnType is: ims
01-09 22:18:52.177 2400 3426 I SemWifiApDataUsage: Cellular Data available
01-09 22:18:52.177 2400 3378 D ConnectivityService: Rematched networks [computed 0ms] [applied 16ms] [issued 0]
01-09 22:18:52.177 2400 3378 D ConnectivityService: NetworkReassignment :
01-09 22:18:52.177 2400 3378 D ConnectivityService: 2 : null → 110
01-09 22:18:52.177 2400 3378 D ConnectivityService: notifyType CALLBACK_PRECHECK for [110 CELLULAR]
01-09 22:18:52.177 3797 4669 I EPDG -- SIM0 [SMARTCELLULAR]: LTE Available: true
01-09 22:18:52.177 3797 4669 I EPDG -- SIM0 [EpdgSubScription]: volteSetting(true) for VOICECALL_TYPE_KEY: voicecall_type
01-09 22:18:52.178 3797 4669 I EPDG -- SIM0 [PolicyMgr]: [HO_OPTIMIZATION]isMapconResultToLte(): LTE (true) VoWIFI (true) call (idle) roaming (false) VoLTE (true) voice rat (13) data rat (13) result (true)
01-09 22:18:52.178 3797 4669 I EPDG -- SIM0 [SMARTCELLULAR]: LTE Available: true
01-09 22:18:52.178 3797 4669 I EPDG -- SIM0 [EpdgSubScription]: It is false that CpThresholdCondition for handover
01-09 22:18:52.178 3797 4669 I EPDG -- SIM0 [PolicyMgr]: isMapconResultToLte: ims,idle result=true
01-09 22:18:52.178 4039 4605 I ConfigModule<0>: onAvailable : 110 networkType: 1
01-09 22:18:52.178 3797 4669 I EPDG -- SIM0 [PolicyMgr]: [HO_OPTIMIZATION]isW2LRecommended: ims,idle result=true
01-09 22:18:52.178 4039 4605 I RcsUtils: isDualRcsReg: true
01-09 22:18:52.178 2400 3378 D ConnectivityService: Update of LinkProperties for [110 CELLULAR]; created=1067342; firstConnected=1067343
01-09 22:18:52.178 10717 11256 D XCAL-Mobile: MainService.onAvailable(), 110
01-09 22:18:52.178 3797 4669 I EPDG -- SIM0 [EpdgSubScription]: isPdnConnectedOverWifi: returning result: false for apnType: ims
01-09 22:18:52.178 3797 4669 I EPDG -- SIM0 [EpdgSubScription]: Firing W2L handover
01-09 22:18:52.178 4039 4530 I ConfigModule<0>: handleMessage: msg: 24
01-09 22:18:52.178 4039 4530 I ConfigModule<0>: rcsNetworkType: internet,wifi rcsAs: jibe isRemoteConfigNeeded: false
01-09 22:18:52.179 4039 4530 I ConfigModule<1>: handleMessage: msg: 24
01-09 22:18:52.179 4039 4530 I ConfigModule<1>: rcsNetworkType: internet,wifi rcsAs: sec isRemoteConfigNeeded: false
01-09 22:18:52.179 2400 3378 D ConnectivityService: Update of LinkProperties for [110 CELLULAR]; created=1067342; firstConnected=1067343
01-09 22:18:52.179 2400 3378 D ConnectivityService: Update of LinkProperties for [110 CELLULAR]; created=1067342; firstConnected=1067343
01-09 22:18:52.179 2400 3378 D ConnectivityService: Update of LinkProperties for [110 CELLULAR]; created=1067342; firstConnected=1067343
01-09 22:18:52.179 3797 4669 I EPDG -- SIM0 [EpdgSubScription]: Current Wifi RSSI:-64
01-09 22:18:52.179 3797 4669 I EPDG -- SIM0 [EpdgSubScription]: startHandOverWifiToLte HOtype:0
01-09 22:18:52.179 3797 4669 I EPDG -- SIM0 [EpdgSubScription]: [HANDOFF]Cannot trigger W2L HO: (AP ASSIST MODE) : 11
01-09 22:18:52.179 3797 4669 I EPDG -- SIM0 [ThrottleController]: isThrottleTimerRunning: apnType: ims. result: false
01-09 22:18:52.179 3797 4669 I EPDG -- SIM0 [PolicyMgr]: getApnRatPolicy: default,idle only LTE is allowed RAT
01-09 22:18:52.179 3797 4669 I EPDG -- SIM0 [PolicyMgr]: getApnRatPolicy: default,idle result=LTE
01-09 22:18:52.179 3797 4669 I EPDG -- SIM0 [PolicyMgr]: getApnRatPolicy: mms,idle only LTE is allowed RAT
01-09 22:18:52.179 3797 4669 I EPDG -- SIM0 [PolicyMgr]: getApnRatPolicy: mms,idle result=LTE
01-09 22:18:52.179 3797 4669 I EPDG -- SIM0 [PolicyMgr]: getApnRatPolicy: supl,idle only LTE is allowed RAT
01-09 22:18:52.179 3797 4669 I EPDG -- SIM0 [PolicyMgr]: getApnRatPolicy: supl,idle result=LTE
01-09 22:18:52.179 3797 4669 I EPDG -- SIM0 [PolicyMgr]: getApnRatPolicy: dun,idle only LTE is allowed RAT
01-09 22:18:52.179 3797 4669 I EPDG -- SIM0 [PolicyMgr]: getApnRatPolicy: dun,idle result=LTE
01-09 22:18:52.179 3797 4669 I EPDG -- SIM0 [PolicyMgr]: getApnRatPolicy: hipri,idle only LTE is allowed RAT
01-09 22:18:52.179 3797 4669 I EPDG -- SIM0 [PolicyMgr]: getApnRatPolicy: hipri,idle result=LTE
01-09 22:18:52.179 3797 4669 I EPDG -- SIM0 [PolicyMgr]: getApnRatPolicy: fota,idle only LTE is allowed RAT
01-09 22:18:52.179 3797 4669 I EPDG -- SIM0 [PolicyMgr]: getApnRatPolicy: fota,idle result=LTE
01-09 22:18:52.179 3797 4669 I EPDG -- SIM0 [EpdgSubScription]: getIsAirplaneMode: returning: false
01-09 22:18:52.179 3797 4669 I EPDG -- SIM0 [IfomTable]: checkIsRuleforApn: appStr is: idle apnType is: ims
01-09 22:18:52.179 3797 4669 I EPDG -- SIM0 [PolicyMgr]: getApnRatPolicy: ims,idle should go to LTE
01-09 22:18:52.179 3797 4669 I EPDG -- SIM0 [PolicyMgr]: getApnRatPolicy: ims,idle result=LTE:IWLAN
01-09 22:18:52.179 3797 4669 I EPDG -- SIM0 [EpdgSubScription]: getIsAirplaneMode: returning: false
01-09 22:18:52.179 3797 4669 I EPDG -- SIM0 [SMARTCELLULAR]: LTE Available: true
01-09 22:18:52.180 3797 4669 I EPDG -- SIM0 [EpdgSubScription]: isPdnConnectedOverWifi: returning result: false for apnType: ims
01-09 22:18:52.180 3797 4669 I EPDG -- SIM0 [SMARTCELLULAR]: LTE Available: true
01-09 22:18:52.180 3797 4669 I EPDG -- SIM0 [EpdgRatDeterminator]: isW2LRecommended: epdg available:true, LteAvailable:true
01-09 22:18:52.181 3797 4669 I EPDG -- SIM0 [SMARTCELLULAR]: LTE Available: true
01-09 22:18:52.181 3797 4669 I EPDG -- SIM0 [EpdgImsListener]: getVoWifiSessionConnected: CALL: idle IPME: false result: false
01-09 22:18:52.181 3797 4669 I EPDG -- SIM0 [EpdgRatDeterminator]: isW2LRecommended: ims,LTE:IWLAN => LTE
01-09 22:18:52.182 3797 4669 I EPDG -- SIM0 [PolicyMgr]: getApnRatPolicy: cbs,idle only LTE is allowed RAT
01-09 22:18:52.182 3797 4669 I EPDG -- SIM0 [PolicyMgr]: getApnRatPolicy: cbs,idle result=LTE
01-09 22:18:52.182 3797 4669 I EPDG -- SIM0 [PolicyMgr]: getApnRatPolicy: ia,idle only LTE is allowed RAT
01-09 22:18:52.182 3797 4669 I EPDG -- SIM0 [PolicyMgr]: getApnRatPolicy: ia,idle result=LTE
01-09 22:18:52.182 3797 4669 I EPDG -- SIM0 [PolicyMgr]: getApnRatPolicy: emergency,idle only LTE is allowed RAT
01-09 22:18:52.182 3797 4669 I EPDG -- SIM0 [PolicyMgr]: getApnRatPolicy: emergency,idle result=LTE
01-09 22:18:52.182 3797 4669 I EPDG -- SIM0 [PolicyMgr]: getApnRatPolicy: mcx,idle only LTE is allowed RAT
01-09 22:18:52.182 3797 4669 I EPDG -- SIM0 [PolicyMgr]: getApnRatPolicy: mcx,idle result=LTE
01-09 22:18:52.182 3797 4669 I EPDG -- SIM0 [PolicyMgr]: getApnRatPolicy: xcap,idle only LTE is allowed RAT
01-09 22:18:52.182 3797 4669 I EPDG -- SIM0 [PolicyMgr]: getApnRatPolicy: xcap,idle result=LTE
01-09 22:18:52.182 3797 4669 I EPDG -- SIM0 [EpdgSubScription]: getHandoverEnableSetting: true
01-09 22:18:52.182 3797 4669 I EPDG -- SIM0 [UTILS]: getSubIdFromSpecifier() : specifier null
01-09 22:18:52.182 3797 4669 I EPDG -- SIM0 [UTILS]: getSubIdFromSpecifier() : return : 3
01-09 22:18:52.182 3797 4669 I EPDG -- SIM0 [UTILS]: getNetworkForType: subIdFromSpecifier: 3
01-09 22:18:52.182 4039 4286 I .sec.imsservice: Background concurrent mark compact GC freed 6299KB AllocSpace bytes, 2(104KB) LOS objects, 54% free, 5096KB/10MB, paused 316us,7.916ms total 25.900ms
01-09 22:18:52.182 3797 4669 I EPDG -- SIM0 [UTILS]: getSubIdFromSpecifier() : return : 3
01-09 22:18:52.182 3797 4669 I EPDG -- SIM0 [UTILS]: getNetworkForType: subIdFromSpecifier: 3
01-09 22:18:52.182 3797 4669 I EPDG -- SIM0 [UTILS]: getNetworkForType: returning Network for type: 11
01-09 22:18:52.183 3797 4669 I EPDG -- SIM0 [UTILS]: getNetworkInfo: returning networkInfo [type: MOBILE[IWLAN], state: CONNECTING/CONNECTING, reason: (unspecified), extra: IMS, failover: false, available: true, roaming: false]
01-09 22:18:52.183 3797 4669 I EPDG -- SIM0 [EpdgSubScription]: notifyQualifiedNetworksChange to telephony
01-09 22:18:52.183 3797 4669 I EPDG -- SIM0 [IPSECDATACONNSM][0]: InactiveState[ ] Event: INTERFACE_UP
01-09 22:18:52.183 3797 4669 I EPDG -- SIM0 [IPSECDATACONNSM][0]: InactiveState[ ] Event: INTERFACE_UP
01-09 22:18:52.183 3797 4669 I EPDG -- SIM0 [IPSECDATACONNSM][0]: InactiveState[ ] Event: INTERFACE_UP
01-09 22:18:52.183 3797 4669 I EPDG -- SIM0 [IPSECDATACONNSM][0]: InactiveState[ ] Event: WIFI_STATUS_CHANGED
01-09 22:18:52.183 3797 4669 I EPDG -- SIM0 [IPSECDATACONNSM][1]: InitialConnectingState[i] Event: WIFI_STATUS_CHANGED
01-09 22:18:52.183 3797 4669 I EPDG -- SIM0 [IPSECDATACONNSM][2]: InactiveState[ ] Event: WIFI_STATUS_CHANGED
01-09 22:18:52.183 3797 4669 I EPDG -- SIM0 [IPSECDATACONNSM][3]: InactiveState[ ] Event: WIFI_STATUS_CHANGED
01-09 22:18:52.183 3797 4669 I EPDG -- SIM0 [IPSECDATACONNSM][4]: InactiveState[ ] Event: WIFI_STATUS_CHANGED
01-09 22:18:52.183 3797 4669 I EPDG -- SIM0 [IPSECDATACONNSM][5]: InactiveState[ ] Event: WIFI_STATUS_CHANGED
01-09 22:18:52.183 3797 4669 I EPDG -- SIM0 [IPSECDATACONNSM][6]: InactiveState[ ] Event: WIFI_STATUS_CHANGED
01-09 22:18:52.183 3797 4669 I EPDG -- SIM0 [IPSECDATACONNSM][7]: InactiveState[ ] Event: WIFI_STATUS_CHANGED
01-09 22:18:52.183 3797 4669 I EPDG -- SIM0 [IPSECDATACONNSM][8]: InactiveState[ ] Event: WIFI_STATUS_CHANGED
01-09 22:18:52.183 3797 4669 I EPDG -- SIM0 [IPSECDATACONNSM][9]: InactiveState[ ] Event: WIFI_STATUS_CHANGED
01-09 22:18:52.183 3797 4669 I EPDG -- SIM0 [IPSECDATACONNSM][10]: InactiveState[ ] Event: WIFI_STATUS_CHANGED
01-09 22:18:52.183 3797 4669 I EPDG -- SIM0 [IPSECDATACONNSM][11]: InactiveState[ ] Event: WIFI_STATUS_CHANGED
01-09 22:18:52.183 3797 4669 I EPDG -- SIM0 [IPSECDATACONNSM][12]: InactiveState[ ] Event: WIFI_STATUS_CHANGED
01-09 22:18:52.183 3797 4669 I EPDG -- SIM0 [IPSECDATACONNSM][13]: InactiveState[ ] Event: WIFI_STATUS_CHANGED
01-09 22:18:52.183 3797 4669 I EPDG -- SIM0 [IPSECDATACONNSM][14]: InactiveState[ ] Event: WIFI_STATUS_CHANGED
01-09 22:18:52.183 3797 4669 I EPDG -- SIM0 [IPSECDATACONNSM][15]: InactiveState[ ] Event: WIFI_STATUS_CHANGED
01-09 22:18:52.183 3797 4669 I EPDG -- SIM0 [IPSECDATACONNSM][16]: InactiveState[ ] Event: WIFI_STATUS_CHANGED
01-09 22:18:52.183 3797 4669 I EPDG -- SIM0 [IPSECDATACONNSM][17]: InactiveState[ ] Event: WIFI_STATUS_CHANGED
01-09 22:18:52.183 3797 4669 I EPDG -- SIM0 [IPSECDATACONNSM][18]: InactiveState[ ] Event: WIFI_STATUS_CHANGED
01-09 22:18:52.183 3797 4669 I EPDG -- SIM0 [IPSECDATACONNSM][19]: InactiveState[ ] Event: WIFI_STATUS_CHANGED
01-09 22:18:52.183 3797 4669 I EPDG -- SIM0 [IPSECDATACONNSM][20]: InactiveState[ ] Event: WIFI_STATUS_CHANGED
01-09 22:18:52.183 3797 4669 I EPDG -- SIM0 [IPSECDATACONNSM][21]: InactiveState[ ] Event: WIFI_STATUS_CHANGED
01-09 22:18:52.183 3797 4669 I EPDG -- SIM0 [IPSECDATACONNSM][22]: InactiveState[ ] Event: WIFI_STATUS_CHANGED
01-09 22:18:52.183 3797 4669 I EPDG -- SIM0 [IPSECDATACONNSM][23]: InactiveState[ ] Event: WIFI_STATUS_CHANGED
01-09 22:18:52.183 3797 4669 I EPDG -- SIM0 [IPSECDATACONNSM][24]: InactiveState[ ] Event: WIFI_STATUS_CHANGED
01-09 22:18:52.183 3797 4669 I EPDG -- SIM0 [IPSECDATACONNSM][25]: InactiveState[ ] Event: WIFI_STATUS_CHANGED
01-09 22:18:52.183 3797 4669 I EPDG -- SIM0 [IPSECDATACONNSM][26]: InactiveState[ ] Event: WIFI_STATUS_CHANGED
01-09 22:18:52.183 3797 4669 I EPDG -- SIM0 [IPSECDATACONNSM][27]: InactiveState[ ] Event: WIFI_STATUS_CHANGED
01-09 22:18:52.183 3797 4669 I EPDG -- SIM0 [IPSECDATACONNSM][28]: InactiveState[ ] Event: WIFI_STATUS_CHANGED
01-09 22:18:52.183 3797 4669 I EPDG -- SIM0 [IPSECDATACONNSM][29]: InactiveState[ ] Event: WIFI_STATUS_CHANGED
01-09 22:18:52.184 9687 12092 W BDClientLib: [a] file path is invalid
01-09 22:18:52.185 3754 12091 D TrafficStats: tagSocket(131) with statsTag=0xffffff81, statsUid=-1
01-09 22:18:52.186 4039 4289 W System : A resource failed to call MemoryIntArray.close.
01-09 22:18:52.187 3754 12090 D TrafficStats: tagSocket(135) with statsTag=0xffffff81, statsUid=-1
01-09 22:18:52.187 3754 12091 D TrafficStats: tagSocket(131) with statsTag=0xffffff81, statsUid=-1
01-09 22:18:52.188 3670 3670 W View : requestLayout() improperly called by android.widget.FrameLayout{3ec886a V.E...... ......ID 0,138-1080,2205 #7f0a084c app:id/qs_frame} during layout: running second layout pass
01-09 22:18:52.190 3754 12090 D TrafficStats: tagSocket(135) with statsTag=0xffffff81, statsUid=-1
01-09 22:18:52.192 2400 3426 D SemSoftApManager: CellularNetworkCallback`s onAvailable
01-09 22:18:52.192 2400 3426 E SemWifiApTrafficPriority: onAvailable: ActiveNetwork:101
01-09 22:18:52.192 2400 3426 I SemWifiApAdvancedAutohotspotService: Cellular Data available
01-09 22:18:52.194 2400 3353 D NetworkStatsObservers: Registering observer for RequestInfo from pid/uid:2400/1000(android) for DataUsageRequest [ requestId=7, networkTemplate=NetworkTemplate: matchRule=MOBILE, matchSubscriberIds=[404920...], matchWifiNetworkKeys=[], metered=YES, defaultNetwork=NO, thresholdInBytes=2410235 ] accessLevel:3
01-09 22:18:52.207 1433 12085 W resolv : SSL_connect ssl error =5, mark 0xf006e: Connection refused
01-09 22:18:52.207 1433 12083 W resolv : SSL_connect ssl error =5, mark 0xf006e: Connection refused
01-09 22:18:52.207 1433 12083 W resolv : TLS Handshake failed
01-09 22:18:52.207 1433 12085 W resolv : TLS Handshake failed
01-09 22:18:52.207 1433 12083 W resolv : query failed
01-09 22:18:52.207 1433 12085 W resolv : query failed
01-09 22:18:52.207 1433 12083 W resolv : validateDnsTlsServer returned 0 for {117.96.122.160/}
01-09 22:18:52.207 1433 12085 W resolv : validateDnsTlsServer returned 0 for {2401:4900:50:9::7c2/}
01-09 22:18:52.207 1433 12083 W resolv : Validation failed
01-09 22:18:52.207 1433 12082 W resolv : SSL_connect ssl error =5, mark 0xf006e: Connection refused
01-09 22:18:52.207 1433 12082 W resolv : TLS Handshake failed
01-09 22:18:52.207 1433 12082 W resolv : query failed
01-09 22:18:52.207 1433 12082 W resolv : validateDnsTlsServer returned 0 for {59.144.144.46/}
01-09 22:18:52.207 1433 12082 W resolv : Validation failed
01-09 22:18:52.208 1433 12085 W resolv : Validation failed
01-09 22:18:52.208 2400 3378 D ConnectivityService: Update of LinkProperties for [110 CELLULAR]; created=1067342; firstConnected=1067343
01-09 22:18:52.208 2400 3378 D ConnectivityService: Update of LinkProperties for [110 CELLULAR]; created=1067342; firstConnected=1067343
01-09 22:18:52.208 2400 3378 D ConnectivityService: Update of LinkProperties for [110 CELLULAR]; created=1067342; firstConnected=1067343
01-09 22:18:52.211 3642 3717 D PhoneInterfaceManager: setDataEnabledForReason() Reason=1 Pid=2400 App=system
01-09 22:18:52.219 1433 12084 W resolv : SSL_connect ssl error =5, mark 0xf006e: Connection refused
01-09 22:18:52.219 1433 12084 W resolv : TLS Handshake failed
01-09 22:18:52.219 1433 12084 W resolv : query failed
01-09 22:18:52.219 1433 12084 W resolv : validateDnsTlsServer returned 0 for {2401:4900:50:9::45/}
01-09 22:18:52.219 1433 12084 W resolv : Validation failed
01-09 22:18:52.219 2400 3378 D ConnectivityService: Update of LinkProperties for [110 CELLULAR]; created=1067342; firstConnected=1067343
01-09 22:18:52.225 2400 3570 D NetdEventListenerService: DNS Requested by 110, 1073, 32
01-09 22:18:52.228 3754 3754 D TrafficStats: tagSocket(135) with statsTag=0xffffffff, statsUid=-1
01-09 22:18:52.229 2400 3570 D NetdEventListenerService: DNS Requested by 110, 1073, 33
01-09 22:18:52.229 2400 3570 D NetdEventListenerService: DNS Requested by 110, 1073, 32
01-09 22:18:52.229 2400 3570 D NetdEventListenerService: DNS Requested by 110, 1073, 36
01-09 22:18:52.231 3754 3754 D TrafficStats: tagSocket(135) with statsTag=0xffffffff, statsUid=-1
01-09 22:18:52.235 3754 12090 D NetworkMonitor/110: PROBE_DNS www.google.com 50ms OK 2404:6800:4009:81e::2004,142.251.42.4
01-09 22:18:52.235 3754 3754 D TrafficStats: tagSocket(131) with statsTag=0xffffffff, statsUid=-1
01-09 22:18:52.239 3754 3754 D TrafficStats: tagSocket(131) with statsTag=0xffffffff, statsUid=-1
01-09 22:18:52.240 3754 12091 D NetworkMonitor/110: PROBE_DNS connectivitycheck.gstatic.com 56ms OK 2404:6800:4009:830::2003,142.251.42.35
01-09 22:18:52.241 3754 12090 D TrafficStats: tagSocket(131) with statsTag=0xffffff81, statsUid=-1
01-09 22:18:52.241 2400 3570 D NetdEventListenerService: DNS Requested by 110, 1073, 3
01-09 22:18:52.243 3754 12091 D TrafficStats: tagSocket(135) with statsTag=0xffffff81, statsUid=-1
01-09 22:18:52.243 2400 3570 D NetdEventListenerService: DNS Requested by 110, 1073, 1
01-09 22:18:52.252 7383 7383 I HBD : a [NRIC] resetNoResponseState
01-09 22:18:52.252 7383 7383 I HBD : b needOff = true , isForceOff = false, isNullInputClass : true
01-09 22:18:52.252 7383 7383 I HBD : b update cached prediction status : false
01-09 22:18:52.252 7383 7383 I HBD : b [AiWriter] setContact : com.innowireless.xcal.mobile5
01-09 22:18:52.253 7383 7383 I HBD : HoneyBoardService [PF_OP][onStartInput] 212 ms
01-09 22:18:52.253 7383 7383 I HBD : [DirectWriting] DirectWriting emitEvent: emitInputConnection
01-09 22:18:52.253 7383 7383 I HBD : [DirectWriting] InputController handleInputConnection() RemoteInputConnection{idHash=#b2a6b4c}
01-09 22:18:52.254 1635 4760 I SurfaceFlinger: id=1419 Removed Surface(name=ac3fca8 InputMethod)/@0x633ca43 - animation-leash of insets_animation#1419 (126)
01-09 22:18:52.254 10717 10717 I InsetsSourceConsumer: applyRequestedVisibilityToControl: visible=false, type=ime, host=com.innowireless.xcal.mobile5/com.innowireless.xcal.mobile5.ui.Main_Activity
01-09 22:18:52.255 2400 3796 D InputMethodManagerService: isImeSwitcherDisabledPackage : false
01-09 22:18:52.256 3670 3670 D NavigationBar: setImeWindowStatus show legacy ime switcher = false
01-09 22:18:52.256 3670 3670 D NavigationBar: setImeWindowStatus displayId=0 vis=0 backDisposition=0 showImeSwitcher=false imeShown=false
01-09 22:18:52.262 1635 1635 I Layer : id=1419 Destroyed Surface(name=ac3fca8 InputMethod)/@0x633ca43 - animation-leash of insets_animation#1419
01-09 22:18:52.292 1500 4905 I vendor.qti.bluetooth@1.1-ibs_handler: ProcessIbsCmd: Received IBS_WAKE_IND: 0xFD
01-09 22:18:52.292 1500 4905 D vendor.qti.bluetooth@1.1-ibs_handler: SerialClockVote: vote for UART CLK ON
01-09 22:18:52.292 1500 4905 D vendor.qti.bluetooth@1.1-wake_lock: Acquire wakelock is acquired
01-09 22:18:52.292 1500 4905 I vendor.qti.bluetooth@1.1-ibs_handler: ProcessIbsCmd: Writing IBS_WAKE_ACK
01-09 22:18:52.294 4020 4928 D BtGatt.GattService: onScanResult to scannerId: 6- eventType=0x0, addressType=1, address=XX:XX:XX:XX:31:56, primaryPhy=1, secondaryPhy=1, advertisingSid=0x0, txPower=127, rssi=-43, periodicAdvInt=0x0
01-09 22:18:52.304 3754 12091 D NetworkMonitor/110: PROBE_HTTP http://connectivitycheck.gstatic.com/generate_204 time=63ms ret=204 request={Connection=[close], User-Agent=[Mozilla/5.0 (X11; Linux x86_64) AppleWebKit/537.36 (KHTML, like Gecko) Chrome/60.0.3112.32 Safari/537.36]} headers={null=[HTTP/1.1 204 No Content], Connection=[close], Content-Length=[0], Cross-Origin-Resource-Policy=[cross-origin], Date=[Thu, 09 Jan 2025 16:48:52 GMT], X-Android-Received-Millis=[1736441332304], X-Android-Response-Source=[NETWORK 204], X-Android-Selected-Protocol=[http/1.1], X-Android-Sent-Millis=[1736441332272]}
01-09 22:18:52.333 1500 4905 I vendor.qti.bluetooth@1.1-ibs_handler: ProcessIbsCmd: Received IBS_SLEEP_IND: 0xFE
01-09 22:18:52.334 1500 4905 D vendor.qti.bluetooth@1.1-ibs_handler: SerialClockVote: vote for UART CLK OFF
01-09 22:18:52.360 1500 4905 I vendor.qti.bluetooth@1.1-ibs_handler: ProcessIbsCmd: Received IBS_WAKE_IND: 0xFD
01-09 22:18:52.360 1500 4905 D vendor.qti.bluetooth@1.1-ibs_handler: SerialClockVote: vote for UART CLK ON
01-09 22:18:52.360 1500 4905 I vendor.qti.bluetooth@1.1-ibs_handler: ProcessIbsCmd: Writing IBS_WAKE_ACK
01-09 22:18:52.363 4020 4928 D BtGatt.GattService: onScanResult to scannerId: 6- eventType=0x10, addressType=1, address=XX:XX:XX:XX:0A:DA, primaryPhy=1, secondaryPhy=0, advertisingSid=0xff, txPower=127, rssi=-36, periodicAdvInt=0x0
01-09 22:18:52.375 2400 2586 I system_server: Background concurrent mark compact GC freed 24MB AllocSpace bytes, 26(552KB) LOS objects, 22% free, 80MB/104MB, paused 1.324ms,2.043ms total 190.693ms
01-09 22:18:52.379 2400 2588 W System : A resource failed to call close.
01-09 22:18:52.379 2400 2588 W system_server: ApkAssets: Deleting an ApkAssets object ' and /data/app/~~4e6Qt5GWibw5DmNPTSKyuQ==/com.samsung.android.app.telephonyui-zYDDhUUFvaRSyX9dJHC9Lw==/base.apk' with 1 weak references
01-09 22:18:52.379 2400 2588 W system_server: ApkAssets: Deleting an ApkAssets object '/data/overlays/current_locale_apks/files/com.samsung.android.app.telephonyui.en.apk' with 1 weak references
01-09 22:18:52.380 2400 2588 W system_server: ApkAssets: Deleting an ApkAssets object '/data/overlays/current_locale_apks/files/com.samsung.android.app.telephonyui.ko.apk' with 1 weak references
01-09 22:18:52.388 1476 1651 I minksocket: MinkIPC MESSAGE: ( 1476:1651 ) MinkIPC_QRTR_Service:351 minkipc = 0xb400007afa4544f0 sock = 19, client with node 1 port 4545 went down
01-09 22:18:52.388 1476 1663 I minksocket: MinkIPC MESSAGE: ( 1476:1663 ) MinkIPC_QRTR_Service:351 minkipc = 0xb400007afa4523f0 sock = 34, client with node 1 port 4545 went down
01-09 22:18:52.388 1476 1663 I minksocket: MinkIPC MESSAGE: ( 1476:1663 ) MinkIPC_QRTR_Service:351 minkipc = 0xb400007afa4523f0 sock = 34, client with node 1 port 4546 went down
01-09 22:18:52.389 1476 1651 I minksocket: MinkIPC MESSAGE: ( 1476:1651 ) MinkIPC_QRTR_Service:351 minkipc = 0xb400007afa4544f0 sock = 19, client with node 1 port 4546 went down
01-09 22:18:52.389 1476 1663 I minksocket: MinkIPC MESSAGE: ( 1476:1663 ) MinkIPC_QRTR_Service:351 minkipc = 0xb400007afa4523f0 sock = 34, client with node 1 port 4547 went down
01-09 22:18:52.389 1476 1651 I minksocket: MinkIPC MESSAGE: ( 1476:1651 ) MinkIPC_QRTR_Service:351 minkipc = 0xb400007afa4544f0 sock = 19, client with node 1 port 4547 went down
01-09 22:18:52.392 1476 1663 I minksocket: MinkIPC MESSAGE: ( 1476:1663 ) MinkIPC_QRTR_Service:351 minkipc = 0xb400007afa4523f0 sock = 34, client with node 1 port 4549 went down
01-09 22:18:52.392 1476 1651 I minksocket: MinkIPC MESSAGE: ( 1476:1651 ) MinkIPC_QRTR_Service:351 minkipc = 0xb400007afa4544f0 sock = 19, client with node 1 port 4549 went down
01-09 22:18:52.393 1476 1651 I minksocket: MinkIPC MESSAGE: ( 1476:1651 ) MinkIPC_QRTR_Service:351 minkipc = 0xb400007afa4544f0 sock = 19, client with node 1 port 454a went down
01-09 22:18:52.394 1476 1663 I minksocket: MinkIPC MESSAGE: ( 1476:1663 ) MinkIPC_QRTR_Service:351 minkipc = 0xb400007afa4523f0 sock = 34, client with node 1 port 454a went down
01-09 22:18:52.395 1476 1663 I minksocket: MinkIPC MESSAGE: ( 1476:1663 ) MinkIPC_QRTR_Service:351 minkipc = 0xb400007afa4523f0 sock = 34, client with node 1 port 454b went down
01-09 22:18:52.395 1476 1651 I minksocket: MinkIPC MESSAGE: ( 1476:1651 ) MinkIPC_QRTR_Service:351 minkipc = 0xb400007afa4544f0 sock = 19, client with node 1 port 454b went down
01-09 22:18:52.401 1500 4905 I vendor.qti.bluetooth@1.1-ibs_handler: ProcessIbsCmd: Received IBS_SLEEP_IND: 0xFE
01-09 22:18:52.401 1500 4905 D vendor.qti.bluetooth@1.1-ibs_handler: SerialClockVote: vote for UART CLK OFF
01-09 22:18:52.403 9398 9398 I AudioPathManager: loadAudioPath() : loaded audio path is speaker (0)
01-09 22:18:52.403 9398 9398 I AudioManager: getParameters keys = g_effect_active_sound_info=track
01-09 22:18:52.404 1619 10130 I SecAudioParamFlinger: getActiveSoundInfo 1, trackFormat 1, outputFormat 4
01-09 22:18:52.404 9398 9398 I AudioManagerWrapper: getActiveSoundFormat() : active sound format is 1
01-09 22:18:52.404 9398 9398 I RestrictModeUtil: isOwnerMode() : user id is 0
01-09 22:18:52.405 9398 9398 I RestrictModeUtil: isDexMode() : DeX mode is off
01-09 22:18:52.405 9398 9398 I RestrictModeUtil: isEmergencyMode() : emergency mode is disabled
01-09 22:18:52.405 9398 9398 I EffectManager: isSupportDolbyAtmosOnThisAudioPath() : path is speaker (0)
01-09 22:18:52.405 9398 9398 I EffectManager: isSupportDolbyAtmosOnThisAudioPath() : speaker type is stereo
01-09 22:18:52.406 9398 9398 I EffectManager: isSpatialAudioActive() : mode is off (0)
01-09 22:18:52.407 1619 10130 D DlbEffectContext: getParam() received parameter EFFECT_PARAM_PROFILE
01-09 22:18:52.407 1619 10130 D DlbEffectContext: getParam() received parameter EFFECT_PARAM_PROFILE
01-09 22:18:52.407 1619 10130 D DlbEffectContext: getParam() received parameter EFFECT_PARAM_PROFILE
01-09 22:18:52.407 1619 10130 D DlbEffectContext: getParam() received parameter EFFECT_PARAM_PROFILE
01-09 22:18:52.407 1619 10130 D DlbEffectContext: getParam() received parameter EFFECT_PARAM_PROFILE
01-09 22:18:52.407 9398 9398 I DolbyAtmosWrapper: getProfile() : for dolby atmos, -1
01-09 22:18:52.407 9398 9398 I AudioManager: setParameters keyValuePairs = g_effect_dolby_enable=0;g_effect_dolby_profile=5
01-09 22:18:52.408 1619 10130 D DlbSpatializerEffectContext: setParam() received parameter SPATIALIZER_PARAM_ENABLE
01-09 22:18:52.409 1496 2966 D DlbEffectContext: setParam() received parameter EFFECT_PARAM_ENABLE
01-09 22:18:52.409 1496 2966 D AudioSAEffectOffload: send_custom_payload_effect: enter, tag: 0xc000004, custom_data_sz: 12
01-09 22:18:52.409 1496 2966 I PAL: ResourceManager: setParameter: 11978: PAL_PARAM_ID_UIEFFECT DOLBY_DAP_PARAMS(0x10001fd1)
01-09 22:18:52.409 1496 2966 I PAL: API: pal_gef_rw_param: 1597: set global parameter 4, status -22
01-09 22:18:52.409 1496 2966 D AudioSAEffectOffload: send_custom_payload_effect: exit, tag: 0xc000004, custom_data_sz: 12
01-09 22:18:52.409 1496 2966 D AudioSAEffectOffload: offload_param_dump() : status[-22] value[ DLB,0,2,5 ]
01-09 22:18:52.409 1619 10130 D DlbEffectContext: setParam() received parameter EFFECT_PARAM_ENABLE
01-09 22:18:52.409 1619 10130 D DlbEffectContext: setParam() received parameter EFFECT_PARAM_ENABLE
01-09 22:18:52.409 1619 10130 D DlbEffectContext: setParam() received parameter EFFECT_PARAM_ENABLE
01-09 22:18:52.409 1619 10130 D DlbEffectContext: setParam() received parameter EFFECT_PARAM_ENABLE
01-09 22:18:52.409 1619 10130 D DlbEffectContext: setParam() received parameter EFFECT_PARAM_ENABLE
01-09 22:18:52.409 9398 9398 I DolbyAtmosWrapper: setProfileEnabled() : for dolby atmos, false
01-09 22:18:52.409 1496 2966 D DlbEffectContext: setParam() received parameter EFFECT_PARAM_PROFILE
01-09 22:18:52.409 1496 2966 D DlbEffectContext: setProfile(profile=5) stageIdx:-1303
01-09 22:18:52.409 1496 2966 D AudioSAEffectOffload: send_custom_payload_effect: enter, tag: 0xc000004, custom_data_sz: 12
01-09 22:18:52.409 1496 2966 I PAL: ResourceManager: setParameter: 11978: PAL_PARAM_ID_UIEFFECT DOLBY_DAP_PARAMS(0x10001fd1)
01-09 22:18:52.409 1496 2966 I PAL: API: pal_gef_rw_param: 1597: set global parameter 4, status -22
01-09 22:18:52.409 1496 2966 D AudioSAEffectOffload: send_custom_payload_effect: exit, tag: 0xc000004, custom_data_sz: 12
01-09 22:18:52.409 1496 2966 D AudioSAEffectOffload: offload_param_dump() : status[-22] value[ DLB,0,2,5 ]
01-09 22:18:52.409 1619 10130 D DlbEffectContext: setParam() received parameter EFFECT_PARAM_PROFILE
01-09 22:18:52.409 1619 10130 D DlbEffectContext: setProfile(profile=5) stageIdx:-2105
01-09 22:18:52.409 1619 10130 D DlbEffectContext: setParam() received parameter EFFECT_PARAM_PROFILE
01-09 22:18:52.409 1619 10130 D DlbEffectContext: setProfile(profile=5) stageIdx:-2108
01-09 22:18:52.409 1619 10130 D DlbEffectContext: setParam() received parameter EFFECT_PARAM_PROFILE
01-09 22:18:52.409 1619 10130 D DlbEffectContext: setProfile(profile=5) stageIdx:-2113
01-09 22:18:52.409 1619 10130 D DlbEffectContext: setParam() received parameter EFFECT_PARAM_PROFILE
01-09 22:18:52.409 1619 10130 D DlbEffectContext: setProfile(profile=5) stageIdx:-2902
01-09 22:18:52.409 1619 10130 D DlbEffectContext: setParam() received parameter EFFECT_PARAM_PROFILE
01-09 22:18:52.409 1619 10130 D DlbEffectContext: setProfile(profile=5) stageIdx:-3702
01-09 22:18:52.410 9398 9398 I DolbyAtmosWrapper: setProfile() : for dolby atmos, 5
01-09 22:18:52.410 9398 9398 I EffectManager: setEffectDolbyAtmos() : enable is false, mode is off (5)
01-09 22:18:52.410 9398 9398 I AudioPathManager: loadAudioPath() : loaded audio path is speaker (0)
01-09 22:18:52.410 9398 9398 I EffectManager: setEffectDolbyAtmos() : concert hall will be restored as 0
01-09 22:18:52.410 1619 10130 I SoundAlive_Interface_a64: [ 1 ][ 192000 ]Set_User_CH() : 0
01-09 22:18:52.410 1619 10130 I SoundAlive_Interface_a64: [ 2 ][ 48000 ]Set_User_CH() : 0
01-09 22:18:52.410 1619 10130 I SoundAlive_Interface_a64: [ 3 ][ 48000 ]Set_User_CH() : 0
01-09 22:18:52.410 1619 10130 I SoundAlive_Interface_a64: [ 4 ][ 48000 ]Set_User_CH() : 0
01-09 22:18:52.410 9398 9398 I SoundAliveWrapper: setStrength() : type is concert hall (3), strength is 0
01-09 22:18:52.410 9398 9398 I EffectManager: isSupportDolbyAtmosOnThisAudioPath() : path is speaker (0)
01-09 22:18:52.410 9398 9398 I EffectManager: isSupportDolbyAtmosOnThisAudioPath() : speaker type is stereo
01-09 22:18:52.410 9398 9398 I PreferencesManager: getDolbyAtmosForGamingSwitch() : default value is 0
01-09 22:18:52.410 9398 9398 I AudioPathManager: loadAudioPath() : loaded audio path is speaker (0)
01-09 22:18:52.410 9398 9398 I EffectManager: isSupportDolbyAtmosOnThisAudioPath() : path is speaker (0)
01-09 22:18:52.410 9398 9398 I EffectManager: isSupportDolbyAtmosOnThisAudioPath() : speaker type is stereo
01-09 22:18:52.410 9398 9398 I AudioManager: setParameters keyValuePairs = g_effect_game_dolby_enable=0
01-09 22:18:52.411 9398 9398 I DolbyAtmosWrapper: setProfileEnabled() : for dolby atmos for gaming, false
01-09 22:18:52.411 9398 9398 I DolbyAtmosWrapper: setProfile() : for dolby atmos for gaming, 5
01-09 22:18:52.411 9398 9398 I AudioPathManager: loadAudioPath() : loaded audio path is speaker (0)
01-09 22:18:52.411 9398 9398 I RestrictModeUtil: isOwnerMode() : user id is 0
01-09 22:18:52.411 9398 9398 I RestrictModeUtil: isDexMode() : DeX mode is off
01-09 22:18:52.411 9398 9398 I RestrictModeUtil: isEmergencyMode() : emergency mode is disabled
01-09 22:18:52.412 1496 2966 D AudioSAEffectOffload: send_custom_payload_effect: enter, tag: 0xc000005, custom_data_sz: 104
01-09 22:18:52.412 1496 2966 I PAL: ResourceManager: setParameter: 11978: PAL_PARAM_ID_UIEFFECT SA_PARAMS(0x10001fa1)
01-09 22:18:52.412 1496 2966 I PAL: API: pal_gef_rw_param: 1597: set global parameter 4, status -22
01-09 22:18:52.412 1496 2966 D AudioSAEffectOffload: send_custom_payload_effect: exit, tag: 0xc000005, custom_data_sz: 104
01-09 22:18:52.412 1496 2966 D AudioSAEffectOffload: offload_param_dump() : status[-22] value[ SA,2,0,0,0,0,0,0,0,0,0,0,0,0,0,0,0,0,4,4,1,1,0,0,0,0,0 ]
01-09 22:18:52.412 1619 10130 I SoundAlive_Interface_a64: [ 1 ][ 192000 ]Set_USER_EQ() : 0, 0, 0, 0, 0, 0, 0, 0, 0
01-09 22:18:52.412 1619 10130 I SoundAlive_Interface_a64: [ 2 ][ 48000 ]Set_USER_EQ() : 0, 0, 0, 0, 0, 0, 0, 0, 0
01-09 22:18:52.412 1619 10130 I SoundAlive_Interface_a64: [ 3 ][ 48000 ]Set_USER_EQ() : 0, 0, 0, 0, 0, 0, 0, 0, 0
01-09 22:18:52.412 1619 10130 I SoundAlive_Interface_a64: [ 4 ][ 48000 ]Set_USER_EQ() : 0, 0, 0, 0, 0, 0, 0, 0, 0
01-09 22:18:52.412 9398 9398 I SoundAliveWrapper: setEqualizer() : preset is normal (0), levels for 9 bands are 0 0 0 0 0 0 0 0 0
01-09 22:18:52.412 9398 9398 I EffectManager: updateEqualizerAdvancedState() : this device doesn't support advanced equalizer
01-09 22:18:52.412 9398 9398 I AudioPathManager: loadAudioPath() : loaded audio path is speaker (0)
01-09 22:18:52.413 9398 9398 I EffectManager: isSupportUHQUpscalerOnCurrentAudioPath() : path is speaker (0), device type is builtin speaker (2)
01-09 22:18:52.413 9398 9398 I EffectManager: updateUHQUpscalerState() : uhq upscaler is not available on current audio path
01-09 22:18:52.413 9398 9398 I EffectManager: updateUHQUpscalerState() : audio path is speaker, so skip writing mode to settings db
01-09 22:18:52.413 9398 9398 I LocalBroadcastManager: sendLocalBroadcast() : action is 1
01-09 22:18:52.414 9398 9398 I AudioManagerWrapper: getCurrentMediaVolume() : current media volume is 1
01-09 22:18:52.414 9398 9398 I AudioPathManager: loadAudioPath() : loaded audio path is speaker (0)
01-09 22:18:52.414 9398 9398 I ModelUtil: isHighEndModel() : this model is SM-S928N
01-09 22:18:52.414 9398 9398 I EffectManager: isSupportDolbyAtmosOnThisAudioPath() : path is speaker (0)
01-09 22:18:52.414 9398 9398 I EffectManager: isSupportDolbyAtmosOnThisAudioPath() : speaker type is stereo
01-09 22:18:52.414 9398 9398 I DVFSHelper: isNecessaryToBoostCPU() : isDolbyOn? false, isUHQUpscalerOn? false
01-09 22:18:52.414 9398 9398 I DVFSHelper: acquireBoostingCPU() : stop boosting cpu
01-09 22:18:52.430 6164 6268 I eris : 10[NET] received packet: from 106.201.214.112[4500] to 192.168.0.106[49289] (348 bytes)
01-09 22:18:52.430 6164 6268 I eris : 10[ENC] unknown attribute type (16390)
01-09 22:18:52.431 6164 6268 I eris : 10[ENC] unknown attribute type (16390)
01-09 22:18:52.431 6164 6268 I eris : 10[ENC] parsed IKE_AUTH response 3 [ AUTH CPRP(ADDR6 (16390) (16390)) N(ESP_TFC_PAD_N) SA TSi TSr ]
01-09 22:18:52.431 6164 6268 I eris : 10[IKE] authentication of '...' with EAP successful
01-09 22:18:52.431 6164 6268 I eris : 10[IKE] IKE_SA ims[4] established between 192.168.0.106[0404920594615441@nai.epc.mnc092.mcc404.3gppnetwork.org]...106.201.214.112[epdg.epc.mnc092.mcc404.pub.3gppnetwork.org]
01-09 22:18:52.431 6164 6268 I eris : 10[IKE] scheduling rekeying in 86397s
01-09 22:18:52.431 6164 6268 I eris : 10[IKE] maximum IKE_SA lifetime 86417s
01-09 22:18:52.431 6164 6268 I eris : 10[IKE] received ESP_TFC_PADDING_NOT_SUPPORTED, not using ESPv3 TFC padding
01-09 22:18:52.431 6164 6268 I eris : 10[IKE] CHILD_SA ims{4} established with SPIs 1f771793_i 021d018b_o and TS 0.0.0.0/0 ::/0 === 0.0.0.0/0 ::/0
01-09 22:18:52.432 6164 6268 I eris : 10[DMN] setting up ePDG device for CHILD_SA ims{4}
01-09 22:18:52.432 6164 6268 I eris : 10[DMN] successfully created ePDG device
01-09 22:18:52.432 6164 6268 I eris : 10[DMN] update {event 1, error 0, ike_error 0} for conn[2]
01-09 22:18:52.432 6164 6268 I eris : 10[DMN] [eris_interface] send_status
01-09 22:18:52.432 3797 5700 I ErisClient -- ErisClient: getConnectionEventFromDaemonEvent()
01-09 22:18:52.433 3797 5700 I ErisClient -- ErisClient: parseDaemonResponse() {"msgType":4,"msgData":{"stateCode":13,"errorCode":0,"ikeErrorCode":0,"backoffTimer":-1,"cid":2,"mIkeSrcPort":49289}}
01-09 22:18:52.433 3797 5700 I ErisClient -- ErisClient: getErisErrorFromDaemonError()
01-09 22:18:52.433 3797 5700 I ErisClient -- ErisClient: BACKOFF_TIMER = -1s
01-09 22:18:52.435 10717 11271 D GPS : NMEA is null
01-09 22:18:52.435 10717 11271 D GPS : mGPSLocationListener.getLocation() is null
01-09 22:18:52.436 10717 11271 D GPS : getLastKnownLocation is not null
01-09 22:18:52.436 10717 11271 D GPS : mGPSSatelites : 8
01-09 22:18:52.436 10717 11271 D GPS : Android GPS is vaild.
01-09 22:18:52.437 3797 5700 I ErisClient -- ErisClient: getConnectionEventFromDaemonEvent()
01-09 22:18:52.437 3797 5700 I ErisClient -- ErisClient: parseDaemonResponse() {"msgType":4,"msgData":{"stateCode":14,"errorCode":0,"ikeErrorCode":0,"backoffTimer":-1,"cid":2,"mIkeSrcPort":49289}}
01-09 22:18:52.437 3797 5700 I ErisClient -- ErisClient: getErisErrorFromDaemonError()
01-09 22:18:52.437 3797 5700 I ErisClient -- ErisClient: BACKOFF_TIMER = -1s
01-09 22:18:52.439 3797 5700 I ErisClient -- ErisClient: parseDaemonResponse() {"msgType":5,"msgData":{"mIntfName":"epdg1","mIpv4Addr":"","mIpv6Addr":"2401:4900:7de8:1b9a:a1f4:21ed:72e3:2514","mIpv4PrefixLen":0,"mIpv6PrefixLen":64,"mIpType":2,"mTimeoutPeriod":-1,"mAtTrustInd":-1,"mIpv4Dnses":[],"mIpv6Dnses":[],"mIpv4PcscfAddr":[],"mIpv6PcscfAddr":["2401:4900:80:800d::b","2401:4900:80:8002::20d"],"cid":2,"mIkeSrcPort":49289}}
01-09 22:18:52.439 3797 5700 I ErisClient -- IPSecConnection: setState() {Ipv4prefixlen=0, Ipv6prefixlen=64, Iptype=IP_VERSION_6, IntfName=epdg1, Ipv4Dnses=[], Ipv6Dnses=[], Ipv4PcscfAddr=[], Ipv6PcscfAddr=[2401:4900:80:800d::b, 2401:4900:80:8002::20d], Ipv4addr=null, Ipv6addr=2401:4900:7de8:1b9a:a1f4:21ed:72e3:2514, TimeoutPeriod=-1, AtTrustInd=-1}
01-09 22:18:52.439 3797 5700 I ErisClient -- ErisClient: getConnectionEventFromDaemonEvent()
01-09 22:18:52.439 3797 5700 I ErisClient -- ErisClient: parseDaemonResponse() {"msgType":4,"msgData":{"stateCode":1,"errorCode":0,"ikeErrorCode":0,"backoffTimer":-1,"n1_mode_snssai":"","n1_mode_plmn_id":"","cid":2,"mIkeSrcPort":49289}}
01-09 22:18:52.439 3797 5700 I ErisClient -- ErisClient: getErisErrorFromDaemonError()
01-09 22:18:52.439 3797 5700 I ErisClient -- ErisClient: BACKOFF_TIMER = -1s
01-09 22:18:52.442 3797 5700 I ErisClient -- ErisClient: Interface name: wlan0
01-09 22:18:52.444 3797 5700 I ErisClient -- ErisClient: wlan0 addresses=192.168.0.106,
01-09 22:18:52.446 3797 5700 I ErisClient -- ErisClient: Interface name: wlan0
01-09 22:18:52.447 3797 5700 I ErisClient -- ErisClient: wlan0 addresses=192.168.0.106,
01-09 22:18:52.447 3797 5700 I ErisClient -- ErisClient: srcAddr is 192.168.0.106
01-09 22:18:52.447 3797 5700 I ErisClient -- ErisClient: Set NAT keepalive alarm with HW - simID 0
01-09 22:18:52.448 3797 5700 I ErisClient -- ErisClient: sendConnectionReport() conn = [2:ims] event = EVENT_CONNECTED error = ERIS_OK
01-09 22:18:52.448 2400 3796 D KeepaliveTracker: Created keepalive: KeepaliveInfo [ type=1 network=101 startedState=NOT_STARTED 192.168.0.106:49289->106.201.214.112:4500 interval=30 uid=1000 pid=3797 privileged=true packetData=4500001D0000400040113884C0A8006A6AC9D670C089119400092C71FF ]
01-09 22:18:52.449 2400 3378 D KeepaliveTracker: Starting keepalive 1 on [101 WIFI]
01-09 22:18:52.449 3797 5699 I EPDG -- [IPSECADAPTER_ERIS]: Retrieving context ID from the DataBase : [2:ims]
01-09 22:18:52.449 3797 5699 I EPDG -- [IPSECADAPTER_ERIS]: onIpSecAdapterConnectionStatusChanged received : EVENT_CONNECTED cid : 2
01-09 22:18:52.450 3754 4511 D ApfFilter: (wlan0): Adding NAT-T keepalive packet(1)
01-09 22:18:52.450 4039 5511 I ImsServiceStub<0>: isServiceAvailable: mmtel, rat: 20, profileFind:false, Enabled:true
01-09 22:18:52.451 3797 5699 I EPDG -- [IPSECADAPTER_ERIS]: getConnectionInformation():2
01-09 22:18:52.451 3797 5699 I ErisClient -- IPSecConnection: getState() {Ipv4prefixlen=0, Ipv6prefixlen=64, Iptype=IP_VERSION_6, IntfName=epdg1, Ipv4Dnses=[], Ipv6Dnses=[], Ipv4PcscfAddr=[], Ipv6PcscfAddr=[2401:4900:80:800d::b, 2401:4900:80:8002::20d], Ipv4addr=null, Ipv6addr=2401:4900:7de8:1b9a:a1f4:21ed:72e3:2514, TimeoutPeriod=-1, AtTrustInd=-1}
01-09 22:18:52.451 3797 5699 I EPDG -- [IPSECADAPTER_ERIS]: Retrive Connection Params for cid:2, connection:[2:ims], state:{Ipv4prefixlen=0, Ipv6prefixlen=64, Iptype=IP_VERSION_6, IntfName=epdg1, Ipv4Dnses=[], Ipv6Dnses=[], Ipv4PcscfAddr=[], Ipv6PcscfAddr=[2401:4900:80:800d::b, 2401:4900:80:8002::20d], Ipv4addr=null, Ipv6addr=2401:4900:7de8:1b9a:a1f4:21ed:72e3:2514, TimeoutPeriod=-1, AtTrustInd=-1}
01-09 22:18:52.451 3797 4669 I EPDG -- SIM0 [EpdgHandler]: Event received: IPSEC_CONNECTED cid - 2
01-09 22:18:52.451 3797 4669 I EPDG -- SIM0 [EpdgHandler]: ADD SP for Recovery cid 2
01-09 22:18:52.451 3797 4669 I EPDG -- SIM0 [EpdgHandler]: networkType returned:11
01-09 22:18:52.452 3797 4669 I EPDG -- SIM0 [EpdgSubScription]: setIsNotRequiredTimer : false
01-09 22:18:52.452 3797 4669 I EPDG -- SIM0 [EpdgHandler]: apnType after getIwlanApnNameFromCid:ims
01-09 22:18:52.452 3797 4669 I EPDG -- SIM0 [UTILS]: getProfileIDbyNetworkTypeInternal() mConnMgr is not null
01-09 22:18:52.452 3797 4669 I EPDG -- SIM0 [UTILS]: getSubIdFromSpecifier() : specifier null
01-09 22:18:52.452 3797 4669 I EPDG -- SIM0 [UTILS]: getSubIdFromSpecifier() : return : 3
01-09 22:18:52.452 3797 4669 I EPDG -- SIM0 [UTILS]: getNetworkForType: subIdFromSpecifier: 3
01-09 22:18:52.452 3797 4669 I EPDG -- SIM0 [UTILS]: getSubIdFromSpecifier() : return : 3
01-09 22:18:52.452 3797 4669 I EPDG -- SIM0 [UTILS]: getNetworkForType: subIdFromSpecifier: 3
01-09 22:18:52.452 3797 4669 I EPDG -- SIM0 [UTILS]: getNetworkForType: returning Network for type: 11
01-09 22:18:52.452 3797 4669 I EPDG -- SIM0 [UTILS]: getNetworkInfo: returning networkInfo [type: MOBILE[IWLAN], state: CONNECTING/CONNECTING, reason: (unspecified), extra: IMS, failover: false, available: true, roaming: false]
