01-09 22:18:49.896 2400 3813 W CAE : setCAProperty(ContextAwareService.java:515) - [setProperty 02] Mutex is unlocked for SLOCATION_RUNNER
01-09 22:18:49.896 2400 3813 D SemContextService: unlock : changeParameters
01-09 22:18:49.896 2400 3813 D SemContextManager: .changeParameters : listener = t0.e@779cc16, service=SLocation Core
01-09 22:18:49.897 1507 3343 I sensors-hal: qsh_conn_resp_cb:930, resp_value = 0 for slocationcore
01-09 22:18:49.897 1507 3343 I sensors-hal: qsh_conn_event_cb:890, event[0] sensor:slocationcore Wakeup, msg_id=1025, ts=20730826717
01-09 22:18:49.897 1507 3343 E sensors-hal: handle_sns_client_event:78, slocationcore_event: msgid:1025
01-09 22:18:49.898 1506 3027 I LocSvc_ApiV02: <--- globalRespCb line 355 QMI_LOC_INJECT_POSITION_REQ_V02
01-09 22:18:49.898 2400 3341 D CAE : onGetSensorHubData(SensorHubParserProvider.java:92) - onGetSensorHubData Event [event buffer len :10], AP_WAKEUP
01-09 22:18:49.898 1506 1529 I GnssAidl: ===> odcpiRequestCb line 320
01-09 22:18:49.898 2400 3341 I CAE : parse(SensorHubParserProvider.java:193) - buffer size = 10
01-09 22:18:49.898 2400 3341 I CAE : parse(SensorHubParserProvider.java:204) - 1, 1, 55, 0, 5, 2, 2, 0, 0, 0,
01-09 22:18:49.899 2400 3341 I CAE : parse(SLocationRunner.java:88) - SLocationRunner parse start : 3
01-09 22:18:49.899 2400 3341 D CAE : display(ContextProvider.java:375) - ================= SLOCATION_RUNNER =================
01-09 22:18:49.899 4893 5021 I NlpMonitor_FLP: monitorNlp, package=com.innowireless.xcal.mobile5/ interval=1000
01-09 22:18:49.899 2400 3341 I CAE : display(ContextProvider.java:391) - ExtraDataArray=[1, 1, 55, 0, 5, 2, 2, 0, 0, 0]
01-09 22:18:49.900 2400 3341 I CAE : parse(SLocationRunner.java:96) - SLocationRunner parse end:10
01-09 22:18:49.900 1506 1526 I GnssAidl: ===> injectLocation line 289
01-09 22:18:49.900 1506 1565 I LocSvc_api_v02: ---> locClientSendReq line 2462 QMI_LOC_INJECT_POSITION_REQ_V02
01-09 22:18:49.900 2400 3828 I Mocca_VehicleDetectionHelper: (1.0.07.0)GPS: receiveLocation network
01-09 22:18:49.900 2400 3338 D SemContextService: Service.updateContext() : service = SLocation Core
01-09 22:18:49.900 2400 3813 D SLocation: PositionManager - Passive handleLocationChanged network 1736441329898
01-09 22:18:49.900 2400 2400 D SemContextManager: onSemContextChanged() : event = SLocation Core
01-09 22:18:49.900 2400 2400 D SLocation: SensorHubWrapper - SemContextChanged type = 47, packet received
01-09 22:18:49.900 2400 3813 D SLocation: ARDistanceBigData - BIGDATA ARD - receive location
01-09 22:18:49.900 2400 3813 D SLocation: ARDistanceBigData - BIGDATA ARD disabled, onReceiveLocation
01-09 22:18:49.900 2400 3813 D SLocation: GeofenceLocationFilter - location sent before 5, need to filter / provider : network, accuracy : 114.963
01-09 22:18:49.900 2400 3813 I SLocation: GeofenceLocationFilter - alarm set, next time to send location : 1071097, l.a@e874602
01-09 22:18:49.901 1506 3027 I LocSvc_ApiV02: <--- globalRespCb line 355 QMI_LOC_INJECT_POSITION_REQ_V02
01-09 22:18:49.901 2400 3813 I SLocation: SemContextParser - parse start : 3
01-09 22:18:49.901 2400 3813 I SLocation: SemContextParser - packet Length : 5packet total size : 10
01-09 22:18:49.901 2400 3813 I SLocation: SemContextParser - packet : [2, 2, 0, 0, 0]
01-09 22:18:49.901 2400 3813 D SLocation: CommonCoreManager - received Extra Data from core, len : 5
01-09 22:18:49.901 2400 3813 D SLocation: CommonCoreManager - handleCommandCallback - FUNC_TYPE : SET_LOCATION ERROR_CODE : ERROR_NONE
01-09 22:18:49.938 1507 4820 I sensors-hal: handle_sns_std_sensor_event:403, [SSC_LIGHT] P: 39(39),c:0,b:73,m:13,cl:0,l:39,s:33,l0:5312,l1:0,s0:4500,s1:0,acl:1,opr:0.20,f(r):100,u(bl):100,if:0,wi:0,si:0,po:0(N:0)
01-09 22:18:49.938 1507 3629 I sensors-hal: handle_sns_std_sensor_event:131, [SSC_LIGHT] A: 39(39),c:0,b:73,m:13,cl:0,l:39,s:33,l0:5312,l1:0,s0:4500,s1:0,acl:1,opr:0.20,f(r):100,u(bl):100,if:0,wi:0,si:0,po:0(N:0)
01-09 22:18:49.946 2400 3388 D GnssLocationProvider_ex: SV Count : 2 / 8 (PRN, Constellation, SNR, Used)
01-09 22:18:49.946 2400 3388 D GnssLocationProvider_ex: (24, GPS, 18.9, 0) (25, GPS, 19.1, 0) (39, BEIDOU, 20.4, 0) (16, BEIDOU, 21.1, 0) (9, BEIDOU, 31.3, 1) (4, GALILEO, 21.9, 1)
01-09 22:18:49.946 2400 3388 D GnssLocationProvider_ex: (9, GALILEO, 22.2, 0) (26, BEIDOU, 14.2, 0)
01-09 22:18:49.947 4893 5021 I GnssEngineManager_FLP: updateSatelliteStatus, top4=23, top6=22, visibleSv=8, usedSv=2, usedL5Sv=0 (usedGps=0, usedGlo=0, usedBds=1, usedGal=1)
01-09 22:18:49.952 2400 3159 D MotionEngine: [CALIBRATION] Calibration Secess(5)[-0.0007 -0.0010 -0.0009]
01-09 22:18:49.953 2400 3159 D MotionEngine: [CALIBRATION] File Write[-0.0007 -0.0010 -0.0009]
01-09 22:18:50.019 1500 4137 D vendor.qti.bluetooth@1.1-wake_lock: Release wakelock is released
01-09 22:18:50.019 2400 2924 D PackageManager: Don't send PACKAGE_CHANGED for com.sec.unifiedwfc by WorkManager
01-09 22:18:50.227 1496 6825 D AHAL: AudioStream: astream_out_standby: 739: enter: stream (0xb40000782fc2a370), usecase(0: deep-buffer-playback)
01-09 22:18:50.228 1496 6825 D AHAL: AudioStream: Standby: 2526: Enter
01-09 22:18:50.228 1496 6825 I PAL: API: pal_stream_stop: 412: Enter. Stream handle :0xb4000078dfc2b6f0K
01-09 22:18:50.228 1496 6825 D AGM: graph: graph_stop: 954 entry graph_handle 0x47534c
01-09 22:18:50.233 1496 6825 D AGM: graph: graph_stop: 1002 exit, ret 0
01-09 22:18:50.236 1496 6825 I PAL: ResourceManager: voteSleepMonitor: 2226: Unvoting done for nlpi use case, lpi votes 0, nlpi votes : 0
01-09 22:18:50.236 1496 6825 I PAL: API: pal_stream_stop: 450: Exit. status 0
01-09 22:18:50.236 1496 6825 I PAL: API: pal_stream_close: 293: Enter. Stream handle :0xb4000078dfc2b6f0K
01-09 22:18:50.236 1496 6825 I AGM: API: agm_session_aif_connect: 652 disconnecting aifid:32 with session id=126
01-09 22:18:50.236 1496 6825 D AGM: graph: graph_stop: 954 entry graph_handle 0x47534c
01-09 22:18:50.242 1496 6825 D AGM: graph: graph_stop: 1002 exit, ret 0
01-09 22:18:50.276 1500 4905 I vendor.qti.bluetooth@1.1-ibs_handler: ProcessIbsCmd: Received IBS_WAKE_IND: 0xFD
01-09 22:18:50.276 1500 4905 D vendor.qti.bluetooth@1.1-ibs_handler: SerialClockVote: vote for UART CLK ON
01-09 22:18:50.276 1500 4905 D vendor.qti.bluetooth@1.1-wake_lock: Acquire wakelock is acquired
01-09 22:18:50.276 1500 4905 I vendor.qti.bluetooth@1.1-ibs_handler: ProcessIbsCmd: Writing IBS_WAKE_ACK
01-09 22:18:50.279 4020 4928 D BtGatt.GattService: onScanResult to scannerId: 6- eventType=0x0, addressType=1, address=XX:XX:XX:XX:31:56, primaryPhy=1, secondaryPhy=1, advertisingSid=0x0, txPower=127, rssi=-31, periodicAdvInt=0x0
01-09 22:18:50.290 1496 6825 I AGM: device: device_close: 568 PCM device 32 closed
01-09 22:18:50.290 1496 6825 I AGM: session: session_obj_set_sess_aif_metadata: 1782 Exit
01-09 22:18:50.290 1496 6825 D AGM: session: session_close: 1265 enter
01-09 22:18:50.290 1496 6825 D AGM: graph: graph_close: 788 entry handle 0x47534c
01-09 22:18:50.295 1496 6825 D AGM: graph: graph_close: 809 exit, ret 0
01-09 22:18:50.295 1496 6825 D AGM: session: session_close: 1321 exit, ret 0
01-09 22:18:50.297 1496 6825 I PAL: ResourceManager: freeFrontEndIds: 7301: stream type 2, freeing 126
01-09 22:18:50.297 1496 6825 I PAL: Device: close: 521: Enter. deviceCount 1 for device id 3 (PAL_DEVICE_OUT_SPEAKER)
01-09 22:18:50.309 1496 6825 I PAL: Device: close: 533: Exit. deviceCount 0 for device id 3 (PAL_DEVICE_OUT_SPEAKER), exit status 0
01-09 22:18:50.309 1496 6825 I PAL: ResourceManager: deregisterStream: 3747: stream type 2
01-09 22:18:50.309 1496 6825 I PAL: API: pal_stream_close: 331: Exit. status 0
01-09 22:18:50.309 1496 6825 D AHAL: AudioStream: Standby: 2660: Exit ret: 0
01-09 22:18:50.309 1496 6825 D AHAL: AudioStream: astream_out_standby: 747: Exit ret: 0
01-09 22:18:50.310 1619 2927 I AudioFlinger::DualSpkControl: setAmpPower sensor status 0, enableAmp 0
01-09 22:18:50.310 1496 6825 D AHAL: AudioStream: astream_out_set_parameters: 1076: enter: usecase(1: primary-playback) kvpairs: l_dual_speaker_amp_left_power_enable=false
01-09 22:18:50.311 1496 6825 D AHAL: AudioStream: SetParameters: 2988: enter
01-09 22:18:50.311 1496 6825 D AHAL: AudioStream: SetParameters: 3033: exit 0
01-09 22:18:50.311 1496 6825 D AHAL: AudioStream: astream_out_set_parameters: 1097: Exit ret: 0
01-09 22:18:50.311 1496 6825 D AHAL: AudioStream: astream_out_set_parameters: 1076: enter: usecase(0: deep-buffer-playback) kvpairs: l_dual_speaker_amp_left_power_enable=false
01-09 22:18:50.311 1496 6825 D AHAL: AudioStream: SetParameters: 2988: enter
01-09 22:18:50.311 1496 6825 D AHAL: AudioStream: SetParameters: 3033: exit 0
01-09 22:18:50.311 1496 6825 D AHAL: AudioStream: astream_out_set_parameters: 1097: Exit ret: 0
01-09 22:18:50.312 1496 1570 D AHAL: AudioStream: astream_out_set_parameters: 1076: enter: usecase(2: low-latency-playback) kvpairs: l_dual_speaker_amp_left_power_enable=false
01-09 22:18:50.312 1496 1570 D AHAL: AudioStream: SetParameters: 2988: enter
01-09 22:18:50.312 1496 1570 D AHAL: AudioStream: SetParameters: 3033: exit 0
01-09 22:18:50.312 1496 1570 D AHAL: AudioStream: astream_out_set_parameters: 1097: Exit ret: 0
01-09 22:18:50.312 2400 3159 D MotionEngine: [@@@ Motion Engine @@@] GetMotionScenarioId 0.448056 2.268396 9.603594 0.009450 -0.007700 -0.007875 8 51 20
01-09 22:18:50.312 2400 3159 D MotionEngine: [@@@ Motion Engine @@@] GnStuckMode 0
01-09 22:18:50.312 1496 1570 D AHAL: AudioStream: astream_out_set_parameters: 1076: enter: usecase(14: audio-ull-playback) kvpairs: l_dual_speaker_amp_left_power_enable=false
01-09 22:18:50.312 1496 1570 D AHAL: AudioStream: SetParameters: 2988: enter
01-09 22:18:50.312 1496 1570 D AHAL: AudioStream: SetParameters: 3033: exit 0
01-09 22:18:50.312 1496 1570 D AHAL: AudioStream: astream_out_set_parameters: 1097: Exit ret: 0
01-09 22:18:50.313 1496 1570 D AHAL: AudioStream: astream_out_set_parameters: 1076: enter: usecase(16: audio-with-haptics-playback) kvpairs: l_dual_speaker_amp_left_power_enable=false
01-09 22:18:50.313 1496 1570 D AHAL: AudioStream: SetParameters: 2988: enter
01-09 22:18:50.313 1496 1570 D AHAL: AudioStream: SetParameters: 3033: exit 0
01-09 22:18:50.313 1496 1570 D AHAL: AudioStream: astream_out_set_parameters: 1097: Exit ret: 0
01-09 22:18:50.314 1496 1570 D AHAL: AudioStream: astream_out_set_parameters: 1076: enter: usecase(2: low-latency-playback) kvpairs: l_dual_speaker_amp_left_power_enable=false
01-09 22:18:50.314 1496 1570 D AHAL: AudioStream: SetParameters: 2988: enter
01-09 22:18:50.314 1496 1570 D AHAL: AudioStream: SetParameters: 3033: exit 0
01-09 22:18:50.314 1496 1570 D AHAL: AudioStream: astream_out_set_parameters: 1097: Exit ret: 0
01-09 22:18:50.314 1496 6825 D AHAL: AudioStream: astream_out_set_parameters: 1076: enter: usecase(32: audio-playback-voip) kvpairs: l_dual_speaker_amp_left_power_enable=false
01-09 22:18:50.314 1496 6825 D AHAL: AudioStream: SetParameters: 2988: enter
01-09 22:18:50.314 1496 6825 D AHAL: AudioStream: SetParameters: 3033: exit 0
01-09 22:18:50.314 1496 6825 D AHAL: AudioStream: astream_out_set_parameters: 1097: Exit ret: 0
01-09 22:18:50.315 1496 6825 D AHAL: AudioStream: astream_out_set_parameters: 1076: enter: usecase(2: low-latency-playback) kvpairs: l_dual_speaker_amp_left_power_enable=false
01-09 22:18:50.315 1496 6825 D AHAL: AudioStream: SetParameters: 2988: enter
01-09 22:18:50.315 1496 6825 D AHAL: AudioStream: SetParameters: 3033: exit 0
01-09 22:18:50.315 1496 6825 D AHAL: AudioStream: astream_out_set_parameters: 1097: Exit ret: 0
01-09 22:18:50.317 1500 4905 I vendor.qti.bluetooth@1.1-ibs_handler: ProcessIbsCmd: Received IBS_SLEEP_IND: 0xFE
01-09 22:18:50.318 1500 4905 D vendor.qti.bluetooth@1.1-ibs_handler: SerialClockVote: vote for UART CLK OFF
01-09 22:18:50.344 3670 3841 D MobileSignalTransitionManager: updateSignalOneLevelPerSec state transition=false prev=NO_SERVICE, cur=NO_SERVICE
01-09 22:18:50.358 1500 4905 I vendor.qti.bluetooth@1.1-ibs_handler: ProcessIbsCmd: Received IBS_WAKE_IND: 0xFD
01-09 22:18:50.358 1500 4905 D vendor.qti.bluetooth@1.1-ibs_handler: SerialClockVote: vote for UART CLK ON
01-09 22:18:50.358 1500 4905 I vendor.qti.bluetooth@1.1-ibs_handler: ProcessIbsCmd: Writing IBS_WAKE_ACK
01-09 22:18:50.360 4020 4928 D BtGatt.GattService: onScanResult to scannerId: 6- eventType=0x10, addressType=1, address=XX:XX:XX:XX:0A:DA, primaryPhy=1, secondaryPhy=0, advertisingSid=0xff, txPower=127, rssi=-36, periodicAdvInt=0x0
01-09 22:18:50.362 2400 4969 D FreecessController: com.innowireless.xcal_webview(10379) is important[2]
01-09 22:18:50.392 3642 3642 I Telephony: SamsungPstnPhoneAccountRegistry: MSG_LOCALE_CHANGED
01-09 22:18:50.393 3642 3642 I Telephony: PstnIncomingCallNotifier: Unregistering: [0]
01-09 22:18:50.393 3642 3642 I Telephony: SamsungSuppServiceNotifier: unregisterForNotifications: 0
01-09 22:18:50.394 3642 3642 D Telephony: PstnPhoneCapabilitiesNotifier: Unregistering: Handler (com.android.internal.telephony.SemGsmCdmaPhone) {54a3a91}
01-09 22:18:50.394 3642 3642 I ImsCallbackAM [0]: Local callback removed: android.telephony.ims.ImsMmTelManager$CapabilityCallback$CapabilityBinder@be8f1c
01-09 22:18:50.398 3642 3642 I Telephony: TelecomAccountRegistry: setupAccounts: Found 2 phones. Attempting to register.
01-09 22:18:50.398 2400 3813 D SLocation: WifiBssidMonitor - requestRefresh
01-09 22:18:50.398 3642 3642 I Telephony: SamsungPstnPhoneAccountRegistry: phoneAccountsHaveBeenUpdated
01-09 22:18:50.398 3642 3642 I Telephony: TelecomAccountRegistry: setupAccounts: Phone with phone Id 0, subscription id 3
01-09 22:18:50.399 1500 4905 I vendor.qti.bluetooth@1.1-ibs_handler: ProcessIbsCmd: Received IBS_SLEEP_IND: 0xFE
01-09 22:18:50.399 1500 4905 D vendor.qti.bluetooth@1.1-ibs_handler: SerialClockVote: vote for UART CLK OFF
01-09 22:18:50.400 2400 3813 W SLocation: WifiBssidMonitor - connected wifi : (**:**:2a:f*:**/910)
01-09 22:18:50.404 3642 3642 D Telephony: SamsungCarrierRepositoryImpl: getSimOperator, phoneId=0, simOperator=40492
01-09 22:18:50.404 3642 3642 D Telephony: SamsungCarrierRepositoryImpl: getSimOperator, phoneId=0, simOperator=40492
01-09 22:18:50.408 3642 3642 D Telephony: TelecomAccountRegistry$AccountEntry: isEmergencyPreferredAccount: subId=3, activeData=3
01-09 22:18:50.409 3642 3642 D Telephony: TelecomAccountRegistry$AccountEntry: isEmergencyPreferredAccount: Device does not require preference.
01-09 22:18:50.410 3642 3642 I Telephony: TelecomAccountRegistry$AccountEntry: isRttCurrentlySupported -- regular acct,, hasVoiceAvailability: false, isRttSupported: false, alwaysAllowWhileRoaming: false, isRoaming: false, isOnWfc: false
01-09 22:18:50.410 3642 3642 D SecImsManager: isVtEnabledByPlatformForSlot
01-09 22:18:50.410 3642 3642 D SecImsManager: getFeatureValue
01-09 22:18:50.413 4039 5756 I MmTelFeatureImpl<0>: queryCapabilityConfiguration
01-09 22:18:50.413 4039 5756 I ImsServiceStub<0>: isServiceAvailable: mmtel-video, rat: 13, profileFind:true, Enabled:true
01-09 22:18:50.414 3642 3968 D SecImsManager: onQueryCapabilityConfiguration : true
01-09 22:18:50.414 3642 3642 D SecImsManager: getFeatureValue(2, 0) : true
01-09 22:18:50.418 3642 3642 D Telephony: SamsungMultiSimRepositoryImpl: isSoftSimEnable : softsimStatus=
01-09 22:18:50.418 3642 3642 I Telephony: SamsungPstnPhoneAccountRegistry: buildPstnPhoneAccount, simSlotIndex: 0, phoneId: 0, subId: 3, isEmergency: false, phoneAccountHandle: 3, isSimCardStatusOn: true, hasVirtualSim: false
01-09 22:18:50.418 3642 3642 I Telephony: SamsungPstnPhoneAccountRegistry: getResourceId, phoneId: 0, resourceIndex: 0
01-09 22:18:50.420 3642 3642 I Telephony: SamsungMultiSimRepositoryImpl: isEsimEnabled for 0 false
01-09 22:18:50.421 3642 3642 I Telephony: TelecomAccountRegistry$AccountEntry: registerPstnPhoneAccount: Registering account=[[ ] PhoneAccount: ComponentInfo{com.android.phone/com.android.services.telephony.TelephonyConnectionService}, 3, UserHandle{0} Capabilities: SuppVideo CallProvider MultiUser PlaceEmerg SimSub AdhocConf Audio Routes: BESW Schemes: tel voicemail Extras: Bundle[{com.samsung.telecom.extra.SUPPORT_VRBT=true, android.telecom.extra.SUPPORTS_VIDEO_CALLING_FALLBACK=true, com.samsung.telecom.extra.SUBSCRIPTION_ID=3, com.samsung.telecom.extra.CAN_COEXIST_ACCOUNT=true, com.samsung.telecom.extra.PHONE_ID=0, android.telecom.extra.SORT_ORDER=0, com.samsung.telecom.extra.NO_CHECK_IF_VIDEO_CAPABLE=true}] GroupId: ***] with Telecom. subId=3
01-09 22:18:50.423 2400 6444 I Telecom : : registerPhoneAccount: account=[[ ] PhoneAccount: ComponentInfo{com.android.phone/com.android.services.telephony.TelephonyConnectionService}, 3, UserHandle{0} Capabilities: SuppVideo CallProvider MultiUser PlaceEmerg SimSub AdhocConf Audio Routes: BESW Schemes: tel voicemail Extras: Bundle[{com.samsung.telecom.extra.SUPPORT_VRBT=true, android.telecom.extra.SUPPORTS_VIDEO_CALLING_FALLBACK=true, com.samsung.telecom.extra.SUBSCRIPTION_ID=3, com.samsung.telecom.extra.CAN_COEXIST_ACCOUNT=true, com.samsung.telecom.extra.PHONE_ID=0, android.telecom.extra.SORT_ORDER=0, com.samsung.telecom.extra.NO_CHECK_IF_VIDEO_CAPABLE=true}] GroupId: ***]: TSI.rPA(cap)@BN8
01-09 22:18:50.424 2400 6444 I Telecom : PhoneAccountRegistrar: Modify account: [ComponentInfo{com.android.phone/com.android.services.telephony.TelephonyConnectionService}, 3, UserHandle{0}]: TSI.rPA(cap)@BN8
01-09 22:18:50.425 2400 6444 I Telecom:SamsungPhoneAccountListener: onAccountsChanged - allPhoneAccountsOfCurrentUser : [[[X] PhoneAccount: ComponentInfo{com.android.phone/com.android.services.telephony.TelephonyConnectionService}, 3, UserHandle{0} Capabilities: SuppVideo CallProvider MultiUser PlaceEmerg SimSub AdhocConf Audio Routes: BESW Schemes: tel voicemail Extras: Bundle[{com.samsung.telecom.extra.SUPPORT_VRBT=true, android.telecom.extra.SUPPORTS_VIDEO_CALLING_FALLBACK=true, com.samsung.telecom.extra.SUBSCRIPTION_ID=3, com.samsung.telecom.extra.CAN_COEXIST_ACCOUNT=true, com.samsung.telecom.extra.PHONE_ID=0, android.telecom.extra.SORT_ORDER=0, com.samsung.telecom.extra.NO_CHECK_IF_VIDEO_CAPABLE=true}] GroupId: ***], [[X] PhoneAccount: ComponentInfo{com.google.android.gm/com.google.android.gm}, ***, UserHandle{0} Capabilities: SelfManaged SuppVideo Video TransactOps Audio Routes: BESW Schemes: tel Extras: Bundle[{isCoreTelecomAccount=true}] GroupId: ***], [[X] PhoneAccount: ComponentInfo{com.google.android.apps.tachyon/com.google.android.apps.tachyon}, ***, UserHandle{0} Capabilities: SelfManaged SuppVideo Video TransactOps Audio Routes: BESW Schemes: tel Extras: Bundle[{isCoreTelecomAccount=true}] GroupId: ***], [[X] PhoneAccount: ComponentInfo{com.whatsapp/com.whatsapp.calling.telecom.SelfManagedConnectionService}, ***, UserHandle{0} Capabilities: SelfManaged SuppVideo Video Audio Routes: BESW Schemes: tel Extras: Bundle[{android.telecom.extra.LOG_SELF_MANAGED_CALLS=false}] GroupId: ***], [[X] PhoneAccount: ComponentInfo{com.twitter.android/com.twitter.calling.xcall.XCallConnectionService}, ***, UserHandle{0} Capabilities: SelfManaged SuppVideo Video CallSubject Audio Routes: BESW Schemes: sip Extras: null GroupId: ***]]
01-09 22:18:50.425 2400 6444 I Telecom:SamsungPhoneAccountListener: onAccountsChanged : [[X] PhoneAccount: ComponentInfo{com.android.phone/com.android.services.telephony.TelephonyConnectionService}, 3, UserHandle{0} Capabilities: SuppVideo CallProvider MultiUser PlaceEmerg SimSub AdhocConf Audio Routes: BESW Schemes: tel voicemail Extras: Bundle[{com.samsung.telecom.extra.SUPPORT_VRBT=true, android.telecom.extra.SUPPORTS_VIDEO_CALLING_FALLBACK=true, com.samsung.telecom.extra.SUBSCRIPTION_ID=3, com.samsung.telecom.extra.CAN_COEXIST_ACCOUNT=true, com.samsung.telecom.extra.PHONE_ID=0, android.telecom.extra.SORT_ORDER=0, com.samsung.telecom.extra.NO_CHECK_IF_VIDEO_CAPABLE=true}] GroupId: ***]
01-09 22:18:50.425 2400 6444 I Telecom:SamsungPhoneAccountListener: onAccountsChanged : [[X] PhoneAccount: ComponentInfo{com.google.android.gm/com.google.android.gm}, ***, UserHandle{0} Capabilities: SelfManaged SuppVideo Video TransactOps Audio Routes: BESW Schemes: tel Extras: Bundle[{isCoreTelecomAccount=true}] GroupId: ***]
01-09 22:18:50.425 2400 6444 I Telecom:SamsungPhoneAccountListener: onAccountsChanged : [[X] PhoneAccount: ComponentInfo{com.google.android.apps.tachyon/com.google.android.apps.tachyon}, ***, UserHandle{0} Capabilities: SelfManaged SuppVideo Video TransactOps Audio Routes: BESW Schemes: tel Extras: Bundle[{isCoreTelecomAccount=true}] GroupId: ***]
01-09 22:18:50.425 2400 6444 I Telecom:SamsungPhoneAccountListener: onAccountsChanged : [[X] PhoneAccount: ComponentInfo{com.whatsapp/com.whatsapp.calling.telecom.SelfManagedConnectionService}, ***, UserHandle{0} Capabilities: SelfManaged SuppVideo Video Audio Routes: BESW Schemes: tel Extras: Bundle[{android.telecom.extra.LOG_SELF_MANAGED_CALLS=false}] GroupId: ***]
01-09 22:18:50.425 2400 6444 I Telecom:SamsungPhoneAccountListener: onAccountsChanged : [[X] PhoneAccount: ComponentInfo{com.twitter.android/com.twitter.calling.xcall.XCallConnectionService}, ***, UserHandle{0} Capabilities: SelfManaged SuppVideo Video CallSubject Audio Routes: BESW Schemes: sip Extras: null GroupId: ***]
01-09 22:18:50.425 2400 6444 I Telecom:SamsungPhoneAccountRegistrarBroadcaster: AccountsChanged : false / UserHandle{0} / ComponentInfo{com.android.phone/com.android.services.telephony.TelephonyConnectionService}, 3, UserHandle{0} -> ComponentInfo{com.android.phone/com.android.services.telephony.TelephonyConnectionService}, 3, UserHandle{0}
01-09 22:18:50.425 2400 6444 I Telecom:SamsungPhoneAccountListener: onPhoneAccountChanged - PhoneAccount : [[X] PhoneAccount: ComponentInfo{com.android.phone/com.android.services.telephony.TelephonyConnectionService}, 3, UserHandle{0} Capabilities: SuppVideo CallProvider MultiUser PlaceEmerg SimSub AdhocConf Audio Routes: BESW Schemes: tel voicemail Extras: Bundle[{com.samsung.telecom.extra.SUPPORT_VRBT=true, android.telecom.extra.SUPPORTS_VIDEO_CALLING_FALLBACK=true, com.samsung.telecom.extra.SUBSCRIPTION_ID=3, com.samsung.telecom.extra.CAN_COEXIST_ACCOUNT=true, com.samsung.telecom.extra.PHONE_ID=0, android.telecom.extra.SORT_ORDER=0, com.samsung.telecom.extra.NO_CHECK_IF_VIDEO_CAPABLE=true}] GroupId: ***]
01-09 22:18:50.425 2400 6444 I Telecom : CallsManager: handlePhoneAccountChanged: phoneAccount=[[X] PhoneAccount: ComponentInfo{com.android.phone/com.android.services.telephony.TelephonyConnectionService}, 3, UserHandle{0} Capabilities: SuppVideo CallProvider MultiUser PlaceEmerg SimSub AdhocConf Audio Routes: BESW Schemes: tel voicemail Extras: Bundle[{com.samsung.telecom.extra.SUPPORT_VRBT=true, android.telecom.extra.SUPPORTS_VIDEO_CALLING_FALLBACK=true, com.samsung.telecom.extra.SUBSCRIPTION_ID=3, com.samsung.telecom.extra.CAN_COEXIST_ACCOUNT=true, com.samsung.telecom.extra.PHONE_ID=0, android.telecom.extra.SORT_ORDER=0, com.samsung.telecom.extra.NO_CHECK_IF_VIDEO_CAPABLE=true}] GroupId: ***]: TSI.rPA(cap)@BN8
01-09 22:18:50.426 3642 3642 I PhoneUtils: getSubIdForPhoneAccountHandle: ComponentInfo{com.android.phone/com.android.services.telephony.TelephonyConnectionService}, 3, UserHandle{0}
01-09 22:18:50.426 3642 3642 I PhoneUtils: getPhoneFromSubId, subId: 3
01-09 22:18:50.426 3642 3642 I PhoneUtils: getPhoneFromSubId, phoneSubId: 3
01-09 22:18:50.428 2400 6444 I Telecom : PhoneAccountRegistrar: getSimCallManager: SimCallManager for subId 3 queried, returning: null: TSI.rPA(cap)@BN8
01-09 22:18:50.428 2400 6444 I Telecom : PhoneAccountRegistrar: Notifying telephony of voice service override change for 1 SIMs, hasService = false: TSI.rPA(cap)@BN8
01-09 22:18:50.429 3642 3642 I PhoneInterfaceManager: setVoiceServiceStateOverride: subId=3, phone=Handler (com.android.internal.telephony.SemGsmCdmaPhone) {54a3a91}, hasService=false, callingPackage=com.android.server.telecom
01-09 22:18:50.430 3642 3642 I Telephony: SamsungPstnPhoneAccountRegistry: isTelecomServiceConnected : true
01-09 22:18:50.430 3642 3642 I Telephony: TelecomAccountRegistry$AccountEntry: Registered phoneAccount: [[ ] PhoneAccount: ComponentInfo{com.android.phone/com.android.services.telephony.TelephonyConnectionService}, 3, UserHandle{0} Capabilities: SuppVideo CallProvider MultiUser PlaceEmerg SimSub AdhocConf Audio Routes: BESW Schemes: tel voicemail Extras: Bundle[{com.samsung.telecom.extra.SUPPORT_VRBT=true, android.telecom.extra.SUPPORTS_VIDEO_CALLING_FALLBACK=true, com.samsung.telecom.extra.SUBSCRIPTION_ID=3, com.samsung.telecom.extra.CAN_COEXIST_ACCOUNT=true, com.samsung.telecom.extra.PHONE_ID=0, android.telecom.extra.SORT_ORDER=0, com.samsung.telecom.extra.NO_CHECK_IF_VIDEO_CAPABLE=true}] GroupId: ***] with handle: ComponentInfo{com.android.phone/com.android.services.telephony.TelephonyConnectionService}, 3, UserHandle{0}
01-09 22:18:50.431 3642 3642 I Telephony: PstnIncomingCallNotifier: Registering: [0]
01-09 22:18:50.431 3642 3642 I Telephony: SamsungSuppServiceNotifier: registerForNotification: 0
01-09 22:18:50.431 3642 3642 D Telephony: PstnPhoneCapabilitiesNotifier: Registering: Handler (com.android.internal.telephony.SemGsmCdmaPhone) {54a3a91}
01-09 22:18:50.432 3642 3642 I ImsCallbackAM [0]: Local callback added: android.telephony.ims.ImsMmTelManager$CapabilityCallback$CapabilityBinder@4016f0
01-09 22:18:50.432 3642 3642 I Telephony: TelecomAccountRegistry: setupAccounts: Phone with phone Id -1, subscription id -1
01-09 22:18:50.432 3642 3642 D Telephony: TelecomAccountRegistry: setupAccounts: skipping invalid subid -1
01-09 22:18:50.433 3642 3968 I ImsMmTelManager: onCapabilitiesStatusChanged()
01-09 22:18:50.433 2400 6444 I Telecom:SamsungTelecomServiceImpl: getAllPhoneAccountHandles - callingPid : 3642 / processName : sts / callingUser : UserHandle{0} / hasCrossUserAccess : true
01-09 22:18:50.434 10717 11271 D GPS : NMEA is null
01-09 22:18:50.434 10717 11271 D GPS : mGPSLocationListener.getLocation() is null
01-09 22:18:50.434 3642 3642 I ImsExternalCallTracker: handleVideoCapabilitiesChanged : isVideoCapable = false
01-09 22:18:50.434 3642 3642 D ImsExternalCallTracker: refreshCallPullState
01-09 22:18:50.434 3642 3642 I Telephony: PstnPhoneCapabilitiesNotifier: handleVideoCapabilitesChanged. Video capability - false
01-09 22:18:50.435 3642 3642 I Telephony: TelecomAccountRegistry$AccountEntry: onVideoCapabilitiesChanged: skip. has same state, false
01-09 22:18:50.435 10717 11271 D GPS : getLastKnownLocation is not null
01-09 22:18:50.435 10717 11271 D GPS : mGPSSatelites : 8
01-09 22:18:50.435 10717 11271 D GPS : Android GPS is vaild.
01-09 22:18:50.438 3642 3642 I Telephony: TelecomAccountRegistry$AccountEntry: isRttCurrentlySupported -- regular acct,, hasVoiceAvailability: false, isRttSupported: false, alwaysAllowWhileRoaming: false, isRoaming: false, isOnWfc: false
01-09 22:18:50.508 1476 1651 I minksocket: MinkIPC MESSAGE: ( 1476:1651 ) MinkIPC_QRTR_Service:351 minkipc = 0xb400007afa4544f0 sock = 19, client with node 1 port 453d went down
01-09 22:18:50.508 1476 1663 I minksocket: MinkIPC MESSAGE: ( 1476:1663 ) MinkIPC_QRTR_Service:351 minkipc = 0xb400007afa4523f0 sock = 34, client with node 1 port 453d went down
01-09 22:18:50.509 1476 1651 I minksocket: MinkIPC MESSAGE: ( 1476:1651 ) MinkIPC_QRTR_Service:351 minkipc = 0xb400007afa4544f0 sock = 19, client with node 1 port 453e went down
01-09 22:18:50.509 1476 1663 I minksocket: MinkIPC MESSAGE: ( 1476:1663 ) MinkIPC_QRTR_Service:351 minkipc = 0xb400007afa4523f0 sock = 34, client with node 1 port 453e went down
01-09 22:18:50.510 1476 1663 I minksocket: MinkIPC MESSAGE: ( 1476:1663 ) MinkIPC_QRTR_Service:351 minkipc = 0xb400007afa4523f0 sock = 34, client with node 1 port 453f went down
01-09 22:18:50.510 1476 1651 I minksocket: MinkIPC MESSAGE: ( 1476:1651 ) MinkIPC_QRTR_Service:351 minkipc = 0xb400007afa4544f0 sock = 19, client with node 1 port 453f went down
01-09 22:18:50.512 1476 1663 I minksocket: MinkIPC MESSAGE: ( 1476:1663 ) MinkIPC_QRTR_Service:351 minkipc = 0xb400007afa4523f0 sock = 34, client with node 1 port 4540 went down
01-09 22:18:50.512 1476 1651 I minksocket: MinkIPC MESSAGE: ( 1476:1651 ) MinkIPC_QRTR_Service:351 minkipc = 0xb400007afa4544f0 sock = 19, client with node 1 port 4540 went down
01-09 22:18:50.518 1477 1477 D Diag-Router: diag: qrtr_perif_send: Sending cmd pkt of len: 4 to perif: modem with port: node [401c: 1]
01-09 22:18:50.519 1477 1477 D Diag-Router: diag: qrtr_perif_send: Sending cmd pkt of len: 4 to perif: modem with port: node [401c: 1]
01-09 22:18:50.538 2400 6444 D SemContextService: lock : requestToUpdate
01-09 22:18:50.538 2400 6444 W CAE : setCAProperty(ContextAwareService.java:509) - [setProperty 01] Mutex is locked for CH_LOC_TRIGGER
01-09 22:18:50.538 2400 3347 D SensorService: setSContextDataLocked ints length 2 , byte length 4
01-09 22:18:50.538 2400 3347 D SensorService: setSContextDataLocked 3db8
01-09 22:18:50.539 1507 1507 I sensors-hal: inject_sensor_data:407, handle 1501 send inject
01-09 22:18:50.539 1507 1507 I sensors-hal: sendContextData:288, sensor hal 4, (0xb8, 0x3d, 0x0, 0x0)
01-09 22:18:50.539 1507 1507 I sensors-hal: sendContextData:131, change_location_trigger 4,184
01-09 22:18:50.539 1507 1507 I sensors-hal: sendUserData:118, change_location_trigger h 184 m 61 s 0
01-09 22:18:50.539 1507 1507 I sensors-hal: create_send_context_data:66, change_location_trigger create_send_context_data
01-09 22:18:50.539 1507 1507 I sensors-hal: send_context_data:694, change_location_trigger, -244018566922240, 1320970896291267344, msgid:700
01-09 22:18:50.539 2400 6444 W CAE : setCAProperty(ContextAwareService.java:515) - [setProperty 02] Mutex is unlocked for CH_LOC_TRIGGER
01-09 22:18:50.539 2400 6444 D SemContextService: .requestToUpdate() : service = Location Change Trigger
01-09 22:18:50.539 2400 6444 D SemContextService: unlock : requestToUpdate
01-09 22:18:50.539 2400 6444 D SemContextManager: .requestToUpdate : listener = com.android.server.location.nsflp.NSLocationMonitor$5@11a7a99, service=Location Change Trigger
01-09 22:18:50.540 4893 12709 I NewStopController_FLP: StateChecker, check stationary message
01-09 22:18:50.540 1507 3343 I sensors-hal: qsh_conn_resp_cb:930, resp_value = 0 for change_location_trigger
01-09 22:18:50.549 1500 4137 D vendor.qti.bluetooth@1.1-wake_lock: Release wakelock is released
01-09 22:18:50.550 1507 3343 I sensors-hal: qsh_conn_event_cb:890, event[0] sensor:change_location_trigger Wakeup, msg_id=1025, ts=20743359806
01-09 22:18:50.550 1507 3343 I sensors-hal: handle_sns_client_event:85, change_location_trigger_event: msgid:1025
01-09 22:18:50.550 1507 3343 I sensors-hal: handle_sns_client_event:108, change_location_trigger_event: 255, 255
01-09 22:18:50.551 2400 3341 D CAE : onGetSensorHubData(SensorHubParserProvider.java:92) - onGetSensorHubData Event [event buffer len :15], AP_WAKEUP
01-09 22:18:50.551 2400 3341 I CAE : parse(SensorHubParserProvider.java:193) - buffer size = 15
01-09 22:18:50.551 2400 3341 I CAE : parse(SensorHubParserProvider.java:204) - 1, 1, 61, -1, 0, 2, 1, 0, 0, 0, 1, 0, 0, 0, 0,
01-09 22:18:50.551 2400 3341 D CAE : display(ContextProvider.java:375) - ================= CH_LOC_TRIGGER =================
01-09 22:18:50.551 2400 3341 I CAE : display(ContextProvider.java:391) - duration=[1], property=[1], result=[2], reserved=[0]
01-09 22:18:50.551 2400 3338 D SemContextService: Service.updateContext() : service = Location Change Trigger
01-09 22:18:50.551 2400 2400 D SemContextManager: onSemContextChanged() : event = Location Change Trigger
01-09 22:18:50.551 2400 2400 D NSLocationMonitor: onSemContextChanged, activity : 1 result : 2 movement : 1
01-09 22:18:50.606 10717 11320 W ss.xcal.mobile5: Accessing hidden method Landroid/telephony/TelephonyManager;->getServiceStateForSubscriber(I)Landroid/telephony/ServiceState; (max-target-p, reflection, denied)
01-09 22:18:50.614 3642 3716 W TelephonyPermissions: reportAccessDeniedToReadIdentifiers:com.innowireless.xcal.mobile5:getAllSubInfoList:3
01-09 22:18:50.630 3642 3716 W TelephonyPermissions: reportAccessDeniedToReadIdentifiers:com.innowireless.xcal.mobile5:getAllSubInfoList:3
01-09 22:18:50.672 10717 11733 D IntroManager: finishCheckType : 8 Result : true
01-09 22:18:50.705 10717 10717 D XCAL-Mobile: Main_Activity.setupTabMenu()
01-09 22:18:50.710 10717 11893 E UP_HistoryRecorder: [load start]
01-09 22:18:50.710 10717 11893 E UP_HistoryRecorder: [UP_HistoryRecorder CLOSE()-start]
01-09 22:18:50.710 10717 11893 E UP_HistoryRecorder: [UP_HistoryRecorder CLOSE()-end]
01-09 22:18:50.713 10717 11893 E UP_HistoryRecorder: [load end]
01-09 22:18:50.761 2400 5709 D KNOX_MDM_SettingsProvider: isChangeAllowed() : name = airplane_mode_on
01-09 22:18:50.762 2400 5709 D KNOX_MDM_SettingsProvider: edmUri: content://com.sec.knox.provider/RestrictionPolicy3
01-09 22:18:50.762 2400 5709 D KNOX_MDM_SettingsProvider: projectionArgs: isSettingsChangesAllowed
01-09 22:18:50.762 2400 5709 D KNOX_MDM_SettingsProvider: selectionArgs: false
01-09 22:18:50.762 2400 5709 D KNOX_MDM_SettingsProvider: selectionArgs: 0
01-09 22:18:50.762 2400 5709 D SecContentProvider: query(), uri = 17 selection = isSettingsChangesAllowed
01-09 22:18:50.762 2400 5709 D SecContentProvider: called from fail to get caller name
01-09 22:18:50.762 2400 5709 D RestrictionPolicy: isSettingsChangesAllowedAsUser, userId 0 : true
01-09 22:18:50.762 2400 5709 D KNOX_MDM_SettingsProvider: ret = 1
01-09 22:18:50.762 2400 5709 D KNOX_MDM_SettingsProvider: edmUri: content://com.sec.knox.provider/RestrictionPolicy1
01-09 22:18:50.762 2400 5709 D KNOX_MDM_SettingsProvider: projectionArgs: isAirplaneModeAllowed
01-09 22:18:50.762 2400 5709 D KNOX_MDM_SettingsProvider: selectionArgs: false
01-09 22:18:50.762 2400 5709 D SecContentProvider: query(), uri = 15 selection = isAirplaneModeAllowed
01-09 22:18:50.762 2400 5709 D SecContentProvider: called from fail to get caller name
01-09 22:18:50.762 2400 5709 D RestrictionPolicy: isAirplaneModeAllowed : true
01-09 22:18:50.762 2400 5709 D KNOX_MDM_SettingsProvider: ret = 1
01-09 22:18:50.763 2400 3291 D BluetoothAdapter: isLeEnabled(): ON
01-09 22:18:50.764 10717 10717 D BRM : Add receiver : com.innowireless.xcal.mobile5.ui.menu.log_upload.LogManager_View$3
01-09 22:18:50.764 5050 5205 D OsAgentAidlClient: [bool_dataitem_update][1775] [HC] =>> [HS]
01-09 22:18:50.764 10717 10717 D BRM : Receivers size : 3
01-09 22:18:50.764 3797 4669 I EPDG -- [EpdgSettingObserver]: isAirplaneModeEnabled is: false
01-09 22:18:50.764 2400 3588 D AutoWifiController: ACTION_AIRPLANE_MODE_CHANGED false
01-09 22:18:50.764 3797 4669 I EPDG -- SIM0 [ThrottleController]: isThrottleTimerRunning: apnType: ims. result: false
01-09 22:18:50.764 3797 4669 I EPDG -- SIM0 [PolicyMgr]: getApnRatPolicy: default,idle only LTE is allowed RAT
01-09 22:18:50.764 3797 4669 I EPDG -- SIM0 [PolicyMgr]: getApnRatPolicy: default,idle result=LTE
01-09 22:18:50.764 3797 4669 I EPDG -- SIM0 [PolicyMgr]: getApnRatPolicy: mms,idle only LTE is allowed RAT
01-09 22:18:50.764 3797 4669 I EPDG -- SIM0 [PolicyMgr]: getApnRatPolicy: mms,idle result=LTE
01-09 22:18:50.764 3797 4669 I EPDG -- SIM0 [PolicyMgr]: getApnRatPolicy: supl,idle only LTE is allowed RAT
01-09 22:18:50.764 3797 4669 I EPDG -- SIM0 [PolicyMgr]: getApnRatPolicy: supl,idle result=LTE
01-09 22:18:50.764 3797 4669 I EPDG -- SIM0 [PolicyMgr]: getApnRatPolicy: dun,idle only LTE is allowed RAT
01-09 22:18:50.764 3797 4669 I EPDG -- SIM0 [PolicyMgr]: getApnRatPolicy: dun,idle result=LTE
01-09 22:18:50.764 3797 4669 I EPDG -- SIM0 [PolicyMgr]: getApnRatPolicy: hipri,idle only LTE is allowed RAT
01-09 22:18:50.764 3797 4669 I EPDG -- SIM0 [PolicyMgr]: getApnRatPolicy: hipri,idle result=LTE
01-09 22:18:50.764 3797 4669 I EPDG -- SIM0 [PolicyMgr]: getApnRatPolicy: fota,idle only LTE is allowed RAT
01-09 22:18:50.764 3797 4669 I EPDG -- SIM0 [PolicyMgr]: getApnRatPolicy: fota,idle result=LTE
01-09 22:18:50.764 3797 4669 I EPDG -- SIM0 [EpdgSubScription]: getIsAirplaneMode: returning: false
01-09 22:18:50.764 3797 4669 I EPDG -- SIM0 [IfomTable]: checkIsRuleforApn: appStr is: idle apnType is: ims
01-09 22:18:50.764 3797 4669 I EPDG -- SIM0 [PolicyMgr]: getApnRatPolicy: ims,idle result=IWLAN:LTE
01-09 22:18:50.764 3797 4669 I EPDG -- SIM0 [EpdgSubScription]: No SM for apnType: ims
01-09 22:18:50.764 3797 4669 I EPDG -- SIM0 [EpdgSubScription]: No SM for apnType: ims
01-09 22:18:50.764 3797 4669 I EPDG -- SIM0 [EpdgSubScription]: isPdnConnectedOverWifi: returning result: false for apnType: ims
01-09 22:18:50.765 3797 4669 I EPDG -- SIM0 [PolicyMgr]: getApnRatPolicy: cbs,idle only LTE is allowed RAT
01-09 22:18:50.765 3797 4669 I EPDG -- SIM0 [PolicyMgr]: getApnRatPolicy: cbs,idle result=LTE
01-09 22:18:50.765 3797 4669 I EPDG -- SIM0 [PolicyMgr]: getApnRatPolicy: ia,idle only LTE is allowed RAT
01-09 22:18:50.765 3797 4669 I EPDG -- SIM0 [PolicyMgr]: getApnRatPolicy: ia,idle result=LTE
01-09 22:18:50.765 3797 4669 I EPDG -- SIM0 [PolicyMgr]: getApnRatPolicy: emergency,idle only LTE is allowed RAT
01-09 22:18:50.765 3797 4669 I EPDG -- SIM0 [PolicyMgr]: getApnRatPolicy: emergency,idle result=LTE
01-09 22:18:50.765 3797 4669 I EPDG -- SIM0 [PolicyMgr]: getApnRatPolicy: mcx,idle only LTE is allowed RAT
01-09 22:18:50.765 3797 4669 I EPDG -- SIM0 [PolicyMgr]: getApnRatPolicy: mcx,idle result=LTE
01-09 22:18:50.765 3797 4669 I EPDG -- SIM0 [PolicyMgr]: getApnRatPolicy: xcap,idle only LTE is allowed RAT
01-09 22:18:50.765 3797 4669 I EPDG -- SIM0 [PolicyMgr]: getApnRatPolicy: xcap,idle result=LTE
01-09 22:18:50.765 3797 4669 I EPDG -- SIM0 [EpdgSubScription]: getHandoverEnableSetting: true
01-09 22:18:50.765 4039 4638 E RegiObsMgr: onChange: content://settings/global/airplane_mode_on => match [3]
01-09 22:18:50.765 5050 5205 D OsAgentAidlClient: [bool_dataitem_update][1775] [HC] =>> [HS]
01-09 22:18:50.765 4021 9891 I txpwradmin:SettingsObserver: onChange for uri = content://settings/global/airplane_mode_on
01-09 22:18:50.765 3797 4669 I EPDG -- SIM0 [UTILS]: getSubIdFromSpecifier() : specifier null
01-09 22:18:50.765 3797 4669 I EPDG -- SIM0 [UTILS]: getSubIdFromSpecifier() : return : 3
01-09 22:18:50.765 3797 4669 I EPDG -- SIM0 [UTILS]: getNetworkForType: subIdFromSpecifier: 3
01-09 22:18:50.765 3797 4669 I EPDG -- SIM0 [UTILS]: getNetworkForType: returning null
01-09 22:18:50.765 3797 4669 I EPDG -- SIM0 [EpdgSubScription]: notifyQualifiedNetworksChange to telephony
01-09 22:18:50.766 4039 4638 E #IMSREGI: Airplane Mode Changed (false)
01-09 22:18:50.766 4039 4530 I RegiMgr-Handler: handleMessage: EVENT_FLIGHT_MODE_CHANGED
01-09 22:18:50.766 4039 4530 I RegiMgr<0>: tryRegister:
01-09 22:18:50.766 4039 4530 I RegiMgr<0>: RegisterTask(s): AIRTEL VoLTE (CONNECTING), AIRTEL India RCS (IDLE)
01-09 22:18:50.766 4039 4530 I RcsPolicyMgr<0>: pendingRcsRegister: mActiveDataPhoneId = 0
01-09 22:18:50.766 4039 4530 I RegisterTask: isSuspended: mSuspended(false) mSuspendByIrat(false)
01-09 22:18:50.766 3670 3670 D SettingsHelper: onChange() COMPLETED elapsed= 2
01-09 22:18:50.766 4039 4530 I RegiMgr<0>: [AIRTEL VoLTE|CONNECTING] checkForTryRegister id: 736
01-09 22:18:50.766 4039 4530 I RegiMgr : isPdnConnected: false, PdnType: 11
01-09 22:18:50.766 4039 4658 I UtServiceModule: AirplaneModeObserver onChange: 0
01-09 22:18:50.766 4039 4530 I PdnController: getDefaultNetworkBearer: WIFI
01-09 22:18:50.766 4039 4530 I RegiMgr-Utils<0>: getAvailableMobileNetwork: network=18 mobileDataType=0 => rat=18
01-09 22:18:50.766 4039 4530 I PdnController<0>: isNetworkAvailable: isEpdgConnected=false getDataNetworkType()=18
01-09 22:18:50.766 4039 4530 I RegiMgr-Utils<0>: findBestNetwork: IWLAN
01-09 22:18:50.767 4039 4530 I RegiGvnBase<0>: isReadyToDualRegister: slot 1's call state: 0
01-09 22:18:50.767 4039 4530 I RegiGvnBase<0>: isReadyToDualRegister : true
01-09 22:18:50.767 2400 2592 I Telecom:SamsungTelecomServiceImpl: isInCall - callingPackage : com.android.systemui / callingUser : UserHandle{0} / hasCrossUserAccess : true
01-09 22:18:50.767 4021 9891 D txpwrJni: sendRadioStatus start
01-09 22:18:50.767 3670 3670 W Settings: Setting airplane_mode_on has moved from android.provider.Settings.System to android.provider.Settings.Global, returning read-only global URI.
01-09 22:18:50.767 3670 3670 D MultiSIMController: onChanged() - airplane_mode : false
01-09 22:18:50.767 2400 3588 I AutoWifi.Geofence: starting manager
01-09 22:18:50.767 2400 3291 D BluetoothManagerService: delayModeChangedIfNeeded(onAirplaneModeChanged): state=ON, isAirplaneModeOn()=false, isSatelliteModeSensitive()=false, isSatelliteModeOn()=false, delayed=0ms
01-09 22:18:50.767 2400 3588 D SLocation: SLocation - addGeofences android
01-09 22:18:50.768 2400 3588 D SLocation: CommonUtil - check android.permission.ACCESS_FINE_LOCATION Permission pid=2400, uid=1000, hasPermission=true
01-09 22:18:50.768 2400 3291 D KNOX_MDM_SettingsProvider: isChangeAllowed() : name = bluetooth_on
01-09 22:18:50.768 2400 3588 D SLocation: GeopointGeofenceParam - add geopoint geofence with no bssids
01-09 22:18:50.768 2400 3588 D SLocation: GeopointGeofenceManager - startGeoPointGeofence ID = 13
01-09 22:18:50.768 2400 3588 D SLocation: SLocation - addGeofences end android 0
01-09 22:18:50.768 2400 3588 I AutoWifi.Geofence: add and monitor geofence id : 2, configKey : "Omkar"WPA_PSK
01-09 22:18:50.768 2400 3588 D SLocation: SLocation - addGeofences android
01-09 22:18:50.768 4039 4530 I RegiMgr<0>: [AIRTEL VoLTE|CONNECTING] checkInitialRegistrationIsReady: APM ON [false], Roamimg [false]
01-09 22:18:50.768 2400 3588 D SLocation: CommonUtil - check android.permission.ACCESS_FINE_LOCATION Permission pid=2400, uid=1000, hasPermission=true
01-09 22:18:50.768 4039 4530 I RcsPolicyMgr<0>: pendingRcsRegister: mActiveDataPhoneId = 0
01-09 22:18:50.768 4039 4530 I ImsProfile: isRttSupportByCallApp : false ttyType : 1
01-09 22:18:50.768 2400 3291 D BluetoothManagerService: Airplane Mode change - current state: ON, isAirplaneModeOn()=false
01-09 22:18:50.768 4039 4530 I RegiMgr-Utils<0>: getPriorityRegiedTask : isPriority High? true
01-09 22:18:50.768 2400 3588 D SLocation: GeopointGeofenceParam - add geopoint geofence with no bssids
01-09 22:18:50.768 2400 3588 D SLocation: GeopointGeofenceManager - startGeoPointGeofence ID = 14
01-09 22:18:50.768 2400 3588 D SLocation: SLocation - addGeofences end android 0
01-09 22:18:50.768 2400 3588 I AutoWifi.Geofence: add and monitor geofence id : 3, configKey : "Balaji pg"WPA_PSK
01-09 22:18:50.768 2400 3588 D SLocation: SLocation - addGeofences android
01-09 22:18:50.768 4039 4530 I RegiGvnBase: checkRegiStatus: getState()=CONNECTING mIsUpdateRegistering=false
01-09 22:18:50.768 4039 4530 I RegiMgr<0>: getTelephonyCallStatus:
01-09 22:18:50.768 2400 3588 D SLocation: CommonUtil - check android.permission.ACCESS_FINE_LOCATION Permission pid=2400, uid=1000, hasPermission=true
01-09 22:18:50.768 2400 3813 D SLocation: GeopointReceiver - Geopoint_13 : send geopoint result - 1
01-09 22:18:50.769 4039 4530 I RcsPolicyMgr<0>: pendingRcsRegister: mActiveDataPhoneId = 0
01-09 22:18:50.769 4039 4530 I RcsUtils: isDualRcsReg: true
01-09 22:18:50.769 4039 4530 I RegisterTask: isSuspended: mSuspended(false) mSuspendByIrat(false)
01-09 22:18:50.769 2400 3813 D SLocation: GeopointReceiver - geofence id (13:2_android_wifi) detected : 1
01-09 22:18:50.769 4039 4530 I RegiMgr<0>: [AIRTEL India RCS|IDLE] checkForTryRegister id: 738
01-09 22:18:50.769 4039 4530 I RegiMgr : isPdnConnected: false, PdnType: 0
01-09 22:18:50.769 2400 3588 D SLocation: GeopointGeofenceParam - add geopoint geofence with no bssids
01-09 22:18:50.769 2400 3588 D SLocation: GeopointGeofenceManager - startGeoPointGeofence ID = 15
01-09 22:18:50.769 2400 3588 D SLocation: SLocation - addGeofences end android 0
01-09 22:18:50.769 2400 3588 I AutoWifi.Geofence: add and monitor geofence id : 1, configKey : "Airtel_Innowireless"WPA_PSK
01-09 22:18:50.769 4039 4530 I PdnController: getDefaultNetworkBearer: WIFI
01-09 22:18:50.769 4039 4530 I RegiMgr-Utils<0>: findBestNetwork: WIFI needWifiNetwork = true
01-09 22:18:50.770 4039 4530 I RegiGvnBase<0>: isReadyToDualRegister: slot 1's call state: 0
01-09 22:18:50.770 4039 4530 I RegiGvnBase<0>: isReadyToDualRegister : true
01-09 22:18:50.770 4039 4530 I RegiMgr<0>: [AIRTEL India RCS|IDLE] checkInitialRegistrationIsReady: APM ON [false], Roamimg [false]
01-09 22:18:50.770 4039 4530 I RcsPolicyMgr<0>: pendingRcsRegister: mActiveDataPhoneId = 0
01-09 22:18:50.770 4039 4530 I RcsUtils: isDualRcsReg: true
01-09 22:18:50.770 4039 4530 I ImsProfile: isRttSupportByCallApp : false ttyType : 1
01-09 22:18:50.770 4039 4530 I RegiMgr-Utils<0>: getPriorityRegiedTask : isPriority High? true
01-09 22:18:50.771 4039 4530 I RegiGvnBase: checkRegiStatus: getState()=IDLE mIsUpdateRegistering=false
01-09 22:18:50.771 4039 4530 I RegiMgr<0>: getTelephonyCallStatus:
01-09 22:18:50.771 4039 4530 I ConfigProvider: query uri:xxxxx
01-09 22:18:50.771 2400 3813 D ActivityManager: Received BROADCAST intent 0x173119b Key{broadcastIntent pkg=android intent=act=com.samsung.android.wifi.GEOFENCE pkg=android flags=0x3000000 u=0} requestCode=2 sent=0 from uid 1000
01-09 22:18:50.771 2400 3813 D SLocation: CommonUtil - check android.permission.ACCESS_COARSE_LOCATION Permission pid=2400, uid=1000, hasPermission=true
01-09 22:18:50.771 2400 3813 D SLocation: CommonUtil - check android.permission.ACCESS_FINE_LOCATION Permission pid=2400, uid=1000, hasPermission=true
01-09 22:18:50.772 2400 2592 I ActivityManager: Broadcasting: Intent { act=android.intent.action.AIRPLANE_MODE flg=0x400000 (has extras) }
01-09 22:18:50.772 2400 3813 E AppOps : attributionTag wifi not declared in manifest of android
01-09 22:18:50.772 2400 3813 I SLocation: ReceiverPair - handleStartLocation : id 13 with 1
01-09 22:18:50.772 2400 3813 D SLocation: LocationProviderStatus - try to update provider status (GPS/NLP)
01-09 22:18:50.772 2400 3813 D SLocation: LocationProviderStatus - set isGpsOn : true, isNlpOn : true
01-09 22:18:50.772 2400 3813 D SLocation: LocationProviderStatus - gps & nlp status not changed
01-09 22:18:50.773 4039 4530 I ConfigProvider: queryStorage path content://com.samsung.rcs.autoconfigurationprovider/parameter/version#simslot0
01-09 22:18:50.773 2400 3813 D SLocation: GeopointReceiver - Geopoint_14 : send geopoint result - 2
01-09 22:18:50.773 2400 3813 D SLocation: GeopointReceiver - geofence id (14:3_android_wifi) detected : 2
01-09 22:18:50.773 4039 4530 I RegiGvnRcs: isReadyToRegister: User don't try RCS service yet
01-09 22:18:50.773 4039 4530 I RegiMgr<0>: [AIRTEL India RCS|IDLE] checkForTryRegister: isReadyToRegister = false
01-09 22:18:50.773 4039 4530 I RegiMgr<1>: tryRegister:
01-09 22:18:50.773 4039 4530 I RegiMgr<0>: RegisterTask(s): AIRTEL VoLTE (CONNECTING), AIRTEL India RCS (IDLE)
01-09 22:18:50.773 2400 2592 I ActivityManager: Enqueued broadcast Intent { act=android.intent.action.AIRPLANE_MODE flg=0x400000 (has extras) }: 0
01-09 22:18:50.773 2400 3813 D ActivityManager: Received BROADCAST intent 0x4b4dd89 Key{broadcastIntent pkg=android intent=act=com.samsung.android.wifi.GEOFENCE pkg=android flags=0x3000000 u=0} requestCode=3 sent=0 from uid 1000
01-09 22:18:50.773 2400 3813 D SLocation: CommonUtil - check android.permission.ACCESS_COARSE_LOCATION Permission pid=2400, uid=1000, hasPermission=true
01-09 22:18:50.773 2400 3813 D SLocation: CommonUtil - check android.permission.ACCESS_FINE_LOCATION Permission pid=2400, uid=1000, hasPermission=true
01-09 22:18:50.774 5631 6087 I MediaProvider: Deleted 1 0 0 0 0 0 0 items on external_primary due to com.innowireless.xcal.mobile5
01-09 22:18:50.774 2400 3813 E AppOps : attributionTag wifi not declared in manifest of android
01-09 22:18:50.774 2400 3813 I SLocation: ReceiverPair - handleStartLocation : id 14 with 2
01-09 22:18:50.774 2400 3813 D SLocation: LocationProviderStatus - try to update provider status (GPS/NLP)
01-09 22:18:50.774 2400 3813 D SLocation: LocationProviderStatus - set isGpsOn : true, isNlpOn : true
01-09 22:18:50.774 2400 3813 D SLocation: LocationProviderStatus - gps & nlp status not changed
01-09 22:18:50.774 2400 3813 D SLocation: GeopointReceiver - Geopoint_15 : send geopoint result - 2
01-09 22:18:50.774 2400 3813 D SLocation: GeopointReceiver - geofence id (15:1_android_wifi) detected : 2
01-09 22:18:50.775 2400 2400 D WifiConnectivityMonitor: AIRPLANE_MODE_CHANGED
01-09 22:18:50.775 2400 3813 D ActivityManager: Received BROADCAST intent 0xb7847b6 Key{broadcastIntent pkg=android intent=act=com.samsung.android.wifi.GEOFENCE pkg=android flags=0x3000000 u=0} requestCode=1 sent=0 from uid 1000
01-09 22:18:50.775 2400 3813 D SLocation: CommonUtil - check android.permission.ACCESS_COARSE_LOCATION Permission pid=2400, uid=1000, hasPermission=true
01-09 22:18:50.775 2400 3813 D SLocation: CommonUtil - check android.permission.ACCESS_FINE_LOCATION Permission pid=2400, uid=1000, hasPermission=true
01-09 22:18:50.775 2400 2400 I SpenGestureManagerService: Receive broadcast : android.intent.action.AIRPLANE_MODE
01-09 22:18:50.775 2400 2400 W ContextImpl: Calling a method in the system process without a qualified user: android.app.ContextImpl.sendBroadcast:1281 com.android.server.smartclip.SpenGestureManagerService$1.onReceive:318 android.app.LoadedApk$ReceiverDispatcher$Args.lambda$getRunnable$0:1911 android.app.LoadedApk$ReceiverDispatcher$Args.$r8$lambda$gDuJqgxY6Zb-ifyeubKeivTLAwk:0 android.app.LoadedApk$ReceiverDispatcher$Args$$ExternalSyntheticLambda0.run:2
01-09 22:18:50.775 2400 3813 E AppOps : attributionTag wifi not declared in manifest of android
01-09 22:18:50.775 2400 3813 I SLocation: ReceiverPair - handleStartLocation : id 15 with 2
01-09 22:18:50.775 2400 3813 D SLocation: LocationProviderStatus - try to update provider status (GPS/NLP)
01-09 22:18:50.776 2400 3813 D SLocation: LocationProviderStatus - set isGpsOn : true, isNlpOn : true
