01-09 22:18:46.726 1619 2927 I SoundAlive_SRC384 arch64: SoundAlive_SRC384: Instance 12 Init(outFs 8, InFs 5, chnum 2, outBW 3, inBW 3)
01-09 22:18:46.726 1619 2927 I Samsung_SoundAlive_SRC arch64: SRC384 version Samsung SoundAlive SRC ver320 arch64 2021.08.04 (Cppref for ARM64, ver.300.c 32bit 07_10_2016 based)
01-09 22:18:46.726 1619 2927 I AudioFlinger::DualSpkControl: setAmpPower sensor status 0, enableAmp 1
01-09 22:18:46.726 1496 2966 D AHAL: AudioStream: astream_out_set_parameters: 1076: enter: usecase(1: primary-playback) kvpairs: l_dual_speaker_amp_left_power_enable=true
01-09 22:18:46.726 1496 2966 D AHAL: AudioStream: SetParameters: 2988: enter
01-09 22:18:46.726 1496 2966 D AHAL: AudioStream: SetParameters: 3033: exit 0
01-09 22:18:46.727 1496 2966 D AHAL: AudioStream: astream_out_set_parameters: 1097: Exit ret: 0
01-09 22:18:46.727 1496 3402 D AHAL: AudioStream: astream_out_set_parameters: 1076: enter: usecase(0: deep-buffer-playback) kvpairs: l_dual_speaker_amp_left_power_enable=true
01-09 22:18:46.727 1496 3402 D AHAL: AudioStream: SetParameters: 2988: enter
01-09 22:18:46.727 1496 3402 D AHAL: AudioStream: SetParameters: 3033: exit 0
01-09 22:18:46.727 1496 3402 D AHAL: AudioStream: astream_out_set_parameters: 1097: Exit ret: 0
01-09 22:18:46.727 1496 3402 D AHAL: AudioStream: astream_out_set_parameters: 1076: enter: usecase(2: low-latency-playback) kvpairs: l_dual_speaker_amp_left_power_enable=true
01-09 22:18:46.727 1496 3402 D AHAL: AudioStream: SetParameters: 2988: enter
01-09 22:18:46.727 1496 3402 D AHAL: AudioStream: SetParameters: 3033: exit 0
01-09 22:18:46.727 1496 3402 D AHAL: AudioStream: astream_out_set_parameters: 1097: Exit ret: 0
01-09 22:18:46.727 1496 2950 D AHAL: AudioStream: astream_out_set_parameters: 1076: enter: usecase(14: audio-ull-playback) kvpairs: l_dual_speaker_amp_left_power_enable=true
01-09 22:18:46.727 1496 2950 D AHAL: AudioStream: SetParameters: 2988: enter
01-09 22:18:46.727 1496 2950 D AHAL: AudioStream: SetParameters: 3033: exit 0
01-09 22:18:46.727 1496 2950 D AHAL: AudioStream: astream_out_set_parameters: 1097: Exit ret: 0
01-09 22:18:46.727 1496 6825 D AHAL: AudioStream: astream_out_set_parameters: 1076: enter: usecase(16: audio-with-haptics-playback) kvpairs: l_dual_speaker_amp_left_power_enable=true
01-09 22:18:46.728 1496 6825 D AHAL: AudioStream: SetParameters: 2988: enter
01-09 22:18:46.728 1496 6825 D AHAL: AudioStream: SetParameters: 3033: exit 0
01-09 22:18:46.728 1496 6825 D AHAL: AudioStream: astream_out_set_parameters: 1097: Exit ret: 0
01-09 22:18:46.728 1496 6825 D AHAL: AudioStream: astream_out_set_parameters: 1076: enter: usecase(2: low-latency-playback) kvpairs: l_dual_speaker_amp_left_power_enable=true
01-09 22:18:46.728 1496 6825 D AHAL: AudioStream: SetParameters: 2988: enter
01-09 22:18:46.728 1496 6825 D AHAL: AudioStream: SetParameters: 3033: exit 0
01-09 22:18:46.728 1496 6825 D AHAL: AudioStream: astream_out_set_parameters: 1097: Exit ret: 0
01-09 22:18:46.728 1496 6825 D AHAL: AudioStream: astream_out_set_parameters: 1076: enter: usecase(32: audio-playback-voip) kvpairs: l_dual_speaker_amp_left_power_enable=true
01-09 22:18:46.728 1496 6825 D AHAL: AudioStream: SetParameters: 2988: enter
01-09 22:18:46.728 1496 6825 D AHAL: AudioStream: SetParameters: 3033: exit 0
01-09 22:18:46.728 1496 6825 D AHAL: AudioStream: astream_out_set_parameters: 1097: Exit ret: 0
01-09 22:18:46.728 1496 6825 D AHAL: AudioStream: astream_out_set_parameters: 1076: enter: usecase(2: low-latency-playback) kvpairs: l_dual_speaker_amp_left_power_enable=true
01-09 22:18:46.728 1496 6825 D AHAL: AudioStream: SetParameters: 2988: enter
01-09 22:18:46.728 1496 6825 D AHAL: AudioStream: SetParameters: 3033: exit 0
01-09 22:18:46.728 1496 6825 D AHAL: AudioStream: astream_out_set_parameters: 1097: Exit ret: 0
01-09 22:18:46.730 1619 2927 I SoundAlive_Interface_a64: [ 2 ][ 48000 ]FlushBuffers()
01-09 22:18:46.731 1496 19327 D AHAL: AudioStream: AutoPerfLock: 157: (Acquired) perf_lock_handle: 0x0, count: 1
01-09 22:18:46.731 1496 19327 I AHAL: AudioStream: Open: 3425: Enter: OutPrimary usecase(0: deep-buffer-playback)
01-09 22:18:46.731 1496 19327 D AHAL: AudioStream: Open: 3431: no_of_devices 1
01-09 22:18:46.731 1496 19327 I AHAL: AudioStream: Open: 3445: flags_:0x8, mAndroidOutDevices 2
01-09 22:18:46.731 1496 19327 D AHAL: AudioStream: Open: 3518: halInputFormat 4 halOutputFormat 4 palformat 22
01-09 22:18:46.731 1496 19327 D AHAL: AudioStream: Open: 3600: channels 2 samplerate 48000 format id 22, stream type 2 stream bitwidth 32
01-09 22:18:46.731 1496 19327 D AHAL: AudioStream: Open: 3601: msample_rate 0 mchannels 0 mNoOfOutDevices 1
01-09 22:18:46.731 1496 19327 I PAL: API: pal_stream_open: 228: Enter, stream type:2
01-09 22:18:46.731 1496 19327 I PAL: Device: setDeviceAttributes: 396: DeviceAttributes for Device Id 3 updated
01-09 22:18:46.731 1496 19327 I PAL: Device: open: 476: Enter. deviceCount 0 for device id 3 (PAL_DEVICE_OUT_SPEAKER)
01-09 22:18:46.731 1496 19327 I PAL: SessionAlsaUtils: setDeviceMediaConfig: 1063: TDM-LPAIF-RX-PRIMARY rate ch fmt data_fmt 48000 2 6 1
01-09 22:18:46.731 1496 19327 D audio_route: Apply path: speaker
01-09 22:18:46.732 1496 19327 I PAL: Device: open: 511: Exit. deviceCount 1 for device id 3 (PAL_DEVICE_OUT_SPEAKER), exit status: 0
01-09 22:18:46.732 1496 19327 I PAL: ResourceManager: allocateFrontEndIds: 7099: allocateFrontEndIds: front end 126
01-09 22:18:46.732 1496 19327 I PAL: PayloadBuilder: populateStreamKV: 3150: stream type 2
01-09 22:18:46.732 1496 19327 I PAL: PayloadBuilder: getSelectorValues: 2972: Direction: 1
01-09 22:18:46.732 1496 19327 I PAL: PayloadBuilder: getSelectorValues: 2988: Instance: 1
01-09 22:18:46.732 1496 19327 I PAL: PayloadBuilder: findKVs: 2862: key: 0xa1000000 value: 0xa1000001
01-09 22:18:46.732 1496 19327 I PAL: PayloadBuilder: findKVs: 2862: key: 0xab000000 value: 0x1
01-09 22:18:46.732 1496 19327 I PAL: PayloadBuilder: populateStreamCkv: 3492: Entered default a4000000 f
01-09 22:18:46.732 1496 19327 I PAL: PayloadBuilder: populateDeviceKV: 3274: Enter device id:3
01-09 22:18:46.732 1496 19327 I PAL: PayloadBuilder: findKVs: 2875: key: 0xa2000000 value: 0xa2000001
01-09 22:18:46.732 1496 19327 I PAL: PayloadBuilder: populateDeviceKV: 3302: Exit device id:3, status 0
01-09 22:18:46.732 1496 19327 I PAL: PayloadBuilder: populateDevicePPKV: 3415: Rx device id:3
01-09 22:18:46.732 1496 19327 I PAL: PayloadBuilder: getSelectorValues: 3048: stream type: 2
01-09 22:18:46.732 1496 19327 I PAL: PayloadBuilder: findKVs: 2862: key: 0xa2000000 value: 0xa2000001
01-09 22:18:46.732 1496 19327 I PAL: PayloadBuilder: findKVs: 2862: key: 0xac000000 value: 0xac000002
01-09 22:18:46.732 1496 19327 I PAL: PayloadBuilder: populateDevicePPCkv: 3584: SpeakerProt Status[0], RAS Status[0]
01-09 22:18:46.733 1496 19327 D agm_server_wrapper: Aif id 32 already added to session list of 126
01-09 22:18:46.733 1496 19327 I AGM: session: session_obj_set_sess_aif_metadata: 1782 Exit
01-09 22:18:46.733 1496 19327 D agm_server_wrapper: Aif id 32 already added to session list of 126
01-09 22:18:46.733 1496 19327 I AGM: API: agm_session_aif_connect: 652 connecting aifid:32 with session id=126
01-09 22:18:46.733 1496 19327 I PAL: API: pal_stream_open: 274: Exit. Value of stream_handle 0xb4000078dfc2b6f0K, status 0 : PAL_STREAM_DEEP_BUFFER(2)
01-09 22:18:46.733 1496 19327 D AHAL: AudioStream: GetBufferSize: 3364: type 2
01-09 22:18:46.733 1496 19327 D AHAL: AudioStream: Open: 3816: fragment_size_ 7680 fragments_ 4
01-09 22:18:46.733 1496 19327 D AHAL: AudioStream: Open: 3876: Exit ret: 0
01-09 22:18:46.733 1496 19327 D AHAL: AudioStream: ~AutoPerfLock: 167: (release) perf_lock_handle: 0x0, count: 1
01-09 22:18:46.733 1496 19327 D AHAL: AudioStream: ~AutoPerfLock: 171: Releasing perf_lock_handle: 0x0
01-09 22:18:46.733 1496 19327 D AHAL: AudioStream: AutoPerfLock: 157: (Acquired) perf_lock_handle: 0x0, count: 1
01-09 22:18:46.733 1496 19327 I PAL: API: pal_stream_start: 347: Enter. Stream handle 0xb4000078dfc2b6f0K
01-09 22:18:46.733 1496 19327 I PAL: SessionAlsaUtils: setDeviceMediaConfig: 1063: TDM-LPAIF-RX-PRIMARY rate ch fmt data_fmt 48000 2 6 1
01-09 22:18:46.733 1496 19327 I PAL: ResourceManager: voteSleepMonitor: 2226: Voting done for nlpi use case, lpi votes 0, nlpi votes : 1
01-09 22:18:46.735 1496 19327 D agm_client_wrapper: agm_session_open called with handle = fcf51bf0 , *handle = 0
01-09 22:18:46.756 1500 4905 I vendor.qti.bluetooth@1.1-ibs_handler: ProcessIbsCmd: Received IBS_SLEEP_IND: 0xFE
01-09 22:18:46.756 1500 4905 D vendor.qti.bluetooth@1.1-ibs_handler: SerialClockVote: vote for UART CLK OFF
01-09 22:18:46.757 2400 3159 D MotionEngine: [CALIBRATION] Calibration Secess(2)[0.0075 -0.0007 0.0038]
01-09 22:18:46.760 1496 19327 D AGM: graph: graph_open: 575 entry
01-09 22:18:46.761 1496 19327 D AGM: metadata: metadata_print: 79 *************************Metadata*************************
01-09 22:18:46.762 1496 19327 D AGM: metadata: metadata_print: 80 GKV size:4
01-09 22:18:46.762 1496 19327 D AGM: metadata: metadata_print: 83 key:0xa1000000, value:0xa1000001
01-09 22:18:46.763 1496 19327 D AGM: metadata: metadata_print: 83 key:0xab000000, value:0x1
01-09 22:18:46.763 1496 19327 D AGM: metadata: metadata_print: 83 key:0xa2000000, value:0xa2000001
01-09 22:18:46.763 1496 19327 D AGM: metadata: metadata_print: 83 key:0xac000000, value:0xac000002
01-09 22:18:46.763 1496 19327 D AGM: metadata: metadata_print: 87
01-09 22:18:46.763 1496 19327 D AGM: metadata: CKV count:2
01-09 22:18:46.763 1496 19327 D AGM: metadata: metadata_print: 90 key:0xa4000000, value:0xf
01-09 22:18:46.764 1496 19327 D AGM: metadata: metadata_print: 90 key:0xd2000000, value:0x0
01-09 22:18:46.764 1496 19327 D AGM: metadata: metadata_print: 92
01-09 22:18:46.764 1496 19327 D AGM: metadata: metadata_print: 94 Property ID:134217744
01-09 22:18:46.764 1496 19327 D AGM: metadata: metadata_print: 95 property count:4
01-09 22:18:46.764 1496 19327 D AGM: metadata: metadata_print: 98 Property Values:
01-09 22:18:46.764 1496 19327 D AGM: metadata: metadata_print: 100 0x1
01-09 22:18:46.764 1496 19327 D AGM: metadata: metadata_print: 100 0x3
01-09 22:18:46.764 1496 19327 D AGM: metadata: metadata_print: 100 0x2
01-09 22:18:46.764 1496 19327 D AGM: metadata: metadata_print: 100 0x5
01-09 22:18:46.764 1496 19327 D AGM: metadata: metadata_print: 102
01-09 22:18:46.764 1496 19327 D AGM: metadata: metadata_print: 103 ****************Metadata Done***************************
01-09 22:18:46.764 1496 19327 D AGM: metadata:
01-09 22:18:46.764 1496 19327 I AGM: graph: print_graph_alias: 2362 GKV Alias 26 | StreamRX_PCM_Deep_Buffer_DeviceRX_Speaker_Instance_Instance_1_DevicePP_Rx_Audio_MBDRC
01-09 22:18:46.764 1496 19327 D AGM: graph: graph_open: 655 miid 4001 mid 7001000 tag c0000002
01-09 22:18:46.764 1496 19327 D AGM: graph: graph_open: 703 miid 43b1 mid 700100e tag c0000004
01-09 22:18:46.764 1496 19327 D AGM: graph: graph_open: 655 miid 4019 mid 7001019 tag c0000006
01-09 22:18:46.764 1496 19327 D AGM: graph: graph_open: 655 miid 4003 mid 7001005 tag c000000e
01-09 22:18:46.764 1496 19327 D AGM: graph: graph_open: 655 miid 4004 mid 7001003 tag c0000010
01-09 22:18:46.764 1496 19327 D AGM: graph: graph_open: 655 miid 4163 mid 7001032 tag c0000013
01-09 22:18:46.764 1496 19327 I GPR: : vendor/qcom/proprietary/args/gpr/core/src/gpr_drv.c:__gpr_cmd_register_v2:931 GPR Register: Source Port is 8208 heap_index: 0
01-09 22:18:46.769 1496 19327 E ACDB : vendor/qcom/proprietary/args/acdb/src/acdb_command.c:AcdbCmdGetProcSubgraphCalDataPersist:8247 Error[19]: No calibration found
01-09 22:18:46.769 1496 19327 E ACDB : vendor/qcom/proprietary/args/acdb/src/acdb_command.c:AcdbCmdGetProcSubgraphCalDataPersist:8247 Error[19]: No calibration found
01-09 22:18:46.769 1496 19327 E ACDB : vendor/qcom/proprietary/args/acdb/src/acdb_command.c:AcdbCmdGetProcSubgraphCalDataPersist:8247 Error[19]: No calibration found
01-09 22:18:46.769 1496 19327 E ACDB : vendor/qcom/proprietary/args/acdb/src/acdb_command.c:AcdbCmdGetProcSubgraphCalDataPersist:8247 Error[19]: No calibration found
01-09 22:18:46.769 1496 19327 D AGM: graph: graph_open: 735 graph_handle 0x47534c
01-09 22:18:46.769 1496 19327 D AGM: graph: graph_open: 771 exit, ret 0
01-09 22:18:46.769 1496 19327 D agm_client_wrapper: agm_session_open Received handle = 0x76fcf51bf0 , *handle = b40000796fc1f450
01-09 22:18:46.770 1496 19327 D PLUGIN: pcm: agm_pcm_hw_params: 491 agm_pcm_hw_params: mode: 0
01-09 22:18:46.770 1496 19327 I PAL: PayloadBuilder: payloadMFCConfig: 822: sample_rate:48000 bit_width:24 num_channels:2 Miid:16566
01-09 22:18:46.770 8721 11734 I SamsungTTS: [Synthesize] generation done. [188345403][DOWNLOAD_CP_FD][AE:482407011][V:312460000][24000hz][72960b/1.52s][F:39ms][E:102ms][0.07xRT]
01-09 22:18:46.770 1496 19327 I PAL: Session: updateCustomPayload: 613: customPayloadSize = 32
01-09 22:18:46.770 1496 19327 D AGM: graph: graph_set_config: 1137 entry graph_handle 0x47534c
01-09 22:18:46.770 1496 19327 D AGM: graph: graph_set_config: 1145 exit, graph handle 0x47534c, ret 0
01-09 22:18:46.771 1496 19327 I PAL: Session: updateCustomPayload: 613: customPayloadSize = 40
01-09 22:18:46.771 1496 19327 D AGM: graph: graph_set_config: 1137 entry graph_handle 0x47534c
01-09 22:18:46.771 1496 19327 D AGM: graph: graph_set_config: 1145 exit, graph handle 0x47534c, ret 0
01-09 22:18:46.772 1496 19327 E ACDB : vendor/qcom/proprietary/args/acdb/src/acdb_command.c:AcdbCmdGetProcSubgraphCalDataPersist:8247 Error[19]: No calibration found
01-09 22:18:46.772 1496 19327 E ACDB : vendor/qcom/proprietary/args/acdb/src/acdb_command.c:AcdbCmdGetProcSubgraphCalDataPersist:8247 Error[19]: No calibration found
01-09 22:18:46.772 1496 19327 E ACDB : vendor/qcom/proprietary/args/acdb/src/acdb_command.c:AcdbCmdGetProcSubgraphCalDataPersist:8247 Error[19]: No calibration found
01-09 22:18:46.772 1496 19327 E ACDB : vendor/qcom/proprietary/args/acdb/src/acdb_command.c:AcdbCmdGetProcSubgraphCalDataPersist:8247 Error[19]: No calibration found
01-09 22:18:46.772 1496 19327 D AGM: graph: graph_prepare: 833 entry graph_handle 0x47534c
01-09 22:18:46.772 1496 19327 D AGM: graph_module: configure_pcm_shared_mem_ep: 1704 entry mod tag c0000002 miid 4001 mid 7001000
01-09 22:18:46.773 1496 19327 D AGM: graph_module: configure_pcm_shared_mem_ep: 1780 exit, ret 0
01-09 22:18:46.773 1496 19327 D AGM: graph_module: configure_hw_ep_media_config: 640 entry mod tag c0000004 miid 43b1 mid 700100e
01-09 22:18:46.773 1496 19327 D AGM: graph_module: configure_hw_ep_media_config: 670 rate 48000 bw 24 ch 2, data_fmt 1
01-09 22:18:46.773 1496 19327 D AGM: graph_module: configure_hw_ep_media_config: 680 exit, ret 0
01-09 22:18:46.774 1496 19327 D AGM: graph_module: configure_tdm_ep: 456 exit, ret 0
01-09 22:18:46.774 1496 19327 D AGM: graph_module: configure_output_media_format: 763 entry mod tag c000000e miid 4003 mid 7001005
01-09 22:18:46.774 1496 19327 D AGM: graph_module: configure_output_media_format: 894 exit, ret 0
01-09 22:18:46.774 1496 19327 D AGM: graph_module: configure_output_media_format: 763 entry mod tag c0000010 miid 4004 mid 7001003
01-09 22:18:46.775 1496 19327 D AGM: graph_module: configure_output_media_format: 894 exit, ret 0
01-09 22:18:46.775 1496 19327 D AGM: graph_module: configure_spr: 1908 SPR module IID 4163
01-09 22:18:46.775 1496 19327 D AGM: graph_module: configure_spr: 1931 HW EP module IID 43b1
01-09 22:18:46.775 1496 19327 D AGM: graph: configure_buffer_params: 204 Enter
01-09 22:18:46.775 1496 19327 D AGM: graph: configure_buffer_params: 267 Playback sess buf_sz 7680 num_bufs 4
01-09 22:18:46.775 1496 19327 E AGM: graph: configure_buffer_params: 300 Unsupported buffer mode : 0, Default to Blocking
01-09 22:18:46.775 1496 19327 D AGM: graph: configure_buffer_params: 320 exit, ret 0
01-09 22:18:46.777 1496 19327 D AGM: graph: graph_prepare: 911 exit, ret 0
01-09 22:18:46.778 1496 19327 D AGM: graph: graph_start: 925 entry graph_handle 0x47534c
01-09 22:18:46.781 1496 19327 D AGM: graph: graph_start: 938 exit, ret 0
01-09 22:18:46.802 1635 1635 I HWComposer: [4630946315032985731] ActiveConfigToHWC, ID : 9
01-09 22:18:46.802 1635 1635 I LayerHistory: StatusBar$_3670#88 voted 0, 0.00 fps
01-09 22:18:46.803 1635 1635 I LayerHistory: com.innowireless.xcal.mobile5/com.innowireless.xcal.mobile5.ui.Main_Activity$_10717#1386 Max (can't resolve refresh rate)
01-09 22:18:46.803 1635 1635 I SurfaceFlinger: Weight ignores com.innowireless.xcal.mobile5/com.innowireless.xcal.mobile5.ui.Main_Activity$_10717#1386 (type=Max, weight=0.01, seamlessness=Default) 0.00 Hz's 80.00 Hz
01-09 22:18:46.803 1635 1635 I SurfaceFlinger: Weight ignores com.innowireless.xcal.mobile5/com.innowireless.xcal.mobile5.ui.Main_Activity$_10717#1386 (type=Max, weight=0.01, seamlessness=Default) 0.00 Hz's 120.00 Hz
01-09 22:18:46.803 1635 1635 I SurfaceFlinger: scored - choose 60.00 Hz
01-09 22:18:46.806 1496 19327 I PAL: API: pal_stream_start: 396: Exit. status 0
01-09 22:18:46.807 1496 19327 I AHAL: AudioStream: configurePalOutputStream: 4092: notify GEF client of device config
01-09 22:18:46.807 1496 19327 I AudioSAEffectOffload: effect_update_payload_by_hal updateType:100000 OFFLOAD_EFFECT_ALL
01-09 22:18:46.807 1496 19327 D AudioSAEffectOffload: send_custom_payload_effect: enter, tag: 0xc00000b, custom_data_sz: 28
01-09 22:18:46.807 1496 19327 I PAL: ResourceManager: setParameter: 11978: PAL_PARAM_ID_UIEFFECT VOLUMEMONITOR_SET_PARAMS(0x10001f43)
01-09 22:18:46.808 1496 19327 I PAL: API: pal_gef_rw_param: 1597: set global parameter 4, status -22
01-09 22:18:46.808 1496 19327 I PAL: ResourceManager: setParameter: 11978: PAL_PARAM_ID_UIEFFECT VOLUMEMONITOR_SET_PARAMS(0x10001f43)
01-09 22:18:46.808 1496 19327 I PAL: API: pal_gef_rw_param: 1597: set global parameter 4, status -22
01-09 22:18:46.808 1496 19327 I PAL: ResourceManager: setParameter: 11978: PAL_PARAM_ID_UIEFFECT VOLUMEMONITOR_SET_PARAMS(0x10001f43)
01-09 22:18:46.808 1496 19327 I PAL: API: pal_gef_rw_param: 1597: set global parameter 4, status -22
01-09 22:18:46.808 1496 19327 I PAL: ResourceManager: setParameter: 11978: PAL_PARAM_ID_UIEFFECT VOLUMEMONITOR_SET_PARAMS(0x10001f43)
01-09 22:18:46.808 1496 19327 I PAL: API: pal_gef_rw_param: 1597: set global parameter 4, status -22
01-09 22:18:46.808 1496 19327 D AudioSAEffectOffload: send_custom_payload_effect: exit, tag: 0xc00000b, custom_data_sz: 28
01-09 22:18:46.808 1496 19327 D AudioSAEffectOffload: offload_param_dump() : status[-22] value[ VM,0,0,0,0,2,0,0 ]
01-09 22:18:46.808 1538 1930 I SDM : HWDeviceDRM::SetDisplaySwitchMode: [DispConfigs] check hs_mode 1
01-09 22:18:46.808 1538 1930 W SDM : HWDeviceDRM::GetSupportedBitClkRate: Requested rate not supported: 1362080000
01-09 22:18:46.808 1538 1930 I SDM : HWDeviceDRM::SetDisplaySwitchMode: [DispConfigs] Set mode index:9 1080x2340x60xcmdHS, hs_mode(1), found_mode(1)
01-09 22:18:46.808 1496 19327 D AHAL: AudioStream: ~AutoPerfLock: 167: (release) perf_lock_handle: 0x0, count: 1
01-09 22:18:46.808 1496 19327 D AHAL: AudioStream: ~AutoPerfLock: 171: Releasing perf_lock_handle: 0x0
01-09 22:18:46.809 1538 1930 I SDM : HWDeviceDRM::UpdateMixerAttributes: Mixer WxH 1080x2340-1 for Peripheral
01-09 22:18:46.809 1538 1930 I SDM : HWCDisplay::SubmitDisplayConfig: [MultiResolution] Set FrameBuffer to config = 9, wh = (1080, 2340)
01-09 22:18:46.809 1619 2927 D AudioFlinger: mixer(0xb400007f8aade6a0) Spend too much time to write: delta 82(effect 0, stage 1)
01-09 22:18:46.809 1538 1930 I SDM : DisplayBase::SetFrameBufferConfig: New framebuffer resolution (1080x2340)
01-09 22:18:46.809 1538 1930 I SDM : HWCDisplay::SetFrameBufferConfig: New framebuffer resolution (1080x2340)
01-09 22:18:46.809 1538 1930 I SDM : HWCDisplay::SubmitDisplayConfig: Active configuration changed from config 12 to 9
01-09 22:18:46.816 1507 10083 I sensors-hal: handle_sns_std_sensor_event:156, [17227] Pressure 1011.634, cal -0.242, sw_offset 0.000
01-09 22:18:46.818 1507 18926 I sensors-hal: handle_sns_client_event:422, [1][0] gyro_sample_cal(cal_available:48335)(3) [ 0.003, 0.001, 0.002] bias[ 0.004, 0.005, 0.006] 1062008450907
01-09 22:18:46.826 1635 4760 I VSyncReactor: Current= 24, Period= 60, hwcPeriod= 60
01-09 22:18:46.843 2400 2632 D LocalDisplayAdapter: updateActiveModeLocked for d=4630946315032985731, mActiveModeId=10, mActiveSfDisplayMode=DisplayMode{id=9, width=1080, height=2340, xDpi=381.0, yDpi=378.573, refreshRate=60.000004, appVsyncOffsetNanos=0, presentationDeadlineNanos=17666666, supportedHdrTypes=[4, 2, 3], group=1080}
01-09 22:18:46.845 2400 2632 I DisplayDeviceRepository: Display device changed: DisplayDeviceInfo{"Built-in Screen": uniqueId="local:4630946315032985731", 1440 x 3120, modeId 10, renderFrameRate 60.000004, defaultModeId 3, supportedModes [{id=1, width=1440, height=3120, fps=120.00001, alternativeRefreshRates=[10.0, 24.000002, 30.000002, 48.000004, 60.000004, 80.0], supportedHdrTypes=[2, 3, 4]}, {id=2, width=1440, height=3120, fps=80.0, alternativeRefreshRates=[10.0, 24.000002, 30.000002, 48.000004, 60.000004, 120.00001], supportedHdrTypes=[2, 3, 4]}, {id=3, width=1440, height=3120, fps=60.000004, alternativeRefreshRates=[10.0, 24.000002, 30.000002, 48.000004, 80.0, 120.00001], supportedHdrTypes=[2, 3, 4]}, {id=4, width=1440, height=3120, fps=48.000004, alternativeRefreshRates=[10.0, 24.000002, 30.000002, 60.000004, 80.0, 120.00001], supportedHdrTypes=[2, 3, 4]}, {id=5, width=1440, height=3120, fps=30.000002, alternativeRefreshRates=[10.0, 24.000002, 48.000004, 60.000004, 80.0, 120.00001], supportedHdrTypes=[2, 3, 4]}, {id=6, width=1440, height=3120, fps=24.000002, alternativeRefreshRates=[10.0, 30.000002, 48.000004, 60.000004, 80.0, 120.00001], supportedHdrTypes=[2, 3, 4]}, {id=7, width=1440, height=3120, fps=10.0, alternativeRefreshRates=[24.000002, 30.000002, 48.000004, 60.000004, 80.0, 120.00001], supportedHdrTypes=[2, 3, 4]}, {id=8, width=1080, height=2340, fps=120.00001, alternativeRefreshRates=[10.0, 24.000002, 30.000002, 48.000004, 60.000004, 80.0], supportedHdrTypes=[2, 3, 4]}, {id=9, width=1080, height=2340, fps=80.0, alternativeRefreshRates=[10.0, 24.000002, 30.000002, 48.000004, 60.000004, 120.00001], supportedHdrTypes=[2, 3, 4]}, {id=10, width=1080, height=2340, fps=60.000004, alternativeRefreshRates=[10.0, 24.000002, 30.000002, 48.000004, 80.0, 120.00001], supportedHdrTypes=[2, 3, 4]}, {id=11, width=1080, height=2340, fps=48.000004, alternativeRefreshRates=[10.0, 24.000002, 30.000002, 60.000004, 80.0, 120.00001], supportedHdrTypes=[2, 3, 4]}, {id=12, width=1080, height=2340, fps=30.000002, alternativeRefreshRates=[10.0, 24.000002, 48.000004, 60.000004, 80.0, 120.00001], supportedHdrTypes=[2, 3, 4]}, {id=13, width=1080, height=2340, fps=24.000002, alternativeRefreshRates=[10.0, 30.000002, 48.000004, 60.000004, 80.0, 120.00001], supportedHdrTypes=[2, 3, 4]}, {id=14, width=1080, height=2340, fps=10.0, alternativeRefreshRates=[24.000002, 30.000002, 48.000004, 60.000004, 80.0, 120.00001], supportedHdrTypes=[2, 3, 4]}, {id=15, width=720, height=1560, fps=120.00001, alternativeRefreshRates=[10.0, 24.000002, 30.000002, 48.000004, 60.000004, 80.0], supportedHdrTypes=[2, 3, 4]}, {id=16, width=720, height=1560, fps=80.0, alternativeRefreshRates=[10.0, 24.000002, 30.000002, 48.000004, 60.000004, 120.00001], supportedHdrTypes=[2, 3, 4]}, {id=17, width=720, height=1560, fps=60.000004, alternativeRefreshRates=[10.0, 24.000002, 30.000002, 48.000004, 80.0, 120.00001], supportedHdrTypes=[2, 3, 4]}, {id=18, width=720, height=1560, fps=48.000004, alternativeRefreshRates=[10.0, 24.000002, 30.000002, 60.000004, 80.0, 120.00001], supportedHdrTypes=[2, 3, 4]}, {id=19, width=720, height=1560, fps=30.000002, alternativeRefreshRates=[10.0, 24.000002, 48.000004, 60.000004, 80.0, 120.00001], supportedHdrTypes=[2, 3, 4]}, {id=20, width=720, height=1560, fps=24.000002, alternativeRefreshRates=[10.0, 30.000002, 48.000004, 60.000004, 80.0, 120.00001], supportedHdrTypes=[2, 3, 4]}, {id=21, width=720, height=1560, fps=10.0, alternativeRefreshRates=[24.000002, 30.000002, 48.000004, 60.000004, 80.0, 120.00001], supportedHdrTypes=[2, 3, 4]}], colorMode 0, supportedColorModes [0, 7, 9], hdrCapabilities HdrCapabilities{mSupportedHdrTypes=[2, 3, 4], mMaxLuminance=450.0, mMaxAverageLuminance=225.00024, mMinLuminance=5.0E-4}, allmSupported false, gameContentTypeSupported false, density 600, 508.0 x 504.764 dpi, appVsyncOff 0, presDeadline 17666666, cutout DisplayCutout{insets=Rect(0, 101 - 0, 0) waterfall=Insets{left=0, top=0, right=0, bottom=0} boundingRect={Bounds=[Rect(0, 0 - 0, 0), Rect(687, 0 - 754, 101), Rect(0, 0 - 0, 0), Rect(0, 0 - 0, 0)]} cut
01-09 22:18:46.851 2400 6615 D LiftUpHandler: [LTW] Stopped already.
01-09 22:18:46.852 2400 2632 D DisplayManagerService: Ignore redundant display event 0/2 to 10310/5668
01-09 22:18:46.852 2400 2632 D DisplayManagerService: Ignore redundant display event 0/2 to 10262/7294
01-09 22:18:46.852 2400 2632 D DisplayManagerService: Ignore redundant display event 0/2 to 10367/12808
01-09 22:18:46.854 7383 7383 I ViewRootImpl@d5c0726[InputMethod]: onDisplayChanged oldDisplayState=2 newDisplayState=2
01-09 22:18:46.854 7383 7383 I SPenContext: virtual void SPen::Context::SetDisplayRefreshRate(float) framerate=60
01-09 22:18:46.854 7383 7383 I LatencyConfiguration: void SPen::LatencyConfiguration::UpdateRefreshRate(float) RefreshRate=60.000004
01-09 22:18:46.854 7383 7383 I LatencyConfiguration: void SPen::LatencyConfiguration::UpdateRefreshRate(float) RefreshRateCallback 0xb40000722d535c10
01-09 22:18:46.854 7383 7383 I spe_log : virtual void SPen::FbrDrawPad::SetRefreshRate(float) = 60.000
01-09 22:18:46.854 7383 7383 I spe_log : virtual void SPen::FbrDrawPad::SetRefreshRate(float) mFrameDurationNano=16666667, mDisplayRefreshDurationNano: 16666667
01-09 22:18:46.854 7383 7383 I spe_log : virtual void SPen::LowLatencyStrokeView::SetRefreshRate(float) refresh rate=60.000
01-09 22:18:46.855 2400 2400 D SGM:GameManager: onDisplayChanged. displyId: 0, state: 2
01-09 22:18:46.855 2400 2400 D SGM:GameManager: dpi: 450, longPixel: 2129, shortPixel: 1080
01-09 22:18:46.855 2400 2400 D AODManagerService: requestReCalToTSP IsSingleTouchMode = falserequestedReCalToTSP = false / previousDisplayState = ON
01-09 22:18:46.856 4060 4060 I ViewRootImpl@80703e9[CocktailBarService]: onDisplayChanged oldDisplayState=2 newDisplayState=2
01-09 22:18:46.856 4060 4060 I ViewRootImpl@2b5c4f7[LauncherActivity]: onDisplayChanged oldDisplayState=2 newDisplayState=2
01-09 22:18:46.856 4060 4060 I ViewRootImpl@76b08a4[RecentsActivity]: onDisplayChanged oldDisplayState=2 newDisplayState=2
01-09 22:18:46.856 4060 4060 I ViewRootImpl@fdce115[RecentsTransitionOverlay]: onDisplayChanged oldDisplayState=2 newDisplayState=2
01-09 22:18:46.856 4060 8921 I HoneySpace.RefreshRateSource: singleFrameMs 16
01-09 22:18:46.855 2400 3306 D SGM:FgCheckThread: onLooperPrepared(), msg: MSG_LCD_ON
01-09 22:18:46.858 2400 2632 D RefreshRateModeManager: updateDefaultDisplayToken: android.os.BinderProxy@9b6f71e, isChanged: false
01-09 22:18:46.859 1635 1809 I VSyncReactor: Current= 60, Period= 60, Distance= 0
01-09 22:18:46.860 3670 3747 I ViewRootImpl@dc01367[ShellDropTarget]: onDisplayChanged oldDisplayState=2 newDisplayState=2
01-09 22:18:46.861 3670 3841 D StackScroller: onDisplayChanged for predraw skip to 2
01-09 22:18:46.861 3670 3670 D DisplayLifecycle: updateDisplay id = 0
01-09 22:18:46.862 3670 3670 I ViewRootImpl@acc37e0[LockscreenShortcutBlur]: onDisplayChanged oldDisplayState=2 newDisplayState=2
01-09 22:18:46.862 3670 3670 I ViewRootImpl@91af0bf[NavigationBar0]: onDisplayChanged oldDisplayState=2 newDisplayState=2
01-09 22:18:46.862 3670 3670 I ViewRootImpl@e9971b[NotificationShade]: onDisplayChanged oldDisplayState=2 newDisplayState=2
01-09 22:18:46.862 3670 3670 I ViewRootImpl@518c0ef[StatusBar]: onDisplayChanged oldDisplayState=2 newDisplayState=2
01-09 22:18:46.862 3670 3670 I ViewRootImpl@4a00117[Bouncer]: onDisplayChanged oldDisplayState=2 newDisplayState=2
01-09 22:18:46.865 1500 4905 I vendor.qti.bluetooth@1.1-ibs_handler: ProcessIbsCmd: Received IBS_WAKE_IND: 0xFD
01-09 22:18:46.865 1500 4905 D vendor.qti.bluetooth@1.1-ibs_handler: SerialClockVote: vote for UART CLK ON
01-09 22:18:46.865 1500 4905 I vendor.qti.bluetooth@1.1-ibs_handler: ProcessIbsCmd: Writing IBS_WAKE_ACK
01-09 22:18:46.867 4020 4928 D BtGatt.GattService: onScanResult to scannerId: 6- eventType=0x0, addressType=1, address=XX:XX:XX:XX:31:56, primaryPhy=1, secondaryPhy=1, advertisingSid=0x0, txPower=127, rssi=-31, periodicAdvInt=0x0
01-09 22:18:46.878 1635 4760 I VSyncReactor: Current= 60, Period= 60, Distance= 60
01-09 22:18:46.878 10717 10717 I ViewRootImpl@2071ed5[Main_Activity]: onDisplayChanged oldDisplayState=2 newDisplayState=2
01-09 22:18:46.879 10717 10717 I ViewRootImpl@cec25af[Main_Activity]: onDisplayChanged oldDisplayState=2 newDisplayState=2
01-09 22:18:46.906 1500 4905 I vendor.qti.bluetooth@1.1-ibs_handler: ProcessIbsCmd: Received IBS_SLEEP_IND: 0xFE
01-09 22:18:46.906 1500 4905 D vendor.qti.bluetooth@1.1-ibs_handler: SerialClockVote: vote for UART CLK OFF
01-09 22:18:46.936 1619 2927 D AudioFlinger: mixer(0xb400007f8aade6a0) throttle end: throttle time(65)
01-09 22:18:46.939 2400 3538 D SemWifiSwitchForIndividualAppsService: isSkipNetworkCondition - result:2
01-09 22:18:46.948 2400 3388 D GnssLocationProvider_ex: SV Count : 2 / 6 (PRN, Constellation, SNR, Used)
01-09 22:18:46.948 2400 3388 D GnssLocationProvider_ex: (25, GPS, 19.1, 0) (39, BEIDOU, 20.6, 0) (16, BEIDOU, 22.7, 0) (9, BEIDOU, 30.8, 1) (4, GALILEO, 21.5, 1) (9, GALILEO, 21.1, 0)
01-09 22:18:46.950 4893 5021 I GnssEngineManager_FLP: updateSatelliteStatus, top4=23, top6=22, visibleSv=6, usedSv=2, usedL5Sv=0 (usedGps=0, usedGlo=0, usedBds=1, usedGal=1)
01-09 22:18:46.976 1081 1081 D io_stats: !@ 8,0 r 238678 9588156 w 128653 3165812 d 61701 159083664 f 5277 10311 iot 148432 0 th 0 0 0 pt 0 inp 0 0 1062.178
01-09 22:18:46.984 4020 4129 W bt_stack: [WARNING:gatt_utils.cc(742)] Service Changed notification timed out in 30 seconds, assuming server-only remote, not disconnecting
01-09 22:18:47.053 2400 3159 D MotionEngine: [@@@ Motion Engine @@@] GetMotionScenarioId 0.465404 2.270190 9.600004 -0.068775 -0.025550 0.004900 8 51 20
01-09 22:18:47.053 2400 3159 D MotionEngine: [@@@ Motion Engine @@@] GnStuckMode 0
01-09 22:18:47.056 1500 4137 D vendor.qti.bluetooth@1.1-wake_lock: Release wakelock is released
01-09 22:18:47.217 9398 9398 I AudioPathManager: loadAudioPath() : loaded audio path is speaker (0)
01-09 22:18:47.218 9398 9398 I AudioManager: getParameters keys = g_effect_active_sound_info=track
01-09 22:18:47.218 1619 10130 I SecAudioParamFlinger: getActiveSoundInfo 1, trackFormat 1, outputFormat 4
01-09 22:18:47.219 9398 9398 I AudioManagerWrapper: getActiveSoundFormat() : active sound format is 1
01-09 22:18:47.219 9398 9398 I RestrictModeUtil: isOwnerMode() : user id is 0
01-09 22:18:47.220 9398 9398 I RestrictModeUtil: isDexMode() : DeX mode is off
01-09 22:18:47.220 9398 9398 I RestrictModeUtil: isEmergencyMode() : emergency mode is disabled
01-09 22:18:47.220 9398 9398 I EffectManager: isSupportDolbyAtmosOnThisAudioPath() : path is speaker (0)
01-09 22:18:47.220 9398 9398 I EffectManager: isSupportDolbyAtmosOnThisAudioPath() : speaker type is stereo
01-09 22:18:47.220 9398 9398 I EffectManager: isSpatialAudioActive() : mode is off (0)
01-09 22:18:47.221 1619 10130 D DlbEffectContext: getParam() received parameter EFFECT_PARAM_PROFILE
01-09 22:18:47.222 1619 10130 D DlbEffectContext: getParam() received parameter EFFECT_PARAM_PROFILE
01-09 22:18:47.222 1619 10130 D DlbEffectContext: getParam() received parameter EFFECT_PARAM_PROFILE
01-09 22:18:47.222 1619 10130 D DlbEffectContext: getParam() received parameter EFFECT_PARAM_PROFILE
01-09 22:18:47.222 1619 10130 D DlbEffectContext: getParam() received parameter EFFECT_PARAM_PROFILE
01-09 22:18:47.222 9398 9398 I DolbyAtmosWrapper: getProfile() : for dolby atmos, -1
01-09 22:18:47.223 9398 9398 I AudioManager: setParameters keyValuePairs = g_effect_dolby_enable=0;g_effect_dolby_profile=5
01-09 22:18:47.224 1619 1815 D DlbSpatializerEffectContext: setParam() received parameter SPATIALIZER_PARAM_ENABLE
01-09 22:18:47.225 1496 6825 D DlbEffectContext: setParam() received parameter EFFECT_PARAM_ENABLE
01-09 22:18:47.225 1496 6825 D AudioSAEffectOffload: send_custom_payload_effect: enter, tag: 0xc000004, custom_data_sz: 12
01-09 22:18:47.225 1496 6825 I PAL: ResourceManager: setParameter: 11978: PAL_PARAM_ID_UIEFFECT DOLBY_DAP_PARAMS(0x10001fd1)
01-09 22:18:47.225 1496 6825 I PAL: API: pal_gef_rw_param: 1597: set global parameter 4, status -22
01-09 22:18:47.225 1496 6825 D AudioSAEffectOffload: send_custom_payload_effect: exit, tag: 0xc000004, custom_data_sz: 12
01-09 22:18:47.225 1496 6825 D AudioSAEffectOffload: offload_param_dump() : status[-22] value[ DLB,0,2,5 ]
01-09 22:18:47.225 1619 1815 D DlbEffectContext: setParam() received parameter EFFECT_PARAM_ENABLE
01-09 22:18:47.225 1619 1815 D DlbEffectContext: setParam() received parameter EFFECT_PARAM_ENABLE
01-09 22:18:47.225 1619 1815 D DlbEffectContext: setParam() received parameter EFFECT_PARAM_ENABLE
01-09 22:18:47.225 1619 1815 D DlbEffectContext: setParam() received parameter EFFECT_PARAM_ENABLE
01-09 22:18:47.225 1619 1815 D DlbEffectContext: setParam() received parameter EFFECT_PARAM_ENABLE
01-09 22:18:47.226 9398 9398 I DolbyAtmosWrapper: setProfileEnabled() : for dolby atmos, false
01-09 22:18:47.226 1496 6825 D DlbEffectContext: setParam() received parameter EFFECT_PARAM_PROFILE
01-09 22:18:47.226 1496 6825 D DlbEffectContext: setProfile(profile=5) stageIdx:-1303
01-09 22:18:47.226 1496 6825 D AudioSAEffectOffload: send_custom_payload_effect: enter, tag: 0xc000004, custom_data_sz: 12
01-09 22:18:47.226 1496 6825 I PAL: ResourceManager: setParameter: 11978: PAL_PARAM_ID_UIEFFECT DOLBY_DAP_PARAMS(0x10001fd1)
01-09 22:18:47.226 1496 6825 I PAL: API: pal_gef_rw_param: 1597: set global parameter 4, status -22
01-09 22:18:47.226 1496 6825 D AudioSAEffectOffload: send_custom_payload_effect: exit, tag: 0xc000004, custom_data_sz: 12
01-09 22:18:47.226 1496 6825 D AudioSAEffectOffload: offload_param_dump() : status[-22] value[ DLB,0,2,5 ]
01-09 22:18:47.226 1619 1815 D DlbEffectContext: setParam() received parameter EFFECT_PARAM_PROFILE
01-09 22:18:47.226 1619 1815 D DlbEffectContext: setProfile(profile=5) stageIdx:-2105
01-09 22:18:47.226 1619 1815 D DlbEffectContext: setParam() received parameter EFFECT_PARAM_PROFILE
01-09 22:18:47.226 1619 1815 D DlbEffectContext: setProfile(profile=5) stageIdx:-2108
01-09 22:18:47.226 1619 1815 D DlbEffectContext: setParam() received parameter EFFECT_PARAM_PROFILE
01-09 22:18:47.226 1619 1815 D DlbEffectContext: setProfile(profile=5) stageIdx:-2113
01-09 22:18:47.226 1619 1815 D DlbEffectContext: setParam() received parameter EFFECT_PARAM_PROFILE
01-09 22:18:47.226 1619 1815 D DlbEffectContext: setProfile(profile=5) stageIdx:-2902
01-09 22:18:47.226 1619 1815 D DlbEffectContext: setParam() received parameter EFFECT_PARAM_PROFILE
01-09 22:18:47.226 1619 1815 D DlbEffectContext: setProfile(profile=5) stageIdx:-3702
01-09 22:18:47.226 9398 9398 I DolbyAtmosWrapper: setProfile() : for dolby atmos, 5
01-09 22:18:47.226 9398 9398 I EffectManager: setEffectDolbyAtmos() : enable is false, mode is off (5)
01-09 22:18:47.226 9398 9398 I AudioPathManager: loadAudioPath() : loaded audio path is speaker (0)
01-09 22:18:47.226 9398 9398 I EffectManager: setEffectDolbyAtmos() : concert hall will be restored as 0
01-09 22:18:47.227 1619 1815 I SoundAlive_Interface_a64: [ 1 ][ 192000 ]Set_User_CH() : 0
01-09 22:18:47.227 1619 1815 I SoundAlive_Interface_a64: [ 2 ][ 48000 ]Set_User_CH() : 0
01-09 22:18:47.227 1619 1815 I SoundAlive_Interface_a64: [ 3 ][ 48000 ]Set_User_CH() : 0
01-09 22:18:47.227 1619 1815 I SoundAlive_Interface_a64: [ 4 ][ 48000 ]Set_User_CH() : 0
01-09 22:18:47.227 9398 9398 I SoundAliveWrapper: setStrength() : type is concert hall (3), strength is 0
01-09 22:18:47.227 9398 9398 I EffectManager: isSupportDolbyAtmosOnThisAudioPath() : path is speaker (0)
01-09 22:18:47.227 9398 9398 I EffectManager: isSupportDolbyAtmosOnThisAudioPath() : speaker type is stereo
01-09 22:18:47.227 9398 9398 I PreferencesManager: getDolbyAtmosForGamingSwitch() : default value is 0
01-09 22:18:47.227 9398 9398 I AudioPathManager: loadAudioPath() : loaded audio path is speaker (0)
01-09 22:18:47.227 9398 9398 I EffectManager: isSupportDolbyAtmosOnThisAudioPath() : path is speaker (0)
01-09 22:18:47.227 9398 9398 I EffectManager: isSupportDolbyAtmosOnThisAudioPath() : speaker type is stereo
01-09 22:18:47.227 9398 9398 I AudioManager: setParameters keyValuePairs = g_effect_game_dolby_enable=0
01-09 22:18:47.228 9398 9398 I DolbyAtmosWrapper: setProfileEnabled() : for dolby atmos for gaming, false
01-09 22:18:47.229 9398 9398 I DolbyAtmosWrapper: setProfile() : for dolby atmos for gaming, 5
01-09 22:18:47.229 9398 9398 I AudioPathManager: loadAudioPath() : loaded audio path is speaker (0)
01-09 22:18:47.229 9398 9398 I RestrictModeUtil: isOwnerMode() : user id is 0
01-09 22:18:47.229 9398 9398 I RestrictModeUtil: isDexMode() : DeX mode is off
01-09 22:18:47.229 9398 9398 I RestrictModeUtil: isEmergencyMode() : emergency mode is disabled
01-09 22:18:47.230 1496 6825 D AudioSAEffectOffload: send_custom_payload_effect: enter, tag: 0xc000005, custom_data_sz: 104
01-09 22:18:47.230 1496 6825 I PAL: ResourceManager: setParameter: 11978: PAL_PARAM_ID_UIEFFECT SA_PARAMS(0x10001fa1)
01-09 22:18:47.230 1496 6825 I PAL: API: pal_gef_rw_param: 1597: set global parameter 4, status -22
01-09 22:18:47.230 1496 6825 D AudioSAEffectOffload: send_custom_payload_effect: exit, tag: 0xc000005, custom_data_sz: 104
01-09 22:18:47.230 1496 6825 D AudioSAEffectOffload: offload_param_dump() : status[-22] value[ SA,2,0,0,0,0,0,0,0,0,0,0,0,0,0,0,0,0,4,4,1,1,0,0,0,0,0 ]
01-09 22:18:47.230 1619 10130 I SoundAlive_Interface_a64: [ 1 ][ 192000 ]Set_USER_EQ() : 0, 0, 0, 0, 0, 0, 0, 0, 0
01-09 22:18:47.230 1619 10130 I SoundAlive_Interface_a64: [ 2 ][ 48000 ]Set_USER_EQ() : 0, 0, 0, 0, 0, 0, 0, 0, 0
01-09 22:18:47.231 1619 10130 I SoundAlive_Interface_a64: [ 3 ][ 48000 ]Set_USER_EQ() : 0, 0, 0, 0, 0, 0, 0, 0, 0
01-09 22:18:47.231 1619 10130 I SoundAlive_Interface_a64: [ 4 ][ 48000 ]Set_USER_EQ() : 0, 0, 0, 0, 0, 0, 0, 0, 0
01-09 22:18:47.231 9398 9398 I SoundAliveWrapper: setEqualizer() : preset is normal (0), levels for 9 bands are 0 0 0 0 0 0 0 0 0
01-09 22:18:47.231 9398 9398 I EffectManager: updateEqualizerAdvancedState() : this device doesn't support advanced equalizer
01-09 22:18:47.231 9398 9398 I AudioPathManager: loadAudioPath() : loaded audio path is speaker (0)
01-09 22:18:47.232 9398 9398 I EffectManager: isSupportUHQUpscalerOnCurrentAudioPath() : path is speaker (0), device type is builtin speaker (2)
01-09 22:18:47.232 9398 9398 I EffectManager: updateUHQUpscalerState() : uhq upscaler is not available on current audio path
01-09 22:18:47.232 9398 9398 I EffectManager: updateUHQUpscalerState() : audio path is speaker, so skip writing mode to settings db
01-09 22:18:47.232 9398 9398 I LocalBroadcastManager: sendLocalBroadcast() : action is 1
01-09 22:18:47.233 9398 9398 I AudioManagerWrapper: getCurrentMediaVolume() : current media volume is 1
01-09 22:18:47.234 9398 9398 I AudioPathManager: loadAudioPath() : loaded audio path is speaker (0)
01-09 22:18:47.234 9398 9398 I ModelUtil: isHighEndModel() : this model is SM-S928N
01-09 22:18:47.234 9398 9398 I EffectManager: isSupportDolbyAtmosOnThisAudioPath() : path is speaker (0)
01-09 22:18:47.234 9398 9398 I EffectManager: isSupportDolbyAtmosOnThisAudioPath() : speaker type is stereo
01-09 22:18:47.234 9398 9398 I DVFSHelper: isNecessaryToBoostCPU() : isDolbyOn? false, isUHQUpscalerOn? false
01-09 22:18:47.234 9398 9398 I DVFSHelper: acquireBoostingCPU() : stop boosting cpu
01-09 22:18:47.408 1507 10086 I sensors-hal: handle_sns_client_event:375, [0][72119] accel_sample [ 0.446, 2.265, 9.603] 1062598193824
01-09 22:18:47.434 10717 11271 D GPS : NMEA is null
01-09 22:18:47.435 10717 11271 D GPS : mGPSLocationListener.getLocation() is null
01-09 22:18:47.435 10717 11271 D GPS : getLastKnownLocation is not null
01-09 22:18:47.435 10717 11271 D GPS : mGPSSatelites : 6
01-09 22:18:47.435 10717 11271 D GPS : Android GPS is vaild.
01-09 22:18:47.517 8721 11289 I SamsungTTS: [Synthesize] upload done.
01-09 22:18:47.515 2400 3913 D SemContextService: lock : requestToUpdate
01-09 22:18:47.518 8721 11289 W ContextImpl: Calling a method in the system process without a qualified user: android.app.ContextImpl.sendBroadcast:1281 android.content.ContextWrapper.sendBroadcast:513 android.speech.tts.TextToSpeechService$SynthThread.broadcastTtsQueueProcessingCompleted:471 android.speech.tts.TextToSpeechService$SynthThread.queueIdle:463 android.os.MessageQueue.next:404
01-09 22:18:47.519 2400 3913 W CAE : setCAProperty(ContextAwareService.java:509) - [setProperty 01] Mutex is locked for CH_LOC_TRIGGER
01-09 22:18:47.520 2400 3347 D SensorService: setSContextDataLocked ints length 2 , byte length 4
01-09 22:18:47.520 2400 3347 D SensorService: setSContextDataLocked 3db8
01-09 22:18:47.521 1477 1477 D Diag-Router: diag: qrtr_perif_send: Sending cmd pkt of len: 4 to perif: modem with port: node [401c: 1]
01-09 22:18:47.521 1507 1507 I sensors-hal: inject_sensor_data:407, handle 1501 send inject
01-09 22:18:47.521 1507 1507 I sensors-hal: sendContextData:288, sensor hal 4, (0xb8, 0x3d, 0x0, 0x0)
01-09 22:18:47.521 1507 1507 I sensors-hal: sendContextData:131, change_location_trigger 4,184
01-09 22:18:47.521 1507 1507 I sensors-hal: sendUserData:118, change_location_trigger h 184 m 61 s 0
01-09 22:18:47.521 1507 1507 I sensors-hal: create_send_context_data:66, change_location_trigger create_send_context_data
01-09 22:18:47.521 1507 1507 I sensors-hal: send_context_data:694, change_location_trigger, -244018566922240, 1320970896291267344, msgid:700
01-09 22:18:47.521 1477 1477 D Diag-Router: diag: qrtr_perif_send: Sending cmd pkt of len: 4 to perif: modem with port: node [401c: 1]
01-09 22:18:47.522 1507 3343 I sensors-hal: qsh_conn_resp_cb:930, resp_value = 0 for change_location_trigger
01-09 22:18:47.522 2400 3913 W CAE : setCAProperty(ContextAwareService.java:515) - [setProperty 02] Mutex is unlocked for CH_LOC_TRIGGER
01-09 22:18:47.522 2400 3913 D SemContextService: .requestToUpdate() : service = Location Change Trigger
01-09 22:18:47.522 2400 3913 D SemContextService: unlock : requestToUpdate
01-09 22:18:47.522 2400 3913 D SemContextManager: .requestToUpdate : listener = com.android.server.location.nsflp.NSLocationMonitor$5@11a7a99, service=Location Change Trigger
01-09 22:18:47.523 4893 12709 I NewStopController_FLP: StateChecker, check stationary message
01-09 22:18:47.542 1507 3343 I sensors-hal: qsh_conn_event_cb:890, event[0] sensor:change_location_trigger Wakeup, msg_id=1025, ts=20685608730
01-09 22:18:47.542 1507 3343 I sensors-hal: handle_sns_client_event:85, change_location_trigger_event: msgid:1025
01-09 22:18:47.542 1507 3343 I sensors-hal: handle_sns_client_event:108, change_location_trigger_event: 255, 255
01-09 22:18:47.545 2400 3341 D CAE : onGetSensorHubData(SensorHubParserProvider.java:92) - onGetSensorHubData Event [event buffer len :15], AP_WAKEUP
01-09 22:18:47.545 2400 3341 I CAE : parse(SensorHubParserProvider.java:193) - buffer size = 15
01-09 22:18:47.545 2400 3341 I CAE : parse(SensorHubParserProvider.java:204) - 1, 1, 61, -1, 0, 2, 1, 0, 0, 0, 1, 0, 0, 0, 0,
01-09 22:18:47.546 2400 3341 D CAE : display(ContextProvider.java:375) - ================= CH_LOC_TRIGGER =================
01-09 22:18:47.546 2400 3341 I CAE : display(ContextProvider.java:391) - duration=[1], property=[1], result=[2], reserved=[0]
01-09 22:18:47.547 2400 3338 D SemContextService: Service.updateContext() : service = Location Change Trigger
01-09 22:18:47.548 2400 2400 D SemContextManager: onSemContextChanged() : event = Location Change Trigger
01-09 22:18:47.548 2400 2400 D NSLocationMonitor: onSemContextChanged, activity : 1 result : 2 movement : 1
01-09 22:18:47.577 10717 11320 W ss.xcal.mobile5: Accessing hidden method Landroid/telephony/TelephonyManager;->getServiceStateForSubscriber(I)Landroid/telephony/ServiceState; (max-target-p, reflection, denied)
01-09 22:18:47.586 3642 3652 W TelephonyPermissions: reportAccessDeniedToReadIdentifiers:com.innowireless.xcal.mobile5:getAllSubInfoList:3
01-09 22:18:47.600 3642 3652 W TelephonyPermissions: reportAccessDeniedToReadIdentifiers:com.innowireless.xcal.mobile5:getAllSubInfoList:3
01-09 22:18:47.756 2400 3913 D KNOX_MDM_SettingsProvider: isChangeAllowed() : name = airplane_mode_on
01-09 22:18:47.756 2400 3913 D KNOX_MDM_SettingsProvider: edmUri: content://com.sec.knox.provider/RestrictionPolicy3
01-09 22:18:47.756 2400 3913 D KNOX_MDM_SettingsProvider: projectionArgs: isSettingsChangesAllowed
01-09 22:18:47.756 2400 3913 D KNOX_MDM_SettingsProvider: selectionArgs: false
01-09 22:18:47.756 2400 3913 D KNOX_MDM_SettingsProvider: selectionArgs: 0
01-09 22:18:47.756 2400 3913 D SecContentProvider: query(), uri = 17 selection = isSettingsChangesAllowed
01-09 22:18:47.757 2400 3913 D SecContentProvider: called from fail to get caller name
01-09 22:18:47.757 2400 3913 D RestrictionPolicy: isSettingsChangesAllowedAsUser, userId 0 : true
01-09 22:18:47.757 2400 3913 D KNOX_MDM_SettingsProvider: ret = 1
01-09 22:18:47.757 2400 3913 D KNOX_MDM_SettingsProvider: edmUri: content://com.sec.knox.provider/RestrictionPolicy1
01-09 22:18:47.757 2400 3913 D KNOX_MDM_SettingsProvider: projectionArgs: isAirplaneModeAllowed
01-09 22:18:47.757 2400 3913 D KNOX_MDM_SettingsProvider: selectionArgs: false
01-09 22:18:47.757 2400 3913 D SecContentProvider: query(), uri = 15 selection = isAirplaneModeAllowed
01-09 22:18:47.757 2400 3913 D SecContentProvider: called from fail to get caller name
01-09 22:18:47.757 2400 3913 D RestrictionPolicy: isAirplaneModeAllowed : true
01-09 22:18:47.757 2400 3913 D KNOX_MDM_SettingsProvider: ret = 1
01-09 22:18:47.760 2400 3588 D AutoWifiController: ACTION_AIRPLANE_MODE_CHANGED true
01-09 22:18:47.760 4021 9891 I txpwradmin:SettingsObserver: onChange for uri = content://settings/global/airplane_mode_on
01-09 22:18:47.760 2400 3588 I AutoWifi.Geofence: stop manager
01-09 22:18:47.760 2400 3588 D SLocation: SLocation - removeGeofencesPendingIntent
01-09 22:18:47.761 2400 3588 D SLocation: GeofenceManager - removeGeofences by intent
01-09 22:18:47.761 2400 3588 D SLocation: SLocation - removeGeofencesPendingIntent end 0
01-09 22:18:47.761 2400 3588 D SLocation: SLocation - removeGeofencesPendingIntent
01-09 22:18:47.761 2400 3588 D SLocation: GeofenceManager - removeGeofences by intent
01-09 22:18:47.761 4039 4638 E RegiObsMgr: onChange: content://settings/global/airplane_mode_on => match [3]
01-09 22:18:47.761 2400 3291 D BluetoothAdapter: isLeEnabled(): ON
01-09 22:18:47.761 2400 3588 D SLocation: SLocation - removeGeofencesPendingIntent end 0
01-09 22:18:47.762 2400 3588 D SLocation: SLocation - removeGeofencesPendingIntent
01-09 22:18:47.762 2400 3588 D SLocation: GeofenceManager - removeGeofences by intent
01-09 22:18:47.762 2400 3588 D SLocation: SLocation - removeGeofencesPendingIntent end 0
01-09 22:18:47.762 2400 3813 D SLocation: GeofenceCoreManager - geofence core command pending size : 1
01-09 22:18:47.762 2400 3813 D SLocation: GeofenceCoreRecovery - removeGeofenceInfo id = 10
01-09 22:18:47.762 2400 3813 D SLocation: SLocationCoreSem - send to coreSem, packet length : 3 / [17, 0, 10]
01-09 22:18:47.762 2400 3813 D SemContextLocationCoreAttribute: setAttribute() mode : 0 action : 23
01-09 22:18:47.762 2400 3813 D SemContextService: lock : changeParameters
01-09 22:18:47.762 2400 3813 D SemContext.CaeProvider.LocationCoreImpl: setAttribute() mode : 0 action : 23
01-09 22:18:47.762 2400 3813 W CAE : setCAProperty(ContextAwareService.java:509) - [setProperty 01] Mutex is locked for SLOCATION_RUNNER
01-09 22:18:47.762 2400 3813 I CAE : setPropertyValue(SLocationRunner.java:116) - SLocationRunner setProperty header : 17, len : 3
01-09 22:18:47.763 2400 3347 D SensorService: setSContextDataLocked ints length 3 , byte length 6
01-09 22:18:47.763 2400 3347 D SensorService: setSContextDataLocked 113717c1
01-09 22:18:47.763 4021 9891 D txpwrJni: sendRadioStatus start
01-09 22:18:47.764 3797 4669 I EPDG -- [EpdgSettingObserver]: isAirplaneModeEnabled is: true
01-09 22:18:47.764 3797 4669 I EPDG -- SIM0 [EpdgSubScription]: No SM for apnType: ims
01-09 22:18:47.764 3797 4669 I EPDG -- SIM0 [EpdgSubScription]: isPdnConnectedOverWifi: returning result: false for apnType: ims
01-09 22:18:47.764 3797 4669 I EPDG -- SIM0 [EpdgSubScription]: No SM for apnType: ims
01-09 22:18:47.764 3797 4669 I EPDG -- SIM0 [EpdgSubScription]: isPdnConnectedOverCellularData: returning result: false for apnType: ims
01-09 22:18:47.764 3797 4669 I EPDG -- SIM0 [ThrottleController]: isThrottleTimerRunning: apnType: ims. result: false
01-09 22:18:47.764 1507 1507 I sensors-hal: inject_sensor_data:407, handle 1501 send inject
01-09 22:18:47.764 3797 4669 I EPDG -- SIM0 [PolicyMgr]: getApnRatPolicy: default,idle only LTE is allowed RAT
01-09 22:18:47.764 3797 4669 I EPDG -- SIM0 [PolicyMgr]: getApnRatPolicy: default,idle result=LTE
01-09 22:18:47.764 1507 1507 I sensors-hal: sendContextData:288, sensor hal 6, (0xc1, 0x17, 0x37, 0x11)
01-09 22:18:47.764 3797 4669 I EPDG -- SIM0 [PolicyMgr]: getApnRatPolicy: mms,idle only LTE is allowed RAT
01-09 22:18:47.764 3797 4669 I EPDG -- SIM0 [PolicyMgr]: getApnRatPolicy: mms,idle result=LTE
01-09 22:18:47.764 1507 1507 E sensors-hal: sendContextData:133, slocationcore h 193 m 23 s 55
01-09 22:18:47.764 3797 4669 I EPDG -- SIM0 [PolicyMgr]: getApnRatPolicy: supl,idle only LTE is allowed RAT
