01-09 22:18:50.935 4039 4658 I VolteServiceModule: onServiceStateChanged({mVoiceRegState=1(OUT_OF_SERVICE), mDataRegState=0(IN_SERVICE), mChannelNumber=-1, duplexMode()=0, mCellBandwidths=[], mOperatorAlphaLong=, mOperatorAlphaShort=, isManualNetworkSelection=false(automatic), getRilVoiceRadioTechnology=0(Unknown), getRilDataRadioTechnology=18(IWLAN), mCssIndicator=unsupported, mNetworkId=*1, mSystemId=*1, mCdmaRoamingIndicator=-1, mCdmaDefaultRoamingIndicator=-1, VoiceRegType=0, Snap=0, PsOnly=false, FemtocellInd=0, SprDisplayRoam=false, OptRadioTech=0, MsimSubmode=0, IsVoiceCallAvailable=false, mIsEmergencyOnly=false, isUsingCarrierAggregation=false, mArfcnRsrpBoost=0, mNetworkRegistrationInfos=[NetworkRegistrationInfo{ domain=PS transportType=WLAN registrationState=HOME networkRegistrationState=HOME roamingType=NOT_ROAMING accessNetworkTechnology=IWLAN rejectCause=0 emergencyEnabled=false availableServices=[DATA] cellIdentity=null voiceSpecificInfo=null dataSpecificInfo=null nrState=**** rRplmn= isUsingCarrierAggregation=false}, NetworkRegistrationInfo{ domain=CS transportType=WWAN registrationState=NOT_REG_SEARCHING networkRegistrationState=NOT_REG_SEARCHING roamingType=NOT_ROAMING accessNetworkTechnology=UNKNOWN rejectCause=0 emergencyEnabled=false availableServices=[] cellIdentity=null voiceSpecificInfo=VoiceSpecificRegistrationInfo { mCssSupported=false mRoamingIndicator=0 mSystemIsInPrl=0 mDefaultRoamingIndicator=0} dataSpecificInfo=null nrState=**** rRplmn= isUsingCarrierAggregation=false}, NetworkRegistrationInfo{ domain=PS transportType=WWAN registrationState=NOT_REG_SEARCHING networkRegistrationState=NOT_REG_SEARCHING roamingType=NOT_ROAMING accessNetworkTechnology=UNKNOWN rejectCause=0 emergencyEnabled=false availableServices=[] cellIdentity=null voiceSpecificInfo=null dataSpecificInfo=android.telephony.DataSpecificRegistrationInfo :{ maxDataCalls = 16 isDcNrRestricted = false isNrAvailable = false isEnDcAvailable = false mLteAttachResultType = 0 mLteAttachExtraInfo = 0 null } nrState=**** rRplmn= isUsingCarrierAggregation=false}], mNrFrequencyRange=0, mOperatorAlphaLongRaw=, mOperatorAlphaShortRaw=, mIsDataRoamingFromRegistration=false, mIsIwlanPreferred=true})
01-09 22:18:50.935 4039 4658 I VolteServiceModule: mIsLteEpsOnlyAttached(0):false
01-09 22:18:50.935 2400 3796 W ContextImpl: Calling a method in the system process without a qualified user: android.app.ContextImpl.sendBroadcastMultiplePermissions:1331 android.content.Context.sendBroadcastMultiplePermissions:2480 com.android.server.TelephonyRegistry.broadcastServiceStateChanged:3653 com.android.server.TelephonyRegistry.notifyServiceStateForPhoneId:1749 com.android.internal.telephony.ITelephonyRegistry$Stub.onTransact:542
01-09 22:18:50.935 3797 3797 I EPDG -- SIM0 [SMARTWIFI]: onServiceStateChanged state=1
01-09 22:18:50.936 4020 5075 I bt_stack: [INFO:le_scanning_manager.cc(256)] ScanFilterAdd in shim layer
01-09 22:18:50.936 4020 5075 D BtGatt.ScanManager: configureFilterParamter() : onFoundTimeout | onLostTimeout | onFoundCount | numOfTrackingEntries | scanFilterRssiThreshold | trackableScanFilterRssiThreshold | matchMode
01-09 22:18:50.936 4020 5075 D BtGatt.ScanManager: configureFilterParamter() : __________500__|________10000__|___________1__|___________________0__|___________________-128__|____________________________-128__|________1_
01-09 22:18:50.936 4020 5075 I bt_stack: [INFO:le_scanning_manager.cc(214)] ScanFilterParamSetup in shim layer
01-09 22:18:50.936 3797 3797 I EPDG -- SIM0 [SMARTCELLULAR]: onServiceStateChanged: 0
01-09 22:18:50.936 4039 4039 I NetworkUtil: Network Cap check : INTERNET : true
01-09 22:18:50.936 4039 4039 I NetworkUtil: isConnected = false isCellularOnly : true
01-09 22:18:50.936 4039 4039 I TelephonyCallbackForPdnController<0>: onServiceStateChanged: state={mVoiceRegState=1(OUT_OF_SERVICE), mDataRegState=0(IN_SERVICE), mChannelNumber=-1, duplexMode()=0, mCellBandwidths=[], mOperatorAlphaLong=, mOperatorAlphaShort=, isManualNetworkSelection=false(automatic), getRilVoiceRadioTechnology=0(Unknown), getRilDataRadioTechnology=18(IWLAN), mCssIndicator=unsupported, mNetworkId=*1, mSystemId=*1, mCdmaRoamingIndicator=-1, mCdmaDefaultRoamingIndicator=-1, VoiceRegType=0, Snap=0, PsOnly=false, FemtocellInd=0, SprDisplayRoam=false, OptRadioTech=0, MsimSubmode=0, IsVoiceCallAvailable=false, mIsEmergencyOnly=false, isUsingCarrierAggregation=false, mArfcnRsrpBoost=0, mNetworkRegistrationInfos=[NetworkRegistrationInfo{ domain=PS transportType=WLAN registrationState=HOME networkRegistrationState=HOME roamingType=NOT_ROAMING accessNetworkTechnology=IWLAN rejectCause=0 emergencyEnabled=false availableServices=[DATA] cellIdentity=null voiceSpecificInfo=null dataSpecificInfo=null nrState=**** rRplmn= isUsingCarrierAggregation=false}, NetworkRegistrationInfo{ domain=CS transportType=WWAN registrationState=NOT_REG_SEARCHING networkRegistrationState=NOT_REG_SEARCHING roamingType=NOT_ROAMING accessNetworkTechnology=UNKNOWN rejectCause=0 emergencyEnabled=false availableServices=[] cellIdentity=null voiceSpecificInfo=VoiceSpecificRegistrationInfo { mCssSupported=false mRoamingIndicator=0 mSystemIsInPrl=0 mDefaultRoamingIndicator=0} dataSpecificInfo=null nrState=**** rRplmn= isUsingCarrierAggregation=false}, NetworkRegistrationInfo{ domain=PS transportType=WWAN registrationState=NOT_REG_SEARCHING networkRegistrationState=NOT_REG_SEARCHING roamingType=NOT_ROAMING accessNetworkTechnology=UNKNOWN rejectCause=0 emergencyEnabled=false availableServices=[] cellIdentity=null voiceSpecificInfo=null dataSpecificInfo=android.telephony.DataSpecificRegistrationInfo :{ maxDataCalls = 16 isDcNrRestricted = false isNrAvailable = false isEnDcAvailable = false mLteAttachResultType = 0 mLteAttachExtraInfo = 0 null } nrState=**** rRplmn= isUsingCarrierAggregation=false}], mNrFrequencyRange=0, mOperatorAlphaLongRaw=, mOperatorAlphaShortRaw=, mIsDataRoamingFromRegistration=false, mIsIwlanPreferred=true}Changed=VoiceReg:3=>1
01-09 22:18:50.936 4039 4039 I PdnController<0>: notifyDataConnectionState
01-09 22:18:50.936 4039 4039 I PdnController<0>: notifyDataConnectionState: needNotify=true networkType=18 isEpdgConnected=false dataNetType=18=>18 dataRegState=0=>0
01-09 22:18:50.936 2400 3796 W ContextImpl: Calling a method in the system process without a qualified user: android.app.ContextImpl.sendBroadcastMultiplePermissions:1364 com.android.server.TelephonyRegistry.broadcastServiceStateChanged:3658 com.android.server.TelephonyRegistry.notifyServiceStateForPhoneId:1749 com.android.internal.telephony.ITelephonyRegistry$Stub.onTransact:542 android.os.Binder.execTransactInternal:1380
01-09 22:18:50.936 4776 4776 I ContactsDatabaseHelper: updateUseStrictPhoneNumberComparison: IN
01-09 22:18:50.937 4039 4039 I RegiMgr-Handler<0>: onDataConnectionStateChanged(): networkType [IWLAN], isWifiConnected [true]
01-09 22:18:50.937 4039 4530 I RegiMgr-Handler: handleMessage: EVENT_NETWORK_TYPE
01-09 22:18:50.937 4893 5021 W NetworkManager_FLP: updateServiceStateChanged, serviceState=1 / isRegistered=true / channel=2147483647 / networkTypeName=UNKNOWN / nr=false
01-09 22:18:50.937 4039 4530 I RegiMgr-NetEvtCtr<0>: onNetworkChanged: suspendByIrat=false
01-09 22:18:50.937 4039 4530 I NetworkState: setAllCellInfo : Cleared by null set !!!!
01-09 22:18:50.937 4039 4530 I RegiMgr<0>: updatePani RegisterTask[0][mProfile=AIRTEL VoLTE, mRegistrationRat=18, mPdnType=11, mState=CONNECTING, mObject=null, mReason=, mPcscfHostname=null, mDeregiReason=41]
01-09 22:18:50.937 4893 5021 I NetworkManager_FLP: Success to update networkStatus, Service=1 / Network=UNKNOWN(band=0, ch=2147483647) / MobileData=false, roaming=false / WIFI=true, conn=true / BT=true, conn=false
01-09 22:18:50.937 4039 4530 I PaniGenerator<0>: generate: subId=3, network=18, pdn=11
01-09 22:18:50.937 4039 4530 I PaniGenerator<0>: generate: mobileDataNetworkType=0
01-09 22:18:50.937 4020 5075 I bt_stack: [INFO:le_scanning_manager.cc(256)] ScanFilterAdd in shim layer
01-09 22:18:50.937 4039 4530 E PaniGenerator: network is unknown.
01-09 22:18:50.937 4020 5075 D BtGatt.ScanManager: configureFilterParamter() : onFoundTimeout | onLostTimeout | onFoundCount | numOfTrackingEntries | scanFilterRssiThreshold | trackableScanFilterRssiThreshold | matchMode
01-09 22:18:50.937 4020 5075 D BtGatt.ScanManager: configureFilterParamter() : __________500__|________10000__|___________1__|___________________0__|___________________-128__|____________________________-128__|________1_
01-09 22:18:50.937 4020 5075 I bt_stack: [INFO:le_scanning_manager.cc(214)] ScanFilterParamSetup in shim layer
01-09 22:18:50.937 3797 4669 I EPDG -- SIM0 [NetController]: WWAN Voice Regi: 1 Roaming: 0
01-09 22:18:50.937 3797 4669 I EPDG -- SIM0 [NetController]: WWAN Data Regi: 1 Rat: 0 Roaming: false
01-09 22:18:50.937 4020 5075 I bt_stack: [INFO:le_scanning_manager.cc(256)] ScanFilterAdd in shim layer
01-09 22:18:50.938 2400 3796 W ContextImpl: Calling a method in the system process without a qualified user: android.app.ContextImpl.sendBroadcastMultiplePermissions:1364 com.android.server.TelephonyRegistry.broadcastServiceStateChanged:3667 com.android.server.TelephonyRegistry.notifyServiceStateForPhoneId:1749 com.android.internal.telephony.ITelephonyRegistry$Stub.onTransact:542 android.os.Binder.execTransactInternal:1380
01-09 22:18:50.938 3797 4669 I EPDG -- SIM0 [EpdgSubScription]: getIsAirplaneMode: returning: false
01-09 22:18:50.938 4893 5021 W NetworkManager_FLP: updateServiceStateChanged, serviceState=1 / isRegistered=true / channel=2147483647 / networkTypeName=UNKNOWN / nr=false
01-09 22:18:50.938 3797 4669 I EPDG -- SIM0 [NetController]: getIsRssiDisabledForProfiling: returning: true
01-09 22:18:50.938 4020 5075 D BtGatt.ScanManager: configureFilterParamter() : onFoundTimeout | onLostTimeout | onFoundCount | numOfTrackingEntries | scanFilterRssiThreshold | trackableScanFilterRssiThreshold | matchMode
01-09 22:18:50.938 4020 5075 D BtGatt.ScanManager: configureFilterParamter() : __________500__|________10000__|___________1__|___________________0__|___________________-128__|____________________________-128__|________1_
01-09 22:18:50.938 4020 5075 I bt_stack: [INFO:le_scanning_manager.cc(214)] ScanFilterParamSetup in shim layer
01-09 22:18:50.938 4039 4039 I ImsCallSessionManager: onDataConnectionStateChanged(): networkType [IWLAN]isWifiConnected [true], phoneId [0]
01-09 22:18:50.938 4020 5075 I bt_stack: [INFO:le_scanning_manager.cc(256)] ScanFilterAdd in shim layer
01-09 22:18:50.938 2400 3489 W SemWifiBackOff.Fcc: service state is STATE_OUT_OF_SERVICE telephony country iso:
01-09 22:18:50.938 2400 3796 W ContextImpl: Calling a method in the system process without a qualified user: android.app.ContextImpl.sendBroadcastMultiplePermissions:1364 com.android.server.TelephonyRegistry.broadcastServiceStateChanged:3673 com.android.server.TelephonyRegistry.notifyServiceStateForPhoneId:1749 com.android.internal.telephony.ITelephonyRegistry$Stub.onTransact:542 android.os.Binder.execTransactInternal:1380
01-09 22:18:50.938 4020 5075 D BtGatt.ScanManager: configureFilterParamter() : onFoundTimeout | onLostTimeout | onFoundCount | numOfTrackingEntries | scanFilterRssiThreshold | trackableScanFilterRssiThreshold | matchMode
01-09 22:18:50.938 4020 5075 D BtGatt.ScanManager: configureFilterParamter() : __________500__|________10000__|___________1__|___________________0__|___________________-128__|____________________________-128__|________1_
01-09 22:18:50.938 4020 5075 I bt_stack: [INFO:le_scanning_manager.cc(214)] ScanFilterParamSetup in shim layer
01-09 22:18:50.939 4039 4039 I TelephonyCallbackForPdnController<0>: notifySnapshotState: snapshotState=0 old=0
01-09 22:18:50.939 4039 4039 I VolteServiceModule: onServiceStateChanged({mVoiceRegState=1(OUT_OF_SERVICE), mDataRegState=0(IN_SERVICE), mChannelNumber=-1, duplexMode()=0, mCellBandwidths=[], mOperatorAlphaLong=, mOperatorAlphaShort=, isManualNetworkSelection=false(automatic), getRilVoiceRadioTechnology=0(Unknown), getRilDataRadioTechnology=18(IWLAN), mCssIndicator=unsupported, mNetworkId=*1, mSystemId=*1, mCdmaRoamingIndicator=-1, mCdmaDefaultRoamingIndicator=-1, VoiceRegType=0, Snap=0, PsOnly=false, FemtocellInd=0, SprDisplayRoam=false, OptRadioTech=0, MsimSubmode=0, IsVoiceCallAvailable=false, mIsEmergencyOnly=false, isUsingCarrierAggregation=false, mArfcnRsrpBoost=0, mNetworkRegistrationInfos=[NetworkRegistrationInfo{ domain=PS transportType=WLAN registrationState=HOME networkRegistrationState=HOME roamingType=NOT_ROAMING accessNetworkTechnology=IWLAN rejectCause=0 emergencyEnabled=false availableServices=[DATA] cellIdentity=null voiceSpecificInfo=null dataSpecificInfo=null nrState=**** rRplmn= isUsingCarrierAggregation=false}, NetworkRegistrationInfo{ domain=CS transportType=WWAN registrationState=NOT_REG_SEARCHING networkRegistrationState=NOT_REG_SEARCHING roamingType=NOT_ROAMING accessNetworkTechnology=UNKNOWN rejectCause=0 emergencyEnabled=false availableServices=[] cellIdentity=null voiceSpecificInfo=VoiceSpecificRegistrationInfo { mCssSupported=false mRoamingIndicator=0 mSystemIsInPrl=0 mDefaultRoamingIndicator=0} dataSpecificInfo=null nrState=**** rRplmn= isUsingCarrierAggregation=false}, NetworkRegistrationInfo{ domain=PS transportType=WWAN registrationState=NOT_REG_SEARCHING networkRegistrationState=NOT_REG_SEARCHING roamingType=NOT_ROAMING accessNetworkTechnology=UNKNOWN rejectCause=0 emergencyEnabled=false availableServices=[] cellIdentity=null voiceSpecificInfo=null dataSpecificInfo=android.telephony.DataSpecificRegistrationInfo :{ maxDataCalls = 16 isDcNrRestricted = false isNrAvailable = false isEnDcAvailable = false mLteAttachResultType = 0 mLteAttachExtraInfo = 0 null } nrState=**** rRplmn= isUsingCarrierAggregation=false}], mNrFrequencyRange=0, mOperatorAlphaLongRaw=, mOperatorAlphaShortRaw=, mIsDataRoamingFromRegistration=false, mIsIwlanPreferred=true})
01-09 22:18:50.939 4039 4039 I VolteServiceModule: mIsLteEpsOnlyAttached(1):false
01-09 22:18:50.939 4039 4530 I GeolocationCon: handleMessage : what = SERVICE_STATE_CHANGED
01-09 22:18:50.939 4020 5075 I bt_stack: [INFO:le_scanning_manager.cc(256)] ScanFilterAdd in shim layer
01-09 22:18:50.939 4039 4530 I GeolocationCon: matchTimingReqLocation ,match=2, timing=4
01-09 22:18:50.939 4039 4530 I GeolocationCon: matchTimingReqLocation ,match=0, timing=4
01-09 22:18:50.939 4039 4530 I GeolocationCon: matchTimingReqLocation ,match=0, timing=4
01-09 22:18:50.939 4039 4530 I GeolocationCon: profile is null
01-09 22:18:50.939 3642 3642 D ServiceStateProvider: subId=3
01-09 22:18:50.939 4039 4530 I GeolocationCon<0>: onNetworkCountryIsoChanged: mCountryIso = in, iso =
01-09 22:18:50.940 3797 4669 I EPDG -- SIM0 [EpdgImsManagerHelper]: Find isAllowedOnRoaming value on IMS Profile : true
01-09 22:18:50.940 4020 5075 D BtGatt.ScanManager: configureFilterParamter() : onFoundTimeout | onLostTimeout | onFoundCount | numOfTrackingEntries | scanFilterRssiThreshold | trackableScanFilterRssiThreshold | matchMode
01-09 22:18:50.940 4020 5075 D BtGatt.ScanManager: configureFilterParamter() : __________500__|________10000__|___________1__|___________________0__|___________________-128__|____________________________-128__|________1_
01-09 22:18:50.940 3797 4669 I EPDG -- SIM0 [SMARTCELLULAR]: LTE Available: false
01-09 22:18:50.940 3797 4669 I EPDG -- SIM0 [NetController]: onNetworkStatusChanged: voiceNetType: 0 mActiveVoiceRat: 0
01-09 22:18:50.940 4020 5075 I bt_stack: [INFO:le_scanning_manager.cc(214)] ScanFilterParamSetup in shim layer
01-09 22:18:50.940 3797 4669 I EPDG -- SIM0 [NetController]: onNetworkStatusChanged : mCellularAvailable = false
01-09 22:18:50.940 9668 9668 D CellBroadcastReceiver: onReceive Intent { act=android.intent.action.SERVICE_STATE flg=0x1000010 cmp=com.google.android.cellbroadcastreceiver/com.android.cellbroadcastreceiver.CellBroadcastReceiver (has extras) }
01-09 22:18:50.940 9668 9668 D CellBroadcastReceiver: onServiceStateChanged, ss: 1
01-09 22:18:50.940 9668 9668 D CellBroadcastReceiver: networkOperator:
01-09 22:18:50.941 2400 2400 D SemWifiService: received: android.intent.action.SERVICE_STATE
01-09 22:18:50.941 13492 13492 I SAMSUNGWALLET: [SpayBroadcastReceiver] Action: android.intent.action.SERVICE_STATE
01-09 22:18:50.941 4020 5075 I bt_stack: [INFO:le_scanning_manager.cc(256)] ScanFilterAdd in shim layer
01-09 22:18:50.942 4020 5075 D BtGatt.ScanManager: configureFilterParamter() : onFoundTimeout | onLostTimeout | onFoundCount | numOfTrackingEntries | scanFilterRssiThreshold | trackableScanFilterRssiThreshold | matchMode
01-09 22:18:50.942 4020 5075 D BtGatt.ScanManager: configureFilterParamter() : __________500__|________10000__|___________1__|___________________0__|___________________-128__|____________________________-128__|________1_
01-09 22:18:50.942 4020 5075 I bt_stack: [INFO:le_scanning_manager.cc(214)] ScanFilterParamSetup in shim layer
01-09 22:18:50.942 4020 5075 I bt_stack: [INFO:le_scanning_manager.cc(256)] ScanFilterAdd in shim layer
01-09 22:18:50.942 4776 4776 I CountryMonitor: current Iso IN
01-09 22:18:50.942 4776 4776 I ContactsDatabaseHelper: updateUseStrictPhoneNumberComparison: IN
01-09 22:18:50.942 4020 5075 D BtGatt.ScanManager: configureFilterParamter() : onFoundTimeout | onLostTimeout | onFoundCount | numOfTrackingEntries | scanFilterRssiThreshold | trackableScanFilterRssiThreshold | matchMode
01-09 22:18:50.942 4020 5075 D BtGatt.ScanManager: configureFilterParamter() : __________500__|________10000__|___________1__|___________________0__|___________________-128__|____________________________-128__|________1_
01-09 22:18:50.942 4020 5075 I bt_stack: [INFO:le_scanning_manager.cc(214)] ScanFilterParamSetup in shim layer
01-09 22:18:50.943 4776 4776 I ContactsDatabaseHelper: updateUseStrictPhoneNumberComparison: IN
01-09 22:18:50.943 4776 4776 I ContactsDatabaseHelper: updateUseStrictPhoneNumberComparison: IN
01-09 22:18:50.943 4776 4776 I ContactsDatabaseHelper: updateUseStrictPhoneNumberComparison: IN
01-09 22:18:50.943 4776 4776 I ContactsDatabaseHelper: updateUseStrictPhoneNumberComparison: IN
01-09 22:18:50.943 4776 4776 I ContactsDatabaseHelper: updateUseStrictPhoneNumberComparison: IN
01-09 22:18:50.945 2400 3388 D GnssLocationProvider_ex: SV Count : 2 / 8 (PRN, Constellation, SNR, Used)
01-09 22:18:50.945 2400 3388 D GnssLocationProvider_ex: (24, GPS, 18.9, 0) (25, GPS, 19.1, 0) (39, BEIDOU, 20.4, 0) (16, BEIDOU, 21.1, 0) (9, BEIDOU, 31.7, 1) (4, GALILEO, 23.1, 1)
01-09 22:18:50.945 2400 3388 D GnssLocationProvider_ex: (9, GALILEO, 22.2, 0) (26, BEIDOU, 19.0, 0)
01-09 22:18:50.945 13492 13492 I SAMSUNGWALLET: [CommonNetworkUtil] mcc -
01-09 22:18:50.946 13492 13492 I SAMSUNGWALLET: [SpayBroadcastReceiver] mCurrentUiccId: 8991922305946154416, previousUiccId: 8991922305946154416
01-09 22:18:50.946 13492 13492 I SAMSUNGWALLET: [SpayBroadcastReceiver] mCurrentNetworkMcc: , previousNetworkMcc: 404
01-09 22:18:50.946 4893 5021 I GnssEngineManager_FLP: updateSatelliteStatus, top4=24, top6=22, visibleSv=8, usedSv=2, usedL5Sv=0 (usedGps=0, usedGlo=0, usedBds=1, usedGal=1)
01-09 22:18:50.947 2400 2400 I AS.AudioService: onSubscriptionsChanged()
01-09 22:18:50.948 3797 4669 I EPDG -- SIM0 [NetController]: getServiceState: UNKNOWN Network
01-09 22:18:50.948 2400 3384 E AppOps : attributionTag VCN not declared in manifest of android
01-09 22:18:50.948 7294 7294 I Finsky : [2] pcg.onSubscriptionsChanged(6): onSubscriptionsChanged
01-09 22:18:50.948 2400 3388 D GnssNetworkConnectivityHandler: Active Sub List size: 1
01-09 22:18:50.949 2400 2400 I NSLocationMonitor: onSubscriptionsChanged
01-09 22:18:50.949 2400 2400 W NSLocationMonitor: SubId[3] for sim[0] was not changed
01-09 22:18:50.949 2400 2400 W NSLocationMonitor: SubId[-1] for sim[1] was not changed
01-09 22:18:50.949 2400 3384 E AppOps : attributionTag VCN not declared in manifest of android
01-09 22:18:50.949 4020 5450 I HeadsetPhoneState: onSubscriptionsChanged(), simState=5
01-09 22:18:50.950 2400 3384 E AppOps : attributionTag VCN not declared in manifest of android
01-09 22:18:50.950 4039 4039 I SimManagerFactory: onSubscriptionsChanged: subInfo=[SubscriptionInfo: id=3 iccId=899192230[****] simSlotIndex=0 portIndex=0 isEmbedded=false carrierId=1961 displayName=airtel carrierName=No service isOpportunistic=false groupUuid=null groupOwner= isGroupDisabled=false displayNameSource=SIM_SPN iconTint=-9033797 number=[****] dataRoaming=0 mcc=404 mnc=92 ehplmns=[] hplmns=[40492] cardString=899192230[****] cardId=3 nativeAccessRules=null carrierConfigAccessRules=[cert: 7170F9C35AC5966C1687372089AF55713DACC17635BAD248370DA67DDF8472B6 pkg: null access: 0, cert: FB9FD5425AB63FA933CF8125B2F3EFC0DF11F0DE0C9C01EF2F2B71A3EBD135A3 pkg: null access: 0] countryIso=in profileClass=-1 mType=LOCAL_SIM areUiccApplicationsEnabled=true usageSetting=DEFAULT]
01-09 22:18:50.950 4039 4039 I SimManagerFactory: Do not notify: SubId is not changed.
01-09 22:18:50.950 4039 4039 I SimManagerFactory: updateAdsSlot: subId:3 phoneId:0 curActiveDataPhone:0
01-09 22:18:50.950 5050 5205 D OsAgentAidlClient: [string_dataitem_update][1789] [HC] =>> [HS]
01-09 22:18:50.950 2400 3384 E AppOps : attributionTag VCN not declared in manifest of android
01-09 22:18:50.950 2400 3356 D WifiService: Country code changed to :in
01-09 22:18:50.950 2400 3356 D WifiCountryCode: Set telephony country code to: in
01-09 22:18:50.951 2400 3489 D SemWifiService: Country code changed to :in
01-09 22:18:50.951 2400 3489 I SemSoftApManager: setNetworkCountryCodein old : null
01-09 22:18:50.951 2400 3356 D WifiCountryCode: updateCountryCode to IN
01-09 22:18:50.951 2400 3356 D WifiCountryCode: skip update supplicant not ready yet
01-09 22:18:50.952 4039 4039 I GeolocationCon: Received Intent : android.telephony.action.NETWORK_COUNTRY_CHANGED
01-09 22:18:50.952 4039 4039 I GeolocationCon<0>: Network country code changed: countryIso: in
01-09 22:18:50.952 2400 3356 D WifiCountryCode: setCountryCodeNative: IN, isClientModeOnly: false mDriverCountryCode: IN
01-09 22:18:50.953 3642 3642 I Telephony: TelecomAccountRegistry$TelecomAccountTelephonyCallback: onServiceStateChanged: newState=1, mServiceState=3
01-09 22:18:50.954 3642 3642 I Telephony: TelecomAccountRegistry$AccountEntry: isRttCurrentlySupported -- regular acct,, hasVoiceAvailability: false, isRttSupported: false, alwaysAllowWhileRoaming: false, isRoaming: false, isOnWfc: false
01-09 22:18:50.954 3642 3642 D NotificationMgr: updateNetworkSelection, Use Samsung codes instead of AOSP codes
01-09 22:18:50.954 3642 3642 D Telephony: SamsungTelephonyUIProxy: updateNetworkSelection subid : 3
01-09 22:18:50.954 3642 3642 D Telephony: SamsungTuiAsyncSendExtras: SamsungTuiAsyncSendExtras[onPreExecute] method: update_network_selection
01-09 22:18:50.954 3642 3642 D NotificationMgr: updateNetworkSelection, Use Samsung codes instead of AOSP codes
01-09 22:18:50.954 3642 11849 D Telephony: SamsungTuiAsyncSendExtras: SamsungTuiAsyncSendExtras[doInBackground] method: update_network_selection
01-09 22:18:50.954 2400 4825 D PhoneRestrictionPolicy: isOperationAllowed >>> slotNum: 0 function: 1
01-09 22:18:50.955 7169 7201 I ORC/MultiSimManager: updateSimCount() = 1
01-09 22:18:50.955 7169 7201 I ORC/MultiSimManager: updateMultiSimState() Before : sIsSim1Active = true, sIsSim2Active = false
01-09 22:18:50.956 9555 9569 I InternalContentProvider: update_network_selection null
01-09 22:18:50.956 2400 3489 W SemWifiBackOff.Fcc: service state is STATE_OUT_OF_SERVICE telephony country iso: in
01-09 22:18:50.956 2400 3489 I SemWifiBackOff.Fcc: setFccChannelBackOff: disabled
01-09 22:18:50.956 9555 9569 I InternalContentProvider: Take CarrierUiCallFunctions
01-09 22:18:50.956 9555 9569 I CarrierUiCallFunctions: call update_network_selection null Bundle[mParcelledData.dataSize=28]
01-09 22:18:50.957 9555 9555 I AlarmManagerUtils: getRegisterAlarmManager : register_allow_data_dialog_retry_to_alarm_manager = false
01-09 22:18:50.957 9555 9555 I UT.TelephonyUtils: getPhoneId : subId = 3
01-09 22:18:50.957 2024 2024 I wificond: Regulatory domain changed to country: IN on wiphy_index: 0
01-09 22:18:50.957 2024 2024 I wificond: UpdateBandInfo
01-09 22:18:50.957 2400 3796 D WifiNl80211Manager: OnRegDomainChanged IN
01-09 22:18:50.957 2400 3796 D WifiNative: onCountryCodeChanged: IN
01-09 22:18:50.958 4321 4321 I wpa_supplicant: wlan0: CTRL-EVENT-REGDOM-CHANGE init=DRIVER type=COUNTRY alpha2=IN
01-09 22:18:50.959 3642 3642 D Telephony: SamsungTuiAsyncSendExtras: SamsungTuiAsyncSendExtras[onPreExecute] method: network_notification_event
01-09 22:18:50.959 5359 5359 I [MCFServer]_BleScanner(Subscriber): buildScanFilters - # of service = 1, Data = [02140000050100000001], Mask = [FFFF0000FFFF00000001]
01-09 22:18:50.959 5359 5359 I [MCFServer]_BleScanner(Subscriber): startScan - t -
01-09 22:18:50.959 3642 11849 D Telephony: SamsungTuiAsyncSendExtras: SamsungTuiAsyncSendExtras[doInBackground] method: network_notification_event
01-09 22:18:50.960 2024 2024 I wificond: 2.4Ghz frequencies: 2412 2417 2422 2427 2432 2437 2442 2447 2452 2457 2462 2467 2472
01-09 22:18:50.960 2024 2024 I wificond: 5Ghz non-DFS frequencies: 5180 5200 5220 5240 5745 5765 5785 5805 5825
01-09 22:18:50.960 2024 2024 I wificond: 5Ghz DFS frequencies: 5260 5280 5300 5320 5500 5520 5540 5560 5580 5600 5620 5640 5660 5680 5700 5720
01-09 22:18:50.960 2024 2024 I wificond: 6Ghz frequencies:
01-09 22:18:50.960 2024 2024 I wificond: 60Ghz frequencies:
01-09 22:18:50.960 9555 9569 I InternalContentProvider: network_notification_event null
01-09 22:18:50.960 9555 9569 I InternalContentProvider: Take CarrierUiCallFunctions
01-09 22:18:50.960 9555 9569 I CarrierUiCallFunctions: call network_notification_event null Bundle[mParcelledData.dataSize=692]
01-09 22:18:50.960 9555 9555 I CU.NetworkSelectionNotificationMgr: getNetworkSelection : subId : 3
01-09 22:18:50.960 9555 9555 I CU.NetworkSelectionNotificationMgr: updateNetworkSelection()... isManualSelection : false , isSelectedOperatorEmpty : true , selectedNetworkOperatorName : PhoneId: 0
01-09 22:18:50.961 7169 7201 I ORC/MultiSimManager: isSimActive() : simSlot = 0, simActive = true
01-09 22:18:50.961 4020 10300 D BtGatt.ContextMap: add() - appUid: 10076, appPid: 0, appName: com.samsung.android.mcfserver, uuid : a396b2aa-a179-4eeb-943a-1033bdfba5f0
01-09 22:18:50.961 4020 10300 I bt_stack: [INFO:le_scanning_manager.cc(165)] RegisterScanner in shim layer
01-09 22:18:50.962 7169 7201 I ORC/MultiSimManager: isSimActive() : simSlot = 1, simActive = false
01-09 22:18:50.962 7169 7201 I ORC/MultiSimManager: updateMultiSimState() sIsSim1ActiveWhenNotCalling = true, sIsSim2ActiveWhenNotCalling = false
01-09 22:18:50.962 7169 7201 I ORC/MultiSimManager: updateMultiSimState() not in call sIsSim1Active and sIsSim2Active set TRUE
01-09 22:18:50.962 7169 7201 I ORC/MultiSimManager: updateMultiSimState() After : sIsSim1Active = true, sIsSim2Active = false
01-09 22:18:50.962 7169 7201 I ORC/MultiSimManager: updateSimState() : sSimSlotCount = 2
01-09 22:18:50.962 7169 7169 I ORC/MultiSimManager: onSubscriptionsChanged
01-09 22:18:50.962 4020 4928 D BtGatt.GattService: onScannerRegistered() - UUID=a396b2aa-a179-4eeb-943a-1033bdfba5f0, scannerId=3, status=0
01-09 22:18:50.962 3642 3642 D Telephony: SamsungTuiAsyncSendExtras: SamsungTuiAsyncSendExtras[onPreExecute] method: service_state_changed
01-09 22:18:50.962 3642 11849 D Telephony: SamsungTuiAsyncSendExtras: SamsungTuiAsyncSendExtras[doInBackground] method: service_state_changed
01-09 22:18:50.963 3642 3642 D CallNotifier: onSubscriptionsChanged, updatePhoneStateListeners
01-09 22:18:50.963 3642 3642 D CallNotifier: updatePhoneStateListeners: isRefresh=true, updateType=2, subIdToUpdate=-1
01-09 22:18:50.963 4020 10300 D BluetoothAdapter: needsPrivilegedPermissionForBleScan(): ON
01-09 22:18:50.963 3642 3642 D CallNotifier: updatePhoneStateListeners: subId=3
01-09 22:18:50.963 3642 3642 D CallNotifier: updatePhoneStateListeners: update CF notifications.
01-09 22:18:50.963 9555 9569 I InternalContentProvider: service_state_changed null
01-09 22:18:50.963 9555 9569 I InternalContentProvider: Take CarrierUiCallFunctions
01-09 22:18:50.963 9555 9569 I CarrierUiCallFunctions: call service_state_changed null Bundle[mParcelledData.dataSize=3956]
01-09 22:18:50.964 3642 3642 I Telephony: SamsungImsManagerInjector: [getImsManager_0 : com.samsung.telephony.model.ims.SamsungTelephonyImsManager@db36e44] [ getImsManager_1 : com.samsung.telephony.model.ims.SamsungTelephonyImsManager@30f0df3]
01-09 22:18:50.964 3642 3642 D semImsManager[0]: isImsFeatureEnabled: mmtel-video, -1
01-09 22:18:50.964 3642 3970 D PhoneInterfaceManager: setDataEnabledForReason() Reason=1 Pid=2400 App=system
01-09 22:18:50.965 4039 4661 I ImsServiceStub<0>: isServiceAvailable: mmtel-video, rat: -1, profileFind:true, Enabled:true
01-09 22:18:50.965 3642 3642 I Telephony: SamsungImsRepositoryImpl: isPSVTRegistered, result :true
01-09 22:18:50.965 3642 3642 I Telephony: SamsungCallForwardUpdateManager: shouldCheckVideoCallForwarding for slot 0 : true
01-09 22:18:50.965 3642 3642 I Telephony: SamsungCallForwardUpdateManager: isCfiVisible, voiceI: false, videoI: false
01-09 22:18:50.965 3642 3642 I NotificationMgr: updateCfi: subId= 3, visible=N, isValidSubId= true
01-09 22:18:50.966 3642 3642 D NotificationMgr: cancelAsUser, tag=3, id=4, user=UserHandle{0}
01-09 22:18:50.966 3642 3642 D CallNotifier: updatePhoneStateListeners: update MW notifications.
01-09 22:18:50.966 3642 3642 I NotificationMgr: updateMwi(): subId 3 update to false
01-09 22:18:50.966 3642 3642 D Telephony: SamsungVoiceMailMwiNotifiaction: getMwiNotificationId, notificationId: 3
01-09 22:18:50.966 3642 3642 I NotificationMgr: updateMwi(): phoneId 0, notificationId 3
01-09 22:18:50.966 4020 10300 D ActivityAttributionService: notifyActivityAttributionInfo UID=1002 packageName=com.android.bluetooth deviceAddress=no_active_device_address
01-09 22:18:50.966 4020 10300 I bt_btif : packages/modules/Bluetooth/system/btif/src/bluetooth.cc:880 get_profile_interface: get_profile_interface: id = activity_attribution
01-09 22:18:50.966 4020 5075 D BluetoothAdapter: semIsBleEnabled(): ON
01-09 22:18:50.966 9555 9555 I FT.TuiSalesCodeFeature: LGT.isCurrentOperator
01-09 22:18:50.966 9555 9555 I AlarmManagerUtils: getRegisterAlarmManager : register_allow_data_dialog_retry_to_alarm_manager = false
01-09 22:18:50.967 9555 9555 I CU.NetworkUiReceiver: handleNetworkNotification event: android.telephony.action.SERVICE_PROVIDERS_UPDATED
01-09 22:18:50.967 2400 5671 I Telecom:SamsungTelecomServiceImpl: getDefaultDialerPackageForUser - userId : 0 / callingPid : 3642 / processName : sts
01-09 22:18:50.967 3642 3642 D NotificationMgr: updateMwi, notifyCancelAsUserMwi
01-09 22:18:50.967 4020 5075 D BluetoothAdapter: semIsBleEnabled(): ON
01-09 22:18:50.967 4020 5075 D BluetoothAdapter: semIsBleEnabled(): ON
01-09 22:18:50.967 3642 3642 D Telephony: SamsungVoiceMailMwiManager: cancelAsUser, id=3, user=UserHandle{0}
01-09 22:18:50.967 4020 5078 E BtGatt.GattService: [GSIM LOG]: gsimLogHandler, msg: MESSAGE_SCAN_START, appName: com.samsung.android.mcfserver, scannerId: 3, reportDelayMillis=0
01-09 22:18:50.967 4020 5075 I bt_stack: [INFO:le_scanning_manager.cc(285)] ScanFilterEnable in shim layer
01-09 22:18:50.967 5359 5359 I [MCFServer]_BleScanner(Caster): buildScanFilters - # of service = 2, Data = [021400000501], Mask = [FFFF0000FFFF]
01-09 22:18:50.967 5359 5359 I [MCFServer]_BleScanner(Caster): startScan - t -
01-09 22:18:50.967 3642 3642 I Telephony: SamsungMultiSimRepositoryImpl: isNoSIM() : slotIndex: 0, simState: 5
01-09 22:18:50.968 3642 3642 I Telephony: SamsungMultiSimRepositoryImpl: isNotReadySIM() : slotIndex: 0, simState: 5
01-09 22:18:50.968 4020 5075 I bt_stack: [INFO:le_scanning_manager.cc(256)] ScanFilterAdd in shim layer
01-09 22:18:50.968 3642 3642 I Telephony: SamsungMultiSimRepositoryImpl: isNoSIM() : slotIndex: 1, simState: 6
01-09 22:18:50.968 3642 3642 I Telephony: SamsungMultiSimRepositoryImpl: isNotReadySIM() : slotIndex: 1, simState: 6
01-09 22:18:50.968 9555 9555 I FT.SimUtilFeature: isSimReady[slot1]: false
01-09 22:18:50.969 3642 3642 D Telephony: SamsungVoiceMailMwiManager: notifyCancelMwiForGear()...
01-09 22:18:50.969 4020 10300 D BtGatt.ContextMap: add() - appUid: 10076, appPid: 0, appName: com.samsung.android.mcfserver, uuid : e45d306d-5645-4120-a059-846d52920046
01-09 22:18:50.969 4020 10300 I bt_stack: [INFO:le_scanning_manager.cc(165)] RegisterScanner in shim layer
01-09 22:18:50.969 4020 4928 D BtGatt.GattService: onScannerRegistered() - UUID=e45d306d-5645-4120-a059-846d52920046, scannerId=4, status=0
01-09 22:18:50.969 3642 3642 I Telephony: TelecomAccountRegistry$1: TelecomAccountRegistry: onSubscriptionsChanged - update accounts
01-09 22:18:50.969 4020 10300 D BluetoothAdapter: needsPrivilegedPermissionForBleScan(): ON
01-09 22:18:50.969 3642 3642 I Telephony: SamsungTelecomAccountRegistry: shouldUpdatePhoneAccountsOnSubscriptionsChanged: Skip - PhoneId: 1, SubId: -1, SubscriptionManager.isValidSubscriptionId(): false, phone.getFullIccSerialNumber() == null: true
01-09 22:18:50.970 3642 3642 I Telephony: SamsungTelecomAccountRegistry: shouldUpdatePhoneAccountsOnSubscriptionsChanged: false - simSlotIndex: 0 isSimCardStatusOn true hasEmergencyOnlyCapa: false
01-09 22:18:50.970 4020 10300 D ActivityAttributionService: notifyActivityAttributionInfo UID=1002 packageName=com.android.bluetooth deviceAddress=no_active_device_address
01-09 22:18:50.970 3642 3642 I Telephony: SamsungTelecomAccountRegistry: shouldUpdatePhoneAccountsOnSubscriptionsChanged: false - validPhoneCounts: 1, accounts.size: 1
01-09 22:18:50.970 3642 3642 I Telephony: TelecomAccountRegistry$1: TelecomAccountRegistry: onSubscriptionsChanged - end
01-09 22:18:50.970 4020 10300 I bt_btif : packages/modules/Bluetooth/system/btif/src/bluetooth.cc:880 get_profile_interface: get_profile_interface: id = activity_attribution
01-09 22:18:50.970 4020 5075 D BtGatt.ScanManager: configureFilterParamter() : onFoundTimeout | onLostTimeout | onFoundCount | numOfTrackingEntries | scanFilterRssiThreshold | trackableScanFilterRssiThreshold | matchMode
01-09 22:18:50.970 4020 5075 D BtGatt.ScanManager: configureFilterParamter() : __________500__|________10000__|___________1__|___________________0__|___________________-128__|____________________________-128__|________1_
01-09 22:18:50.970 4020 5075 I bt_stack: [INFO:le_scanning_manager.cc(214)] ScanFilterParamSetup in shim layer
01-09 22:18:50.970 3642 3642 D Telephony: SamsungTuiAsyncSendExtras: SamsungTuiAsyncSendExtras[onPreExecute] method: network_notification_event
01-09 22:18:50.971 3642 3642 I Telephony: TelecomAccountRegistry$3: Locale change; re-registering phone accounts.
01-09 22:18:50.971 3642 3642 I Telephony: SamsungPstnPhoneAccountRegistry: updatePhoneAccountsLocaleChanged
01-09 22:18:50.971 3642 3642 D Telephony: SamsungTuiAsyncSendExtras: SamsungTuiAsyncSendExtras[onPostExecute] method: update_network_selection
01-09 22:18:50.971 3642 3642 D Telephony: SamsungTuiAsyncSendExtras: SamsungTuiAsyncSendExtras[onPreExecute] method: service_state_changed
01-09 22:18:50.971 4020 5075 D BluetoothAdapter: semIsBleEnabled(): ON
01-09 22:18:50.971 3642 3642 D Telephony: SamsungTuiAsyncSendExtras: SamsungTuiAsyncSendExtras[onPostExecute] method: network_notification_event
01-09 22:18:50.971 3642 1886 D Telephony: SamsungTuiAsyncSendExtras: SamsungTuiAsyncSendExtras[doInBackground] method: service_state_changed
01-09 22:18:50.971 3642 3642 D Telephony: SamsungTuiAsyncSendExtras: SamsungTuiAsyncSendExtras[onPostExecute] method: service_state_changed
01-09 22:18:50.971 9555 9569 I InternalContentProvider: service_state_changed null
01-09 22:18:50.972 9555 9569 I InternalContentProvider: Take CarrierUiCallFunctions
01-09 22:18:50.972 9555 9569 I CarrierUiCallFunctions: call service_state_changed null Bundle[mParcelledData.dataSize=3972]
01-09 22:18:50.973 4020 5075 D BluetoothAdapter: semIsBleEnabled(): ON
01-09 22:18:50.973 4020 5075 D BluetoothAdapter: semIsBleEnabled(): ON
01-09 22:18:50.973 4020 5075 I bt_stack: [INFO:le_scanning_manager.cc(285)] ScanFilterEnable in shim layer
01-09 22:18:50.973 4020 5078 E BtGatt.GattService: [GSIM LOG]: gsimLogHandler, msg: MESSAGE_SCAN_START, appName: com.samsung.android.mcfserver, scannerId: 4, reportDelayMillis=0
01-09 22:18:50.974 4020 5075 I bt_stack: [INFO:le_scanning_manager.cc(256)] ScanFilterAdd in shim layer
01-09 22:18:50.974 9555 9555 I UT.TelephonyUtils: isRoamingArea : serviceState = 1
01-09 22:18:50.974 9555 9555 I CU.NetworkSelectionNotificationMgr: isRoamingServiceAvailable : slotId = 1, enabled = false, roaming = false
01-09 22:18:50.974 3670 3670 W View : requestLayout() improperly called by android.widget.FrameLayout{3ec886a V.E...... ......ID 0,138-1080,2205 #7f0a084c app:id/qs_frame} during layout: running second layout pass
01-09 22:18:50.975 3642 11849 D Telephony: SamsungTuiAsyncSendExtras: SamsungTuiAsyncSendExtras[doInBackground] method: network_notification_event
01-09 22:18:50.975 4020 5075 D BtGatt.ScanManager: configureFilterParamter() : onFoundTimeout | onLostTimeout | onFoundCount | numOfTrackingEntries | scanFilterRssiThreshold | trackableScanFilterRssiThreshold | matchMode
01-09 22:18:50.975 4020 5075 D BtGatt.ScanManager: configureFilterParamter() : __________500__|________10000__|___________1__|___________________0__|___________________-128__|____________________________-128__|________1_
01-09 22:18:50.975 4020 5075 I bt_stack: [INFO:le_scanning_manager.cc(214)] ScanFilterParamSetup in shim layer
01-09 22:18:50.976 9555 9569 I InternalContentProvider: network_notification_event null
01-09 22:18:50.976 9555 9569 I InternalContentProvider: Take CarrierUiCallFunctions
01-09 22:18:50.976 9555 9569 I CarrierUiCallFunctions: call network_notification_event null Bundle[mParcelledData.dataSize=856]
01-09 22:18:50.976 9555 9555 I FT.SimUtilFeature: isSimReady[slot0]: true
01-09 22:18:50.976 2400 4825 I Telecom:SamsungTelecomServiceImpl: isInCall - callingPackage : com.android.systemui / callingUser : UserHandle{0} / hasCrossUserAccess : true
01-09 22:18:50.976 3670 3670 D CarrierTextController: carrierTextForSimState(3)-(order: 0) :
01-09 22:18:50.976 3670 3670 D CarrierTextController: setText :
01-09 22:18:50.976 3670 3670 D CarrierTextController: carrierTextForSimState(3)-(order: 0) :
01-09 22:18:50.976 3670 3670 D CarrierTextController: setText :
01-09 22:18:50.976 3670 3670 D CarrierTextController: carrierTextForSimState(3)-(order: 0) :
01-09 22:18:50.976 3670 3670 D CarrierTextController: setText :
01-09 22:18:50.977 3670 3670 D FaceWidgetPagesController: onRefreshCarrierInfo()
01-09 22:18:50.977 3670 3670 D FaceWidgetClockRoamManager: isNetworkRoamingState id=3
01-09 22:18:50.977 3670 3670 D FaceWidgetClockRoamManager: isNetworkRoamingState false
01-09 22:18:50.977 3670 3670 D FaceWidgetClockRoamManager: onRefreshCarrierInfo(pre, now): false, false
01-09 22:18:50.977 3670 3670 D FaceWidgetClockPage: onRefreshCarrierInfo : isChanged false mIsRoaming false
01-09 22:18:50.977 3670 3670 D MultiSIMController: MESSAGE_UPDATE_SERVICE_STATE
01-09 22:18:50.977 3642 3642 D Telephony: SamsungTuiAsyncSendExtras: SamsungTuiAsyncSendExtras[onPostExecute] method: service_state_changed
01-09 22:18:50.977 9555 9555 I FT.TuiUtilFeature: isAirplaneModeOn = false
01-09 22:18:50.977 2400 3490 I SemWifiApSmartNetworkCallback: isWifihasInternet,NetworkCapabilities, wifi:true,internet:true,hasInternetValidated:true
01-09 22:18:50.977 2400 3490 I SemWifiApSmartNetworkCallback: isWifihasInternet :true
01-09 22:18:50.977 2400 3490 I SemWifiApSmartNetworkCallback: checkMobileDataEnabled,NetworkCapabilities, cellular:false,internet:true,hasInternetValidated:true
01-09 22:18:50.977 2400 3490 I SemWifiApSmartNetworkCallback: checkMobileDataEnabled :false
01-09 22:18:50.977 3642 3642 D Telephony: SamsungTuiAsyncSendExtras: SamsungTuiAsyncSendExtras[onPostExecute] method: network_notification_event
01-09 22:18:50.978 3670 3670 W KeyguardUpdateMonitorLog: invalid subId in handleServiceStateChange()
01-09 22:18:50.978 2400 5671 I Telecom:SamsungTelecomServiceImpl: isInCall - callingPackage : com.android.systemui / callingUser : UserHandle{0} / hasCrossUserAccess : true
01-09 22:18:50.978 3670 3670 D CarrierTextUtil: updateNetworkName showSpn=false spn=airtel dataSpn=airtel showPlmn=true plmn=No service hasVoWifiPLMN=false
01-09 22:18:50.978 1081 1081 D io_stats: !@ 8,0 r 238699 9588456 w 129688 3175728 d 61701 159083664 f 5314 10429 iot 148820 0 th 0 0 0 pt 0 inp 0 0 1066.180
01-09 22:18:50.978 3670 3670 D CarrierTextUtil: updateNetworkName showSpn=false spn=airtel dataSpn=airtel showPlmn=true plmn=No service hasVoWifiPLMN=false
01-09 22:18:50.978 3670 3670 D CarrierTextController: carrierTextForSimState(3)-(order: 0) :
01-09 22:18:50.978 3670 3670 D CarrierTextController: setText :
01-09 22:18:50.978 3670 3670 D CarrierTextUtil: updateNetworkName showSpn=false spn=airtel dataSpn=airtel showPlmn=true plmn=No service hasVoWifiPLMN=false
01-09 22:18:50.978 3670 3670 D CarrierTextUtil: updateNetworkName showSpn=false spn=airtel dataSpn=airtel showPlmn=true plmn=No service hasVoWifiPLMN=false
01-09 22:18:50.978 3670 3670 D CarrierTextController: carrierTextForSimState(3)-(order: 0) :
01-09 22:18:50.978 2400 3490 E SemWifiApConfigStore: getWifiApConfiguration ssid
01-09 22:18:50.978 3670 3670 D CarrierTextController: setText :
01-09 22:18:50.978 3670 3670 D CarrierTextUtil: updateNetworkName showSpn=false spn=airtel dataSpn=airtel showPlmn=true plmn=No service hasVoWifiPLMN=false
01-09 22:18:50.978 3670 3670 D CarrierTextUtil: updateNetworkName showSpn=false spn=airtel dataSpn=airtel showPlmn=true plmn=No service hasVoWifiPLMN=false
01-09 22:18:50.978 3670 3670 D CarrierTextController: carrierTextForSimState(3)-(order: 0) :
01-09 22:18:50.978 3670 3670 D CarrierTextController: setText :
01-09 22:18:50.978 3670 3670 D FaceWidgetPagesController: onRefreshCarrierInfo()
01-09 22:18:50.979 3670 3670 D FaceWidgetClockRoamManager: isNetworkRoamingState id=3
01-09 22:18:50.979 3670 3670 D FaceWidgetClockRoamManager: isNetworkRoamingState false
01-09 22:18:50.979 3670 3670 D FaceWidgetClockRoamManager: onRefreshCarrierInfo(pre, now): false, false
01-09 22:18:50.979 3670 3670 D FaceWidgetClockPage: onRefreshCarrierInfo : isChanged false mIsRoaming false
01-09 22:18:50.979 2400 3490 I SemWifiApSmartNetworkCallback: hasInternet:true,hasInternetValidated:true,isCelluar:false,isWifi:true
01-09 22:18:50.979 3670 3670 D StatusBarIconController: ignoring old pipeline callbacks, because the new mobile icons are enabled
01-09 22:18:50.979 2400 3490 I SemWifiApSmartNetworkCallback: Updating Autohotspot Switch state - ,isPrimaryUser:true, isActiveNetworkhasInternet : true, isTetheringRestricted : false, isAirplaneModeOn : false, isSimDisabled : false, isMobileDataEnabled : false, isWifiConnected : true, isSamsungAccountLoggedOut : true, isNearByDeviceScanningDisabled : false, isDefaultPassphraseSet: false, isWifiSharingEnabled: true
01-09 22:18:50.979 3670 3670 D MultiSIMController: onReceive() - action = android.intent.action.SERVICE_STATE
01-09 22:18:50.979 3670 3670 D MultiSIMController: onSubscriptionsChanged:
01-09 22:18:50.979 2400 3490 I SemWifiApSmartNetworkCallback: NetworkDisconnected changed. sendBroadcastForMDE
01-09 22:18:50.979 2400 11953 W ContextImpl: Calling a method in the system process without a qualified user: android.app.ContextImpl.sendBroadcast:1281 com.samsung.android.server.wifi.ap.SemWifiApUtils$2.run:24 java.lang.Thread.run:1012
01-09 22:18:50.979 2400 11953 E ActivityManager: Sending non-protected broadcast com.samsung.intent.action.MDE_SUGGESTION_NOTIFY from system 2400:system/1000 pkg android
01-09 22:18:50.979 2400 11953 E ActivityManager: java.lang.Throwable
01-09 22:18:50.979 2400 11953 E ActivityManager: at com.android.server.am.ActivityManagerService.checkBroadcastFromSystem(ActivityManagerService.java:17011)
01-09 22:18:50.979 2400 11953 E ActivityManager: at com.android.server.am.ActivityManagerService.broadcastIntentLockedTraced(ActivityManagerService.java:17956)
01-09 22:18:50.979 2400 11953 E ActivityManager: at com.android.server.am.ActivityManagerService.broadcastIntentLocked(ActivityManagerService.java:17099)
01-09 22:18:50.979 2400 11953 E ActivityManager: at com.android.server.am.ActivityManagerService.broadcastIntentLocked(ActivityManagerService.java:17076)
01-09 22:18:50.979 2400 11953 E ActivityManager: at com.android.server.am.ActivityManagerService.broadcastIntentWithFeature(ActivityManagerService.java:18183)
01-09 22:18:50.979 2400 11953 E ActivityManager: at android.app.ContextImpl.sendBroadcast(ContextImpl.java:1285)
01-09 22:18:50.979 2400 11953 E ActivityManager: at com.samsung.android.server.wifi.ap.SemWifiApUtils$2.run(SemWifiApUtils.java:24)
01-09 22:18:50.979 2400 11953 E ActivityManager: at java.lang.Thread.run(Thread.java:1012)
01-09 22:18:50.979 12336 12336 I [AirCmd]_MediaControlStateMonitor: isForegroundAppSupportsMediaButton : mediaSession is empty
01-09 22:18:50.980 12336 12336 I [AirCmd]_AirActionOperator: hasGeneralAction : packageName is com.innowireless.xcal.mobile5, activityName is com.innowireless.xcal.mobile5.ui.Main_Activity, hasActions is false
01-09 22:18:50.980 12336 12336 I [AirCmd]_AirActionOperator: onCameraAvailable : available is true, hasGeneralAction is false, isUnqualifiedCameraAppCase=true
01-09 22:18:50.980 9555 9555 I UT.TelephonyUtils: isRoamingArea : serviceState = 1
01-09 22:18:50.980 9555 9555 I CU.NetworkSelectionNotificationMgr: isRoamingServiceAvailable : slotId = 0, enabled = false, roaming = false
01-09 22:18:50.980 9555 9555 I CU.NetworkSelectionNotificationMgr: put state : UNAVAILABLE -> UNAVAILABLE
01-09 22:18:50.980 9555 9555 I CU.NetworkSelectionNotificationMgr: updateRoamingCurrentOperator : serviceState = 1, RoamingServiceState = UNAVAILABLE
01-09 22:18:50.980 9555 9555 I CU.NetworkSelectionNotificationMgr: removeRoamingCurrentOperatorNotification
01-09 22:18:50.981 9555 9555 I CU.NetworkSelectionNotificationMgr: refreshNetworkSelection
01-09 22:18:50.982 3642 3970 D Telephony: SamsungTuiCallFunctions: getDataRegState() dataRegState= 0
01-09 22:18:50.982 9555 9555 I SepApiMethodCall: method:getDataRegState result:0 success:true error:null
01-09 22:18:50.982 3642 3970 D Telephony: SamsungTuiCallFunctions: getDataRoamingType() dataRegState= 0
01-09 22:18:50.982 9555 9555 I SepApiMethodCall: method:getDataRoamingType result:0 success:true error:null
01-09 22:18:50.982 9555 9555 I CU.NetworkUiReceiver: ACTION_SERVICE_PROVIDERS_UPDATED : serviceState.getState = 1, dataRegState = 0, dataRoamingType = 0
01-09 22:18:50.982 9555 9555 I UT.TelephonyUtils: getPhoneId : subId = -1
01-09 22:18:50.982 9555 9555 I CU.NetworkUiUtils: isSupportRoamingNotiOption : (false)
01-09 22:18:50.988 3642 3970 D Telephony: SamsungTuiCallFunctions: getSimApplicationState() simState= 10
01-09 22:18:50.989 9555 9555 I SepApiMethodCall: method:getSimApplicationState result:10 success:true error:null
01-09 22:18:50.989 9555 9555 I FT.TuiUtilFeature: isFirstBootInTss : true isTSSActivated : true
01-09 22:18:50.989 9555 9555 I UT.TelephonyUtils: getPhoneId : subId = 3
01-09 22:18:50.989 9555 9555 I AlarmManagerUtils: getRegisterAlarmManager : register_allow_data_dialog_retry_to_alarm_manager = false
01-09 22:18:50.989 9555 9555 I UT.TelephonyUtils: getPhoneId : subId = 3
01-09 22:18:50.990 9555 9555 I CU.NetworkUiUtils: isSupportRoamingNotiOption : (false)
01-09 22:18:50.990 9555 9555 I CU.NetworkUiUtils: setNetworkModeByQuickPanel: enabled : false
01-09 22:18:50.990 2400 5671 D KNOX_MDM_SettingsProvider: isChangeAllowed() : name = set_network_mode_by_quick_panel
01-09 22:18:50.990 9555 9555 I UT.TelephonyUtils: getPhoneId : subId = 3
01-09 22:18:50.991 9555 9555 I FT.TuiSalesCodeFeature: LGT.isCurrentOperator
01-09 22:18:50.991 9555 9555 I FT.TuiSalesCodeFeature: LGT.isCurrentOperator
01-09 22:18:50.991 9555 9555 I FT.TuiSalesCodeFeature: LGT.isCurrentOperator
01-09 22:18:50.991 9555 9555 I CU.NetworkWarning: UpdateRoamingFailWarning: UpdateRoamingFailWarning service = 1
01-09 22:18:50.991 9555 9555 I FT.TuiSalesCodeFeature: LGT.isCurrentOperator
01-09 22:18:50.992 9555 9555 I FT.TuiUtilFeature: isAirplaneModeOn = false
01-09 22:18:50.993 9555 9555 I FT.SimUtilFeature: isSimNotReady[slot0]: Sim state = 5, retValue = false
01-09 22:18:50.993 9555 9555 I CU.NetworkWarning: UpdateRoamingFailWarning: sendMessage(EVENT_OUT_OF_SERVICE_IN_ROAMING_AREA)
01-09 22:18:50.993 9555 9555 I CU.NetworkSelectionNotificationMgr: addRoamingNetScanningNotification...
01-09 22:18:50.994 9555 9555 I FT.SimUtilFeature: isSimReady[slot0]: true
01-09 22:18:50.995 10717 10717 D Accuver_report: RenewalGoogleV2Map init: resultCode - 0
01-09 22:18:50.996 9555 9555 I NotificationManager: com.samsung.android.app.telephonyui: notify(831, null, Notification(channel=channel_mobileNetworks shortcut=null contentView=null vibrate=null sound=null defaults=0x0 flags=0x2 color=0x00000000 vis=PRIVATE semFlags=0x0 semPriority=0 semMissedCount=0)) as user
01-09 22:18:50.996 10717 10717 D MapsInitializer: preferredRenderer: null
01-09 22:18:50.996 10717 10717 D zzcc : preferredRenderer: null
01-09 22:18:50.997 9555 9555 I AlarmManagerUtils: getRegisterAlarmManager : register_out_of_service_to_alarm_manager = true
01-09 22:18:50.997 9555 9555 I AlarmManagerUtils: registerIntentToAlarmManager : already set com.samsung.android.app.telephonyui.action.EVENT_OUT_OF_SERVICE_IN_ROAMING_AREA to alarm manager
01-09 22:18:50.997 9555 9555 I CU.NetworkWarning: RtsWarningDialogFactory: createRtsWarning: RtsOperatorConstants.UPDATE_REJECT_NOTI_WARNING_POPUP
01-09 22:18:50.997 9555 9555 I FT.TuiSalesCodeFeature: LGT.isCurrentOperator
