01-09 22:18:51.553 10717 10717 I InsetsController: onStateChanged: host=com.innowireless.xcal.mobile5/com.innowireless.xcal.mobile5.ui.Main_Activity, from=android.view.ViewRootImpl.setView:1751, state=InsetsState: {mDisplayFrame=Rect(0, 0 - 1080, 2340), mDisplayCutout=DisplayCutout{insets=Rect(0, 76 - 0, 0) waterfall=Insets{left=0, top=0, right=0, bottom=0} boundingRect={Bounds=[Rect(0, 0 - 0, 0), Rect(515, 0 - 565, 76), Rect(0, 0 - 0, 0), Rect(0, 0 - 0, 0)]} cutoutPathParserInfo={CutoutPathParserInfo{displayWidth=1080 displayHeight=2340 physicalDisplayWidth=1080 physicalDisplayHeight=2340 density={2.8125} cutoutSpec={M 0,0 H -8.933333333333333 V 26.93333333333333 H 8.933333333333333 V 0 H 0 Z @dp} rotation={0} scale={1.0} physicalPixelDisplaySizeRatio={1.0}}}}, mRoundedCorners=RoundedCorners{[RoundedCorner{position=TopLeft, radius=5, center=Point(5, 5)}, RoundedCorner{position=TopRight, radius=5, center=Point(1075, 5)}, RoundedCorner{position=BottomRight, radius=5, center=Point(1075, 2335)}, RoundedCorner{position=BottomLeft, radius=5, center=Point(5, 2335)}]} mRoundedCornerFrame=Rect(0, 0 - 1080, 2340), mPrivacyIndicatorBounds=PrivacyIndicatorBounds {static bounds=Rect(956, 0 - 1080, 76) rotation=0}, mDisplayShape=DisplayShape{ spec=-1951251426 displayWidth=1440 displayHeight=3120 physicalPixelDisplaySizeRatio=1.0 rotation=0 offsetX=0 offsetY=0 scale=1.0}, mSources= { InsetsSource: {3 mType=ime mFrame=[0,0][0,0] mVisible=false mFlags=[]}, InsetsSource: {27 mType=displayCutout mFrame=[0,0][1080,76] mVisible=true mFlags=[]}, InsetsSource: {51d0001 mType=navigationBars mFrame=[0,2205][1080,2340] mVisible=true mFlags=[]}, InsetsSource: {51d0004 mType=systemGestures mFrame=[0,0][0,0] mVisible=true mFlags=[]}, InsetsSource: {51d0005 mType=mandatorySystemGestures mFrame=[0,2205][1080,2340] mVisible=true mFlags=[]}, InsetsSource: {51d0006 mType=tappableElement mFrame=[0,2205][1080,2340] mVisible=true mFlags=[]}, InsetsSource: {51d0024 mType=systemGestures mFrame=[0,0][0,0] mVisible=true mFlags=[]}, InsetsSource: {29ce0000 mType=statusBars mFrame=[0,0][1080,76] mVisible=true mFlags=[]}, InsetsSource: {29ce0005 mType=mandatorySystemGestures mFrame=[0,0][1080,110] mVisible=true mFlags=[]}, InsetsSource: {29ce0006 mType=tappableElement mFrame=[0,0][1080,76] mVisible=true mFlags=[]} }
01-09 22:18:51.553 1507 3343 I sensors-hal: handle_sns_client_event:85, change_location_trigger_event: msgid:1025
01-09 22:18:51.553 1507 3343 I sensors-hal: handle_sns_client_event:108, change_location_trigger_event: 255, 255
01-09 22:18:51.553 10717 10717 I ViewRootImpl@64be10f[Main_Activity]: synced displayState. AttachInfo displayState=2
01-09 22:18:51.554 10717 10717 I ViewRootImpl@64be10f[Main_Activity]: setView = com.android.internal.policy.DecorView@9fccfd2 TM=true
01-09 22:18:51.556 10717 10717 I Dialog : mIsDeviceDefault = false, mIsSamsungBasicInteraction = false, isMetaDataInActivity = false
01-09 22:18:51.557 2400 3341 D CAE : onGetSensorHubData(SensorHubParserProvider.java:92) - onGetSensorHubData Event [event buffer len :15], AP_WAKEUP
01-09 22:18:51.557 2400 3341 I CAE : parse(SensorHubParserProvider.java:193) - buffer size = 15
01-09 22:18:51.557 2400 3341 I CAE : parse(SensorHubParserProvider.java:204) - 1, 1, 61, -1, 0, 2, 1, 0, 0, 0, 1, 0, 0, 0, 0,
01-09 22:18:51.557 2400 3341 D CAE : display(ContextProvider.java:375) - ================= CH_LOC_TRIGGER =================
01-09 22:18:51.557 2400 3341 I CAE : display(ContextProvider.java:391) - duration=[1], property=[1], result=[2], reserved=[0]
01-09 22:18:51.558 2400 3338 D SemContextService: Service.updateContext() : service = Location Change Trigger
01-09 22:18:51.558 2400 2400 D SemContextManager: onSemContextChanged() : event = Location Change Trigger
01-09 22:18:51.558 2400 2400 D NSLocationMonitor: onSemContextChanged, activity : 1 result : 2 movement : 1
01-09 22:18:51.559 10717 10717 I DecorView: setWindowBackground: isPopOver=false color=ffffff d=android.graphics.drawable.ColorDrawable@413f22c
01-09 22:18:51.559 10717 10717 I DecorView: setWindowBackground: isPopOver=false color=ffffff d=android.graphics.drawable.ColorDrawable@413f22c
01-09 22:18:51.560 10717 10717 I DecorView: setWindowBackground: isPopOver=false color=ffffff d=android.graphics.drawable.ColorDrawable@433ab71
01-09 22:18:51.561 10717 10787 D NativeCustomFrequencyManager: [NativeCFMS] BpCustomFrequencyManager::BpCustomFrequencyManager()
01-09 22:18:51.562 1518 1542 I HYPER-HAL: [RequestManager.cpp]acquire(): Acquired ID : 2166880 [1522 / 559] HINT : list : [TID_LOW_LATENCY / 1] [TID / 10791] [TID / 10792] [TID / 10717] [TID / 10787]
01-09 22:18:51.562 10717 11320 W ss.xcal.mobile5: Accessing hidden method Landroid/telephony/TelephonyManager;->getServiceStateForSubscriber(I)Landroid/telephony/ServiceState; (max-target-p, reflection, denied)
01-09 22:18:51.563 2400 5682 D InputTransport: Input channel constructed: '334ba7b', fd=1125
01-09 22:18:51.563 2400 5682 D InputTransport: Input channel constructed: '334ba7b', fd=1136
01-09 22:18:51.563 2400 5682 D InputTransport: Input channel constructed: '334ba7b', fd=1137
01-09 22:18:51.563 1635 1808 I SurfaceFlinger: id=1423 createSurf, flag=84004, 334ba7b com.innowireless.xcal.mobile5/com.innowireless.xcal.mobile5.ui.Main_Activity#1423
01-09 22:18:51.565 2400 5682 I WindowManager: Cancelling animation restarting=true, leash=Surface(name=Surface(name=7db99 StatusBar)/@0xa4e36a9 - animation-leash of insets_animation)/@0xa998e03
01-09 22:18:51.565 2400 5682 I WindowManager: Reparenting to original parent: Surface(name=WindowToken{45f1312 type=2000 android.os.BinderProxy@a7a3d74})/@0x7aaf42e, destroy=false, surface=Surface(name=7db99 StatusBar)/@0xa4e36a9
01-09 22:18:51.565 2400 5682 I WindowManager: Reparenting to leash, surface=Surface(name=7db99 StatusBar)/@0xa4e36a9, leashParent=Surface(name=WindowToken{45f1312 type=2000 android.os.BinderProxy@a7a3d74})/@0x7aaf42e
01-09 22:18:51.565 1635 1808 I SurfaceFlinger: id=1424 createSurf, flag=24000, Surface(name=7db99 StatusBar)/@0xa4e36a9 - animation-leash of insets_animation#1424
01-09 22:18:51.565 2400 5682 D WindowManager: makeSurface duration=0 leash=Surface(name=Surface(name=7db99 StatusBar)/@0xa4e36a9 - animation-leash of insets_animation)/@0x24d54d6
01-09 22:18:51.566 2400 5682 D InsetsSourceProvider: updateControlForTarget: control=InsetsSourceControl: {29ce0000 mType=statusBars initiallyVisible mSurfacePosition=Point(0, 0) mInsetsHint=Insets{left=0, top=76, right=0, bottom=0}}, target=Window{334ba7b u0 com.innowireless.xcal.mobile5/com.innowireless.xcal.mobile5.ui.Main_Activity}, from=com.android.server.wm.InsetsStateController.onControlTargetChanged:358 com.android.server.wm.InsetsStateController.onBarControlTargetChanged:324 com.android.server.wm.InsetsPolicy.updateBarControlTarget:172 com.android.server.wm.InsetsPolicy.updateSystemBars:800 com.android.server.wm.DisplayPolicy.updateSystemBarsLw:3418
01-09 22:18:51.566 2400 5682 I WindowManager: Cancelling animation restarting=true, leash=Surface(name=Surface(name=def6e3d NavigationBar0)/@0xe43c5c7 - animation-leash of insets_animation)/@0x2b23b9
01-09 22:18:51.566 2400 5682 I WindowManager: Reparenting to original parent: Surface(name=WindowToken{50b8be7 type=2019 android.os.BinderProxy@4dca301})/@0x80807f4, destroy=false, surface=Surface(name=def6e3d NavigationBar0)/@0xe43c5c7
01-09 22:18:51.566 2400 5682 I WindowManager: Reparenting to leash, surface=Surface(name=def6e3d NavigationBar0)/@0xe43c5c7, leashParent=Surface(name=WindowToken{50b8be7 type=2019 android.os.BinderProxy@4dca301})/@0x80807f4
01-09 22:18:51.566 1635 1808 I SurfaceFlinger: id=1425 createSurf, flag=24000, Surface(name=def6e3d NavigationBar0)/@0xe43c5c7 - animation-leash of insets_animation#1425
01-09 22:18:51.566 3642 3652 W TelephonyPermissions: reportAccessDeniedToReadIdentifiers:com.innowireless.xcal.mobile5:getAllSubInfoList:3
01-09 22:18:51.566 2400 5682 D WindowManager: makeSurface duration=1 leash=Surface(name=Surface(name=def6e3d NavigationBar0)/@0xe43c5c7 - animation-leash of insets_animation)/@0x6089e44
01-09 22:18:51.567 2400 5682 D InsetsSourceProvider: updateControlForTarget: control=InsetsSourceControl: {51d0001 mType=navigationBars initiallyVisible mSurfacePosition=Point(0, 2205) mInsetsHint=Insets{left=0, top=0, right=0, bottom=135}}, target=Window{334ba7b u0 com.innowireless.xcal.mobile5/com.innowireless.xcal.mobile5.ui.Main_Activity}, from=com.android.server.wm.InsetsStateController.onControlTargetChanged:358 com.android.server.wm.InsetsStateController.onBarControlTargetChanged:327 com.android.server.wm.InsetsPolicy.updateBarControlTarget:172 com.android.server.wm.InsetsPolicy.updateSystemBars:800 com.android.server.wm.DisplayPolicy.updateSystemBarsLw:3418
01-09 22:18:51.567 2400 5682 D InputTransport: Input channel destroyed: '334ba7b', fd=1137
01-09 22:18:51.568 10717 10717 I InsetsController: onStateChanged: host=com.innowireless.xcal.mobile5/com.innowireless.xcal.mobile5.ui.Main_Activity, from=android.view.ViewRootImpl.setView:1751, state=InsetsState: {mDisplayFrame=Rect(0, 0 - 1080, 2340), mDisplayCutout=DisplayCutout{insets=Rect(0, 76 - 0, 0) waterfall=Insets{left=0, top=0, right=0, bottom=0} boundingRect={Bounds=[Rect(0, 0 - 0, 0), Rect(515, 0 - 565, 76), Rect(0, 0 - 0, 0), Rect(0, 0 - 0, 0)]} cutoutPathParserInfo={CutoutPathParserInfo{displayWidth=1080 displayHeight=2340 physicalDisplayWidth=1080 physicalDisplayHeight=2340 density={2.8125} cutoutSpec={M 0,0 H -8.933333333333333 V 26.93333333333333 H 8.933333333333333 V 0 H 0 Z @dp} rotation={0} scale={1.0} physicalPixelDisplaySizeRatio={1.0}}}}, mRoundedCorners=RoundedCorners{[RoundedCorner{position=TopLeft, radius=5, center=Point(5, 5)}, RoundedCorner{position=TopRight, radius=5, center=Point(1075, 5)}, RoundedCorner{position=BottomRight, radius=5, center=Point(1075, 2335)}, RoundedCorner{position=BottomLeft, radius=5, center=Point(5, 2335)}]} mRoundedCornerFrame=Rect(0, 0 - 1080, 2340), mPrivacyIndicatorBounds=PrivacyIndicatorBounds {static bounds=Rect(956, 0 - 1080, 76) rotation=0}, mDisplayShape=DisplayShape{ spec=-1951251426 displayWidth=1440 displayHeight=3120 physicalPixelDisplaySizeRatio=1.0 rotation=0 offsetX=0 offsetY=0 scale=1.0}, mSources= { InsetsSource: {3 mType=ime mFrame=[0,0][0,0] mVisible=false mFlags=[]}, InsetsSource: {27 mType=displayCutout mFrame=[0,0][1080,76] mVisible=true mFlags=[]}, InsetsSource: {51d0001 mType=navigationBars mFrame=[0,2205][1080,2340] mVisible=true mFlags=[]}, InsetsSource: {51d0004 mType=systemGestures mFrame=[0,0][0,0] mVisible=true mFlags=[]}, InsetsSource: {51d0005 mType=mandatorySystemGestures mFrame=[0,2205][1080,2340] mVisible=true mFlags=[]}, InsetsSource: {51d0006 mType=tappableElement mFrame=[0,2205][1080,2340] mVisible=true mFlags=[]}, InsetsSource: {51d0024 mType=systemGestures mFrame=[0,0][0,0] mVisible=true mFlags=[]}, InsetsSource: {29ce0000 mType=statusBars mFrame=[0,0][1080,76] mVisible=true mFlags=[]}, InsetsSource: {29ce0005 mType=mandatorySystemGestures mFrame=[0,0][1080,110] mVisible=true mFlags=[]}, InsetsSource: {29ce0006 mType=tappableElement mFrame=[0,0][1080,76] mVisible=true mFlags=[]} }
01-09 22:18:51.568 10717 10717 I ViewRootImpl@6f023a[Main_Activity]: synced displayState. AttachInfo displayState=2
01-09 22:18:51.569 10717 10717 I ViewRootImpl@6f023a[Main_Activity]: setView = com.android.internal.policy.DecorView@b7ed1d5 TM=true
01-09 22:18:51.574 3642 3652 W TelephonyPermissions: reportAccessDeniedToReadIdentifiers:com.innowireless.xcal.mobile5:getAllSubInfoList:3
01-09 22:18:51.580 12336 12336 I [AirCmd]_SpenAdvertiseChecker: canSpenAdvertise : standby mode
01-09 22:18:51.581 12336 12336 I [AirCmd]_BleSpenDeviceMainController: startBleSpenAutoConnection : run : Trying to connect attached spen
01-09 22:18:51.582 2400 5671 I SpenGestureManagerService: getBleSpenAddress
01-09 22:18:51.582 12336 12336 I [AirCmd]_SpenAdvertiseChecker: canSpenAdvertise : standby mode
01-09 22:18:51.583 12336 12336 I [AirCmd]_BleSpenDeviceMainController: setConnectionState : CONNECTING
01-09 22:18:51.584 12336 12336 I [AirCmd]_BleSpenConnectionFlowController: connectToSpen : mTargetSpenModelName :BUILTIN, mTargetAddress: 28:8E:B9:55:5A:9E, mTriggerCode :START_AUTO_CONNECTION, mIsSpenHardResetStepEnabled :false, mResetDuration :2000
01-09 22:18:51.584 10717 10717 D XCAL-Mobile: ModuleDownloader.release()
01-09 22:18:51.585 12336 12336 I [AirCmd]_BleSpenConnectionFlowController: setConnectionInProgress :true
01-09 22:18:51.586 12336 12336 I [AirCmd]_BleDriver: close : close immediately
01-09 22:18:51.586 12336 12336 I [AirCmd]_BleSpenConnectionFlowController: connectToSpen : close finished
01-09 22:18:51.586 12336 12336 I [AirCmd]_BleSpenConnectionFlowController: connectionCallback : timeout=40000, powerSaving=true, isBleConnTriggerCodePenDetach=START_AUTO_CONNECTION
01-09 22:18:51.586 12336 12336 I [AirCmd]_BleSpenConnectionFlowController: tryToConnectViaBluetooth
01-09 22:18:51.586 12336 12336 I [AirCmd]_BleDriver: close : close immediately
01-09 22:18:51.587 12336 12336 I BluetoothAdapter: StandAloneBleMode=true called by PID : 12336, TID : 12336 @ com.samsung.android.service.aircommand
01-09 22:18:51.588 12336 12336 I BluetoothAdapter: enableRadio() : Calling enable
01-09 22:18:51.588 2400 3796 D SecContentProvider: query(), uri = 3 selection = isBLEAllowed
01-09 22:18:51.588 2400 3796 D SecContentProvider: called from android.uid.system:1000
01-09 22:18:51.589 2400 3796 D BluetoothManagerService: enableBle(): mIsSamsungKernel = true, fromSamsungApp = true
01-09 22:18:51.590 2400 3796 D SecContentProvider: query(), uri = 3 selection = isBLEAllowed
01-09 22:18:51.590 2400 3796 D SecContentProvider: called from android.uid.system:1000
01-09 22:18:51.591 2400 3796 E BluetoothManagerService: Unable to handle updateBleAppCount
01-09 22:18:51.591 2400 3796 D BluetoothManagerService: enableBLE(): Bluetooth is already enabled or is turning on
01-09 22:18:51.591 12336 12336 I [AirCmd]_BleStandAloneModeEnabler: invokeFinishListener : result=SUCCESS
01-09 22:18:51.591 12336 12336 I [AirCmd]_BleSpenConnector: canAutoReconnect : standby mode is enabled
01-09 22:18:51.591 12336 12336 I [AirCmd]_BleSpenConnector: startConnection timeout=40000
01-09 22:18:51.592 12336 12336 I [AirCmd]_BleDriver: close : close immediately
01-09 22:18:51.592 12336 12336 I [AirCmd]_BleSpenConnector: tryToConnect : mSpenModelName=BUILTIN timeout=10000 try count=1 penInsertion=true isKeepConnectedEnabled=false
01-09 22:18:51.592 12336 12336 I [AirCmd]_SpenAdvertiseChecker: canSpenAdvertise : standby mode
01-09 22:18:51.592 12336 12336 I [AirCmd]_BleSpenConnector: tryToConnect : immediately reset because of standby mode
01-09 22:18:51.592 12336 12336 I [AirCmd]_CallbackRepeater: stopRepeat : isWorking=false
01-09 22:18:51.592 12336 12336 I [AirCmd]_ScreenOffAndLockStateAirActionRunner: setEnableSpenUnlockCondition : isEnabled is false
01-09 22:18:51.593 12336 12336 I [AirCmd]_RemoteSpenMainController: onConnectionStateChanged : BUILTIN, n=CONNECTING, p=DISCONNECTED, TEXT_RESULT[CONN_TRIG:START_AUTO_CONNECTION][RC:SUCCESS, msg:Starts connect]
01-09 22:18:51.593 12336 12336 I [AirCmd]_NotificationUpdater: updateBundledSpenNotification : spenInstanceId=BUILTIN, curConnState=CONNECTING, prevState=DISCONNECTED, implicit=false
01-09 22:18:51.594 12336 12336 I [AirCmd]_StatusBarController: showConnectingIcon
01-09 22:18:51.595 1635 1635 I Layer : Layer [a663267 com.innowireless.xcal.mobile5/com.innowireless.xcal.mobile5.ui.Main_Activity#1420] hidden!! flag(0)
01-09 22:18:51.595 1635 1635 I Layer : Layer::reparent [def6e3d NavigationBar0#70] newParent : Surface(name=def6e3d NavigationBar0)/@0xe43c5c7 - animation-leash of insets_animation#1422 , isRemovedFromCurrentState : 0 -------------------------
01-09 22:18:51.595 1635 1635 I Layer : Layer::reparent [def6e3d NavigationBar0#70] End -------------------------
01-09 22:18:51.595 1635 1635 I Layer : Layer::reparent [7db99 StatusBar#78] newParent : Surface(name=7db99 StatusBar)/@0xa4e36a9 - animation-leash of insets_animation#1421 , isRemovedFromCurrentState : 0 -------------------------
01-09 22:18:51.595 1635 1635 I Layer : Layer::reparent [7db99 StatusBar#78] End -------------------------
01-09 22:18:51.595 1635 1635 I Layer : Layer::reparent [Surface(name=7db99 StatusBar)/@0xa4e36a9 - animation-leash of insets_animation#1413] newParentHandle : null -------------------------
01-09 22:18:51.595 1635 1635 I Layer : id=1413 removeFromCurrentState Surface(name=7db99 StatusBar)/@0xa4e36a9 - animation-leash of insets_animation#1413 (127)
01-09 22:18:51.595 1635 1635 I Layer : Layer::reparent [Surface(name=7db99 StatusBar)/@0xa4e36a9 - animation-leash of insets_animation#1413] End -------------------------
01-09 22:18:51.595 1635 1635 I Layer : Layer::reparent [Surface(name=def6e3d NavigationBar0)/@0xe43c5c7 - animation-leash of insets_animation#1414] newParentHandle : null -------------------------
01-09 22:18:51.595 1635 1635 I Layer : id=1414 removeFromCurrentState Surface(name=def6e3d NavigationBar0)/@0xe43c5c7 - animation-leash of insets_animation#1414 (127)
01-09 22:18:51.595 1635 1635 I Layer : Layer::reparent [Surface(name=def6e3d NavigationBar0)/@0xe43c5c7 - animation-leash of insets_animation#1414] End -------------------------
01-09 22:18:51.595 10717 10717 D AnimatorSet: mReversing is false. Don't call initChildren.
01-09 22:18:51.636 1635 1635 I Layer : Layer [334ba7b com.innowireless.xcal.mobile5/com.innowireless.xcal.mobile5.ui.Main_Activity#1423] hidden!! flag(0)
01-09 22:18:51.636 1635 1635 I Layer : Layer::reparent [def6e3d NavigationBar0#70] newParent : Surface(name=def6e3d NavigationBar0)/@0xe43c5c7 - animation-leash of insets_animation#1425 , isRemovedFromCurrentState : 0 -------------------------
01-09 22:18:51.636 1635 1635 I Layer : Layer::reparent [def6e3d NavigationBar0#70] End -------------------------
01-09 22:18:51.636 1635 1635 I Layer : Layer::reparent [7db99 StatusBar#78] newParent : Surface(name=7db99 StatusBar)/@0xa4e36a9 - animation-leash of insets_animation#1424 , isRemovedFromCurrentState : 0 -------------------------
01-09 22:18:51.636 1635 1635 I Layer : Layer::reparent [7db99 StatusBar#78] End -------------------------
01-09 22:18:51.636 1635 1635 I Layer : Layer::reparent [Surface(name=7db99 StatusBar)/@0xa4e36a9 - animation-leash of insets_animation#1421] newParentHandle : null -------------------------
01-09 22:18:51.636 1635 1635 I Layer : id=1421 removeFromCurrentState Surface(name=7db99 StatusBar)/@0xa4e36a9 - animation-leash of insets_animation#1421 (127)
01-09 22:18:51.636 1635 1635 I Layer : Layer::reparent [Surface(name=7db99 StatusBar)/@0xa4e36a9 - animation-leash of insets_animation#1421] End -------------------------
01-09 22:18:51.636 1635 1635 I Layer : Layer::reparent [Surface(name=def6e3d NavigationBar0)/@0xe43c5c7 - animation-leash of insets_animation#1422] newParentHandle : null -------------------------
01-09 22:18:51.636 1635 1635 I Layer : id=1422 removeFromCurrentState Surface(name=def6e3d NavigationBar0)/@0xe43c5c7 - animation-leash of insets_animation#1422 (127)
01-09 22:18:51.636 1635 1635 I Layer : Layer::reparent [Surface(name=def6e3d NavigationBar0)/@0xe43c5c7 - animation-leash of insets_animation#1422] End -------------------------
01-09 22:18:51.644 3670 3670 W View : requestLayout() improperly called by android.widget.FrameLayout{3ec886a V.E...... ......ID 0,138-1080,2205 #7f0a084c app:id/qs_frame} during layout: running second layout pass
01-09 22:18:51.656 2400 2631 D KNOX_MDM_SettingsProvider: isChangeAllowed() : name = enabled_notification_listeners
01-09 22:18:51.682 10717 10717 I BLASTBufferQueue_Java: update, w= 1080 h= 2340 mName = ViewRootImpl@2071ed5[Main_Activity] mNativeObject= 0xb4000073ed52c810 sc.mNativeObject= 0xb4000071fd510110 format= -1 caller= android.view.ViewRootImpl.updateBlastSurfaceIfNeeded:3020 android.view.ViewRootImpl.relayoutWindow:10121 android.view.ViewRootImpl.performTraversals:4115 android.view.ViewRootImpl.doTraversal:3291 android.view.ViewRootImpl$TraversalRunnable.run:11329 android.view.Choreographer$CallbackRecord.run:1689
01-09 22:18:51.682 10717 10717 I ViewRootImpl@2071ed5[Main_Activity]: Relayout returned: old=(0,0,1080,2340) new=(0,0,1080,2340) relayoutAsync=true req=(1080,2340)0 dur=0 res=0x0 s={true 0xb40000736d554000} ch=false seqId=0
01-09 22:18:51.683 10717 10717 D AbsListView: in onLayout changed
01-09 22:18:51.683 2400 3796 I AccessibilityManagerService: semIsAccessibilityServiceEnabled()
01-09 22:18:51.683 2400 3796 I AccessibilityManagerService: semIsAccessibilityServiceEnabled()
01-09 22:18:51.683 2400 3796 I AccessibilityManagerService: semIsAccessibilityServiceEnabled()
01-09 22:18:51.683 10717 10717 D ScrollView: onsize change changed
01-09 22:18:51.683 10717 10717 D AbsListView: in onLayout changed
01-09 22:18:51.684 2400 3796 I AccessibilityManagerService: semIsAccessibilityServiceEnabled()
01-09 22:18:51.684 2400 3796 I AccessibilityManagerService: semIsAccessibilityServiceEnabled()
01-09 22:18:51.684 2400 3796 I AccessibilityManagerService: semIsAccessibilityServiceEnabled()
01-09 22:18:51.685 10717 10717 D ScrollView: onsize change changed
01-09 22:18:51.686 1518 1542 I HYPER-HAL: [RequestManager.cpp]acquire(): Acquired ID : 2115130 [1522 / 534] HINT : list : [UCLAMP_MIN_BOOST / 100] [TID / 10791] [TID / 10792] [TID / 10717] [TID / 10787]
01-09 22:18:51.715 10717 10717 D AbsListView: in onLayout changed
01-09 22:18:51.715 2400 4825 I AccessibilityManagerService: semIsAccessibilityServiceEnabled()
01-09 22:18:51.715 2400 3796 I AccessibilityManagerService: semIsAccessibilityServiceEnabled()
01-09 22:18:51.715 2400 4825 I AccessibilityManagerService: semIsAccessibilityServiceEnabled()
01-09 22:18:51.724 10717 10717 D AbsListView: in onLayout changed
01-09 22:18:51.724 2400 3796 I AccessibilityManagerService: semIsAccessibilityServiceEnabled()
01-09 22:18:51.724 2400 4825 I AccessibilityManagerService: semIsAccessibilityServiceEnabled()
01-09 22:18:51.724 2400 5671 I AccessibilityManagerService: semIsAccessibilityServiceEnabled()
01-09 22:18:51.725 10717 10717 I ViewRootImpl@2071ed5[Main_Activity]: registerCallbackForPendingTransactions
01-09 22:18:51.727 2400 3796 I AccessibilityManagerService: semIsAccessibilityServiceEnabled()
01-09 22:18:51.727 2400 5671 I AccessibilityManagerService: semIsAccessibilityServiceEnabled()
01-09 22:18:51.727 2400 4825 I AccessibilityManagerService: semIsAccessibilityServiceEnabled()
01-09 22:18:51.727 2400 5682 I AccessibilityManagerService: semIsAccessibilityServiceEnabled()
01-09 22:18:51.727 2400 4825 I AccessibilityManagerService: semIsAccessibilityServiceEnabled()
01-09 22:18:51.727 2400 5709 I AccessibilityManagerService: semIsAccessibilityServiceEnabled()
01-09 22:18:51.728 12165 12165 I SCS@AiSearch user 0: (ObserverWorker::AOSP_MP) [main] entering in startWork triggered by [content://media/external/file/1000011897, content://media/external/file/1000012246, content://media/external/file/1000028020]():
01-09 22:18:51.729 12165 12165 I SCS@AiSearch user 0: (BaseCollector::AOSP_MP) [main] entering in onChange():
01-09 22:18:51.729 12165 12737 I SCS@AiSearch user 0: (BaseCollector::AOSP_MP) [AOSP_MP-0] entering in collectChanges():
01-09 22:18:51.729 10717 10717 D AnimatorSet: mReversing is false. Don't call initChildren.
01-09 22:18:51.729 10717 10717 D AnimatorSet: mReversing is false. Don't call initChildren.
01-09 22:18:51.729 10717 10717 D AnimatorSet: mReversing is false. Don't call initChildren.
01-09 22:18:51.730 10717 10791 I ViewRootImpl@2071ed5[Main_Activity]: mWNT: t=0xb40000722d56d870 mBlastBufferQueue=0xb4000073ed52c810 fn= 166 mRenderHdrSdrRatio=1.0 caller= android.view.ViewRootImpl$6.onFrameDraw:5639 android.view.ViewRootImpl$2.onFrameDraw:2144 android.view.ThreadedRenderer$1.onFrameDraw:792
01-09 22:18:51.730 2400 5671 D CoreBackPreview: Window{a663267 u0 com.innowireless.xcal.mobile5/com.innowireless.xcal.mobile5.ui.Main_Activity}: Setting back callback OnBackInvokedCallbackInfo{mCallback=android.window.IOnBackInvokedCallback$Stub$Proxy@ac29f86, mPriority=0, mIsAnimationCallback=false}
01-09 22:18:51.731 2400 5671 D PackageManager: setEnabledSetting : userId = 0 packageName = com.samsung.android.scs cmp = androidx.work.impl.background.systemalarm.RescheduleReceiver newState = 1 callingPackage = com.samsung.android.scs
01-09 22:18:51.731 2400 5682 D RestrictionPolicy: isScreenCaptureEnabled : ret=true userId=0
01-09 22:18:51.731 1635 1938 I SurfaceFlinger: id=1426 createSurf, flag=44004, com.innowireless.xcal.mobile5/com.innowireless.xcal.mobile5.ui.Main_Activity$_10717#1426
01-09 22:18:51.732 2400 5682 D WindowManager: makeSurface duration=1 name=com.innowireless.xcal.mobile5/com.innowireless.xcal.mobile5.ui.Main_Activity$_10717
01-09 22:18:51.734 2400 5671 D ApplicationPolicy: getApplicationStateEnabled : pkg = com.samsung.android.scs userId : 0
01-09 22:18:51.734 2400 5671 D ApplicationPolicy: getApplicationComponentState : pkg = com.samsung.android.scs userId : 0
01-09 22:18:51.736 10717 11821 I ViewRootImpl@64be10f[Main_Activity]: Resizing android.view.ViewRootImpl@871887: frame = [90,867][990,1414] reportDraw = true forceLayout = false syncSeqId = -1
01-09 22:18:51.745 10717 10717 I BLASTBufferQueue_Java: new BLASTBufferQueue, mName= ViewRootImpl@64be10f[Main_Activity] mNativeObject= 0xb4000073ed552330 sc.mNativeObject= 0xb4000071fd530750 caller= android.view.ViewRootImpl.updateBlastSurfaceIfNeeded:3031 android.view.ViewRootImpl.relayoutWindow:10121 android.view.ViewRootImpl.performTraversals:4115 android.view.ViewRootImpl.doTraversal:3291 android.view.ViewRootImpl$TraversalRunnable.run:11329 android.view.Choreographer$CallbackRecord.run:1689 android.view.Choreographer$CallbackRecord.run:1698 android.view.Choreographer.doCallbacks:1153 android.view.Choreographer.doFrame:1079 android.view.Choreographer$FrameDisplayEventReceiver.run:1646
01-09 22:18:51.745 10717 10717 I BLASTBufferQueue_Java: update, w= 900 h= 547 mName = ViewRootImpl@64be10f[Main_Activity] mNativeObject= 0xb4000073ed552330 sc.mNativeObject= 0xb4000071fd530750 format= -2 caller= android.graphics.BLASTBufferQueue.:89 android.view.ViewRootImpl.updateBlastSurfaceIfNeeded:3031 android.view.ViewRootImpl.relayoutWindow:10121 android.view.ViewRootImpl.performTraversals:4115 android.view.ViewRootImpl.doTraversal:3291 android.view.ViewRootImpl$TraversalRunnable.run:11329
01-09 22:18:51.746 10717 10717 I ViewRootImpl@64be10f[Main_Activity]: Relayout returned: old=(0,76,1080,2205) new=(90,867,990,1414) relayoutAsync=false req=(900,547)0 dur=14 res=0x403 s={true 0xb40000736d57a520} ch=true seqId=0
01-09 22:18:51.746 10717 10717 I ViewRootImpl@64be10f[Main_Activity]: performConfigurationChange setNightDimText nightDimLevel=0
01-09 22:18:51.746 10717 10717 D ViewRootImpl@64be10f[Main_Activity]: mThreadedRenderer.initialize() mSurface={isValid=true 0xb40000736d57a520} hwInitialized=true
01-09 22:18:51.747 10717 10717 D ViewRootImpl@64be10f[Main_Activity]: reportNextDraw android.view.ViewRootImpl.performTraversals:4723 android.view.ViewRootImpl.doTraversal:3291 android.view.ViewRootImpl$TraversalRunnable.run:11329 android.view.Choreographer$CallbackRecord.run:1689 android.view.Choreographer$CallbackRecord.run:1698
01-09 22:18:51.747 10717 10717 I ViewRootImpl@64be10f[Main_Activity]: Setup new sync=wmsSync-ViewRootImpl@64be10f[Main_Activity]#10
01-09 22:18:51.747 10717 10717 I ViewRootImpl@64be10f[Main_Activity]: Creating new active sync group ViewRootImpl@64be10f[Main_Activity]#11
01-09 22:18:51.747 10717 10717 I ViewRootImpl@64be10f[Main_Activity]: registerCallbacksForSync syncBuffer=false
01-09 22:18:51.748 10717 10792 I ViewRootImpl@64be10f[Main_Activity]: Received frameDrawingCallback syncResult=0 frameNum=1.
01-09 22:18:51.748 10717 10792 I ViewRootImpl@64be10f[Main_Activity]: mWNT: t=0xb40000722d56ba30 mBlastBufferQueue=0xb4000073ed552330 fn= 1 mRenderHdrSdrRatio=1.0 caller= android.view.ViewRootImpl$8.onFrameDraw:13826 android.view.ThreadedRenderer$1.onFrameDraw:792
01-09 22:18:51.748 10717 10792 I ViewRootImpl@64be10f[Main_Activity]: Setting up sync and frameCommitCallback
01-09 22:18:51.749 10717 10787 I BLASTBufferQueue: [ViewRootImpl@64be10f[Main_Activity]#5](f:0,a:0,s:0) onFrameAvailable the first frame is available
01-09 22:18:51.750 10717 10787 I ViewRootImpl@64be10f[Main_Activity]: Received frameCommittedCallback lastAttemptedDrawFrameNum=1 didProduceBuffer=true
01-09 22:18:51.750 10717 10787 D OpenGLRenderer: CFMS:: SetUp Pid : 10717 Tid : 10787
01-09 22:18:51.750 10717 10717 I ViewRootImpl@64be10f[Main_Activity]: reportDrawFinished seqId=0
01-09 22:18:51.750 2400 3796 D WindowManager: finishDrawingWindow: Window{a663267 u0 com.innowireless.xcal.mobile5/com.innowireless.xcal.mobile5.ui.Main_Activity} mDrawState=DRAW_PENDING seqId=0
01-09 22:18:51.750 10717 10717 D AnimatorSet: mReversing is false. Don't call initChildren.
01-09 22:18:51.750 10717 10717 D AnimatorSet: mReversing is false. Don't call initChildren.
01-09 22:18:51.751 10717 10717 D AnimatorSet: mReversing is false. Don't call initChildren.
01-09 22:18:51.751 2400 2633 I WindowManager: Reparenting to leash, surface=Surface(name=a663267 com.innowireless.xcal.mobile5/com.innowireless.xcal.mobile5.ui.Main_Activity)/@0xb992e12, leashParent=Surface(name=ActivityRecord{9e0931d u0 com.innowireless.xcal.mobile5/.ui.Main_Activity t23})/@0x7873cc1
01-09 22:18:51.751 1635 1938 I SurfaceFlinger: id=1427 createSurf, flag=24004, Surface(name=a663267 com.innowireless.xcal.mobile5/com.innowireless.xcal.mobile5.ui.Main_Activity)/@0xb992e12 - animation-leash of window_animation#1427
01-09 22:18:51.752 2400 2633 D WindowManager: makeSurface duration=1 leash=Surface(name=Surface(name=a663267 com.innowireless.xcal.mobile5/com.innowireless.xcal.mobile5.ui.Main_Activity)/@0xb992e12 - animation-leash of window_animation)/@0x2e49e3
01-09 22:18:51.753 2400 3796 D CoreBackPreview: Window{334ba7b u0 com.innowireless.xcal.mobile5/com.innowireless.xcal.mobile5.ui.Main_Activity}: Setting back callback OnBackInvokedCallbackInfo{mCallback=android.window.IOnBackInvokedCallback$Stub$Proxy@9d8195e, mPriority=0, mIsAnimationCallback=false}
01-09 22:18:51.754 2400 5682 D RestrictionPolicy: isScreenCaptureEnabled : ret=true userId=0
01-09 22:18:51.755 1635 1938 I SurfaceFlinger: id=1428 createSurf, flag=44004, com.innowireless.xcal.mobile5/com.innowireless.xcal.mobile5.ui.Main_Activity$_10717#1428
01-09 22:18:51.755 2400 5682 D WindowManager: makeSurface duration=1 name=com.innowireless.xcal.mobile5/com.innowireless.xcal.mobile5.ui.Main_Activity$_10717
01-09 22:18:51.758 10717 11821 I ViewRootImpl@6f023a[Main_Activity]: Resizing android.view.ViewRootImpl@e9e81e4: frame = [94,893][986,1387] reportDraw = true forceLayout = false syncSeqId = -1
01-09 22:18:51.760 10717 10717 I InsetsSourceConsumer: applyRequestedVisibilityToControl: visible=true, type=statusBars, host=com.innowireless.xcal.mobile5/com.innowireless.xcal.mobile5.ui.Main_Activity
01-09 22:18:51.760 10717 10717 I InsetsSourceConsumer: applyRequestedVisibilityToControl: visible=true, type=navigationBars, host=com.innowireless.xcal.mobile5/com.innowireless.xcal.mobile5.ui.Main_Activity
01-09 22:18:51.761 10717 10717 I BLASTBufferQueue_Java: new BLASTBufferQueue, mName= ViewRootImpl@6f023a[Main_Activity] mNativeObject= 0xb4000073ed54d510 sc.mNativeObject= 0xb4000071fd52f910 caller= android.view.ViewRootImpl.updateBlastSurfaceIfNeeded:3031 android.view.ViewRootImpl.relayoutWindow:10121 android.view.ViewRootImpl.performTraversals:4115 android.view.ViewRootImpl.doTraversal:3291 android.view.ViewRootImpl$TraversalRunnable.run:11329 android.view.Choreographer$CallbackRecord.run:1689 android.view.Choreographer$CallbackRecord.run:1698 android.view.Choreographer.doCallbacks:1153 android.view.Choreographer.doFrame:1079 android.view.Choreographer$FrameDisplayEventReceiver.run:1646
01-09 22:18:51.761 10717 10717 I BLASTBufferQueue_Java: update, w= 892 h= 494 mName = ViewRootImpl@6f023a[Main_Activity] mNativeObject= 0xb4000073ed54d510 sc.mNativeObject= 0xb4000071fd52f910 format= -2 caller= android.graphics.BLASTBufferQueue.:89 android.view.ViewRootImpl.updateBlastSurfaceIfNeeded:3031 android.view.ViewRootImpl.relayoutWindow:10121 android.view.ViewRootImpl.performTraversals:4115 android.view.ViewRootImpl.doTraversal:3291 android.view.ViewRootImpl$TraversalRunnable.run:11329
01-09 22:18:51.761 10717 10717 I ViewRootImpl@6f023a[Main_Activity]: Relayout returned: old=(0,76,1080,2205) new=(94,893,986,1387) relayoutAsync=false req=(892,494)0 dur=7 res=0x403 s={true 0xb40000736d576100} ch=true seqId=0
01-09 22:18:51.761 10717 10717 I ViewRootImpl@6f023a[Main_Activity]: performConfigurationChange setNightDimText nightDimLevel=0
01-09 22:18:51.761 1635 1635 I Layer : Layer [com.innowireless.xcal.mobile5/com.innowireless.xcal.mobile5.ui.Main_Activity$_10717#1426] hidden!! flag(0)
01-09 22:18:51.761 1635 1635 I Layer : Layer [Surface(name=a663267 com.innowireless.xcal.mobile5/com.innowireless.xcal.mobile5.ui.Main_Activity)/@0xb992e12 - animation-leash of window_animation#1427] hidden!! flag(0)
01-09 22:18:51.761 1635 1635 I Layer : Layer::reparent [a663267 com.innowireless.xcal.mobile5/com.innowireless.xcal.mobile5.ui.Main_Activity#1420] newParent : Surface(name=a663267 com.innowireless.xcal.mobile5/com.innowireless.xcal.mobile5.ui.Main_Activity)/@0xb992e12 - animation-leash of window_animation#1427 , isRemovedFromCurrentState : 0 -------------------------
01-09 22:18:51.761 1635 1635 I Layer : Layer::reparent [a663267 com.innowireless.xcal.mobile5/com.innowireless.xcal.mobile5.ui.Main_Activity#1420] End -------------------------
01-09 22:18:51.762 10717 10717 D ViewRootImpl@6f023a[Main_Activity]: mThreadedRenderer.initialize() mSurface={isValid=true 0xb40000736d576100} hwInitialized=true
01-09 22:18:51.762 10717 10717 D ViewRootImpl@6f023a[Main_Activity]: reportNextDraw android.view.ViewRootImpl.performTraversals:4723 android.view.ViewRootImpl.doTraversal:3291 android.view.ViewRootImpl$TraversalRunnable.run:11329 android.view.Choreographer$CallbackRecord.run:1689 android.view.Choreographer$CallbackRecord.run:1698
01-09 22:18:51.763 10717 10717 I ViewRootImpl@6f023a[Main_Activity]: Setup new sync=wmsSync-ViewRootImpl@6f023a[Main_Activity]#12
01-09 22:18:51.763 10717 10717 I ViewRootImpl@6f023a[Main_Activity]: Creating new active sync group ViewRootImpl@6f023a[Main_Activity]#13
01-09 22:18:51.763 10717 10717 I ViewRootImpl@6f023a[Main_Activity]: registerCallbacksForSync syncBuffer=false
01-09 22:18:51.763 1635 1635 D SurfaceFlinger: Display 4630946315032985731 HWC layers:
01-09 22:18:51.763 1635 1635 D SurfaceFlinger: DEVICE | 0xb40000738be54d70 | 0102 | RGBA_8888 | 0.0 0.0 1080.0 2340.0 | 0 0 1080 2340 | com.innowireless.xcal.mobile5/com.in[...]mobile5.ui.Main_Activity$_10717#1386
01-09 22:18:51.763 1635 1635 D SurfaceFlinger: DEVICE | 0xb40000738be461c0 | 0100 | RGBA_8888 | 0.0 0.0 900.0 612.0 | 90 834 990 1446 | com.innowireless.xcal.mobile5/com.in[...]mobile5.ui.Main_Activity$_10717#1415
01-09 22:18:51.763 1635 1635 D SurfaceFlinger: SOLID_COLOR | | 0000 | Unknown | 0.0 0.0 0.0 0.0 | 0 0 1080 2340 | Dim Layer for - Task=23#1417
01-09 22:18:51.763 1635 1635 D SurfaceFlinger: DEVICE | 0xb40000738be42b30 | 0100 | RGBA_8888 | 0.0 0.0 1080.0 76.0 | 0 0 1080 76 | StatusBar$_3670#88
01-09 22:18:51.763 1635 1635 D SurfaceFlinger: DEVICE | 0xb40000738be446c0 | 0100 | RGBA_8888 | 0.0 0.0 67.0 342.0 | 1013 438 1080 780 | com.sec.android.app.launcher/com.sam[...]ce.edge.CocktailBarService$_4060#801
01-09 22:18:51.763 1635 1635 D SurfaceFlinger: DEVICE | 0xb40000738be44a20 | 0100 | RGBA_8888 | 0.0 0.0 1080.0 135.0 | 0 2205 1080 2340 | NavigationBar0$_3670#87
01-09 22:18:51.763 1635 1635 D SurfaceFlinger:
01-09 22:18:51.763 10717 10728 I OpenGLRenderer: Davey! duration=946ms; Flags=1, FrameTimelineVsyncId=341856, IntendedVsync=1066007606140, Vsync=1066757606128, InputEventId=0, HandleInputStart=1066797996258, AnimationStart=1066797997143, PerformTraversalsStart=1066798452560, DrawStart=1066949991050, FrameDeadline=1066049272804, FrameInterval=1066797803758, FrameStartTime=41666666, SyncQueued=1066950393081, SyncStart=1066950476310, IssueDrawCommandsStart=1066950523966, SwapBuffers=1066951714487, FrameCompleted=1066954514331, DequeueBufferDuration=4948, QueueBufferDuration=235833, GpuCompleted=1066954514331, SwapBuffersCompleted=1066952136883, DisplayPresentTime=0, CommandSubmissionCompleted=1066951714487,
01-09 22:18:51.764 10717 10728 I OpenGLRenderer: Davey! duration=946ms; Flags=0, FrameTimelineVsyncId=341856, IntendedVsync=1066007606140, Vsync=1066757606128, InputEventId=0, HandleInputStart=1066797996258, AnimationStart=1066797997143, PerformTraversalsStart=1066798452560, DrawStart=1066927358810, FrameDeadline=1066049272804, FrameInterval=1066797803758, FrameStartTime=41666666, SyncQueued=1066930873706, SyncStart=1066930912768, IssueDrawCommandsStart=1066931516050, SwapBuffers=1066946300164, FrameCompleted=1066954395893, DequeueBufferDuration=16198, QueueBufferDuration=323698, GpuCompleted=1066954395893, SwapBuffersCompleted=1066946991987, DisplayPresentTime=1050066391733, CommandSubmissionCompleted=1066946300164,
01-09 22:18:51.764 10717 10791 I ViewRootImpl@6f023a[Main_Activity]: Received frameDrawingCallback syncResult=0 frameNum=1.
01-09 22:18:51.764 10717 10791 I ViewRootImpl@6f023a[Main_Activity]: mWNT: t=0xb40000722d5705d0 mBlastBufferQueue=0xb4000073ed54d510 fn= 1 mRenderHdrSdrRatio=1.0 caller= android.view.ViewRootImpl$8.onFrameDraw:13826 android.view.ThreadedRenderer$1.onFrameDraw:792
01-09 22:18:51.764 10717 10791 I ViewRootImpl@6f023a[Main_Activity]: Setting up sync and frameCommitCallback
01-09 22:18:51.764 12165 12737 I SCS@AiSearch user 0: (BaseCollector::AOSP_MP) fetchInternal values : maxSyncId: 1000028006 indexCount: 5102 sourceCount: 5102
01-09 22:18:51.765 10717 10787 I BLASTBufferQueue: [ViewRootImpl@6f023a[Main_Activity]#6](f:0,a:0,s:0) onFrameAvailable the first frame is available
01-09 22:18:51.765 10717 10787 I ViewRootImpl@6f023a[Main_Activity]: Received frameCommittedCallback lastAttemptedDrawFrameNum=1 didProduceBuffer=true
01-09 22:18:51.765 10717 10787 D OpenGLRenderer: CFMS:: SetUp Pid : 10717 Tid : 10787
01-09 22:18:51.766 10717 10717 I ViewRootImpl@6f023a[Main_Activity]: reportDrawFinished seqId=0
01-09 22:18:51.766 2400 5671 D WindowManager: finishDrawingWindow: Window{334ba7b u0 com.innowireless.xcal.mobile5/com.innowireless.xcal.mobile5.ui.Main_Activity} mDrawState=DRAW_PENDING seqId=0
01-09 22:18:51.766 10717 10717 D XCAL-Mobile: ACTION_AIRPLANE_MODE_CHANGED - false
01-09 22:18:51.767 2400 2629 I ActivityManager: Broadcast completed: result=0
01-09 22:18:51.768 2400 2633 I WindowManager: Reparenting to leash, surface=Surface(name=334ba7b com.innowireless.xcal.mobile5/com.innowireless.xcal.mobile5.ui.Main_Activity)/@0x63d0a0c, leashParent=Surface(name=ActivityRecord{9e0931d u0 com.innowireless.xcal.mobile5/.ui.Main_Activity t23})/@0x7873cc1
01-09 22:18:51.769 1635 1809 I SurfaceFlinger: id=1429 createSurf, flag=24004, Surface(name=334ba7b com.innowireless.xcal.mobile5/com.innowireless.xcal.mobile5.ui.Main_Activity)/@0x63d0a0c - animation-leash of window_animation#1429
01-09 22:18:51.769 10717 10717 W ss.xcal.mobile5: Accessing hidden method Landroid/telephony/TelephonyManager;->getVoiceNetworkType(I)I (max-target-p, reflection, denied)
01-09 22:18:51.770 10717 10717 W ss.xcal.mobile5: Accessing hidden method Landroid/telephony/TelephonyManager;->getDataNetworkType(I)I (max-target-p, reflection, denied)
01-09 22:18:51.770 2400 2633 D WindowManager: makeSurface duration=3 leash=Surface(name=Surface(name=334ba7b com.innowireless.xcal.mobile5/com.innowireless.xcal.mobile5.ui.Main_Activity)/@0x63d0a0c - animation-leash of window_animation)/@0xb69125b
01-09 22:18:51.774 12165 12737 I SCS@AiSearch user 0: (IndexManager) [AOSP_MP-0] entering in addIndex():
01-09 22:18:51.774 12165 12737 I SCS@AiSearch user 0: (BaseCollector::AOSP_MP) fetch: fetching took 28 ms
01-09 22:18:51.774 12165 12737 I SCS@AiSearch user 0: (BaseCollector::AOSP_MP) fetchChanges: applied 0 items
01-09 22:18:51.775 12165 12737 I SCS@AiSearch user 0: (BaseCollector::AOSP_MP) Collect finished. Result: true
01-09 22:18:51.775 5791 15534 I GmsCoreXrpcWrapper: (REDACTED) Creating an unauthenticated channel provider with trafficStatsTag=%d trafficStatsUid=%d
01-09 22:18:51.775 12165 12737 I SCS@AiSearch user 0: (BaseCollector::AOSP_MP) enqueue ObserverWorker name: com.sec.android.app.myfiles, policy: APPEND_OR_REPLACE
01-09 22:18:51.775 12165 12279 I WM-WorkerWrapper: Worker result SUCCESS for Work [ id=349d7959-00db-43a5-88a8-a5a0c155fd33, tags={ com.sec.android.app.myfiles, com.samsung.android.scs.ai.search.data.collector.base.ObserverWorker } ]
01-09 22:18:51.785 2400 3538 D SemWifiSwitchForIndividualAppsService: isSkipNetworkCondition - result:2
01-09 22:18:51.787 2400 5671 D PackageManager: setEnabledSetting : userId = 0 packageName = com.samsung.android.scs cmp = androidx.work.impl.background.systemalarm.RescheduleReceiver newState = 1 callingPackage = com.samsung.android.scs
01-09 22:18:51.788 2400 5671 D ApplicationPolicy: getApplicationStateEnabled : pkg = com.samsung.android.scs userId : 0
01-09 22:18:51.788 4668 32107 I FusedLocation: stationary throttling disengaged [CONTEXT service_id=6 ]
01-09 22:18:51.788 2400 5671 D ApplicationPolicy: getApplicationComponentState : pkg = com.samsung.android.scs userId : 0
01-09 22:18:51.791 2400 3796 D CompatibilityChangeReporter: Compat change id reported: 168936375; UID 10261; state: ENABLED
01-09 22:18:51.792 2400 3796 D LocationManagerService: gps provider added registration from 10261/com.google.android.gms[fused_location_provider]/D4C17AD5 -> Request[@+5s0ms HIGH_ACCURACY, hiddenFromAppOps, WorkSource{10396 com.innowireless.xcal.mobile5}]
01-09 22:18:51.792 2400 3796 I NSLocationProviderHelper: updateRequestInfo, uid=10261
01-09 22:18:51.792 2400 3796 D CompatibilityChangeReporter: Compat change id reported: 73144566; UID 10261; state: ENABLED
01-09 22:18:51.792 12336 12336 I [AirCmd]_WacomDriver: resetSpen
01-09 22:18:51.793 12336 12675 I [AirCmd]_WacomDriver: writeBleSpenCommand : 3 (mLastCommand=5)
01-09 22:18:51.793 2400 5671 I SpenGestureManagerService: writeBleSpenCommand : 3
01-09 22:18:51.793 2400 5671 D SemInputDeviceManager: setProperty: SPEN(11) CMD,SPEN_BLE_CHARGING,3
01-09 22:18:51.795 2400 3506 D SemInputDevice:SPEN: SetPropertyTask: BLE_CHARGING,3 [01-09 22:18:51.793]
01-09 22:18:51.796 1507 1507 I sensors-hal: flush:383, android.sensor.pressure/61
01-09 22:18:51.796 1507 1507 I sensors-hal: send_sync_sensor_request:508, send sync request
01-09 22:18:51.796 1507 1507 I sensors-hal: send_sync_sensor_request:518, send_sync_sensor_request before send_request for pressure with SUID low=6648793055624346695 high=13103442517512157614
01-09 22:18:51.796 1507 1507 I sensors-hal: send_sync_sensor_request:537, wait for notification of response
01-09 22:18:51.797 1507 10083 I sensors-hal: qsh_conn_resp_cb:930, resp_value = 0 for pressure
01-09 22:18:51.797 1507 1507 I sensors-hal: send_sync_sensor_request:543, takes 1 ms to receive the response with 0
01-09 22:18:51.797 1507 1507 I sensors-hal: flush:389, android.sensor.pressure/61 completed
01-09 22:18:51.797 4668 6653 D SensorManager: registerListener :: 61, lps22df Pressure Sensor Non-wakeup, 100000, 0,
01-09 22:18:51.798 4893 5021 E RequestManager_FLP: [LocationManager] Location request D4C17AD5(Listener) gps interval=5000ms (min=5000ms) from com.google.android.gms.persistent[WorkSource com.innowireless.xcal.mobile5(10396)] (10261_FINE_fg_true_foreground)
01-09 22:18:51.798 4893 5021 I NewStopController_FLP: onReceiveGpsRequest, stop : false, reporting last loc : false
01-09 22:18:51.800 10717 10717 W ss.xcal.mobile5: Accessing hidden method Landroid/telephony/TelephonyManager;->getVoiceNetworkType(I)I (max-target-p, reflection, denied)
01-09 22:18:51.800 10717 10717 W ss.xcal.mobile5: Accessing hidden method Landroid/telephony/TelephonyManager;->getDataNetworkType(I)I (max-target-p, reflection, denied)
01-09 22:18:51.803 1635 1809 I VSyncReactor: Current= 24, Period= 120, hwcPeriod= 24
01-09 22:18:51.804 2103 4234 D LOWI-9.0.1.70: [LOWI-Scan] wait_event:Wait done with Cmd 33
01-09 22:18:51.804 2103 4234 D LOWI-9.0.1.70: [LOWI-Scan] do_listen_events: Rcvd valid Netlink Cmd 0 Err 0
01-09 22:18:51.805 6164 6268 I eris : 10[NET] received packet: from 106.201.214.112[4500] to 192.168.0.106[49289] (188 bytes)
01-09 22:18:51.806 6164 6268 I eris : 10[ENC] parsed IKE_AUTH response 1 [ IDr EAP/REQ/AKA ]
01-09 22:18:51.806 6164 6268 I eris : 10[IKE] server requested EAP_AKA authentication (id 0x856438C0)
01-09 22:18:51.806 6164 6268 I eris : 10[DMN] simID : 0
01-09 22:18:51.807 2400 3570 D NetdEventListenerService: DNS Requested by 101, 10261, 19
01-09 22:18:51.808 10717 10787 D OpenGLRenderer: HWUI - treat SMPTE_170M as sRGB
01-09 22:18:51.808 10717 10717 I InsetsSourceConsumer: applyRequestedVisibilityToControl: visible=true, type=statusBars, host=com.innowireless.xcal.mobile5/com.innowireless.xcal.mobile5.ui.Main_Activity
01-09 22:18:51.808 10717 10717 I InsetsSourceConsumer: applyRequestedVisibilityToControl: visible=true, type=navigationBars, host=com.innowireless.xcal.mobile5/com.innowireless.xcal.mobile5.ui.Main_Activity
01-09 22:18:51.809 1635 1938 I SurfaceFlinger: id=1413 Removed Surface(name=7db99 StatusBar)/@0xa4e36a9 - animation-leash of insets_animation#1413 (131)
01-09 22:18:51.809 1635 1938 I SurfaceFlinger: id=1414 Removed Surface(name=def6e3d NavigationBar0)/@0xe43c5c7 - animation-leash of insets_animation#1414 (131)
01-09 22:18:51.809 10717 10787 D OpenGLRenderer: HWUI - treat SMPTE_170M as sRGB
01-09 22:18:51.809 1591 1612 I sysinput:aidl: onReportInformation:93, 8, epen_ble_charging_mode@3:0
01-09 22:18:51.809 5791 8441 D TrafficStats: tagSocket(105) with statsTag=0x2c001100, statsUid=-1
01-09 22:18:51.809 2400 3506 D SysinputHAL_AIDL: setProperty(SPEN(11)): BLE_CHARGING, 3 ret=0
01-09 22:18:51.809 1591 1612 I sysinput:SPen: operator():147, OK
01-09 22:18:51.821 1518 1542 I HYPER-HAL: [RequestManager.cpp]acquire(): Acquired ID : 2115130 [1522 / 534] HINT : list : [UCLAMP_MIN_BOOST / 150] [TID / 10791] [TID / 10792] [TID / 10717] [TID / 10787]
01-09 22:18:51.834 2400 3796 I AccessibilityManagerService: semIsAccessibilityServiceEnabled()
01-09 22:18:51.834 2400 5709 I AccessibilityManagerService: semIsAccessibilityServiceEnabled()
01-09 22:18:51.834 2400 5671 I AccessibilityManagerService: semIsAccessibilityServiceEnabled()
01-09 22:18:51.836 1635 1635 I Layer : Layer [Surface(name=334ba7b com.innowireless.xcal.mobile5/com.innowireless.xcal.mobile5.ui.Main_Activity)/@0x63d0a0c - animation-leash of window_animation#1429] hidden!! flag(0)
01-09 22:18:51.837 1635 1635 I Layer : Layer::reparent [334ba7b com.innowireless.xcal.mobile5/com.innowireless.xcal.mobile5.ui.Main_Activity#1423] newParent : Surface(name=334ba7b com.innowireless.xcal.mobile5/com.innowireless.xcal.mobile5.ui.Main_Activity)/@0x63d0a0c - animation-leash of window_animation#1429 , isRemovedFromCurrentState : 0 -------------------------
01-09 22:18:51.837 1635 1635 I Layer : Layer::reparent [334ba7b com.innowireless.xcal.mobile5/com.innowireless.xcal.mobile5.ui.Main_Activity#1423] End -------------------------
01-09 22:18:51.837 1635 1635 I Layer : Layer [com.innowireless.xcal.mobile5/com.innowireless.xcal.mobile5.ui.Main_Activity$_10717#1428] hidden!! flag(0)
01-09 22:18:51.837 1635 1635 I Layer : id=1414 Destroyed Surface(name=def6e3d NavigationBar0)/@0xe43c5c7 - animation-leash of insets_animation#1414
01-09 22:18:51.837 1635 1635 I Layer : id=1413 Destroyed Surface(name=7db99 StatusBar)/@0xa4e36a9 - animation-leash of insets_animation#1413
01-09 22:18:51.837 1635 1635 I SurfaceFlinger: id=1422 Removed Surface(name=def6e3d NavigationBar0)/@0xe43c5c7 - animation-leash of insets_animation#1422 (129)
01-09 22:18:51.837 1635 1635 I SurfaceFlinger: id=1421 Removed Surface(name=7db99 StatusBar)/@0xa4e36a9 - animation-leash of insets_animation#1421 (129)
01-09 22:18:51.837 1635 1635 I HWComposer: [4630946315032985731] ActiveConfigToHWC, ID : 7
01-09 22:18:51.837 1635 1635 I LayerHistory: com.innowireless.xcal.mobile5/com.innowireless.xcal.mobile5.ui.Main_Activity$_10717#1386 Max (can't resolve refresh rate)
01-09 22:18:51.837 1635 1635 I LayerHistory: StatusBar$_3670#88 voted 0, 0.00 fps
01-09 22:18:51.837 1635 1635 I SurfaceFlinger: Touch Boost - choose 120.00 Hz
01-09 22:18:51.844 2400 5671 D InputDispatcher: Focus request (0): 334ba7b com.innowireless.xcal.mobile5/com.innowireless.xcal.mobile5.ui.Main_Activity but waiting because NOT_VISIBLE
01-09 22:18:51.844 2400 5671 D InputDispatcher: Focus left window (0): 53d8bc7 com.innowireless.xcal.mobile5/com.innowireless.xcal.mobile5.ui.Main_Activity
01-09 22:18:51.844 1538 1930 I SDM : HWDeviceDRM::SetDisplaySwitchMode: [DispConfigs] check hs_mode 1
01-09 22:18:51.844 1538 1930 W SDM : HWDeviceDRM::GetSupportedBitClkRate: Requested rate not supported: 1362080000
01-09 22:18:51.844 1538 1930 I SDM : HWDeviceDRM::SetDisplaySwitchMode: [DispConfigs] Set mode index:7 1080x2340x120xcmdHS, hs_mode(1), found_mode(1)
01-09 22:18:51.845 1538 1930 I SDM : HWDeviceDRM::UpdateMixerAttributes: Mixer WxH 1080x2340-1 for Peripheral
01-09 22:18:51.845 1538 1930 I SDM : HWCDisplay::SubmitDisplayConfig: [MultiResolution] Set FrameBuffer to config = 7, wh = (1080, 2340)
01-09 22:18:51.845 1538 1930 I SDM : DisplayBase::SetFrameBufferConfig: New framebuffer resolution (1080x2340)
01-09 22:18:51.845 1538 1930 I SDM : HWCDisplay::SetFrameBufferConfig: New framebuffer resolution (1080x2340)
01-09 22:18:51.845 1538 1930 I SDM : HWCDisplay::SubmitDisplayConfig: Active configuration changed from config 12 to 7
