01-09 22:18:49.046 2400 3913 I Telecom:SamsungPhoneAccountListener: onAccountsChanged - allPhoneAccountsOfCurrentUser : [[[X] PhoneAccount: ComponentInfo{com.android.phone/com.android.services.telephony.TelephonyConnectionService}, 3, UserHandle{0} Capabilities: SuppVideo CallProvider MultiUser PlaceEmerg SimSub AdhocConf Audio Routes: BESW Schemes: tel voicemail Extras: Bundle[{com.samsung.telecom.extra.SUPPORT_VRBT=true, android.telecom.extra.SUPPORTS_VIDEO_CALLING_FALLBACK=true, com.samsung.telecom.extra.SUBSCRIPTION_ID=3, com.samsung.telecom.extra.CAN_COEXIST_ACCOUNT=true, com.samsung.telecom.extra.PHONE_ID=0, android.telecom.extra.SORT_ORDER=0, com.samsung.telecom.extra.NO_CHECK_IF_VIDEO_CAPABLE=true}] GroupId: ***], [[X] PhoneAccount: ComponentInfo{com.google.android.gm/com.google.android.gm}, ***, UserHandle{0} Capabilities: SelfManaged SuppVideo Video TransactOps Audio Routes: BESW Schemes: tel Extras: Bundle[{isCoreTelecomAccount=true}] GroupId: ***], [[X] PhoneAccount: ComponentInfo{com.google.android.apps.tachyon/com.google.android.apps.tachyon}, ***, UserHandle{0} Capabilities: SelfManaged SuppVideo Video TransactOps Audio Routes: BESW Schemes: tel Extras: Bundle[{isCoreTelecomAccount=true}] GroupId: ***], [[X] PhoneAccount: ComponentInfo{com.whatsapp/com.whatsapp.calling.telecom.SelfManagedConnectionService}, ***, UserHandle{0} Capabilities: SelfManaged SuppVideo Video Audio Routes: BESW Schemes: tel Extras: Bundle[{android.telecom.extra.LOG_SELF_MANAGED_CALLS=false}] GroupId: ***], [[X] PhoneAccount: ComponentInfo{com.twitter.android/com.twitter.calling.xcall.XCallConnectionService}, ***, UserHandle{0} Capabilities: SelfManaged SuppVideo Video CallSubject Audio Routes: BESW Schemes: sip Extras: null GroupId: ***]]
01-09 22:18:49.046 2400 3913 I Telecom:SamsungPhoneAccountListener: onAccountsChanged : [[X] PhoneAccount: ComponentInfo{com.android.phone/com.android.services.telephony.TelephonyConnectionService}, 3, UserHandle{0} Capabilities: SuppVideo CallProvider MultiUser PlaceEmerg SimSub AdhocConf Audio Routes: BESW Schemes: tel voicemail Extras: Bundle[{com.samsung.telecom.extra.SUPPORT_VRBT=true, android.telecom.extra.SUPPORTS_VIDEO_CALLING_FALLBACK=true, com.samsung.telecom.extra.SUBSCRIPTION_ID=3, com.samsung.telecom.extra.CAN_COEXIST_ACCOUNT=true, com.samsung.telecom.extra.PHONE_ID=0, android.telecom.extra.SORT_ORDER=0, com.samsung.telecom.extra.NO_CHECK_IF_VIDEO_CAPABLE=true}] GroupId: ***]
01-09 22:18:49.046 2400 3913 I Telecom:SamsungPhoneAccountListener: onAccountsChanged : [[X] PhoneAccount: ComponentInfo{com.google.android.gm/com.google.android.gm}, ***, UserHandle{0} Capabilities: SelfManaged SuppVideo Video TransactOps Audio Routes: BESW Schemes: tel Extras: Bundle[{isCoreTelecomAccount=true}] GroupId: ***]
01-09 22:18:49.046 2400 3913 I Telecom:SamsungPhoneAccountListener: onAccountsChanged : [[X] PhoneAccount: ComponentInfo{com.google.android.apps.tachyon/com.google.android.apps.tachyon}, ***, UserHandle{0} Capabilities: SelfManaged SuppVideo Video TransactOps Audio Routes: BESW Schemes: tel Extras: Bundle[{isCoreTelecomAccount=true}] GroupId: ***]
01-09 22:18:49.046 2400 3913 I Telecom:SamsungPhoneAccountListener: onAccountsChanged : [[X] PhoneAccount: ComponentInfo{com.whatsapp/com.whatsapp.calling.telecom.SelfManagedConnectionService}, ***, UserHandle{0} Capabilities: SelfManaged SuppVideo Video Audio Routes: BESW Schemes: tel Extras: Bundle[{android.telecom.extra.LOG_SELF_MANAGED_CALLS=false}] GroupId: ***]
01-09 22:18:49.046 2400 3913 I Telecom:SamsungPhoneAccountListener: onAccountsChanged : [[X] PhoneAccount: ComponentInfo{com.twitter.android/com.twitter.calling.xcall.XCallConnectionService}, ***, UserHandle{0} Capabilities: SelfManaged SuppVideo Video CallSubject Audio Routes: BESW Schemes: sip Extras: null GroupId: ***]
01-09 22:18:49.046 2400 3913 I Telecom:SamsungPhoneAccountRegistrarBroadcaster: AccountsChanged : false / UserHandle{0} / ComponentInfo{com.android.phone/com.android.services.telephony.TelephonyConnectionService}, 3, UserHandle{0} -> ComponentInfo{com.android.phone/com.android.services.telephony.TelephonyConnectionService}, 3, UserHandle{0}
01-09 22:18:49.046 2400 3913 I Telecom:SamsungPhoneAccountListener: onPhoneAccountChanged - PhoneAccount : [[X] PhoneAccount: ComponentInfo{com.android.phone/com.android.services.telephony.TelephonyConnectionService}, 3, UserHandle{0} Capabilities: SuppVideo CallProvider MultiUser PlaceEmerg SimSub AdhocConf Audio Routes: BESW Schemes: tel voicemail Extras: Bundle[{com.samsung.telecom.extra.SUPPORT_VRBT=true, android.telecom.extra.SUPPORTS_VIDEO_CALLING_FALLBACK=true, com.samsung.telecom.extra.SUBSCRIPTION_ID=3, com.samsung.telecom.extra.CAN_COEXIST_ACCOUNT=true, com.samsung.telecom.extra.PHONE_ID=0, android.telecom.extra.SORT_ORDER=0, com.samsung.telecom.extra.NO_CHECK_IF_VIDEO_CAPABLE=true}] GroupId: ***]
01-09 22:18:49.046 2400 3913 I Telecom : CallsManager: handlePhoneAccountChanged: phoneAccount=[[X] PhoneAccount: ComponentInfo{com.android.phone/com.android.services.telephony.TelephonyConnectionService}, 3, UserHandle{0} Capabilities: SuppVideo CallProvider MultiUser PlaceEmerg SimSub AdhocConf Audio Routes: BESW Schemes: tel voicemail Extras: Bundle[{com.samsung.telecom.extra.SUPPORT_VRBT=true, android.telecom.extra.SUPPORTS_VIDEO_CALLING_FALLBACK=true, com.samsung.telecom.extra.SUBSCRIPTION_ID=3, com.samsung.telecom.extra.CAN_COEXIST_ACCOUNT=true, com.samsung.telecom.extra.PHONE_ID=0, android.telecom.extra.SORT_ORDER=0, com.samsung.telecom.extra.NO_CHECK_IF_VIDEO_CAPABLE=true}] GroupId: ***]: TSI.rPA(cap)@BNY
01-09 22:18:49.048 6164 6265 I eris : 08[KNL] fe80::c860:aeff:fe6c:34c5 disappeared from rmnet_data2
01-09 22:18:49.048 2400 3913 I Telecom : PhoneAccountRegistrar: getSimCallManager: SimCallManager for subId 3 queried, returning: null: TSI.rPA(cap)@BNY
01-09 22:18:49.048 2400 3913 I Telecom : PhoneAccountRegistrar: Notifying telephony of voice service override change for 1 SIMs, hasService = false: TSI.rPA(cap)@BNY
01-09 22:18:49.048 3642 3642 I PhoneInterfaceManager: setVoiceServiceStateOverride: subId=3, phone=Handler (com.android.internal.telephony.SemGsmCdmaPhone) {54a3a91}, hasService=false, callingPackage=com.android.server.telecom
01-09 22:18:49.049 3642 3642 I Telephony: SamsungPstnPhoneAccountRegistry: isTelecomServiceConnected : true
01-09 22:18:49.054 4039 6510 I OemIpcHandler: onRawReqComplete,
01-09 22:18:49.055 4039 6510 I OemIpcHandler: onRawReqComplete,
01-09 22:18:49.056 4039 4039 I RegiMgr-Handler<0>: onPreciseDataConnectionStateChanged
01-09 22:18:49.056 2400 3913 W ContextImpl: Calling a method in the system process without a qualified user: android.app.ContextImpl.sendBroadcastMultiplePermissions:1364 android.content.Context.sendBroadcastMultiplePermissions:2426 android.content.Context.sendBroadcastMultiplePermissions:2414 com.android.server.TelephonyRegistry.broadcastDataConnectionStateChanged:3875 com.android.server.TelephonyRegistry.notifyDataConnectionForSubscriber:2190
01-09 22:18:49.056 4039 4530 I RegiMgr-Handler: handleMessage: EVENT_CHECK_UNPROCESSED_VOLTE_STATE
01-09 22:18:49.056 4039 4039 I CapabilityProvider: onDataConnectionStateChanged(): state [0] networkType [UNKNOWN]
01-09 22:18:49.056 3797 3797 I EPDG -- SIM0 [NetController]: onPreciseDataConnectionStateChanged: state=Suppressed
01-09 22:18:49.057 2400 3489 D SemCellularStateManager: onDataConnectionStateChanged: state =0, networkType =UNKNOWN
01-09 22:18:49.057 3797 3797 I EPDG -- SIM0 [NetController]: onDataConnectionStateChanged: state=0 type=0
01-09 22:18:49.057 4668 32107 I NearbyMediums: WifiNetwork setTelephonyIsDataConnected:false
01-09 22:18:49.057 3797 3797 I EPDG -- SIM0 [SMARTWIFI]: onDataConnectionStateChanged: state=0 type=0
01-09 22:18:49.057 2400 2400 D SemWifiService: onDataConnectionStateChanged: state -0, networkType - UNKNOWN
01-09 22:18:49.058 2400 3378 D ConnectivityService: [107 CELLULAR] EVENT_NETWORK_INFO_CHANGED, going from CONNECTED to DISCONNECTED
01-09 22:18:49.058 3797 4669 I EPDG -- SIM0 [EpdgSubScription]: getIsAirplaneMode: returning: true
01-09 22:18:49.058 3797 4669 I EPDG -- SIM0 [NetController]: getIsRssiDisabledForProfiling: returning: true
01-09 22:18:49.058 2400 3378 D ConnectivityService: [107 CELLULAR] disconnected, was satisfying 9
01-09 22:18:49.058 2400 2400 D SemWifiApServiceImpl: onDataConnectionStateChanged: state -0, networkType - UNKNOWN
01-09 22:18:49.059 3642 3863 W SQLiteLog: (28) double-quoted string literal: "shutdown"
01-09 22:18:49.059 3670 3670 D StatusBarIconController: ignoring old pipeline callbacks, because the new mobile icons are enabled
01-09 22:18:49.062 3797 4669 I EPDG -- SIM0 [EpdgImsManagerHelper]: Find isAllowedOnRoaming value on IMS Profile : true
01-09 22:18:49.063 3797 4669 I EPDG -- SIM0 [SMARTCELLULAR]: LTE Available: true
01-09 22:18:49.063 3797 4669 I EPDG -- SIM0 [EpdgSubScription]: volteSetting(true) for VOICECALL_TYPE_KEY: voicecall_type
01-09 22:18:49.063 3797 4669 I EPDG -- SIM0 [NetController]: onNetworkStatusChanged: voiceNetType: 13 mActiveVoiceRat: 13
01-09 22:18:49.063 3797 4669 I EPDG -- SIM0 [NetController]: onNetworkStatusChanged : mCellularAvailable = false
01-09 22:18:49.066 2400 3378 D ConnectivityService: notifyType CALLBACK_LOST for [107 CELLULAR]
01-09 22:18:49.066 3797 5692 I EPDG -- SIM0 [NetController]: onLost(): IMS pdn disconnected
01-09 22:18:49.067 2400 3426 D SemSoftApManager: CellularNetworkCallback`s onLost
01-09 22:18:49.067 4039 4605 I PdnController<0>: onLost: network 107 phoneId: 0 mIsEpdgConnected: false isWifiConnected: true mVopsIndication: SUPPORTED mDataRoaming: false mDataConnectionState: false mVoiceRoaming: false mEmergencyOnly: false mIsDisconnecting: false mPendedEPDGWeakSignal: false mEmcbsIndication: SUPPORTED phoneId: 1 mIsEpdgConnected: false isWifiConnected: true mVopsIndication: UNKNOWN mDataRoaming: false mDataConnectionState: false mVoiceRoaming: false mEmergencyOnly: false mIsDisconnecting: false mPendedEPDGWeakSignal: false mEmcbsIndication: UNKNOWN
01-09 22:18:49.068 2400 3378 D ConnectivityService: Rematched networks [computed 0ms] [applied 0ms] [issued 1]
01-09 22:18:49.068 2400 3378 D ConnectivityService: NetworkReassignment : no changes
01-09 22:18:49.068 4039 4530 I PdnController: handleMessage: what 103
01-09 22:18:49.068 4039 4530 I PdnController: onPdnDisconnected: networkType 11
01-09 22:18:49.068 4039 4530 I RegisterTask: onResumed: networkType=11mIsUpdateRegistering=falsemHasPendingRegister=falsemSuspended=falsemSuspendByIrat=falsemSuspendBySnapshot=false
01-09 22:18:49.068 4039 4530 I RegisterTask: onDisconnected: pdntype=11 mPdnType=11 profile=AIRTEL VoLTE
01-09 22:18:49.068 4039 4530 I RegiMgr-Handler: handleMessage: EVENT_NETWORK_SUSPENDED
01-09 22:18:49.068 4039 4530 I RegiMgr-Handler: handleMessage: EVENT_PDN_DISCONNECTED
01-09 22:18:49.068 4039 4530 I RegiMgr-NetEvtCtr<0>: onPdnDisconnected: CONNECTED
01-09 22:18:49.069 1433 3727 W resolv : resolv_stats_set_addrs: Network 107 not found for PROTO_DOT
01-09 22:18:49.069 1433 3727 W resolv : resolv_stats_set_addrs: Network 107 not found for PROTO_DOH
01-09 22:18:49.070 4039 4530 I RegiMgr-Handler: handleMessage: EVENT_HANDOFF_EVENT_TIMEOUT
01-09 22:18:49.070 4039 4530 I RegiMgr-NetEvtCtr: slot[0]: handOffEventTimeout: mNetType = 0, mWiFi = false
01-09 22:18:49.070 4039 4530 I RegiMgr<0>: suspendRegister:
01-09 22:18:49.077 3642 3863 W SQLiteLog: (28) double-quoted string literal: "shutdown"
01-09 22:18:49.104 3670 3670 W View : requestLayout() improperly called by android.widget.FrameLayout{3ec886a V.E...... ......ID 0,138-1080,2205 #7f0a084c app:id/qs_frame} during layout: running second layout pass
01-09 22:18:49.129 1641 1641 I vendor.rmt_storage: rmt_storage_connect_cb: clnt_h=0x11 conn_h=0xb400007bb82aa490
01-09 22:18:49.129 1641 1641 I vendor.rmt_storage: rmt_storage_rw_iovec_cb: /boot/modem_fs1: req_h=0x11 msg_id=3: R/W request received (wr_count 9)
01-09 22:18:49.129 1641 1641 I vendor.rmt_storage: wakelock acquired: 1, error no: 11
01-09 22:18:49.130 1641 2799 I vendor.rmt_storage: rmt_storage_client_thread: /boot/modem_fs1: Unblock worker thread (th_id: 529487137968)
01-09 22:18:49.152 1641 2799 I vendor.rmt_storage: rmt_storage_client_thread: /boot/modem_fs1: req_h=0x11 msg_id=3: Bytes written = 4194304, wr_count 9
01-09 22:18:49.152 1641 2799 I vendor.rmt_storage: rmt_storage_client_thread: /boot/modem_fs1: req_h=0x11 msg_id=3: Send response: res=0 err=0, wr_count 9
01-09 22:18:49.152 1641 2799 I vendor.rmt_storage: rmt_storage_client_thread: /boot/modem_fs1: About to block rmt_storage client thread (th_id: 529487137968) wakelock released: 1, error no: 0
01-09 22:18:49.152 1641 2799 I vendor.rmt_storage:
01-09 22:18:49.154 1476 1651 I minksocket: MinkIPC MESSAGE: ( 1476:1651 ) MinkIPC_QRTR_Service:351 minkipc = 0xb400007afa4544f0 sock = 19, client with node 0 port df went down
01-09 22:18:49.154 1476 1663 I minksocket: MinkIPC MESSAGE: ( 1476:1663 ) MinkIPC_QRTR_Service:351 minkipc = 0xb400007afa4523f0 sock = 34, client with node 0 port df went down
01-09 22:18:49.155 1641 1641 I vendor.rmt_storage: rmt_storage_disconnect_cb: clnt_h=0x11 conn_h=0xb400007bb82aa490
01-09 22:18:49.227 2400 3159 D MotionEngine: [@@@ Motion Engine @@@] GetMotionScenarioId 0.434297 2.268396 9.598209 -0.103600 -0.008750 -0.014875 8 51 20
01-09 22:18:49.227 2400 3159 D MotionEngine: [@@@ Motion Engine @@@] GnStuckMode 0
01-09 22:18:49.239 9398 9398 I DVFSHelper: acquireBoostingCPU() : stop boosting cpu
01-09 22:18:49.244 2040 2623 D SemNativeCarrierFeature_vendor: getInstance
01-09 22:18:49.245 2040 2623 D SemNativeCarrierFeature_vendor: getInstance
01-09 22:18:49.253 3642 3642 D SecImsManager: isWfcEnabledByPlatform
01-09 22:18:49.257 10717 11408 D PSCALL : ********************** Detach Request, direction:0, code:745, chipsetTime:22:18:49.167
01-09 22:18:49.265 2400 3913 I Telecom:SamsungTelecomServiceImpl: isInCall - callingPackage : com.android.systemui / callingUser : UserHandle{0} / hasCrossUserAccess : true
01-09 22:18:49.265 10717 11408 D PSCALL : ********************** RRC Connection Release, code:405, chipsetTime:22:18:49.210
01-09 22:18:49.265 3670 3670 D CarrierTextController: carrierTextForSimState(3)-(order: 0) : airtel
01-09 22:18:49.265 10717 11408 D PSCALL : ********************** Detach Request, direction:0, code:405, chipsetTime:22:18:49.210
01-09 22:18:49.265 10717 11408 D PSCALL : ********************** detach duration(Detach Accept):43ms
01-09 22:18:49.265 3670 3670 D CarrierTextController: setText : Flight mode
01-09 22:18:49.265 3670 3670 D CarrierTextController: carrierTextForSimState(3)-(order: 0) : airtel
01-09 22:18:49.266 3670 3670 D CarrierTextController: setText : Flight mode
01-09 22:18:49.266 3670 3670 D CarrierTextController: carrierTextForSimState(3)-(order: 0) : airtel
01-09 22:18:49.266 3670 3670 D CarrierTextController: setText : Flight mode
01-09 22:18:49.266 3670 3670 D FaceWidgetPagesController: onRefreshCarrierInfo()
01-09 22:18:49.266 3670 3670 D FaceWidgetClockRoamManager: isNetworkRoamingState id=3
01-09 22:18:49.266 3670 3670 D FaceWidgetClockRoamManager: isNetworkRoamingState false
01-09 22:18:49.266 3670 3670 D FaceWidgetClockRoamManager: onRefreshCarrierInfo(pre, now): false, false
01-09 22:18:49.266 3670 3670 D FaceWidgetClockPage: onRefreshCarrierInfo : isChanged false mIsRoaming false
01-09 22:18:49.266 2400 6444 W ContextImpl: Calling a method in the system process without a qualified user: android.app.ContextImpl.sendBroadcastMultiplePermissions:1331 android.content.Context.sendBroadcastMultiplePermissions:2480 com.android.server.TelephonyRegistry.broadcastServiceStateChanged:3653 com.android.server.TelephonyRegistry.notifyServiceStateForPhoneId:1749 com.android.internal.telephony.ITelephonyRegistry$Stub.onTransact:542
01-09 22:18:49.268 2400 6444 W ContextImpl: Calling a method in the system process without a qualified user: android.app.ContextImpl.sendBroadcastMultiplePermissions:1364 com.android.server.TelephonyRegistry.broadcastServiceStateChanged:3658 com.android.server.TelephonyRegistry.notifyServiceStateForPhoneId:1749 com.android.internal.telephony.ITelephonyRegistry$Stub.onTransact:542 android.os.Binder.execTransactInternal:1380
01-09 22:18:49.270 2400 2400 D SemWifiService: received: android.intent.action.SERVICE_STATE
01-09 22:18:49.270 2400 6444 W ContextImpl: Calling a method in the system process without a qualified user: android.app.ContextImpl.sendBroadcastMultiplePermissions:1364 com.android.server.TelephonyRegistry.broadcastServiceStateChanged:3667 com.android.server.TelephonyRegistry.notifyServiceStateForPhoneId:1749 com.android.internal.telephony.ITelephonyRegistry$Stub.onTransact:542 android.os.Binder.execTransactInternal:1380
01-09 22:18:49.270 2400 3295 I HqmInfo::HqmManagerService: MSG_TYPE:MSG_TYPE_PROCESS_LOG_BY_HQM
01-09 22:18:49.271 3670 3670 D ShadeCarrierGroup: handleUpdateCarrierInfo [Flight mode] isLatin=false
01-09 22:18:49.271 2400 6444 W ContextImpl: Calling a method in the system process without a qualified user: android.app.ContextImpl.sendBroadcastMultiplePermissions:1364 com.android.server.TelephonyRegistry.broadcastServiceStateChanged:3673 com.android.server.TelephonyRegistry.notifyServiceStateForPhoneId:1749 com.android.internal.telephony.ITelephonyRegistry$Stub.onTransact:542 android.os.Binder.execTransactInternal:1380
01-09 22:18:49.273 3642 3642 D ServiceStateProvider: subId=-1
01-09 22:18:49.278 9668 9668 D CellBroadcastReceiver: onReceive Intent { act=android.intent.action.SERVICE_STATE flg=0x1000010 cmp=com.google.android.cellbroadcastreceiver/com.android.cellbroadcastreceiver.CellBroadcastReceiver (has extras) }
01-09 22:18:49.279 9668 9668 D CellBroadcastReceiver: onServiceStateChanged, ss: 3
01-09 22:18:49.280 13492 13492 I SAMSUNGWALLET: [SpayBroadcastReceiver] Action: android.intent.action.SERVICE_STATE
01-09 22:18:49.284 2400 3295 I HqmInfo::HqmManagerService: MSG_TYPE:MSG_TYPE_PROCESS_LOG_BY_HQM
01-09 22:18:49.284 9687 11848 W BDClientLib: [a] file path is invalid
01-09 22:18:49.285 13492 13492 I SAMSUNGWALLET: [CommonNetworkUtil] mcc - 404
01-09 22:18:49.285 13492 13492 I SAMSUNGWALLET: [SpayBroadcastReceiver] mCurrentUiccId: 8991922305946154416, previousUiccId: 8991922305946154416
01-09 22:18:49.285 13492 13492 I SAMSUNGWALLET: [SpayBroadcastReceiver] mCurrentNetworkMcc: 404, previousNetworkMcc: 404
01-09 22:18:49.292 3642 3642 D SecImsManager: isWfcEnabledByPlatform
01-09 22:18:49.294 9687 11848 W BDClientLib: [a] file path is invalid
01-09 22:18:49.294 3797 3946 I EPDG -- SIM0 IwlanNetworkService: requestNetworkRegistrationInfo for domain 2
01-09 22:18:49.295 3797 4149 I EPDG -- SIM0 IwlanNetworkService: Calling onRequestNetworkRegistrationInfoComplete.resultCode = 0, netState = NetworkRegistrationInfo{ domain=PS transportType=WLAN registrationState=HOME networkRegistrationState=HOME roamingType=NOT_ROAMING accessNetworkTechnology=IWLAN rejectCause=0 emergencyEnabled=false availableServices=[DATA] cellIdentity=null voiceSpecificInfo=null dataSpecificInfo=null nrState=**** rRplmn= isUsingCarrierAggregation=false}
01-09 22:18:49.295 2040 2638 D SemNativeCarrierFeature_vendor: getInstance
01-09 22:18:49.299 2040 2638 D SemNativeCarrierFeature_vendor: getInstance
01-09 22:18:49.301 3797 3946 I EPDG -- SIM0 IwlanNetworkService: requestNetworkRegistrationInfo for domain 2
01-09 22:18:49.301 3797 4149 I EPDG -- SIM0 IwlanNetworkService: Calling onRequestNetworkRegistrationInfoComplete.resultCode = 0, netState = NetworkRegistrationInfo{ domain=PS transportType=WLAN registrationState=HOME networkRegistrationState=HOME roamingType=NOT_ROAMING accessNetworkTechnology=IWLAN rejectCause=0 emergencyEnabled=false availableServices=[DATA] cellIdentity=null voiceSpecificInfo=null dataSpecificInfo=null nrState=**** rRplmn= isUsingCarrierAggregation=false}
01-09 22:18:49.304 2040 2638 D SemNativeCarrierFeature_vendor: getInstance
01-09 22:18:49.308 2040 2638 D SemNativeCarrierFeature_vendor: getInstance
01-09 22:18:49.310 3670 3670 W View : requestLayout() improperly called by android.widget.FrameLayout{3ec886a V.E...... ......ID 0,138-1080,2205 #7f0a084c app:id/qs_frame} during layout: running second layout pass
01-09 22:18:49.310 2040 2638 D SemNativeCarrierFeature_vendor: getInstance
01-09 22:18:49.311 4039 4530 I RegiMgr-Handler: handleMessage: EVENT_DO_PENDING_UPDATE_REGISTRATION
01-09 22:18:49.311 4039 4530 I RegiMgr-Handler: handleMessage: EVENT_TRY_REGISTER
01-09 22:18:49.311 4039 4530 I RegiMgr<0>: tryRegister:
01-09 22:18:49.311 4039 4530 I RegiMgr<0>: RegisterTask(s): AIRTEL VoLTE (CONNECTING), AIRTEL India RCS (IDLE)
01-09 22:18:49.311 4039 4530 I RcsPolicyMgr<0>: pendingRcsRegister: mActiveDataPhoneId = 0
01-09 22:18:49.311 4039 4530 I RegisterTask: isSuspended: mSuspended(false) mSuspendByIrat(false)
01-09 22:18:49.311 4039 4530 I RegiMgr<0>: [AIRTEL VoLTE|CONNECTING] checkForTryRegister id: 736
01-09 22:18:49.311 4039 4530 I RegiMgr : isPdnConnected: false, PdnType: 11
01-09 22:18:49.312 3670 3670 D MultiSIMController: onReceive() - action = android.intent.action.SERVICE_STATE
01-09 22:18:49.313 4039 4530 I PdnController: getDefaultNetworkBearer: WIFI
01-09 22:18:49.313 4039 4530 I RegiMgr-Utils<0>: getAvailableMobileNetwork: network=13 mobileDataType=13 => rat=13
01-09 22:18:49.313 4039 4530 I PdnController<0>: isNetworkAvailable: isEpdgConnected=false getDataNetworkType()=13
01-09 22:18:49.316 3642 3642 D Telephony: SamsungTuiAsyncSendExtras: SamsungTuiAsyncSendExtras[onPreExecute] method: network_notification_event
01-09 22:18:49.316 2040 2638 D SemNativeCarrierFeature_vendor: getInstance
01-09 22:18:49.316 3642 3642 D Telephony: SamsungTuiAsyncSendExtras: SamsungTuiAsyncSendExtras[onPreExecute] method: service_state_changed
01-09 22:18:49.316 4039 4530 I PdnController<0>: isNetworkAvailable: isEpdgConnected=false getDataNetworkType()=13
01-09 22:18:49.316 3642 1886 D Telephony: SamsungTuiAsyncSendExtras: SamsungTuiAsyncSendExtras[doInBackground] method: network_notification_event
01-09 22:18:49.317 3642 11849 D Telephony: SamsungTuiAsyncSendExtras: SamsungTuiAsyncSendExtras[doInBackground] method: service_state_changed
01-09 22:18:49.318 4039 4530 I RegiMgr-Utils<0>: Not found best network in LTE - NetworkAvailable: false
01-09 22:18:49.319 9555 9567 I InternalContentProvider: network_notification_event null
01-09 22:18:49.319 9555 9567 I InternalContentProvider: Take CarrierUiCallFunctions
01-09 22:18:49.319 9555 9567 I CarrierUiCallFunctions: call network_notification_event null Bundle[mParcelledData.dataSize=656]
01-09 22:18:49.319 4039 4530 I RegiGvnBase<0>: isReadyToDualRegister: slot 1's call state: 0
01-09 22:18:49.319 4039 4530 I RegiGvnBase<0>: isReadyToDualRegister : true
01-09 22:18:49.319 9555 9555 I AlarmManagerUtils: getRegisterAlarmManager : register_allow_data_dialog_retry_to_alarm_manager = false
01-09 22:18:49.319 9555 9555 I CU.NetworkUiReceiver: handleNetworkNotification event: android.telephony.action.SERVICE_PROVIDERS_UPDATED
01-09 22:18:49.320 9555 9567 I InternalContentProvider: service_state_changed null
01-09 22:18:49.320 9555 9567 I InternalContentProvider: Take CarrierUiCallFunctions
01-09 22:18:49.320 9555 9567 I CarrierUiCallFunctions: call service_state_changed null Bundle[mParcelledData.dataSize=3404]
01-09 22:18:49.322 4039 4530 I RegiMgr<0>: [AIRTEL VoLTE|CONNECTING] checkInitialRegistrationIsReady: APM ON [true], Roamimg [false]
01-09 22:18:49.322 4039 4530 I RcsPolicyMgr<0>: pendingRcsRegister: mActiveDataPhoneId = 0
01-09 22:18:49.322 4039 4530 I ImsProfile: isRttSupportByCallApp : false ttyType : 1
01-09 22:18:49.322 4039 4530 I RegiMgr-Utils<0>: getPriorityRegiedTask : isPriority High? true
01-09 22:18:49.323 4039 4530 I RegiGvnBase: checkRegiStatus: getState()=CONNECTING mIsUpdateRegistering=false
01-09 22:18:49.323 4039 4530 I RegiMgr<0>: getTelephonyCallStatus:
01-09 22:18:49.323 9555 9555 I FT.SimUtilFeature: isSimReady[slot1]: false
01-09 22:18:49.325 9555 9555 I UT.TelephonyUtils: isRoamingArea : serviceState = 3
01-09 22:18:49.325 9555 9555 I CU.NetworkSelectionNotificationMgr: isRoamingServiceAvailable : slotId = 1, enabled = false, roaming = false
01-09 22:18:49.326 4039 4530 I RegiGvnBase: getVoiceTechType: VOLTE
01-09 22:18:49.326 4039 4530 I RcsPolicyMgr<0>: pendingRcsRegister: mActiveDataPhoneId = 0
01-09 22:18:49.326 9555 9555 I FT.SimUtilFeature: isSimReady[slot0]: true
01-09 22:18:49.326 4039 4530 I RcsUtils: isDualRcsReg: true
01-09 22:18:49.326 4039 4530 I RegisterTask: isSuspended: mSuspended(false) mSuspendByIrat(false)
01-09 22:18:49.326 4039 4530 I RegiMgr<0>: [AIRTEL India RCS|IDLE] checkForTryRegister id: 738
01-09 22:18:49.327 4039 4530 I RegiMgr : isPdnConnected: false, PdnType: 0
01-09 22:18:49.327 9555 9555 I FT.TuiUtilFeature: isAirplaneModeOn = true
01-09 22:18:49.328 4039 4530 I PdnController: getDefaultNetworkBearer: WIFI
01-09 22:18:49.329 4039 4530 I RegiMgr-Utils<0>: findBestNetwork: WIFI needWifiNetwork = true
01-09 22:18:49.330 4039 4530 I RegiGvnBase<0>: isReadyToDualRegister: slot 1's call state: 0
01-09 22:18:49.330 9555 9555 I UT.TelephonyUtils: isRoamingArea : serviceState = 3
01-09 22:18:49.330 9555 9555 I CU.NetworkSelectionNotificationMgr: isRoamingServiceAvailable : slotId = 0, enabled = false, roaming = false
01-09 22:18:49.330 9555 9555 I CU.NetworkSelectionNotificationMgr: put state : UNAVAILABLE -> UNAVAILABLE
01-09 22:18:49.330 4039 4530 I RegiGvnBase<0>: isReadyToDualRegister : true
01-09 22:18:49.330 9555 9555 I CU.NetworkSelectionNotificationMgr: updateRoamingCurrentOperator : serviceState = 3, RoamingServiceState = UNAVAILABLE
01-09 22:18:49.330 9555 9555 I CU.NetworkSelectionNotificationMgr: removeRoamingCurrentOperatorNotification
01-09 22:18:49.331 9555 9555 I CU.NetworkSelectionNotificationMgr: refreshNetworkSelection
01-09 22:18:49.332 3642 3732 I TelephonyProvider: D/TelephonyProvider: update: match = 13
01-09 22:18:49.332 3642 3732 I TelephonyProvider: D/TelephonyProvider: subIdString = 3 subId = 3
01-09 22:18:49.333 4039 4530 I RegiMgr<0>: [AIRTEL India RCS|IDLE] checkInitialRegistrationIsReady: APM ON [true], Roamimg [false]
01-09 22:18:49.333 3642 3971 D Telephony: SamsungTuiCallFunctions: getDataRegState() dataRegState= 0
01-09 22:18:49.333 4039 4530 I RcsPolicyMgr<0>: pendingRcsRegister: mActiveDataPhoneId = 0
01-09 22:18:49.333 4039 4530 I RcsUtils: isDualRcsReg: true
01-09 22:18:49.333 4039 4530 I ImsProfile: isRttSupportByCallApp : false ttyType : 1
01-09 22:18:49.334 4039 4530 I RegiMgr-Utils<0>: getPriorityRegiedTask : isPriority High? true
01-09 22:18:49.334 9555 9555 I SepApiMethodCall: method:getDataRegState result:0 success:true error:null
01-09 22:18:49.334 2400 3401 W AS.PhoneStateHelper: RIL State is changed: 0 -> 3
01-09 22:18:49.334 2400 3913 I LocationAccessPolicy: com.android.systemui is aware of fine but the app-ops permission is specifically denied.
01-09 22:18:49.334 2400 3913 I LocationAccessPolicy: checkLocationPermission - callingUid: 10103, callingPid: 3670, resultForFine: DENIED_SOFT
01-09 22:18:49.334 2400 3913 I LocationAccessPolicy: com.android.systemui is aware of coarse but the app-ops permission is specifically denied.
01-09 22:18:49.334 2400 3913 I LocationAccessPolicy: checkLocationPermission - callingUid: 10103, callingPid: 3670, resultForCoarse: DENIED_SOFT
01-09 22:18:49.334 4039 4530 I RegiGvnBase: checkRegiStatus: getState()=IDLE mIsUpdateRegistering=false
01-09 22:18:49.334 4039 4530 I RegiMgr<0>: getTelephonyCallStatus:
01-09 22:18:49.335 2400 2400 D SemWifiService: onServiceStateChanged : state - 3, dataNetworkType : 18
01-09 22:18:49.335 2400 3913 I LocationAccessPolicy: com.android.systemui is aware of fine but the app-ops permission is specifically denied.
01-09 22:18:49.335 2400 3913 I LocationAccessPolicy: checkLocationPermission - callingUid: 10103, callingPid: 3670, resultForFine: DENIED_SOFT
01-09 22:18:49.335 2400 3913 I LocationAccessPolicy: com.android.systemui is aware of coarse but the app-ops permission is specifically denied.
01-09 22:18:49.335 2400 3913 I LocationAccessPolicy: checkLocationPermission - callingUid: 10103, callingPid: 3670, resultForCoarse: DENIED_SOFT
01-09 22:18:49.335 3642 3968 D Telephony: SamsungTuiCallFunctions: getDataRoamingType() dataRegState= 0
01-09 22:18:49.335 2400 3913 I LocationAccessPolicy: com.android.systemui is aware of fine but the app-ops permission is specifically denied.
01-09 22:18:49.335 2400 3913 I LocationAccessPolicy: checkLocationPermission - callingUid: 10103, callingPid: 3670, resultForFine: DENIED_SOFT
01-09 22:18:49.335 2400 3913 I LocationAccessPolicy: com.android.systemui is aware of coarse but the app-ops permission is specifically denied.
01-09 22:18:49.335 2400 3913 I LocationAccessPolicy: checkLocationPermission - callingUid: 10103, callingPid: 3670, resultForCoarse: DENIED_SOFT
01-09 22:18:49.335 9555 9555 I SepApiMethodCall: method:getDataRoamingType result:0 success:true error:null
01-09 22:18:49.335 9555 9555 I CU.NetworkUiReceiver: ACTION_SERVICE_PROVIDERS_UPDATED : serviceState.getState = 3, dataRegState = 0, dataRoamingType = 0
01-09 22:18:49.335 9555 9555 I UT.TelephonyUtils: getPhoneId : subId = -1
01-09 22:18:49.335 9555 9555 I CU.NetworkUiUtils: isSupportRoamingNotiOption : (false)
01-09 22:18:49.335 1496 6825 D AHAL: AudioDevice: SetParameters: 1836: enter
01-09 22:18:49.335 1496 6825 D AHAL: AudioVoice: VoiceSetParameters: 200: Enter
01-09 22:18:49.335 1496 6825 D AHAL: AudioVoice: VoiceSetParameters: 479: Exit ret: 0
01-09 22:18:49.335 1496 6825 D AHAL: hfp: hfp_set_parameters: 444: enter
01-09 22:18:49.335 1496 6825 D AHAL: AudioDevice: SetParameters: 2714: exit: l_call_ril_state_connected=true
01-09 22:18:49.336 4039 4658 I VolteServiceModule: onServiceStateChanged({mVoiceRegState=3(POWER_OFF), mDataRegState=0(IN_SERVICE), mChannelNumber=-1, duplexMode()=0, mCellBandwidths=[], mOperatorAlphaLong=, mOperatorAlphaShort=null, isManualNetworkSelection=false(automatic), getRilVoiceRadioTechnology=0(Unknown), getRilDataRadioTechnology=18(IWLAN), mCssIndicator=unsupported, mNetworkId=*1, mSystemId=*1, mCdmaRoamingIndicator=-1, mCdmaDefaultRoamingIndicator=-1, VoiceRegType=0, Snap=0, PsOnly=false, FemtocellInd=0, SprDisplayRoam=false, OptRadioTech=0, MsimSubmode=0, IsVoiceCallAvailable=false, mIsEmergencyOnly=false, isUsingCarrierAggregation=false, mArfcnRsrpBoost=0, mNetworkRegistrationInfos=[NetworkRegistrationInfo{ domain=CS transportType=WWAN registrationState=UNKNOWN networkRegistrationState=UNKNOWN roamingType=NOT_ROAMING accessNetworkTechnology=UNKNOWN rejectCause=0 emergencyEnabled=false availableServices=[] cellIdentity=null voiceSpecificInfo=null dataSpecificInfo=null nrState=**** rRplmn= isUsingCarrierAggregation=false}, NetworkRegistrationInfo{ domain=PS transportType=WLAN registrationState=HOME networkRegistrationState=HOME roamingType=NOT_ROAMING accessNetworkTechnology=IWLAN rejectCause=0 emergencyEnabled=false availableServices=[] cellIdentity=null voiceSpecificInfo=null dataSpecificInfo=null nrState=**** rRplmn= isUsingCarrierAggregation=false}, NetworkRegistrationInfo{ domain=PS transportType=WWAN registrationState=UNKNOWN networkRegistrationState=UNKNOWN roamingType=NOT_ROAMING accessNetworkTechnology=UNKNOWN rejectCause=0 emergencyEnabled=false availableServices=[] cellIdentity=null voiceSpecificInfo=null dataSpecificInfo=null nrState=**** rRplmn= isUsingCarrierAggregation=false}], mNrFrequencyRange=0, mOperatorAlphaLongRaw=null, mOperatorAlphaShortRaw=null, mIsDataRoamingFromRegistration=false, mIsIwlanPreferred=true})
01-09 22:18:49.336 4039 4658 I VolteServiceModule: mIsLteEpsOnlyAttached(0):false
01-09 22:18:49.336 2400 3913 W ContextImpl: Calling a method in the system process without a qualified user: android.app.ContextImpl.sendBroadcastMultiplePermissions:1331 android.content.Context.sendBroadcastMultiplePermissions:2480 com.android.server.TelephonyRegistry.broadcastServiceStateChanged:3653 com.android.server.TelephonyRegistry.notifyServiceStateForPhoneId:1749 com.android.internal.telephony.ITelephonyRegistry$Stub.onTransact:542
01-09 22:18:49.336 3797 3797 I EPDG -- SIM0 [SMARTWIFI]: onServiceStateChanged state=3
01-09 22:18:49.336 3797 3797 I EPDG -- SIM0 [SMARTCELLULAR]: onServiceStateChanged: 0
01-09 22:18:49.337 3797 4669 I EPDG -- SIM0 [NetController]: WWAN Voice Regi: 1 Roaming: 0
01-09 22:18:49.337 3797 3797 I EPDG -- SIM0 [SMARTCELLULAR]: postLteRunnableFinal: mIsLteAvailable is false
01-09 22:18:49.337 3797 3797 I EPDG -- SIM0 [SMARTCELLULAR]: Not valid cellular signal strength
01-09 22:18:49.337 4039 4530 I ConfigProvider: query uri:xxxxx
01-09 22:18:49.337 3797 4669 I EPDG -- SIM0 [NetController]: WWAN Data Regi: 1 Rat: 0 Roaming: false
01-09 22:18:49.337 2400 2400 D SemWifiApServiceImpl: onServiceStateChanged : 3dataNetworkType : 18
01-09 22:18:49.337 4039 4039 I VolteServiceModule: onServiceStateChanged({mVoiceRegState=3(POWER_OFF), mDataRegState=0(IN_SERVICE), mChannelNumber=-1, duplexMode()=0, mCellBandwidths=[], mOperatorAlphaLong=, mOperatorAlphaShort=null, isManualNetworkSelection=false(automatic), getRilVoiceRadioTechnology=0(Unknown), getRilDataRadioTechnology=18(IWLAN), mCssIndicator=unsupported, mNetworkId=*1, mSystemId=*1, mCdmaRoamingIndicator=-1, mCdmaDefaultRoamingIndicator=-1, VoiceRegType=0, Snap=0, PsOnly=false, FemtocellInd=0, SprDisplayRoam=false, OptRadioTech=0, MsimSubmode=0, IsVoiceCallAvailable=false, mIsEmergencyOnly=false, isUsingCarrierAggregation=false, mArfcnRsrpBoost=0, mNetworkRegistrationInfos=[NetworkRegistrationInfo{ domain=CS transportType=WWAN registrationState=UNKNOWN networkRegistrationState=UNKNOWN roamingType=NOT_ROAMING accessNetworkTechnology=UNKNOWN rejectCause=0 emergencyEnabled=false availableServices=[] cellIdentity=null voiceSpecificInfo=null dataSpecificInfo=null nrState=**** rRplmn= isUsingCarrierAggregation=false}, NetworkRegistrationInfo{ domain=PS transportType=WLAN registrationState=HOME networkRegistrationState=HOME roamingType=NOT_ROAMING accessNetworkTechnology=IWLAN rejectCause=0 emergencyEnabled=false availableServices=[] cellIdentity=null voiceSpecificInfo=null dataSpecificInfo=null nrState=**** rRplmn= isUsingCarrierAggregation=false}, NetworkRegistrationInfo{ domain=PS transportType=WWAN registrationState=UNKNOWN networkRegistrationState=UNKNOWN roamingType=NOT_ROAMING accessNetworkTechnology=UNKNOWN rejectCause=0 emergencyEnabled=false availableServices=[] cellIdentity=null voiceSpecificInfo=null dataSpecificInfo=null nrState=**** rRplmn= isUsingCarrierAggregation=false}], mNrFrequencyRange=0, mOperatorAlphaLongRaw=null, mOperatorAlphaShortRaw=null, mIsDataRoamingFromRegistration=false, mIsIwlanPreferred=true})
01-09 22:18:49.337 3797 4669 I EPDG -- SIM0 [EpdgSubScription]: getIsAirplaneMode: returning: true
01-09 22:18:49.337 4039 4039 I VolteServiceModule: mIsLteEpsOnlyAttached(1):false
01-09 22:18:49.337 3797 4669 I EPDG -- SIM0 [NetController]: getIsRssiDisabledForProfiling: returning: true
01-09 22:18:49.338 3670 3670 D MobileSignalTransitionManager: updateSignalTransition
01-09 22:18:49.338 3670 3670 D MobileSignalTransitionManager: updateSignalOneLevelPerSec state transition=false prev=IN_SERVICE, cur=NO_SERVICE
01-09 22:18:49.338 3670 3670 D MobileSignalTransitionManager: updateSignalOneLevelPerSec 4 -> 0 no service
01-09 22:18:49.338 2400 2400 W NSLocationMonitor: onServiceStateChanged, state=3 / channel=-1
01-09 22:18:49.338 2400 2400 I NSLocationMonitor: networkType[0]=UNKNOWN / nrState=false
01-09 22:18:49.338 3670 3670 D MobileIconViewModel: [mobile] (0/3) connected=false dataConnected=false dataType=DefaultIcon(iconGroup=IconGroup(LTE)) networkType=LTE simCard=AIRTEL
01-09 22:18:49.339 2400 2400 W NSLocationMonitor: onServiceStateChanged, state=3 / channel=-1
01-09 22:18:49.339 2400 2400 I NSLocationMonitor: networkType[0]=UNKNOWN / nrState=false
01-09 22:18:49.339 3670 3670 D MobileIconViewModel: [mobile] (0/3) connected=false dataConnected=false dataType=DefaultIcon(iconGroup=IconGroup(LTE)) networkType=LTE simCard=AIRTEL
01-09 22:18:49.339 10717 10717 W ss.xcal.mobile5: Accessing hidden method Landroid/telephony/TelephonyManager;->getVoiceNetworkType(I)I (max-target-p, reflection, denied)
01-09 22:18:49.339 2400 3913 W ContextImpl: Calling a method in the system process without a qualified user: android.app.ContextImpl.sendBroadcastMultiplePermissions:1364 com.android.server.TelephonyRegistry.broadcastServiceStateChanged:3658 com.android.server.TelephonyRegistry.notifyServiceStateForPhoneId:1749 com.android.internal.telephony.ITelephonyRegistry$Stub.onTransact:542 android.os.Binder.execTransactInternal:1380
01-09 22:18:49.339 2400 5684 D CompatibilityChangeReporter: Compat change id reported: 202110963; UID 1001; state: ENABLED
01-09 22:18:49.339 4893 5021 W NetworkManager_FLP: updateServiceStateChanged, serviceState=3 / isRegistered=true / channel=2147483647 / networkTypeName=UNKNOWN / nr=false
01-09 22:18:49.339 4893 5021 I NetworkManager_FLP: Success to update networkStatus, Service=3 / Network=UNKNOWN(band=0, ch=2147483647) / MobileData=false, roaming=false / WIFI=false, conn=true / BT=true, conn=false
01-09 22:18:49.340 10717 10717 W ss.xcal.mobile5: Accessing hidden method Landroid/telephony/TelephonyManager;->getDataNetworkType(I)I (max-target-p, reflection, denied)
01-09 22:18:49.340 3670 3670 D MobileIconViewModel: [mobile] (0/3) connected=false dataConnected=false dataType=DefaultIcon(iconGroup=IconGroup(LTE)) networkType=LTE simCard=AIRTEL
01-09 22:18:49.340 4893 5021 W NetworkManager_FLP: updateServiceStateChanged, serviceState=3 / isRegistered=true / channel=2147483647 / networkTypeName=UNKNOWN / nr=false
01-09 22:18:49.341 4039 4039 I NetworkUtil: Network Cap check : INTERNET : true
01-09 22:18:49.341 4039 4039 I NetworkUtil: isConnected = false isCellularOnly : true
01-09 22:18:49.341 4039 4039 I TelephonyCallbackForPdnController<0>: onServiceStateChanged: state={mVoiceRegState=3(POWER_OFF), mDataRegState=0(IN_SERVICE), mChannelNumber=-1, duplexMode()=0, mCellBandwidths=[], mOperatorAlphaLong=, mOperatorAlphaShort=null, isManualNetworkSelection=false(automatic), getRilVoiceRadioTechnology=0(Unknown), getRilDataRadioTechnology=18(IWLAN), mCssIndicator=unsupported, mNetworkId=*1, mSystemId=*1, mCdmaRoamingIndicator=-1, mCdmaDefaultRoamingIndicator=-1, VoiceRegType=0, Snap=0, PsOnly=false, FemtocellInd=0, SprDisplayRoam=false, OptRadioTech=0, MsimSubmode=0, IsVoiceCallAvailable=false, mIsEmergencyOnly=false, isUsingCarrierAggregation=false, mArfcnRsrpBoost=0, mNetworkRegistrationInfos=[NetworkRegistrationInfo{ domain=CS transportType=WWAN registrationState=UNKNOWN networkRegistrationState=UNKNOWN roamingType=NOT_ROAMING accessNetworkTechnology=UNKNOWN rejectCause=0 emergencyEnabled=false availableServices=[] cellIdentity=null voiceSpecificInfo=null dataSpecificInfo=null nrState=**** rRplmn= isUsingCarrierAggregation=false}, NetworkRegistrationInfo{ domain=PS transportType=WLAN registrationState=HOME networkRegistrationState=HOME roamingType=NOT_ROAMING accessNetworkTechnology=IWLAN rejectCause=0 emergencyEnabled=false availableServices=[] cellIdentity=null voiceSpecificInfo=null dataSpecificInfo=null nrState=**** rRplmn= isUsingCarrierAggregation=false}, NetworkRegistrationInfo{ domain=PS transportType=WWAN registrationState=UNKNOWN networkRegistrationState=UNKNOWN roamingType=NOT_ROAMING accessNetworkTechnology=UNKNOWN rejectCause=0 emergencyEnabled=false availableServices=[] cellIdentity=null voiceSpecificInfo=null dataSpecificInfo=null nrState=**** rRplmn= isUsingCarrierAggregation=false}], mNrFrequencyRange=0, mOperatorAlphaLongRaw=null, mOperatorAlphaShortRaw=null, mIsDataRoamingFromRegistration=false, mIsIwlanPreferred=true}Changed=VoPS:SUPPORTED=>NOT_SUPPORTED, EmcBsIndi:SUPPORTED=>UNKNOWN, VoiceReg:0=>3, VoiceNet:13=>0
01-09 22:18:49.341 4039 4039 I PdnController<0>: notifyDataConnectionState
01-09 22:18:49.341 4039 4039 I PdnController<0>: notifyDataConnectionState: needNotify=true networkType=18 isEpdgConnected=false dataNetType=13=>18 dataRegState=0=>0
01-09 22:18:49.341 2400 3913 W ContextImpl: Calling a method in the system process without a qualified user: android.app.ContextImpl.sendBroadcastMultiplePermissions:1364 com.android.server.TelephonyRegistry.broadcastServiceStateChanged:3667 com.android.server.TelephonyRegistry.notifyServiceStateForPhoneId:1749 com.android.internal.telephony.ITelephonyRegistry$Stub.onTransact:542 android.os.Binder.execTransactInternal:1380
01-09 22:18:49.342 2400 2400 D SemWifiService: received: android.intent.action.SERVICE_STATE
01-09 22:18:49.342 4039 4039 I RegiMgr-Handler<0>: onDataConnectionStateChanged(): networkType [IWLAN], isWifiConnected [true]
01-09 22:18:49.342 2400 3913 W ContextImpl: Calling a method in the system process without a qualified user: android.app.ContextImpl.sendBroadcastMultiplePermissions:1364 com.android.server.TelephonyRegistry.broadcastServiceStateChanged:3673 com.android.server.TelephonyRegistry.notifyServiceStateForPhoneId:1749 com.android.internal.telephony.ITelephonyRegistry$Stub.onTransact:542 android.os.Binder.execTransactInternal:1380
01-09 22:18:49.343 4039 4530 I ConfigProvider: queryStorage path content://com.samsung.rcs.autoconfigurationprovider/parameter/version#simslot0
01-09 22:18:49.343 4039 4039 I ImsCallSessionManager: onDataConnectionStateChanged(): networkType [IWLAN]isWifiConnected [true], phoneId [0]
01-09 22:18:49.343 3642 3642 D ServiceStateProvider: subId=3
01-09 22:18:49.344 9668 9668 D CellBroadcastReceiver: onReceive Intent { act=android.intent.action.SERVICE_STATE flg=0x1000010 cmp=com.google.android.cellbroadcastreceiver/com.android.cellbroadcastreceiver.CellBroadcastReceiver (has extras) }
01-09 22:18:49.344 13492 13492 I SAMSUNGWALLET: [SpayBroadcastReceiver] Action: android.intent.action.SERVICE_STATE
01-09 22:18:49.344 9668 9668 D CellBroadcastReceiver: onServiceStateChanged, ss: 3
01-09 22:18:49.344 4039 4039 I TelephonyCallbackForPdnController<0>: notifySnapshotState: snapshotState=0 old=0
01-09 22:18:49.346 3670 3670 D MobileSignalTransitionManager: updateSignalTransition
01-09 22:18:49.346 2400 3489 D SemCellularStateManager: onSignalStrengthsChanged: mCellularSignalLevel=0
01-09 22:18:49.347 13492 13492 I SAMSUNGWALLET: [CommonNetworkUtil] mcc -
01-09 22:18:49.347 13492 13492 I SAMSUNGWALLET: [SpayBroadcastReceiver] mCurrentUiccId: 8991922305946154416, previousUiccId: 8991922305946154416
01-09 22:18:49.347 13492 13492 I SAMSUNGWALLET: [SpayBroadcastReceiver] mCurrentNetworkMcc: , previousNetworkMcc: 404
01-09 22:18:49.347 3670 3670 D MultiSIMController: MESSAGE_UPDATE_SERVICE_STATE
01-09 22:18:49.348 3642 3732 I TelephonyProvider: D/TelephonyProvider: APN updated !! match = 13
01-09 22:18:49.348 4039 4530 I RegiGvnRcs: isReadyToRegister: User don't try RCS service yet
01-09 22:18:49.348 4039 4530 I RegiMgr<0>: [AIRTEL India RCS|IDLE] checkForTryRegister: isReadyToRegister = false
01-09 22:18:49.348 4039 4530 I RegiMgr-Handler: handleMessage: EVENT_MOBILE_RADIO_DISCONNECTED
01-09 22:18:49.348 3797 3797 I EPDG -- SIM0 [SMARTCELLULAR]: onSignalStrengthsChanged: SignalStrength:{mCdma=Invalid,mGsm=Invalid,mWcdma=Invalid,mTdscdma=Invalid,mLte=Invalid,mNr=Invalid,SignalBarInfo{ no level },rat=0,primary=CellSignalStrengthLte}
01-09 22:18:49.348 4039 4530 I ResipRegiMgr: [0] handleInactiveCiaOnMobileDisconnected() need CIA_Inactive = false for AIRTEL VoLTE
01-09 22:18:49.348 4039 4530 I RegiMgr-Handler: handleMessage: EVENT_NETWORK_TYPE
01-09 22:18:49.348 4039 4530 I RegiMgr-NetEvtCtr<0>: onNetworkChanged: suspendByIrat=false
01-09 22:18:49.348 4039 4530 I NetworkState: setAllCellInfo : Cleared by null set !!!!
01-09 22:18:49.348 4039 4530 I RegiMgr<0>: updatePani RegisterTask[0][mProfile=AIRTEL VoLTE, mRegistrationRat=0, mPdnType=11, mState=CONNECTING, mObject=null, mReason=, mPcscfHostname=null, mDeregiReason=41]
01-09 22:18:49.348 3797 4669 I EPDG -- SIM0 [EpdgImsManagerHelper]: Find isAllowedOnRoaming value on IMS Profile : true
01-09 22:18:49.348 4039 4530 I PaniGenerator<0>: generate: subId=3, network=18, pdn=11
01-09 22:18:49.349 4039 4530 I PaniGenerator<0>: generate: mobileDataNetworkType=0
01-09 22:18:49.349 4039 4530 E PaniGenerator: network is unknown.
01-09 22:18:49.349 3797 4669 I EPDG -- SIM0 [SMARTCELLULAR]: LTE Available: false
01-09 22:18:49.349 4039 4530 I RegiMgr-NetEvtCtr<0>: onNetworkEventChanged:Changed Event: Network type(13=>18), Voice network(13=>0), VoPS(SUPPORTED=>NOT_SUPPORTED), CS_OoS(false=>true)
01-09 22:18:49.349 4039 4530 I VolteServiceModule: onNetworkChanged: NetworkEvent [network=18, voiceNetwork=0, voiceOverPs=NOT_SUPPORTED, outOfService=false, isDataRoaming=false, isVoiceRoaming=false, csOutOfService=true, isWifiConnected=true, isEpdgConnected=false, isEpdgAvailable=true, operatorNumeric=40492, isPsOnlyReg=false, isDataConnected=false]
01-09 22:18:49.349 4039 4530 E #IMSCR : 01-09 22:18:49 0x30000009:0,13->18
01-09 22:18:49.349 4039 4530 I SmsServiceModule: regInfo: null
01-09 22:18:49.349 4039 4530 I SmsServiceModule: disallow sms Service
01-09 22:18:49.349 4039 4530 I SmsServiceModule: Sms Service queryCapabilityStatus[0]: removeCapabilities CAPABILITY_TYPE_SMS
01-09 22:18:49.349 4039 4658 I VolteServiceModule: tryDisconnect(0) delay 100
01-09 22:18:49.349 3670 3670 W KeyguardUpdateMonitorLog: invalid subId in handleServiceStateChange()
01-09 22:18:49.349 4039 4530 E CmcServiceHelper: disallow Call Service
01-09 22:18:49.350 4039 4530 E CmcServiceHelper: disallow Call Service
01-09 22:18:49.350 4039 4530 E CmcServiceHelper: disallow Call Service
01-09 22:18:49.350 4039 4530 I UtServiceModule<0>: isUtEnabled with policy : CS enabled = false
01-09 22:18:49.350 3670 3670 D StatusBarIconController: ignoring old pipeline callbacks, because the new mobile icons are enabled
01-09 22:18:49.350 3670 3670 D StatusBarIconController: ignoring old pipeline callbacks, because the new mobile icons are enabled
01-09 22:18:49.350 3670 3670 D MultiSIMController: onReceive() - action = android.intent.action.SERVICE_STATE
01-09 22:18:49.350 3670 3670 D StatusBarIconController: ignoring old pipeline callbacks, because the new mobile icons are enabled
01-09 22:18:49.350 4039 4530 I SecImsNotifier: slot[0]: updateCapabilities: capabilities=MmTel Capabilities - [Voice: false Video: false UT: false SMS: false CALL_COMPOSER: false]
01-09 22:18:49.350 2400 6444 I Telecom:SamsungTelecomServiceImpl: isInCall - callingPackage : com.android.systemui / callingUser : UserHandle{0} / hasCrossUserAccess : true
01-09 22:18:49.350 3797 4669 I EPDG -- SIM0 [EpdgImsManagerHelper]: Find isAllowedOnRoaming value on IMS Profile : true
01-09 22:18:49.350 4039 4530 I SecImsServiceConnector<0>: getMmTelFeatureImpl
01-09 22:18:49.350 4039 4530 E SecImsServiceConnector: connect to local SecImsService #1 attempt
01-09 22:18:49.350 4039 4530 I SecImsService: createMmTelFeatureForSubscription: slotId=0,subscriptionId=-1
01-09 22:18:49.350 4039 4530 I SecImsNotifier: slot[0]: updateRcsCapabilities: capabilities=Capabilities: 0
01-09 22:18:49.350 3670 3670 D CarrierTextUtil: updateNetworkName showSpn=false spn=null dataSpn=airtel showPlmn=true plmn=null hasVoWifiPLMN=false
01-09 22:18:49.350 3670 3670 D CarrierTextUtil: updateNetworkName showSpn=false spn=null dataSpn=airtel showPlmn=true plmn=null hasVoWifiPLMN=false
01-09 22:18:49.350 3670 3670 D CarrierTextController: carrierTextForSimState(3)-(order: 0) : airtel
01-09 22:18:49.350 4039 4530 I SecImsServiceConnector<0>: getRcsFeatureImpl
01-09 22:18:49.350 4039 4530 E SecImsServiceConnector: connect to local SecImsService #1 attempt
01-09 22:18:49.350 4039 4530 I SecImsService: createRcsFeatureForSubscription: slotId=0,subscriptionId=-1
01-09 22:18:49.350 3670 3670 D CarrierTextController: setText : Flight mode
01-09 22:18:49.350 4039 4530 I RegiMgr-NetEvtCtr<0>: handleNetworkEventBeforeRegister: new network event=NetworkEvent [network=18, voiceNetwork=0, voiceOverPs=NOT_SUPPORTED, outOfService=false, isDataRoaming=false, isVoiceRoaming=false, csOutOfService=true, isWifiConnected=true, isEpdgConnected=false, isEpdgAvailable=true, operatorNumeric=40492, isPsOnlyReg=false, isDataConnected=false], old network event=NetworkEvent [network=13, voiceNetwork=13, voiceOverPs=SUPPORTED, outOfService=false, isDataRoaming=false, isVoiceRoaming=false, csOutOfService=false, isWifiConnected=true, isEpdgConnected=false, isEpdgAvailable=true, operatorNumeric=40492, isPsOnlyReg=false, isDataConnected=false]
01-09 22:18:49.350 3670 3670 D CarrierTextUtil: updateNetworkName showSpn=false spn=null dataSpn=airtel showPlmn=true plmn=null hasVoWifiPLMN=false
01-09 22:18:49.350 3670 3670 D CarrierTextUtil: updateNetworkName showSpn=false spn=null dataSpn=airtel showPlmn=true plmn=null hasVoWifiPLMN=false
01-09 22:18:49.350 3797 4669 I EPDG -- SIM0 [SMARTCELLULAR]: LTE Available: false
01-09 22:18:49.351 3670 3670 D CarrierTextController: carrierTextForSimState(3)-(order: 0) : airtel
01-09 22:18:49.351 4039 4530 I RegiMgr : isPdnConnected: false, PdnType: 11
01-09 22:18:49.351 3670 3670 D CarrierTextController: setText : Flight mode
01-09 22:18:49.351 3797 4669 I EPDG -- SIM0 [EpdgSubScription]: volteSetting(true) for VOICECALL_TYPE_KEY: voicecall_type
01-09 22:18:49.351 3797 4669 I EPDG -- SIM0 [PolicyMgr]: updatePolicyTable()
01-09 22:18:49.351 3670 3670 D CarrierTextUtil: updateNetworkName showSpn=false spn=null dataSpn=airtel showPlmn=true plmn=null hasVoWifiPLMN=false
01-09 22:18:49.351 3670 3670 D CarrierTextUtil: updateNetworkName showSpn=false spn=null dataSpn=airtel showPlmn=true plmn=null hasVoWifiPLMN=false
01-09 22:18:49.351 3670 3670 D CarrierTextController: carrierTextForSimState(3)-(order: 0) : airtel
01-09 22:18:49.351 3670 3670 D CarrierTextController: setText : Flight mode
01-09 22:18:49.351 3670 3670 D FaceWidgetPagesController: onRefreshCarrierInfo()
