01-09 22:18:51.909 3670 3670 D CarrierTextUtil: updateNetworkName showSpn=false spn=null dataSpn=airtel showPlmn=true plmn=airtel hasVoWifiPLMN=false
01-09 22:18:51.909 3670 3670 D CarrierTextUtil: updateNetworkName showSpn=false spn=null dataSpn=airtel showPlmn=true plmn=airtel hasVoWifiPLMN=false
01-09 22:18:51.909 3670 3670 D CarrierTextController: carrierTextForSimState(3)-(order: 0) : No service
01-09 22:18:51.909 3670 3670 D CarrierTextController: setText : No service
01-09 22:18:51.909 3670 3670 D FaceWidgetPagesController: onRefreshCarrierInfo()
01-09 22:18:51.909 3670 3670 D FaceWidgetClockRoamManager: isNetworkRoamingState id=3
01-09 22:18:51.909 3670 3670 D FaceWidgetClockRoamManager: isNetworkRoamingState false
01-09 22:18:51.909 3670 3670 D FaceWidgetClockRoamManager: onRefreshCarrierInfo(pre, now): false, false
01-09 22:18:51.909 3670 3670 D FaceWidgetClockPage: onRefreshCarrierInfo : isChanged false mIsRoaming false
01-09 22:18:51.910 3797 4669 I EPDG -- SIM0 [NetController]: getIsRssiDisabledForProfiling: returning: true
01-09 22:18:51.910 10182 12054 W [ND]SurveyMeasurementWorker: androidx.work-3 | duplicated PDPS message is coming
01-09 22:18:51.910 3670 3670 D MobileSignalTransitionManager: updateSignalTransition
01-09 22:18:51.910 3670 3670 D MobileSignalTransitionManager: updateSignalOneLevelPerSec state transition=false prev=NO_SERVICE, cur=IN_SERVICE
01-09 22:18:51.910 3670 3670 D MobileIconViewModel: [mobile] (0/3) connected=true dataConnected=false dataType=DefaultIcon(iconGroup=IconGroup(Unknown)) networkType=UNKNOWN simCard=AIRTEL
01-09 22:18:51.910 3670 3670 D MobileIconViewModel: [mobile] (0/3) connected=true dataConnected=false dataType=DefaultIcon(iconGroup=IconGroup(Unknown)) networkType=UNKNOWN simCard=AIRTEL
01-09 22:18:51.911 3670 3670 D MultiSIMController: onReceive() - action = android.intent.action.SERVICE_STATE
01-09 22:18:51.912 10182 12054 I [ND]Preconditions: androidx.work-3 | prop:false->false, pref:false->false, GRM mode (false)
01-09 22:18:51.912 10182 12054 I [ND]Preconditions: androidx.work-3 | UT Mode | Preconditions are NOT satisfied | "SM-S928N" in [ SurveyModelDomain(useModel=SM-G981N), SurveyModelDomain(useModel=SM-G986N), SurveyModelDomain(useModel=SM-G988N), SurveyModelDomain(useModel=SM-F700N), SurveyModelDomain(useModel=SM-F707N), SurveyModelDomain(useModel=SM-G977N), SurveyModelDomain(useModel=SM-N986N), SurveyModelDomain(useModel=SM-N981N), SurveyModelDomain(useModel=SM-F916N), SurveyModelDomain(useModel=SM-G991N), SurveyModelDomain(useModel=SM-G996N), SurveyModelDomain(useModel=SM-G998N), SurveyModelDomain(useModel=SM-F711N), SurveyModelDomain(useModel=SM-F926N), SurveyModelDomain(useModel=SM-S901N), SurveyModelDomain(useModel=SM-S906N), SurveyModelDomain(useModel=SM-S908N) ]
01-09 22:18:51.912 3670 3670 D MobileIconViewModel: [mobile] (0/3) connected=true dataConnected=false dataType=DefaultIcon(iconGroup=IconGroup(Unknown)) networkType=UNKNOWN simCard=AIRTEL
01-09 22:18:51.912 10182 12054 I [ND]UtModeUtilityImpl: androidx.work-3 | Get nedi.ut_mode (false)
01-09 22:18:51.912 3670 3670 D ShadeCarrierGroup: handleUpdateCarrierInfo [No service] isLatin=false
01-09 22:18:51.912 10182 12054 I [ND]UtModeUtilityImpl: androidx.work-3 | Get nedi.grm_mode (false)
01-09 22:18:51.912 3670 3670 D StatusBarIconController: ignoring old pipeline callbacks, because the new mobile icons are enabled
01-09 22:18:51.912 3670 3670 D MultiSIMController: MESSAGE_UPDATE_SERVICE_STATE
01-09 22:18:51.913 9668 9668 D CellBroadcastReceiver: onReceive Intent { act=android.intent.action.SERVICE_STATE flg=0x1000010 cmp=com.google.android.cellbroadcastreceiver/com.android.cellbroadcastreceiver.CellBroadcastReceiver (has extras) }
01-09 22:18:51.913 9668 9668 D CellBroadcastReceiver: onServiceStateChanged, ss: 0
01-09 22:18:51.913 9668 9668 D CellBroadcastReceiver: networkOperator: 40492
01-09 22:18:51.914 3797 4669 I EPDG -- SIM0 [EpdgImsManagerHelper]: Find isAllowedOnRoaming value on IMS Profile : true
01-09 22:18:51.914 3797 4669 I EPDG -- SIM0 [SMARTCELLULAR]: LTE Available: false
01-09 22:18:51.914 3797 4669 I EPDG -- SIM0 [NetController]: onNetworkStatusChanged: voiceNetType: 13 mActiveVoiceRat: 0
01-09 22:18:51.914 13492 13492 I SAMSUNGWALLET: [SpayBroadcastReceiver] Action: android.intent.action.SERVICE_STATE
01-09 22:18:51.914 3797 4669 I EPDG -- SIM0 [NetController]: onNetworkStatusChanged : mCellularAvailable = false
01-09 22:18:51.914 2400 3796 I Telecom:SamsungTelecomServiceImpl: isInCall - callingPackage : com.android.systemui / callingUser : UserHandle{0} / hasCrossUserAccess : true
01-09 22:18:51.915 3670 3670 D CarrierTextController: carrierTextForSimState(3)-(order: 0) : No service
01-09 22:18:51.915 3670 3670 D CarrierTextController: setText : No service
01-09 22:18:51.915 3670 3670 D CarrierTextController: carrierTextForSimState(3)-(order: 0) : No service
01-09 22:18:51.915 3670 3670 D CarrierTextController: setText : No service
01-09 22:18:51.915 3670 3670 D CarrierTextController: carrierTextForSimState(3)-(order: 0) : No service
01-09 22:18:51.915 3670 3670 D CarrierTextController: setText : No service
01-09 22:18:51.915 3670 3670 D FaceWidgetPagesController: onRefreshCarrierInfo()
01-09 22:18:51.915 3670 3670 D FaceWidgetClockRoamManager: isNetworkRoamingState id=3
01-09 22:18:51.915 3670 3670 D FaceWidgetClockRoamManager: isNetworkRoamingState false
01-09 22:18:51.915 3670 3670 D FaceWidgetClockRoamManager: onRefreshCarrierInfo(pre, now): false, false
01-09 22:18:51.915 3670 3670 D FaceWidgetClockPage: onRefreshCarrierInfo : isChanged false mIsRoaming false
01-09 22:18:51.917 6164 6268 I eris : 10[IKE] allow mutual EAP-only authentication
01-09 22:18:51.917 6164 6268 I eris : 10[ENC] generating IKE_AUTH request 2 [ EAP/RES/AKA ]
01-09 22:18:51.917 3797 4669 I EPDG -- SIM0 [Operator]: getSubId(): subID is : 3
01-09 22:18:51.917 3797 4669 I EPDG -- SIM0 [ThrottleController]: isThrottleTimerRunning: apnType: ims. result: false
01-09 22:18:51.917 3797 4669 I EPDG -- SIM0 [PolicyMgr]: getApnRatPolicy: default,idle only LTE is allowed RAT
01-09 22:18:51.917 3797 4669 I EPDG -- SIM0 [PolicyMgr]: getApnRatPolicy: default,idle result=LTE
01-09 22:18:51.917 3797 4669 I EPDG -- SIM0 [PolicyMgr]: getApnRatPolicy: mms,idle only LTE is allowed RAT
01-09 22:18:51.917 3797 4669 I EPDG -- SIM0 [PolicyMgr]: getApnRatPolicy: mms,idle result=LTE
01-09 22:18:51.917 3797 4669 I EPDG -- SIM0 [PolicyMgr]: getApnRatPolicy: supl,idle only LTE is allowed RAT
01-09 22:18:51.917 3797 4669 I EPDG -- SIM0 [PolicyMgr]: getApnRatPolicy: supl,idle result=LTE
01-09 22:18:51.917 3797 4669 I EPDG -- SIM0 [PolicyMgr]: getApnRatPolicy: dun,idle only LTE is allowed RAT
01-09 22:18:51.917 3797 4669 I EPDG -- SIM0 [PolicyMgr]: getApnRatPolicy: dun,idle result=LTE
01-09 22:18:51.917 3797 4669 I EPDG -- SIM0 [PolicyMgr]: getApnRatPolicy: hipri,idle only LTE is allowed RAT
01-09 22:18:51.917 3797 4669 I EPDG -- SIM0 [PolicyMgr]: getApnRatPolicy: hipri,idle result=LTE
01-09 22:18:51.917 3797 4669 I EPDG -- SIM0 [PolicyMgr]: getApnRatPolicy: fota,idle only LTE is allowed RAT
01-09 22:18:51.917 3797 4669 I EPDG -- SIM0 [PolicyMgr]: getApnRatPolicy: fota,idle result=LTE
01-09 22:18:51.917 3797 4669 I EPDG -- SIM0 [EpdgSubScription]: getIsAirplaneMode: returning: false
01-09 22:18:51.917 3797 4669 I EPDG -- SIM0 [IfomTable]: checkIsRuleforApn: appStr is: idle apnType is: ims
01-09 22:18:51.917 3797 4669 I EPDG -- SIM0 [PolicyMgr]: getApnRatPolicy: ims,idle result=IWLAN:LTE
01-09 22:18:51.917 3797 4669 I EPDG -- SIM0 [EpdgSubScription]: isPdnConnectedOverWifi: returning result: false for apnType: ims
01-09 22:18:51.917 6164 6268 I eris : 10[NET] sending packet: from 192.168.0.106[49289] to 106.201.214.112[4500] (108 bytes)
01-09 22:18:51.917 3797 4669 I EPDG -- SIM0 [PolicyMgr]: getApnRatPolicy: cbs,idle only LTE is allowed RAT
01-09 22:18:51.917 3797 4669 I EPDG -- SIM0 [PolicyMgr]: getApnRatPolicy: cbs,idle result=LTE
01-09 22:18:51.917 3797 4669 I EPDG -- SIM0 [PolicyMgr]: getApnRatPolicy: ia,idle only LTE is allowed RAT
01-09 22:18:51.917 3797 4669 I EPDG -- SIM0 [PolicyMgr]: getApnRatPolicy: ia,idle result=LTE
01-09 22:18:51.917 3797 4669 I EPDG -- SIM0 [PolicyMgr]: getApnRatPolicy: emergency,idle only LTE is allowed RAT
01-09 22:18:51.917 3797 4669 I EPDG -- SIM0 [PolicyMgr]: getApnRatPolicy: emergency,idle result=LTE
01-09 22:18:51.917 3797 4669 I EPDG -- SIM0 [PolicyMgr]: getApnRatPolicy: mcx,idle only LTE is allowed RAT
01-09 22:18:51.917 3797 4669 I EPDG -- SIM0 [PolicyMgr]: getApnRatPolicy: mcx,idle result=LTE
01-09 22:18:51.917 3797 4669 I EPDG -- SIM0 [PolicyMgr]: getApnRatPolicy: xcap,idle only LTE is allowed RAT
01-09 22:18:51.917 3797 4669 I EPDG -- SIM0 [PolicyMgr]: getApnRatPolicy: xcap,idle result=LTE
01-09 22:18:51.917 3797 4669 I EPDG -- SIM0 [EpdgSubScription]: getHandoverEnableSetting: true
01-09 22:18:51.917 3670 3670 W View : requestLayout() improperly called by android.widget.FrameLayout{3ec886a V.E...... ......ID 0,138-1080,2205 #7f0a084c app:id/qs_frame} during layout: running second layout pass
01-09 22:18:51.917 3797 4669 I EPDG -- SIM0 [UTILS]: getSubIdFromSpecifier() : specifier null
01-09 22:18:51.917 3797 4669 I EPDG -- SIM0 [UTILS]: getSubIdFromSpecifier() : return : 3
01-09 22:18:51.917 3797 4669 I EPDG -- SIM0 [UTILS]: getNetworkForType: subIdFromSpecifier: 3
01-09 22:18:51.918 3670 3670 D StatusBarIconController: ignoring old pipeline callbacks, because the new mobile icons are enabled
01-09 22:18:51.918 3797 4669 I EPDG -- SIM0 [UTILS]: getSubIdFromSpecifier() : return : 3
01-09 22:18:51.918 3797 4669 I EPDG -- SIM0 [UTILS]: getNetworkForType: subIdFromSpecifier: 3
01-09 22:18:51.918 3797 4669 I EPDG -- SIM0 [UTILS]: getNetworkForType: returning Network for type: 11
01-09 22:18:51.918 4039 4039 I NetworkUtil: Network Cap check : INTERNET : true
01-09 22:18:51.918 4039 4039 I NetworkUtil: isConnected = false isCellularOnly : true
01-09 22:18:51.918 4039 4039 I TelephonyCallbackForPdnController<0>: onServiceStateChanged: state={mVoiceRegState=0(IN_SERVICE), mDataRegState=0(IN_SERVICE), mChannelNumber=-1, duplexMode()=0, mCellBandwidths=[], mOperatorAlphaLong=airtel, mOperatorAlphaShort=airtel, isManualNetworkSelection=false(automatic), getRilVoiceRadioTechnology=14(LTE), getRilDataRadioTechnology=18(IWLAN), mCssIndicator=unsupported, mNetworkId=*1, mSystemId=*1, mCdmaRoamingIndicator=-1, mCdmaDefaultRoamingIndicator=-1, VoiceRegType=0, Snap=0, PsOnly=false, FemtocellInd=0, SprDisplayRoam=false, OptRadioTech=0, MsimSubmode=0, IsVoiceCallAvailable=true, mIsEmergencyOnly=false, isUsingCarrierAggregation=false, mArfcnRsrpBoost=0, mNetworkRegistrationInfos=[NetworkRegistrationInfo{ domain=PS transportType=WLAN registrationState=HOME networkRegistrationState=HOME roamingType=NOT_ROAMING accessNetworkTechnology=IWLAN rejectCause=0 emergencyEnabled=false availableServices=[DATA] cellIdentity=null voiceSpecificInfo=null dataSpecificInfo=null nrState=**** rRplmn= isUsingCarrierAggregation=false}, NetworkRegistrationInfo{ domain=CS transportType=WWAN registrationState=HOME networkRegistrationState=HOME roamingType=NOT_ROAMING accessNetworkTechnology=LTE rejectCause=0 emergencyEnabled=false availableServices=[VOICE,SMS,VIDEO] cellIdentity=CellIdentityLte:{ mCi=1******73 mPci=292 mTac=4**6 mEarfcn=3686 mBands=[8] mBandwidth=2147483647 mMcc=404 mMnc=92 mAlphaLong=AIRTEL mAlphaShort=airtel mAdditionalPlmns={} mCsgInfo=null} voiceSpecificInfo=VoiceSpecificRegistrationInfo { mCssSupported=false mRoamingIndicator=0 mSystemIsInPrl=0 mDefaultRoamingIndicator=0} dataSpecificInfo=null nrState=**** rRplmn=40492 isUsingCarrierAggregation=false}, NetworkRegistrationInfo{ domain=PS transportType=WWAN registrationState=NOT_REG_SEARCHING networkRegistrationState=NOT_REG_SEARCHING roamingType=NOT_ROAMING accessNetworkTechnology=UNKNOWN rejectCause=0 emergencyEnabled=false availableServices=[] cellIdentity=CellIdentityLte:{ mCi=1******73 mPci=0 mTac=4**6 mEarfcn=2147483647 mBands=[] mBandwidth=2147483647 mMcc=404 mMnc=92 mAlphaLong=AIRTEL mAlphaShort=airtel mAdditionalPlmns={} mCsgInfo=null} voiceSpecificInfo=null dataSpecificInfo=android.telephony.DataSpecificRegistrationInfo :{ maxDataCalls = 16 isDcNrRestricted = false isNrAvailable = false isEnDcAvailable = false mLteAttachResultType = 0 mLteAttachExtraInfo = 0 null } nrState=**** rRplmn=40492 isUsingCarrierAggregation=false}], mNrFrequencyRange=0, mOperatorAlphaLongRaw=airtel, mOperatorAlphaShortRaw=airtel, mIsDataRoamingFromRegistration=false, mIsIwlanPreferred=true}Changed=VoiceReg:1=>0, VoiceNet:0=>13
01-09 22:18:51.918 4039 4039 I PdnController<0>: notifyDataConnectionState
01-09 22:18:51.918 4039 4039 I PdnController<0>: notifyDataConnectionState: needNotify=true networkType=18 isEpdgConnected=false dataNetType=18=>18 dataRegState=0=>0
01-09 22:18:51.918 3797 4669 I EPDG -- SIM0 [UTILS]: getNetworkInfo: returning networkInfo [type: MOBILE[IWLAN], state: CONNECTING/CONNECTING, reason: (unspecified), extra: IMS, failover: false, available: true, roaming: false]
01-09 22:18:51.918 3797 4669 I EPDG -- SIM0 [EpdgSubScription]: notifyQualifiedNetworksChange to telephony
01-09 22:18:51.919 4039 4039 I RegiMgr-Handler<0>: onDataConnectionStateChanged(): networkType [IWLAN], isWifiConnected [true]
01-09 22:18:51.919 4039 4530 I RegiMgr-Handler: handleMessage: EVENT_NETWORK_TYPE
01-09 22:18:51.919 4039 4530 I RegiMgr-NetEvtCtr<0>: onNetworkChanged: suspendByIrat=false
01-09 22:18:51.919 4039 4530 I NetworkState: setAllCellInfo : Cleared by null set !!!!
01-09 22:18:51.919 4039 4530 I RegiMgr<0>: updatePani RegisterTask[0][mProfile=AIRTEL VoLTE, mRegistrationRat=18, mPdnType=11, mState=CONNECTING, mObject=null, mReason=, mPcscfHostname=null, mDeregiReason=41]
01-09 22:18:51.919 4039 4530 I PaniGenerator<0>: generate: subId=3, network=18, pdn=11
01-09 22:18:51.920 4039 4530 I PaniGenerator<0>: generate: network=13, fallbackPlmn=40402
01-09 22:18:51.920 4039 4530 I PdnController<0>: getAllCellInfo mNeedCellLocationUpdate : true
01-09 22:18:51.920 4039 4039 I ImsCallSessionManager: onDataConnectionStateChanged(): networkType [IWLAN]isWifiConnected [true], phoneId [0]
01-09 22:18:51.920 4039 4530 I PdnController<0>: get latest cellInfo and store, subId = 3
01-09 22:18:51.920 13492 13492 I SAMSUNGWALLET: [CommonNetworkUtil] mcc - 404
01-09 22:18:51.920 4039 4530 I PaniGenerator: generate: change to NW PLMN(40492)
01-09 22:18:51.920 13492 13492 I SAMSUNGWALLET: [SpayBroadcastReceiver] mCurrentUiccId: 8991922305946154416, previousUiccId: 8991922305946154416
01-09 22:18:51.921 4039 4039 I TelephonyCallbackForPdnController<0>: notifySnapshotState: snapshotState=0 old=0
01-09 22:18:51.921 13492 13492 I SAMSUNGWALLET: [SpayBroadcastReceiver] mCurrentNetworkMcc: 404, previousNetworkMcc: 404
01-09 22:18:51.921 4039 4039 I VolteServiceModule: onServiceStateChanged({mVoiceRegState=0(IN_SERVICE), mDataRegState=0(IN_SERVICE), mChannelNumber=-1, duplexMode()=0, mCellBandwidths=[], mOperatorAlphaLong=airtel, mOperatorAlphaShort=airtel, isManualNetworkSelection=false(automatic), getRilVoiceRadioTechnology=14(LTE), getRilDataRadioTechnology=18(IWLAN), mCssIndicator=unsupported, mNetworkId=*1, mSystemId=*1, mCdmaRoamingIndicator=-1, mCdmaDefaultRoamingIndicator=-1, VoiceRegType=0, Snap=0, PsOnly=false, FemtocellInd=0, SprDisplayRoam=false, OptRadioTech=0, MsimSubmode=0, IsVoiceCallAvailable=true, mIsEmergencyOnly=false, isUsingCarrierAggregation=false, mArfcnRsrpBoost=0, mNetworkRegistrationInfos=[NetworkRegistrationInfo{ domain=PS transportType=WLAN registrationState=HOME networkRegistrationState=HOME roamingType=NOT_ROAMING accessNetworkTechnology=IWLAN rejectCause=0 emergencyEnabled=false availableServices=[DATA] cellIdentity=null voiceSpecificInfo=null dataSpecificInfo=null nrState=**** rRplmn= isUsingCarrierAggregation=false}, NetworkRegistrationInfo{ domain=CS transportType=WWAN registrationState=HOME networkRegistrationState=HOME roamingType=NOT_ROAMING accessNetworkTechnology=LTE rejectCause=0 emergencyEnabled=false availableServices=[VOICE,SMS,VIDEO] cellIdentity=CellIdentityLte:{ mCi=1******73 mPci=292 mTac=4**6 mEarfcn=3686 mBands=[8] mBandwidth=2147483647 mMcc=404 mMnc=92 mAlphaLong=AIRTEL mAlphaShort=airtel mAdditionalPlmns={} mCsgInfo=null} voiceSpecificInfo=VoiceSpecificRegistrationInfo { mCssSupported=false mRoamingIndicator=0 mSystemIsInPrl=0 mDefaultRoamingIndicator=0} dataSpecificInfo=null nrState=**** rRplmn=40492 isUsingCarrierAggregation=false}, NetworkRegistrationInfo{ domain=PS transportType=WWAN registrationState=NOT_REG_SEARCHING networkRegistrationState=NOT_REG_SEARCHING roamingType=NOT_ROAMING accessNetworkTechnology=UNKNOWN rejectCause=0 emergencyEnabled=false availableServices=[] cellIdentity=CellIdentityLte:{ mCi=1******73 mPci=0 mTac=4**6 mEarfcn=2147483647 mBands=[] mBandwidth=2147483647 mMcc=404 mMnc=92 mAlphaLong=AIRTEL mAlphaShort=airtel mAdditionalPlmns={} mCsgInfo=null} voiceSpecificInfo=null dataSpecificInfo=android.telephony.DataSpecificRegistrationInfo :{ maxDataCalls = 16 isDcNrRestricted = false isNrAvailable = false isEnDcAvailable = false mLteAttachResultType = 0 mLteAttachExtraInfo = 0 null } nrState=**** rRplmn=40492 isUsingCarrierAggregation=false}], mNrFrequencyRange=0, mOperatorAlphaLongRaw=airtel, mOperatorAlphaShortRaw=airtel, mIsDataRoamingFromRegistration=false, mIsIwlanPreferred=true})
01-09 22:18:51.921 4039 4039 I VolteServiceModule: mIsLteEpsOnlyAttached(1):false
01-09 22:18:51.921 3670 3670 D ShadeCarrierGroup: handleUpdateCarrierInfo [No service] isLatin=false
01-09 22:18:51.923 4039 4530 I RegiMgr-NetEvtCtr<0>: onNetworkEventChanged:Changed Event: Voice network(0=>13), CS_OoS(true=>false)
01-09 22:18:51.923 4039 4530 I VolteServiceModule: onNetworkChanged: NetworkEvent [network=18, voiceNetwork=13, voiceOverPs=NOT_SUPPORTED, outOfService=false, isDataRoaming=false, isVoiceRoaming=false, csOutOfService=false, isWifiConnected=true, isEpdgConnected=false, isEpdgAvailable=true, operatorNumeric=40492, isPsOnlyReg=false, isDataConnected=false]
01-09 22:18:51.923 3642 3654 I System.out: Broadcast completed: result=0
01-09 22:18:51.923 4039 4530 I SmsServiceModule: regInfo: null
01-09 22:18:51.923 4039 4530 I SmsServiceModule: disallow sms Service
01-09 22:18:51.923 4039 4530 I SmsServiceModule: Sms Service queryCapabilityStatus[0]: removeCapabilities CAPABILITY_TYPE_SMS
01-09 22:18:51.923 4039 4530 E CmcServiceHelper: disallow Call Service
01-09 22:18:51.923 4039 4530 E CmcServiceHelper: disallow Call Service
01-09 22:18:51.923 4039 4530 E CmcServiceHelper: disallow Call Service
01-09 22:18:51.923 4039 4658 I VolteServiceModule: tryDisconnect(0) delay 100
01-09 22:18:51.923 4039 4530 I UtServiceModule<0>: isUtEnabled with policy : CS enabled = false
01-09 22:18:51.924 4039 4530 I SecImsNotifier: slot[0]: updateCapabilities: capabilities=MmTel Capabilities - [Voice: false Video: false UT: false SMS: false CALL_COMPOSER: false]
01-09 22:18:51.924 4039 4530 I SecImsServiceConnector<0>: getMmTelFeatureImpl
01-09 22:18:51.924 4039 4530 E SecImsServiceConnector: connect to local SecImsService #1 attempt
01-09 22:18:51.924 4039 4530 I SecImsService: createMmTelFeatureForSubscription: slotId=0,subscriptionId=-1
01-09 22:18:51.924 4039 4530 I SecImsNotifier: slot[0]: updateRcsCapabilities: capabilities=Capabilities: 0
01-09 22:18:51.924 4039 4530 I SecImsServiceConnector<0>: getRcsFeatureImpl
01-09 22:18:51.924 4039 4530 E SecImsServiceConnector: connect to local SecImsService #1 attempt
01-09 22:18:51.924 4039 4530 I SecImsService: createRcsFeatureForSubscription: slotId=0,subscriptionId=-1
01-09 22:18:51.924 4039 4530 I RegiMgr-NetEvtCtr<0>: handleNetworkEventBeforeRegister: new network event=NetworkEvent [network=18, voiceNetwork=13, voiceOverPs=NOT_SUPPORTED, outOfService=false, isDataRoaming=false, isVoiceRoaming=false, csOutOfService=false, isWifiConnected=true, isEpdgConnected=false, isEpdgAvailable=true, operatorNumeric=40492, isPsOnlyReg=false, isDataConnected=false], old network event=NetworkEvent [network=18, voiceNetwork=0, voiceOverPs=NOT_SUPPORTED, outOfService=false, isDataRoaming=false, isVoiceRoaming=false, csOutOfService=true, isWifiConnected=true, isEpdgConnected=false, isEpdgAvailable=true, operatorNumeric=40492, isPsOnlyReg=false, isDataConnected=false]
01-09 22:18:51.924 4039 4530 I RegiMgr-NetEvtCtr<0>: handleNetworkEventBeforeRegister: new network event=NetworkEvent [network=18, voiceNetwork=13, voiceOverPs=NOT_SUPPORTED, outOfService=false, isDataRoaming=false, isVoiceRoaming=false, csOutOfService=false, isWifiConnected=true, isEpdgConnected=false, isEpdgAvailable=true, operatorNumeric=40492, isPsOnlyReg=false, isDataConnected=false], old network event=NetworkEvent [network=18, voiceNetwork=0, voiceOverPs=NOT_SUPPORTED, outOfService=false, isDataRoaming=false, isVoiceRoaming=false, csOutOfService=true, isWifiConnected=true, isEpdgConnected=false, isEpdgAvailable=true, operatorNumeric=40492, isPsOnlyReg=false, isDataConnected=false]
01-09 22:18:51.924 4039 4530 I SimManager<0>: getRilSimOperator: ETC
01-09 22:18:51.924 4039 4530 I SimManager<0>: hasIsim: [false]
01-09 22:18:51.924 4039 4530 I SimManager<0>: mSimState:LOADED, mIsimLoaded:false, hasIsim():false
01-09 22:18:51.924 4039 4530 I SimManager<0>: getRilSimOperator: ETC
01-09 22:18:51.924 4039 4530 I SimManager<0>: hasIsim: [false]
01-09 22:18:51.924 4039 4530 I RegiMgr-NetEvtCtr<0>: onNetworkEventChanged: tryRegister by phoneID
01-09 22:18:51.924 4039 4530 I RegiMgr<0>: tryRegister:
01-09 22:18:51.924 4039 4530 I RegiMgr<0>: RegisterTask(s): AIRTEL VoLTE (CONNECTING), AIRTEL India RCS (IDLE)
01-09 22:18:51.924 4039 4530 I RcsPolicyMgr<0>: pendingRcsRegister: mActiveDataPhoneId = 0
01-09 22:18:51.924 4039 4530 I RegisterTask: isSuspended: mSuspended(false) mSuspendByIrat(false)
01-09 22:18:51.924 4039 4530 I RegiMgr<0>: [AIRTEL VoLTE|CONNECTING] checkForTryRegister id: 736
01-09 22:18:51.924 4039 4530 I RegiMgr : isPdnConnected: false, PdnType: 11
01-09 22:18:51.925 4039 4530 I PdnController: getDefaultNetworkBearer: WIFI
01-09 22:18:51.925 4039 4530 I RegiMgr-Utils<0>: getAvailableMobileNetwork: network=18 mobileDataType=0 => rat=18
01-09 22:18:51.925 4039 4530 I PdnController<0>: isNetworkAvailable: isEpdgConnected=false getDataNetworkType()=18
01-09 22:18:51.925 4039 4530 I RegiMgr-Utils<0>: findBestNetwork: IWLAN
01-09 22:18:51.925 4039 4530 I RegiGvnBase<0>: isReadyToDualRegister: slot 1's call state: 0
01-09 22:18:51.925 4039 4530 I RegiGvnBase<0>: isReadyToDualRegister : true
01-09 22:18:51.927 4039 4530 I RegiMgr<0>: [AIRTEL VoLTE|CONNECTING] checkInitialRegistrationIsReady: APM ON [false], Roamimg [false]
01-09 22:18:51.927 4039 4530 I RcsPolicyMgr<0>: pendingRcsRegister: mActiveDataPhoneId = 0
01-09 22:18:51.927 4039 4530 I ImsProfile: isRttSupportByCallApp : false ttyType : 1
01-09 22:18:51.927 4039 4530 I RegiMgr-Utils<0>: getPriorityRegiedTask : isPriority High? true
01-09 22:18:51.927 4039 4530 I RegiGvnBase: checkRegiStatus: getState()=CONNECTING mIsUpdateRegistering=false
01-09 22:18:51.927 4039 4530 I RegiMgr<0>: getTelephonyCallStatus:
01-09 22:18:51.928 4039 4530 I RcsPolicyMgr<0>: pendingRcsRegister: mActiveDataPhoneId = 0
01-09 22:18:51.928 4039 4530 I RcsUtils: isDualRcsReg: true
01-09 22:18:51.928 4039 4530 I RegisterTask: isSuspended: mSuspended(false) mSuspendByIrat(false)
01-09 22:18:51.928 4039 4530 I RegiMgr<0>: [AIRTEL India RCS|IDLE] checkForTryRegister id: 738
01-09 22:18:51.928 4039 4530 I RegiMgr : isPdnConnected: false, PdnType: 0
01-09 22:18:51.928 4039 4530 I PdnController: getDefaultNetworkBearer: WIFI
01-09 22:18:51.928 4039 4530 I RegiMgr-Utils<0>: findBestNetwork: WIFI needWifiNetwork = true
01-09 22:18:51.929 4039 4530 I RegiGvnBase<0>: isReadyToDualRegister: slot 1's call state: 0
01-09 22:18:51.929 4039 4530 I RegiGvnBase<0>: isReadyToDualRegister : true
01-09 22:18:51.930 4039 4530 I RegiMgr<0>: [AIRTEL India RCS|IDLE] checkInitialRegistrationIsReady: APM ON [false], Roamimg [false]
01-09 22:18:51.930 4039 4530 I RcsPolicyMgr<0>: pendingRcsRegister: mActiveDataPhoneId = 0
01-09 22:18:51.930 4039 4530 I RcsUtils: isDualRcsReg: true
01-09 22:18:51.930 4039 4530 I ImsProfile: isRttSupportByCallApp : false ttyType : 1
01-09 22:18:51.930 4039 4530 I RegiMgr-Utils<0>: getPriorityRegiedTask : isPriority High? true
01-09 22:18:51.930 3670 3670 W View : requestLayout() improperly called by android.widget.FrameLayout{3ec886a V.E...... ......ID 0,138-1080,2205 #7f0a084c app:id/qs_frame} during layout: running second layout pass
01-09 22:18:51.930 4039 4530 I RegiGvnBase: checkRegiStatus: getState()=IDLE mIsUpdateRegistering=false
01-09 22:18:51.930 4039 4530 I RegiMgr<0>: getTelephonyCallStatus:
01-09 22:18:51.930 4039 4530 I ConfigProvider: query uri:xxxxx
01-09 22:18:51.931 10182 12054 I [ND]SurveyMeasurementWorker: androidx.work-3 | onComplete, disposed=true
01-09 22:18:51.932 10182 12054 I [ND]SurveyMeasurementWorker: androidx.work-3 | internal receiver is unregistered
01-09 22:18:51.932 10182 12054 I [ND]SurveyMeasurementWorker: androidx.work-3 | End Work: Success {mOutputData=Data {}}
01-09 22:18:51.933 2400 3384 E AppOps : attributionTag VCN not declared in manifest of android
01-09 22:18:51.933 7294 7294 I Finsky : [2] pcg.onSubscriptionsChanged(6): onSubscriptionsChanged
01-09 22:18:51.934 2400 3384 E AppOps : attributionTag VCN not declared in manifest of android
01-09 22:18:51.934 10182 10217 I WM-WorkerWrapper: Worker result SUCCESS for Work [ id=76633182-45f9-4522-905c-169c220cf691, tags={ com.samsung.android.networkdiagnostic.core.background.cp.SurveyMeasurementWorker, LimitedAndStorageNotLow } ]
01-09 22:18:51.934 2400 3384 E AppOps : attributionTag VCN not declared in manifest of android
01-09 22:18:51.934 9668 9668 D CellBroadcastReceiver: update supported roaming operator as
01-09 22:18:51.934 2400 3384 E AppOps : attributionTag VCN not declared in manifest of android
01-09 22:18:51.935 2400 2400 I AS.AudioService: onSubscriptionsChanged()
01-09 22:18:51.935 2400 2400 I NSLocationMonitor: onSubscriptionsChanged
01-09 22:18:51.935 2400 2400 W NSLocationMonitor: SubId[3] for sim[0] was not changed
01-09 22:18:51.935 2400 2400 W NSLocationMonitor: SubId[-1] for sim[1] was not changed
01-09 22:18:51.937 3670 3670 D MultiSIMController: onSubscriptionsChanged:
01-09 22:18:51.937 3670 3670 D MultiSIMController: MESSAGE_UPDATE_SUBSCRIPTION_INFO
01-09 22:18:51.939 4020 5450 I HeadsetPhoneState: onSubscriptionsChanged(), simState=5
01-09 22:18:51.939 5050 5205 D OsAgentAidlClient: [string_dataitem_update][1789] [HC] =>> [HS]
01-09 22:18:51.940 1388 1404 E QC-time-services: Daemon: Time-services: Waiting to acceptconnection
01-09 22:18:51.940 2040 12052 E QC-time-services: Receive Passed == base = 13, unit = 1, operation = 0, result = 0
01-09 22:18:51.940 2400 3388 D GnssNetworkConnectivityHandler: Active Sub List size: 1
01-09 22:18:51.941 2400 12559 D PerProcessNandswap$NandswapHandler: nandswap end for non-activity com.samsung.android.networkdiagnostic(pid 10182) ret:-16 adj:250
01-09 22:18:51.941 4039 4530 I ConfigProvider: queryStorage path content://com.samsung.rcs.autoconfigurationprovider/parameter/version#simslot0
01-09 22:18:51.942 3642 3642 D NotificationMgr: updateNetworkSelection, Use Samsung codes instead of AOSP codes
01-09 22:18:51.942 3642 3642 I Telephony: TelecomAccountRegistry$TelecomAccountTelephonyCallback: onServiceStateChanged: newState=0, mServiceState=1
01-09 22:18:51.942 3642 3642 I Telephony: PstnIncomingCallNotifier: Unregistering: [0]
01-09 22:18:51.942 3642 3642 I Telephony: SamsungSuppServiceNotifier: unregisterForNotifications: 0
01-09 22:18:51.942 3642 3642 D Telephony: PstnPhoneCapabilitiesNotifier: Unregistering: Handler (com.android.internal.telephony.SemGsmCdmaPhone) {54a3a91}
01-09 22:18:51.942 3642 3642 I ImsCallbackAM [0]: Local callback removed: android.telephony.ims.ImsMmTelManager$CapabilityCallback$CapabilityBinder@4016f0
01-09 22:18:51.942 7169 7201 I ORC/MultiSimManager: updateSimCount() = 1
01-09 22:18:51.942 7169 7201 I ORC/MultiSimManager: updateMultiSimState() Before : sIsSim1Active = true, sIsSim2Active = false
01-09 22:18:51.942 3642 3642 I Telephony: TelecomAccountRegistry: setupAccounts: Found 2 phones. Attempting to register.
01-09 22:18:51.942 3642 3642 I Telephony: SamsungPstnPhoneAccountRegistry: phoneAccountsHaveBeenUpdated
01-09 22:18:51.942 3642 3642 I Telephony: TelecomAccountRegistry: setupAccounts: Phone with phone Id 0, subscription id 3
01-09 22:18:51.943 1496 19327 D AGM: graph: graph_open: 575 entry
01-09 22:18:51.943 1496 19327 D AGM: metadata: metadata_print: 79 *************************Metadata*************************
01-09 22:18:51.943 1496 19327 D AGM: metadata: metadata_print: 80 GKV size:4
01-09 22:18:51.943 1496 19327 D AGM: metadata: metadata_print: 83 key:0xa1000000, value:0xa1000001
01-09 22:18:51.943 1496 19327 D AGM: metadata: metadata_print: 83 key:0xab000000, value:0x1
01-09 22:18:51.943 1496 19327 D AGM: metadata: metadata_print: 83 key:0xa2000000, value:0xa2000001
01-09 22:18:51.943 1496 19327 D AGM: metadata: metadata_print: 83 key:0xac000000, value:0xac000002
01-09 22:18:51.943 1496 19327 D AGM: metadata: metadata_print: 87
01-09 22:18:51.943 1496 19327 D AGM: metadata: CKV count:2
01-09 22:18:51.943 1496 19327 D AGM: metadata: metadata_print: 90 key:0xa4000000, value:0xf
01-09 22:18:51.943 1496 19327 D AGM: metadata: metadata_print: 90 key:0xd2000000, value:0x0
01-09 22:18:51.943 1496 19327 D AGM: metadata: metadata_print: 92
01-09 22:18:51.943 1496 19327 D AGM: metadata: metadata_print: 94 Property ID:134217744
01-09 22:18:51.943 1496 19327 D AGM: metadata: metadata_print: 95 property count:4
01-09 22:18:51.943 1496 19327 D AGM: metadata: metadata_print: 98 Property Values:
01-09 22:18:51.943 1496 19327 D AGM: metadata: metadata_print: 100 0x1
01-09 22:18:51.943 1496 19327 D AGM: metadata: metadata_print: 100 0x3
01-09 22:18:51.943 1496 19327 D AGM: metadata: metadata_print: 100 0x2
01-09 22:18:51.943 1496 19327 D AGM: metadata: metadata_print: 100 0x5
01-09 22:18:51.943 1496 19327 D AGM: metadata: metadata_print: 102
01-09 22:18:51.943 1496 19327 D AGM: metadata: metadata_print: 103 ****************Metadata Done***************************
01-09 22:18:51.943 1496 19327 D AGM: metadata:
01-09 22:18:51.943 1496 19327 I AGM: graph: print_graph_alias: 2362 GKV Alias 26 | StreamRX_PCM_Deep_Buffer_DeviceRX_Speaker_Instance_Instance_1_DevicePP_Rx_Audio_MBDRC
01-09 22:18:51.943 1496 19327 D AGM: graph: graph_open: 655 miid 4001 mid 7001000 tag c0000002
01-09 22:18:51.943 1496 19327 D AGM: graph: graph_open: 703 miid 43b1 mid 700100e tag c0000004
01-09 22:18:51.943 1496 19327 D AGM: graph: graph_open: 655 miid 4019 mid 7001019 tag c0000006
01-09 22:18:51.943 1496 19327 D AGM: graph: graph_open: 655 miid 4003 mid 7001005 tag c000000e
01-09 22:18:51.943 1496 19327 D AGM: graph: graph_open: 655 miid 4004 mid 7001003 tag c0000010
01-09 22:18:51.943 1496 19327 D AGM: graph: graph_open: 655 miid 4163 mid 7001032 tag c0000013
01-09 22:18:51.943 1496 19327 I GPR: : vendor/qcom/proprietary/args/gpr/core/src/gpr_drv.c:__gpr_cmd_register_v2:931 GPR Register: Source Port is 8208 heap_index: 0
01-09 22:18:51.944 3642 3642 D Telephony: SamsungCarrierRepositoryImpl: getSimOperator, phoneId=0, simOperator=40492
01-09 22:18:51.944 3642 3642 D Telephony: SamsungCarrierRepositoryImpl: getSimOperator, phoneId=0, simOperator=40492
01-09 22:18:51.944 4039 4530 I RegiGvnRcs: isReadyToRegister: User don't try RCS service yet
01-09 22:18:51.944 4039 4530 I RegiMgr<0>: [AIRTEL India RCS|IDLE] checkForTryRegister: isReadyToRegister = false
01-09 22:18:51.944 4039 4530 I GeolocationCon: handleMessage : what = SERVICE_STATE_CHANGED
01-09 22:18:51.944 4039 4530 I GeolocationCon: matchTimingReqLocation ,match=2, timing=4
01-09 22:18:51.944 4039 4530 I GeolocationCon: matchTimingReqLocation ,match=0, timing=4
01-09 22:18:51.944 4039 4530 I GeolocationCon: matchTimingReqLocation ,match=0, timing=4
01-09 22:18:51.945 4039 4530 I GeolocationCon: profile is null
01-09 22:18:51.945 4039 4530 I GeolocationCon<0>: onNetworkCountryIsoChanged: mCountryIso = in, iso = in
01-09 22:18:51.945 4039 4530 I RegiMgr-Handler: handleMessage: EVENT_DO_PENDING_UPDATE_REGISTRATION
01-09 22:18:51.947 3642 3642 D Telephony: TelecomAccountRegistry$AccountEntry: isEmergencyPreferredAccount: subId=3, activeData=3
01-09 22:18:51.947 3642 3642 D Telephony: TelecomAccountRegistry$AccountEntry: isEmergencyPreferredAccount: Device does not require preference.
01-09 22:18:51.948 3642 3642 I Telephony: TelecomAccountRegistry$AccountEntry: isRttCurrentlySupported -- regular acct,, hasVoiceAvailability: false, isRttSupported: false, alwaysAllowWhileRoaming: false, isRoaming: false, isOnWfc: false
01-09 22:18:51.948 3642 3642 D SecImsManager: isVtEnabledByPlatformForSlot
01-09 22:18:51.948 3642 3642 D SecImsManager: getFeatureValue
01-09 22:18:51.948 4039 5756 I MmTelFeatureImpl<0>: queryCapabilityConfiguration
01-09 22:18:51.948 4039 5756 I ImsServiceStub<0>: isServiceAvailable: mmtel-video, rat: 13, profileFind:true, Enabled:true
01-09 22:18:51.948 3642 4595 D SecImsManager: onQueryCapabilityConfiguration : true
01-09 22:18:51.948 3642 3642 D SecImsManager: getFeatureValue(2, 0) : true
01-09 22:18:51.949 1496 19327 E ACDB : vendor/qcom/proprietary/args/acdb/src/acdb_command.c:AcdbCmdGetProcSubgraphCalDataPersist:8247 Error[19]: No calibration found
01-09 22:18:51.949 1496 19327 E ACDB : vendor/qcom/proprietary/args/acdb/src/acdb_command.c:AcdbCmdGetProcSubgraphCalDataPersist:8247 Error[19]: No calibration found
01-09 22:18:51.949 1496 19327 E ACDB : vendor/qcom/proprietary/args/acdb/src/acdb_command.c:AcdbCmdGetProcSubgraphCalDataPersist:8247 Error[19]: No calibration found
01-09 22:18:51.949 1496 19327 E ACDB : vendor/qcom/proprietary/args/acdb/src/acdb_command.c:AcdbCmdGetProcSubgraphCalDataPersist:8247 Error[19]: No calibration found
01-09 22:18:51.949 1496 19327 D AGM: graph: graph_open: 735 graph_handle 0x47534c
01-09 22:18:51.949 1496 19327 D AGM: graph: graph_open: 771 exit, ret 0
01-09 22:18:51.949 1496 19327 D agm_client_wrapper: agm_session_open Received handle = 0x76fcf51bf0 , *handle = b40000796fc1f450
01-09 22:18:51.949 1496 19327 D PLUGIN: pcm: agm_pcm_hw_params: 491 agm_pcm_hw_params: mode: 0
01-09 22:18:51.949 1496 19327 I PAL: PayloadBuilder: payloadMFCConfig: 822: sample_rate:48000 bit_width:24 num_channels:2 Miid:16566
01-09 22:18:51.949 1496 19327 I PAL: Session: updateCustomPayload: 613: customPayloadSize = 32
01-09 22:18:51.949 1496 19327 D AGM: graph: graph_set_config: 1137 entry graph_handle 0x47534c
01-09 22:18:51.949 3642 3642 D Telephony: SamsungMultiSimRepositoryImpl: isSoftSimEnable : softsimStatus=
01-09 22:18:51.949 3642 3642 I Telephony: SamsungPstnPhoneAccountRegistry: buildPstnPhoneAccount, simSlotIndex: 0, phoneId: 0, subId: 3, isEmergency: false, phoneAccountHandle: 3, isSimCardStatusOn: true, hasVirtualSim: false
01-09 22:18:51.949 3642 3642 I Telephony: SamsungPstnPhoneAccountRegistry: getResourceId, phoneId: 0, resourceIndex: 0
01-09 22:18:51.949 3642 3642 I Telephony: SamsungMultiSimRepositoryImpl: isEsimEnabled for 0 false
01-09 22:18:51.949 3642 3642 I Telephony: TelecomAccountRegistry$AccountEntry: registerPstnPhoneAccount: Registering account=[[ ] PhoneAccount: ComponentInfo{com.android.phone/com.android.services.telephony.TelephonyConnectionService}, 3, UserHandle{0} Capabilities: SuppVideo CallProvider MultiUser PlaceEmerg SimSub AdhocConf Audio Routes: BESW Schemes: tel voicemail Extras: Bundle[{com.samsung.telecom.extra.SUPPORT_VRBT=true, android.telecom.extra.SUPPORTS_VIDEO_CALLING_FALLBACK=true, com.samsung.telecom.extra.SUBSCRIPTION_ID=3, com.samsung.telecom.extra.CAN_COEXIST_ACCOUNT=true, com.samsung.telecom.extra.PHONE_ID=0, android.telecom.extra.SORT_ORDER=0, com.samsung.telecom.extra.NO_CHECK_IF_VIDEO_CAPABLE=true}] GroupId: ***] with Telecom. subId=3
01-09 22:18:51.949 1496 19327 D AGM: graph: graph_set_config: 1145 exit, graph handle 0x47534c, ret 0
01-09 22:18:51.949 1496 19327 I PAL: Session: updateCustomPayload: 613: customPayloadSize = 40
01-09 22:18:51.949 1496 19327 D AGM: graph: graph_set_config: 1137 entry graph_handle 0x47534c
01-09 22:18:51.950 2400 5682 I Telecom : : registerPhoneAccount: account=[[ ] PhoneAccount: ComponentInfo{com.android.phone/com.android.services.telephony.TelephonyConnectionService}, 3, UserHandle{0} Capabilities: SuppVideo CallProvider MultiUser PlaceEmerg SimSub AdhocConf Audio Routes: BESW Schemes: tel voicemail Extras: Bundle[{com.samsung.telecom.extra.SUPPORT_VRBT=true, android.telecom.extra.SUPPORTS_VIDEO_CALLING_FALLBACK=true, com.samsung.telecom.extra.SUBSCRIPTION_ID=3, com.samsung.telecom.extra.CAN_COEXIST_ACCOUNT=true, com.samsung.telecom.extra.PHONE_ID=0, android.telecom.extra.SORT_ORDER=0, com.samsung.telecom.extra.NO_CHECK_IF_VIDEO_CAPABLE=true}] GroupId: ***]: TSI.rPA(cap)@BPY
01-09 22:18:51.950 2400 5682 I Telecom : PhoneAccountRegistrar: Modify account: [ComponentInfo{com.android.phone/com.android.services.telephony.TelephonyConnectionService}, 3, UserHandle{0}]: TSI.rPA(cap)@BPY
01-09 22:18:51.950 2400 5682 I Telecom:SamsungPhoneAccountListener: onAccountsChanged - allPhoneAccountsOfCurrentUser : [[[X] PhoneAccount: ComponentInfo{com.android.phone/com.android.services.telephony.TelephonyConnectionService}, 3, UserHandle{0} Capabilities: SuppVideo CallProvider MultiUser PlaceEmerg SimSub AdhocConf Audio Routes: BESW Schemes: tel voicemail Extras: Bundle[{com.samsung.telecom.extra.SUPPORT_VRBT=true, android.telecom.extra.SUPPORTS_VIDEO_CALLING_FALLBACK=true, com.samsung.telecom.extra.SUBSCRIPTION_ID=3, com.samsung.telecom.extra.CAN_COEXIST_ACCOUNT=true, com.samsung.telecom.extra.PHONE_ID=0, android.telecom.extra.SORT_ORDER=0, com.samsung.telecom.extra.NO_CHECK_IF_VIDEO_CAPABLE=true}] GroupId: ***], [[X] PhoneAccount: ComponentInfo{com.google.android.gm/com.google.android.gm}, ***, UserHandle{0} Capabilities: SelfManaged SuppVideo Video TransactOps Audio Routes: BESW Schemes: tel Extras: Bundle[{isCoreTelecomAccount=true}] GroupId: ***], [[X] PhoneAccount: ComponentInfo{com.google.android.apps.tachyon/com.google.android.apps.tachyon}, ***, UserHandle{0} Capabilities: SelfManaged SuppVideo Video TransactOps Audio Routes: BESW Schemes: tel Extras: Bundle[{isCoreTelecomAccount=true}] GroupId: ***], [[X] PhoneAccount: ComponentInfo{com.whatsapp/com.whatsapp.calling.telecom.SelfManagedConnectionService}, ***, UserHandle{0} Capabilities: SelfManaged SuppVideo Video Audio Routes: BESW Schemes: tel Extras: Bundle[{android.telecom.extra.LOG_SELF_MANAGED_CALLS=false}] GroupId: ***], [[X] PhoneAccount: ComponentInfo{com.twitter.android/com.twitter.calling.xcall.XCallConnectionService}, ***, UserHandle{0} Capabilities: SelfManaged SuppVideo Video CallSubject Audio Routes: BESW Schemes: sip Extras: null GroupId: ***]]
01-09 22:18:51.950 2400 5682 I Telecom:SamsungPhoneAccountListener: onAccountsChanged : [[X] PhoneAccount: ComponentInfo{com.android.phone/com.android.services.telephony.TelephonyConnectionService}, 3, UserHandle{0} Capabilities: SuppVideo CallProvider MultiUser PlaceEmerg SimSub AdhocConf Audio Routes: BESW Schemes: tel voicemail Extras: Bundle[{com.samsung.telecom.extra.SUPPORT_VRBT=true, android.telecom.extra.SUPPORTS_VIDEO_CALLING_FALLBACK=true, com.samsung.telecom.extra.SUBSCRIPTION_ID=3, com.samsung.telecom.extra.CAN_COEXIST_ACCOUNT=true, com.samsung.telecom.extra.PHONE_ID=0, android.telecom.extra.SORT_ORDER=0, com.samsung.telecom.extra.NO_CHECK_IF_VIDEO_CAPABLE=true}] GroupId: ***]
01-09 22:18:51.950 2400 5682 I Telecom:SamsungPhoneAccountListener: onAccountsChanged : [[X] PhoneAccount: ComponentInfo{com.google.android.gm/com.google.android.gm}, ***, UserHandle{0} Capabilities: SelfManaged SuppVideo Video TransactOps Audio Routes: BESW Schemes: tel Extras: Bundle[{isCoreTelecomAccount=true}] GroupId: ***]
01-09 22:18:51.950 2400 5682 I Telecom:SamsungPhoneAccountListener: onAccountsChanged : [[X] PhoneAccount: ComponentInfo{com.google.android.apps.tachyon/com.google.android.apps.tachyon}, ***, UserHandle{0} Capabilities: SelfManaged SuppVideo Video TransactOps Audio Routes: BESW Schemes: tel Extras: Bundle[{isCoreTelecomAccount=true}] GroupId: ***]
01-09 22:18:51.950 2400 5682 I Telecom:SamsungPhoneAccountListener: onAccountsChanged : [[X] PhoneAccount: ComponentInfo{com.whatsapp/com.whatsapp.calling.telecom.SelfManagedConnectionService}, ***, UserHandle{0} Capabilities: SelfManaged SuppVideo Video Audio Routes: BESW Schemes: tel Extras: Bundle[{android.telecom.extra.LOG_SELF_MANAGED_CALLS=false}] GroupId: ***]
01-09 22:18:51.950 2400 5682 I Telecom:SamsungPhoneAccountListener: onAccountsChanged : [[X] PhoneAccount: ComponentInfo{com.twitter.android/com.twitter.calling.xcall.XCallConnectionService}, ***, UserHandle{0} Capabilities: SelfManaged SuppVideo Video CallSubject Audio Routes: BESW Schemes: sip Extras: null GroupId: ***]
01-09 22:18:51.950 2400 5682 I Telecom:SamsungPhoneAccountRegistrarBroadcaster: AccountsChanged : false / UserHandle{0} / ComponentInfo{com.android.phone/com.android.services.telephony.TelephonyConnectionService}, 3, UserHandle{0} -> ComponentInfo{com.android.phone/com.android.services.telephony.TelephonyConnectionService}, 3, UserHandle{0}
01-09 22:18:51.950 2400 5682 I Telecom:SamsungPhoneAccountListener: onPhoneAccountChanged - PhoneAccount : [[X] PhoneAccount: ComponentInfo{com.android.phone/com.android.services.telephony.TelephonyConnectionService}, 3, UserHandle{0} Capabilities: SuppVideo CallProvider MultiUser PlaceEmerg SimSub AdhocConf Audio Routes: BESW Schemes: tel voicemail Extras: Bundle[{com.samsung.telecom.extra.SUPPORT_VRBT=true, android.telecom.extra.SUPPORTS_VIDEO_CALLING_FALLBACK=true, com.samsung.telecom.extra.SUBSCRIPTION_ID=3, com.samsung.telecom.extra.CAN_COEXIST_ACCOUNT=true, com.samsung.telecom.extra.PHONE_ID=0, android.telecom.extra.SORT_ORDER=0, com.samsung.telecom.extra.NO_CHECK_IF_VIDEO_CAPABLE=true}] GroupId: ***]
01-09 22:18:51.950 2400 5682 I Telecom : CallsManager: handlePhoneAccountChanged: phoneAccount=[[X] PhoneAccount: ComponentInfo{com.android.phone/com.android.services.telephony.TelephonyConnectionService}, 3, UserHandle{0} Capabilities: SuppVideo CallProvider MultiUser PlaceEmerg SimSub AdhocConf Audio Routes: BESW Schemes: tel voicemail Extras: Bundle[{com.samsung.telecom.extra.SUPPORT_VRBT=true, android.telecom.extra.SUPPORTS_VIDEO_CALLING_FALLBACK=true, com.samsung.telecom.extra.SUBSCRIPTION_ID=3, com.samsung.telecom.extra.CAN_COEXIST_ACCOUNT=true, com.samsung.telecom.extra.PHONE_ID=0, android.telecom.extra.SORT_ORDER=0, com.samsung.telecom.extra.NO_CHECK_IF_VIDEO_CAPABLE=true}] GroupId: ***]: TSI.rPA(cap)@BPY
01-09 22:18:51.950 2400 3388 D GnssLocationProvider_ex: SV Count : 2 / 8 (PRN, Constellation, SNR, Used)
01-09 22:18:51.950 2400 3388 D GnssLocationProvider_ex: (24, GPS, 18.9, 0) (25, GPS, 19.1, 0) (39, BEIDOU, 20.4, 0) (16, BEIDOU, 21.1, 0) (9, BEIDOU, 31.1, 1) (4, GALILEO, 21.5, 1)
01-09 22:18:51.950 2400 3388 D GnssLocationProvider_ex: (9, GALILEO, 21.7, 0) (26, BEIDOU, 19.0, 0)
01-09 22:18:51.950 3642 3642 I PhoneUtils: getSubIdForPhoneAccountHandle: ComponentInfo{com.android.phone/com.android.services.telephony.TelephonyConnectionService}, 3, UserHandle{0}
01-09 22:18:51.950 3642 3642 I PhoneUtils: getPhoneFromSubId, subId: 3
01-09 22:18:51.950 3642 3642 I PhoneUtils: getPhoneFromSubId, phoneSubId: 3
01-09 22:18:51.951 1496 19327 D AGM: graph: graph_set_config: 1145 exit, graph handle 0x47534c, ret 0
01-09 22:18:51.951 4893 5021 I GnssEngineManager_FLP: updateSatelliteStatus, top4=23, top6=22, visibleSv=8, usedSv=2, usedL5Sv=0 (usedGps=0, usedGlo=0, usedBds=1, usedGal=1)
01-09 22:18:51.952 1496 19327 E ACDB : vendor/qcom/proprietary/args/acdb/src/acdb_command.c:AcdbCmdGetProcSubgraphCalDataPersist:8247 Error[19]: No calibration found
01-09 22:18:51.952 2400 5682 I Telecom : PhoneAccountRegistrar: getSimCallManager: SimCallManager for subId 3 queried, returning: null: TSI.rPA(cap)@BPY
01-09 22:18:51.952 1496 19327 E ACDB : vendor/qcom/proprietary/args/acdb/src/acdb_command.c:AcdbCmdGetProcSubgraphCalDataPersist:8247 Error[19]: No calibration found
01-09 22:18:51.952 1496 19327 E ACDB : vendor/qcom/proprietary/args/acdb/src/acdb_command.c:AcdbCmdGetProcSubgraphCalDataPersist:8247 Error[19]: No calibration found
01-09 22:18:51.952 1496 19327 E ACDB : vendor/qcom/proprietary/args/acdb/src/acdb_command.c:AcdbCmdGetProcSubgraphCalDataPersist:8247 Error[19]: No calibration found
01-09 22:18:51.952 2400 5682 I Telecom : PhoneAccountRegistrar: Notifying telephony of voice service override change for 1 SIMs, hasService = false: TSI.rPA(cap)@BPY
01-09 22:18:51.952 1496 19327 D AGM: graph: graph_prepare: 833 entry graph_handle 0x47534c
01-09 22:18:51.952 1496 19327 D AGM: graph_module: configure_pcm_shared_mem_ep: 1704 entry mod tag c0000002 miid 4001 mid 7001000
01-09 22:18:51.952 3642 3642 I PhoneInterfaceManager: setVoiceServiceStateOverride: subId=3, phone=Handler (com.android.internal.telephony.SemGsmCdmaPhone) {54a3a91}, hasService=false, callingPackage=com.android.server.telecom
01-09 22:18:51.953 1496 19327 D AGM: graph_module: configure_pcm_shared_mem_ep: 1780 exit, ret 0
01-09 22:18:51.953 1496 19327 D AGM: graph_module: configure_hw_ep_media_config: 640 entry mod tag c0000004 miid 43b1 mid 700100e
01-09 22:18:51.953 1496 19327 D AGM: graph_module: configure_hw_ep_media_config: 670 rate 48000 bw 24 ch 2, data_fmt 1
01-09 22:18:51.953 4039 4039 I SimManagerFactory: onSubscriptionsChanged: subInfo=[SubscriptionInfo: id=3 iccId=899192230[****] simSlotIndex=0 portIndex=0 isEmbedded=false carrierId=1961 displayName=airtel carrierName=airtel isOpportunistic=false groupUuid=null groupOwner= isGroupDisabled=false displayNameSource=SIM_SPN iconTint=-9033797 number=[****] dataRoaming=0 mcc=404 mnc=92 ehplmns=[] hplmns=[40492] cardString=899192230[****] cardId=3 nativeAccessRules=null carrierConfigAccessRules=[cert: 7170F9C35AC5966C1687372089AF55713DACC17635BAD248370DA67DDF8472B6 pkg: null access: 0, cert: FB9FD5425AB63FA933CF8125B2F3EFC0DF11F0DE0C9C01EF2F2B71A3EBD135A3 pkg: null access: 0] countryIso=in profileClass=-1 mType=LOCAL_SIM areUiccApplicationsEnabled=true usageSetting=DEFAULT]
01-09 22:18:51.953 4039 4039 I SimManagerFactory: Do not notify: SubId is not changed.
01-09 22:18:51.953 4039 4039 I SimManagerFactory: updateAdsSlot: subId:3 phoneId:0 curActiveDataPhone:0
01-09 22:18:51.953 3642 3642 I Telephony: SamsungPstnPhoneAccountRegistry: isTelecomServiceConnected : true
01-09 22:18:51.953 3642 3642 I Telephony: TelecomAccountRegistry$AccountEntry: Registered phoneAccount: [[ ] PhoneAccount: ComponentInfo{com.android.phone/com.android.services.telephony.TelephonyConnectionService}, 3, UserHandle{0} Capabilities: SuppVideo CallProvider MultiUser PlaceEmerg SimSub AdhocConf Audio Routes: BESW Schemes: tel voicemail Extras: Bundle[{com.samsung.telecom.extra.SUPPORT_VRBT=true, android.telecom.extra.SUPPORTS_VIDEO_CALLING_FALLBACK=true, com.samsung.telecom.extra.SUBSCRIPTION_ID=3, com.samsung.telecom.extra.CAN_COEXIST_ACCOUNT=true, com.samsung.telecom.extra.PHONE_ID=0, android.telecom.extra.SORT_ORDER=0, com.samsung.telecom.extra.NO_CHECK_IF_VIDEO_CAPABLE=true}] GroupId: ***] with handle: ComponentInfo{com.android.phone/com.android.services.telephony.TelephonyConnectionService}, 3, UserHandle{0}
01-09 22:18:51.953 3642 3642 I Telephony: PstnIncomingCallNotifier: Registering: [0]
01-09 22:18:51.953 3642 3642 I Telephony: SamsungSuppServiceNotifier: registerForNotification: 0
01-09 22:18:51.953 3642 3642 D Telephony: PstnPhoneCapabilitiesNotifier: Registering: Handler (com.android.internal.telephony.SemGsmCdmaPhone) {54a3a91}
01-09 22:18:51.953 8721 12048 I SamsungTTS: [Synthesize] generation done. [188345403][DOWNLOAD_CP_FD][AE:482407011][V:312460000][24000hz][70560b/1.47s][F:34ms][E:96ms][0.07xRT]
01-09 22:18:51.954 3642 3642 I ImsCallbackAM [0]: Local callback added: android.telephony.ims.ImsMmTelManager$CapabilityCallback$CapabilityBinder@dda58b8
01-09 22:18:51.954 3642 3642 I Telephony: TelecomAccountRegistry: setupAccounts: Phone with phone Id -1, subscription id -1
01-09 22:18:51.954 3642 3642 D Telephony: TelecomAccountRegistry: setupAccounts: skipping invalid subid -1
01-09 22:18:51.954 7169 7201 I ORC/MultiSimManager: isSimActive() : simSlot = 0, simActive = true
01-09 22:18:51.954 2400 3796 I Telecom:SamsungTelecomServiceImpl: getAllPhoneAccountHandles - callingPid : 3642 / processName : sts / callingUser : UserHandle{0} / hasCrossUserAccess : true
01-09 22:18:51.954 3642 3642 D Telephony: SamsungTelephonyUIProxy: updateNetworkSelection subid : 3
01-09 22:18:51.954 3642 3642 D Telephony: SamsungTuiAsyncSendExtras: SamsungTuiAsyncSendExtras[onPreExecute] method: update_network_selection
01-09 22:18:51.954 3642 3642 D NotificationMgr: updateNetworkSelection, Use Samsung codes instead of AOSP codes
01-09 22:18:51.954 1496 19327 D AGM: graph_module: configure_hw_ep_media_config: 680 exit, ret 0
01-09 22:18:51.955 3642 11849 D Telephony: SamsungTuiAsyncSendExtras: SamsungTuiAsyncSendExtras[doInBackground] method: update_network_selection
01-09 22:18:51.955 7169 7201 I ORC/MultiSimManager: isSimActive() : simSlot = 1, simActive = false
01-09 22:18:51.955 7169 7201 I ORC/MultiSimManager: updateMultiSimState() sIsSim1ActiveWhenNotCalling = true, sIsSim2ActiveWhenNotCalling = false
01-09 22:18:51.955 7169 7201 I ORC/MultiSimManager: updateMultiSimState() not in call sIsSim1Active and sIsSim2Active set TRUE
01-09 22:18:51.955 7169 7201 I ORC/MultiSimManager: updateMultiSimState() After : sIsSim1Active = true, sIsSim2Active = false
01-09 22:18:51.955 7169 7201 I ORC/MultiSimManager: updateSimState() : sSimSlotCount = 2
01-09 22:18:51.955 7169 7169 I ORC/MultiSimManager: onSubscriptionsChanged
