01-09 22:18:48.017 3797 4669 I EPDG -- SIM0 [EpdgImsManagerHelper]: Find isAllowedOnRoaming value on IMS Profile : true
01-09 22:18:48.017 3642 3642 D Telephony: SamsungTuiAsyncSendExtras: SamsungTuiAsyncSendExtras[onPostExecute] method: data_state_changed
01-09 22:18:48.017 3797 4669 I EPDG -- SIM0 [SMARTCELLULAR]: LTE Available: true
01-09 22:18:48.017 3797 4669 I EPDG -- SIM0 [EpdgSubScription]: volteSetting(true) for VOICECALL_TYPE_KEY: voicecall_type
01-09 22:18:48.017 3797 4669 I EPDG -- SIM0 [NetController]: onNetworkStatusChanged: voiceNetType: 13 mActiveVoiceRat: 13
01-09 22:18:48.017 3797 4669 I EPDG -- SIM0 [NetController]: onNetworkStatusChanged : mCellularAvailable = false
01-09 22:18:48.017 9555 9555 I AlarmManagerUtils: getRegisterAlarmManager : register_allow_data_dialog_retry_to_alarm_manager = false
01-09 22:18:48.017 9555 9555 I UT.TelephonyUtils: getPhoneId : subId = 3
01-09 22:18:48.018 9555 9555 I CU.NetworkUiReceiver: mReceiver: ACTION_ANY_DATA_CONNECTION_STATE_CHANGED
01-09 22:18:48.018 9555 9555 I CU.NetworkUiReceiver: - state: DISCONNECTED, apnType: default,supl, reason: null, phoneId: 0
01-09 22:18:48.018 9555 9555 I CU.NetworkUiUtils: setNetworkModeByQuickPanel: enabled : false
01-09 22:18:48.018 2400 5709 D KNOX_MDM_SettingsProvider: isChangeAllowed() : name = set_network_mode_by_quick_panel
01-09 22:18:48.019 9555 9555 I FT.TuiSalesCodeFeature: LGT.isCurrentOperator
01-09 22:18:48.019 9555 9555 I FT.TuiSalesCodeFeature: LGT.isCurrentOperator
01-09 22:18:48.019 9555 9555 I CU.NetworkUiUtils: getActivePDPRejectCause: 0
01-09 22:18:48.019 9555 9555 I CU.DataRoamingNotificationMgr: state = DISCONNECTED , reason = null , apnType = default,supl, rejectstate = 0
01-09 22:18:48.019 9555 9555 I FT.TuiSalesCodeFeature: LGT.isCurrentOperator
01-09 22:18:48.019 9555 9555 I FT.TuiSalesCodeFeature: LGT.isCurrentOperator
01-09 22:18:48.019 9555 9555 I FT.TuiSalesCodeFeature: LGT.isCurrentOperator
01-09 22:18:48.019 9555 9555 I UT.TelephonyUtils: getPhoneId : subId = 3
01-09 22:18:48.022 9555 9555 I UT.TelephonyUtils: ServiceState : 0
01-09 22:18:48.033 2400 3378 D ConnectivityService: notifyType CALLBACK_LOST for [108 CELLULAR]
01-09 22:18:48.034 2400 3388 I GnssNetworkConnectivityHandler: Network connection lost. Available networks count: 1
01-09 22:18:48.034 2400 3388 I GnssNetworkConnectivityHandler: updateNetworkState, state=CLOSED, connected=false, network=108, capabilities=[ Transports: CELLULAR Capabilities: SUPL&INTERNET&NOT_RESTRICTED&TRUSTED&NOT_VPN&VALIDATED&NOT_ROAMING&NOT_CONGESTED&NOT_SUSPENDED&NOT_VCN_MANAGED LinkUpBandwidth>=9343Kbps LinkDnBandwidth>=10269Kbps Specifier: AdminUids: [10369] SubscriptionIds: {3} UnderlyingNetworks: Null], availableNetworkCount: 1
01-09 22:18:48.034 1506 1526 I android.hardware.gnss-aidl-service-qti: ===> updateNetworkState line 56
01-09 22:18:48.034 1506 1529 W LocSvc_LocIpc: send:116] failed reason: No such file or directory
01-09 22:18:48.035 4039 4605 I ConfigModule<0>: onLost : 108 networkType: 1
01-09 22:18:48.035 4039 4605 I RcsUtils: isDualRcsReg: true
01-09 22:18:48.037 3642 3801 D com.android.ons.ONSProfileActivator: Internet connection lost
01-09 22:18:48.038 4039 4530 I ConfigModule<0>: handleMessage: msg: 25
01-09 22:18:48.038 4039 4530 I ConfigModule<0>: rcsNetworkType: internet,wifi rcsAs: jibe isRemoteConfigNeeded: false
01-09 22:18:48.038 4039 4530 I ConfigModule<1>: handleMessage: msg: 25
01-09 22:18:48.038 4039 4530 I ConfigModule<1>: rcsNetworkType: internet,wifi rcsAs: sec isRemoteConfigNeeded: false
01-09 22:18:48.038 4039 4530 I ConfigModule<1>: No Available network
01-09 22:18:48.039 10717 11256 D XCAL-Mobile: MainService.onLost(), 108
01-09 22:18:48.040 2400 3378 D ConnectivityService: Rematched networks [computed 0ms] [applied 0ms] [issued 0]
01-09 22:18:48.040 2400 3378 D ConnectivityService: NetworkReassignment : no changes
01-09 22:18:48.042 1433 3727 W resolv : resolv_stats_set_addrs: Network 108 not found for PROTO_DOT
01-09 22:18:48.042 1433 3727 W resolv : resolv_stats_set_addrs: Network 108 not found for PROTO_DOH
01-09 22:18:48.043 3670 3670 W View : requestLayout() improperly called by android.widget.FrameLayout{3ec886a V.E...... ......ID 0,138-1080,2205 #7f0a084c app:id/qs_frame} during layout: running second layout pass
01-09 22:18:48.049 2400 3426 D SemSoftApManager: CellularNetworkCallback`s onLost
01-09 22:18:48.049 2400 3666 D NetworkStatsObservers: Unregistering RequestInfo from pid/uid:2400/1000(android) for DataUsageRequest [ requestId=6, networkTemplate=NetworkTemplate: matchRule=MOBILE, matchSubscriberIds=[404920...], matchWifiNetworkKeys=[], metered=YES, defaultNetwork=NO, thresholdInBytes=2421334 ] accessLevel:3
01-09 22:18:48.049 2400 3426 I SemWifiApDataUsage: Cellular Data lost
01-09 22:18:48.049 2400 3426 D SemWifiApSmartNetworkCallback: CellularNetworkCallback`s onLost
01-09 22:18:48.050 2400 3426 I SemWifiApSmartNetworkCallback: isWifihasInternet,NetworkCapabilities, wifi:true,internet:true,hasInternetValidated:true
01-09 22:18:48.050 2400 3426 I SemWifiApSmartNetworkCallback: isWifihasInternet :true
01-09 22:18:48.050 2400 3426 I SemWifiApSmartNetworkCallback: checkMobileDataEnabled,NetworkCapabilities, cellular:false,internet:true,hasInternetValidated:true
01-09 22:18:48.050 2400 3426 I SemWifiApSmartNetworkCallback: checkMobileDataEnabled :false
01-09 22:18:48.052 3642 4192 D PhoneInterfaceManager: setDataEnabledForReason() Reason=1 Pid=2400 App=system
01-09 22:18:48.052 2400 3426 E SemWifiApConfigStore: getWifiApConfiguration ssid
01-09 22:18:48.052 2400 3426 I SemWifiApSmartNetworkCallback: hasInternet:true,hasInternetValidated:true,isCelluar:false,isWifi:true
01-09 22:18:48.052 2400 3426 I SemWifiApSmartNetworkCallback: Updating Autohotspot Switch state - ,isPrimaryUser:true, isActiveNetworkhasInternet : true, isTetheringRestricted : false, isAirplaneModeOn : true, isSimDisabled : false, isMobileDataEnabled : false, isWifiConnected : true, isSamsungAccountLoggedOut : true, isNearByDeviceScanningDisabled : true, isDefaultPassphraseSet: false, isWifiSharingEnabled: true
01-09 22:18:48.052 2400 3426 I SemWifiApSmartNetworkCallback: NetworkDisconnected changed. sendBroadcastForMDE
01-09 22:18:48.053 2400 3426 I SemWifiApAdvancedAutohotspotService: Cellular Data lost
01-09 22:18:48.053 2400 11800 W ContextImpl: Calling a method in the system process without a qualified user: android.app.ContextImpl.sendBroadcast:1281 com.samsung.android.server.wifi.ap.SemWifiApUtils$2.run:24 java.lang.Thread.run:1012
01-09 22:18:48.054 2400 11800 E ActivityManager: Sending non-protected broadcast com.samsung.intent.action.MDE_SUGGESTION_NOTIFY from system 2400:system/1000 pkg android
01-09 22:18:48.054 2400 11800 E ActivityManager: java.lang.Throwable
01-09 22:18:48.054 2400 11800 E ActivityManager: at com.android.server.am.ActivityManagerService.checkBroadcastFromSystem(ActivityManagerService.java:17011)
01-09 22:18:48.054 2400 11800 E ActivityManager: at com.android.server.am.ActivityManagerService.broadcastIntentLockedTraced(ActivityManagerService.java:17956)
01-09 22:18:48.054 2400 11800 E ActivityManager: at com.android.server.am.ActivityManagerService.broadcastIntentLocked(ActivityManagerService.java:17099)
01-09 22:18:48.054 2400 11800 E ActivityManager: at com.android.server.am.ActivityManagerService.broadcastIntentLocked(ActivityManagerService.java:17076)
01-09 22:18:48.054 2400 11800 E ActivityManager: at com.android.server.am.ActivityManagerService.broadcastIntentWithFeature(ActivityManagerService.java:18183)
01-09 22:18:48.054 2400 11800 E ActivityManager: at android.app.ContextImpl.sendBroadcast(ContextImpl.java:1285)
01-09 22:18:48.054 2400 11800 E ActivityManager: at com.samsung.android.server.wifi.ap.SemWifiApUtils$2.run(SemWifiApUtils.java:24)
01-09 22:18:48.054 2400 11800 E ActivityManager: at java.lang.Thread.run(Thread.java:1012)
01-09 22:18:48.054 2400 3426 I engmode_service: Network isn't available
01-09 22:18:48.054 3642 3652 D PhoneInterfaceManager: setDataEnabledForReason() Reason=1 Pid=2400 App=system
01-09 22:18:48.139 2400 3159 D MotionEngine: [@@@ Motion Engine @@@] GetMotionScenarioId 0.440279 2.263610 9.601799 0.008225 -0.005250 0.027650 8 51 20
01-09 22:18:48.139 2400 3159 D MotionEngine: [@@@ Motion Engine @@@] GnStuckMode 0
01-09 22:18:48.182 5754 5754 I SDHMS:LOAD: type: LoadsFreqs, value: 0:35:0:1269503:3398400:672000:1716096:3148800:499200:231:231:231
01-09 22:18:48.236 9398 9398 I AudioPathManager: loadAudioPath() : loaded audio path is speaker (0)
01-09 22:18:48.237 9398 9398 I ModelUtil: isHighEndModel() : this model is SM-S928N
01-09 22:18:48.237 9398 9398 I EffectManager: isSupportDolbyAtmosOnThisAudioPath() : path is speaker (0)
01-09 22:18:48.237 9398 9398 I EffectManager: isSupportDolbyAtmosOnThisAudioPath() : speaker type is stereo
01-09 22:18:48.237 9398 9398 I DVFSHelper: isNecessaryToBoostCPU() : isDolbyOn? false, isUHQUpscalerOn? false
01-09 22:18:48.237 9398 9398 I DVFSHelper: acquireBoostingCPU() : stop boosting cpu
01-09 22:18:48.296 1476 1651 I minksocket: MinkIPC MESSAGE: ( 1476:1651 ) MinkIPC_QRTR_Service:351 minkipc = 0xb400007afa4544f0 sock = 19, client with node 1 port 4535 went down
01-09 22:18:48.296 1476 1663 I minksocket: MinkIPC MESSAGE: ( 1476:1663 ) MinkIPC_QRTR_Service:351 minkipc = 0xb400007afa4523f0 sock = 34, client with node 1 port 4535 went down
01-09 22:18:48.296 1476 1663 I minksocket: MinkIPC MESSAGE: ( 1476:1663 ) MinkIPC_QRTR_Service:351 minkipc = 0xb400007afa4523f0 sock = 34, client with node 1 port 4536 went down
01-09 22:18:48.296 1476 1651 I minksocket: MinkIPC MESSAGE: ( 1476:1651 ) MinkIPC_QRTR_Service:351 minkipc = 0xb400007afa4544f0 sock = 19, client with node 1 port 4536 went down
01-09 22:18:48.297 1476 1663 I minksocket: MinkIPC MESSAGE: ( 1476:1663 ) MinkIPC_QRTR_Service:351 minkipc = 0xb400007afa4523f0 sock = 34, client with node 1 port 4537 went down
01-09 22:18:48.297 1476 1651 I minksocket: MinkIPC MESSAGE: ( 1476:1651 ) MinkIPC_QRTR_Service:351 minkipc = 0xb400007afa4544f0 sock = 19, client with node 1 port 4537 went down
01-09 22:18:48.298 1476 1663 I minksocket: MinkIPC MESSAGE: ( 1476:1663 ) MinkIPC_QRTR_Service:351 minkipc = 0xb400007afa4523f0 sock = 34, client with node 1 port 4538 went down
01-09 22:18:48.298 1476 1651 I minksocket: MinkIPC MESSAGE: ( 1476:1651 ) MinkIPC_QRTR_Service:351 minkipc = 0xb400007afa4544f0 sock = 19, client with node 1 port 4538 went down
01-09 22:18:48.348 1500 4905 I vendor.qti.bluetooth@1.1-ibs_handler: ProcessIbsCmd: Received IBS_WAKE_IND: 0xFD
01-09 22:18:48.348 1500 4905 I vendor.qti.bluetooth@1.1-ibs_handler: ProcessIbsCmd: Writing IBS_WAKE_ACK
01-09 22:18:48.351 4020 4928 D BtGatt.GattService: onScanResult to scannerId: 6- eventType=0x10, addressType=1, address=XX:XX:XX:XX:0A:DA, primaryPhy=1, secondaryPhy=0, advertisingSid=0xff, txPower=127, rssi=-33, periodicAdvInt=0x0
01-09 22:18:48.358 4039 4655 I reSIProcate: INFO | RESIP:TRANSPORT | Connection.cxx:534 | Exception on socket 170 code: 104; closing connection
01-09 22:18:48.358 4039 4655 I reSIProcate: INFO | RESIP:TRANSPORT | Connection.cxx:306 | Connection::finalizeConnection mutex try_lock success
01-09 22:18:48.359 4039 4655 I reSIProcate: INFO | RESIP:TRANSPORT | Socket.cxx:123 | Close socket 170
01-09 22:18:48.359 4039 4655 I reSIProcate: INFO | RESIP:TRANSPORT | Connection.cxx:341 | Connection::finalizeConnection mutex unlock
01-09 22:18:48.359 4039 4655 I reSIProcate: INFO | RESIP:TRANSPORT | Transport.cxx:401 | incoming from: [ V6 port=6000 TCP target domain=xxxx mFlowKey=169 ] cport =6401 ] mInterface=rmnet_data2 ] transportKey=19 ]
01-09 22:18:48.359 4039 4655 I reSIProcate: INFO | RESIP:TRANSPORT | Transport.cxx:402 | SipResp: 200 tid=29b752b7db524bc0 cseq=4 REGISTER contact=xxxx@[xxxx]:6400 / 4 from(wire)
01-09 22:18:48.360 4039 4655 I reSIProcate: INFO | RESIP:TRANSPORT | Connection.cxx:450 | Connection::performReads() read=1109
01-09 22:18:48.361 4039 4655 I CpAudioEngineClient: SAE_NotiInfo: SAE_NotiInfo string:
01-09 22:18:48.361 4039 4655 I VoIpEngineProxy: NotiInfo:Sending IPC_IMS_INFO Noti
01-09 22:18:48.361 4039 4653 I [IMS6.0]: KeepAliveManager::FinalizeTcpConnection(): can not find source
01-09 22:18:48.361 4039 4653 I [IMS6.0]: KeepAliveManager::FinalizeTcpConnection(): can not find source
01-09 22:18:48.361 4039 4655 I OemIpcHandler: ImsNotiInfo ImsNoti send IPC :
01-09 22:18:48.362 4039 4655 I OemIpcHandler: SendOemIpcCommand: main 16 sub 0c len(108) phoneId 0
01-09 22:18:48.362 4039 4655 I OemIpcHandler: SendOemIpcCommand: Send Client 111...
01-09 22:18:48.362 4039 4653 I StackIF : processMessage 3
01-09 22:18:48.362 4039 4653 I StackIF : Processing Notify
01-09 22:18:48.362 4039 4653 I SECIMSJ : [UNSL]< 10003
01-09 22:18:48.363 4039 4653 I StackIF : processNotify: id 10003
01-09 22:18:48.363 12336 12336 E [AirCmd]_Transaction: c : onFinish - TIMEOUT 500ms
01-09 22:18:48.363 12336 12336 I [AirCmd]_TransactionManager: onFinish : c
01-09 22:18:48.363 12336 12336 I [AirCmd]_TransactionManager: startTransaction : Starting next queued transaction.. : c
01-09 22:18:48.363 12336 12336 I [AirCmd]_Transaction: c : start : timeout=500
01-09 22:18:48.364 4039 4653 I SIPMSG[0]: [-->] REGISTER sip:ims.mnc092.mcc404.3gppnetwork.org SIP/2.0 [CSeq: 4 REGISTER]
01-09 22:18:48.364 4039 4655 I reSIProcate: INFO | RESIP:TRANSACTION | TuSelector.cxx:145 | Sending AlarmMessage 0 to TUs
01-09 22:18:48.364 4039 4530 I ResipRawSipHandler: handleMessage: event: 200
01-09 22:18:48.366 4039 4653 I CpAudioEngineClient: SAE_NotiInfo: SAE_NotiInfo string:
01-09 22:18:48.367 4039 4653 I VoIpEngineProxy: NotiInfo:Sending IPC_IMS_INFO Noti
01-09 22:18:48.367 12336 12336 I [AirCmd]_Transaction: DisconnectTransaction : already disconnected
01-09 22:18:48.367 4039 4530 I ResipVolteHandler: handleMessage: evt 114
01-09 22:18:48.367 12336 12336 I [AirCmd]_BleSpenDeviceMainController: disconnect : result=TIMEOUT
01-09 22:18:48.367 4039 4653 I OemIpcHandler: ImsNotiInfo ImsNoti send IPC :
01-09 22:18:48.367 12336 12336 I [AirCmd]_BleSpenManager: disconnect : disconnect result=TIMEOUT, elapsed=505
01-09 22:18:48.367 4039 4653 I OemIpcHandler: SendOemIpcCommand: main 16 sub 0c len(108) phoneId 0
01-09 22:18:48.367 4039 4653 I OemIpcHandler: SendOemIpcCommand: Send Client 111...
01-09 22:18:48.367 4039 6510 I OemIpcHandler: onRawReqComplete,
01-09 22:18:48.368 4039 4653 I [IMS6.0]: StateMachine ProcessEvent() failed
01-09 22:18:48.368 12336 12336 I [AirCmd]_BleDriver: close : close after disconnect
01-09 22:18:48.368 12336 12336 I [AirCmd]_TransactionManager: startTransaction : c
01-09 22:18:48.368 12336 12336 I [AirCmd]_TransactionManager: startTransaction : enqueued
01-09 22:18:48.368 12336 12336 I [AirCmd]_TransactionManager: onFinish : c
01-09 22:18:48.368 12336 12336 I [AirCmd]_TransactionManager: startTransaction : Starting next queued transaction.. : c
01-09 22:18:48.368 12336 12336 I [AirCmd]_Transaction: c : start : timeout=500
01-09 22:18:48.368 4039 4655 I reSIProcate: INFO | RESIP:TRANSPORT | TransportSelector.cxx:1509 | Transmitting to port:6000 tlsDomain=[xxxx] via port:6400
01-09 22:18:48.368 4039 4655 I reSIProcate: SipReq: REGISTER xxxx tid=90b8cf9a1cdba06f cseq=4 REGISTER contact=xxxx@[xxxx]:6400 / 4 from(tu)sigcomp id=
01-09 22:18:48.369 4039 6510 I OemIpcHandler: onRawReqComplete,
01-09 22:18:48.369 4039 4655 I reSIProcate: INFO | RESIP:TRANSPORT | Connection.cxx:229 | Interface : rmnet_data2, Tried to send 2136 bytes, sent 2136 bytes
01-09 22:18:48.370 4039 4653 I StackIF : processMessage 3
01-09 22:18:48.370 4039 4653 I StackIF : Processing Notify
01-09 22:18:48.370 4039 4653 I SECIMSJ : [UNSL]< 10003
01-09 22:18:48.370 12336 12336 I [AirCmd]_Transaction: DisconnectTransaction : already disconnected
01-09 22:18:48.370 4039 4653 I StackIF : processNotify: id 10003
01-09 22:18:48.371 4039 4653 I SIPMSG[0]: [<--] SIP/2.0 200 OK [CSeq: 4 REGISTER]
01-09 22:18:48.371 4039 4530 I ResipRawSipHandler: handleMessage: event: 100
01-09 22:18:48.372 4020 10300 D BtGatt.GattService: unregisterClient(com.samsung.android.service.aircommand) - clientIf=31
01-09 22:18:48.373 4020 10300 D BtGatt.ContextMap: remove() - id: 31
01-09 22:18:48.374 4020 4129 W bt_bta_gattc: packages/modules/Bluetooth/system/bta/gatt/bta_gattc_act.cc:234 bta_gattc_deregister: bta_gattc_deregister
01-09 22:18:48.374 12336 12336 I [AirCmd]_BleDriver: close : disconnection & close finished : SUCCESS, 509ms
01-09 22:18:48.374 4020 4129 E bt_stack: [ERROR:gatt_api.cc(1350)] GATT_Deregister gatt_if=31
01-09 22:18:48.374 4039 4530 I ResipVolteHandler: handleMessage: evt 114
01-09 22:18:48.374 4020 4129 W bluetooth: packages/modules/Bluetooth/system/stack/gatt/gatt_main.cc:393 gatt_update_app_use_link_flag: gatt_if=31, is_add=0 chk_link=1
01-09 22:18:48.374 4020 4129 W bluetooth: packages/modules/Bluetooth/system/stack/gatt/gatt_main.cc:347 gatt_update_app_hold_link_status: gatt_if=31, is_add=0, peer_bda=xx:xx:xx:xx:5a:9e
01-09 22:18:48.374 4020 4129 W bluetooth: packages/modules/Bluetooth/system/stack/gatt/gatt_main.cc:351 gatt_update_app_hold_link_status: Hold link status of [xx:xx:xx:xx:5a:9e], size=0
01-09 22:18:48.374 4020 4129 W bluetooth: packages/modules/Bluetooth/system/stack/gatt/gatt_main.cc:371 gatt_update_app_hold_link_status: attempt to remove non-existing gatt_if=31
01-09 22:18:48.374 4020 4129 W bluetooth: packages/modules/Bluetooth/system/stack/gatt/gatt_main.cc:403 gatt_update_app_use_link_flag: App status is not updated for gatt_if=31
01-09 22:18:48.374 4020 4129 W bluetooth: packages/modules/Bluetooth/system/stack/gatt/connection_manager.cc:409 on_app_deregistered: app_id=31
01-09 22:18:48.374 4039 4653 I StackIF : processMessage 3
01-09 22:18:48.374 12336 12336 I [AirCmd]_BleSpenDeviceMainController: setConnectionState : DISCONNECTED
01-09 22:18:48.374 4020 4129 I bt_stack: [INFO:gatt_api.cc(1410)] Initialize tGATT_REG
01-09 22:18:48.374 4039 4653 I StackIF : Processing Notify
01-09 22:18:48.374 12336 12336 I [AirCmd]_BleSpenManager: stopAutoConnection : auto connection stopped. result=SUCCESS, elapsed=509
01-09 22:18:48.374 4020 4129 W bt_btif_gattc: packages/modules/Bluetooth/system/btif/src/btif_gatt_client.cc:316 bta_gattc_cback: gatt client callback event:BTA_GATTC_DEREG_EVT [1]
01-09 22:18:48.374 4039 4653 I SECIMSJ : [UNSL]< 10001
01-09 22:18:48.374 4039 4653 I StackIF : processNotify: id 10001
01-09 22:18:48.374 4039 4653 I StackIF : RegistrationStatus - handle 4472 serviceList [mmtel-video, smsip, mmtel] regiType DE_REGI code 200 reason OK ecmpMode 0 retryAfter 0 reason header
01-09 22:18:48.374 4039 4653 I UserAgent[0]: onDeregistered: handle 4472 error 200 - OK - retryAfter 0 pcscfGoneDeregifalse
01-09 22:18:48.374 4039 4646 I UserAgent<0>: DeregisteringState EVENT_DEREGISTERED
01-09 22:18:48.374 12336 12336 I BluetoothAdapter: StandAloneBleMode=false called by PID : 12336, TID : 12336 @ com.samsung.android.service.aircommand
01-09 22:18:48.375 4039 4653 I CpAudioEngineClient: SAE_SignalingInfo: Entry
01-09 22:18:48.375 4039 4653 I CpAudioEngineClient: SAE_SignalingInfo[0]: mode : 2, priority : 255, msgType : 0
01-09 22:18:48.375 4039 4653 I VoIpEngineProxy: Sending IPC_IMS_SIGNALLING
01-09 22:18:48.375 4039 4653 I QmiOemIPCHandler: ImsSignalingInfo:
01-09 22:18:48.375 4039 4653 I OemIpcHandler: SendOemIpcCommandForQmi: phoneId[0] main 02 sub 80 paramLen 01
01-09 22:18:48.375 4039 4653 I OemIpcHandler: ============
01-09 22:18:48.375 4039 4653 I OemIpcHandler: pkt[0] = 2
01-09 22:18:48.375 4039 4653 I OemIpcHandler: pkt[1] = 80
01-09 22:18:48.375 4039 4653 I OemIpcHandler: pkt[2] = 0
01-09 22:18:48.375 4039 4653 I OemIpcHandler: pkt[3] = 5
01-09 22:18:48.375 4039 4653 I OemIpcHandler: pkt[4] = 0
01-09 22:18:48.375 4039 4653 I OemIpcHandler: ============
01-09 22:18:48.375 4039 4653 I OemIpcHandler: IPC counter[58]
01-09 22:18:48.375 4039 4653 I OemIpcHandler: SendOemIpcCommandForQmi: Send Client 111...
01-09 22:18:48.375 4020 4928 W bt_btif_gattc: packages/modules/Bluetooth/system/btif/src/btif_gatt_client.cc:194 btif_gattc_upstreams_evt: Event BTA_GATTC_DEREG_EVT [1]
01-09 22:18:48.376 12336 12336 I BluetoothAdapter: disableRadio() state: ON at com.samsung.android.service.aircommand
01-09 22:18:48.377 1619 2927 D DlbEffectContext: setParam() received parameter EFFECT_PARAM_SEEK
01-09 22:18:48.377 1619 2927 D DlbEffectContext: handleSeek(seek operation starts, current profile is 2)
01-09 22:18:48.377 4039 6510 I OemIpcHandler: onRawReqComplete,
01-09 22:18:48.377 1619 2927 D DlbEffectContext: transformExternalGain() volume:0x0 fVol:0.000000 extVal:-2080
01-09 22:18:48.377 1619 2927 D DlbEndpointParamCache: commitChangedParams()
01-09 22:18:48.377 1619 2927 D DlbEndpointParamCache: commit() Applying parameters for device 0x40000000
01-09 22:18:48.377 1619 2927 D DlbDap2Process: setParam(preg = #1[-2080])
01-09 22:18:48.377 1619 2927 D DlbDap2Process: setSystemGain(vol = 0)
01-09 22:18:48.377 1619 2927 D DlbDap2Process: setParam(svol = #1[-2080])
01-09 22:18:48.378 1619 2927 D DlbEndpointParamCache: doCommit() Committed 2 parameters out of 16.
01-09 22:18:48.378 1619 2927 D DlbEndpointParamCache: commit() Overriding parameters for current device 0x00000002
01-09 22:18:48.378 1619 2927 D DlbEndpointParamCache: doCommit() Committed 0 parameters out of 58.
01-09 22:18:48.378 1619 2927 I SoundBoosterEffectPlus: SB_setVolume(0xb400007dae0689d0)
01-09 22:18:48.378 1619 2927 I SoundBoosterEffectPlus: command EFFECT_CMD_SET_VOLUME left = 0.000000, right =0.000000
01-09 22:18:48.378 1619 2927 I SoundBooster_Interface2000_a64: BuffClear() mMode: 1
01-09 22:18:48.378 1619 2927 I SoundBoosterEffectPlus: SB_reset SoundBooster sessionId(-2108)
01-09 22:18:48.378 1619 2927 I SAG_EQ a64: SetVolumeFloat() VolumeFloat [-100.000000]
01-09 22:18:48.378 1619 2927 I SAG_EQ a64: mIsVolumeTableValid yes
01-09 22:18:48.378 1619 2927 I SAG_EQ a64: SetVolume() VolumeIndexInt [1]
01-09 22:18:48.379 1619 2927 D audioserver: FGS Logger Transaction failed
01-09 22:18:48.379 1619 2927 D audioserver: -129
01-09 22:18:48.378 2400 8840 D SecContentProvider: query(), uri = 3 selection = isBLEAllowed
01-09 22:18:48.379 2400 8840 D SecContentProvider: called from android.uid.system:1000
01-09 22:18:48.379 2400 8840 E BluetoothManagerService: Unable to handle updateBleAppCount
01-09 22:18:48.380 12336 12336 I [AirCmd]_BleUtils: disableBleStandAloneMode : isSuccess=true
01-09 22:18:48.380 12336 12336 I [AirCmd]_TransactionManager: onFinish : c
01-09 22:18:48.380 12336 12336 I [AirCmd]_TransactionManager: startTransaction : no enqueued transaction
01-09 22:18:48.380 12336 12336 I [AirCmd]_BleDriver: close : disconnection & close finished : SUCCESS, 13ms
01-09 22:18:48.380 12336 12336 I [AirCmd]_BleSpenDeviceMainController: setConnectionState : DISCONNECTED
01-09 22:18:48.380 12336 12336 I [AirCmd]_BleSpenManager: closeConnection : close result=SUCCESS, elapsed=13
01-09 22:18:48.380 12336 12336 I [AirCmd]_BleSpenManager: closeAllConnections : all connection closed
01-09 22:18:48.380 1496 6825 I AHAL: AudioStream: out_update_source_metadata_v7: 1265: track count is 0
01-09 22:18:48.380 12336 12336 I [AirCmd]_RemoteSpenService: onReleaseFinished
01-09 22:18:48.382 1619 2080 W AudioFlinger: moveEffectChain_l() effect chain for session 0 not on source thread 0xb400007f8aade6a0
01-09 22:18:48.384 1496 6825 D AHAL: AudioDevice: SetParameters: 1836: enter
01-09 22:18:48.384 1496 6825 D AHAL: AudioVoice: VoiceSetParameters: 200: Enter
01-09 22:18:48.384 1496 6825 D AHAL: AudioVoice: VoiceSetParameters: 479: Exit ret: 0
01-09 22:18:48.384 1496 6825 D AHAL: hfp: hfp_set_parameters: 444: enter
01-09 22:18:48.384 1496 6825 D AHAL: AudioDevice: SetParameters: 2714: exit: l_stream_music_active=false
01-09 22:18:48.388 1500 4905 I vendor.qti.bluetooth@1.1-ibs_handler: ProcessIbsCmd: Received IBS_SLEEP_IND: 0xFE
01-09 22:18:48.391 1635 1635 I HWComposer: [4630946315032985731] ActiveConfigToHWC, ID : 12
01-09 22:18:48.391 1635 1635 I LayerHistory: StatusBar$_3670#88 voted 0, 0.00 fps
01-09 22:18:48.391 1635 1635 I LayerHistory: com.innowireless.xcal.mobile5/com.innowireless.xcal.mobile5.ui.Main_Activity$_10717#1386 is infrequent
01-09 22:18:48.391 1635 1635 I SurfaceFlinger: All layers Min - choose 24.00 Hz
01-09 22:18:48.391 1619 2927 D audioserver: FGS Logger Transaction failed
01-09 22:18:48.391 1619 2927 D audioserver: -129
01-09 22:18:48.391 1619 2927 I SoundAlive_SRC384 arch64: ~SoundAlive_SRC384(): instance 12
01-09 22:18:48.392 1538 1930 I SDM : HWDeviceDRM::SetDisplaySwitchMode: [DispConfigs] check hs_mode 1
01-09 22:18:48.392 1538 1930 W SDM : HWDeviceDRM::GetSupportedBitClkRate: Requested rate not supported: 1362080000
01-09 22:18:48.392 1538 1930 I SDM : HWDeviceDRM::SetDisplaySwitchMode: [DispConfigs] Set mode index:12 1080x2340x24xcmdHS, hs_mode(1), found_mode(1)
01-09 22:18:48.392 1538 1930 I SDM : HWDeviceDRM::UpdateMixerAttributes: Mixer WxH 1080x2340-1 for Peripheral
01-09 22:18:48.392 1538 1930 I SDM : HWCDisplay::SubmitDisplayConfig: [MultiResolution] Set FrameBuffer to config = 12, wh = (1080, 2340)
01-09 22:18:48.392 1538 1930 I SDM : DisplayBase::SetFrameBufferConfig: New framebuffer resolution (1080x2340)
01-09 22:18:48.392 1538 1930 I SDM : HWCDisplay::SetFrameBufferConfig: New framebuffer resolution (1080x2340)
01-09 22:18:48.392 1538 1930 I SDM : HWCDisplay::SubmitDisplayConfig: Active configuration changed from config 9 to 12
01-09 22:18:48.396 10717 11464 D QC_DMLog: nativeParsing: init
01-09 22:18:48.400 2400 2632 D LocalDisplayAdapter: updateActiveModeLocked for d=4630946315032985731, mActiveModeId=13, mActiveSfDisplayMode=DisplayMode{id=12, width=1080, height=2340, xDpi=381.0, yDpi=378.573, refreshRate=24.000002, appVsyncOffsetNanos=0, presentationDeadlineNanos=42666666, supportedHdrTypes=[4, 2, 3], group=1080}
01-09 22:18:48.401 2400 2632 I DisplayDeviceRepository: Display device changed: DisplayDeviceInfo{"Built-in Screen": uniqueId="local:4630946315032985731", 1440 x 3120, modeId 13, renderFrameRate 24.000002, defaultModeId 3, supportedModes [{id=1, width=1440, height=3120, fps=120.00001, alternativeRefreshRates=[10.0, 24.000002, 30.000002, 48.000004, 60.000004, 80.0], supportedHdrTypes=[2, 3, 4]}, {id=2, width=1440, height=3120, fps=80.0, alternativeRefreshRates=[10.0, 24.000002, 30.000002, 48.000004, 60.000004, 120.00001], supportedHdrTypes=[2, 3, 4]}, {id=3, width=1440, height=3120, fps=60.000004, alternativeRefreshRates=[10.0, 24.000002, 30.000002, 48.000004, 80.0, 120.00001], supportedHdrTypes=[2, 3, 4]}, {id=4, width=1440, height=3120, fps=48.000004, alternativeRefreshRates=[10.0, 24.000002, 30.000002, 60.000004, 80.0, 120.00001], supportedHdrTypes=[2, 3, 4]}, {id=5, width=1440, height=3120, fps=30.000002, alternativeRefreshRates=[10.0, 24.000002, 48.000004, 60.000004, 80.0, 120.00001], supportedHdrTypes=[2, 3, 4]}, {id=6, width=1440, height=3120, fps=24.000002, alternativeRefreshRates=[10.0, 30.000002, 48.000004, 60.000004, 80.0, 120.00001], supportedHdrTypes=[2, 3, 4]}, {id=7, width=1440, height=3120, fps=10.0, alternativeRefreshRates=[24.000002, 30.000002, 48.000004, 60.000004, 80.0, 120.00001], supportedHdrTypes=[2, 3, 4]}, {id=8, width=1080, height=2340, fps=120.00001, alternativeRefreshRates=[10.0, 24.000002, 30.000002, 48.000004, 60.000004, 80.0], supportedHdrTypes=[2, 3, 4]}, {id=9, width=1080, height=2340, fps=80.0, alternativeRefreshRates=[10.0, 24.000002, 30.000002, 48.000004, 60.000004, 120.00001], supportedHdrTypes=[2, 3, 4]}, {id=10, width=1080, height=2340, fps=60.000004, alternativeRefreshRates=[10.0, 24.000002, 30.000002, 48.000004, 80.0, 120.00001], supportedHdrTypes=[2, 3, 4]}, {id=11, width=1080, height=2340, fps=48.000004, alternativeRefreshRates=[10.0, 24.000002, 30.000002, 60.000004, 80.0, 120.00001], supportedHdrTypes=[2, 3, 4]}, {id=12, width=1080, height=2340, fps=30.000002, alternativeRefreshRates=[10.0, 24.000002, 48.000004, 60.000004, 80.0, 120.00001], supportedHdrTypes=[2, 3, 4]}, {id=13, width=1080, height=2340, fps=24.000002, alternativeRefreshRates=[10.0, 30.000002, 48.000004, 60.000004, 80.0, 120.00001], supportedHdrTypes=[2, 3, 4]}, {id=14, width=1080, height=2340, fps=10.0, alternativeRefreshRates=[24.000002, 30.000002, 48.000004, 60.000004, 80.0, 120.00001], supportedHdrTypes=[2, 3, 4]}, {id=15, width=720, height=1560, fps=120.00001, alternativeRefreshRates=[10.0, 24.000002, 30.000002, 48.000004, 60.000004, 80.0], supportedHdrTypes=[2, 3, 4]}, {id=16, width=720, height=1560, fps=80.0, alternativeRefreshRates=[10.0, 24.000002, 30.000002, 48.000004, 60.000004, 120.00001], supportedHdrTypes=[2, 3, 4]}, {id=17, width=720, height=1560, fps=60.000004, alternativeRefreshRates=[10.0, 24.000002, 30.000002, 48.000004, 80.0, 120.00001], supportedHdrTypes=[2, 3, 4]}, {id=18, width=720, height=1560, fps=48.000004, alternativeRefreshRates=[10.0, 24.000002, 30.000002, 60.000004, 80.0, 120.00001], supportedHdrTypes=[2, 3, 4]}, {id=19, width=720, height=1560, fps=30.000002, alternativeRefreshRates=[10.0, 24.000002, 48.000004, 60.000004, 80.0, 120.00001], supportedHdrTypes=[2, 3, 4]}, {id=20, width=720, height=1560, fps=24.000002, alternativeRefreshRates=[10.0, 30.000002, 48.000004, 60.000004, 80.0, 120.00001], supportedHdrTypes=[2, 3, 4]}, {id=21, width=720, height=1560, fps=10.0, alternativeRefreshRates=[24.000002, 30.000002, 48.000004, 60.000004, 80.0, 120.00001], supportedHdrTypes=[2, 3, 4]}], colorMode 0, supportedColorModes [0, 7, 9], hdrCapabilities HdrCapabilities{mSupportedHdrTypes=[2, 3, 4], mMaxLuminance=450.0, mMaxAverageLuminance=225.00024, mMinLuminance=5.0E-4}, allmSupported false, gameContentTypeSupported false, density 600, 508.0 x 504.764 dpi, appVsyncOff 0, presDeadline 17666666, cutout DisplayCutout{insets=Rect(0, 101 - 0, 0) waterfall=Insets{left=0, top=0, right=0, bottom=0} boundingRect={Bounds=[Rect(0, 0 - 0, 0), Rect(687, 0 - 754, 101), Rect(0, 0 - 0, 0), Rect(0, 0 - 0, 0)]} cut
01-09 22:18:48.404 2400 2632 D DisplayManagerService: Ignore redundant display event 0/2 to 10310/5668
01-09 22:18:48.404 2400 2632 D DisplayManagerService: Ignore redundant display event 0/2 to 10262/7294
01-09 22:18:48.404 2400 6615 D LiftUpHandler: [LTW] Stopped already.
01-09 22:18:48.404 3670 3747 I ViewRootImpl@dc01367[ShellDropTarget]: onDisplayChanged oldDisplayState=2 newDisplayState=2
01-09 22:18:48.405 7383 7383 I ViewRootImpl@d5c0726[InputMethod]: onDisplayChanged oldDisplayState=2 newDisplayState=2
01-09 22:18:48.405 7383 7383 I SPenContext: virtual void SPen::Context::SetDisplayRefreshRate(float) framerate=60
01-09 22:18:48.405 7383 7383 I LatencyConfiguration: void SPen::LatencyConfiguration::UpdateRefreshRate(float) RefreshRate=24.000002
01-09 22:18:48.405 7383 7383 I LatencyConfiguration: void SPen::LatencyConfiguration::UpdateRefreshRate(float) RefreshRateCallback 0xb40000722d535c10
01-09 22:18:48.405 7383 7383 I spe_log : virtual void SPen::FbrDrawPad::SetRefreshRate(float) = 24.000
01-09 22:18:48.405 7383 7383 I spe_log : virtual void SPen::FbrDrawPad::SetRefreshRate(float) mFrameDurationNano=41666668, mDisplayRefreshDurationNano: 41666668
01-09 22:18:48.405 7383 7383 I spe_log : virtual void SPen::LowLatencyStrokeView::SetRefreshRate(float) refresh rate=24.000
01-09 22:18:48.405 3670 3841 D StackScroller: onDisplayChanged for predraw skip to 2
01-09 22:18:48.405 3670 3670 D DisplayLifecycle: updateDisplay id = 0
01-09 22:18:48.405 3670 3670 I ViewRootImpl@acc37e0[LockscreenShortcutBlur]: onDisplayChanged oldDisplayState=2 newDisplayState=2
01-09 22:18:48.405 3670 3670 I ViewRootImpl@91af0bf[NavigationBar0]: onDisplayChanged oldDisplayState=2 newDisplayState=2
01-09 22:18:48.405 3670 3670 I ViewRootImpl@e9971b[NotificationShade]: onDisplayChanged oldDisplayState=2 newDisplayState=2
01-09 22:18:48.405 3670 3670 I ViewRootImpl@518c0ef[StatusBar]: onDisplayChanged oldDisplayState=2 newDisplayState=2
01-09 22:18:48.405 3670 3670 I ViewRootImpl@4a00117[Bouncer]: onDisplayChanged oldDisplayState=2 newDisplayState=2
01-09 22:18:48.406 10717 10717 I ViewRootImpl@2071ed5[Main_Activity]: onDisplayChanged oldDisplayState=2 newDisplayState=2
01-09 22:18:48.406 4060 4060 I ViewRootImpl@80703e9[CocktailBarService]: onDisplayChanged oldDisplayState=2 newDisplayState=2
01-09 22:18:48.406 4060 4060 I ViewRootImpl@2b5c4f7[LauncherActivity]: onDisplayChanged oldDisplayState=2 newDisplayState=2
01-09 22:18:48.406 4060 4060 I ViewRootImpl@76b08a4[RecentsActivity]: onDisplayChanged oldDisplayState=2 newDisplayState=2
01-09 22:18:48.406 4060 4060 I ViewRootImpl@fdce115[RecentsTransitionOverlay]: onDisplayChanged oldDisplayState=2 newDisplayState=2
01-09 22:18:48.406 4060 8921 I HoneySpace.RefreshRateSource: singleFrameMs 41
01-09 22:18:48.406 10717 10717 I ViewRootImpl@cec25af[Main_Activity]: onDisplayChanged oldDisplayState=2 newDisplayState=2
01-09 22:18:48.406 2400 2400 D SGM:GameManager: onDisplayChanged. displyId: 0, state: 2
01-09 22:18:48.407 2400 3306 D SGM:FgCheckThread: onLooperPrepared(), msg: MSG_LCD_ON
01-09 22:18:48.407 2400 2400 D SGM:GameManager: dpi: 450, longPixel: 2129, shortPixel: 1080
01-09 22:18:48.407 2400 2632 D RefreshRateModeManager: updateDefaultDisplayToken: android.os.BinderProxy@9b6f71e, isChanged: false
01-09 22:18:48.407 2400 2400 D AODManagerService: requestReCalToTSP IsSingleTouchMode = falserequestedReCalToTSP = false / previousDisplayState = ON
01-09 22:18:48.411 1500 4905 I vendor.qti.bluetooth@1.1-ibs_handler: ProcessIbsCmd: Received IBS_WAKE_IND: 0xFD
01-09 22:18:48.411 1500 4905 I vendor.qti.bluetooth@1.1-ibs_handler: ProcessIbsCmd: Writing IBS_WAKE_ACK
01-09 22:18:48.412 4039 4655 I reSIProcate: INFO | RESIP:TRANSPORT | Transport.cxx:401 | incoming from: [ V6 port=6000 TCP target domain=xxxx mFlowKey=169 ] cport =6401 ] mInterface=rmnet_data2 ] transportKey=19 ]
01-09 22:18:48.412 4039 4655 I reSIProcate: INFO | RESIP:TRANSPORT | Transport.cxx:402 | SipResp: 406 tid=90b8cf9a1cdba06f cseq=4 REGISTER / 4 from(wire)
01-09 22:18:48.412 4039 4655 I reSIProcate: INFO | RESIP:TRANSPORT | Connection.cxx:450 | Connection::performReads() read=526
01-09 22:18:48.412 4020 4928 D BtGatt.GattService: onScanResult to scannerId: 6- eventType=0x0, addressType=1, address=XX:XX:XX:XX:31:56, primaryPhy=1, secondaryPhy=1, advertisingSid=0x0, txPower=127, rssi=-33, periodicAdvInt=0x0
01-09 22:18:48.413 4039 4655 I CpAudioEngineClient: SAE_NotiInfo: SAE_NotiInfo string:
01-09 22:18:48.413 4039 4655 I VoIpEngineProxy: NotiInfo:Sending IPC_IMS_INFO Noti
01-09 22:18:48.413 4039 4655 I OemIpcHandler: ImsNotiInfo ImsNoti send IPC :
01-09 22:18:48.413 4039 4655 I OemIpcHandler: SendOemIpcCommand: main 16 sub 0c len(108) phoneId 0
01-09 22:18:48.413 4039 4655 I OemIpcHandler: SendOemIpcCommand: Send Client 111...
01-09 22:18:48.413 4039 4655 I reSIProcate: INFO | RESIP:TRANSACTION | TuSelector.cxx:145 | Sending AlarmMessage 0 to TUs
01-09 22:18:48.414 4039 4653 I StackIF : processMessage 3
01-09 22:18:48.414 4039 4653 I StackIF : Processing Notify
01-09 22:18:48.414 4039 4653 I SECIMSJ : [UNSL]< 10003
01-09 22:18:48.414 4039 4653 I StackIF : processNotify: id 10003
01-09 22:18:48.414 4039 4653 I SIPMSG[0]: [<--] SIP/2.0 406 User Unknown [CSeq: 4 REGISTER]
01-09 22:18:48.415 4039 4530 I ResipRawSipHandler: handleMessage: event: 100
01-09 22:18:48.416 4039 4530 I ResipVolteHandler: handleMessage: evt 114
01-09 22:18:48.416 4039 4653 I [IMS6.0]: RegiDisConnecting::ProcessSipMsg(): Unsupported Sip Message(406)
01-09 22:18:48.416 4039 4653 I [IMS6.0]: StateMachine ProcessEvent() failed
01-09 22:18:48.417 4039 4653 I CpAudioEngineClient: SAE_SignalingInfo: Entry
01-09 22:18:48.417 4039 4653 I CpAudioEngineClient: SAE_SignalingInfo[0]: mode : 2, priority : 255, msgType : 0
01-09 22:18:48.417 4039 4653 I VoIpEngineProxy: Sending IPC_IMS_SIGNALLING
01-09 22:18:48.417 4039 4653 I QmiOemIPCHandler: ImsSignalingInfo:
01-09 22:18:48.417 4039 4653 I OemIpcHandler: SendOemIpcCommandForQmi: phoneId[0] main 02 sub 80 paramLen 01
01-09 22:18:48.417 4039 4653 I OemIpcHandler: ============
01-09 22:18:48.417 4039 4653 I OemIpcHandler: pkt[0] = 2
01-09 22:18:48.417 4039 4653 I OemIpcHandler: pkt[1] = 80
01-09 22:18:48.417 4039 4653 I OemIpcHandler: pkt[2] = 0
01-09 22:18:48.417 4039 4653 I OemIpcHandler: pkt[3] = 5
01-09 22:18:48.417 4039 4653 I OemIpcHandler: pkt[4] = 0
01-09 22:18:48.417 4039 4653 I OemIpcHandler: ============
01-09 22:18:48.418 4039 4653 I OemIpcHandler: IPC counter[59]
01-09 22:18:48.418 4039 4653 I OemIpcHandler: SendOemIpcCommandForQmi: Send Client 111...
01-09 22:18:48.420 4039 6510 I OemIpcHandler: onRawReqComplete,
01-09 22:18:48.421 4039 6510 I OemIpcHandler: onRawReqComplete,
01-09 22:18:48.433 1635 1808 I VSyncReactor: Current= 60, Period= 24, hwcPeriod= 24
01-09 22:18:48.434 10717 11271 D GPS : NMEA is null
01-09 22:18:48.434 10717 11271 D GPS : mGPSLocationListener.getLocation() is null
01-09 22:18:48.435 10717 11271 D GPS : getLastKnownLocation is not null
01-09 22:18:48.435 10717 11271 D GPS : mGPSSatelites : 7
01-09 22:18:48.435 10717 11271 D GPS : Android GPS is vaild.
01-09 22:18:48.443 4020 4928 D BtGatt.GattService: onScanResult to scannerId: 6- eventType=0x10, addressType=1, address=XX:XX:XX:XX:84:3A, primaryPhy=1, secondaryPhy=0, advertisingSid=0xff, txPower=127, rssi=-96, periodicAdvInt=0x0
01-09 22:18:48.482 1500 4905 I vendor.qti.bluetooth@1.1-ibs_handler: ProcessIbsCmd: Received IBS_SLEEP_IND: 0xFE
01-09 22:18:48.519 1477 1477 D Diag-Router: diag: qrtr_perif_send: Sending cmd pkt of len: 4 to perif: modem with port: node [401c: 1]
01-09 22:18:48.519 1477 1477 D Diag-Router: diag: qrtr_perif_send: Sending cmd pkt of len: 4 to perif: modem with port: node [401c: 1]
01-09 22:18:48.526 2400 3913 D SemContextService: lock : requestToUpdate
01-09 22:18:48.526 2400 3913 W CAE : setCAProperty(ContextAwareService.java:509) - [setProperty 01] Mutex is locked for CH_LOC_TRIGGER
01-09 22:18:48.527 2400 3347 D SensorService: setSContextDataLocked ints length 2 , byte length 4
01-09 22:18:48.527 2400 3347 D SensorService: setSContextDataLocked 3db8
01-09 22:18:48.528 1507 1507 I sensors-hal: inject_sensor_data:407, handle 1501 send inject
01-09 22:18:48.528 1507 1507 I sensors-hal: sendContextData:288, sensor hal 4, (0xb8, 0x3d, 0x0, 0x0)
01-09 22:18:48.528 1507 1507 I sensors-hal: sendContextData:131, change_location_trigger 4,184
01-09 22:18:48.528 1507 1507 I sensors-hal: sendUserData:118, change_location_trigger h 184 m 61 s 0
01-09 22:18:48.528 1507 1507 I sensors-hal: create_send_context_data:66, change_location_trigger create_send_context_data
01-09 22:18:48.528 1507 1507 I sensors-hal: send_context_data:694, change_location_trigger, -244018566922240, 1320970896291267344, msgid:700
01-09 22:18:48.529 2400 3913 W CAE : setCAProperty(ContextAwareService.java:515) - [setProperty 02] Mutex is unlocked for CH_LOC_TRIGGER
01-09 22:18:48.529 1507 3343 I sensors-hal: qsh_conn_resp_cb:930, resp_value = 0 for change_location_trigger
01-09 22:18:48.529 2400 3913 D SemContextService: .requestToUpdate() : service = Location Change Trigger
01-09 22:18:48.530 2400 3913 D SemContextService: unlock : requestToUpdate
01-09 22:18:48.530 2400 3913 D SemContextManager: .requestToUpdate : listener = com.android.server.location.nsflp.NSLocationMonitor$5@11a7a99, service=Location Change Trigger
01-09 22:18:48.530 4893 12709 I NewStopController_FLP: StateChecker, check stationary message
01-09 22:18:48.546 1507 3343 I sensors-hal: qsh_conn_event_cb:890, event[0] sensor:change_location_trigger Wakeup, msg_id=1025, ts=20704881380
01-09 22:18:48.546 1507 3343 I sensors-hal: handle_sns_client_event:85, change_location_trigger_event: msgid:1025
01-09 22:18:48.546 1507 3343 I sensors-hal: handle_sns_client_event:108, change_location_trigger_event: 255, 255
01-09 22:18:48.548 2400 3341 D CAE : onGetSensorHubData(SensorHubParserProvider.java:92) - onGetSensorHubData Event [event buffer len :15], AP_WAKEUP
01-09 22:18:48.548 2400 3341 I CAE : parse(SensorHubParserProvider.java:193) - buffer size = 15
01-09 22:18:48.548 2400 3341 I CAE : parse(SensorHubParserProvider.java:204) - 1, 1, 61, -1, 0, 2, 1, 0, 0, 0, 1, 0, 0, 0, 0,
01-09 22:18:48.548 2400 3341 D CAE : display(ContextProvider.java:375) - ================= CH_LOC_TRIGGER =================
01-09 22:18:48.548 2400 3341 I CAE : display(ContextProvider.java:391) - duration=[1], property=[1], result=[2], reserved=[0]
01-09 22:18:48.549 2400 3338 D SemContextService: Service.updateContext() : service = Location Change Trigger
01-09 22:18:48.549 2400 2400 D SemContextManager: onSemContextChanged() : event = Location Change Trigger
01-09 22:18:48.549 2400 2400 D NSLocationMonitor: onSemContextChanged, activity : 1 result : 2 movement : 1
01-09 22:18:48.562 10717 11320 W ss.xcal.mobile5: Accessing hidden method Landroid/telephony/TelephonyManager;->getServiceStateForSubscriber(I)Landroid/telephony/ServiceState; (max-target-p, reflection, denied)
01-09 22:18:48.566 3642 3971 W TelephonyPermissions: reportAccessDeniedToReadIdentifiers:com.innowireless.xcal.mobile5:getAllSubInfoList:3
01-09 22:18:48.576 3642 3971 W TelephonyPermissions: reportAccessDeniedToReadIdentifiers:com.innowireless.xcal.mobile5:getAllSubInfoList:3
01-09 22:18:48.816 1507 10083 I sensors-hal: handle_sns_std_sensor_event:156, [17277] Pressure 1011.621, cal -0.242, sw_offset 0.000
01-09 22:18:48.825 1507 18926 I sensors-hal: handle_sns_client_event:422, [1][0] gyro_sample_cal(cal_available:48431)(3) [ 0.002, 0.000,-0.001] bias[ 0.004, 0.005, 0.006] 1064013560438
01-09 22:18:48.844 4321 4321 I wpa_supplicant: Heartbeat 104
01-09 22:18:48.863 2400 3514 I SemWifiLinkQualityMonitor: Unreliable statistics: 0 / 37 / 15 / 0 || QoS: 0.00 ms / 0.00 Mbps (N) / 0 (0)
01-09 22:18:48.863 2400 6351 D SemWifiUsabilityStatsMonitor: onWifiUsabilityStats - seqNum 346, isSameBssidAndFreq true
01-09 22:18:48.865 3797 3797 W Settings: Setting wifi_on has moved from android.provider.Settings.System to android.provider.Settings.Secure, returning read-only value.
01-09 22:18:48.865 4020 4129 W l2c_link: packages/modules/Bluetooth/system/stack/l2cap/l2c_link.cc:551 l2c_link_timeout: TODO: Remove this callback into bcm_sec_disconnect
01-09 22:18:48.865 3797 3797 W Settings: Setting wifi_on has moved from android.provider.Settings.Secure to android.provider.Settings.Global.
01-09 22:18:48.865 4020 4129 I btm_acl : packages/modules/Bluetooth/system/stack/acl/btm_acl.cc:225 hci_btsnd_hcic_disconnect: Disconnecting peer:xx:xx:xx:xx:5a:9e reason:HCI_ERR_PEER_USER comment:stack::l2cap::l2c_link::l2c_link_timeout All channels closed
01-09 22:18:48.866 3670 3670 D StatusBarIconController: ignoring old pipeline callback because the new wifi icon is enabled
01-09 22:18:48.867 3797 3797 I EPDG -- SIM0 [SMARTWIFI]: isWifiRssiLessOrEqualsHandoverThreshold: received rssi is: -65 handover threshold is: -100
01-09 22:18:48.867 12336 11791 I [AirCmd]_BleSpenBlindChargeController: performCharge : Stop SPen charging because phone is not charging state
01-09 22:18:48.867 12336 11791 I [AirCmd]_WacomDriver: stopCharge
01-09 22:18:48.868 12336 11791 I [AirCmd]_WacomDriver: writeBleSpenCommand : 5 (mLastCommand=3)
01-09 22:18:48.868 2400 5709 I SpenGestureManagerService: writeBleSpenCommand : 5
01-09 22:18:48.868 2400 5709 D SemInputDeviceManager: setProperty: SPEN(11) CMD,SPEN_BLE_CHARGING,5
01-09 22:18:48.869 3797 3797 I EPDG -- SIM0 [SMARTWIFI]: Rssi : -65 highrange : -101 lowrange : -100 mIsRssiInHystersis : false
01-09 22:18:48.869 3797 3797 I EPDG -- SIM0 [SMARTWIFI]: Rssi : -65 highrange : -101 lowrange : -100 mIsRssiInHystersis : false
01-09 22:18:48.869 3797 3797 I EPDG -- SIM0 [SMARTWIFI]: getHandoverThresholdMet: value is: false
01-09 22:18:48.869 2400 3506 D SemInputDevice:SPEN: SetPropertyTask: BLE_CHARGING,5 [01-09 22:18:48.868]
01-09 22:18:48.870 1500 4905 I vendor.qti.bluetooth@1.1-ibs_handler: ProcessIbsCmd: Received IBS_WAKE_IND: 0xFD
01-09 22:18:48.870 1500 4905 I vendor.qti.bluetooth@1.1-ibs_handler: ProcessIbsCmd: Writing IBS_WAKE_ACK
01-09 22:18:48.871 1591 1612 I sysinput:aidl: onReportInformation:93, 8, epen_ble_charging_mode@5:0
01-09 22:18:48.872 2400 3506 D SysinputHAL_AIDL: setProperty(SPEN(11)): BLE_CHARGING, 5 ret=0
01-09 22:18:48.872 1591 1612 I sysinput:SPen: operator():147, OK
01-09 22:18:48.887 2400 3159 D MotionEngine: [CALIBRATION] Calibration Secess(4)[-0.0014 0.0000 -0.0026]
01-09 22:18:48.910 1477 1477 D Diag-Router: diag: qrtr_perif_send: Sending cmd pkt of len: 4 to perif: modem with port: node [401c: 1]
01-09 22:18:48.911 1500 4905 I vendor.qti.bluetooth@1.1-ibs_handler: ProcessIbsCmd: Received IBS_SLEEP_IND: 0xFE
01-09 22:18:48.911 1477 1477 D Diag-Router: diag: qrtr_perif_send: Sending cmd pkt of len: 4 to perif: modem with port: node [401c: 1]
01-09 22:18:48.943 1500 4905 I vendor.qti.bluetooth@1.1-ibs_handler: ProcessIbsCmd: Received IBS_WAKE_IND: 0xFD
01-09 22:18:48.943 1500 4905 I vendor.qti.bluetooth@1.1-ibs_handler: ProcessIbsCmd: Writing IBS_WAKE_ACK
01-09 22:18:48.944 4020 4134 W bluetooth: packages/modules/Bluetooth/system/gd/hci/acl_manager/le_impl.h:780 on_le_disconnect: on_le_disconnect Handle : 0x5, Reason : 22
01-09 22:18:48.944 4020 4129 E btm_sco : packages/modules/Bluetooth/system/stack/btm/btm_sco.cc:1521 btm_sco_on_disconnected: Unable to find sco connection
01-09 22:18:48.945 4020 4129 I btm_acl : packages/modules/Bluetooth/system/stack/acl/btm_acl.cc:3376 btm_acl_iso_disconnected: ISO disconnection from GD, handle: 0x05, reason: 0x16
01-09 22:18:48.945 4020 4134 W bluetooth: packages/modules/Bluetooth/system/gd/hci/acl_manager/le_impl.h:233 remove: le_impl::remove() handle=0x05 addr=xx:xx:xx:xx:5a:9e
01-09 22:18:48.945 4020 4134 W bluetooth: packages/modules/Bluetooth/system/gd/hci/acl_manager/le_impl.h:802 on_le_disconnect: [Current Device list in background_connections_ set]
01-09 22:18:48.945 4020 4129 W l2c_link: packages/modules/Bluetooth/system/stack/l2cap/l2c_link.cc:489 l2c_link_hci_disc_comp: l2c_link_hci_disc_comp lcb_is_free is 1
01-09 22:18:48.945 4020 4129 W bt_l2cap: packages/modules/Bluetooth/system/main/bte_logmsg.cc:110 LogMsg: l2cu_release_ccb: cid 0x0004 in_use: 1 local_id:0
01-09 22:18:48.945 2400 3388 D GnssLocationProvider_ex: SV Count : 2 / 8 (PRN, Constellation, SNR, Used)
01-09 22:18:48.945 2400 3388 D GnssLocationProvider_ex: (24, GPS, 18.9, 0) (25, GPS, 19.1, 0) (39, BEIDOU, 20.4, 0) (16, BEIDOU, 20.6, 0) (9, BEIDOU, 31.5, 1) (4, GALILEO, 21.4, 1)
01-09 22:18:48.945 2400 3388 D GnssLocationProvider_ex: (9, GALILEO, 22.6, 0) (26, BEIDOU, 14.2, 0)
01-09 22:18:48.945 4020 4129 W bluetooth: packages/modules/Bluetooth/system/stack/gatt/gatt_main.cc:521 gatt_le_connect_cback: gatt_le_connect_cback connected : 0, reason : 22
01-09 22:18:48.945 4020 4129 I bt_stack: [INFO:gatt_main.cc(529)] GATT ATT protocol channel with BDA: xx:xx:xx:xx:5a:9e is disconnected
01-09 22:18:48.945 4020 4129 I bluetooth: packages/modules/Bluetooth/system/stack/arbiter/acl_arbiter.cc:90 OnLeDisconnect: Notifying Rust of LE disconnection
01-09 22:18:48.945 4020 4129 I bt : bluetooth_core::gatt::arbiter: processing disconnection on transport TransportIndex(0)
01-09 22:18:48.945 4020 4129 I bluetooth: packages/modules/Bluetooth/system/stack/eatt/eatt_impl.h:922 disconnect: Device: xx:xx:xx:xx:5a:9e, cid: 0xffff
01-09 22:18:48.945 4020 4129 W bt_stack: [WARNING:eatt_impl.h(926)] disconnect no eatt device found
01-09 22:18:48.945 4020 4129 I bluetooth: packages/modules/Bluetooth/system/stack/gap/gap_ble.cc:304 client_connect_cback: No active GAP service found for peer:xx:xx:xx:xx:5a:9e callback:Disconnected
01-09 22:18:48.945 4020 4129 I bt_bta_gattc: packages/modules/Bluetooth/system/bta/gatt/bta_gattc_act.cc:1362 bta_gattc_conn_cback: Disconnected att_id:3 addr:xx:xx:xx:xx:5a:9e, transport:BT_TRANSPORT_LE reason:GATT_CONN_TERMINATE_LOCAL_HOST
01-09 22:18:48.945 4020 4129 I bt_bta_gattc: packages/modules/Bluetooth/system/bta/gatt/bta_gattc_act.cc:1362 bta_gattc_conn_cback: Disconnected att_id:4 addr:xx:xx:xx:xx:5a:9e, transport:BT_TRANSPORT_LE reason:GATT_CONN_TERMINATE_LOCAL_HOST
01-09 22:18:48.946 4020 4129 I bt_bta_gattc: packages/modules/Bluetooth/system/bta/gatt/bta_gattc_act.cc:1362 bta_gattc_conn_cback: Disconnected att_id:5 addr:xx:xx:xx:xx:5a:9e, transport:BT_TRANSPORT_LE reason:GATT_CONN_TERMINATE_LOCAL_HOST
01-09 22:18:48.946 4020 4129 I bt_bta_gattc: packages/modules/Bluetooth/system/bta/gatt/bta_gattc_act.cc:1362 bta_gattc_conn_cback: Disconnected att_id:6 addr:xx:xx:xx:xx:5a:9e, transport:BT_TRANSPORT_LE reason:GATT_CONN_TERMINATE_LOCAL_HOST
01-09 22:18:48.946 4020 4129 I bt_stack: [INFO:bta_gatts_act.cc(597)] bta_gatts_conn_cback bda=28:8e:b9:55:5a:9e gatt_if= 7, conn_id=0x0007 connected=0
01-09 22:18:48.946 4020 4129 I bt_stack: [INFO:bta_gatts_act.cc(597)] bta_gatts_conn_cback bda=28:8e:b9:55:5a:9e gatt_if= 8, conn_id=0x0008 connected=0
01-09 22:18:48.946 4020 4129 I bt_bta_gattc: packages/modules/Bluetooth/system/bta/gatt/bta_gattc_act.cc:1362 bta_gattc_conn_cback: Disconnected att_id:9 addr:xx:xx:xx:xx:5a:9e, transport:BT_TRANSPORT_LE reason:GATT_CONN_TERMINATE_LOCAL_HOST
01-09 22:18:48.946 4020 4129 I bt_bta_gattc: packages/modules/Bluetooth/system/bta/gatt/bta_gattc_act.cc:1362 bta_gattc_conn_cback: Disconnected att_id:10 addr:xx:xx:xx:xx:5a:9e, transport:BT_TRANSPORT_LE reason:GATT_CONN_TERMINATE_LOCAL_HOST
01-09 22:18:48.946 4020 4129 I bt_stack: [INFO:bta_gatts_act.cc(597)] bta_gatts_conn_cback bda=28:8e:b9:55:5a:9e gatt_if= 11, conn_id=0x000b connected=0
01-09 22:18:48.946 4020 4129 I bt_stack: [INFO:bta_gatts_act.cc(597)] bta_gatts_conn_cback bda=28:8e:b9:55:5a:9e gatt_if= 12, conn_id=0x000c connected=0
01-09 22:18:48.946 4020 4129 W btm_acl : packages/modules/Bluetooth/system/stack/acl/btm_acl.cc:188 NotifyAclLinkDown: NotifyAclLinkDown() xx:xx:xx:xx:5a:9e link_up_issued is 1
