01-09 22:18:47.764 3797 4669 I EPDG -- SIM0 [PolicyMgr]: getApnRatPolicy: supl,idle result=LTE
01-09 22:18:47.764 1507 1507 I sensors-hal: sendUserData:119, slocationcore sendUserData
01-09 22:18:47.764 3797 4669 I EPDG -- SIM0 [PolicyMgr]: getApnRatPolicy: dun,idle only LTE is allowed RAT
01-09 22:18:47.764 3797 4669 I EPDG -- SIM0 [PolicyMgr]: getApnRatPolicy: dun,idle result=LTE
01-09 22:18:47.764 3797 4669 I EPDG -- SIM0 [PolicyMgr]: getApnRatPolicy: hipri,idle only LTE is allowed RAT
01-09 22:18:47.764 1507 1507 E sensors-hal: create_send_context_data:64, slocationcore create_send_context_data
01-09 22:18:47.764 3797 4669 I EPDG -- SIM0 [PolicyMgr]: getApnRatPolicy: hipri,idle result=LTE
01-09 22:18:47.764 3797 4669 I EPDG -- SIM0 [PolicyMgr]: getApnRatPolicy: fota,idle only LTE is allowed RAT
01-09 22:18:47.764 3797 4669 I EPDG -- SIM0 [PolicyMgr]: getApnRatPolicy: fota,idle result=LTE
01-09 22:18:47.764 3797 4669 I EPDG -- SIM0 [EpdgSubScription]: getIsAirplaneMode: returning: true
01-09 22:18:47.764 1507 1507 I sensors-hal: send_context_data:694, slocationcore, 4986366670857974562, 1320970896291267344, msgid:700
01-09 22:18:47.764 3797 4669 I EPDG -- SIM0 [PolicyMgr]: getApnRatPolicy: ims,idle Airplanemode not support
01-09 22:18:47.764 3797 4669 I EPDG -- SIM0 [PolicyMgr]: getApnRatPolicy: ims,idle result=LTE
01-09 22:18:47.764 3797 4669 I EPDG -- SIM0 [PolicyMgr]: getApnRatPolicy: cbs,idle only LTE is allowed RAT
01-09 22:18:47.764 3797 4669 I EPDG -- SIM0 [PolicyMgr]: getApnRatPolicy: cbs,idle result=LTE
01-09 22:18:47.764 3797 4669 I EPDG -- SIM0 [PolicyMgr]: getApnRatPolicy: ia,idle only LTE is allowed RAT
01-09 22:18:47.764 3797 4669 I EPDG -- SIM0 [PolicyMgr]: getApnRatPolicy: ia,idle result=LTE
01-09 22:18:47.764 3797 4669 I EPDG -- SIM0 [PolicyMgr]: getApnRatPolicy: emergency,idle only LTE is allowed RAT
01-09 22:18:47.764 3797 4669 I EPDG -- SIM0 [PolicyMgr]: getApnRatPolicy: emergency,idle result=LTE
01-09 22:18:47.764 3797 4669 I EPDG -- SIM0 [PolicyMgr]: getApnRatPolicy: mcx,idle only LTE is allowed RAT
01-09 22:18:47.764 3797 4669 I EPDG -- SIM0 [PolicyMgr]: getApnRatPolicy: mcx,idle result=LTE
01-09 22:18:47.764 3797 4669 I EPDG -- SIM0 [PolicyMgr]: getApnRatPolicy: xcap,idle only LTE is allowed RAT
01-09 22:18:47.764 3797 4669 I EPDG -- SIM0 [PolicyMgr]: getApnRatPolicy: xcap,idle result=LTE
01-09 22:18:47.764 3797 4669 I EPDG -- SIM0 [EpdgSubScription]: getHandoverEnableSetting: true
01-09 22:18:47.764 3797 4669 I EPDG -- SIM0 [UTILS]: getSubIdFromSpecifier() : specifier null
01-09 22:18:47.764 5050 5205 D OsAgentAidlClient: [bool_dataitem_update][1775] [HC] =>> [HS]
01-09 22:18:47.764 3797 4669 I EPDG -- SIM0 [UTILS]: getSubIdFromSpecifier() : return : 3
01-09 22:18:47.764 3797 4669 I EPDG -- SIM0 [UTILS]: getNetworkForType: subIdFromSpecifier: 3
01-09 22:18:47.764 1507 3343 I sensors-hal: qsh_conn_resp_cb:930, resp_value = 0 for slocationcore
01-09 22:18:47.764 1507 3343 I sensors-hal: qsh_conn_event_cb:890, event[0] sensor:slocationcore Wakeup, msg_id=1025, ts=20689888619
01-09 22:18:47.764 1507 3343 E sensors-hal: handle_sns_client_event:78, slocationcore_event: msgid:1025
01-09 22:18:47.764 3797 4669 I EPDG -- SIM0 [UTILS]: getSubIdFromSpecifier() : return : 3
01-09 22:18:47.764 3797 4669 I EPDG -- SIM0 [UTILS]: getNetworkForType: subIdFromSpecifier: 3
01-09 22:18:47.764 3797 4669 I EPDG -- SIM0 [UTILS]: getNetworkForType: returning Network for type: 11
01-09 22:18:47.765 3797 4669 I EPDG -- SIM0 [UTILS]: getNetworkInfo: returning networkInfo [type: MOBILE[IWLAN], state: CONNECTED/CONNECTED, reason: (unspecified), extra: IMS, failover: false, available: true, roaming: false]
01-09 22:18:47.765 3797 4669 I EPDG -- SIM0 [EpdgSubScription]: notifyQualifiedNetworksChange to telephony
01-09 22:18:47.765 1507 3343 I sensors-hal: qsh_conn_event_cb:890, event[0] sensor:slocationcore Wakeup, msg_id=1025, ts=20689888974
01-09 22:18:47.765 1507 3343 E sensors-hal: handle_sns_client_event:78, slocationcore_event: msgid:1025
01-09 22:18:47.766 4039 4658 I UtServiceModule: AirplaneModeObserver onChange: 1
01-09 22:18:47.766 4039 4658 I UtServiceModule<0>: UtXcap RequestState::ProcessMessage EVENT_DISCONNECT_PDN
01-09 22:18:47.766 4039 4658 I UtServiceModule<1>: UtXcap RequestState::ProcessMessage EVENT_DISCONNECT_PDN
01-09 22:18:47.766 4039 4638 E #IMSREGI: Airplane Mode Changed (true)
01-09 22:18:47.766 2400 3341 D CAE : onGetSensorHubData(SensorHubParserProvider.java:92) - onGetSensorHubData Event [event buffer len :26], AP_WAKEUP
01-09 22:18:47.766 2400 3341 I CAE : parse(SensorHubParserProvider.java:193) - buffer size = 26
01-09 22:18:47.766 4039 4530 I RegiMgr-Handler: handleMessage: EVENT_FLIGHT_MODE_CHANGED
01-09 22:18:47.767 2400 3341 I CAE : parse(SensorHubParserProvider.java:204) - 1, 1, 55, 0, 21, 5, 7, 2, 0, 0, 0, 0, 3, -101, 106, -120, 5, 1, 0, 0, 2, 36, 3, -101, 110, 112,
01-09 22:18:47.767 4039 4530 I RegiGvnSwa[0]: releaseThrottle: case by 1
01-09 22:18:47.767 4039 4530 I RegiGvnBase: stop Tims timer by AirplaneModeOn
01-09 22:18:47.767 4039 4530 I RegiGvnBase: releaseThrottle: case by 1
01-09 22:18:47.767 4039 4530 I RegiMgr<0>: sendDeregister: reason=12
01-09 22:18:47.767 4039 4530 I RegiMgr<0>: suspendRegister:
01-09 22:18:47.767 4039 4530 I RegiMgr<1>: suspendRegister:
01-09 22:18:47.767 2400 3341 I CAE : parse(SLocationRunner.java:88) - SLocationRunner parse start : 3
01-09 22:18:47.767 4039 4530 I SmsServiceModule: onDeregistering
01-09 22:18:47.767 2400 3341 D CAE : display(ContextProvider.java:375) - ================= SLOCATION_RUNNER =================
01-09 22:18:47.767 4039 4530 I VolteServiceModule: onDeregistering
01-09 22:18:47.767 2400 3341 I CAE : display(ContextProvider.java:391) - ExtraDataArray=[1, 1, 55, 0, 21, 5, 7, 2, 0, 0, 0, 0, 3, -101, 106, -120, 5, 1, 0, 0, 2, 36, 3, -101, 110, 112]
01-09 22:18:47.767 4039 4530 I SmsServiceModule: regInfo: ImsRegistration [mHandle=4472, mProfile=AIRTEL VoLTE, mServices=[mmtel-video, smsip, mmtel], mDomain=ims.mnc092.mcc404.3gppnetwork.org, mDeviceList=[], mSubscriptionId=3, mPhoneId=0, mPdnType=11, mPcscf=2401:4900:80:805a::9, mEcmpStatus=0, mRegExpiryStatus=0, mEpdgStatus=false, mEpdgOverCellularData=false, mProhibited=false, mNetwork=107, mDeregiReason =14]
01-09 22:18:47.767 5050 5205 D OsAgentAidlClient: [bool_dataitem_update][1775] [HC] =>> [HS]
01-09 22:18:47.767 4039 4530 I SmsServiceModule: Sms Service queryCapabilityStatus[0]: addCapabilities CAPABILITY_TYPE_SMS
01-09 22:18:47.767 4039 4530 I RegisterTask: isSuspended: mSuspended(false) mSuspendByIrat(false)
01-09 22:18:47.767 4039 4530 I RegisterTask: isSuspended: mSuspended(false) mSuspendByIrat(false)
01-09 22:18:47.767 4039 4530 I RegisterTask: isSuspended: mSuspended(false) mSuspendByIrat(false)
01-09 22:18:47.767 4039 4530 I UtServiceModule<0>: isUtEnabled with policy : CS enabled = false
01-09 22:18:47.767 4039 4530 I SecImsNotifier: slot[0]: updateCapabilities: capabilities=MmTel Capabilities - [Voice: true Video: true UT: false SMS: true CALL_COMPOSER: false]
01-09 22:18:47.767 2400 3341 I CAE : parse(SLocationRunner.java:96) - SLocationRunner parse end:26
01-09 22:18:47.767 2400 3338 D SemContextService: Service.updateContext() : service = SLocation Core
01-09 22:18:47.768 4039 4530 I SecImsServiceConnector<0>: getMmTelFeatureImpl
01-09 22:18:47.768 4039 4530 E SecImsServiceConnector: connect to local SecImsService #1 attempt
01-09 22:18:47.768 4039 4530 I SecImsService: createMmTelFeatureForSubscription: slotId=0,subscriptionId=-1
01-09 22:18:47.768 4039 4530 I SecImsNotifier: slot[0]: updateRcsCapabilities: capabilities=Capabilities: 0
01-09 22:18:47.768 2400 2400 D SemContextManager: onSemContextChanged() : event = SLocation Core
01-09 22:18:47.768 4039 4530 I SecImsServiceConnector<0>: getRcsFeatureImpl
01-09 22:18:47.768 4039 4530 E SecImsServiceConnector: connect to local SecImsService #1 attempt
01-09 22:18:47.768 4039 4530 I SecImsService: createRcsFeatureForSubscription: slotId=0,subscriptionId=-1
01-09 22:18:47.768 2400 2400 D SLocation: SensorHubWrapper - SemContextChanged type = 47, packet received
01-09 22:18:47.768 4039 4530 I SecImsServiceConnector<0>: getSipTransportImpl
01-09 22:18:47.768 4039 4530 E SecImsServiceConnector: connect to local SecImsService #1 attempt
01-09 22:18:47.768 4039 4530 I SecImsService<0>: getSipTransport
01-09 22:18:47.768 2400 3813 W CAE : setCAProperty(ContextAwareService.java:515) - [setProperty 02] Mutex is unlocked for SLOCATION_RUNNER
01-09 22:18:47.768 2400 3813 D SemContextService: unlock : changeParameters
01-09 22:18:47.768 2400 3813 D SemContextManager: .changeParameters : listener = t0.e@779cc16, service=SLocation Core
01-09 22:18:47.768 2400 3341 D CAE : onGetSensorHubData(SensorHubParserProvider.java:92) - onGetSensorHubData Event [event buffer len :10], AP_WAKEUP
01-09 22:18:47.768 2400 3341 I CAE : parse(SensorHubParserProvider.java:193) - buffer size = 10
01-09 22:18:47.768 2400 3341 I CAE : parse(SensorHubParserProvider.java:204) - 1, 1, 55, 0, 5, 2, 17, 0, 0, 10,
01-09 22:18:47.768 2400 3341 I CAE : parse(SLocationRunner.java:88) - SLocationRunner parse start : 3
01-09 22:18:47.768 2400 3813 D SLocation: SHardwareManager - there is no hw gps client, geofence size = 0
01-09 22:18:47.768 2400 3341 D CAE : display(ContextProvider.java:375) - ================= SLOCATION_RUNNER =================
01-09 22:18:47.769 2400 3813 I SLocation: SemContextParser - parse start : 3
01-09 22:18:47.769 2400 3813 I SLocation: SemContextParser - packet Length : 21packet total size : 26
01-09 22:18:47.769 2400 3341 I CAE : display(ContextProvider.java:391) - ExtraDataArray=[1, 1, 55, 0, 5, 2, 17, 0, 0, 10]
01-09 22:18:47.769 2400 3813 I SLocation: SemContextParser - packet : [5, 7, 2, 0, 0, 0, 0, 3, -101, 106, -120, 5, 1, 0, 0, 2, 36, 3, -101, 110, 112]
01-09 22:18:47.769 4039 4530 I RegiMgr : slot[0]: [AIRTEL VoLTE|REGISTERED] deregisterInternal: local=false reason=FlightMode On
01-09 22:18:47.769 4039 4530 I RegiMgr : slot[0]: [AIRTEL VoLTE|REGISTERED] deregisterInternal : FlightMode On(23)
01-09 22:18:47.769 2400 3913 I ActivityManager: Broadcasting: Intent { act=android.intent.action.AIRPLANE_MODE flg=0x400000 (has extras) }
01-09 22:18:47.769 2400 3813 D SLocation: GeofenceCoreManager - geofence core command pending size : 3
01-09 22:18:47.769 4039 4530 E #IMSCR : 01-09 22:18:47 0x11020002:0,DEREGI:FlightMode On:23
01-09 22:18:47.769 2400 3813 D SLocation: GeofenceCoreRecovery - removeGeofenceInfo id = 11
01-09 22:18:47.769 2400 3338 D SemContextService: Service.updateContext() : service = SLocation Core
01-09 22:18:47.769 4039 4530 I UserAgent<0>: deregister: local=false, needDelay=false
01-09 22:18:47.772 4039 4658 I VolteServiceModule: handleDeregistering xxxxx
01-09 22:18:47.772 2400 3813 D SLocation: SLocationCoreSem - send to coreSem, packet length : 3 / [17, 0, 11]
01-09 22:18:47.772 2400 3813 D SemContextLocationCoreAttribute: setAttribute() mode : 0 action : 23
01-09 22:18:47.772 2400 3813 D SemContextService: lock : changeParameters
01-09 22:18:47.772 2400 3813 D SemContext.CaeProvider.LocationCoreImpl: setAttribute() mode : 0 action : 23
01-09 22:18:47.772 2400 3813 W CAE : setCAProperty(ContextAwareService.java:509) - [setProperty 01] Mutex is locked for SLOCATION_RUNNER
01-09 22:18:47.772 2400 2400 D SemContextManager: onSemContextChanged() : event = SLocation Core
01-09 22:18:47.772 2400 2400 D SLocation: SensorHubWrapper - SemContextChanged type = 47, packet received
01-09 22:18:47.772 4039 19536 I SipTransportImpl<0>: notifyDeRegistering: AIRTEL VoLTE
01-09 22:18:47.772 2400 3341 I CAE : parse(SLocationRunner.java:96) - SLocationRunner parse end:10
01-09 22:18:47.772 2400 3813 I CAE : setPropertyValue(SLocationRunner.java:116) - SLocationRunner setProperty header : 17, len : 3
01-09 22:18:47.773 2400 3347 D SensorService: setSContextDataLocked ints length 3 , byte length 6
01-09 22:18:47.773 2400 3347 D SensorService: setSContextDataLocked 113717c1
01-09 22:18:47.773 1507 1507 I sensors-hal: inject_sensor_data:407, handle 1501 send inject
01-09 22:18:47.773 1507 1507 I sensors-hal: sendContextData:288, sensor hal 6, (0xc1, 0x17, 0x37, 0x11)
01-09 22:18:47.773 1507 1507 E sensors-hal: sendContextData:133, slocationcore h 193 m 23 s 55
01-09 22:18:47.773 1507 1507 I sensors-hal: sendUserData:119, slocationcore sendUserData
01-09 22:18:47.773 1507 1507 E sensors-hal: create_send_context_data:64, slocationcore create_send_context_data
01-09 22:18:47.773 1507 1507 I sensors-hal: send_context_data:694, slocationcore, 4986366670857974562, 1320970896291267344, msgid:700
01-09 22:18:47.773 1500 1523 D vendor.qti.hardware.bttpi-impl: setAirplaneMode: state:1
01-09 22:18:47.773 1500 1523 D vendor.qti.hardware.bttpi-impl: sendDataToController:
01-09 22:18:47.773 1500 1523 D vendor.qti.hardware.bttpi-impl: sendDataToController: sending VS cmd, starting timer
01-09 22:18:47.773 1500 1523 D vendor.qti.hardware.bttpi-impl: BtTpiTimerStart: is_timer_created=1
01-09 22:18:47.773 1500 1523 D vendor.qti.bluetooth@1.1-data_handler: SendBtTpiData
01-09 22:18:47.773 1500 1523 D vendor.qti.bluetooth@1.1-data_handler: isProtocolInitialized:
01-09 22:18:47.773 1500 1523 I vendor.qti.bluetooth@1.1-data_handler: isProtocolInitialized: status:1
01-09 22:18:47.773 1500 1523 D vendor.qti.bluetooth@1.1-ibs_handler: SerialClockVote: vote for UART CLK ON
01-09 22:18:47.774 1507 3343 I sensors-hal: qsh_conn_resp_cb:930, resp_value = 0 for slocationcore
01-09 22:18:47.774 1507 3343 I sensors-hal: qsh_conn_event_cb:890, event[0] sensor:slocationcore Wakeup, msg_id=1025, ts=20690065666
01-09 22:18:47.774 1507 3343 E sensors-hal: handle_sns_client_event:78, slocationcore_event: msgid:1025
01-09 22:18:47.774 2400 3813 W CAE : setCAProperty(ContextAwareService.java:515) - [setProperty 02] Mutex is unlocked for SLOCATION_RUNNER
01-09 22:18:47.774 2400 3813 D SemContextService: unlock : changeParameters
01-09 22:18:47.774 2400 3813 D SemContextManager: .changeParameters : listener = t0.e@779cc16, service=SLocation Core
01-09 22:18:47.774 2400 3813 D SLocation: GeofenceCoreManager - geofence core command pending size : 2
01-09 22:18:47.774 2400 3813 D SLocation: GeofenceCoreRecovery - removeGeofenceInfo id = 12
01-09 22:18:47.774 2400 3813 D SLocation: SLocationCoreSem - send to coreSem, packet length : 3 / [17, 0, 12]
01-09 22:18:47.774 2400 3813 D SemContextLocationCoreAttribute: setAttribute() mode : 0 action : 23
01-09 22:18:47.774 2400 3813 D SemContextService: lock : changeParameters
01-09 22:18:47.774 2400 3813 D SemContext.CaeProvider.LocationCoreImpl: setAttribute() mode : 0 action : 23
01-09 22:18:47.774 2400 3813 W CAE : setCAProperty(ContextAwareService.java:509) - [setProperty 01] Mutex is locked for SLOCATION_RUNNER
01-09 22:18:47.774 2400 3813 I CAE : setPropertyValue(SLocationRunner.java:116) - SLocationRunner setProperty header : 17, len : 3
01-09 22:18:47.774 4039 4646 I StackIF : deregister: handle 4472
01-09 22:18:47.774 2400 3347 D SensorService: setSContextDataLocked ints length 3 , byte length 6
01-09 22:18:47.774 2400 3347 D SensorService: setSContextDataLocked 113717c1
01-09 22:18:47.774 4039 4646 I SECIMSJ : [0121]> 92
01-09 22:18:47.774 2400 3913 I ActivityManager: Enqueued broadcast Intent { act=android.intent.action.AIRPLANE_MODE flg=0x400000 (has extras) }: 0
01-09 22:18:47.774 4039 4646 I UserAgent[0]: setDestState to : DEREGISTERING
01-09 22:18:47.774 1507 1507 I sensors-hal: inject_sensor_data:407, handle 1501 send inject
01-09 22:18:47.774 1507 1507 I sensors-hal: sendContextData:288, sensor hal 6, (0xc1, 0x17, 0x37, 0x11)
01-09 22:18:47.774 1507 1507 E sensors-hal: sendContextData:133, slocationcore h 193 m 23 s 55
01-09 22:18:47.774 1507 1507 I sensors-hal: sendUserData:119, slocationcore sendUserData
01-09 22:18:47.774 1507 1507 E sensors-hal: create_send_context_data:64, slocationcore create_send_context_data
01-09 22:18:47.774 1507 1507 I sensors-hal: send_context_data:694, slocationcore, 4986366670857974562, 1320970896291267344, msgid:700
01-09 22:18:47.774 4039 4646 I UserAgent<0>: DeregisteringState enter.
01-09 22:18:47.775 1507 3343 I sensors-hal: qsh_conn_resp_cb:930, resp_value = 0 for slocationcore
01-09 22:18:47.775 2400 3403 D CompatibilityChangeReporter: Compat change id reported: 161252188; UID 10172; state: DISABLED
01-09 22:18:47.775 1507 3343 I sensors-hal: qsh_conn_event_cb:890, event[0] sensor:slocationcore Wakeup, msg_id=1025, ts=20690091444
01-09 22:18:47.775 1507 3343 E sensors-hal: handle_sns_client_event:78, slocationcore_event: msgid:1025
01-09 22:18:47.775 2400 3813 W CAE : setCAProperty(ContextAwareService.java:515) - [setProperty 02] Mutex is unlocked for SLOCATION_RUNNER
01-09 22:18:47.775 2400 3813 D SemContextService: unlock : changeParameters
01-09 22:18:47.775 2400 3813 D SemContextManager: .changeParameters : listener = t0.e@779cc16, service=SLocation Core
01-09 22:18:47.775 2400 3813 D SLocation: GeofenceCoreManager - geofence core command pending size : 1
01-09 22:18:47.775 2400 3813 D SLocation: GeofenceCoreManager - unregisterSLocationCore geofence
01-09 22:18:47.775 2400 3813 D SLocation: GeofenceCoreRecovery - reset recovery of geofence info / 2
01-09 22:18:47.775 2400 3813 D SLocation: GeofenceCoreManager - received Extra Data from core, len : 21
01-09 22:18:47.775 2400 3813 D SLocation: CommonCoreManager - received Extra Data from core, len : 21
01-09 22:18:47.775 2400 3813 I SLocation: SemContextParser - parse start : 3
01-09 22:18:47.775 2400 3813 I SLocation: SemContextParser - packet Length : 5packet total size : 10
01-09 22:18:47.775 2400 3813 I SLocation: SemContextParser - packet : [2, 17, 0, 0, 10]
01-09 22:18:47.775 2400 3813 D SLocation: CommonCoreManager - received Extra Data from core, len : 5
01-09 22:18:47.775 2400 3291 D BluetoothAdapter: isLeEnabled(): ON
01-09 22:18:47.776 4039 4653 I StackIF : processMessage 3
01-09 22:18:47.776 4039 4653 I StackIF : Processing Notify
01-09 22:18:47.776 4039 4653 I SECIMSJ : [UNSL]< 10003
01-09 22:18:47.776 4039 4653 I StackIF : processNotify: id 10003
01-09 22:18:47.776 1500 1523 D vendor.qti.bluetooth@1.1-wake_lock: Acquire wakelock is acquired
01-09 22:18:47.776 1500 1523 I vendor.qti.bluetooth@1.1-ibs_handler: DeviceWakeUp: Writing IBS_WAKE_IND
01-09 22:18:47.776 3670 3670 D SettingsHelper: onChange() COMPLETED elapsed= 2
01-09 22:18:47.777 2400 6444 I Telecom:SamsungTelecomServiceImpl: isInCall - callingPackage : com.android.systemui / callingUser : UserHandle{0} / hasCrossUserAccess : true
01-09 22:18:47.777 3670 3670 W Settings: Setting airplane_mode_on has moved from android.provider.Settings.System to android.provider.Settings.Global, returning read-only global URI.
01-09 22:18:47.778 3670 3670 D MultiSIMController: onChanged() - airplane_mode : true
01-09 22:18:47.779 9494 9494 D CarrierDefaultBroadcastReceiver: onReceive intent: android.telephony.action.CARRIER_SIGNAL_RESET
01-09 22:18:47.779 2400 3291 I BluetoothAirplaneModeListener: Ignore airplane mode change
01-09 22:18:47.779 2400 2400 D WifiConnectivityMonitor: AIRPLANE_MODE_CHANGED
01-09 22:18:47.780 2400 3341 D CAE : onGetSensorHubData(SensorHubParserProvider.java:92) - onGetSensorHubData Event [event buffer len :10], AP_WAKEUP
01-09 22:18:47.780 2400 3341 I CAE : parse(SensorHubParserProvider.java:193) - buffer size = 10
01-09 22:18:47.780 2400 3341 I CAE : parse(SensorHubParserProvider.java:204) - 1, 1, 55, 0, 5, 2, 17, 0, 0, 11,
01-09 22:18:47.780 2400 3341 I CAE : parse(SLocationRunner.java:88) - SLocationRunner parse start : 3
01-09 22:18:47.780 2400 3341 D CAE : display(ContextProvider.java:375) - ================= SLOCATION_RUNNER =================
01-09 22:18:47.780 2400 3341 I CAE : display(ContextProvider.java:391) - ExtraDataArray=[1, 1, 55, 0, 5, 2, 17, 0, 0, 11]
01-09 22:18:47.780 2400 3341 I CAE : parse(SLocationRunner.java:96) - SLocationRunner parse end:10
01-09 22:18:47.780 2400 3341 D CAE : onGetSensorHubData(SensorHubParserProvider.java:92) - onGetSensorHubData Event [event buffer len :10], AP_WAKEUP
01-09 22:18:47.780 2400 3341 I CAE : parse(SensorHubParserProvider.java:193) - buffer size = 10
01-09 22:18:47.780 2400 3341 I CAE : parse(SensorHubParserProvider.java:204) - 1, 1, 55, 0, 5, 2, 17, 0, 0, 12,
01-09 22:18:47.780 2400 2400 I SpenGestureManagerService: Receive broadcast : android.intent.action.AIRPLANE_MODE
01-09 22:18:47.780 2400 3341 I CAE : parse(SLocationRunner.java:88) - SLocationRunner parse start : 3
01-09 22:18:47.780 2400 3341 D CAE : display(ContextProvider.java:375) - ================= SLOCATION_RUNNER =================
01-09 22:18:47.780 2400 3338 D SemContextService: Service.updateContext() : service = SLocation Core
01-09 22:18:47.780 2400 3341 I CAE : display(ContextProvider.java:391) - ExtraDataArray=[1, 1, 55, 0, 5, 2, 17, 0, 0, 12]
01-09 22:18:47.781 2400 3341 I CAE : parse(SLocationRunner.java:96) - SLocationRunner parse end:10
01-09 22:18:47.781 4039 4653 I SIPMSG[0]: [-->] REGISTER sip:ims.mnc092.mcc404.3gppnetwork.org SIP/2.0 [CSeq: 4 REGISTER]
01-09 22:18:47.781 9494 9494 D CarrierDefaultBroadcastReceiver: apply carrier action idx: 6
01-09 22:18:47.781 9494 9494 D CarrierActionUtils: onCancelAllNotifications
01-09 22:18:47.781 1500 4905 I vendor.qti.bluetooth@1.1-ibs_handler: ProcessIbsCmd: Received IBS_WAKE_ACK: 0xFC
01-09 22:18:47.781 1500 4905 I vendor.qti.bluetooth@1.1-ibs_handler: ProcessIbsCmd: Signal wack_cond_
01-09 22:18:47.781 2400 2400 W ContextImpl: Calling a method in the system process without a qualified user: android.app.ContextImpl.sendBroadcast:1281 com.android.server.smartclip.SpenGestureManagerService$1.onReceive:318 android.app.LoadedApk$ReceiverDispatcher$Args.lambda$getRunnable$0:1911 android.app.LoadedApk$ReceiverDispatcher$Args.$r8$lambda$gDuJqgxY6Zb-ifyeubKeivTLAwk:0 android.app.LoadedApk$ReceiverDispatcher$Args$$ExternalSyntheticLambda0.run:2
01-09 22:18:47.781 2400 3540 D WifiConnectivityMonitor: Update Wcm settings CurrentState=com.samsung.android.server.wifi.SemWifiConnectivityMonitor$Level1State@c1c1fc5
01-09 22:18:47.781 9494 9494 D CarrierDefaultBroadcastReceiver: apply carrier action idx: 8
01-09 22:18:47.781 9494 9494 D CarrierActionUtils: onDisableDefaultURLHandler
01-09 22:18:47.781 1500 1523 D vendor.qti.bluetooth@1.1-ibs_handler: DeviceWakeUp: Unblocked from waiting for FC, pthread_cond_timedwait ret = 0
01-09 22:18:47.782 1500 1523 D vendor.qti.hardware.bttpi-impl: sendDataToController: Command is sent
01-09 22:18:47.782 2400 2400 D SemContextManager: onSemContextChanged() : event = SLocation Core
01-09 22:18:47.782 2400 2400 D SLocation: SensorHubWrapper - SemContextChanged type = 47, packet received
01-09 22:18:47.782 4039 4530 I ResipRawSipHandler: handleMessage: event: 200
01-09 22:18:47.782 2400 5682 D PackageManager: setEnabledSetting : userId = 0 packageName = com.android.carrierdefaultapp cmp = com.android.carrierdefaultapp.URLHandlerActivity newState = 2 callingPackage = com.android.carrierdefaultapp
01-09 22:18:47.782 2400 3813 I SLocation: SemContextParser - parse start : 3
01-09 22:18:47.782 2400 3813 I SLocation: SemContextParser - packet Length : 5packet total size : 10
01-09 22:18:47.782 2400 3813 I SLocation: SemContextParser - packet : [2, 17, 0, 0, 11]
01-09 22:18:47.782 2400 3813 D SLocation: CommonCoreManager - received Extra Data from core, len : 5
01-09 22:18:47.782 2400 2400 D SLocation: DeviceStatusNotiManager - broadcastReceiver.onReceive start 1062984
01-09 22:18:47.782 2400 2400 D SLocation: DeviceStatusNotiManager - broadcastReceiver.onReceive end 1062984
01-09 22:18:47.783 1500 4905 I vendor.qti.bluetooth@1.1-ibs_handler: ProcessIbsCmd: Received IBS_WAKE_IND: 0xFD
01-09 22:18:47.783 1500 4905 I vendor.qti.bluetooth@1.1-ibs_handler: ProcessIbsCmd: Writing IBS_WAKE_ACK
01-09 22:18:47.783 2400 3813 I SLocation: DeviceStatusNotiManager - received action : android.intent.action.AIRPLANE_MODE
01-09 22:18:47.783 2400 3813 W Settings: Setting airplane_mode_on has moved from android.provider.Settings.System to android.provider.Settings.Global, returning read-only value.
01-09 22:18:47.783 1500 4905 D vendor.qti.bluetooth@1.1-data_handler: isBtTpiEvent: true
01-09 22:18:47.783 1500 4905 D vendor.qti.hardware.bttpi-impl: operator(): HCI event received. Status(0)
01-09 22:18:47.783 1500 4905 D vendor.qti.hardware.bttpi-impl: BtTpiTimerStop: is_timer_created= 1
01-09 22:18:47.784 2400 3540 D WifiConnectivityMonitor: mPoorNetworkDetectionEnabled/mUIEnabled : false/true
01-09 22:18:47.784 2400 3540 D KNOX_MDM_SettingsProvider: isChangeAllowed() : name = network_avoid_bad_wifi
01-09 22:18:47.784 4039 4530 I ResipVolteHandler: handleMessage: evt 114
01-09 22:18:47.784 2400 2400 D SemWifiApIntentHandler: rcvd:android.intent.action.AIRPLANE_MODE
01-09 22:18:47.784 2400 3540 I WifiConnectivityMonitor: determineMode : MODE_NON_SWITCHABLE_BY_POOR_NETWORK_DETECTION_DISABLED
01-09 22:18:47.784 2400 3540 D WifiConnectivityMonitor: doNotStartNSA - AirPlaneMode
01-09 22:18:47.784 2400 3538 D SemWifiTransportLayerNotificationManager: showTcpMonitorSuggestionNotification: false, null
01-09 22:18:47.784 2400 3540 D WifiConnectivityMonitor: Unregister WifiLinkQualityMonitorCallback
01-09 22:18:47.784 4039 4653 I CpAudioEngineClient: SAE_NotiInfo: SAE_NotiInfo string:
01-09 22:18:47.784 2400 3538 D SemWifiTransportLayerNotificationManager: showTcpMonitorHeadUpNotification: false, 0, null
01-09 22:18:47.784 4039 4653 I VoIpEngineProxy: NotiInfo:Sending IPC_IMS_INFO Noti
01-09 22:18:47.784 2400 3538 D SemWifiTransportLayerNotificationManager: showTcpMonitorNotification: false, 0, null
01-09 22:18:47.784 4039 4653 I OemIpcHandler: ImsNotiInfo ImsNoti send IPC :
01-09 22:18:47.784 4039 4653 I OemIpcHandler: SendOemIpcCommand: main 16 sub 0c len(108) phoneId 0
01-09 22:18:47.784 4039 4653 I OemIpcHandler: SendOemIpcCommand: Send Client 111...
01-09 22:18:47.784 2400 3540 D WifiConnectivityMonitor: ValidNonSwitchableState enter
01-09 22:18:47.784 2400 3538 D SemWifiSwitchForIndividualAppsService: clearCurrentUidBlockedList:
01-09 22:18:47.784 2400 3540 D WifiConnectivityMonitor.WifiScoreMediator: Set Wifi network that it can be default network
01-09 22:18:47.784 2400 3540 W ContextImpl: Calling a method in the system process without a qualified user: android.app.ContextImpl.sendBroadcast:1281 com.samsung.android.server.wifi.SemWifiConnectivityMonitor.sendBroadcastWCMTestResult:4 com.samsung.android.server.wifi.SemWifiConnectivityMonitor.setWifiScoreAndIcon:2 com.samsung.android.server.wifi.SemWifiConnectivityMonitor.setWifiScoreAndIcon:4 com.samsung.android.server.wifi.SemWifiConnectivityMonitor.-$$Nest$msetWifiScoreAndIcon:1
01-09 22:18:47.784 2400 3536 D SemWifiTransportLayerMonitor.TcpMonitorHandler: MSG_SAVE_FILES
01-09 22:18:47.784 2400 3536 D SemWifiTransportLayerFileManager: saveWifiPackageInfoToFile
01-09 22:18:47.784 2400 3536 D SemWifiTransportLayerFileManager: writeWifiPackageInfoList
01-09 22:18:47.784 2400 3490 D SemSoftApManager: isAirplaneMode:true
01-09 22:18:47.784 2400 3490 I SemSoftApManager: CMD_AIRPLANE_TOGGLED true,isMobileApOn():falsegetWifiSavedState 0
01-09 22:18:47.784 2400 3490 D SemWifiApSmartClient: isAirplaneMode:true
01-09 22:18:47.785 2400 3514 I SemWifiLinkQualityMonitor: LQ callback unregistered
01-09 22:18:47.785 4039 4653 I [IMS6.0]: IMS_onResponse()
01-09 22:18:47.785 4039 4653 I StackIF : processMessage 2
01-09 22:18:47.785 4039 4653 I StackIF : Processing Response
01-09 22:18:47.785 4039 4653 I SECIMSJ : [0121]< 104
01-09 22:18:47.785 4039 4653 I StackIF : processResponse: reqId 104
01-09 22:18:47.785 4039 4653 I StackIF : processResponse: handle 4472 result 0 reason 0
01-09 22:18:47.785 2400 3540 D WifiConnectivityMonitor: Sent WIFI_CONNECTIVITY_TEST_REPORT_ACTION valid = true forced = false
01-09 22:18:47.785 2400 3540 D WifiConnectivityMonitor: changeWifiIcon - Icon change request ignored : DUPLICATED_REQUEST
01-09 22:18:47.785 2400 3540 D WifiConnectivityMonitor: setLinkDetectMode : 1
01-09 22:18:47.785 2400 2400 D KNOX_MDM_SettingsProvider: isChangeAllowed() : name = wifi_on
01-09 22:18:47.785 4039 4653 I CpAudioEngineClient: SAE_SignalingInfo: Entry
01-09 22:18:47.785 4039 4653 I CpAudioEngineClient: SAE_SignalingInfo[0]: mode : 1, priority : 255, msgType : 4
01-09 22:18:47.785 4039 4653 I VoIpEngineProxy: Sending IPC_IMS_SIGNALLING
01-09 22:18:47.785 4039 4653 I QmiOemIPCHandler: ImsSignalingInfo:
01-09 22:18:47.785 4039 4653 I OemIpcHandler: SendOemIpcCommandForQmi: phoneId[0] main 02 sub 80 paramLen 01
01-09 22:18:47.785 4039 4653 I OemIpcHandler: ============
01-09 22:18:47.785 4039 4653 I OemIpcHandler: pkt[0] = 2
01-09 22:18:47.785 4039 4653 I OemIpcHandler: pkt[1] = 80
01-09 22:18:47.785 4039 4653 I OemIpcHandler: pkt[2] = 0
01-09 22:18:47.785 4039 4653 I OemIpcHandler: pkt[3] = 5
01-09 22:18:47.785 4039 4653 I OemIpcHandler: pkt[4] = 4
01-09 22:18:47.785 4039 4653 I OemIpcHandler: ============
01-09 22:18:47.785 4039 4653 I OemIpcHandler: IPC counter[57]
01-09 22:18:47.785 4039 4653 I OemIpcHandler: SendOemIpcCommandForQmi: Send Client 111...
01-09 22:18:47.785 4039 4653 E #IMSCR : 01-09 22:18:47 0x40100000:300
01-09 22:18:47.785 4039 4655 I reSIProcate: INFO | RESIP:TRANSPORT | TransportSelector.cxx:1509 | Transmitting to port:6000 tlsDomain=[xxxx] via port:6400
01-09 22:18:47.785 4039 4655 I reSIProcate: SipReq: REGISTER xxxx tid=29b752b7db524bc0 cseq=4 REGISTER contact=xxxx@[xxxx]:6400 / 4 from(tu)sigcomp id=
01-09 22:18:47.785 4039 4646 I UserAgent<0>: DeregisteringState EVENT_DEREGISTER_COMPELETE
01-09 22:18:47.785 2400 3489 I SemWifiBackOff.Fcc: setFccChannelBackOff: enabled
01-09 22:18:47.786 2400 3378 I ConnectivityService: Update score for net 107 : +YIELD_TO_BAD_WIFI
01-09 22:18:47.786 2400 3378 I ConnectivityService: Update score for net 108 : +YIELD_TO_BAD_WIFI
01-09 22:18:47.786 2400 3378 D ConnectivityService: unregister offer from providerId 2 : NetworkOffer [ Provider Id (2) Score(Policies : EVER_EVALUATED&IS_UNMETERED ; KeepConnected : 0) Caps [ Transports: WIFI_AWARE Capabilities: NOT_METERED&NOT_RESTRICTED&TRUSTED&NOT_VPN&NOT_ROAMING&NOT_CONGESTED&NOT_VCN_MANAGED LinkUpBandwidth>=1Kbps LinkDnBandwidth>=1Kbps Specifier: SignalStrength: 1 UnderlyingNetworks: Null] Needed by []]
01-09 22:18:47.786 2400 3378 D ConnectivityService: update offer from providerId 2 new : NetworkOffer [ Provider Id (2) Score(Policies : EVER_EVALUATED&IS_UNMETERED ; KeepConnected : 0) Caps [ Transports: WIFI_AWARE Capabilities: NOT_METERED&NOT_RESTRICTED&TRUSTED&NOT_VPN&NOT_ROAMING&NOT_CONGESTED&NOT_VCN_MANAGED LinkUpBandwidth>=1Kbps LinkDnBandwidth>=1Kbps Specifier: SignalStrength: 1 UnderlyingNetworks: Null] Needed by []]
01-09 22:18:47.786 2400 3378 D ConnectivityService: unregister offer from providerId 3 : NetworkOffer [ Provider Id (3) Score(Policies : TRANSPORT_PRIMARY&EVER_EVALUATED&IS_UNMETERED&EVER_VALIDATED&IS_VALIDATED ; KeepConnected : 0) Caps [ Transports: CELLULAR Capabilities: MMS&SUPL&DUN&FOTA&IMS&CBS&IA&RCS&XCAP&EIMS&INTERNET&NOT_RESTRICTED&TRUSTED&NOT_VPN&MCX&NOT_VCN_MANAGED UnderlyingNetworks: Null] Needed by [2]]
01-09 22:18:47.786 2400 3378 D ConnectivityService: update offer from providerId 3 new : NetworkOffer [ Provider Id (3) Score(Policies : YIELD_TO_BAD_WIFI&TRANSPORT_PRIMARY&EVER_EVALUATED&IS_UNMETERED&EVER_VALIDATED&IS_VALIDATED ; KeepConnected : 0) Caps [ Transports: CELLULAR Capabilities: MMS&SUPL&DUN&FOTA&IMS&CBS&IA&RCS&XCAP&EIMS&INTERNET&NOT_RESTRICTED&TRUSTED&NOT_VPN&MCX&NOT_VCN_MANAGED UnderlyingNetworks: Null] Needed by [2]]
01-09 22:18:47.786 2400 3378 D ConnectivityService: unregister offer from providerId 4 : NetworkOffer [ Provider Id (4) Score(Policies : EVER_EVALUATED&IS_INVINCIBLE&IS_UNMETERED&EVER_VALIDATED&IS_VALIDATED ; KeepConnected : 0) Caps [ Transports: CELLULAR Capabilities: MMS&SUPL&DUN&FOTA&IMS&CBS&IA&RCS&XCAP&EIMS&INTERNET&NOT_RESTRICTED&TRUSTED&NOT_VPN&MCX&ENTERPRISE&VSIM&MMTEL&PRIORITIZE_LATENCY&PRIORITIZE_BANDWIDTH Specifier: EnterpriseId: 1&2&3&4&5 UnderlyingNetworks: Null] Needed by [108]]
01-09 22:18:47.786 4039 4655 I reSIProcate: INFO | RESIP:TRANSPORT | Connection.cxx:229 | Interface : rmnet_data2, Tried to send 2136 bytes, sent 2136 bytes
01-09 22:18:47.786 3642 3642 I PhoneGlobals: PhoneAppBroadcastReceiver. action: android.intent.action.AIRPLANE_MODE
01-09 22:18:47.786 2400 3378 D ConnectivityService: update offer from providerId 4 new : NetworkOffer [ Provider Id (4) Score(Policies : YIELD_TO_BAD_WIFI&EVER_EVALUATED&IS_INVINCIBLE&IS_UNMETERED&EVER_VALIDATED&IS_VALIDATED ; KeepConnected : 0) Caps [ Transports: CELLULAR Capabilities: MMS&SUPL&DUN&FOTA&IMS&CBS&IA&RCS&XCAP&EIMS&INTERNET&NOT_RESTRICTED&TRUSTED&NOT_VPN&MCX&ENTERPRISE&VSIM&MMTEL&PRIORITIZE_LATENCY&PRIORITIZE_BANDWIDTH Specifier: EnterpriseId: 1&2&3&4&5 UnderlyingNetworks: Null] Needed by [108]]
01-09 22:18:47.786 2400 3378 D ConnectivityService: unregister offer from providerId 6 : NetworkOffer [ Provider Id (6) Score(Policies : EVER_EVALUATED&IS_UNMETERED&EVER_VALIDATED&IS_VALIDATED ; KeepConnected : 0) Caps [ Transports: CELLULAR Capabilities: MMS&SUPL&DUN&FOTA&IMS&CBS&IA&RCS&XCAP&EIMS&INTERNET&NOT_RESTRICTED&TRUSTED&NOT_VPN&MCX&NOT_VCN_MANAGED&ENTERPRISE&VSIM&BIP&MMTEL&PRIORITIZE_LATENCY&PRIORITIZE_BANDWIDTH Specifier: EnterpriseId: 1&2&3&4&5 UnderlyingNetworks: Null] Needed by []]
01-09 22:18:47.786 2400 3378 D ConnectivityService: update offer from providerId 6 new : NetworkOffer [ Provider Id (6) Score(Policies : YIELD_TO_BAD_WIFI&EVER_EVALUATED&IS_UNMETERED&EVER_VALIDATED&IS_VALIDATED ; KeepConnected : 0) Caps [ Transports: CELLULAR Capabilities: MMS&SUPL&DUN&FOTA&IMS&CBS&IA&RCS&XCAP&EIMS&INTERNET&NOT_RESTRICTED&TRUSTED&NOT_VPN&MCX&NOT_VCN_MANAGED&ENTERPRISE&VSIM&BIP&MMTEL&PRIORITIZE_LATENCY&PRIORITIZE_BANDWIDTH Specifier: EnterpriseId: 1&2&3&4&5 UnderlyingNetworks: Null] Needed by []]
01-09 22:18:47.786 2400 3378 D ConnectivityService: unregister offer from providerId 5 : NetworkOffer [ Provider Id (5) Score(Policies : EVER_EVALUATED&IS_UNMETERED&EVER_VALIDATED&IS_VALIDATED ; KeepConnected : 0) Caps [ Transports: CELLULAR Capabilities: MMS&SUPL&DUN&FOTA&IMS&CBS&IA&RCS&XCAP&EIMS&INTERNET&NOT_RESTRICTED&TRUSTED&NOT_VPN&MCX&NOT_VCN_MANAGED&ENTERPRISE&VSIM&BIP&MMTEL&PRIORITIZE_LATENCY&PRIORITIZE_BANDWIDTH Specifier: EnterpriseId: 1&2&3&4&5 UnderlyingNetworks: Null] Needed by [2, 108]]
01-09 22:18:47.786 2400 3378 D ConnectivityService: update offer from providerId 5 new : NetworkOffer [ Provider Id (5) Score(Policies : YIELD_TO_BAD_WIFI&EVER_EVALUATED&IS_UNMETERED&EVER_VALIDATED&IS_VALIDATED ; KeepConnected : 0) Caps [ Transports: CELLULAR Capabilities: MMS&SUPL&DUN&FOTA&IMS&CBS&IA&RCS&XCAP&EIMS&INTERNET&NOT_RESTRICTED&TRUSTED&NOT_VPN&MCX&NOT_VCN_MANAGED&ENTERPRISE&VSIM&BIP&MMTEL&PRIORITIZE_LATENCY&PRIORITIZE_BANDWIDTH Specifier: EnterpriseId: 1&2&3&4&5 UnderlyingNetworks: Null] Needed by [2, 108]]
01-09 22:18:47.787 2400 3378 D ConnectivityService: unregister offer from providerId 8 : NetworkOffer [ Provider Id (8) Score(Policies : EVER_EVALUATED&IS_UNMETERED&EVER_VALIDATED&IS_VALIDATED ; KeepConnected : 0) Caps [ Transports: WIFI Capabilities: NOT_METERED&INTERNET&NOT_RESTRICTED&TRUSTED&NOT_VPN&NOT_ROAMING&NOT_CONGESTED&NOT_SUSPENDED&NOT_VCN_MANAGED LinkUpBandwidth>=1048576Kbps LinkDnBandwidth>=1048576Kbps Specifier: UnderlyingNetworks: Null] Needed by [72, 32, 26, 14, 161, 1, 236, 159, 86, 168, 74, 83, 263, 311, 136, 355, 286, 56, 30, 11, 52, 181, 221, 36, 232, 349, 143, 44, 129, 64, 133, 139, 284, 121, 373, 28, 124, 164, 70, 54, 340, 50, 201, 371, 438, 81, 115, 403, 62, 77, 230, 147, 145, 66, 93, 189, 183, 425, 48, 187, 484, 96, 34, 319, 46, 251, 42, 22, 24, 255, 38, 281, 317, 308, 89, 240, 12, 40, 386, 131, 122, 475, 118, 59, 166, 196, 292, 151, 296]]
01-09 22:18:47.787 2400 3490 D SemWifiApSmartClient: setWifiApSmartClient:false
01-09 22:18:47.787 3797 4669 W Settings: Setting wifi_on has moved from android.provider.Settings.System to android.provider.Settings.Secure, returning read-only value.
01-09 22:18:47.787 3797 4669 W Settings: Setting wifi_on has moved from android.provider.Settings.Secure to android.provider.Settings.Global.
01-09 22:18:47.787 2400 3378 D ConnectivityService: update offer from providerId 8 new : NetworkOffer [ Provider Id (8) Score(Policies : EVER_EVALUATED&IS_UNMETERED&EVER_VALIDATED&IS_VALIDATED ; KeepConnected : 0) Caps [ Transports: WIFI Capabilities: NOT_METERED&INTERNET&NOT_RESTRICTED&TRUSTED&NOT_VPN&NOT_ROAMING&NOT_CONGESTED&NOT_SUSPENDED&NOT_VCN_MANAGED LinkUpBandwidth>=1048576Kbps LinkDnBandwidth>=1048576Kbps Specifier: UnderlyingNetworks: Null] Needed by [72, 32, 26, 14, 161, 1, 236, 159, 86, 168, 74, 83, 263, 311, 136, 355, 286, 56, 30, 11, 52, 181, 221, 36, 232, 349, 143, 44, 129, 64, 133, 139, 284, 121, 373, 28, 124, 164, 70, 54, 340, 50, 201, 371, 438, 81, 115, 403, 62, 77, 230, 147, 145, 66, 93, 189, 183, 425, 48, 187, 484, 96, 34, 319, 46, 251, 42, 22, 24, 255, 38, 281, 317, 308, 89, 240, 12, 40, 386, 131, 122, 475, 118, 59, 166, 196, 292, 151, 296]]
01-09 22:18:47.787 2400 5685 I Telecom:SamsungTelecomServiceImpl: isInEmergencyCall - callingPid : 3642 / processName : sts
01-09 22:18:47.787 2400 5685 I Telecom : : isInEmergencyCall: false: TSI.iIEC@BNI
01-09 22:18:47.787 2400 3490 D KNOX_MDM_SettingsProvider: isChangeAllowed() : name = wifi_client_smart_tethering_settings
01-09 22:18:47.787 2400 3378 D ConnectivityService: unregister offer from providerId 9 : NetworkOffer [ Provider Id (9) Score(Policies : EVER_EVALUATED&IS_INVINCIBLE&IS_UNMETERED&EVER_VALIDATED&IS_VALIDATED ; KeepConnected : 0) Caps [ Transports: WIFI Capabilities: NOT_METERED&INTERNET&NOT_RESTRICTED&TRUSTED&NOT_VPN&NOT_ROAMING&NOT_CONGESTED&NOT_SUSPENDED&NOT_VCN_MANAGED LinkUpBandwidth>=1048576Kbps LinkDnBandwidth>=1048576Kbps Specifier: UnderlyingNetworks: Null] Needed by [72, 32, 26, 14, 161, 1, 236, 159, 86, 168, 74, 83, 263, 311, 136, 355, 286, 56, 30, 11, 52, 181, 221, 36, 232, 349, 143, 44, 129, 64, 133, 139, 284, 121, 373, 28, 124, 164, 70, 54, 340, 50, 201, 371, 438, 81, 115, 403, 62, 77, 230, 147, 145, 66, 93, 189, 183, 425, 48, 187, 484, 96, 34, 319, 46, 251, 42, 22, 24, 255, 38, 281, 317, 308, 89, 240, 12, 40, 386, 131, 122, 475, 118, 59, 166, 196, 292, 151, 296]]
01-09 22:18:47.787 2400 3378 D ConnectivityService: update offer from providerId 9 new : NetworkOffer [ Provider Id (9) Score(Policies : EVER_EVALUATED&IS_INVINCIBLE&IS_UNMETERED&EVER_VALIDATED&IS_VALIDATED ; KeepConnected : 0) Caps [ Transports: WIFI Capabilities: NOT_METERED&INTERNET&NOT_RESTRICTED&TRUSTED&NOT_VPN&NOT_ROAMING&NOT_CONGESTED&NOT_SUSPENDED&NOT_VCN_MANAGED LinkUpBandwidth>=1048576Kbps LinkDnBandwidth>=1048576Kbps Specifier: UnderlyingNetworks: Null] Needed by [72, 32, 26, 14, 161, 1, 236, 159, 86, 168, 74, 83, 263, 311, 136, 355, 286, 56, 30, 11, 52, 181, 221, 36, 232, 349, 143, 44, 129, 64, 133, 139, 284, 121, 373, 28, 124, 164, 70, 54, 340, 50, 201, 371, 438, 81, 115, 403, 62, 77, 230, 147, 145, 66, 93, 189, 183, 425, 48, 187, 484, 96, 34, 319, 46, 251, 42, 22, 24, 255, 38, 281, 317, 308, 89, 240, 12, 40, 386, 131, 122, 475, 118, 59, 166, 196, 292, 151, 296]]
01-09 22:18:47.787 3642 3642 I PhoneGlobals: isCellOffInAirplaneMode, airplaneModeRadios: cell,bluetooth,uwb,wifi,wimax
01-09 22:18:47.787 3797 4669 I EPDG -- [EpdgSettingObserver]: EpdgSettingObserver - wifi on changed 2
01-09 22:18:47.787 3642 3642 I PhoneGlobals: Turning radio off - airplane
01-09 22:18:47.787 2400 3378 D ConnectivityService: unregister offer from providerId 10 : NetworkOffer [ Provider Id (10) Score(Policies : EVER_EVALUATED&IS_INVINCIBLE&IS_UNMETERED&EVER_VALIDATED&IS_VALIDATED ; KeepConnected : 0) Caps [ Transports: WIFI Capabilities: NOT_METERED&INTERNET&TRUSTED&NOT_VPN&NOT_ROAMING&NOT_CONGESTED&NOT_SUSPENDED&NOT_VCN_MANAGED LinkUpBandwidth>=1048576Kbps LinkDnBandwidth>=1048576Kbps Specifier: UnderlyingNetworks: Null] Needed by []]
01-09 22:18:47.787 2400 3378 D ConnectivityService: update offer from providerId 10 new : NetworkOffer [ Provider Id (10) Score(Policies : EVER_EVALUATED&IS_INVINCIBLE&IS_UNMETERED&EVER_VALIDATED&IS_VALIDATED ; KeepConnected : 0) Caps [ Transports: WIFI Capabilities: NOT_METERED&INTERNET&TRUSTED&NOT_VPN&NOT_ROAMING&NOT_CONGESTED&NOT_SUSPENDED&NOT_VCN_MANAGED LinkUpBandwidth>=1048576Kbps LinkDnBandwidth>=1048576Kbps Specifier: UnderlyingNetworks: Null] Needed by []]
01-09 22:18:47.787 2400 5685 D KNOX_MDM_SettingsProvider: isChangeAllowed() : name = cell_on
01-09 22:18:47.787 2400 3378 D ConnectivityService: unregister offer from providerId 11 : NetworkOffer [ Provider Id (11) Score(Policies : EVER_EVALUATED&IS_INVINCIBLE&IS_UNMETERED&EVER_VALIDATED&IS_VALIDATED ; KeepConnected : 0) Caps [ Transports: WIFI Capabilities: NOT_METERED&INTERNET&NOT_RESTRICTED&TRUSTED&NOT_VPN&NOT_ROAMING&NOT_CONGESTED&NOT_SUSPENDED&OEM_PAID&OEM_PRIVATE&NOT_VCN_MANAGED LinkUpBandwidth>=1048576Kbps LinkDnBandwidth>=1048576Kbps Specifier: UnderlyingNetworks: Null] Needed by [72, 32, 26, 14, 161, 1, 236, 159, 86, 168, 74, 83, 263, 311, 136, 355, 286, 56, 30, 11, 52, 181, 221, 36, 232, 349, 143, 44, 129, 64, 133, 139, 284, 121, 373, 28, 124, 164, 70, 54, 340, 50, 201, 371, 438, 81, 115, 403, 62, 77, 230, 147, 145, 66, 93, 189, 183, 425, 48, 187, 484, 96, 34, 319, 46, 251, 42, 22, 24, 255, 38, 281, 317, 308, 89, 240, 12, 40, 386, 131, 122, 475, 118, 59, 166, 196, 292, 151, 296]]
01-09 22:18:47.787 2400 3378 D ConnectivityService: update offer from providerId 11 new : NetworkOffer [ Provider Id (11) Score(Policies : EVER_EVALUATED&IS_INVINCIBLE&IS_UNMETERED&EVER_VALIDATED&IS_VALIDATED ; KeepConnected : 0) Caps [ Transports: WIFI Capabilities: NOT_METERED&INTERNET&NOT_RESTRICTED&TRUSTED&NOT_VPN&NOT_ROAMING&NOT_CONGESTED&NOT_SUSPENDED&OEM_PAID&OEM_PRIVATE&NOT_VCN_MANAGED LinkUpBandwidth>=1048576Kbps LinkDnBandwidth>=1048576Kbps Specifier: UnderlyingNetworks: Null] Needed by [72, 32, 26, 14, 161, 1, 236, 159, 86, 168, 74, 83, 263, 311, 136, 355, 286, 56, 30, 11, 52, 181, 221, 36, 232, 349, 143, 44, 129, 64, 133, 139, 284, 121, 373, 28, 124, 164, 70, 54, 340, 50, 201, 371, 438, 81, 115, 403, 62, 77, 230, 147, 145, 66, 93, 189, 183, 425, 48, 187, 484, 96, 34, 319, 46, 251, 42, 22, 24, 255, 38, 281, 317, 308, 89, 240, 12, 40, 386, 131, 122, 475, 118, 59, 166, 196, 292, 151, 296]]
01-09 22:18:47.787 2400 3378 D ConnectivityService: unregister offer from providerId 12 : NetworkOffer [ Provider Id (12) Score(Policies : EVER_EVALUATED&IS_INVINCIBLE&IS_UNMETERED&EVER_VALIDATED&IS_VALIDATED ; KeepConnected : 0) Caps [ Transports: WIFI Capabilities: NOT_METERED&INTERNET&NOT_RESTRICTED&TRUSTED&NOT_VPN&NOT_ROAMING&NOT_CONGESTED&NOT_SUSPENDED&NOT_VCN_MANAGED LinkUpBandwidth>=1048576Kbps LinkDnBandwidth>=1048576Kbps Specifier: UnderlyingNetworks: Null] Needed by [72, 32, 26, 14, 161, 1, 236, 159, 86, 168, 74, 83, 263, 311, 136, 355, 286, 56, 30, 11, 52, 181, 221, 36, 232, 349, 143, 44, 129, 64, 133, 139, 284, 121, 373, 28, 124, 164, 70, 54, 340, 50, 201, 371, 438, 81, 115, 403, 62, 77, 230, 147, 145, 66, 93, 189, 183, 425, 48, 187, 484, 96, 34, 319, 46, 251, 42, 22, 24, 255, 38, 281, 317, 308, 89, 240, 12, 40, 386, 131, 122, 475, 118, 59, 166, 196, 292, 151, 296]]
01-09 22:18:47.787 4021 9891 I txpwradmin:SettingsObserver: onChange for uri = content://settings/global/wifi_on
01-09 22:18:47.787 2400 3378 D ConnectivityService: update offer from providerId 12 new : NetworkOffer [ Provider Id (12) Score(Policies : EVER_EVALUATED&IS_INVINCIBLE&IS_UNMETERED&EVER_VALIDATED&IS_VALIDATED ; KeepConnected : 0) Caps [ Transports: WIFI Capabilities: NOT_METERED&INTERNET&NOT_RESTRICTED&TRUSTED&NOT_VPN&NOT_ROAMING&NOT_CONGESTED&NOT_SUSPENDED&NOT_VCN_MANAGED LinkUpBandwidth>=1048576Kbps LinkDnBandwidth>=1048576Kbps Specifier: UnderlyingNetworks: Null] Needed by [72, 32, 26, 14, 161, 1, 236, 159, 86, 168, 74, 83, 263, 311, 136, 355, 286, 56, 30, 11, 52, 181, 221, 36, 232, 349, 143, 44, 129, 64, 133, 139, 284, 121, 373, 28, 124, 164, 70, 54, 340, 50, 201, 371, 438, 81, 115, 403, 62, 77, 230, 147, 145, 66, 93, 189, 183, 425, 48, 187, 484, 96, 34, 319, 46, 251, 42, 22, 24, 255, 38, 281, 317, 308, 89, 240, 12, 40, 386, 131, 122, 475, 118, 59, 166, 196, 292, 151, 296]]
01-09 22:18:47.787 2400 3356 D WifiController: Airplane mode toggled
01-09 22:18:47.787 2400 5685 D KNOX_MDM_SettingsProvider: isChangeAllowed() : name = enable_cellular_on_boot
01-09 22:18:47.787 2400 3490 D SemWifiApSmartD2DMHS: isAirplaneMode:true
01-09 22:18:47.788 2400 5015 D KNOX_MDM_SettingsProvider: isChangeAllowed() : name = wifi_ap_smart_d2d_mhs
01-09 22:18:47.788 2400 5015 I SemWifiApSmartUtil: update has been called from:D2DMHS ClearLocalResults
01-09 22:18:47.788 2400 3378 D ConnectivityService: Rematched networks [computed 0ms] [applied 1ms] [issued 0]
01-09 22:18:47.788 2400 3378 D ConnectivityService: NetworkReassignment : no changes
01-09 22:18:47.788 2400 3378 D ConnectivityService: updateNetworkScore for [101 WIFI] to Score(Policies : 4)
01-09 22:18:47.788 2024 2024 I wificond: Regulatory domain changed to country: IN on wiphy_index: 0
01-09 22:18:47.788 2024 2024 I wificond: UpdateBandInfo
01-09 22:18:47.788 2400 6796 D WifiNl80211Manager: OnRegDomainChanged IN
01-09 22:18:47.788 2400 6796 D WifiNative: onCountryCodeChanged: IN
01-09 22:18:47.787 4039 4638 E RegiObsMgr: onChange: content://settings/global/wifi_on => match [-1]
01-09 22:18:47.789 4021 9891 D txpwrJni: sendRadioStatus start
01-09 22:18:47.789 2400 3378 D ConnectivityService: Rematched networks [computed 0ms] [applied 0ms] [issued 1]
01-09 22:18:47.789 2400 3378 D ConnectivityService: NetworkReassignment : no changes
01-09 22:18:47.790 2024 2024 I wificond: 2.4Ghz frequencies: 2412 2417 2422 2427 2432 2437 2442 2447 2452 2457 2462 2467 2472
01-09 22:18:47.790 2024 2024 I wificond: 5Ghz non-DFS frequencies: 5180 5200 5220 5240 5745 5765 5785 5805 5825
01-09 22:18:47.790 2024 2024 I wificond: 5Ghz DFS frequencies: 5260 5280 5300 5320 5500 5520 5540 5560 5580 5600 5620 5640 5660 5680 5700 5720
01-09 22:18:47.790 2024 2024 I wificond: 6Ghz frequencies:
01-09 22:18:47.790 2024 2024 I wificond: 60Ghz frequencies:
01-09 22:18:47.790 2400 3338 D SemContextService: Service.updateContext() : service = SLocation Core
01-09 22:18:47.790 2400 3490 D SemWifiApSmartBleScanner: isAirplaneMode:true
01-09 22:18:47.790 2400 3490 I SemWifiApSmartBleScanner: setBleStandAloneModeByAutohotspot false,isAutoHotspotBleSet:true
01-09 22:18:47.790 2400 3490 I BluetoothAdapter: StandAloneBleMode=false called by PID : 2400, TID : 3490 @ android
01-09 22:18:47.791 2400 3536 D SemWifiTransportLayerFileManager: saveWifiApInfoToFile
01-09 22:18:47.791 2400 3536 D SemWifiTransportLayerFileManager: writeWifiApInfoList
01-09 22:18:47.791 2400 3490 I BluetoothAdapter: disableRadio() state: ON at android
01-09 22:18:47.791 4321 4321 I wpa_supplicant: wlan0: CTRL-EVENT-REGDOM-CHANGE init=DRIVER type=COUNTRY alpha2=IN
01-09 22:18:47.791 2400 3490 D SecContentProvider: query(), uri = 3 selection = isBLEAllowed
01-09 22:18:47.791 2400 3490 D SecContentProvider: called from android.uid.system:1000
01-09 22:18:47.791 2400 3536 D SemWifiTransportLayerFileManager: saveSwitchEnabledUidListToFile
01-09 22:18:47.791 2400 3536 D SemWifiTransportLayerFileManager: writeSwitchEnabledUidInfoList -
01-09 22:18:47.791 2400 3490 I SemWifiApSmartBleScanner: setBleStandAloneModeByAutohotspot result:false,isAutoHotspotBleSet:false
01-09 22:18:47.791 2400 3536 D SemWifiTransportLayerFileManager: writeSwitchEnabledUidInfoList -
01-09 22:18:47.791 2400 3490 I SemWifiApSmartBleScanner: AirplaneMode changed. sendBroadcastForMDE
01-09 22:18:47.791 2400 5009 D BluetoothAdapter: getBleEnabledArray(): ON
01-09 22:18:47.791 2400 5009 D BluetoothLeScanner: Stop Scan with callback
01-09 22:18:47.791 2400 5003 I SemWifiApSmartMHS: Message is:STOP_ADVERTISE,isAdveretizing:false
01-09 22:18:47.791 2400 5003 D BluetoothAdapter: semIsBleEnabled(): ON
01-09 22:18:47.791 2400 5003 D SemWifiApSmartBleScanner: unregisterAutoHotspotGattServer,isBleON:true,isStandAloneMode:false
01-09 22:18:47.791 2400 5003 D SemWifiApSmartGattServer: trying to close mGattServer and remove mGattService
01-09 22:18:47.791 2400 3490 D SemWifiApSmartD2DClient: isAirplaneMode:true
01-09 22:18:47.791 2400 3540 D WifiConnectivityMonitor: doNotStartNSA - AirPlaneMode
01-09 22:18:47.792 2400 11785 W ContextImpl: Calling a method in the system process without a qualified user: android.app.ContextImpl.sendBroadcast:1281 com.samsung.android.server.wifi.ap.SemWifiApUtils$2.run:24 java.lang.Thread.run:1012
01-09 22:18:47.792 2400 11785 E ActivityManager: Sending non-protected broadcast com.samsung.intent.action.MDE_SUGGESTION_NOTIFY from system 2400:system/1000 pkg android
01-09 22:18:47.792 2400 11785 E ActivityManager: java.lang.Throwable
01-09 22:18:47.792 2400 11785 E ActivityManager: at com.android.server.am.ActivityManagerService.checkBroadcastFromSystem(ActivityManagerService.java:17011)
01-09 22:18:47.792 2400 11785 E ActivityManager: at com.android.server.am.ActivityManagerService.broadcastIntentLockedTraced(ActivityManagerService.java:17956)
01-09 22:18:47.792 2400 11785 E ActivityManager: at com.android.server.am.ActivityManagerService.broadcastIntentLocked(ActivityManagerService.java:17099)
01-09 22:18:47.792 2400 11785 E ActivityManager: at com.android.server.am.ActivityManagerService.broadcastIntentLocked(ActivityManagerService.java:17076)
01-09 22:18:47.792 2400 11785 E ActivityManager: at com.android.server.am.ActivityManagerService.broadcastIntentWithFeature(ActivityManagerService.java:18183)
01-09 22:18:47.792 2400 11785 E ActivityManager: at android.app.ContextImpl.sendBroadcast(ContextImpl.java:1285)
01-09 22:18:47.792 2400 11785 E ActivityManager: at com.samsung.android.server.wifi.ap.SemWifiApUtils$2.run(SemWifiApUtils.java:24)
01-09 22:18:47.792 2400 11785 E ActivityManager: at java.lang.Thread.run(Thread.java:1012)
