01-09 22:18:47.857 3797 4669 I EPDG -- SIM0 [EpdgSubScription]: getHandoverEnableSetting: true
01-09 22:18:47.857 3797 4669 I EPDG -- SIM0 [UTILS]: getSubIdFromSpecifier() : specifier null
01-09 22:18:47.857 3797 4669 I EPDG -- SIM0 [UTILS]: getSubIdFromSpecifier() : return : 3
01-09 22:18:47.857 3797 4669 I EPDG -- SIM0 [UTILS]: getNetworkForType: subIdFromSpecifier: 3
01-09 22:18:47.857 3797 4669 I EPDG -- SIM0 [UTILS]: getSubIdFromSpecifier() : return : 3
01-09 22:18:47.857 3797 4669 I EPDG -- SIM0 [UTILS]: getNetworkForType: subIdFromSpecifier: 3
01-09 22:18:47.857 3797 4669 I EPDG -- SIM0 [UTILS]: getNetworkForType: returning Network for type: 11
01-09 22:18:47.858 3797 4669 I EPDG -- SIM0 [UTILS]: getNetworkInfo: returning networkInfo [type: MOBILE[IWLAN], state: CONNECTED/CONNECTED, reason: (unspecified), extra: IMS, failover: false, available: true, roaming: false]
01-09 22:18:47.858 3797 4669 I EPDG -- SIM0 [EpdgSubScription]: notifyQualifiedNetworksChange to telephony
01-09 22:18:47.858 12336 12336 I [AirCmd]_BleSpenBlindChargeController: start : current phone battery temperature = 33
01-09 22:18:47.858 3670 3670 D TileServices: Couldn't find tile for ComponentInfo{com.google.android.gms/com.google.android.gms.nearby.sharing.SharingTileService}(0)
01-09 22:18:47.858 3670 3670 D TileServices: Couldn't find tile for ComponentInfo{com.samsung.android.service.aircommand/com.samsung.android.service.aircommand.remotespen.RemoteSpenTileService}(0)
01-09 22:18:47.860 12336 12336 I [AirCmd]_BleSpenBlindChargeController: reserveCharge : WakeLock acquire 60secs
01-09 22:18:47.860 16968 16968 I BCMGR[11.1.01.11]: BeaconService] AirPlaneReceiver - ACTION_AIRPLANE_MODE_CHANGED true, when nearby ON
01-09 22:18:47.860 2400 5684 D KNOX_MDM_SettingsProvider: isChangeAllowed() : name = nearby_scanning_enabled
01-09 22:18:47.860 2400 5684 D KNOX_MDM_SettingsProvider: edmUri: content://com.sec.knox.provider/RestrictionPolicy3
01-09 22:18:47.860 2400 5684 D KNOX_MDM_SettingsProvider: projectionArgs: isSettingsChangesAllowed
01-09 22:18:47.860 2400 5684 D KNOX_MDM_SettingsProvider: selectionArgs: false
01-09 22:18:47.860 2400 5684 D KNOX_MDM_SettingsProvider: selectionArgs: 5006
01-09 22:18:47.860 2400 5684 D SecContentProvider: query(), uri = 17 selection = isSettingsChangesAllowed
01-09 22:18:47.860 2400 5684 D SecContentProvider: called from android.uid.bcmgr:5006
01-09 22:18:47.861 2400 5684 D RestrictionPolicy: isSettingsChangesAllowedAsUser, userId 0 : true
01-09 22:18:47.861 12336 12336 I [AirCmd]_SpenBlindChargeService: onStartCommand
01-09 22:18:47.861 1594 1594 I BpBinder: onLastStrongRef automatically unlinking death recipients: android.hardware.uwb.IUwbClientCallback
01-09 22:18:47.861 12336 12336 I [AirCmd]_RemoteSpenService: onDestroy
01-09 22:18:47.861 2400 5684 D KNOX_MDM_SettingsProvider: ret = 1
01-09 22:18:47.861 12336 12336 I [AirCmd]_RemoteSpenMainController: release
01-09 22:18:47.861 12336 12336 I [AirCmd]_RemoteSpenTrustAgentService: sendRevokeTrust:Action-com.samsung.android.service.aircommand.action.TRUST_AGENT_REVOKE_TRUST
01-09 22:18:47.862 12336 12336 I [AirCmd]_BatteryWidgetController: release
01-09 22:18:47.862 4050 10001 I BpBinder: onLastStrongRef automatically unlinking death recipients: android.hardware.uwb.IUwbChip
01-09 22:18:47.862 12336 12336 I [AirCmd]_BleSpenDeviceMainController: disconnect : disconnect request Trigger : null
01-09 22:18:47.862 12336 12336 I [AirCmd]_BleSpenDeviceMainController: disconnect
01-09 22:18:47.862 12336 12336 I [AirCmd]_TransactionManager: startTransaction : c
01-09 22:18:47.862 12336 12336 I [AirCmd]_Transaction: c : start : timeout=500
01-09 22:18:47.862 3797 3946 I EPDG -- SIM0 IwlanNetworkService: requestNetworkRegistrationInfo for domain 2
01-09 22:18:47.863 3797 4149 I EPDG -- SIM0 IwlanNetworkService: Calling onRequestNetworkRegistrationInfoComplete.resultCode = 0, netState = NetworkRegistrationInfo{ domain=PS transportType=WLAN registrationState=HOME networkRegistrationState=HOME roamingType=NOT_ROAMING accessNetworkTechnology=IWLAN rejectCause=0 emergencyEnabled=false availableServices=[DATA] cellIdentity=null voiceSpecificInfo=null dataSpecificInfo=null nrState=**** rRplmn= isUsingCarrierAggregation=false}
01-09 22:18:47.863 2400 5041 D WifiProfileShare: nearby scanning settings pause
01-09 22:18:47.863 16968 16968 I BCMGR[11.1.01.11]: BeaconManager] terminate -
01-09 22:18:47.863 2400 5041 I WifiProfileShare.Sub: cancel to request password
01-09 22:18:47.863 2400 5041 D WifiProfileShare: nearby scanning settings pause
01-09 22:18:47.863 2400 5041 D WifiProfileShare.Caster: stop caster
01-09 22:18:47.863 2400 5041 D WifiProfileShare.McfCast: -ME--- stopScan
01-09 22:18:47.863 2400 5041 I [MCFSDK_android_1.2.13040]_4_McfCasterImpl: stopScan -
01-09 22:18:47.863 4050 10011 W uwb : jni::wrapper::objects::global_ref: Dropping a GlobalRef in a detached thread. Fix your code if this message appears frequently (see the GlobalRef docs).
01-09 22:18:47.863 4050 10011 W uwb : jni::wrapper::objects::global_ref: Dropping a GlobalRef in a detached thread. Fix your code if this message appears frequently (see the GlobalRef docs).
01-09 22:18:47.864 4020 5361 D GuestManager: stopNotiDiscovery
01-09 22:18:47.864 4020 5361 I [MCFSDK_bluetooth_1.2.13040]_1_McfSubscriberImpl: stopScan -
01-09 22:18:47.864 4020 10300 D BtGatt.GattService: clientDisconnect(com.samsung.android.service.aircommand) - address=XX:XX:XX:XX:5A:9E, connId=31, clientIf: 31
01-09 22:18:47.864 2040 2623 D SemNativeCarrierFeature_vendor: getInstance
01-09 22:18:47.865 4020 4928 W bt_btif_gattc: packages/modules/Bluetooth/system/btif/src/btif_gatt_client.cc:513 btif_gattc_close_impl: client_if=31, conn_id=31, address=xx:xx:xx:xx:5a:9e
01-09 22:18:47.865 12336 12336 I [AirCmd]_BleSpenDeviceMainController: stopBleSpenAutoConnection : forceDisconnect = true
01-09 22:18:47.865 4020 4129 W bt_bta_gattc: packages/modules/Bluetooth/system/bta/gatt/bta_gattc_act.cc:667 bta_gattc_close: bta_gattc_close
01-09 22:18:47.865 4020 4129 W bt_bta_gattc: packages/modules/Bluetooth/system/bta/gatt/bta_gattc_utils.cc:244 bta_gattc_clcb_dealloc: bta_gattc_clcb_dealloc gatt database clear
01-09 22:18:47.865 4020 4129 W bluetooth: packages/modules/Bluetooth/system/stack/gatt/gatt_api.cc:1665 GATT_Disconnect: GATT_Disconnect :: conn_id=31
01-09 22:18:47.865 4020 4129 W bluetooth: packages/modules/Bluetooth/system/stack/gatt/gatt_main.cc:393 gatt_update_app_use_link_flag: gatt_if=31, is_add=0 chk_link=1
01-09 22:18:47.865 12336 12336 I [AirCmd]_BleDriver: close : close after disconnect
01-09 22:18:47.865 4020 4129 W bluetooth: packages/modules/Bluetooth/system/stack/gatt/gatt_main.cc:347 gatt_update_app_hold_link_status: gatt_if=31, is_add=0, peer_bda=xx:xx:xx:xx:5a:9e
01-09 22:18:47.865 4020 4129 W bluetooth: packages/modules/Bluetooth/system/stack/gatt/gatt_main.cc:351 gatt_update_app_hold_link_status: Hold link status of [xx:xx:xx:xx:5a:9e], size=1
01-09 22:18:47.865 4020 4129 W bluetooth: packages/modules/Bluetooth/system/stack/gatt/gatt_main.cc:354 gatt_update_app_hold_link_status: gatt_if : 31
01-09 22:18:47.865 12336 12336 I [AirCmd]_TransactionManager: startTransaction : c
01-09 22:18:47.865 4020 4129 W bluetooth: packages/modules/Bluetooth/system/stack/gatt/gatt_main.cc:375 gatt_update_app_hold_link_status: removed gatt_if=31
01-09 22:18:47.865 12336 12336 I [AirCmd]_TransactionManager: startTransaction : enqueued
01-09 22:18:47.865 4020 4129 I bluetooth: packages/modules/Bluetooth/system/stack/eatt/eatt_impl.h:922 disconnect: Device: xx:xx:xx:xx:5a:9e, cid: 0xffff
01-09 22:18:47.865 12336 12336 I [AirCmd]_SpenInputDetector: unregisterListener : listenerf7.c@2466e75
01-09 22:18:47.865 4020 4129 W bt_stack: [WARNING:eatt_impl.h(926)] disconnect no eatt device found
01-09 22:18:47.865 4020 4129 I bluetooth: packages/modules/Bluetooth/system/stack/gatt/gatt_main.cc:439 gatt_update_app_use_link_flag: GATT fixed channel is no longer useful, start link idle timer for 1 seconds
01-09 22:18:47.865 4020 4129 I bluetooth: packages/modules/Bluetooth/system/stack/gatt/gatt_api.cc:1224 GATT_SetIdleTimeout: idle_timeout=1, is_active=0, status=1 (1-OK 0-not performed)
01-09 22:18:47.865 4020 4129 W bt_bta_gattc: packages/modules/Bluetooth/system/bta/gatt/bta_gattc_act.cc:701 bta_gattc_close: Local close event client_if:31 conn_id:31 reason:GATT_CONN_TERMINATE_LOCAL_HOST
01-09 22:18:47.865 4020 4129 W bt_btif_gattc: packages/modules/Bluetooth/system/btif/src/btif_gatt_client.cc:316 bta_gattc_cback: gatt client callback event:BTA_GATTC_CLOSE_EVT [5]
01-09 22:18:47.865 4020 4129 W bt_bta_gattc: packages/modules/Bluetooth/system/bta/gatt/bta_gattc_act.cc:305 bta_gattc_process_api_open_cancel: bta_gattc_process_api_open_cancel client_if:31
01-09 22:18:47.865 4020 4129 W bt_bta_gattc: packages/modules/Bluetooth/system/bta/gatt/bta_gattc_act.cc:309 bta_gattc_process_api_open_cancel: Cancel GATT client background connection
01-09 22:18:47.865 4020 4129 W bt_bta_gattc: packages/modules/Bluetooth/system/bta/gatt/bta_gattc_act.cc:478 bta_gattc_cancel_bk_conn: bta_gattc_cancel_bk_conn
01-09 22:18:47.865 4020 4129 E bt_stack: [ERROR:bta_gattc_utils.cc(582)] bta_gattc_mark_bg_conn unable to find the bg connection mask for bd_addr=xx:xx:xx:xx:5a:9e
01-09 22:18:47.865 4020 4129 W bt_btif_gattc: packages/modules/Bluetooth/system/btif/src/btif_gatt_client.cc:316 bta_gattc_cback: gatt client callback event:BTA_GATTC_CANCEL_OPEN_EVT [14]
01-09 22:18:47.865 16968 16968 I BCMGR[11.1.01.11]: RegisterTvDBHelper] terminate -
01-09 22:18:47.865 16968 16968 I BCMGR[11.1.01.11]: BleScanHelper] directStopLeScan - call BleScanner.stopScan()
01-09 22:18:47.865 12336 12336 I [AirCmd]_BleSpenGenericChargeController: stop
01-09 22:18:47.866 12336 12336 I [AirCmd]_BleSpenMotionSensorCalibrationController: stop
01-09 22:18:47.866 4020 4928 W bt_btif_gattc: packages/modules/Bluetooth/system/btif/src/btif_gatt_client.cc:194 btif_gattc_upstreams_evt: Event BTA_GATTC_CLOSE_EVT [5]
01-09 22:18:47.866 4020 4928 D BtGatt.GattService: onDisconnected() - removing permit for address=XX:XX:XX:XX:5A:9E
01-09 22:18:47.866 5359 5359 I [MCFServer]_SubscriberManager: stopScan - bleSID from cb = 0x1
01-09 22:18:47.866 12336 12336 I [AirCmd]_StatusBarController: hideIcon
01-09 22:18:47.866 5359 5359 I [MCFServer]_ScanCallback: onDiscoveryStopped - publish to 0x0
01-09 22:18:47.866 4020 4928 W bt_btif_gattc: packages/modules/Bluetooth/system/btif/src/btif_gatt_client.cc:194 btif_gattc_upstreams_evt: Event BTA_GATTC_CANCEL_OPEN_EVT [14]
01-09 22:18:47.866 4020 4928 W bt_btif_gattc: packages/modules/Bluetooth/system/btif/src/btif_gatt_client.cc:263 btif_gattc_upstreams_evt: Ignoring event (14)
01-09 22:18:47.866 4020 5361 I GuestManager: [Noti] onDiscoveryStopped - 0
01-09 22:18:47.866 5359 5359 I [MCFServer]_CasterManager: stopScan - bleSID = 0x40000
01-09 22:18:47.866 5359 5359 I [MCFServer]_ScanCallback: onDiscoveryStopped - publish to 0x0
01-09 22:18:47.866 5359 5359 I [MCFServer]_BleScanner(Subscriber): stopScan - stop
01-09 22:18:47.866 2400 5041 D WifiProfileShare.McfCast: -ME--- unregisterPilotScan !!
01-09 22:18:47.866 12336 12336 I [AirCmd]_ProcessStateManager: setForegroundProcess (false) is requested from RemoteSpenService
01-09 22:18:47.866 12336 12336 I [AirCmd]_ProcessStateManager: Foreground services [SpenTipAlertService, SpenBlindChargeService]is important : true
01-09 22:18:47.866 2400 5041 I [MCFSDK_android_1.2.13040]_4_McfCasterImpl: unregisterAdvertiseData -
01-09 22:18:47.867 12336 14271 I [AirCmd]_BleDriver: GattCallback : onConnectionStateChanged : c6.d@19cd6f8 state=0 reason=0
01-09 22:18:47.867 4050 4431 I UwbServiceCore: Deinitialization success
01-09 22:18:47.867 12336 10033 I [AirCmd]_GestureDetectionThread: run : thread finished
01-09 22:18:47.867 4050 4431 I UwbServiceCore: updateDeviceState(): deviceState = OFF, current internal adapter state = 1
01-09 22:18:47.867 12336 12336 I [AirCmd]_AirActionOperator: release
01-09 22:18:47.867 2400 5041 I [MCFSDK_android_1.2.13040]_4_McfSubscriberImpl: closeInternal -
01-09 22:18:47.867 4020 10300 D ActivityAttributionService: notifyActivityAttributionInfo UID=1002 packageName=com.android.bluetooth deviceAddress=no_active_device_address
01-09 22:18:47.867 4020 10300 I bt_btif : packages/modules/Bluetooth/system/btif/src/bluetooth.cc:880 get_profile_interface: get_profile_interface: id = activity_attribution
01-09 22:18:47.867 4020 5075 I bt_stack: [INFO:le_scanning_manager.cc(214)] ScanFilterParamSetup in shim layer
01-09 22:18:47.867 12336 12336 I [AirCmd]_CallbackRepeater: stopRepeat : isWorking=false
01-09 22:18:47.868 5359 5461 I [MCFServer]_McfMainController: onStateChanged - 0 / 2
01-09 22:18:47.868 4020 10300 D BtGatt.GattService: unregisterScanner(android.uid.bcmgr) - scannerId=2
01-09 22:18:47.868 2400 5685 D NotificationManagerService$NotificationListeners: Removing active service ComponentInfo{com.samsung.android.service.aircommand/g5.h}
01-09 22:18:47.868 4020 10300 D BtGatt.ContextMap: remove() - id: 2
01-09 22:18:47.868 4020 10300 I bt_stack: [INFO:le_scanning_manager.cc(172)] Unregister in shim layer, scanner_id:2
01-09 22:18:47.868 5359 5461 I [MCFServer]_McfMainController: onStateChanged - UWB state is OFF
01-09 22:18:47.868 5359 5461 I [MCFServer]_McfMainController: updateUwbStatus - bOn=false
01-09 22:18:47.868 2400 6796 E ActivityManager: Sending non-protected broadcast com.samsung.android.uwb.action.ADAPTER_STATE_CHANGED from system 4050:com.samsung.android.uwb/1083 pkg com.samsung.android.uwb
01-09 22:18:47.868 2400 6796 E ActivityManager: java.lang.Throwable
01-09 22:18:47.868 2400 6796 E ActivityManager: at com.android.server.am.ActivityManagerService.checkBroadcastFromSystem(ActivityManagerService.java:17011)
01-09 22:18:47.868 2400 6796 E ActivityManager: at com.android.server.am.ActivityManagerService.broadcastIntentLockedTraced(ActivityManagerService.java:17956)
01-09 22:18:47.868 2400 6796 E ActivityManager: at com.android.server.am.ActivityManagerService.broadcastIntentLocked(ActivityManagerService.java:17099)
01-09 22:18:47.868 2400 6796 E ActivityManager: at com.android.server.am.ActivityManagerService.broadcastIntentLocked(ActivityManagerService.java:17076)
01-09 22:18:47.868 2400 6796 E ActivityManager: at com.android.server.am.ActivityManagerService.broadcastIntentWithFeature(ActivityManagerService.java:18183)
01-09 22:18:47.868 2400 6796 E ActivityManager: at android.app.IActivityManager$Stub.onTransact$broadcastIntentWithFeature$(IActivityManager.java:11632)
01-09 22:18:47.868 2400 6796 E ActivityManager: at android.app.IActivityManager$Stub.onTransact(IActivityManager.java:2953)
01-09 22:18:47.868 2400 6796 E ActivityManager: at com.android.server.am.ActivityManagerService.onTransact(ActivityManagerService.java:3198)
01-09 22:18:47.868 2400 6796 E ActivityManager: at android.os.Binder.execTransactInternal(Binder.java:1380)
01-09 22:18:47.868 2400 6796 E ActivityManager: at android.os.Binder.execTransact(Binder.java:1311)
01-09 22:18:47.868 2400 5041 D [MCFSDK_android_1.2.13040]_McfContext: closeSubscriber - McfSubscriberImpl [#0x4, com.samsung.android.mcf.mcfwrapper.SubscriberCallbackWrapper@4134ec6]
01-09 22:18:47.868 2400 5041 I [MCFSDK_android_1.2.13040]_4_McfCasterImpl: closeInternal -
01-09 22:18:47.868 16968 16968 I BluetoothAdapter: StandAloneBleMode=false called by PID : 16968, TID : 16968 @ com.samsung.android.beaconmanager
01-09 22:18:47.869 5359 5461 I [MCFServer]_UwbFeature: checkUwbRestrict - result : 153
01-09 22:18:47.869 5359 5461 I [MCFServer]_McfMainController: updateUwbStatus - checkRestrict=153
01-09 22:18:47.869 2400 5041 D [MCFSDK_android_1.2.13040]_McfContext: closeCaster - McfCasterImpl [#0x4, com.samsung.android.mcf.mcfwrapper.CasterCallbackWrapper@f09d08]
01-09 22:18:47.869 16968 16968 I BluetoothAdapter: disableRadio() state: ON at com.samsung.android.beaconmanager
01-09 22:18:47.869 12336 12336 I [AirCmd]_AirActionInitializer: release Air Action Module
01-09 22:18:47.869 2400 5685 D SecContentProvider: query(), uri = 3 selection = isBLEAllowed
01-09 22:18:47.869 2400 5685 D SecContentProvider: called from android.uid.system:1000
01-09 22:18:47.869 4020 10300 D ActivityAttributionService: notifyActivityAttributionInfo UID=1002 packageName=com.android.bluetooth deviceAddress=no_active_device_address
01-09 22:18:47.869 4020 10300 I bt_btif : packages/modules/Bluetooth/system/btif/src/bluetooth.cc:880 get_profile_interface: get_profile_interface: id = activity_attribution
01-09 22:18:47.869 2400 5041 D [MCFSDK_android_1.2.13040]_McfContext: unbind - -
01-09 22:18:47.869 2400 5041 I [MCFSDK_android_1.2.13040]_McfContext: releaseInstance - -
01-09 22:18:47.870 2400 5041 D WifiProfileShare: unbind mcf service
01-09 22:18:47.870 2400 5685 I BatteryStatsService: semGetBatteryInfos()
01-09 22:18:47.870 2400 5685 I DeviceBatteryInfoService: semGetBatteryInfos()
01-09 22:18:47.870 2400 5685 I DeviceBatteryInfoService: Name : Galaxy S24 Ultra / BatteryLevel : 88 / Status : 3
01-09 22:18:47.870 2400 5685 I DeviceBatteryInfoService: Name : S Pen / BatteryLevel : 100 / Status : 3
01-09 22:18:47.870 2400 3403 I BatteryStatsService: removeDeviceBatteryInfo()
01-09 22:18:47.870 2400 3403 I DeviceBatteryInfoService: unsetDeviceBatteryInfo()
01-09 22:18:47.870 4020 10300 D BtGatt.GattService: unregisterScanner(com.samsung.android.mcfserver) - scannerId=3
01-09 22:18:47.870 12336 12336 I [AirCmd]_RemoteSpenTrustAgentService: onStartCommand
01-09 22:18:47.871 4020 10300 D BtGatt.ContextMap: remove() - id: 3
01-09 22:18:47.871 2400 3554 I DeviceBatteryInfoService: address : 288EB9_E packageName : com.samsung.android.service.aircommand
01-09 22:18:47.871 4020 10300 I bt_stack: [INFO:le_scanning_manager.cc(172)] Unregister in shim layer, scanner_id:3
01-09 22:18:47.871 2400 3554 I DeviceBatteryInfoService: semGetBatteryInfo() : 288EB9_E
01-09 22:18:47.871 5359 5359 I [MCFServer]_BleScanner(Caster): stopScan - stop
01-09 22:18:47.872 4020 10300 D ActivityAttributionService: notifyActivityAttributionInfo UID=1002 packageName=com.android.bluetooth deviceAddress=no_active_device_address
01-09 22:18:47.872 4020 10300 I bt_btif : packages/modules/Bluetooth/system/btif/src/bluetooth.cc:880 get_profile_interface: get_profile_interface: id = activity_attribution
01-09 22:18:47.872 4020 10300 D BtGatt.GattService: unregisterScanner(com.samsung.android.mcfserver) - scannerId=4
01-09 22:18:47.872 4020 10300 D BtGatt.ContextMap: remove() - id: 4
01-09 22:18:47.872 4020 10300 I bt_stack: [INFO:le_scanning_manager.cc(172)] Unregister in shim layer, scanner_id:4
01-09 22:18:47.873 4020 5075 I bt_stack: [INFO:le_scanning_manager.cc(214)] ScanFilterParamSetup in shim layer
01-09 22:18:47.873 4020 5075 I bt_stack: [INFO:le_scanning_manager.cc(214)] ScanFilterParamSetup in shim layer
01-09 22:18:47.873 5359 5359 I [MCFServer]_CasterManager: unregisterAdvertiseData - stop adv, bleSID from cb(0x4)
01-09 22:18:47.873 5359 5359 I [MCFServer]_CasterManager: unregisterAdvertiseData - stop scan, bleSID from cb(0x0)
01-09 22:18:47.873 5359 5359 I [MCFServer]_ScanCallback: onDiscoveryStopped - publish to 0x0
01-09 22:18:47.873 5359 5359 I [MCFServer]_McfMainController: destroySubscriber - appId=4 ,SubscribeCallback size:1
01-09 22:18:47.873 5359 5359 I [MCFServer]_McfMainController: destroyCaster - appId=4 ,CasterCallback size:0
01-09 22:18:47.873 5359 5359 I [MCFServer]_McfMainController: destroyCaster - CasterCallbacks is empty, destroyCasterManager after 3s
01-09 22:18:47.873 5359 5359 I [MCFServer]_McfBleAdvertiser(Caster): stopAdvertiser - unset
01-09 22:18:47.873 4020 5075 I bt_stack: [INFO:le_scanning_manager.cc(214)] ScanFilterParamSetup in shim layer
01-09 22:18:47.874 4020 10300 I [MCFSDK_bluetooth_1.2.13040]_1_McfSubscriberImpl: isNetworkEnabled - type : 2 ret : false
01-09 22:18:47.874 4020 10300 I [MCFSDK_bluetooth_1.2.13040]_1_McfSubscriberImpl: checkStateClearAllUWBRangingCallback - CallbackMap - cleared
01-09 22:18:47.874 4020 10300 I TAG : onMcfServiceStateChanged
01-09 22:18:47.875 4020 5075 I bt_stack: [INFO:le_scanning_manager.cc(214)] ScanFilterParamSetup in shim layer
01-09 22:18:47.875 7169 7169 I CS/CapabilityFactory: onReceive, isAirplaneModeOn = true
01-09 22:18:47.877 4020 5075 I bt_stack: [INFO:le_scanning_manager.cc(214)] ScanFilterParamSetup in shim layer
01-09 22:18:47.878 4020 5075 I bt_stack: [INFO:le_scanning_manager.cc(214)] ScanFilterParamSetup in shim layer
01-09 22:18:47.878 4020 5075 I bt_stack: [INFO:le_scanning_manager.cc(214)] ScanFilterParamSetup in shim layer
01-09 22:18:47.878 4020 4134 E bluetooth: packages/modules/Bluetooth/system/gd/hci/le_scanning_manager.cc:943 scan_filter_parameter_setup: Remove passive filterScan. filter_index=31, uuid=0000fd59-0000-1000-8000-00805f9b34fb
01-09 22:18:47.878 4020 5075 I bt_stack: [INFO:le_scanning_manager.cc(214)] ScanFilterParamSetup in shim layer
01-09 22:18:47.878 4020 5075 I bt_stack: [INFO:le_scanning_manager.cc(214)] ScanFilterParamSetup in shim layer
01-09 22:18:47.878 4020 5075 I bt_stack: [INFO:le_scanning_manager.cc(214)] ScanFilterParamSetup in shim layer
01-09 22:18:47.879 4020 5075 I bt_stack: [INFO:le_scanning_manager.cc(214)] ScanFilterParamSetup in shim layer
01-09 22:18:47.879 4020 5075 I bt_stack: [INFO:le_scanning_manager.cc(214)] ScanFilterParamSetup in shim layer
01-09 22:18:47.879 4020 5075 I bt_stack: [INFO:le_scanning_manager.cc(214)] ScanFilterParamSetup in shim layer
01-09 22:18:47.879 4020 5075 I bt_stack: [INFO:le_scanning_manager.cc(214)] ScanFilterParamSetup in shim layer
01-09 22:18:47.880 4020 5075 I bt_stack: [INFO:le_scanning_manager.cc(214)] ScanFilterParamSetup in shim layer
01-09 22:18:47.880 4020 5078 E BtGatt.GattService: [GSIM LOG]: gsimLogHandler, msg: MESSAGE_SCAN_STOP, appName: android.uid.bcmgr, scannerId: 2, reportDelayMillis=0
01-09 22:18:47.880 4020 5075 I bt_stack: [INFO:le_scanning_manager.cc(214)] ScanFilterParamSetup in shim layer
01-09 22:18:47.881 4020 5078 E BtGatt.GattService: [GSIM LOG]: gsimLogHandler, msg: MESSAGE_SCAN_STOP, appName: com.samsung.android.mcfserver, scannerId: 3, reportDelayMillis=0
01-09 22:18:47.882 4020 5078 E BtGatt.GattService: [GSIM LOG]: gsimLogHandler, msg: MESSAGE_SCAN_STOP, appName: com.samsung.android.mcfserver, scannerId: 4, reportDelayMillis=0
01-09 22:18:47.906 10717 11469 D XCAL-Parser: Init_NasB40 dll path [/data/user/0/com.innowireless.xcal.mobile5/files/]
01-09 22:18:47.906 10717 11469 D XCAL-Parser: Init_NasB40 [/data/user/0/com.innowireless.xcal.mobile5/files/libNasParsing_TS_All_B40.so]
01-09 22:18:47.907 10717 11469 D XCAL-Parser: Load libNasParsing_TS_All_B40.so OK!
01-09 22:18:47.907 10717 11469 D XCAL-Parser: OK loaded GetLTENasData Func
01-09 22:18:47.908 10717 11469 D XCAL-Parser: Load libNasParsing_TS_Others_970.so OK!
01-09 22:18:47.908 10717 11469 D XCAL-Parser: Load [/data/user/0/com.innowireless.xcal.mobile5/files/libNasParsing_TS_Others_970.so] WCDMA_Nas_GetMeasurementReportData OK!
01-09 22:18:47.908 10717 11469 D XCAL-Parser: Load [/data/user/0/com.innowireless.xcal.mobile5/files/libNasParsing_TS_Others_970.so] NasOthers_DecodeDetailInfoDll OK!
01-09 22:18:47.930 1500 4905 I vendor.qti.bluetooth@1.1-ibs_handler: ProcessIbsCmd: Received IBS_SLEEP_IND: 0xFE
01-09 22:18:47.944 2400 3388 D GnssLocationProvider_ex: SV Count : 2 / 7 (PRN, Constellation, SNR, Used)
01-09 22:18:47.944 2400 3388 D GnssLocationProvider_ex: (24, GPS, 18.9, 0) (25, GPS, 19.1, 0) (39, BEIDOU, 20.4, 0) (16, BEIDOU, 20.6, 0) (9, BEIDOU, 31.7, 1) (4, GALILEO, 23.2, 1)
01-09 22:18:47.944 2400 3388 D GnssLocationProvider_ex: (9, GALILEO, 23.1, 0)
01-09 22:18:47.945 4893 5021 I GnssEngineManager_FLP: updateSatelliteStatus, top4=24, top6=22, visibleSv=7, usedSv=2, usedL5Sv=0 (usedGps=0, usedGlo=0, usedBds=1, usedGal=1)
01-09 22:18:47.969 2103 2284 D LOWI-9.0.1.70: [LOWINetlinkSocketReceiver] unpackRTMLinkMessage: RTM_NEWLINK - ifname rmnet_data0, flags 0x10041 ([UP][RUNNING])
01-09 22:18:47.970 2400 5709 D CompatibilityChangeReporter: Compat change id reported: 74210811; UID 1001; state: DISABLED
01-09 22:18:47.971 3797 3797 I EPDG -- SIM0 [EpdgInterfaceObserver]: Interface Number is 0
01-09 22:18:47.971 3797 4669 I EPDG -- SIM0 [IPSECDATACONNSM][0]: InactiveState[ ] Event: INTERFACE_UP
01-09 22:18:47.971 3797 3797 I EPDG -- SIM1 [EpdgIntfCont]: handleMessage msg : 1 cid : 1
01-09 22:18:47.971 3797 3797 I EPDG -- SIM1 [EpdgIntfCont]: new EpdgInterface :rmnet_data0
01-09 22:18:47.971 3797 3797 I EPDG -- SIM1 [EpdgIntfCont]: ignore interface up events
01-09 22:18:47.971 3797 3797 I EPDG -- SIM0 [EpdgInterfaceObserver]: Interface Number is 0
01-09 22:18:47.971 3797 3797 I EPDG -- SIM0 [EpdgIntfCont]: handleMessage msg : 1 cid : 1
01-09 22:18:47.971 3797 3797 I EPDG -- SIM0 [EpdgIntfCont]: new EpdgInterface :rmnet_data0
01-09 22:18:47.971 3797 3797 I EPDG -- SIM0 [EpdgIntfCont]: ignore interface up events
01-09 22:18:47.972 6164 6272 I eris : 13[KNL] 100.105.63.244 disappeared from rmnet_data0
01-09 22:18:47.973 2035 2047 E IPACM : vendor/qcom/opensource/data-ipa-cfg-mgr/ipacm/src/IPACM_Netlink.cpp:953 ipa_nl_decode_nlmsg() IFA_ADDRESS:
01-09 22:18:47.973 2035 2047 E IPACM : vendor/qcom/opensource/data-ipa-cfg-mgr/ipacm/src/IPACM_Netlink.cpp:953 ipa_nl_decode_nlmsg() IPV4 Address 100.105.63.244
01-09 22:18:47.973 2035 2046 E IPACM : vendor/qcom/opensource/data-ipa-cfg-mgr/ipacm/src/IPACM_Wan.cpp:1809 event_callback() Get IPA_ADDR_DEL_EVENT: IF ip type 2, incoming ip type 0
01-09 22:18:47.973 2035 2046 E IPACM : vendor/qcom/opensource/data-ipa-cfg-mgr/ipacm/src/IPACM_Wan.cpp:1810 event_callback() v6 num 2:
01-09 22:18:47.973 2035 2046 E IPACM : vendor/qcom/opensource/data-ipa-cfg-mgr/ipacm/src/IPACM_Wan.cpp:1258 handle_addr_del_evt() Delete default coalescing v4 routing rules
01-09 22:18:47.973 2035 2046 E IPACM : vendor/qcom/opensource/data-ipa-cfg-mgr/ipacm/src/IPACM_Routing.cpp:411 DeleteRoutingHdl() Deleting Route hdl:(0x2d) with ip type: 0
01-09 22:18:47.974 2035 2046 E IPACM : vendor/qcom/opensource/data-ipa-cfg-mgr/ipacm/src/IPACM_Routing.cpp:305 DeleteRoutingRule() Deleted routing rule 0xb40000764c0b59d0
01-09 22:18:47.974 2035 2046 E IPACM : vendor/qcom/opensource/data-ipa-cfg-mgr/ipacm/src/IPACM_Routing.cpp:411 DeleteRoutingHdl() Deleting Route hdl:(0x2c) with ip type: 0
01-09 22:18:47.974 2035 2046 E IPACM : vendor/qcom/opensource/data-ipa-cfg-mgr/ipacm/src/IPACM_Routing.cpp:305 DeleteRoutingRule() Deleted routing rule 0xb40000764c0b59d0
01-09 22:18:47.974 2035 2046 E IPACM : vendor/qcom/opensource/data-ipa-cfg-mgr/ipacm/src/IPACM_Wan.cpp:1276 handle_addr_del_evt() New coalescing routing rule hdls:0:0
01-09 22:18:47.974 2035 2046 E IPACM : vendor/qcom/opensource/data-ipa-cfg-mgr/ipacm/src/IPACM_Wan.cpp:1277 handle_addr_del_evt() Delete default v4 routing rules
01-09 22:18:47.974 2035 2046 E IPACM : vendor/qcom/opensource/data-ipa-cfg-mgr/ipacm/src/IPACM_Routing.cpp:411 DeleteRoutingHdl() Deleting Route hdl:(0x2e) with ip type: 0
01-09 22:18:47.975 2035 2046 E IPACM : vendor/qcom/opensource/data-ipa-cfg-mgr/ipacm/src/IPACM_Routing.cpp:305 DeleteRoutingRule() Deleted routing rule 0xb40000764c0b59d0
01-09 22:18:47.975 2035 2046 E IPACM : vendor/qcom/opensource/data-ipa-cfg-mgr/ipacm/src/IPACM_Wan.cpp:1286 handle_addr_del_evt() New default rule routing rule hdl:0
01-09 22:18:47.975 2035 2046 E IPACM : vendor/qcom/opensource/data-ipa-cfg-mgr/ipacm/src/IPACM_Routing.cpp:411 DeleteRoutingHdl() Deleting Route hdl:(0x2f) with ip type: 0
01-09 22:18:47.975 2035 2046 E IPACM : vendor/qcom/opensource/data-ipa-cfg-mgr/ipacm/src/IPACM_Routing.cpp:305 DeleteRoutingRule() Deleted routing rule 0xb40000764c0b59d0
01-09 22:18:47.975 2035 2046 E IPACM : vendor/qcom/opensource/data-ipa-cfg-mgr/ipacm/src/IPACM_Wan.cpp:1295 handle_addr_del_evt() New default rule low lat routing rule hdl:0
01-09 22:18:47.975 2035 2046 E IPACM : vendor/qcom/opensource/data-ipa-cfg-mgr/ipacm/src/IPACM_Wan.cpp:1307 handle_addr_del_evt() WAN IPv4 address:0x0
01-09 22:18:47.980 2035 2047 E IPACM : vendor/qcom/opensource/data-ipa-cfg-mgr/ipacm/src/IPACM_Netlink.cpp:1599 ipa_nl_decode_nlmsg()
01-09 22:18:47.980 2035 2047 E IPACM : vendor/qcom/opensource/data-ipa-cfg-mgr/ipacm/src/IPACM_Netlink.cpp:1599 ipa_nl_decode_nlmsg() IPV4 Address 100.105.63.245
01-09 22:18:47.980 2035 2047 E IPACM : vendor/qcom/opensource/data-ipa-cfg-mgr/ipacm/src/IPACM_Netlink.cpp:1626 ipa_nl_decode_nlmsg() posting IPA_DEL_NEIGH_EVENT (rmnet_data0):index:26 ip-family: 2
01-09 22:18:47.980 2035 2046 E IPACM : vendor/qcom/opensource/data-ipa-cfg-mgr/ipacm/src/IPACM_Neighbor.cpp:167 event_callback() Received IPA_DEL_NEIGH_EVENT
01-09 22:18:47.980 2035 2046 E IPACM : vendor/qcom/opensource/data-ipa-cfg-mgr/ipacm/src/IPACM_Neighbor.cpp:358 event_callback() Posted event 26 with for ipv4
01-09 22:18:47.981 2035 2047 E IPACM : vendor/qcom/opensource/data-ipa-cfg-mgr/ipacm/src/IPACM_Netlink.cpp:943 ipa_nl_decode_nlmsg() IFA_ADDRESS:
01-09 22:18:47.981 2035 2047 E IPACM : vendor/qcom/opensource/data-ipa-cfg-mgr/ipacm/src/IPACM_Netlink.cpp:943 ipa_nl_decode_nlmsg() IPV6 Address 2401:4900:57f3:e5b8:794e:d2b7:7ec2:683a
01-09 22:18:47.981 2035 2046 E IPACM : vendor/qcom/opensource/data-ipa-cfg-mgr/ipacm/src/IPACM_Wan.cpp:1809 event_callback() Get IPA_ADDR_DEL_EVENT: IF ip type 2, incoming ip type 1
01-09 22:18:47.981 2035 2046 E IPACM : vendor/qcom/opensource/data-ipa-cfg-mgr/ipacm/src/IPACM_Wan.cpp:1810 event_callback() v6 num 2:
01-09 22:18:47.981 2035 2046 E IPACM : vendor/qcom/opensource/data-ipa-cfg-mgr/ipacm/src/IPACM_Wan.cpp:1095 handle_addr_del_evt() find matched ipv6 address, index:1
01-09 22:18:47.981 2035 2046 E IPACM : vendor/qcom/opensource/data-ipa-cfg-mgr/ipacm/src/IPACM_Wan.cpp:1142 handle_addr_del_evt() Delete Primary v6 routing rules
01-09 22:18:47.981 2035 2046 E IPACM : vendor/qcom/opensource/data-ipa-cfg-mgr/ipacm/src/IPACM_Routing.cpp:411 DeleteRoutingHdl() Deleting Route hdl:(0x31) with ip type: 1
01-09 22:18:47.982 6164 6265 I eris : 08[KNL] 2401:4900:57f3:e5b8:794e:d2b7:7ec2:683a disappeared from rmnet_data0
01-09 22:18:47.982 2035 2046 E IPACM : vendor/qcom/opensource/data-ipa-cfg-mgr/ipacm/src/IPACM_Routing.cpp:305 DeleteRoutingRule() Deleted routing rule 0xb40000764c0b61e0
01-09 22:18:47.982 2035 2046 E IPACM : vendor/qcom/opensource/data-ipa-cfg-mgr/ipacm/src/IPACM_Iface.cpp:1171 is_global_ipv6_addr() Get ipv6 address with first word 0x24014900.
01-09 22:18:47.982 2035 2046 E IPACM : vendor/qcom/opensource/data-ipa-cfg-mgr/ipacm/src/IPACM_Iface.cpp:1180 is_global_ipv6_addr() This IPv6 address is not link local.
01-09 22:18:47.982 2035 2046 E IPACM : vendor/qcom/opensource/data-ipa-cfg-mgr/ipacm/src/IPACM_Routing.cpp:411 DeleteRoutingHdl() Deleting Route hdl:(0x32) with ip type: 1
01-09 22:18:47.983 2035 2046 E IPACM : vendor/qcom/opensource/data-ipa-cfg-mgr/ipacm/src/IPACM_Routing.cpp:305 DeleteRoutingRule() Deleted routing rule 0xb40000764c0b61e0
01-09 22:18:47.983 2035 2046 E IPACM : vendor/qcom/opensource/data-ipa-cfg-mgr/ipacm/src/IPACM_Iface.cpp:1171 is_global_ipv6_addr() Get ipv6 address with first word 0x24014900.
01-09 22:18:47.983 2035 2046 E IPACM : vendor/qcom/opensource/data-ipa-cfg-mgr/ipacm/src/IPACM_Iface.cpp:1180 is_global_ipv6_addr() This IPv6 address is not link local.
01-09 22:18:47.983 2035 2046 E IPACM : vendor/qcom/opensource/data-ipa-cfg-mgr/ipacm/src/IPACM_Routing.cpp:411 DeleteRoutingHdl() Deleting Route hdl:(0x30) with ip type: 1
01-09 22:18:47.983 2103 2284 D LOWI-9.0.1.70: [LOWINetlinkSocketReceiver] unpackRTMLinkMessage: RTM_NEWLINK - ifname rmnet_data0, flags 0x0 ()
01-09 22:18:47.984 6164 6266 I eris : 11[KNL] interface rmnet_data0 deactivated
01-09 22:18:47.984 2035 2047 E IPACM : vendor/qcom/opensource/data-ipa-cfg-mgr/ipacm/src/IPACM_Netlink.cpp:716 ipa_nl_decode_nlmsg() Interface rmnet_data0 bring down with IP-family: 0
01-09 22:18:47.984 2035 2047 E IPACM : vendor/qcom/opensource/data-ipa-cfg-mgr/ipacm/src/IPACM_Netlink.cpp:720 ipa_nl_decode_nlmsg() Posting IPA_LINK_DOWN_EVENT with if index: 26
01-09 22:18:47.984 2035 2046 E IPACM : vendor/qcom/opensource/data-ipa-cfg-mgr/ipacm/src/IPACM_Routing.cpp:305 DeleteRoutingRule() Deleted routing rule 0xb40000764c0b61e0
01-09 22:18:47.984 2035 2046 E IPACM : vendor/qcom/opensource/data-ipa-cfg-mgr/ipacm/src/IPACM_Iface.cpp:1171 is_global_ipv6_addr() Get ipv6 address with first word 0x24014900.
01-09 22:18:47.984 2035 2046 E IPACM : vendor/qcom/opensource/data-ipa-cfg-mgr/ipacm/src/IPACM_Iface.cpp:1180 is_global_ipv6_addr() This IPv6 address is not link local.
01-09 22:18:47.984 2035 2046 E IPACM : vendor/qcom/opensource/data-ipa-cfg-mgr/ipacm/src/IPACM_Routing.cpp:411 DeleteRoutingHdl() Deleting Route hdl:(0x33) with ip type: 1
01-09 22:18:47.984 2035 2046 E IPACM : vendor/qcom/opensource/data-ipa-cfg-mgr/ipacm/src/IPACM_Routing.cpp:305 DeleteRoutingRule() Deleted routing rule 0xb40000764c0b61e0
01-09 22:18:47.984 2035 2046 E IPACM : vendor/qcom/opensource/data-ipa-cfg-mgr/ipacm/src/IPACM_Iface.cpp:1171 is_global_ipv6_addr() Get ipv6 address with first word 0x24014900.
01-09 22:18:47.984 2035 2046 E IPACM : vendor/qcom/opensource/data-ipa-cfg-mgr/ipacm/src/IPACM_Iface.cpp:1180 is_global_ipv6_addr() This IPv6 address is not link local.
01-09 22:18:47.984 2035 2046 E IPACM : vendor/qcom/opensource/data-ipa-cfg-mgr/ipacm/src/IPACM_Routing.cpp:411 DeleteRoutingHdl() Deleting Route hdl:(0x34) with ip type: 1
01-09 22:18:47.985 3797 4669 I EPDG -- SIM0 [IPSECDATACONNSM][0]: InactiveState[ ] Event: INTERFACE_DOWN
01-09 22:18:47.985 2035 2046 E IPACM : vendor/qcom/opensource/data-ipa-cfg-mgr/ipacm/src/IPACM_Routing.cpp:305 DeleteRoutingRule() Deleted routing rule 0xb40000764c0b61e0
01-09 22:18:47.985 2035 2046 E IPACM : vendor/qcom/opensource/data-ipa-cfg-mgr/ipacm/src/IPACM_Iface.cpp:1171 is_global_ipv6_addr() Get ipv6 address with first word 0x24014900.
01-09 22:18:47.985 2035 2046 E IPACM : vendor/qcom/opensource/data-ipa-cfg-mgr/ipacm/src/IPACM_Iface.cpp:1180 is_global_ipv6_addr() This IPv6 address is not link local.
01-09 22:18:47.985 2035 2046 E IPACM : vendor/qcom/opensource/data-ipa-cfg-mgr/ipacm/src/IPACM_Iface.cpp:1171 is_global_ipv6_addr() Get ipv6 address with first word 0x24014900.
01-09 22:18:47.985 2035 2046 E IPACM : vendor/qcom/opensource/data-ipa-cfg-mgr/ipacm/src/IPACM_Iface.cpp:1180 is_global_ipv6_addr() This IPv6 address is not link local.
01-09 22:18:47.985 2035 2046 E IPACM : vendor/qcom/opensource/data-ipa-cfg-mgr/ipacm/src/IPACM_Wan.cpp:1206 handle_addr_del_evt() v6 num 1:
01-09 22:18:47.985 2035 2046 E IPACM : vendor/qcom/opensource/data-ipa-cfg-mgr/ipacm/src/IPACM_Wan.cpp:1716 event_callback() Received IPA_LINK_DOWN_EVENT
01-09 22:18:47.985 2035 2046 E IPACM : vendor/qcom/opensource/data-ipa-cfg-mgr/ipacm/src/IPACM_Wan.cpp:6397 handle_down_evt_ex() wan handle_down_evt
01-09 22:18:47.985 2035 2046 E IPACM : vendor/qcom/opensource/data-ipa-cfg-mgr/ipacm/src/IPACM_Wan.cpp:6658 handle_down_evt_ex() Now the number of ipv4 modem pdn is 0.
01-09 22:18:47.985 2035 2046 E IPACM : vendor/qcom/opensource/data-ipa-cfg-mgr/ipacm/src/IPACM_Wan.cpp:6661 handle_down_evt_ex() Now the number of ipv6 modem pdn is 8.
01-09 22:18:47.985 2035 2046 E IPACM : vendor/qcom/opensource/data-ipa-cfg-mgr/ipacm/src/IPACM_Wan.cpp:6717 handle_down_evt_ex() Now the number of modem ipv4 interface is 0, delete default flt rules.
01-09 22:18:47.985 2035 2046 E IPACM : vendor/qcom/opensource/data-ipa-cfg-mgr/ipacm/src/IPACM_Wan.cpp:7078 install_wan_filtering_rule() Total number of WAN DL filtering rule for IPv6 is 4
01-09 22:18:47.985 2035 2046 E IPACM : vendor/qcom/opensource/data-ipa-cfg-mgr/ipacm/src/IPACM_Filtering.cpp:606 AddWanDLFilteringRule() Get 4 WAN DL IPv6 filtering rules.
01-09 22:18:47.985 2035 2046 E IPACM : vendor/qcom/opensource/data-ipa-cfg-mgr/ipacm/src/IPACM_Filtering.cpp:632 AddWanDLFilteringRule() Get 4 WAN DL filtering rules in total.
01-09 22:18:47.985 3797 3797 I EPDG -- SIM0 [EpdgInterfaceObserver]: Interface Number is 0
01-09 22:18:47.985 3797 3797 I EPDG -- SIM0 [EpdgInterfaceObserver]: Interface Number is 0
01-09 22:18:47.985 3797 3797 I EPDG -- SIM0 [EpdgIntfCont]: handleMessage msg : 0 cid : 1
01-09 22:18:47.985 3797 3797 I EPDG -- SIM1 [EpdgIntfCont]: handleMessage msg : 0 cid : 1
01-09 22:18:47.985 2035 2047 E IPACM : vendor/qcom/opensource/data-ipa-cfg-mgr/ipacm/src/IPACM_Netlink.cpp:1588 ipa_nl_decode_nlmsg()
01-09 22:18:47.985 2035 2047 E IPACM : vendor/qcom/opensource/data-ipa-cfg-mgr/ipacm/src/IPACM_Netlink.cpp:1588 ipa_nl_decode_nlmsg() IPV6 Address ff02:0000:0000:0000:0000:0000:0000:0002
01-09 22:18:47.985 2035 2047 E IPACM : vendor/qcom/opensource/data-ipa-cfg-mgr/ipacm/src/IPACM_Netlink.cpp:1626 ipa_nl_decode_nlmsg() posting IPA_DEL_NEIGH_EVENT (rmnet_data0):index:26 ip-family: 10
01-09 22:18:47.985 2035 2047 E IPACM : vendor/qcom/opensource/data-ipa-cfg-mgr/ipacm/src/IPACM_Netlink.cpp:1588 ipa_nl_decode_nlmsg()
01-09 22:18:47.985 2035 2047 E IPACM : vendor/qcom/opensource/data-ipa-cfg-mgr/ipacm/src/IPACM_Netlink.cpp:1588 ipa_nl_decode_nlmsg() IPV6 Address ff02:0000:0000:0000:0000:0000:0000:0016
01-09 22:18:47.985 2035 2047 E IPACM : vendor/qcom/opensource/data-ipa-cfg-mgr/ipacm/src/IPACM_Netlink.cpp:1626 ipa_nl_decode_nlmsg() posting IPA_DEL_NEIGH_EVENT (rmnet_data0):index:26 ip-family: 10
01-09 22:18:47.985 2035 2047 E IPACM : vendor/qcom/opensource/data-ipa-cfg-mgr/ipacm/src/IPACM_Netlink.cpp:1588 ipa_nl_decode_nlmsg()
01-09 22:18:47.985 2035 2047 E IPACM : vendor/qcom/opensource/data-ipa-cfg-mgr/ipacm/src/IPACM_Netlink.cpp:1588 ipa_nl_decode_nlmsg() IPV6 Address fe80:0000:0000:0000:1460:5bf0:dd9c:f5be
01-09 22:18:47.985 2035 2047 E IPACM : vendor/qcom/opensource/data-ipa-cfg-mgr/ipacm/src/IPACM_Netlink.cpp:1626 ipa_nl_decode_nlmsg() posting IPA_DEL_NEIGH_EVENT (rmnet_data0):index:26 ip-family: 10
01-09 22:18:47.985 2035 2047 E IPACM : vendor/qcom/opensource/data-ipa-cfg-mgr/ipacm/src/IPACM_Netlink.cpp:943 ipa_nl_decode_nlmsg() IFA_ADDRESS:
01-09 22:18:47.985 2035 2047 E IPACM : vendor/qcom/opensource/data-ipa-cfg-mgr/ipacm/src/IPACM_Netlink.cpp:943 ipa_nl_decode_nlmsg() IPV6 Address fe80:0000:0000:0000:f0ab:59ff:fe78:4934
01-09 22:18:47.986 2035 2046 E IPACM : vendor/qcom/opensource/data-ipa-cfg-mgr/ipacm/src/IPACM_Wan.cpp:6731 handle_down_evt_ex() Delete default v4 coalesce routing rules
01-09 22:18:47.986 2035 2046 E IPACM : vendor/qcom/opensource/data-ipa-cfg-mgr/ipacm/src/IPACM_Routing.cpp:390 DeleteRoutingHdl() No route handle passed. Ignoring it
01-09 22:18:47.986 2035 2046 E IPACM : vendor/qcom/opensource/data-ipa-cfg-mgr/ipacm/src/IPACM_Routing.cpp:390 DeleteRoutingHdl() No route handle passed. Ignoring it
01-09 22:18:47.986 2035 2046 E IPACM : vendor/qcom/opensource/data-ipa-cfg-mgr/ipacm/src/IPACM_Routing.cpp:390 DeleteRoutingHdl() No route handle passed. Ignoring it
01-09 22:18:47.986 2035 2046 E IPACM : vendor/qcom/opensource/data-ipa-cfg-mgr/ipacm/src/IPACM_Routing.cpp:390 DeleteRoutingHdl() No route handle passed. Ignoring it
01-09 22:18:47.986 2035 2046 E IPACM : vendor/qcom/opensource/data-ipa-cfg-mgr/ipacm/src/IPACM_Routing.cpp:411 DeleteRoutingHdl() Deleting Route hdl:(0x22) with ip type: 1
01-09 22:18:47.986 2035 2046 E IPACM : vendor/qcom/opensource/data-ipa-cfg-mgr/ipacm/src/IPACM_Routing.cpp:305 DeleteRoutingRule() Deleted routing rule 0xb40000764c0b5e50
01-09 22:18:47.986 2035 2046 E IPACM : vendor/qcom/opensource/data-ipa-cfg-mgr/ipacm/src/IPACM_Routing.cpp:411 DeleteRoutingHdl() Deleting Route hdl:(0x23) with ip type: 1
01-09 22:18:47.987 6164 6260 I eris : 06[KNL] fe80::f0ab:59ff:fe78:4934 disappeared from rmnet_data0
01-09 22:18:47.987 2035 2046 E IPACM : vendor/qcom/opensource/data-ipa-cfg-mgr/ipacm/src/IPACM_Routing.cpp:305 DeleteRoutingRule() Deleted routing rule 0xb40000764c0b5e50
01-09 22:18:47.987 2035 2046 E IPACM : vendor/qcom/opensource/data-ipa-cfg-mgr/ipacm/src/IPACM_Routing.cpp:411 DeleteRoutingHdl() Deleting Route hdl:(0x20) with ip type: 1
01-09 22:18:47.987 2035 2046 E IPACM : vendor/qcom/opensource/data-ipa-cfg-mgr/ipacm/src/IPACM_Routing.cpp:305 DeleteRoutingRule() Deleted routing rule 0xb40000764c0b5e50
01-09 22:18:47.987 2035 2046 E IPACM : vendor/qcom/opensource/data-ipa-cfg-mgr/ipacm/src/IPACM_Routing.cpp:411 DeleteRoutingHdl() Deleting Route hdl:(0x24) with ip type: 1
01-09 22:18:47.988 2400 3490 I SemWifiApSmartNetworkCallback: isWifihasInternet,NetworkCapabilities, wifi:true,internet:true,hasInternetValidated:true
01-09 22:18:47.988 2400 3490 I SemWifiApSmartNetworkCallback: isWifihasInternet :true
01-09 22:18:47.988 2400 3490 I SemWifiApSmartNetworkCallback: checkMobileDataEnabled,NetworkCapabilities, cellular:false,internet:true,hasInternetValidated:true
01-09 22:18:47.988 2400 3490 I SemWifiApSmartNetworkCallback: checkMobileDataEnabled :false
01-09 22:18:47.988 2035 2046 E IPACM : vendor/qcom/opensource/data-ipa-cfg-mgr/ipacm/src/IPACM_Routing.cpp:305 DeleteRoutingRule() Deleted routing rule 0xb40000764c0b5e50
01-09 22:18:47.988 2035 2046 E IPACM : vendor/qcom/opensource/data-ipa-cfg-mgr/ipacm/src/IPACM_Routing.cpp:411 DeleteRoutingHdl() Deleting Route hdl:(0x25) with ip type: 1
01-09 22:18:47.989 2035 2046 E IPACM : vendor/qcom/opensource/data-ipa-cfg-mgr/ipacm/src/IPACM_Routing.cpp:305 DeleteRoutingRule() Deleted routing rule 0xb40000764c0b5e50
01-09 22:18:47.989 2035 2046 E IPACM : vendor/qcom/opensource/data-ipa-cfg-mgr/ipacm/src/IPACM_Wan.cpp:1718 event_callback() IPA_WAN_Q6 (rmnet_data0):ipa_index (3) instance close
01-09 22:18:47.989 2035 2046 E IPACM : vendor/qcom/opensource/data-ipa-cfg-mgr/ipacm/src/IPACM_Config.cpp:571 DelNatIfaces() Del iface rmnet_data0 from NAT-ifaces, origin it has 2 nat ifaces
01-09 22:18:47.989 2400 3490 E SemWifiApConfigStore: getWifiApConfiguration ssid
01-09 22:18:47.989 2035 2046 E IPACM : vendor/qcom/opensource/data-ipa-cfg-mgr/ipacm/src/IPACM_Config.cpp:578 DelNatIfaces() Found Nat IfaceName: rmnet_data0 with nat-ifaces number: 2
01-09 22:18:47.989 2035 2046 E IPACM : vendor/qcom/opensource/data-ipa-cfg-mgr/ipacm/src/IPACM_Config.cpp:598 DelNatIfaces() Update nat-ifaces number: 1
01-09 22:18:47.989 2035 2046 E IPACM : vendor/qcom/opensource/data-ipa-cfg-mgr/ipacm/src/IPACM_Neighbor.cpp:167 event_callback() Received IPA_DEL_NEIGH_EVENT
01-09 22:18:47.989 2035 2046 E IPACM : vendor/qcom/opensource/data-ipa-cfg-mgr/ipacm/src/IPACM_Neighbor.cpp:424 event_callback() Posted event 26 with for ipv6
01-09 22:18:47.989 2400 3490 I SemWifiApSmartNetworkCallback: hasInternet:true,hasInternetValidated:true,isCelluar:false,isWifi:true
01-09 22:18:47.989 2035 2046 E IPACM : vendor/qcom/opensource/data-ipa-cfg-mgr/ipacm/src/IPACM_Neighbor.cpp:167 event_callback() Received IPA_DEL_NEIGH_EVENT
01-09 22:18:47.989 2400 3490 I SemWifiApSmartNetworkCallback: Updating Autohotspot Switch state - ,isPrimaryUser:true, isActiveNetworkhasInternet : true, isTetheringRestricted : false, isAirplaneModeOn : true, isSimDisabled : false, isMobileDataEnabled : false, isWifiConnected : true, isSamsungAccountLoggedOut : true, isNearByDeviceScanningDisabled : true, isDefaultPassphraseSet: false, isWifiSharingEnabled: true
01-09 22:18:47.989 2035 2046 E IPACM : vendor/qcom/opensource/data-ipa-cfg-mgr/ipacm/src/IPACM_Neighbor.cpp:424 event_callback() Posted event 26 with for ipv6
01-09 22:18:47.989 2400 3490 I SemWifiApSmartNetworkCallback: NetworkDisconnected changed. sendBroadcastForMDE
01-09 22:18:47.989 2035 2046 E IPACM : vendor/qcom/opensource/data-ipa-cfg-mgr/ipacm/src/IPACM_Neighbor.cpp:167 event_callback() Received IPA_DEL_NEIGH_EVENT
01-09 22:18:47.989 2035 2046 E IPACM : vendor/qcom/opensource/data-ipa-cfg-mgr/ipacm/src/IPACM_Neighbor.cpp:424 event_callback() Posted event 26 with for ipv6
01-09 22:18:47.989 2035 2046 E IPACM : vendor/qcom/opensource/data-ipa-cfg-mgr/ipacm/src/IPACM_Conntrack_NATApp.cpp:1127 FlushTempEntries() Received below with isAdd:0
01-09 22:18:47.989 2035 2046 E IPACM : vendor/qcom/opensource/data-ipa-cfg-mgr/ipacm/src/IPACM_Conntrack_NATApp.cpp:1165 DelEntriesOnClntDiscon() Received IP address: 0x0
01-09 22:18:47.989 2035 2046 E IPACM : vendor/qcom/opensource/data-ipa-cfg-mgr/ipacm/src/IPACM_Conntrack_NATApp.cpp:1169 DelEntriesOnClntDiscon() Invalid ip address received
01-09 22:18:47.989 2035 2046 E IPACM : vendor/qcom/opensource/data-ipa-cfg-mgr/ipacm/src/IPACM_Conntrack_NATApp.cpp:1127 FlushTempEntries() Received below with isAdd:0
01-09 22:18:47.989 2035 2046 E IPACM : vendor/qcom/opensource/data-ipa-cfg-mgr/ipacm/src/IPACM_Conntrack_NATApp.cpp:1165 DelEntriesOnClntDiscon() Received IP address: 0x0
01-09 22:18:47.989 2035 2046 E IPACM : vendor/qcom/opensource/data-ipa-cfg-mgr/ipacm/src/IPACM_Conntrack_NATApp.cpp:1169 DelEntriesOnClntDiscon() Invalid ip address received
01-09 22:18:47.989 2035 2046 E IPACM : vendor/qcom/opensource/data-ipa-cfg-mgr/ipacm/src/IPACM_Conntrack_NATApp.cpp:1127 FlushTempEntries() Received below with isAdd:0
01-09 22:18:47.989 2035 2046 E IPACM : vendor/qcom/opensource/data-ipa-cfg-mgr/ipacm/src/IPACM_Conntrack_NATApp.cpp:1165 DelEntriesOnClntDiscon() Received IP address: 0x0
01-09 22:18:47.989 2035 2046 E IPACM : vendor/qcom/opensource/data-ipa-cfg-mgr/ipacm/src/IPACM_Conntrack_NATApp.cpp:1169 DelEntriesOnClntDiscon() Invalid ip address received
01-09 22:18:47.990 2400 11794 W ContextImpl: Calling a method in the system process without a qualified user: android.app.ContextImpl.sendBroadcast:1281 com.samsung.android.server.wifi.ap.SemWifiApUtils$2.run:24 java.lang.Thread.run:1012
01-09 22:18:47.996 2400 11794 E ActivityManager: Sending non-protected broadcast com.samsung.intent.action.MDE_SUGGESTION_NOTIFY from system 2400:system/1000 pkg android
01-09 22:18:47.996 2400 11794 E ActivityManager: java.lang.Throwable
01-09 22:18:47.996 2400 11794 E ActivityManager: at com.android.server.am.ActivityManagerService.checkBroadcastFromSystem(ActivityManagerService.java:17011)
01-09 22:18:47.996 2400 11794 E ActivityManager: at com.android.server.am.ActivityManagerService.broadcastIntentLockedTraced(ActivityManagerService.java:17956)
01-09 22:18:47.996 2400 11794 E ActivityManager: at com.android.server.am.ActivityManagerService.broadcastIntentLocked(ActivityManagerService.java:17099)
01-09 22:18:47.996 2400 11794 E ActivityManager: at com.android.server.am.ActivityManagerService.broadcastIntentLocked(ActivityManagerService.java:17076)
01-09 22:18:47.996 2400 11794 E ActivityManager: at com.android.server.am.ActivityManagerService.broadcastIntentWithFeature(ActivityManagerService.java:18183)
01-09 22:18:47.996 2400 11794 E ActivityManager: at android.app.ContextImpl.sendBroadcast(ContextImpl.java:1285)
01-09 22:18:47.996 2400 11794 E ActivityManager: at com.samsung.android.server.wifi.ap.SemWifiApUtils$2.run(SemWifiApUtils.java:24)
01-09 22:18:47.996 2400 11794 E ActivityManager: at java.lang.Thread.run(Thread.java:1012)
01-09 22:18:48.005 2400 8840 W ContextImpl: Calling a method in the system process without a qualified user: android.app.ContextImpl.sendBroadcastMultiplePermissions:1364 android.content.Context.sendBroadcastMultiplePermissions:2426 android.content.Context.sendBroadcastMultiplePermissions:2414 com.android.server.TelephonyRegistry.broadcastDataConnectionStateChanged:3875 com.android.server.TelephonyRegistry.notifyDataConnectionForSubscriber:2190
01-09 22:18:48.005 4039 4039 I RegiMgr-Handler<0>: onPreciseDataConnectionStateChanged
01-09 22:18:48.005 2400 3489 D SemCellularStateManager: onDataConnectionStateChanged: state =0, networkType =LTE
01-09 22:18:48.005 2400 3161 D CompatibilityChangeReporter: Compat change id reported: 218533173; UID 10248; state: ENABLED
01-09 22:18:48.005 2400 3161 D CompatibilityChangeReporter: Compat change id reported: 262645982; UID 10248; state: ENABLED
01-09 22:18:48.006 2400 2400 D SemWifiService: onDataConnectionStateChanged: state -0, networkType - LTE
01-09 22:18:48.006 4039 4039 I CapabilityProvider: onDataConnectionStateChanged(): state [0] networkType [LTE]
01-09 22:18:48.006 3797 3797 I EPDG -- SIM0 [NetController]: onPreciseDataConnectionStateChanged: state=Suppressed
01-09 22:18:48.007 2400 2400 D SemWifiApServiceImpl: onDataConnectionStateChanged: state -0, networkType - LTE
01-09 22:18:48.007 3797 3797 I EPDG -- SIM0 [NetController]: onDataConnectionStateChanged: state=0 type=13
01-09 22:18:48.008 3797 3797 I EPDG -- SIM0 [SMARTWIFI]: onDataConnectionStateChanged: state=0 type=13
01-09 22:18:48.008 4668 32107 I NearbyMediums: WifiNetwork setTelephonyIsDataConnected:false
01-09 22:18:48.008 3797 4669 I EPDG -- SIM0 [EpdgSubScription]: getIsAirplaneMode: returning: true
01-09 22:18:48.008 3797 4669 I EPDG -- SIM0 [NetController]: getIsRssiDisabledForProfiling: returning: true
01-09 22:18:48.009 3670 3670 D StatusBarIconController: ignoring old pipeline callbacks, because the new mobile icons are enabled
01-09 22:18:48.009 2400 3378 D ConnectivityService: [108 CELLULAR] EVENT_NETWORK_INFO_CHANGED, going from CONNECTED to DISCONNECTED
01-09 22:18:48.009 2400 3378 D ConnectivityService: [108 CELLULAR] disconnected, was satisfying 29
01-09 22:18:48.012 3642 3642 D Telephony: SamsungTuiAsyncSendExtras: SamsungTuiAsyncSendExtras[onPreExecute] method: data_state_changed
01-09 22:18:48.012 3642 1886 D Telephony: SamsungTuiAsyncSendExtras: SamsungTuiAsyncSendExtras[doInBackground] method: data_state_changed
01-09 22:18:48.014 3670 3670 D StatusBarIconController: ignoring old pipeline callbacks, because the new mobile icons are enabled
01-09 22:18:48.016 10717 10717 D XCAL-Mobile: ACTION_AIRPLANE_MODE_CHANGED - true
01-09 22:18:48.016 9555 9567 I InternalContentProvider: data_state_changed null
01-09 22:18:48.016 9555 9567 I InternalContentProvider: Take CarrierUiCallFunctions
01-09 22:18:48.016 9555 9567 I CarrierUiCallFunctions: call data_state_changed null Bundle[mParcelledData.dataSize=336]
01-09 22:18:48.016 2400 2629 I ActivityManager: Broadcast completed: result=0
