--------- beginning of main
01-09 22:18:43.752 10717 11611 D XCAL-Mobile: dmm_v2 1789 logcat -v threadtime ImsDiagnosticManager_rapis:I IPSecService:I StackIF:D StackIF[0] #IMSCR:E *:S
01-09 22:18:43.795 2400 3159 D MotionEngine: [@@@ Motion Engine @@@] GetMotionScenarioId 0.443270 2.274378 9.594023 0.065275 0.022575 0.008225 8 51 20
01-09 22:18:43.795 2400 3159 D MotionEngine: [@@@ Motion Engine @@@] GnStuckMode 0
01-09 22:18:43.847 1507 10089 I sensors-hal: handle_sns_client_event:341, [1] mag_sample_cal(magcal_available:23412): ts=1059002036324 ns; cal = [54.772324, 47.517208, 1.411461], uncal = [37.912323, -29.642788, 42.391460], bias = [-16.859999, -77.159996, 40.980000], status=3
01-09 22:18:43.905 2400 3538 D SemWifiSwitchForIndividualAppsService: isSkipNetworkCondition - result:2
01-09 22:18:43.947 2400 3388 D GnssLocationProvider_ex: SV Count : 2 / 4 (PRN, Constellation, SNR, Used)
01-09 22:18:43.947 2400 3388 D GnssLocationProvider_ex: (16, BEIDOU, 20.1, 0) (9, BEIDOU, 31.2, 1) (4, GALILEO, 22.8, 1) (9, GALILEO, 23.3, 0)
01-09 22:18:43.950 4893 5021 I GnssEngineManager_FLP: updateSatelliteStatus, top4=24, top6=24, visibleSv=4, usedSv=2, usedL5Sv=0 (usedGps=0, usedGlo=0, usedBds=1, usedGal=1)
01-09 22:18:44.026 1507 3629 I sensors-hal: handle_sns_client_event:190, auto_rotation_debug_2 mode,255, type,1,0 acc,0.431,2.244,9.619, ar,0, ver,12, pedo,1,e,0,i,3
01-09 22:18:44.119 3642 4594 W TelephonyPermissions: reportAccessDeniedToReadIdentifiers:com.innowireless.xcal.mobile5:getAllSubInfoList:3
01-09 22:18:44.121 3642 4594 W TelephonyPermissions: reportAccessDeniedToReadIdentifiers:com.innowireless.xcal.mobile5:getAllSubInfoList:3
01-09 22:18:44.269 2400 2586 I system_server: Background concurrent mark compact GC freed 24MB AllocSpace bytes, 25(500KB) LOS objects, 23% free, 80MB/104MB, paused 1.068ms,1.710ms total 167.338ms
01-09 22:18:44.375 1592 1736 I thermal_core: AP : 388
01-09 22:18:44.375 1592 1736 I thermal_core: AP2 : 346
01-09 22:18:44.375 1592 1736 I thermal_core: AP2F : 332
01-09 22:18:44.375 1592 1736 I thermal_core: AP2R : 346
01-09 22:18:44.375 1592 1736 I thermal_core: BAT : 327
01-09 22:18:44.375 1592 1736 I thermal_core: BLK : 0
01-09 22:18:44.375 1592 1736 I thermal_core: CF : 342
01-09 22:18:44.375 1592 1736 I thermal_core: CHG : 356
01-09 22:18:44.375 1592 1736 I thermal_core: CHG2 : 343
01-09 22:18:44.375 1592 1736 I thermal_core: CHG2F : 328
01-09 22:18:44.375 1592 1736 I thermal_core: CHG2R : 343
01-09 22:18:44.375 1592 1736 I thermal_core: DC : 357
01-09 22:18:44.375 1592 1736 I thermal_core: DC2 : 344
01-09 22:18:44.375 1592 1736 I thermal_core: DC2F : 329
01-09 22:18:44.375 1592 1736 I thermal_core: DC2R : 344
01-09 22:18:44.375 1592 1736 I thermal_core: DNSPK : 318
01-09 22:18:44.375 1592 1736 I thermal_core: FCAM : 318
01-09 22:18:44.375 1592 1736 I thermal_core: FCAM2F : 321
01-09 22:18:44.375 1592 1736 I thermal_core: FCAM2R : 326
01-09 22:18:44.375 1592 1736 I thermal_core: LRB2 : 346
01-09 22:18:44.375 1592 1736 I thermal_core: LRF2 : 332
01-09 22:18:44.375 1592 1736 I thermal_core: LRP2 : 346
01-09 22:18:44.375 1592 1736 I thermal_core: LRPTHM : 337
01-09 22:18:44.375 1592 1736 I thermal_core: LTA2F : 302
01-09 22:18:44.375 1592 1736 I thermal_core: LTA2R : 305
01-09 22:18:44.375 1592 1736 I thermal_core: PA : 377
01-09 22:18:44.375 1592 1736 I thermal_core: RCV2 : 325
01-09 22:18:44.375 1592 1736 I thermal_core: RCV2F : 322
01-09 22:18:44.376 1592 1736 I thermal_core: RCV2R : 325
01-09 22:18:44.376 1592 1736 I thermal_core: SKIN : 346
01-09 22:18:44.376 1592 1736 I thermal_core: SKINB : 346
01-09 22:18:44.376 1592 1736 I thermal_core: SKINF : 332
01-09 22:18:44.376 1592 1736 I thermal_core: SPK2 : 310
01-09 22:18:44.376 1592 1736 I thermal_core: SPK2F : 308
01-09 22:18:44.376 1592 1736 I thermal_core: SPK2R : 310
01-09 22:18:44.376 1592 1736 I thermal_core: SUBBAT : 0
01-09 22:18:44.376 1592 1736 I thermal_core: UPSPK : 338
01-09 22:18:44.376 1592 1736 I thermal_core: USB : 317
01-09 22:18:44.376 1592 1736 I thermal_core: VAP02 : 386
01-09 22:18:44.376 1592 1736 I thermal_core: VPA : 363
01-09 22:18:44.376 1592 1736 I thermal_core: VWIFI : 358
01-09 22:18:44.376 1592 1736 I thermal_core: WIFI : 368
01-09 22:18:44.376 1592 1736 I thermal_core: WIFI2 : 346
01-09 22:18:44.376 1592 1736 I thermal_core: WIFI2F : 332
01-09 22:18:44.376 1592 1736 I thermal_core: WIFI2R : 346 --------- beginning of system
01-09 22:18:44.378 5754 6566 I SDHMS:C : SIOP:: AP:388 BAT:327 USB:317 CHG:356 PA:377 WIFI:368 CF:342 BLK:0 SUBBAT:0 SKIN:346 SKINF:332 SKINB:346 LRP2:346 LRF2:332 LRB2:346 AP2:346 CHG2:343 WIFI2:346 RCV2:325 SPK2:310 FCAM:318 UPSPK:338 DNSPK:318 VAP02:386 VWIFI:358
01-09 22:18:44.378 5754 6566 I SDHMS:C : MODEMQ::
01-09 22:18:44.387 10717 10965 I XCAL-Native: CConnectTimeoutMsg::Run - End
01-09 22:18:44.434 10717 11271 D GPS : NMEA is null
01-09 22:18:44.434 10717 11271 D GPS : mGPSLocationListener.getLocation() is null
01-09 22:18:44.436 10717 11271 D GPS : getLastKnownLocation is not null
01-09 22:18:44.436 10717 11271 D GPS : mGPSSatelites : 4
01-09 22:18:44.436 10717 11271 D GPS : Android GPS is vaild.
01-09 22:18:44.494 2400 6796 D SemContextService: lock : requestToUpdate
01-09 22:18:44.494 2400 6796 W CAE : setCAProperty(ContextAwareService.java:509) - [setProperty 01] Mutex is locked for CH_LOC_TRIGGER
01-09 22:18:44.495 2400 3347 D SensorService: setSContextDataLocked ints length 2 , byte length 4
01-09 22:18:44.496 2400 3347 D SensorService: setSContextDataLocked 3db8
01-09 22:18:44.496 1507 1507 I sensors-hal: inject_sensor_data:407, handle 1501 send inject
01-09 22:18:44.496 1507 1507 I sensors-hal: sendContextData:288, sensor hal 4, (0xb8, 0x3d, 0x0, 0x0)
01-09 22:18:44.497 1507 1507 I sensors-hal: sendContextData:131, change_location_trigger 4,184
01-09 22:18:44.497 1507 1507 I sensors-hal: sendUserData:118, change_location_trigger h 184 m 61 s 0
01-09 22:18:44.497 1507 1507 I sensors-hal: create_send_context_data:66, change_location_trigger create_send_context_data
01-09 22:18:44.497 1507 1507 I sensors-hal: send_context_data:694, change_location_trigger, -244018566922240, 1320970896291267344, msgid:700
01-09 22:18:44.498 1507 3343 I sensors-hal: qsh_conn_resp_cb:930, resp_value = 0 for change_location_trigger
01-09 22:18:44.498 2400 6796 W CAE : setCAProperty(ContextAwareService.java:515) - [setProperty 02] Mutex is unlocked for CH_LOC_TRIGGER
01-09 22:18:44.498 2400 6796 D SemContextService: .requestToUpdate() : service = Location Change Trigger
01-09 22:18:44.498 2400 6796 D SemContextService: unlock : requestToUpdate
01-09 22:18:44.498 2400 6796 D SemContextManager: .requestToUpdate : listener = com.android.server.location.nsflp.NSLocationMonitor$5@11a7a99, service=Location Change Trigger
01-09 22:18:44.499 4893 12709 I NewStopController_FLP: StateChecker, check stationary message
01-09 22:18:44.519 1477 1477 D Diag-Router: diag: qrtr_perif_send: Sending cmd pkt of len: 4 to perif: modem with port: node [401c: 1]
01-09 22:18:44.520 1477 1477 D Diag-Router: diag: qrtr_perif_send: Sending cmd pkt of len: 4 to perif: modem with port: node [401c: 1]
01-09 22:18:44.534 1507 3343 I sensors-hal: qsh_conn_event_cb:890, event[0] sensor:change_location_trigger Wakeup, msg_id=1025, ts=20627861579
01-09 22:18:44.534 1507 3343 I sensors-hal: handle_sns_client_event:85, change_location_trigger_event: msgid:1025
01-09 22:18:44.534 1507 3343 I sensors-hal: handle_sns_client_event:108, change_location_trigger_event: 255, 255
01-09 22:18:44.537 2400 3341 D CAE : onGetSensorHubData(SensorHubParserProvider.java:92) - onGetSensorHubData Event [event buffer len :15], AP_WAKEUP
01-09 22:18:44.537 2400 3341 I CAE : parse(SensorHubParserProvider.java:193) - buffer size = 15
01-09 22:18:44.537 2400 3341 I CAE : parse(SensorHubParserProvider.java:204) - 1, 1, 61, -1, 0, 2, 1, 0, 0, 0, 1, 0, 0, 0, 0,
01-09 22:18:44.537 2400 3341 D CAE : display(ContextProvider.java:375) - ================= CH_LOC_TRIGGER =================
01-09 22:18:44.537 2400 3341 I CAE : display(ContextProvider.java:391) - duration=[1], property=[1], result=[2], reserved=[0]
01-09 22:18:44.538 2400 3338 D SemContextService: Service.updateContext() : service = Location Change Trigger
01-09 22:18:44.539 2400 2400 D SemContextManager: onSemContextChanged() : event = Location Change Trigger
01-09 22:18:44.539 2400 2400 D NSLocationMonitor: onSemContextChanged, activity : 1 result : 2 movement : 1
01-09 22:18:44.567 10717 11320 W ss.xcal.mobile5: Accessing hidden method Landroid/telephony/TelephonyManager;->getServiceStateForSubscriber(I)Landroid/telephony/ServiceState; (max-target-p, reflection, denied)
01-09 22:18:44.573 3642 4594 W TelephonyPermissions: reportAccessDeniedToReadIdentifiers:com.innowireless.xcal.mobile5:getAllSubInfoList:3
01-09 22:18:44.582 3642 4594 W TelephonyPermissions: reportAccessDeniedToReadIdentifiers:com.innowireless.xcal.mobile5:getAllSubInfoList:3
01-09 22:18:44.585 1500 4910 I vendor.qti.bluetooth@1.1-ibs_handler: DeviceSleep: TX Awake, Sending SLEEP_IND
01-09 22:18:44.585 1500 4910 D vendor.qti.bluetooth@1.1-ibs_handler: SerialClockVote: vote for UART CLK OFF
01-09 22:18:44.626 2400 3159 D MotionEngine: [CALIBRATION] Calibration Secess(5)[-0.0061 0.0037 -0.0031]
01-09 22:18:44.628 2400 3159 D MotionEngine: [CALIBRATION] File Write[-0.0061 0.0037 -0.0031]
01-09 22:18:44.639 2400 3542 D WifiConnectivityMonitor.NetworkStatsAnalyzer: Backhaul result - RSSI:-66, CE:7, PE:8, TI:23, PTI:24, TW:8, PTW:7, Tx:48, Rx:64, TxS:47, RxS:62, RESULT:true, IC:0, ICT:5, WC:0, WCT:5, R:6, RC:0, IE:0, EC:0
01-09 22:18:44.736 1500 4137 D vendor.qti.bluetooth@1.1-wake_lock: Release wakelock is released
01-09 22:18:44.769 1500 4905 I vendor.qti.bluetooth@1.1-ibs_handler: ProcessIbsCmd: Received IBS_WAKE_IND: 0xFD
01-09 22:18:44.770 1500 4905 D vendor.qti.bluetooth@1.1-ibs_handler: SerialClockVote: vote for UART CLK ON
01-09 22:18:44.770 1500 4905 D vendor.qti.bluetooth@1.1-wake_lock: Acquire wakelock is acquired
01-09 22:18:44.770 1500 4905 I vendor.qti.bluetooth@1.1-ibs_handler: ProcessIbsCmd: Writing IBS_WAKE_ACK
01-09 22:18:44.773 4020 4928 D ScanFilter: manu data matches
01-09 22:18:44.774 4020 4928 D BtGatt.GattService: onScanResult to scannerId: 4- eventType=0x10, addressType=1, address=XX:XX:XX:XX:69:7C, primaryPhy=1, secondaryPhy=0, advertisingSid=0xff, txPower=127, rssi=-49, periodicAdvInt=0x0
01-09 22:18:44.805 2400 4969 D FreecessController: com.facebook.katana(10315) is important[18]
01-09 22:18:44.811 1500 4905 I vendor.qti.bluetooth@1.1-ibs_handler: ProcessIbsCmd: Received IBS_SLEEP_IND: 0xFE
01-09 22:18:44.811 1500 4905 D vendor.qti.bluetooth@1.1-ibs_handler: SerialClockVote: vote for UART CLK OFF
01-09 22:18:44.814 1507 18926 I sensors-hal: handle_sns_client_event:422, [1][0] gyro_sample_cal(cal_available:48239)(3) [ 0.001,-0.000,-0.001] bias[ 0.004, 0.005, 0.006] 1060003341532
01-09 22:18:44.816 1507 10083 I sensors-hal: handle_sns_std_sensor_event:156, [17177] Pressure 1011.634, cal -0.242, sw_offset 0.000
01-09 22:18:44.829 1500 4905 I vendor.qti.bluetooth@1.1-ibs_handler: ProcessIbsCmd: Received IBS_WAKE_IND: 0xFD
01-09 22:18:44.830 1500 4905 D vendor.qti.bluetooth@1.1-ibs_handler: SerialClockVote: vote for UART CLK ON
01-09 22:18:44.830 1500 4905 I vendor.qti.bluetooth@1.1-ibs_handler: ProcessIbsCmd: Writing IBS_WAKE_ACK
01-09 22:18:44.833 4020 4928 D ScanFilter: manu data matches
01-09 22:18:44.833 4020 4928 D BtGatt.GattService: onScanResult to scannerId: 4- eventType=0x10, addressType=1, address=XX:XX:XX:XX:69:7C, primaryPhy=1, secondaryPhy=0, advertisingSid=0xff, txPower=127, rssi=-46, periodicAdvInt=0x0
01-09 22:18:44.871 1500 4905 I vendor.qti.bluetooth@1.1-ibs_handler: ProcessIbsCmd: Received IBS_SLEEP_IND: 0xFE
01-09 22:18:44.872 1500 4905 D vendor.qti.bluetooth@1.1-ibs_handler: SerialClockVote: vote for UART CLK OFF
01-09 22:18:44.881 2400 3159 D MotionEngine: [@@@ Motion Engine @@@] GetMotionScenarioId 0.477368 2.223531 9.622736 -0.247625 0.057575 0.029400 8 51 20
01-09 22:18:44.882 2400 3159 D MotionEngine: [@@@ Motion Engine @@@] GnStuckMode 0
01-09 22:18:44.904 1500 4905 I vendor.qti.bluetooth@1.1-ibs_handler: ProcessIbsCmd: Received IBS_WAKE_IND: 0xFD
01-09 22:18:44.905 1500 4905 D vendor.qti.bluetooth@1.1-ibs_handler: SerialClockVote: vote for UART CLK ON
01-09 22:18:44.905 1500 4905 I vendor.qti.bluetooth@1.1-ibs_handler: ProcessIbsCmd: Writing IBS_WAKE_ACK
01-09 22:18:44.907 4020 4928 D ScanFilter: manu data matches
01-09 22:18:44.908 4020 4928 D BtGatt.GattService: onScanResult to scannerId: 4- eventType=0x10, addressType=1, address=XX:XX:XX:XX:69:7C, primaryPhy=1, secondaryPhy=0, advertisingSid=0xff, txPower=127, rssi=-47, periodicAdvInt=0x0
01-09 22:18:44.914 2400 3538 D SemWifiSwitchForIndividualAppsService: isSkipNetworkCondition - result:2
01-09 22:18:44.944 2400 3388 D GnssLocationProvider_ex: SV Count : 2 / 5 (PRN, Constellation, SNR, Used)
01-09 22:18:44.944 2400 3388 D GnssLocationProvider_ex: (39, BEIDOU, 20.6, 0) (16, BEIDOU, 22.7, 0) (9, BEIDOU, 31.2, 1) (4, GALILEO, 22.3, 1) (9, GALILEO, 22.0, 0)
01-09 22:18:44.945 4893 5021 I GnssEngineManager_FLP: updateSatelliteStatus, top4=24, top6=23, visibleSv=5, usedSv=2, usedL5Sv=0 (usedGps=0, usedGlo=0, usedBds=1, usedGal=1)
01-09 22:18:44.947 1500 4905 I vendor.qti.bluetooth@1.1-ibs_handler: ProcessIbsCmd: Received IBS_SLEEP_IND: 0xFE
01-09 22:18:44.947 1500 4905 D vendor.qti.bluetooth@1.1-ibs_handler: SerialClockVote: vote for UART CLK OFF
01-09 22:18:44.975 1081 1081 D io_stats: !@ Write_top(KB): kworker/u16:6(897) 25480
01-09 22:18:45.097 1500 4137 D vendor.qti.bluetooth@1.1-wake_lock: Release wakelock is released
01-09 22:18:45.210 3642 4192 W TelephonyPermissions: reportAccessDeniedToReadIdentifiers:com.innowireless.xcal.mobile5:getAllSubInfoList:3
01-09 22:18:45.211 3642 4192 W TelephonyPermissions: reportAccessDeniedToReadIdentifiers:com.innowireless.xcal.mobile5:getAllSubInfoList:3
01-09 22:18:45.341 2400 6796 W ProcessStats: Tracking association SourceState{df605cc system/1000 ImpBg #13022} whose proc state 6 is better than process ProcessState{a039f54 com.google.android.gms.persistent/10261 pkg=com.google.android.gms} proc state 8 (449 skipped)
01-09 22:18:45.356 2400 4969 D FreecessController: com.innowireless.xcal_webview(10379) is important[2]
01-09 22:18:45.403 1507 10086 I sensors-hal: handle_sns_client_event:375, [0][72023] accel_sample [ 0.444, 2.246, 9.610] 1060593084345
01-09 22:18:45.417 1512 4222 I WifiHAL : event received NL80211_CMD_VENDOR, vendor_id = 0x1374, subcmd = 0xb6
01-09 22:18:45.417 2103 4234 D LOWI-9.0.1.70: [LOWI-Scan] wait_event:Wait done with Cmd 103
01-09 22:18:45.418 2103 4234 D LOWI-9.0.1.70: [LOWI-Scan] do_listen_events: Rcvd valid Netlink Cmd 0 Err 0
01-09 22:18:45.418 2057 2057 I cnss-daemon: nl80211 response handler invoked
01-09 22:18:45.418 2057 2057 I cnss-daemon: nl80211_response_handler: cmd 103, vendorID 4980, subcmd 182 received
01-09 22:18:45.434 10717 11271 D GPS : NMEA is null
01-09 22:18:45.434 10717 11271 D GPS : mGPSLocationListener.getLocation() is null
01-09 22:18:45.437 10717 11271 D GPS : getLastKnownLocation is not null
01-09 22:18:45.437 10717 11271 D GPS : mGPSSatelites : 5
01-09 22:18:45.437 10717 11271 D GPS : Android GPS is vaild.
01-09 22:18:45.440 4668 10666 I NearbyMediums: Found Fast Ble Advertisements :
01-09 22:18:45.440 4668 10666 I NearbyMediums: BleAdvertisement { version=2, socketVersion=2, isFast=true, serviceIdHash=null, data=[ 0x23 0x4b 0x45 0x53 0x34 0x11 0x32 0xa9 0x12 0x60 0xce 0x0f 0x61 0x20 0x20 0x8f 0x1d 0xe8 0x26 0x20 0x25 0x03 0x75 ], deviceToken=[ 0x73 0x9e ], rxAdvertisement=null } : 3 times.
01-09 22:18:45.440 4668 10666 I NearbyMediums: BleAdvertisement { version=2, socketVersion=2, isFast=true, serviceIdHash=null, data=[ 0x23 0x53 0x58 0x30 0x4c 0x11 0x32 0xbf 0x4d 0x02 0xbd 0xbe 0xbd 0x63 0x84 0xa3 0x03 0x03 0x2b 0x49 0x5e 0x8f 0xee ], deviceToken=[ 0x48 0xfb ], rxAdvertisement=null } : 1 times.
01-09 22:18:45.440 4668 10666 I NearbyMediums: Total 4 fast advertisements from 2 unique advertisers.
01-09 22:18:45.440 4668 10666 I NearbyMediums: Found BLE GATT Advertisements :
01-09 22:18:45.440 4668 10666 I NearbyMediums: BleAdvertisement { version=2, socketVersion=2, isFast=false, serviceIdHash=[ 0xfc 0x9f 0x5e ], data=[ 0x23 0xfc 0x9f 0x5e 0x4e 0x49 0x33 0x47 0x1f 0x06 0x80 0x1a 0xad 0x34 0x99 0x64 0x55 0xe8 0x62 0xb8 0x95 0x89 0x90 0xed 0x98 0xb0 0x0d 0x76 0x72 0x75 0x73 0x68 0x61 0x6c 0x69 0x27 0x73 0x20 0x50 0x43 0x70 0xd8 0x23 0x97 0xe3 0x29 0x00 0x00 ], deviceToken=[ 0xf8 0xf8 ], rxAdvertisement=null } : 4 times.
01-09 22:18:45.440 4668 10666 I NearbyMediums: Total 4 GATT advertisements from 1 unique advertisers.
01-09 22:18:45.443 1512 4222 I WifiHAL : event received NL80211_CMD_VENDOR, vendor_id = 0x1374, subcmd = 0xb6
01-09 22:18:45.443 2103 4234 D LOWI-9.0.1.70: [LOWI-Scan] wait_event:Wait done with Cmd 103
01-09 22:18:45.443 2103 4234 D LOWI-9.0.1.70: [LOWI-Scan] do_listen_events: Rcvd valid Netlink Cmd 0 Err 0
01-09 22:18:45.443 2057 2057 I cnss-daemon: nl80211 response handler invoked
01-09 22:18:45.444 2057 2057 I cnss-daemon: nl80211_response_handler: cmd 103, vendorID 4980, subcmd 182 received
01-09 22:18:45.500 2400 6796 D SemContextService: lock : requestToUpdate
01-09 22:18:45.501 2400 6796 W CAE : setCAProperty(ContextAwareService.java:509) - [setProperty 01] Mutex is locked for CH_LOC_TRIGGER
01-09 22:18:45.502 2400 3347 D SensorService: setSContextDataLocked ints length 2 , byte length 4
01-09 22:18:45.502 2400 3347 D SensorService: setSContextDataLocked 3db8
01-09 22:18:45.502 1507 1507 I sensors-hal: inject_sensor_data:407, handle 1501 send inject
01-09 22:18:45.503 1507 1507 I sensors-hal: sendContextData:288, sensor hal 4, (0xb8, 0x3d, 0x0, 0x0)
01-09 22:18:45.503 1507 1507 I sensors-hal: sendContextData:131, change_location_trigger 4,184
01-09 22:18:45.503 1507 1507 I sensors-hal: sendUserData:118, change_location_trigger h 184 m 61 s 0
01-09 22:18:45.503 1507 1507 I sensors-hal: create_send_context_data:66, change_location_trigger create_send_context_data
01-09 22:18:45.503 1507 1507 I sensors-hal: send_context_data:694, change_location_trigger, -244018566922240, 1320970896291267344, msgid:700
01-09 22:18:45.505 2400 6796 W CAE : setCAProperty(ContextAwareService.java:515) - [setProperty 02] Mutex is unlocked for CH_LOC_TRIGGER
01-09 22:18:45.505 1507 3343 I sensors-hal: qsh_conn_resp_cb:930, resp_value = 0 for change_location_trigger
01-09 22:18:45.505 2400 6796 D SemContextService: .requestToUpdate() : service = Location Change Trigger
01-09 22:18:45.505 2400 6796 D SemContextService: unlock : requestToUpdate
01-09 22:18:45.505 2400 6796 D SemContextManager: .requestToUpdate : listener = com.android.server.location.nsflp.NSLocationMonitor$5@11a7a99, service=Location Change Trigger
01-09 22:18:45.505 4893 12709 I NewStopController_FLP: StateChecker, check stationary message
01-09 22:18:45.519 1477 1477 D Diag-Router: diag: qrtr_perif_send: Sending cmd pkt of len: 4 to perif: modem with port: node [401c: 1]
01-09 22:18:45.520 1477 1477 D Diag-Router: diag: qrtr_perif_send: Sending cmd pkt of len: 4 to perif: modem with port: node [401c: 1]
01-09 22:18:45.520 1477 1477 D Diag-Router: diag: qrtr_perif_send: Sending cmd pkt of len: 1 to perif: modem with port: node [401c: 1]
01-09 22:18:45.537 1507 3343 I sensors-hal: qsh_conn_event_cb:890, event[0] sensor:change_location_trigger Wakeup, msg_id=1025, ts=20647110729
01-09 22:18:45.537 1507 3343 I sensors-hal: handle_sns_client_event:85, change_location_trigger_event: msgid:1025
01-09 22:18:45.537 1507 3343 I sensors-hal: handle_sns_client_event:108, change_location_trigger_event: 255, 255
01-09 22:18:45.539 2400 3341 D CAE : onGetSensorHubData(SensorHubParserProvider.java:92) - onGetSensorHubData Event [event buffer len :15], AP_WAKEUP
01-09 22:18:45.539 2400 3341 I CAE : parse(SensorHubParserProvider.java:193) - buffer size = 15
01-09 22:18:45.539 2400 3341 I CAE : parse(SensorHubParserProvider.java:204) - 1, 1, 61, -1, 0, 2, 1, 0, 0, 0, 1, 0, 0, 0, 0,
01-09 22:18:45.539 2400 3341 D CAE : display(ContextProvider.java:375) - ================= CH_LOC_TRIGGER =================
01-09 22:18:45.539 2400 3341 I CAE : display(ContextProvider.java:391) - duration=[1], property=[1], result=[2], reserved=[0]
01-09 22:18:45.540 2400 3338 D SemContextService: Service.updateContext() : service = Location Change Trigger
01-09 22:18:45.540 2400 2400 D SemContextManager: onSemContextChanged() : event = Location Change Trigger
01-09 22:18:45.541 2400 2400 D NSLocationMonitor: onSemContextChanged, activity : 1 result : 2 movement : 1
01-09 22:18:45.572 10717 11320 W ss.xcal.mobile5: Accessing hidden method Landroid/telephony/TelephonyManager;->getServiceStateForSubscriber(I)Landroid/telephony/ServiceState; (max-target-p, reflection, denied)
01-09 22:18:45.579 3642 4192 W TelephonyPermissions: reportAccessDeniedToReadIdentifiers:com.innowireless.xcal.mobile5:getAllSubInfoList:3
01-09 22:18:45.589 3642 4192 W TelephonyPermissions: reportAccessDeniedToReadIdentifiers:com.innowireless.xcal.mobile5:getAllSubInfoList:3
01-09 22:18:45.692 2400 3159 D MotionEngine: [CALIBRATION] Calibration Secess(1)[-0.0073 -0.0031 -0.0056]
01-09 22:18:45.785 2400 11698 D TrafficStats: tagSocket(1065) with statsTag=0xffffffff, statsUid=-1
01-09 22:18:45.832 2400 6351 D SemWifiUsabilityStatsMonitor: onWifiUsabilityStats - seqNum 345, isSameBssidAndFreq true
01-09 22:18:45.833 2400 3514 I SemWifiLinkQualityMonitor: Unreliable statistics: 2 / 95 / 15 / 0 || QoS: 0.00 ms / 0.00 Mbps (N) / 0 (0)
01-09 22:18:45.838 3670 3670 D StatusBarIconController: ignoring old pipeline callback because the new wifi icon is enabled
01-09 22:18:45.847 1507 10089 I sensors-hal: handle_sns_client_event:341, [1] mag_sample_cal(magcal_available:23432): ts=1061002036324 ns; cal = [54.959129, 47.546318, 1.183437], uncal = [38.099129, -29.613680, 42.163437], bias = [-16.859999, -77.159996, 40.980000], status=3
01-09 22:18:45.890 10717 11474 I XCAL-Native: CDMR_Connection::OnKeepAlive - Ok
01-09 22:18:45.928 2400 3538 D SemWifiSwitchForIndividualAppsService: isSkipNetworkCondition - result:2
01-09 22:18:45.946 4893 5021 I GnssEngineManager_FLP: updateSatelliteStatus, top4=24, top6=22, visibleSv=6, usedSv=2, usedL5Sv=0 (usedGps=0, usedGlo=0, usedBds=1, usedGal=1)
01-09 22:18:45.948 2400 3388 D GnssLocationProvider_ex: SV Count : 2 / 6 (PRN, Constellation, SNR, Used)
01-09 22:18:45.948 2400 3388 D GnssLocationProvider_ex: (25, GPS, 19.1, 0) (39, BEIDOU, 20.6, 0) (16, BEIDOU, 22.7, 0) (9, BEIDOU, 31.2, 1) (4, GALILEO, 22.6, 1) (9, GALILEO, 22.0, 0)
01-09 22:18:45.967 2400 3159 D MotionEngine: [@@@ Motion Engine @@@] GetMotionScenarioId 0.446860 2.271985 9.598209 0.007350 -0.040600 -0.003150 8 51 20
01-09 22:18:45.967 2400 3159 D MotionEngine: [@@@ Motion Engine @@@] GnStuckMode 0
01-09 22:18:45.989 2400 11698 D WifiConnectivityMonitor.DnsThread: [|208]
01-09 22:18:45.990 2400 3542 D WifiConnectivityMonitor.NetworkStatsAnalyzer: DNS resultType : 0, responseTime : 208
01-09 22:18:45.991 2400 3540 D OpenNetworkQos[4.00]: updateBssidLatestDnsResultType - result: 0
01-09 22:18:45.991 2400 3540 D OpenNetworkQos[4.00]: updateBssidNoInternet: mBssidNoInternet = false
01-09 22:18:45.991 2400 3540 D OpenNetworkQos[4.00]: getOpenNetworkQosNoInternetStatus: false
01-09 22:18:45.991 2400 3540 D OpenNetworkQos[4.00]: getOpenNetworkQosScores: 20 23 0
01-09 22:18:45.991 2400 3540 D KNOX_MDM_SettingsProvider: isChangeAllowed() : name = wifi_wcm_qos_sharing_score_summary
01-09 22:18:45.992 2400 3540 I WifiProfileShare: network QoS data was changed (internet), updateQoSData networkType: true, qosData: false
01-09 22:18:45.992 2400 5041 D WifiProfileShare: nearby scanning settings run
01-09 22:18:45.992 2400 5041 D WifiProfileShare: network score provider settings enabled
01-09 22:18:45.992 2400 5041 D OpenNetworkQos[4.00]: getOpenNetworkQosScores: 20 23 0
01-09 22:18:45.992 2400 5041 D OpenNetworkQos[4.00]: getOpenNetworkQosNoInternetStatus: false
01-09 22:18:45.992 2400 5041 I WifiProfileShare.Caster: current network type: 0, score: [20, 23, 0]
01-09 22:18:45.993 2400 5041 D WifiProfileShare.ScanMatcher: getMcfDataList size:1
01-09 22:18:45.993 2400 5041 I WifiProfileShare.Caster: qos data was updated , before:type:QOS, pBssid:35:65:fa, qosData:5a after:type:QOS, pBssid:35:65:fa, qosData:5a
01-09 22:18:45.994 2400 5041 I [MCFSDK_android_1.2.13040]_4_McfCasterImpl: isNetworkEnabled - type : 1 ret : true
01-09 22:18:45.994 2400 5041 D WifiProfileShare.McfCast: -ME--- mIsNetworkEnabled :true
01-09 22:18:45.994 2400 5041 D WifiProfileShare.McfCast: updateQoSData ignored, same contents
01-09 22:18:45.994 2400 5041 D WifiProfileShare.MCF: success update QosData !
01-09 22:18:45.995 2400 5041 I [MCFSDK_android_1.2.13040]_4_McfCasterImpl: isNetworkEnabled - type : 1 ret : true
01-09 22:18:45.995 2400 5041 D WifiProfileShare.McfCast: -ME--- mIsNetworkEnabled :true
01-09 22:18:45.995 2400 5041 D WifiProfileShare.McfCast: -ME--- updatePasswordDate pwdData size:1
01-09 22:18:46.435 10717 11271 D GPS : NMEA is null
01-09 22:18:46.435 10717 11271 D GPS : mGPSLocationListener.getLocation() is null
01-09 22:18:46.436 10717 11271 D GPS : getLastKnownLocation is not null
01-09 22:18:46.436 10717 11271 D GPS : mGPSSatelites : 6
01-09 22:18:46.436 10717 11271 D GPS : Android GPS is vaild.
01-09 22:18:46.472 1512 4222 I WifiHAL : event received NL80211_CMD_VENDOR, vendor_id = 0x1374, subcmd = 0xb6
01-09 22:18:46.473 2103 4234 D LOWI-9.0.1.70: [LOWI-Scan] wait_event:Wait done with Cmd 103
01-09 22:18:46.473 2103 4234 D LOWI-9.0.1.70: [LOWI-Scan] do_listen_events: Rcvd valid Netlink Cmd 0 Err 0
01-09 22:18:46.474 2057 2057 I cnss-daemon: nl80211 response handler invoked
01-09 22:18:46.474 2057 2057 I cnss-daemon: nl80211_response_handler: cmd 103, vendorID 4980, subcmd 182 received
01-09 22:18:46.475 1512 4222 I WifiHAL : event received NL80211_CMD_VENDOR, vendor_id = 0x1374, subcmd = 0xb6
01-09 22:18:46.475 2103 4234 D LOWI-9.0.1.70: [LOWI-Scan] wait_event:Wait done with Cmd 103
01-09 22:18:46.475 2103 4234 D LOWI-9.0.1.70: [LOWI-Scan] do_listen_events: Rcvd valid Netlink Cmd 0 Err 0
01-09 22:18:46.475 2057 2057 I cnss-daemon: nl80211 response handler invoked
01-09 22:18:46.476 2057 2057 I cnss-daemon: nl80211_response_handler: cmd 103, vendorID 4980, subcmd 182 received
01-09 22:18:46.507 2400 6796 D SemContextService: lock : requestToUpdate
01-09 22:18:46.507 2400 6796 W CAE : setCAProperty(ContextAwareService.java:509) - [setProperty 01] Mutex is locked for CH_LOC_TRIGGER
01-09 22:18:46.508 2400 3347 D SensorService: setSContextDataLocked ints length 2 , byte length 4
01-09 22:18:46.508 2400 3347 D SensorService: setSContextDataLocked 3db8
01-09 22:18:46.509 1507 1507 I sensors-hal: inject_sensor_data:407, handle 1501 send inject
01-09 22:18:46.509 1507 1507 I sensors-hal: sendContextData:288, sensor hal 4, (0xb8, 0x3d, 0x0, 0x0)
01-09 22:18:46.509 1507 1507 I sensors-hal: sendContextData:131, change_location_trigger 4,184
01-09 22:18:46.509 1507 1507 I sensors-hal: sendUserData:118, change_location_trigger h 184 m 61 s 0
01-09 22:18:46.509 1507 1507 I sensors-hal: create_send_context_data:66, change_location_trigger create_send_context_data
01-09 22:18:46.509 1507 1507 I sensors-hal: send_context_data:694, change_location_trigger, -244018566922240, 1320970896291267344, msgid:700
01-09 22:18:46.510 1635 1635 I Layer : Layer::reparent [WindowToken{8dbe578 type=2005 android.os.Binder@a9656db}#1396] newParentHandle : null -------------------------
01-09 22:18:46.510 1635 1635 I Layer : id=1396 removeFromCurrentState WindowToken{8dbe578 type=2005 android.os.Binder@a9656db}#1396 (122)
01-09 22:18:46.510 1635 1635 I Layer : Layer::reparent [WindowToken{8dbe578 type=2005 android.os.Binder@a9656db}#1396] End -------------------------
01-09 22:18:46.510 1507 3343 I sensors-hal: qsh_conn_resp_cb:930, resp_value = 0 for change_location_trigger
01-09 22:18:46.511 1635 1635 I SurfaceFlinger: id=1396 Removed WindowToken{8dbe578 type=2005 android.os.Binder@a9656db}#1396 (122)
01-09 22:18:46.512 2400 6796 W CAE : setCAProperty(ContextAwareService.java:515) - [setProperty 02] Mutex is unlocked for CH_LOC_TRIGGER
01-09 22:18:46.512 2400 6796 D SemContextService: .requestToUpdate() : service = Location Change Trigger
01-09 22:18:46.512 2400 6796 D SemContextService: unlock : requestToUpdate
01-09 22:18:46.512 2400 6796 D SemContextManager: .requestToUpdate : listener = com.android.server.location.nsflp.NSLocationMonitor$5@11a7a99, service=Location Change Trigger
01-09 22:18:46.513 4893 12709 I NewStopController_FLP: StateChecker, check stationary message
01-09 22:18:46.518 1477 1477 D Diag-Router: diag: qrtr_perif_send: Sending cmd pkt of len: 4 to perif: modem with port: node [401c: 1]
01-09 22:18:46.519 1477 1477 D Diag-Router: diag: qrtr_perif_send: Sending cmd pkt of len: 4 to perif: modem with port: node [401c: 1]
01-09 22:18:46.539 1507 3343 I sensors-hal: qsh_conn_event_cb:890, event[0] sensor:change_location_trigger Wakeup, msg_id=1025, ts=20666358844
01-09 22:18:46.539 1507 3343 I sensors-hal: handle_sns_client_event:85, change_location_trigger_event: msgid:1025
01-09 22:18:46.539 1507 3343 I sensors-hal: handle_sns_client_event:108, change_location_trigger_event: 255, 255
01-09 22:18:46.541 2400 3341 D CAE : onGetSensorHubData(SensorHubParserProvider.java:92) - onGetSensorHubData Event [event buffer len :15], AP_WAKEUP
01-09 22:18:46.542 2400 3341 I CAE : parse(SensorHubParserProvider.java:193) - buffer size = 15
01-09 22:18:46.542 2400 3341 I CAE : parse(SensorHubParserProvider.java:204) - 1, 1, 61, -1, 0, 2, 1, 0, 0, 0, 1, 0, 0, 0, 0,
01-09 22:18:46.542 2400 3341 D CAE : display(ContextProvider.java:375) - ================= CH_LOC_TRIGGER =================
01-09 22:18:46.542 2400 3341 I CAE : display(ContextProvider.java:391) - duration=[1], property=[1], result=[2], reserved=[0]
01-09 22:18:46.543 2400 3338 D SemContextService: Service.updateContext() : service = Location Change Trigger
01-09 22:18:46.544 2400 2400 D SemContextManager: onSemContextChanged() : event = Location Change Trigger
01-09 22:18:46.544 2400 2400 D NSLocationMonitor: onSemContextChanged, activity : 1 result : 2 movement : 1
01-09 22:18:46.551 1635 1635 I Layer : id=1396 Destroyed WindowToken{8dbe578 type=2005 android.os.Binder@a9656db}#1396
01-09 22:18:46.564 10717 11320 W ss.xcal.mobile5: Accessing hidden method Landroid/telephony/TelephonyManager;->getServiceStateForSubscriber(I)Landroid/telephony/ServiceState; (max-target-p, reflection, denied)
01-09 22:18:46.569 3642 4192 W TelephonyPermissions: reportAccessDeniedToReadIdentifiers:com.innowireless.xcal.mobile5:getAllSubInfoList:3
01-09 22:18:46.578 1507 4820 I sensors-hal: handle_sns_std_sensor_event:403, [SSC_LIGHT] P: 38(38),c:0,b:73,m:13,cl:0,l:38,s:36,l0:5248,l1:0,s0:5000,s1:0,acl:1,opr:0.20,f(r):100,u(bl):100,if:0,wi:0,si:0,po:0(N:0)
01-09 22:18:46.587 2400 3489 D SemCellularStateManager: onCellInfoChanged: cellInfoList Number of cell: 3
01-09 22:18:46.587 2400 3489 D SemCellularStateManager: onCellInfoChanged: Registered = true, mCellularCellId = 167370753
01-09 22:18:46.587 4039 4039 I TelephonyCallbackForPdnController<0>: onCellInfoChanged: xxxxx
01-09 22:18:46.587 4039 4039 I ImsCallSessionManager: onCellInfoChanged, phoneId: 0
01-09 22:18:46.587 4039 4530 I RegiMgr-Handler: handleMessage: EVENT_CELL_INFO_CHANGED
01-09 22:18:46.588 4039 4530 I RegiMgr<0>: updatePani RegisterTask[0][mProfile=AIRTEL VoLTE, mRegistrationRat=13, mPdnType=11, mState=REGISTERED, mObject=UserAgent - :
01-09 22:18:46.588 4039 4530 I RegiMgr<0>: total records=29
01-09 22:18:46.588 4039 4530 I RegiMgr<0>: rec[0]: time=01-09 22:18:07.301 processed=ReadyState org=RegisteringState dest= what=50(0x32)
01-09 22:18:46.588 4039 4530 I RegiMgr<0>: rec[1]: time=01-09 22:18:07.301 processed=RegisteringState org=RegisteringState dest= what=2000(0x7d0)
01-09 22:18:46.588 4039 4530 I RegiMgr<0>: rec[2]: time=01-09 22:18:07.304 processed=ReadyState org=RegisteringState dest= what=34(0x22)
01-09 22:18:46.588 4039 4530 I RegiMgr<0>: rec[3]: time=01-09 22:18:07.304 processed=RegisteringState org=RegisteringState dest= what=2000(0x7d0)
01-09 22:18:46.588 4039 4530 I RegiMgr<0>: rec[4]: time=01-09 22:18:08.391 processed=ReadyState org=RegisteringState dest= what=9(0x9)
01-09 22:18:46.588 4039 4530 I RegiMgr<0>: rec[5]: time=01-09 22:18:08.685 processed=RegisteringState org=RegisteringState dest=RegisteredState what=8(0x8)
01-09 22:18:46.588 4039 4530 I RegiMgr<0>: rec[6]: time=01-09 22:18:08.737 processed=RegisteredState org=RegisteredState dest= what=1000(0x3e8)
01-09 22:18:46.588 4039 4530 I RegiMgr<0>: rec[7]: time=01-09 22:18:08.767 processed=RegisteredState org=RegisteredState dest=ReRegisteringState what=6(0x6)
01-09 22:18:46.588 4039 4530 I RegiMgr<0>: rec[8]: time=01-09 22:18:08.771 processed=ReadyState org=ReRegisteringState dest= what=34(0x22)
01-09 22:18:46.588 4039 4530 I RegiMgr<0>: rec[9]: time=01-09 22:18:08.773 processed=ReRegisteringState org=ReRegisteringState dest= what=2000(0x7d0)
01-09 22:18:46.588 4039 4530 I RegiMgr<0>: rec[10]: time=01-09 22:18:08.849 processed=ReRegisteringState org=ReRegisteringState dest=RegisteredState what=8(0x8)
01-09 22:18:46.588 4039 4530 I RegiMgr<0>: rec[11]: time=01-09 22:18:08.891 processed=RegisteredState org=RegisteredState dest= what=1000(0x3e8)
01-09 22:18:46.588 4039 4530 I RegiMgr<0>: rec[12]: time=01-09 22:18:11.565 processed=ReadyState org=RegisteredState dest= what=34(0x22)
01-09 22:18:46.588 4039 4530 I RegiMgr<0>: rec[13]: time=01-09 22:18:11.565 processed=RegisteredState org=RegisteredState dest= what=2000(0x7d0)
01-09 22:18:46.588 4039 4530 I RegiMgr<0>: rec[14]: time=01-09 22:18:21.980 processed=ReadyState org=RegisteredState dest= what=34(0x22)
01-09 22:18:46.588 4039 4530 I RegiMgr<0>: rec[15]: time=01-09 22:18:21.981 processed=RegisteredState org=RegisteredState dest= what=2000(0x7d0)
01-09 22:18:46.588 4039 4530 I RegiMgr<0>: rec[16]: time=01-09 22:18:23.965 processed=ReadyState org=RegisteredState dest= what=34(0x22)
01-09 22:18:46.588 4039 4530 I RegiMgr<0>: rec[17]: time=01-09 22:18:23.966 processed=RegisteredState org=RegisteredState dest= what=2000(0x7d0)
01-09 22:18:46.588 4039 4530 I RegiMgr<0>: rec[18]: time=01-09 22:18:36.461 processed=ReadyState org=RegisteredState dest= what=34(0x22)
01-09 22:18:46.588 4039 4530 I RegiMgr<0>: rec[19]: time=01-09 22:18:36.465 processed=RegisteredState org=RegisteredState dest= what=2000(0x7d0)
01-09 22:18:46.588 4039 4530 I RegiMgr<0>: curState=RegisteredState
01-09 22:18:46.588 4039 4530 I RegiMgr<0>: , mReason=, mPcscfHostname=null, mDeregiReason=41]
01-09 22:18:46.589 4039 4530 I PaniGenerator<0>: generate: subId=3, network=13, pdn=11
01-09 22:18:46.589 4039 4530 I PaniGenerator<0>: generate: network=13, fallbackPlmn=40402
01-09 22:18:46.589 4039 4530 I PdnController<0>: getAllCellInfo mNeedCellLocationUpdate : false
01-09 22:18:46.589 4039 4530 I PaniGenerator: generate: change to NW PLMN(40492)
01-09 22:18:46.593 3642 4192 W TelephonyPermissions: reportAccessDeniedToReadIdentifiers:com.innowireless.xcal.mobile5:getAllSubInfoList:3
01-09 22:18:46.594 4039 4530 I UserAgent<0>: updatePani
01-09 22:18:46.595 4039 4646 I SECIMSJ : [0120]> 140
01-09 22:18:46.596 4039 4530 I RegiMgr<0>: tryRegister:
01-09 22:18:46.596 4039 4530 I RegiMgr<0>: RegisterTask(s): AIRTEL VoLTE (REGISTERED, rat = 13, service = [mmtel-video, smsip, mmtel]), AIRTEL India RCS (IDLE)
01-09 22:18:46.596 4039 4530 I RcsPolicyMgr<0>: pendingRcsRegister: mActiveDataPhoneId = 0
01-09 22:18:46.596 4039 4653 I [IMS6.0]: IMS_onResponse()
01-09 22:18:46.596 4039 4530 I RcsPolicyMgr<0>: pendingRcsRegister: mActiveDataPhoneId = 0
01-09 22:18:46.596 4039 4653 I StackIF : processMessage 2
01-09 22:18:46.596 4039 4530 I RcsUtils: isDualRcsReg: true
01-09 22:18:46.596 4039 4653 I StackIF : Processing Response
01-09 22:18:46.596 4039 4653 I SECIMSJ : [0120]< 600
01-09 22:18:46.596 4039 4653 I StackIF : processResponse: reqId 600
01-09 22:18:46.596 4039 4653 I StackIF : processResponse: handle 4472 result 0 reason 0
01-09 22:18:46.596 4039 4530 I RegisterTask: isSuspended: mSuspended(false) mSuspendByIrat(false)
01-09 22:18:46.597 4039 4530 I RegiMgr<0>: [AIRTEL India RCS|IDLE] checkForTryRegister id: 738
01-09 22:18:46.597 4039 4530 I RegiMgr : isPdnConnected: false, PdnType: 0
01-09 22:18:46.598 10717 11611 D ESP : LogcatESPThread.onLog(), strOriginText=--------- beginning of main
01-09 22:18:46.598 10717 11611 D ESP : LogcatESPThread.onLog(), beginning=true
01-09 22:18:46.598 10717 11611 D ESP : LogcatESPThread.onLog(), ON_LOGCAT=TRUE
01-09 22:18:46.600 4039 4530 I PdnController: getDefaultNetworkBearer: WIFI
01-09 22:18:46.602 4039 4530 I RegiMgr-Utils<0>: findBestNetwork: WIFI needWifiNetwork = true
01-09 22:18:46.602 4039 4530 I RegiGvnBase<0>: isReadyToDualRegister: slot 1's call state: 0
01-09 22:18:46.602 4039 4530 I RegiGvnBase<0>: isReadyToDualRegister : true
01-09 22:18:46.604 4039 4530 I RegiMgr<0>: [AIRTEL India RCS|IDLE] checkInitialRegistrationIsReady: APM ON [false], Roamimg [false]
01-09 22:18:46.604 4039 4530 I RcsPolicyMgr<0>: pendingRcsRegister: mActiveDataPhoneId = 0
01-09 22:18:46.604 4039 4530 I RcsUtils: isDualRcsReg: true
01-09 22:18:46.604 4039 4530 I ImsProfile: isRttSupportByCallApp : false ttyType : 1
01-09 22:18:46.604 4039 4530 I RegiMgr-Utils<0>: getPriorityRegiedTask : isPriority High? true
01-09 22:18:46.604 4039 4530 I RegiGvnBase: checkRegiStatus: getState()=IDLE mIsUpdateRegistering=false
01-09 22:18:46.604 4039 4530 I RegiMgr<0>: getTelephonyCallStatus:
01-09 22:18:46.605 4039 4530 I ConfigProvider: query uri:xxxxx
01-09 22:18:46.607 4039 4530 I ConfigProvider: queryStorage path content://com.samsung.rcs.autoconfigurationprovider/parameter/version#simslot0
01-09 22:18:46.608 4039 4530 I RegiGvnRcs: isReadyToRegister: User don't try RCS service yet
01-09 22:18:46.608 4039 4530 I RegiMgr<0>: [AIRTEL India RCS|IDLE] checkForTryRegister: isReadyToRegister = false
01-09 22:18:46.663 10717 11481 D ESP : OnESPListener.start(), END
01-09 22:18:46.664 10717 10717 D EventAlarmManager: getMediaStatus() - STATUS_STOP
01-09 22:18:46.664 10717 10717 D EventAlarmManager: playAlarm() - check instance
01-09 22:18:46.664 10717 10717 D EventAlarmManager: playAlarm() - mAlarmHistory is not empty
01-09 22:18:46.664 10717 10717 D EventAlarmManager: getSoundStatus() - STATUS_STOP
01-09 22:18:46.664 10717 10717 D EventAlarmManager: playAlarm() - player is ON STATUS_STOP > do TTS :3
01-09 22:18:46.665 10717 11481 D IntroManager: finishCheckType : 5 Result : true
01-09 22:18:46.665 10717 11481 D XCAL-Mobile: DMLog.startPPPCapture(), FrameSize: 1500
01-09 22:18:46.665 10717 11481 D IntroManager: startCheckType : 6
01-09 22:18:46.666 10717 11481 D XCAL-Native: resetPacketParsing() - isPCAP:F, isIPFrame:T, isPCAPtoDRM(g_bPCAPtoDRM):T
01-09 22:18:46.666 10717 10717 D EventAlarmManager: doTTSAlarmToast
01-09 22:18:46.666 8721 11289 I SamsungTTS: [Synthesize] request = en-US-default
01-09 22:18:46.666 10717 11481 D XCAL-Mobile [] :: (LogMaskView.kt:102).setRealLogMask -
01-09 22:18:46.666 8721 11289 I SamsungTTS: [LoadLanguage] : eng-USA-[l03]
01-09 22:18:46.666 10717 11481 D XCAL-Mobile [] :: (LogmaskLoad.java:77).setRealLogMask -
01-09 22:18:46.666 10717 11481 D XCAL-Mobile [] :: (LogmaskLoad.java:79).setRealLogMask - setRealLogMask start
01-09 22:18:46.667 10717 10717 D XCAL-Mobile: finishCheckLogMask
01-09 22:18:46.667 10717 11481 D XCAL-Mobile: Logmask.setIPFrame(), TRUE
01-09 22:18:46.667 10717 10717 D INTRO : Logmask Set OK.
01-09 22:18:46.667 10717 10717 D XCAL-Mobile: Main_Activity_Intro_View.finishCheckLogMask(), isCheckPacketCapture() : true
01-09 22:18:46.667 10717 10717 D XCAL-Mobile: startCheckPacketCapture
01-09 22:18:46.668 8721 11289 I SamsungTTS: [Synthesize] text = ZRflA6Muwc/TTS5TJzGZgg==
01-09 22:18:46.668 10717 10717 D INTRO : Packet Capture Prepairing...
01-09 22:18:46.668 8721 11289 I SamsungTTS: [Synthesize] eng-USA-l03 Speed[100] Pitch[100] StreamType[Engine.DEFAULT_STREAM] Caller[10396-com.innowireless.xcal.mobile5]
01-09 22:18:46.668 10717 11481 D XCAL-Mobile [] :: (LogmaskLoad.java:143).setRealLogMask - setRealLogMask end
01-09 22:18:46.670 10717 11733 D XCAL-Mobile: IPFrameDmCmdTask (E)
01-09 22:18:46.670 10717 11481 D IntroManager: startCheckType : 8
01-09 22:18:46.670 10717 11733 D IntroManager: finishCheckType : 6 Result : true
01-09 22:18:46.670 10717 11481 D XCAL-Mobile: AirplaneMode.setAirplaneOnOff(), Start
01-09 22:18:46.674 3670 3670 D StatusBarIconController: ignoring old pipeline callbacks, because the new mobile icons are enabled
01-09 22:18:46.674 3797 3797 I EPDG -- SIM0 [SMARTCELLULAR]: onSignalStrengthsChanged: SignalStrength:{mCdma=Invalid,mGsm=Invalid,mWcdma=Invalid,mTdscdma=Invalid,mLte=CellSignalStrengthLte: rssi=-59 rsrp=-87 rsrq=-10 rssnr=2 cqiTableIndex=2147483647 cqi=2147483647 ta=2147483647 level=4 parametersUseForLevel=0,mNr=Invalid,SignalBarInfo{ lteLevel=4 },rat=14,primary=CellSignalStrengthLte}
01-09 22:18:46.674 3797 5483 I EPDG -- SIM0 [SMARTCELLULAR]: lastLteRSRP is -87 currentLteRSRP is -87 lastLteRSRQ is -11 currentLteRSRQ is -10 lastLteSNR is 1 currentLteSNR is 2
01-09 22:18:46.674 10717 11481 D XCAL-Mobile: AirplaneMode.setAirplaneOnOff(), Rooting airplane mode on/off
01-09 22:18:46.674 10717 11481 D XCAL-Mobile: setAirplaneMode turnon=true
01-09 22:18:46.674 10717 11481 D XCAL-Mobile: setAirplaneMode preSet=false
01-09 22:18:46.674 10717 11481 E XCAL-Mobile: setAirplaneMode Kernel.isRooting()
01-09 22:18:46.675 10717 11481 D XCAL-Mobile: dmm_v2 1789 settings put global airplane_mode_on 1
01-09 22:18:46.675 1518 1542 I HYPER-HAL: [RequestManager.cpp]acquire(): Acquired ID : 2115130 [1522 / 534] HINT : list : [UCLAMP_MIN_BOOST / 50] [TID / 10791] [TID / 10792] [TID / 10717] [TID / 10787]
01-09 22:18:46.677 1619 1815 I AudioFlinger: nonSecFlag 0, secFlag 0, outputFlags 8
01-09 22:18:46.678 1619 1815 D AudioFlinger: Client defaulted notificationFrames to 1365 for frameCount 4096
01-09 22:18:46.680 10717 11481 E XCAL-Mobile: setAirplaneMode cmd: settings put global airplane_mode_on 1
01-09 22:18:46.680 10717 11481 D XCAL-Mobile: dmm_v2 1789 am broadcast -a android.intent.action.AIRPLANE_MODE --ez state true
01-09 22:18:46.681 1619 1815 D AF::TrackHandle: OpPlayAudio: track:61 usage:1 not muted
01-09 22:18:46.682 1619 1815 I AF::Track: setMixerOutConfig expectKey 202
01-09 22:18:46.682 1619 1815 I AF::Track: setMixerOutConfig select, mixer out f 5, s 48000, thread out f 4, s 48000
01-09 22:18:46.683 10717 10717 D XCAL-Mobile: startCheckAirplane
01-09 22:18:46.683 10717 10717 D INTRO : Airplane Mode Setting(ESP Info Logging)...
01-09 22:18:46.684 10717 10717 D XCAL-Mobile: Main_Activity_Intro_View.finishCheckPacketCapture(), type : 0, isSuccess : 1
01-09 22:18:46.684 10717 11481 E XCAL-Mobile: setAirplaneMode sendBroadcast -android.intent.action.AIRPLANE_MODE
01-09 22:18:46.684 10717 10717 D XCAL-Mobile: Main_Activity_Intro_View.finishCheckPacketCapture(), setCheckLicense, isPacketCapture : true
01-09 22:18:46.684 10717 10717 D INTRO : Packet Capture Prepair OK.
01-09 22:18:46.684 10717 10717 D XCAL-Mobile: Main_Activity_Intro_View.finishCheckPacketCapture(), isAirplaneMode() : false, LicenseKey.XR_LTE_R_Version : false
01-09 22:18:46.708 1619 1815 I AF::Track: setMixerOutConfig expectKey 202
01-09 22:18:46.708 1619 1815 I AF::Track: setMixerOutConfig select, mixer out f 5, s 48000, thread out f 4, s 48000
01-09 22:18:46.708 1619 1815 I AudioPolicyEffectException: MySpaceHandler::checkDetachCondition media 1, ring 0, mp 0
01-09 22:18:46.708 1619 1815 I AudioPolicyEffectException: MySpace detach value 1
01-09 22:18:46.709 2400 3406 D AS.SoundAliveUtils: notify dvfs state : 2, screen : true
01-09 22:18:46.710 2400 2400 D AudioPlayerStateMonitor: Found a new active media playback. AudioPlaybackConfiguration piid:231 deviceId:0 type:android.media.AudioTrack u/pid:1000/8721 state:started attr:AudioAttributes: usage=USAGE_MEDIA content=CONTENT_TYPE_SPEECH flags=0x800 tags= bundle=null sessionId:225 mutedState:none FormatInfo{isSpatialized=false, channelMask=0x0, sampleRate=0}
01-09 22:18:46.710 2400 2400 D MediaRouter: onRestoreRoute() : route=RouteInfo{ name=Phone, description=null, status=null, category=RouteCategory{ name=System types=ROUTE_TYPE_LIVE_AUDIO ROUTE_TYPE_LIVE_VIDEO groupable=false }, supportedTypes=ROUTE_TYPE_LIVE_AUDIO ROUTE_TYPE_LIVE_VIDEO , presentationDisplay=null }
01-09 22:18:46.710 2400 3406 I ActivityManager: Changes in 10059 19 to 5, 0 to 56
01-09 22:18:46.712 1619 1815 W AudioFlinger: moveEffectChain_l() effect chain for session 0 not on source thread 0xb400007f8c4166a0
01-09 22:18:46.712 9398 9418 I SAContentProvider: getType() : screen on is true
01-09 22:18:46.712 4020 4020 D HidDeviceService: handleMessage(): msg.what=8
01-09 22:18:46.714 1496 2966 D AudioSAEffectOffload: send_custom_payload_effect: enter, tag: 0xc00000b, custom_data_sz: 28
01-09 22:18:46.715 1496 2966 I PAL: ResourceManager: setParameter: 11978: PAL_PARAM_ID_UIEFFECT VOLUMEMONITOR_SET_PARAMS(0x10001f43)
01-09 22:18:46.715 1496 2966 I PAL: API: pal_gef_rw_param: 1597: set global parameter 4, status -22
01-09 22:18:46.715 1496 2966 I PAL: ResourceManager: setParameter: 11978: PAL_PARAM_ID_UIEFFECT VOLUMEMONITOR_SET_PARAMS(0x10001f43)
01-09 22:18:46.715 1496 2966 I PAL: API: pal_gef_rw_param: 1597: set global parameter 4, status -22
01-09 22:18:46.715 1496 2966 I PAL: ResourceManager: setParameter: 11978: PAL_PARAM_ID_UIEFFECT VOLUMEMONITOR_SET_PARAMS(0x10001f43)
01-09 22:18:46.715 1496 2966 I PAL: API: pal_gef_rw_param: 1597: set global parameter 4, status -22
01-09 22:18:46.715 1496 2966 I PAL: ResourceManager: setParameter: 11978: PAL_PARAM_ID_UIEFFECT VOLUMEMONITOR_SET_PARAMS(0x10001f43)
01-09 22:18:46.715 1496 2966 I PAL: API: pal_gef_rw_param: 1597: set global parameter 4, status -22
01-09 22:18:46.715 1496 2966 D AudioSAEffectOffload: send_custom_payload_effect: exit, tag: 0xc00000b, custom_data_sz: 28
01-09 22:18:46.715 1496 2966 D AudioSAEffectOffload: offload_param_dump() : status[-22] value[ VM,0,0,0,0,2,0,0 ]
01-09 22:18:46.715 1500 4905 I vendor.qti.bluetooth@1.1-ibs_handler: ProcessIbsCmd: Received IBS_WAKE_IND: 0xFD
01-09 22:18:46.715 1500 4905 D vendor.qti.bluetooth@1.1-ibs_handler: SerialClockVote: vote for UART CLK ON
01-09 22:18:46.715 1500 4905 D vendor.qti.bluetooth@1.1-wake_lock: Acquire wakelock is acquired
01-09 22:18:46.715 1500 4905 I vendor.qti.bluetooth@1.1-ibs_handler: ProcessIbsCmd: Writing IBS_WAKE_ACK
01-09 22:18:46.716 1496 2966 D AHAL: AudioDevice: SetParameters: 1836: enter
01-09 22:18:46.716 1496 2966 D AHAL: AudioVoice: VoiceSetParameters: 200: Enter
01-09 22:18:46.716 1496 2966 D AHAL: AudioVoice: VoiceSetParameters: 479: Exit ret: 0
01-09 22:18:46.716 1496 2966 D AHAL: hfp: hfp_set_parameters: 444: enter
01-09 22:18:46.716 1496 2966 D AHAL: AudioDevice: SetParameters: 2714: exit: l_stream_music_active=true
01-09 22:18:46.717 4020 4928 D BtGatt.GattService: onScanResult to scannerId: 6- eventType=0x0, addressType=1, address=XX:XX:XX:XX:31:56, primaryPhy=1, secondaryPhy=1, advertisingSid=0x0, txPower=127, rssi=-32, periodicAdvInt=0x0
01-09 22:18:46.720 1619 1815 I AudioFlinger: updateStageIndex new -2108
01-09 22:18:46.720 1619 1815 D audioserver: FGS Logger Transaction failed
01-09 22:18:46.720 1619 1815 D audioserver: -129
01-09 22:18:46.723 1619 2927 I AudioMixer: create resampler src 24000, 1, dst 48000, 1, f 0x5, q 8
01-09 22:18:46.724 1619 2927 D DlbEffectContext: setParam() received parameter EFFECT_PARAM_SEEK
01-09 22:18:46.724 1619 2927 D DlbEffectContext: handleSeek(seek operation ends, restore profile to 2)
01-09 22:18:46.724 1619 2927 D DlbEffectContext: transformExternalGain() volume:0x8A82 fVol:0.002113 extVal:-856
01-09 22:18:46.724 1619 2927 D DlbEndpointParamCache: commitChangedParams()
01-09 22:18:46.724 1619 2927 D DlbEndpointParamCache: commit() Applying parameters for device 0x40000000
01-09 22:18:46.725 1619 2927 D DlbDap2Process: setParam(preg = #1[0])
01-09 22:18:46.725 1619 2927 D DlbDap2Process: setSystemGain(vol = 0)
01-09 22:18:46.725 1619 2927 D DlbDap2Process: setParam(svol = #1[-856])
01-09 22:18:46.725 1619 2927 D DlbEndpointParamCache: doCommit() Committed 2 parameters out of 16.
01-09 22:18:46.725 1619 2927 D DlbEndpointParamCache: commit() Overriding parameters for current device 0x00000002
01-09 22:18:46.725 1619 2927 D DlbEndpointParamCache: doCommit() Committed 0 parameters out of 58.
01-09 22:18:46.725 1619 2927 I SoundBoosterEffectPlus: SB_setVolume(0xb400007dae0689d0)
01-09 22:18:46.725 1619 2927 I SoundBoosterEffectPlus: command EFFECT_CMD_SET_VOLUME left = 0.002113, right =0.002113
01-09 22:18:46.725 1619 2927 I SAG_EQ a64: SetVolumeFloat() VolumeFloat [-53.459114]
01-09 22:18:46.725 1619 2927 I SAG_EQ a64: mIsVolumeTableValid yes
01-09 22:18:46.725 1619 2927 I SAG_EQ a64: SetVolume() VolumeIndexInt [1]
01-09 22:18:46.726 1496 1570 I AHAL: AudioStream: out_update_source_metadata_v7: 1265: track count is 1
01-09 22:18:46.726 1496 1570 D AHAL: AudioStream: out_update_source_metadata_v7: 1310: Source metadata usage:1 content_type:1
01-09 22:18:46.726 1496 1570 D AHAL: AudioStream: SetAggregateSourceMetadata: 4633: Aggregated Source metadata usage:1 content_type:1
01-09 22:18:46.726 1619 2927 I SoundAlive_SRC384 arch64: SoundAlive_SRC384() ID = 12 GID = 13
01-09 22:18:46.726 1619 2927 I SoundAlive_SRC384 arch64: SoundAlive_SRC384: Instance 12 Init(outFs 7, InFs 7, chnum 0, outBW 0, inBW 0)
01-09 22:18:46.726 1619 2927 I Samsung_SoundAlive_SRC arch64: SRC384 version Samsung SoundAlive SRC ver320 arch64 2021.08.04 (Cppref for ARM64, ver.300.c 32bit 07_10_2016 based)
01-09 22:18:46.726 1619 2927 D SoundAliveResampler: [SoundAliveResampler] Init+++
