01-09 22:18:52.453 2400 3378 D KeepaliveTracker: Started keepalive 1 on [101 WIFI]
01-09 22:18:52.453 3797 4669 I EPDG -- SIM0 [UTILS]: getSubIdFromSpecifier() : specifier null
01-09 22:18:52.453 3797 4669 I EPDG -- SIM0 [UTILS]: getSubIdFromSpecifier() : return : 3
01-09 22:18:52.453 3797 4669 I EPDG -- SIM0 [UTILS]: getNetworkForType: subIdFromSpecifier: 3
01-09 22:18:52.453 3797 4669 I EPDG -- SIM0 [UTILS]: getSubIdFromSpecifier() : return : 3
01-09 22:18:52.453 3797 4669 I EPDG -- SIM0 [UTILS]: getNetworkForType: subIdFromSpecifier: 3
01-09 22:18:52.453 3797 4669 I EPDG -- SIM0 [UTILS]: getNetworkForType: returning Network for type: 11
01-09 22:18:52.454 3797 4669 E EPDG -- SIM0 [UTILS]: Interface name is null. Returning -1 as profile ID
01-09 22:18:52.454 3797 4669 I EPDG -- SIM0 [SMARTWIFI]: setW2LHandoverForWeakWiFiSignal: set to false
01-09 22:18:52.454 3797 4669 I EPDG -- SIM0 [IPSECDATACONNSM][1]: InitialConnectingState[i] Event: IPSEC_CONN_SUCCESS
01-09 22:18:52.455 3797 4669 I EPDG -- SIM0 [UTILS]: getSubIdFromSpecifier() : specifier null
01-09 22:18:52.455 3797 4669 I EPDG -- SIM0 [UTILS]: getSubIdFromSpecifier() : return : 3
01-09 22:18:52.455 3797 4669 I EPDG -- SIM0 [UTILS]: isWifiConnected: [type: WIFI[], state: CONNECTED/CONNECTED, reason: (unspecified), extra: , failover: false, available: true, roaming: false]
01-09 22:18:52.455 3797 4669 I EPDG -- SIM0 [IPSECDATACONNSM][1]: InitialConnectingState[i] Update conn status for cid 2 isHandOver is:false
01-09 22:18:52.455 3797 4669 I EPDG -- SIM0 [EpdgSubScription]: getIsAirplaneMode: returning: false
01-09 22:18:52.455 3797 4669 I EPDG -- SIM0 [EpdgHandoverHandler]: [HO_OPTIMIZATION][IPSEC_EVT] IPSEC_CONNECTED for ims
01-09 22:18:52.455 3797 4669 W ContextImpl: Calling a method in the system process without a qualified user: android.app.ContextImpl.sendBroadcast:1281 android.content.ContextWrapper.sendBroadcast:513 com.sec.epdg.j.q:79 com.sec.epdg.IPSecDataConnSM$InitialConnectingState.processIpsecConnSuccess:148 com.sec.epdg.IPSecDataConnSM$InitialConnectingState.processMessage:100
01-09 22:18:52.456 3754 12090 D NetworkMonitor/110: PROBE_HTTPS https://www.google.com/generate_204 time=220ms ret=204 request={Connection=[close], User-Agent=[Mozilla/5.0 (X11; Linux x86_64) AppleWebKit/537.36 (KHTML, like Gecko) Chrome/60.0.3112.32 Safari/537.36]} headers={null=[HTTP/1.1 204 No Content], Alt-Svc=[h3=":443"; ma=2592000,h3-29=":443"; ma=2592000], Connection=[close], Content-Length=[0], Cross-Origin-Resource-Policy=[cross-origin], Date=[Thu, 09 Jan 2025 16:48:52 GMT], X-Android-Received-Millis=[1736441332455], X-Android-Response-Source=[NETWORK 204], X-Android-Selected-Protocol=[http/1.1], X-Android-Sent-Millis=[1736441332406]}
01-09 22:18:52.456 3754 12088 D NetworkMonitor/110: isCaptivePortal: isSuccessful()=true isPortal()=false RedirectUrl=null isPartialConnectivity()=false Time=275ms
01-09 22:18:52.456 4039 5511 I ImsServiceStub<0>: isServiceAvailable: mmtel, rat: 20, profileFind:false, Enabled:true
01-09 22:18:52.457 9639 9639 I [UNWFC]-- EpdgEvent: onReceive com.sec.epdgservice.IPSEC_CONNECTION_EVENT
01-09 22:18:52.457 3797 4669 I EPDG -- SIM0 [IPSECDATACONNSM_HP]: Reset throttle state of State Machine
01-09 22:18:52.457 3797 4669 I EPDG -- SIM0 [ThrottleController]: resetThrottleState, apnType: ims
01-09 22:18:52.457 3797 4669 I EPDG -- SIM0 [EpdgServerSelection]: Ip address is already cached
01-09 22:18:52.457 3797 4669 I EPDG -- SIM0 [IPSECDATACONNSM][1]: InitialConnectingState[i] : Exit
01-09 22:18:52.457 3797 4669 I EPDG -- SIM0 [IPSECDATACONNSM][1]: ConnectedState[i] : Enter
01-09 22:18:52.457 3797 4669 I EPDG -- SIM0 #EPDG: IPSEC_CONNECTION :IPsecConnected, apnType : ims
01-09 22:18:52.457 3797 4669 I EPDG -- SIM0 [IWLANAPNCONTEXT]: [IwlanContext] setState() previous state:INITIAL_CONNECTING
01-09 22:18:52.457 3797 4669 I EPDG -- SIM0 [RILSHAREDDATA]: mIwlanApnState for cid: 1 setting state 4 is: INITIAL_CONNECTING
01-09 22:18:52.457 3797 4669 I EPDG -- SIM0 [IWLANAPNCONTEXT]: [IwlanContext] setState() Current state:CONNECTED
01-09 22:18:52.457 3797 4669 I EPDG -- SIM0 [UTILS]: isAlwaysOnApn(): result is: true
01-09 22:18:52.457 9639 9639 I [UNWFC]-- EpdgEvent: Received IPSEC event for IMS : 0
01-09 22:18:52.458 3797 4669 I EPDG -- SIM0 [IPSECDATACONNSM][1]: ConnectedState[i] SM start periodic DPD timer : 120 Seconds
01-09 22:18:52.458 3797 4669 I EPDG -- SIM0 [IPSECDATACONNSM][1]: ConnectedState[i] ConnectedState enter apnType: ims
01-09 22:18:52.458 3797 4669 I EPDG -- SIM0 [EpdgPeriodicDpd]: startTimerForPeriodicDpd: apnType is: ims dpdTimer is: 120000 alarmExpTime is: 1187660
01-09 22:18:52.458 3797 4669 I EPDG -- SIM0 [EpdgPeriodicDpd]: getDpdPendingIntentKey apntype : ims, key 1
01-09 22:18:52.458 2400 3378 I ConnectivityService: Update score for net 110 : +EVER_EVALUATED
01-09 22:18:52.458 2400 3378 D ConnectivityService: [110 CELLULAR] validation passed
01-09 22:18:52.458 2400 3378 I ConnectivityService: Update capabilities for net 110 : +VALIDATED
01-09 22:18:52.458 2400 3378 I ConnectivityService: Update score for net 110 : +EVER_VALIDATED+IS_VALIDATED
01-09 22:18:52.459 3797 3797 I ErisClient -- ErisClient: start NAT keepalive
01-09 22:18:52.459 3797 4669 I EPDG -- SIM0 [EpdgPeriodicDpd]: getDpdPendingIntentKey apntype : ims, key 1
01-09 22:18:52.459 3797 4669 I EPDG -- SIM0 [EpdgSubScription]: getIsImsCallConnected: returning: false
01-09 22:18:52.459 3797 4669 I EPDG -- [UtilExt]: is2simInserted : sim1Initialized true sim2Initialized false
01-09 22:18:52.459 3797 4669 I EPDG -- SIM0 [EpdgSubScription]: isPdnConnectedOverWifi: returning result: true for apnType: ims
01-09 22:18:52.459 2400 3426 D SemWifiApSmartNetworkCallback: CellularNetworkCallback`s onAvailable
01-09 22:18:52.460 2400 3388 D GnssNetworkConnectivityHandler: Network connected/capabilities updated. Available networks count: 2
01-09 22:18:52.460 2400 3426 I SemWifiApSmartNetworkCallback: isWifihasInternet,NetworkCapabilities, wifi:true,internet:true,hasInternetValidated:true
01-09 22:18:52.460 2400 3426 I SemWifiApSmartNetworkCallback: isWifihasInternet :true
01-09 22:18:52.460 2400 3426 I SemWifiApSmartNetworkCallback: checkMobileDataEnabled,NetworkCapabilities, cellular:false,internet:true,hasInternetValidated:true
01-09 22:18:52.460 2400 3426 I SemWifiApSmartNetworkCallback: checkMobileDataEnabled :false
01-09 22:18:52.460 2400 3378 D ConnectivityService: Rematched networks [computed 0ms] [applied 1ms] [issued 0]
01-09 22:18:52.460 2400 3378 D ConnectivityService: NetworkReassignment : no changes
01-09 22:18:52.460 2400 3378 D ConnectivityService: notifyType CALLBACK_CAP_CHANGED for [110 CELLULAR]
01-09 22:18:52.461 2400 3426 E SemWifiApConfigStore: getWifiApConfiguration ssid
01-09 22:18:52.461 2400 3426 I SemWifiApSmartNetworkCallback: hasInternet:true,hasInternetValidated:true,isCelluar:false,isWifi:true
01-09 22:18:52.461 2400 3388 I GnssNetworkConnectivityHandler: updateNetworkState, state=CLOSED, connected=true, network=110, capabilities=[ Transports: CELLULAR Capabilities: SUPL&INTERNET&NOT_RESTRICTED&TRUSTED&NOT_VPN&VALIDATED&NOT_ROAMING&NOT_CONGESTED&NOT_SUSPENDED&NOT_VCN_MANAGED LinkUpBandwidth>=14Kbps LinkDnBandwidth>=14Kbps Specifier: AdminUids: [10369] SubscriptionIds: {3} UnderlyingNetworks: Null], availableNetworkCount: 2
01-09 22:18:52.461 2400 3426 I SemWifiApSmartNetworkCallback: Updating Autohotspot Switch state - ,isPrimaryUser:true, isActiveNetworkhasInternet : true, isTetheringRestricted : false, isAirplaneModeOn : false, isSimDisabled : false, isMobileDataEnabled : false, isWifiConnected : true, isSamsungAccountLoggedOut : true, isNearByDeviceScanningDisabled : false, isDefaultPassphraseSet: false, isWifiSharingEnabled: true
01-09 22:18:52.461 2400 3426 I SemWifiApSmartNetworkCallback: NetworkDisconnected changed. sendBroadcastForMDE
01-09 22:18:52.461 2400 3426 I engmode_service: Network is available
01-09 22:18:52.462 2400 3378 D ConnectivityService: Setting DNS servers for network 110 to [/117.96.122.160, /59.144.144.46, /2401:4900:50:9::7c2, /2401:4900:50:9::45]
01-09 22:18:52.462 2400 3378 D DnsManager: sendDnsConfigurationForNetwork(ResolverParamsParcel{netId: 110, sampleValiditySeconds: 1800, successThreshold: 25, minSamples: 8, maxSamples: 64, baseTimeoutMsec: 0, retryCount: 0, servers: [117.96.122.160, 59.144.144.46, 2401:4900:50:9::7c2, 2401:4900:50:9::45], domains: [], tlsName: , tlsServers: [117.96.122.160, 59.144.144.46, 2401:4900:50:9::7c2, 2401:4900:50:9::45], tlsFingerprints: [], caCertificate: , tlsConnectTimeoutMs: 0, resolverOptions: null, transportTypes: [0], meteredNetwork: true, dohParams: null, interfaceNames: [rmnet_data0]})
01-09 22:18:52.463 1433 12138 W resolv : Validating DnsTlsServer {59.144.144.46/} with mark 0xf006e
01-09 22:18:52.463 1506 1526 I android.hardware.gnss-aidl-service-qti: ===> updateNetworkState line 56
01-09 22:18:52.463 1433 12141 W resolv : Validating DnsTlsServer {2401:4900:50:9::7c2/} with mark 0xf006e
01-09 22:18:52.463 3642 3801 D com.android.ons.ONSProfileActivator: Internet connection available
01-09 22:18:52.463 1433 12139 W resolv : Validating DnsTlsServer {117.96.122.160/} with mark 0xf006e
01-09 22:18:52.463 1433 12140 W resolv : Validating DnsTlsServer {2401:4900:50:9::45/} with mark 0xf006e
01-09 22:18:52.463 2400 12134 W ContextImpl: Calling a method in the system process without a qualified user: android.app.ContextImpl.sendBroadcast:1281 com.samsung.android.server.wifi.ap.SemWifiApUtils$2.run:24 java.lang.Thread.run:1012
01-09 22:18:52.464 1506 1529 W LocSvc_LocIpc: send:116] failed reason: No such file or directory
01-09 22:18:52.464 2400 12134 E ActivityManager: Sending non-protected broadcast com.samsung.intent.action.MDE_SUGGESTION_NOTIFY from system 2400:system/1000 pkg android
01-09 22:18:52.464 2400 12134 E ActivityManager: java.lang.Throwable
01-09 22:18:52.464 2400 12134 E ActivityManager: at com.android.server.am.ActivityManagerService.checkBroadcastFromSystem(ActivityManagerService.java:17011)
01-09 22:18:52.464 2400 12134 E ActivityManager: at com.android.server.am.ActivityManagerService.broadcastIntentLockedTraced(ActivityManagerService.java:17956)
01-09 22:18:52.464 2400 12134 E ActivityManager: at com.android.server.am.ActivityManagerService.broadcastIntentLocked(ActivityManagerService.java:17099)
01-09 22:18:52.464 2400 12134 E ActivityManager: at com.android.server.am.ActivityManagerService.broadcastIntentLocked(ActivityManagerService.java:17076)
01-09 22:18:52.464 2400 12134 E ActivityManager: at com.android.server.am.ActivityManagerService.broadcastIntentWithFeature(ActivityManagerService.java:18183)
01-09 22:18:52.464 2400 12134 E ActivityManager: at android.app.ContextImpl.sendBroadcast(ContextImpl.java:1285)
01-09 22:18:52.464 2400 12134 E ActivityManager: at com.samsung.android.server.wifi.ap.SemWifiApUtils$2.run(SemWifiApUtils.java:24)
01-09 22:18:52.464 2400 12134 E ActivityManager: at java.lang.Thread.run(Thread.java:1012)
01-09 22:18:52.465 2400 12137 I engmode_java_manager: em library is enabled, will use library
01-09 22:18:52.465 2400 12137 I engmode_java_manager: android(1000, 0) connects to EngineeringModeNative
01-09 22:18:52.465 2400 12137 I engmode_java_manager: isTokenInstalled() is called.
01-09 22:18:52.465 2400 12137 I engmode_jni: EM version = 30.2.04
01-09 22:18:52.465 2400 12137 I engmode_jni: Package signature information -4
01-09 22:18:52.465 2400 12137 I engmode_jni: Package signature information 0
01-09 22:18:52.465 2400 12137 I engmode_jni: em_check_package : client info : system_server/android/1000/0
01-09 22:18:52.467 2400 12137 D engmode_client_aidl: engmodeManager_hal_isTokenInstalled
01-09 22:18:52.467 2400 12137 I engmode_client_list: EM_version = 30
01-09 22:18:52.468 2400 12137 I engmode_client_aidl: system_server. android. 1000. 0
01-09 22:18:52.468 10717 10717 W ss.xcal.mobile5: Accessing hidden method Landroid/telephony/TelephonyManager;->getVoiceNetworkType(I)I (max-target-p, reflection, denied)
01-09 22:18:52.469 10717 10717 W ss.xcal.mobile5: Accessing hidden method Landroid/telephony/TelephonyManager;->getDataNetworkType(I)I (max-target-p, reflection, denied)
01-09 22:18:52.469 2400 12137 I engmode_client_aidl: process is system_server
01-09 22:18:52.469 2400 12137 I engmode_client_list: checkPermission: [ProcessName = system_server]
01-09 22:18:52.469 2400 12137 I engmode_client_list: Signature check completed
01-09 22:18:52.469 2400 12137 I engmode_client_aidl: Caller check succes
01-09 22:18:52.469 1101 1101 I engmode_aidl_service: Connect to service
01-09 22:18:52.469 1101 1101 I engmode_binder_client: engmode client create
01-09 22:18:52.469 1101 1101 I engmode_binder_client: EM version = 30.5.13
01-09 22:18:52.469 1101 1101 I engmode_binder_client: engmodeclient.get_server 0xb40000771054f630
01-09 22:18:52.469 1101 1101 I engmode_binder_client: get service done
01-09 22:18:52.470 1386 1442 I engmode_binder_server: EngineeringMode version = 30.5.13,(1101/1000)
01-09 22:18:52.470 1386 1442 I engmode_binder_server: (1101/1000) got mutex
01-09 22:18:52.470 1386 1442 I engmode_binder_server: acquire_wake_lock : wakelock-emservice
01-09 22:18:52.470 1386 1442 I engmode_binder_server: onTransact called with 0x00000003
01-09 22:18:52.471 1386 1442 I engmode_steady: read from steady(11264)
01-09 22:18:52.472 1386 1442 I engmode_steady: read from steady(69632)
01-09 22:18:52.472 1386 1442 I engmode_world: server time isn't normal(0x00000000/)
01-09 22:18:52.472 1386 1442 I engmode_tlc: EM version = 30.5.13
01-09 22:18:52.472 1386 1442 I engmode_tlc: EM C/C : 0000c003/00000009
01-09 22:18:52.472 1386 1442 I engmode_tlc: TA Thread is running(508435778736/0)
01-09 22:18:52.472 1386 12142 I engmode_tlc: em_tlc_send_qsee : Try load app
01-09 22:18:52.472 1386 12142 D QSEECOMPAT: QSEECom_start_app, 504: load /vendor/firmware_mnt/image engmode, sb_size 271808
01-09 22:18:52.474 1386 12142 D emservice: TimedRetryForwarder_release:79 delete me:12970367444177840784
01-09 22:18:52.474 7383 7383 I InputMethodService: scheduleImeSurfaceRemoval: removeImeSurface is posted.
01-09 22:18:52.474 1386 12142 E QSEECOMPAT: lookupTA(engmode) returned 23
01-09 22:18:52.474 1386 12142 D QSEECOMPAT: load_app b00_fname=/vendor/firmware_mnt/image/engmode.b00
01-09 22:18:52.474 1386 12142 D QSEECOMPAT: read_splitbin_tobuf buffer->size()=568, is64=1
01-09 22:18:52.474 1386 12142 D QSEECOMPAT: read_splitbin_tobuf phdr_table_offset=64
01-09 22:18:52.474 1386 12142 D QSEECOMPAT: read_splitbin_tobuf offset[1]=4096
01-09 22:18:52.474 1386 12142 D QSEECOMPAT: read_splitbin_tobuf offset[2]=1200128
01-09 22:18:52.474 1386 12142 D QSEECOMPAT: read_splitbin_tobuf offset[3]=1204224
01-09 22:18:52.474 1386 12142 D QSEECOMPAT: read_splitbin_tobuf offset[4]=1265664
01-09 22:18:52.474 1386 12142 D QSEECOMPAT: read_splitbin_tobuf offset[5]=1282048
01-09 22:18:52.474 1386 12142 D QSEECOMPAT: read_splitbin_tobuf offset[6]=1282048
01-09 22:18:52.474 1386 12142 D QSEECOMPAT: read_splitbin_tobuf offset[7]=1204224
01-09 22:18:52.474 1386 12142 D QSEECOMPAT: read_splitbin_tobuf offset[8]=1384448
01-09 22:18:52.474 1386 12142 D QSEECOMPAT: read_splitbin_tobuf path=/vendor/firmware_mnt/image/engmode.b01
01-09 22:18:52.478 2400 5682 I AccessibilityManagerService: semIsAccessibilityServiceEnabled()
01-09 22:18:52.478 2400 3796 I AccessibilityManagerService: semIsAccessibilityServiceEnabled()
01-09 22:18:52.479 2400 5682 I AccessibilityManagerService: semIsAccessibilityServiceEnabled()
01-09 22:18:52.484 2400 3159 D MotionEngine: [@@@ Motion Engine @@@] GetMotionScenarioId 0.438485 2.271387 9.600004 0.002275 -0.002800 -0.010325 8 51 20
01-09 22:18:52.484 2400 3159 D MotionEngine: [@@@ Motion Engine @@@] GnStuckMode 0
01-09 22:18:52.485 1433 12141 W resolv : SSL_connect ssl error =5, mark 0xf006e: Connection refused
01-09 22:18:52.485 1433 12141 W resolv : TLS Handshake failed
01-09 22:18:52.485 1433 12138 W resolv : SSL_connect ssl error =5, mark 0xf006e: Connection refused
01-09 22:18:52.485 1433 12138 W resolv : TLS Handshake failed
01-09 22:18:52.485 1433 12141 W resolv : query failed
01-09 22:18:52.485 1433 12141 W resolv : validateDnsTlsServer returned 0 for {2401:4900:50:9::7c2/}
01-09 22:18:52.485 1433 12138 W resolv : query failed
01-09 22:18:52.485 1433 12138 W resolv : validateDnsTlsServer returned 0 for {59.144.144.46/}
01-09 22:18:52.485 2400 3378 D ConnectivityService: Update of LinkProperties for [110 CELLULAR]; created=1067342; firstConnected=1067343
01-09 22:18:52.486 1433 12141 W resolv : Validation failed
01-09 22:18:52.486 1433 12138 W resolv : Validation failed
01-09 22:18:52.486 2400 3378 D ConnectivityService: Update of LinkProperties for [110 CELLULAR]; created=1067342; firstConnected=1067343
01-09 22:18:52.487 1386 12142 D QSEECOMPAT: read_splitbin_tobuf path=/vendor/firmware_mnt/image/engmode.b02
01-09 22:18:52.487 1386 12142 D QSEECOMPAT: read_splitbin_tobuf path=/vendor/firmware_mnt/image/engmode.b03
01-09 22:18:52.488 1386 12142 D QSEECOMPAT: read_splitbin_tobuf path=/vendor/firmware_mnt/image/engmode.b04
01-09 22:18:52.488 1386 12142 D QSEECOMPAT: read_splitbin_tobuf path=/vendor/firmware_mnt/image/engmode.b05
01-09 22:18:52.488 1386 12142 D QSEECOMPAT: read_splitbin_tobuf path=/vendor/firmware_mnt/image/engmode.b06
01-09 22:18:52.489 1386 12142 D QSEECOMPAT: read_splitbin_tobuf path=/vendor/firmware_mnt/image/engmode.b07
01-09 22:18:52.489 1386 12142 D QSEECOMPAT: read_splitbin_tobuf path=/vendor/firmware_mnt/image/engmode.b08
01-09 22:18:52.489 1386 12142 I DMABUFHEAPS: Using DMA-BUF heap named: qcom,qseecom-ta
01-09 22:18:52.496 12336 12675 I [AirCmd]_WacomDriver: writeBleSpenCommand : 2 (mLastCommand=3)
01-09 22:18:52.497 2400 3796 I SpenGestureManagerService: writeBleSpenCommand : 2
01-09 22:18:52.497 1433 12140 W resolv : SSL_connect ssl error =5, mark 0xf006e: Connection refused
01-09 22:18:52.497 1433 12139 W resolv : SSL_connect ssl error =5, mark 0xf006e: Connection refused
01-09 22:18:52.497 1433 12139 W resolv : TLS Handshake failed
01-09 22:18:52.497 1433 12140 W resolv : TLS Handshake failed
01-09 22:18:52.497 2400 3796 D SemInputDeviceManager: setProperty: SPEN(11) CMD,SPEN_BLE_CHARGING,2
01-09 22:18:52.497 1433 12139 W resolv : query failed
01-09 22:18:52.497 1433 12139 W resolv : validateDnsTlsServer returned 0 for {117.96.122.160/}
01-09 22:18:52.497 1433 12140 W resolv : query failed
01-09 22:18:52.497 1433 12140 W resolv : validateDnsTlsServer returned 0 for {2401:4900:50:9::45/}
01-09 22:18:52.497 1433 12139 W resolv : Validation failed
01-09 22:18:52.497 2400 3378 D ConnectivityService: Update of LinkProperties for [110 CELLULAR]; created=1067342; firstConnected=1067343
01-09 22:18:52.497 2400 3506 D SemInputDevice:SPEN: SetPropertyTask: BLE_CHARGING,2 [01-09 22:18:52.497]
01-09 22:18:52.497 1433 12140 W resolv : Validation failed
01-09 22:18:52.498 2400 3378 D ConnectivityService: Update of LinkProperties for [110 CELLULAR]; created=1067342; firstConnected=1067343
01-09 22:18:52.499 1591 1612 I sysinput:aidl: onReportInformation:93, 8, epen_ble_charging_mode@2:0
01-09 22:18:52.500 1591 1612 I sysinput:SPen: operator():147, OK
01-09 22:18:52.500 2400 3506 D SysinputHAL_AIDL: setProperty(SPEN(11)): BLE_CHARGING, 2 ret=0
01-09 22:18:52.514 3670 3670 D StatusBarIconController: ignoring old pipeline callbacks, because the new mobile icons are enabled
01-09 22:18:52.516 3797 3797 I EPDG -- SIM0 [SMARTCELLULAR]: onSignalStrengthsChanged: SignalStrength:{mCdma=Invalid,mGsm=Invalid,mWcdma=Invalid,mTdscdma=Invalid,mLte=CellSignalStrengthLte: rssi=-59 rsrp=-83 rsrq=-8 rssnr=4 cqiTableIndex=2147483647 cqi=2147483647 ta=2147483647 level=4 parametersUseForLevel=0,mNr=Invalid,SignalBarInfo{ lteLevel=4 },rat=14,primary=CellSignalStrengthLte}
01-09 22:18:52.516 3797 5483 I EPDG -- SIM0 [SMARTCELLULAR]: lastLteRSRP is -84 currentLteRSRP is -83 lastLteRSRQ is -9 currentLteRSRQ is -8 lastLteSNR is 3 currentLteSNR is 4
01-09 22:18:52.519 1477 1477 D Diag-Router: diag: qrtr_perif_send: Sending cmd pkt of len: 4 to perif: modem with port: node [401c: 1]
01-09 22:18:52.519 1477 1477 D Diag-Router: diag: qrtr_perif_send: Sending cmd pkt of len: 4 to perif: modem with port: node [401c: 1]
01-09 22:18:52.519 1386 12144 E SmcInvoke_MinkDescriptor: mem obj with id :16 not found in list
01-09 22:18:52.520 1386 12142 I DMABUFHEAPS: Using DMA-BUF heap named: qcom,qseecom
01-09 22:18:52.521 3797 3946 I EPDG -- SIM0 IwlanNetworkService: requestNetworkRegistrationInfo for domain 2
01-09 22:18:52.522 3797 4149 I EPDG -- SIM0 IwlanNetworkService: Calling onRequestNetworkRegistrationInfoComplete.resultCode = 0, netState = NetworkRegistrationInfo{ domain=PS transportType=WLAN registrationState=HOME networkRegistrationState=HOME roamingType=NOT_ROAMING accessNetworkTechnology=IWLAN rejectCause=0 emergencyEnabled=false availableServices=[DATA] cellIdentity=null voiceSpecificInfo=null dataSpecificInfo=null nrState=**** rRplmn= isUsingCarrierAggregation=false}
01-09 22:18:52.522 2400 3378 D ConnectivityService: notifyType CALLBACK_CAP_CHANGED for [110 CELLULAR]
01-09 22:18:52.522 1386 1442 I engmode_tlc: Wait for ta response(50/3000)
01-09 22:18:52.524 1386 12142 D emservice: TimedRetryForwarder_release:79 delete me:12970367444177841360
01-09 22:18:52.524 1386 12142 I engmode_tlc: em_tlc_send_qsee : Loading app is done
01-09 22:18:52.539 2040 2638 D SemNativeCarrierFeature_vendor: getInstance
01-09 22:18:52.544 2400 2632 D SGM:GameManager: identifyForegroundApp. com.innowireless.xcal.mobile5, mCurrentUserId: 0, callerUserId: 0
01-09 22:18:52.544 2400 2632 D SGM:PkgDataHelper: getGamePkgData(). com.innowireless.xcal.mobile5
01-09 22:18:52.544 2400 2632 D SGM:SemGameManager: isForegroundGame(), ret=false
01-09 22:18:52.545 2400 5682 D SemContextService: lock : requestToUpdate
01-09 22:18:52.545 2400 5682 W CAE : setCAProperty(ContextAwareService.java:509) - [setProperty 01] Mutex is locked for CH_LOC_TRIGGER
01-09 22:18:52.545 2400 3347 D SensorService: setSContextDataLocked ints length 2 , byte length 4
01-09 22:18:52.545 2400 3347 D SensorService: setSContextDataLocked 3db8
01-09 22:18:52.545 1507 1507 I sensors-hal: inject_sensor_data:407, handle 1501 send inject
01-09 22:18:52.546 1507 1507 I sensors-hal: sendContextData:288, sensor hal 4, (0xb8, 0x3d, 0x0, 0x0)
01-09 22:18:52.546 1507 1507 I sensors-hal: sendContextData:131, change_location_trigger 4,184
01-09 22:18:52.546 1507 1507 I sensors-hal: sendUserData:118, change_location_trigger h 184 m 61 s 0
01-09 22:18:52.546 1507 1507 I sensors-hal: create_send_context_data:66, change_location_trigger create_send_context_data
01-09 22:18:52.546 1507 1507 I sensors-hal: send_context_data:694, change_location_trigger, -244018566922240, 1320970896291267344, msgid:700
01-09 22:18:52.546 2400 5682 W CAE : setCAProperty(ContextAwareService.java:515) - [setProperty 02] Mutex is unlocked for CH_LOC_TRIGGER
01-09 22:18:52.546 1507 3343 I sensors-hal: qsh_conn_resp_cb:930, resp_value = 0 for change_location_trigger
01-09 22:18:52.547 2400 5682 D SemContextService: .requestToUpdate() : service = Location Change Trigger
01-09 22:18:52.547 2400 5682 D SemContextService: unlock : requestToUpdate
01-09 22:18:52.547 2400 5682 D SemContextManager: .requestToUpdate : listener = com.android.server.location.nsflp.NSLocationMonitor$5@11a7a99, service=Location Change Trigger
01-09 22:18:52.547 4893 12709 I NewStopController_FLP: StateChecker, check stationary message
01-09 22:18:52.547 1386 12142 I engmode_tlc: em_tlc_send_qsee : cmd is done(0x00000000)
01-09 22:18:52.547 1386 12142 I engmode_tlc: em_tlc_send_qsee : Shutdown app
01-09 22:18:52.548 1386 12142 D emservice: TimedRetryForwarder_release:79 delete me:12970367444177840784
01-09 22:18:52.549 1386 12142 I engmode_tlc: em_tlc_send_qsee : Shutdown is done
01-09 22:18:52.549 1386 12142 I engmode_tlc: Nwd api = 0x00000000, Swd internal = 0xf02d0010
01-09 22:18:52.549 1386 12142 I engmode_tlc: tlc thr cleanup
01-09 22:18:52.551 1500 4137 D vendor.qti.bluetooth@1.1-wake_lock: Release wakelock is released
01-09 22:18:52.554 1507 3343 I sensors-hal: qsh_conn_event_cb:890, event[0] sensor:change_location_trigger Wakeup, msg_id=1025, ts=20781854207
01-09 22:18:52.554 1507 3343 I sensors-hal: handle_sns_client_event:85, change_location_trigger_event: msgid:1025
01-09 22:18:52.555 1507 3343 I sensors-hal: handle_sns_client_event:108, change_location_trigger_event: 255, 255
01-09 22:18:52.556 2400 3341 D CAE : onGetSensorHubData(SensorHubParserProvider.java:92) - onGetSensorHubData Event [event buffer len :15], AP_WAKEUP
01-09 22:18:52.556 2400 3341 I CAE : parse(SensorHubParserProvider.java:193) - buffer size = 15
01-09 22:18:52.556 2400 3341 I CAE : parse(SensorHubParserProvider.java:204) - 1, 1, 61, -1, 0, 2, 1, 0, 0, 0, 1, 0, 0, 0, 0,
01-09 22:18:52.557 2400 3341 D CAE : display(ContextProvider.java:375) - ================= CH_LOC_TRIGGER =================
01-09 22:18:52.557 2400 3341 I CAE : display(ContextProvider.java:391) - duration=[1], property=[1], result=[2], reserved=[0]
01-09 22:18:52.558 2400 3338 D SemContextService: Service.updateContext() : service = Location Change Trigger
01-09 22:18:52.558 2400 2400 D SemContextManager: onSemContextChanged() : event = Location Change Trigger
01-09 22:18:52.558 2400 2400 D NSLocationMonitor: onSemContextChanged, activity : 1 result : 2 movement : 1
01-09 22:18:52.565 10717 11320 W ss.xcal.mobile5: Accessing hidden method Landroid/telephony/TelephonyManager;->getServiceStateForSubscriber(I)Landroid/telephony/ServiceState; (max-target-p, reflection, denied)
01-09 22:18:52.570 3642 3723 W TelephonyPermissions: reportAccessDeniedToReadIdentifiers:com.innowireless.xcal.mobile5:getAllSubInfoList:3
01-09 22:18:52.572 1386 1442 I engmode_tlc: TA reply response, pass waiting
01-09 22:18:52.572 1386 1442 I engmode_tlc: Done waiting thread(isTimeOut:FALSE / Runnning:FALSE)
01-09 22:18:52.573 1386 1442 I engmode_tlc: em tlc send result 0x00000000
01-09 22:18:52.573 1386 1442 E engmode_world: Failed emIsTokenInstalled(0xf02d0010)
01-09 22:18:52.573 1386 1442 I engmode_binder_server: onTransact(0x00000003) ret 0xf02d0010
01-09 22:18:52.573 1101 1101 E engmode_aidl_service: error to server(0xf02d0010)
01-09 22:18:52.573 1101 1101 I engmode_binder_client: engmode client destructor
01-09 22:18:52.574 8721 11289 I SamsungTTS: [Synthesize] upload done.
01-09 22:18:52.574 8721 11289 W ContextImpl: Calling a method in the system process without a qualified user: android.app.ContextImpl.sendBroadcast:1281 android.content.ContextWrapper.sendBroadcast:513 android.speech.tts.TextToSpeechService$SynthThread.broadcastTtsQueueProcessingCompleted:471 android.speech.tts.TextToSpeechService$SynthThread.queueIdle:463 android.os.MessageQueue.next:404
01-09 22:18:52.574 2400 12137 I engmode_service_time: no token, exit
01-09 22:18:52.587 3642 3723 W TelephonyPermissions: reportAccessDeniedToReadIdentifiers:com.innowireless.xcal.mobile5:getAllSubInfoList:3
01-09 22:18:52.656 3797 4670 I EPDG -- SIM0 [EpdgHandoverHandler]: [EpdgHandoverHandler : MSG_EPDG_IPSEC_CONNECTION (1)] ipsecConn : {IpsecConnectionParams : mPhoneID = 0 apnType = ims mIkeError = 0 mThrottleCount = 0 mCid = -1}
01-09 22:18:52.656 3797 4670 I EPDG -- SIM0 [EpdgSubScription]: isPdnConnectedOverWifi: returning result: true for apnType: ims
01-09 22:18:52.657 4039 5511 I ImsEpdgEventListener<0>: onEpdgIpsecConnection : ikeError : 0 apnType : ims
01-09 22:18:52.659 4039 5511 I PdnController<0>: setPendedEPDGWeakSignal
01-09 22:18:52.659 4039 4530 I PdnController: handleMessage: what 104
01-09 22:18:52.660 4039 4530 I PdnController<0>: EpdgEvent onEpdgConnected: apnType=ims connected=true mIsEpdgConnected=false
01-09 22:18:52.660 4039 4530 I PdnController<0>: onEpdgConnected: existCallBack=true connected=true dataRat=13 mobileDataRat=13 voiceRat =13
01-09 22:18:52.660 4039 4530 I RegiMgr-Handler<0>: onDataConnectionStateChanged(): networkType [IWLAN], isWifiConnected [true]
01-09 22:18:52.660 4039 4530 I ImsCallSessionManager: onDataConnectionStateChanged(): networkType [IWLAN]isWifiConnected [true], phoneId [0]
01-09 22:18:52.660 4039 4530 I ImsCallSessionManager: onEpdgConnected: [0]
01-09 22:18:52.660 4039 4530 E #IMSCR : 01-09 22:18:52 0x3000000A:0
01-09 22:18:52.660 4039 4530 I RegiMgr-Handler: handleMessage: EVENT_NETWORK_TYPE
01-09 22:18:52.660 4039 4530 I RegiMgr-NetEvtCtr<0>: onNetworkChanged: suspendByIrat=false
01-09 22:18:52.660 4039 4530 I RegiMgr<0>: updatePani RegisterTask[0][mProfile=AIRTEL VoLTE, mRegistrationRat=13, mPdnType=11, mState=CONNECTING, mObject=null, mReason=, mPcscfHostname=null, mDeregiReason=41]
01-09 22:18:52.661 4039 4530 I PaniGenerator<0>: generate: subId=3, network=13, pdn=11
01-09 22:18:52.661 4039 4530 I PaniGenerator<0>: generate: network=18, fallbackPlmn=40402
01-09 22:18:52.661 4039 4530 I PaniGenerator<0>: generateWiFiPani: Format for generating PANI - ;
01-09 22:18:52.662 4039 4530 I PaniGenerator: WifiManager.getBSSID(): [e4:c3:2a:f6:4f:1e]
01-09 22:18:52.662 4039 4530 I PaniGenerator<0>: generateWiFiPani: normalized PANI: IEEE-802.11;i-wlan-node-id=e4c32af64f1e
01-09 22:18:52.664 4039 4530 I PaniGenerator<0>: generate: network=13, fallbackPlmn=null
01-09 22:18:52.664 4039 4530 I PdnController<0>: getAllCellInfo mNeedCellLocationUpdate : false
01-09 22:18:52.664 4039 4530 I PaniGenerator: generate: change to NW PLMN(40492)
01-09 22:18:52.667 4039 4530 I RegiMgr-NetEvtCtr<0>: onNetworkEventChanged:Changed Event: Network type(13=>18)
01-09 22:18:52.667 4039 4530 I VolteServiceModule: onNetworkChanged: NetworkEvent [network=18, voiceNetwork=13, voiceOverPs=SUPPORTED, outOfService=false, isDataRoaming=false, isVoiceRoaming=false, csOutOfService=false, isWifiConnected=true, isEpdgConnected=true, isEpdgAvailable=true, operatorNumeric=40492, isPsOnlyReg=false, isDataConnected=false]
01-09 22:18:52.667 4039 4530 E #IMSCR : 01-09 22:18:52 0x30000009:0,13->18
01-09 22:18:52.667 4039 4530 I SmsServiceModule: regInfo: null
01-09 22:18:52.667 4039 4530 I SmsServiceModule: disallow sms Service
01-09 22:18:52.667 4039 4530 I SmsServiceModule: Sms Service queryCapabilityStatus[0]: removeCapabilities CAPABILITY_TYPE_SMS
01-09 22:18:52.667 4039 4530 E CmcServiceHelper: disallow Call Service
01-09 22:18:52.667 4039 4530 E CmcServiceHelper: disallow Call Service
01-09 22:18:52.668 4039 4530 E CmcServiceHelper: disallow Call Service
01-09 22:18:52.668 4039 4530 I UtServiceModule<0>: isUtEnabled with policy : CS enabled = false
01-09 22:18:52.668 4039 4530 I SecImsNotifier: slot[0]: updateCapabilities: capabilities=MmTel Capabilities - [Voice: false Video: false UT: false SMS: false CALL_COMPOSER: false]
01-09 22:18:52.668 4039 4658 I VolteServiceModule: tryDisconnect(0) delay 100
01-09 22:18:52.668 4039 4530 I SecImsServiceConnector<0>: getMmTelFeatureImpl
01-09 22:18:52.668 4039 4530 E SecImsServiceConnector: connect to local SecImsService #1 attempt
01-09 22:18:52.668 4039 4530 I SecImsService: createMmTelFeatureForSubscription: slotId=0,subscriptionId=-1
01-09 22:18:52.668 4039 4530 I SecImsNotifier: slot[0]: updateRcsCapabilities: capabilities=Capabilities: 0
01-09 22:18:52.668 4039 4530 I SecImsServiceConnector<0>: getRcsFeatureImpl