01-09 22:18:52.100 2035 2046 E IPACM : vendor/qcom/opensource/data-ipa-cfg-mgr/ipacm/src/IPACM_Wan.cpp:785 handle_addr_evt() Already setup device (rmnet_data0) ipv4 and it didn't change(0x64695067)
01-09 22:18:52.100 2400 3378 D ConnectivityService: Adding Route [100.105.80.96/28 -> 0.0.0.0 rmnet_data0 mtu 0] to network 110
01-09 22:18:52.101 1433 20667 E Netd : no such netId 110
01-09 22:18:52.101 2400 3378 E ConnectivityService: Exception in addRoute for non-gateway: android.os.ServiceSpecificException: Machine is not on the network (code 64)
01-09 22:18:52.102 4321 4321 I wpa_supplicant: wlan0: CTRL-EVENT-AVOID-FREQ ranges=
01-09 22:18:52.102 1512 4222 I WifiHAL : event received NL80211_CMD_VENDOR, vendor_id = 0x1374, subcmd = 0xa
01-09 22:18:52.102 2103 4234 D LOWI-9.0.1.70: [LOWI-Scan] wait_event:Wait done with Cmd 103
01-09 22:18:52.102 2103 4234 D LOWI-9.0.1.70: [LOWI-Scan] do_listen_events: Rcvd valid Netlink Cmd 0 Err 0
01-09 22:18:52.102 2057 2057 I cnss-daemon: nl80211 response handler invoked
01-09 22:18:52.102 2057 2057 I cnss-daemon: nl80211_response_handler: cmd 103, vendorID 4980, subcmd 10 received
01-09 22:18:52.102 1635 1635 I Layer : Layer::reparent [334ba7b com.innowireless.xcal.mobile5/com.innowireless.xcal.mobile5.ui.Main_Activity#1423] newParent : ActivityRecord{9e0931d u0 com.innowireless.xcal.mobile5/.ui.Main_Activity t23}#1382 , isRemovedFromCurrentState : 0 -------------------------
01-09 22:18:52.103 1635 1635 I Layer : Layer::reparent [334ba7b com.innowireless.xcal.mobile5/com.innowireless.xcal.mobile5.ui.Main_Activity#1423] End -------------------------
01-09 22:18:52.103 1635 1635 I Layer : Layer::reparent [Surface(name=334ba7b com.innowireless.xcal.mobile5/com.innowireless.xcal.mobile5.ui.Main_Activity)/@0x63d0a0c - animation-leash of window_animation#1429] newParentHandle : null -------------------------
01-09 22:18:52.103 1635 1635 I Layer : id=1429 removeFromCurrentState Surface(name=334ba7b com.innowireless.xcal.mobile5/com.innowireless.xcal.mobile5.ui.Main_Activity)/@0x63d0a0c - animation-leash of window_animation#1429 (127)
01-09 22:18:52.103 1635 1635 I Layer : Layer::reparent [Surface(name=334ba7b com.innowireless.xcal.mobile5/com.innowireless.xcal.mobile5.ui.Main_Activity)/@0x63d0a0c - animation-leash of window_animation#1429] End -------------------------
01-09 22:18:52.103 4039 4039 I RegiMgr-Handler<0>: onPreciseDataConnectionStateChanged
01-09 22:18:52.103 1635 1635 I SurfaceFlinger: id=1429 Removed Surface(name=334ba7b com.innowireless.xcal.mobile5/com.innowireless.xcal.mobile5.ui.Main_Activity)/@0x63d0a0c - animation-leash of window_animation#1429 (127)
01-09 22:18:52.104 3797 3797 I EPDG -- SIM0 [NetController]: onPreciseDataConnectionStateChanged: state=Suppressed
01-09 22:18:52.105 2400 3378 D ConnectivityService: Adding Route [2401:4900:57f3:f842::/64 -> :: rmnet_data0 mtu 0] to network 110
01-09 22:18:52.105 2400 5682 W ContextImpl: Calling a method in the system process without a qualified user: android.app.ContextImpl.sendBroadcastMultiplePermissions:1364 android.content.Context.sendBroadcastMultiplePermissions:2426 android.content.Context.sendBroadcastMultiplePermissions:2414 com.android.server.TelephonyRegistry.broadcastDataConnectionStateChanged:3875 com.android.server.TelephonyRegistry.notifyDataConnectionForSubscriber:2190
01-09 22:18:52.105 1433 20667 E Netd : no such netId 110
01-09 22:18:52.105 2400 3378 D ConnectivityService: Adding Route [0.0.0.0/0 -> 100.105.80.104 rmnet_data0 mtu 1500] to network 110
01-09 22:18:52.105 1433 20667 E Netd : no such netId 110
01-09 22:18:52.105 3797 4669 I EPDG -- SIM0 [SMARTWIFI]: mCaptiveAuthenticated : false
01-09 22:18:52.105 3797 4669 I EPDG -- SIM0 [SMARTWIFI]: mCaptiveAuthenticated : false
01-09 22:18:52.105 3797 4669 I EPDG -- SIM0 [SMARTWIFI]: unable to find status about connected wifi
01-09 22:18:52.105 3797 4669 I EPDG -- SIM0 [SMARTWIFI]: setResultOfRunnableForCannotSwitchToWifi: set to false
01-09 22:18:52.105 3797 4669 I EPDG -- SIM0 [SMARTWIFI]: isCaptivePortalAuthenticated: defaultValue: true wifiLinkStatus: UNDETERMINABLE
01-09 22:18:52.105 2400 3378 E ConnectivityService: Exception in addRoute for gateway: android.os.ServiceSpecificException: Machine is not on the network (code 64)
01-09 22:18:52.105 2400 3378 D ConnectivityService: Adding Route [::/0 -> fe80::2 rmnet_data0 mtu 1500] to network 110
01-09 22:18:52.105 2400 3489 D SemCellularStateManager: onDataConnectionStateChanged: state =2, networkType =LTE
01-09 22:18:52.106 1433 20667 E Netd : no such netId 110
01-09 22:18:52.106 2400 3378 D ConnectivityService: Setting DNS servers for network 110 to [/117.96.122.160, /59.144.144.46, /2401:4900:50:9::7c2, /2401:4900:50:9::45]
01-09 22:18:52.106 2400 2400 D SemWifiService: onDataConnectionStateChanged: state -2, networkType - LTE
01-09 22:18:52.107 4039 4039 I CapabilityProvider: onDataConnectionStateChanged(): state [2] networkType [LTE]
01-09 22:18:52.108 2400 2400 D SemWifiApServiceImpl: onDataConnectionStateChanged: state -2, networkType - LTE
01-09 22:18:52.108 3797 3797 I EPDG -- SIM0 [NetController]: onDataConnectionStateChanged: state=2 type=13
01-09 22:18:52.109 3670 3670 D StatusBarIconController: ignoring old pipeline callbacks, because the new mobile icons are enabled
01-09 22:18:52.109 3670 3670 D MobileIconViewModel: [mobile] (0/3) connected=true dataConnected=true dataType=DefaultIcon(iconGroup=IconGroup(LTE)) networkType=LTE simCard=AIRTEL
01-09 22:18:52.110 4668 32107 I NearbyMediums: WifiNetwork setTelephonyIsDataConnected:true
01-09 22:18:52.110 3797 3797 I EPDG -- SIM0 [SMARTWIFI]: onServiceStateChanged state=0
01-09 22:18:52.111 1635 1635 I Layer : id=1429 Destroyed Surface(name=334ba7b com.innowireless.xcal.mobile5/com.innowireless.xcal.mobile5.ui.Main_Activity)/@0x63d0a0c - animation-leash of window_animation#1429
01-09 22:18:52.111 2400 6796 I LocationAccessPolicy: com.android.systemui is aware of fine but the app-ops permission is specifically denied.
01-09 22:18:52.111 2400 6796 I LocationAccessPolicy: checkLocationPermission - callingUid: 10103, callingPid: 3670, resultForFine: DENIED_SOFT
01-09 22:18:52.112 2400 6796 I LocationAccessPolicy: com.android.systemui is aware of coarse but the app-ops permission is specifically denied.
01-09 22:18:52.112 2400 6796 I LocationAccessPolicy: checkLocationPermission - callingUid: 10103, callingPid: 3670, resultForCoarse: DENIED_SOFT
01-09 22:18:52.112 2400 6796 I LocationAccessPolicy: com.android.systemui is aware of fine but the app-ops permission is specifically denied.
01-09 22:18:52.112 2400 6796 I LocationAccessPolicy: checkLocationPermission - callingUid: 10103, callingPid: 3670, resultForFine: DENIED_SOFT
01-09 22:18:52.112 2400 6796 I LocationAccessPolicy: com.android.systemui is aware of coarse but the app-ops permission is specifically denied.
01-09 22:18:52.112 2400 6796 I LocationAccessPolicy: checkLocationPermission - callingUid: 10103, callingPid: 3670, resultForCoarse: DENIED_SOFT
01-09 22:18:52.112 2400 6796 I LocationAccessPolicy: com.android.systemui is aware of fine but the app-ops permission is specifically denied.
01-09 22:18:52.112 2400 6796 I LocationAccessPolicy: checkLocationPermission - callingUid: 10103, callingPid: 3670, resultForFine: DENIED_SOFT
01-09 22:18:52.112 2400 6796 I LocationAccessPolicy: com.android.systemui is aware of coarse but the app-ops permission is specifically denied.
01-09 22:18:52.112 2400 6796 I LocationAccessPolicy: checkLocationPermission - callingUid: 10103, callingPid: 3670, resultForCoarse: DENIED_SOFT
01-09 22:18:52.113 2400 6796 W ContextImpl: Calling a method in the system process without a qualified user: android.app.ContextImpl.sendBroadcastMultiplePermissions:1331 android.content.Context.sendBroadcastMultiplePermissions:2480 com.android.server.TelephonyRegistry.broadcastServiceStateChanged:3653 com.android.server.TelephonyRegistry.notifyServiceStateForPhoneId:1749 com.android.internal.telephony.ITelephonyRegistry$Stub.onTransact:542
01-09 22:18:52.113 3797 3797 I EPDG -- SIM0 [SMARTWIFI]: onDataConnectionStateChanged: state=2 type=13
01-09 22:18:52.114 3797 3797 I EPDG -- SIM0 [SMARTWIFI]: onServiceStateChanged state=0
01-09 22:18:52.114 2400 6796 W ContextImpl: Calling a method in the system process without a qualified user: android.app.ContextImpl.sendBroadcastMultiplePermissions:1364 com.android.server.TelephonyRegistry.broadcastServiceStateChanged:3658 com.android.server.TelephonyRegistry.notifyServiceStateForPhoneId:1749 com.android.internal.telephony.ITelephonyRegistry$Stub.onTransact:542 android.os.Binder.execTransactInternal:1380
01-09 22:18:52.114 4039 4658 I VolteServiceModule: onServiceStateChanged({mVoiceRegState=0(IN_SERVICE), mDataRegState=0(IN_SERVICE), mChannelNumber=3686, duplexMode()=1, mCellBandwidths=[5000], mOperatorAlphaLong=airtel, mOperatorAlphaShort=airtel, isManualNetworkSelection=false(automatic), getRilVoiceRadioTechnology=14(LTE), getRilDataRadioTechnology=14(LTE), mCssIndicator=unsupported, mNetworkId=*1, mSystemId=*1, mCdmaRoamingIndicator=-1, mCdmaDefaultRoamingIndicator=-1, VoiceRegType=0, Snap=0, PsOnly=false, FemtocellInd=0, SprDisplayRoam=false, OptRadioTech=0, MsimSubmode=0, IsVoiceCallAvailable=true, mIsEmergencyOnly=false, isUsingCarrierAggregation=false, mArfcnRsrpBoost=0, mNetworkRegistrationInfos=[NetworkRegistrationInfo{ domain=PS transportType=WLAN registrationState=HOME networkRegistrationState=HOME roamingType=NOT_ROAMING accessNetworkTechnology=IWLAN rejectCause=0 emergencyEnabled=false availableServices=[DATA] cellIdentity=null voiceSpecificInfo=null dataSpecificInfo=null nrState=**** rRplmn= isUsingCarrierAggregation=false}, NetworkRegistrationInfo{ domain=CS transportType=WWAN registrationState=HOME networkRegistrationState=HOME roamingType=NOT_ROAMING accessNetworkTechnology=LTE rejectCause=0 emergencyEnabled=false availableServices=[VOICE,SMS,VIDEO] cellIdentity=CellIdentityLte:{ mCi=1******73 mPci=292 mTac=4**6 mEarfcn=3686 mBands=[8] mBandwidth=2147483647 mMcc=404 mMnc=92 mAlphaLong=AIRTEL mAlphaShort=airtel mAdditionalPlmns={} mCsgInfo=null} voiceSpecificInfo=VoiceSpecificRegistrationInfo { mCssSupported=false mRoamingIndicator=0 mSystemIsInPrl=0 mDefaultRoamingIndicator=0} dataSpecificInfo=null nrState=**** rRplmn=40492 isUsingCarrierAggregation=false}, NetworkRegistrationInfo{ domain=PS transportType=WWAN registrationState=HOME networkRegistrationState=HOME roamingType=NOT_ROAMING accessNetworkTechnology=LTE rejectCause=0 emergencyEnabled=false availableServices=[DATA] cellIdentity=CellIdentityLte:{ mCi=1******73 mPci=292 mTac=4**6 mEarfcn=3686 mBands=[8] mBandwidth=2147483647 mMcc=404 mMnc=92 mAlphaLong=AIRTEL mAlphaShort=airtel mAdditionalPlmns={} mCsgInfo=null} voiceSpecificInfo=null dataSpecificInfo=android.telephony.DataSpecificRegistrationInfo :{ maxDataCalls = 16 isDcNrRestricted = false isNrAvailable = false isEnDcAvailable = false mLteAttachResultType = 0 mLteAttachExtraInfo = 0 LteVopsSupportInfo : mVopsSupport = 2 mEmcBearerSupport = 2 } nrState=**** rRplmn=40492 isUsingCarrierAggregation=false}], mNrFrequencyRange=0, mOperatorAlphaLongRaw=airtel, mOperatorAlphaShortRaw=airtel, mIsDataRoamingFromRegistration=false, mIsIwlanPreferred=false})
01-09 22:18:52.114 4039 4658 I VolteServiceModule: mIsLteEpsOnlyAttached(0):false
01-09 22:18:52.114 2400 6796 W ContextImpl: Calling a method in the system process without a qualified user: android.app.ContextImpl.sendBroadcastMultiplePermissions:1364 com.android.server.TelephonyRegistry.broadcastServiceStateChanged:3667 com.android.server.TelephonyRegistry.notifyServiceStateForPhoneId:1749 com.android.internal.telephony.ITelephonyRegistry$Stub.onTransact:542 android.os.Binder.execTransactInternal:1380
01-09 22:18:52.115 3670 3670 D StatusBarIconController: ignoring old pipeline callbacks, because the new mobile icons are enabled
01-09 22:18:52.115 2400 6796 W ContextImpl: Calling a method in the system process without a qualified user: android.app.ContextImpl.sendBroadcastMultiplePermissions:1364 com.android.server.TelephonyRegistry.broadcastServiceStateChanged:3673 com.android.server.TelephonyRegistry.notifyServiceStateForPhoneId:1749 com.android.internal.telephony.ITelephonyRegistry$Stub.onTransact:542 android.os.Binder.execTransactInternal:1380
01-09 22:18:52.115 2400 2400 D SemWifiService: onServiceStateChanged : state - 0, dataNetworkType : 13
01-09 22:18:52.115 2400 2400 D SemWifiApServiceImpl: onServiceStateChanged : 0dataNetworkType : 13
01-09 22:18:52.115 2400 2400 W NSLocationMonitor: onServiceStateChanged, state=0 / channel=3686
01-09 22:18:52.115 2400 2400 I NSLocationMonitor: networkType[13]=LTE / nrState=false
01-09 22:18:52.115 2400 2400 W NSLocationMonitor: onServiceStateChanged, state=0 / channel=3686
01-09 22:18:52.115 2400 2400 I NSLocationMonitor: networkType[13]=LTE / nrState=false
01-09 22:18:52.116 4039 4039 I NetworkUtil: Network Cap check : INTERNET : true
01-09 22:18:52.116 4039 4039 I NetworkUtil: isConnected = false isCellularOnly : true
01-09 22:18:52.116 4039 4039 I TelephonyCallbackForPdnController<0>: onServiceStateChanged: state={mVoiceRegState=0(IN_SERVICE), mDataRegState=0(IN_SERVICE), mChannelNumber=3686, duplexMode()=1, mCellBandwidths=[5000], mOperatorAlphaLong=airtel, mOperatorAlphaShort=airtel, isManualNetworkSelection=false(automatic), getRilVoiceRadioTechnology=14(LTE), getRilDataRadioTechnology=14(LTE), mCssIndicator=unsupported, mNetworkId=*1, mSystemId=*1, mCdmaRoamingIndicator=-1, mCdmaDefaultRoamingIndicator=-1, VoiceRegType=0, Snap=0, PsOnly=false, FemtocellInd=0, SprDisplayRoam=false, OptRadioTech=0, MsimSubmode=0, IsVoiceCallAvailable=true, mIsEmergencyOnly=false, isUsingCarrierAggregation=false, mArfcnRsrpBoost=0, mNetworkRegistrationInfos=[NetworkRegistrationInfo{ domain=PS transportType=WLAN registrationState=HOME networkRegistrationState=HOME roamingType=NOT_ROAMING accessNetworkTechnology=IWLAN rejectCause=0 emergencyEnabled=false availableServices=[DATA] cellIdentity=null voiceSpecificInfo=null dataSpecificInfo=null nrState=**** rRplmn= isUsingCarrierAggregation=false}, NetworkRegistrationInfo{ domain=CS transportType=WWAN registrationState=HOME networkRegistrationState=HOME roamingType=NOT_ROAMING accessNetworkTechnology=LTE rejectCause=0 emergencyEnabled=false availableServices=[VOICE,SMS,VIDEO] cellIdentity=CellIdentityLte:{ mCi=1******73 mPci=292 mTac=4**6 mEarfcn=3686 mBands=[8] mBandwidth=2147483647 mMcc=404 mMnc=92 mAlphaLong=AIRTEL mAlphaShort=airtel mAdditionalPlmns={} mCsgInfo=null} voiceSpecificInfo=VoiceSpecificRegistrationInfo { mCssSupported=false mRoamingIndicator=0 mSystemIsInPrl=0 mDefaultRoamingIndicator=0} dataSpecificInfo=null nrState=**** rRplmn=40492 isUsingCarrierAggregation=false}, NetworkRegistrationInfo{ domain=PS transportType=WWAN registrationState=HOME networkRegistrationState=HOME roamingType=NOT_ROAMING accessNetworkTechnology=LTE rejectCause=0 emergencyEnabled=false availableServices=[DATA] cellIdentity=CellIdentityLte:{ mCi=1******73 mPci=292 mTac=4**6 mEarfcn=3686 mBands=[8] mBandwidth=2147483647 mMcc=404 mMnc=92 mAlphaLong=AIRTEL mAlphaShort=airtel mAdditionalPlmns={} mCsgInfo=null} voiceSpecificInfo=null dataSpecificInfo=android.telephony.DataSpecificRegistrationInfo :{ maxDataCalls = 16 isDcNrRestricted = false isNrAvailable = false isEnDcAvailable = false mLteAttachResultType = 0 mLteAttachExtraInfo = 0 LteVopsSupportInfo : mVopsSupport = 2 mEmcBearerSupport = 2 } nrState=**** rRplmn=40492 isUsingCarrierAggregation=false}], mNrFrequencyRange=0, mOperatorAlphaLongRaw=airtel, mOperatorAlphaShortRaw=airtel, mIsDataRoamingFromRegistration=false, mIsIwlanPreferred=false}Changed=
01-09 22:18:52.116 4039 4039 I PdnController<0>: notifyDataConnectionState
01-09 22:18:52.116 4039 4039 I PdnController<0>: initialize PendedEPDGWeakSignal flag
01-09 22:18:52.116 4039 4039 I PdnController<0>: setPendedEPDGWeakSignal
01-09 22:18:52.116 4039 4039 I PdnController<0>: notifyDataConnectionState: needNotify=false networkType=13 isEpdgConnected=false dataNetType=18=>13 dataRegState=0=>0
01-09 22:18:52.116 4039 4039 I RegiMgr-Handler<0>: onDataConnectionStateChanged(): networkType [LTE], isWifiConnected [true]
01-09 22:18:52.116 4039 4039 E #IMSREGI: (0, AIRTEL_IN) [LTE] LATCH(DataConnect changed) : 1.35s
01-09 22:18:52.116 3642 3642 D SecImsManager: isWfcEnabledByPlatform
01-09 22:18:52.116 4039 4530 I RegiMgr-Handler: handleMessage: EVENT_NETWORK_TYPE
01-09 22:18:52.116 4039 4530 I RegiMgr-NetEvtCtr<0>: onNetworkChanged: suspendByIrat=false
01-09 22:18:52.116 4039 4530 I RegiMgr<0>: updatePani RegisterTask[0][mProfile=AIRTEL VoLTE, mRegistrationRat=18, mPdnType=11, mState=CONNECTING, mObject=null, mReason=, mPcscfHostname=null, mDeregiReason=41]
01-09 22:18:52.116 3642 3642 D SecImsManager: isWfcEnabledByPlatform
01-09 22:18:52.116 4039 4039 I ImsCallSessionManager: onDataConnectionStateChanged(): networkType [LTE]isWifiConnected [true], phoneId [0]
01-09 22:18:52.117 4893 5021 W NetworkManager_FLP: updateServiceStateChanged, serviceState=0 / isRegistered=true / channel=3686 / networkTypeName=LTE / nr=false
01-09 22:18:52.117 4039 4530 I PaniGenerator<0>: generate: subId=3, network=13, pdn=11
01-09 22:18:52.117 4039 4530 I PaniGenerator<0>: generate: network=13, fallbackPlmn=40402
01-09 22:18:52.117 4039 4530 I PdnController<0>: getAllCellInfo mNeedCellLocationUpdate : false
01-09 22:18:52.117 4039 4530 I PaniGenerator: generate: change to NW PLMN(40492)
01-09 22:18:52.117 4039 4039 I TelephonyCallbackForPdnController<0>: notifySnapshotState: snapshotState=0 old=0
01-09 22:18:52.117 4039 4039 I VolteServiceModule: onServiceStateChanged({mVoiceRegState=0(IN_SERVICE), mDataRegState=0(IN_SERVICE), mChannelNumber=3686, duplexMode()=1, mCellBandwidths=[5000], mOperatorAlphaLong=airtel, mOperatorAlphaShort=airtel, isManualNetworkSelection=false(automatic), getRilVoiceRadioTechnology=14(LTE), getRilDataRadioTechnology=14(LTE), mCssIndicator=unsupported, mNetworkId=*1, mSystemId=*1, mCdmaRoamingIndicator=-1, mCdmaDefaultRoamingIndicator=-1, VoiceRegType=0, Snap=0, PsOnly=false, FemtocellInd=0, SprDisplayRoam=false, OptRadioTech=0, MsimSubmode=0, IsVoiceCallAvailable=true, mIsEmergencyOnly=false, isUsingCarrierAggregation=false, mArfcnRsrpBoost=0, mNetworkRegistrationInfos=[NetworkRegistrationInfo{ domain=PS transportType=WLAN registrationState=HOME networkRegistrationState=HOME roamingType=NOT_ROAMING accessNetworkTechnology=IWLAN rejectCause=0 emergencyEnabled=false availableServices=[DATA] cellIdentity=null voiceSpecificInfo=null dataSpecificInfo=null nrState=**** rRplmn= isUsingCarrierAggregation=false}, NetworkRegistrationInfo{ domain=CS transportType=WWAN registrationState=HOME networkRegistrationState=HOME roamingType=NOT_ROAMING accessNetworkTechnology=LTE rejectCause=0 emergencyEnabled=false availableServices=[VOICE,SMS,VIDEO] cellIdentity=CellIdentityLte:{ mCi=1******73 mPci=292 mTac=4**6 mEarfcn=3686 mBands=[8] mBandwidth=2147483647 mMcc=404 mMnc=92 mAlphaLong=AIRTEL mAlphaShort=airtel mAdditionalPlmns={} mCsgInfo=null} voiceSpecificInfo=VoiceSpecificRegistrationInfo { mCssSupported=false mRoamingIndicator=0 mSystemIsInPrl=0 mDefaultRoamingIndicator=0} dataSpecificInfo=null nrState=**** rRplmn=40492 isUsingCarrierAggregation=false}, NetworkRegistrationInfo{ domain=PS transportType=WWAN registrationState=HOME networkRegistrationState=HOME roamingType=NOT_ROAMING accessNetworkTechnology=LTE rejectCause=0 emergencyEnabled=false availableServices=[DATA] cellIdentity=CellIdentityLte:{ mCi=1******73 mPci=292 mTac=4**6 mEarfcn=3686 mBands=[8] mBandwidth=2147483647 mMcc=404 mMnc=92 mAlphaLong=AIRTEL mAlphaShort=airtel mAdditionalPlmns={} mCsgInfo=null} voiceSpecificInfo=null dataSpecificInfo=android.telephony.DataSpecificRegistrationInfo :{ maxDataCalls = 16 isDcNrRestricted = false isNrAvailable = false isEnDcAvailable = false mLteAttachResultType = 0 mLteAttachExtraInfo = 0 LteVopsSupportInfo : mVopsSupport = 2 mEmcBearerSupport = 2 } nrState=**** rRplmn=40492 isUsingCarrierAggregation=false}], mNrFrequencyRange=0, mOperatorAlphaLongRaw=airtel, mOperatorAlphaShortRaw=airtel, mIsDataRoamingFromRegistration=false, mIsIwlanPreferred=false})
01-09 22:18:52.117 4893 5021 W NetworkManager_FLP: updateServiceStateChanged, serviceState=0 / isRegistered=true / channel=3686 / networkTypeName=LTE / nr=false
01-09 22:18:52.117 4039 4039 I VolteServiceModule: mIsLteEpsOnlyAttached(1):false
01-09 22:18:52.118 3797 4669 I EPDG -- SIM0 [SMARTWIFI]: setW2LHandoverForWeakWiFiSignal: set to false
01-09 22:18:52.118 3797 4669 I EPDG -- SIM0 [SMARTWIFI]: setResultOfRunnableForCannotSwitchToWifi: set to false
01-09 22:18:52.118 3797 4669 I EPDG -- SIM0 [SMARTCELLULAR]: start cellular profiling called: Is profiling running: false
01-09 22:18:52.118 3797 4669 I EPDG -- SIM0 [SMARTCELLULAR]: LTE_IDLE_PROFILING is true
01-09 22:18:52.118 3797 4669 I EPDG -- SIM0 [SMARTCELLULAR]: startLteProfiling called, is profiling running: false
01-09 22:18:52.118 3797 4669 I EPDG -- SIM0 [SMARTCELLULAR]: LTE profiling started. lastKnownRSRP is 0 lastKnownRSRQ is 0 lastKnownSNR is -21
01-09 22:18:52.118 3797 4669 I EPDG -- SIM0 [EpdgSubScription]: isOngoingConnectionOverWifi: returning result: trueConnected Check : true
01-09 22:18:52.118 3797 4669 I EPDG -- SIM0 [SMARTCELLULAR]: RSRP is 0 RSRQ is 0 SNR is -21
01-09 22:18:52.118 3797 4669 I EPDG -- SIM0 [SMARTCELLULAR]: startCsProfiling called, is profiling running: true
01-09 22:18:52.118 3797 4669 I EPDG -- SIM0 [SMARTCELLULAR]: registerTelephonyCallback true
01-09 22:18:52.118 6164 6259 I eris : 07[NET] received packet: from 106.201.214.112[4500] to 192.168.0.106[49289] (76 bytes)
01-09 22:18:52.119 6164 6259 I eris : 07[ENC] parsed IKE_AUTH response 2 [ EAP/SUCC ]
01-09 22:18:52.119 6164 6259 I eris : 07[IKE] EAP method EAP_AKA succeeded, MSK established
01-09 22:18:52.119 6164 6259 I eris : 07[IKE] authentication of '...' (myself) with EAP
01-09 22:18:52.119 6164 6259 I eris : 07[ENC] generating IKE_AUTH request 3 [ AUTH ]
01-09 22:18:52.119 6164 6259 I eris : 07[NET] sending packet: from 192.168.0.106[49289] to 106.201.214.112[4500] (92 bytes)
01-09 22:18:52.120 3797 3797 I EPDG -- SIM0 [SMARTCELLULAR]: onServiceStateChanged: 13
01-09 22:18:52.120 3797 3797 I EPDG -- SIM0 [SMARTCELLULAR]: onSignalStrengthsChanged: SignalStrength:{mCdma=Invalid,mGsm=Invalid,mWcdma=Invalid,mTdscdma=Invalid,mLte=CellSignalStrengthLte: rssi=-59 rsrp=-84 rsrq=-9 rssnr=3 cqiTableIndex=2147483647 cqi=2147483647 ta=2147483647 level=4 parametersUseForLevel=0,mNr=Invalid,SignalBarInfo{ lteLevel=4 },rat=14,primary=CellSignalStrengthLte}
01-09 22:18:52.120 3797 4669 I EPDG -- SIM0 [EpdgSubScription]: mWifiRssiA :-70 mWifiRssiB:-80 mWifiRssiC:0 mWifiRssiRoveInWifiOnly:0 mWifiRssiRoveOutWifiOnly:0 mWifiRssiRoveInVoice:0 mLteRsrp1:-110 mLteRsrp2:0 mLteRsrp3:-105 mNrRsrp1:0 mNrRsrp2:0 mNrRsrp3:0
01-09 22:18:52.120 3797 4669 I EPDG -- SIM0 [EpdgSubScription]: TimerStatus :
01-09 22:18:52.120 3797 4669 I EPDG -- SIM0 [EpdgImsListener]: getVoWifiSessionConnected: CALL: idle IPME: false result: false
01-09 22:18:52.120 3797 5483 I EPDG -- SIM0 [SMARTCELLULAR]: lastLteRSRP is 0 currentLteRSRP is -84 lastLteRSRQ is 0 currentLteRSRQ is -9 lastLteSNR is -21 currentLteSNR is 3
01-09 22:18:52.120 3797 4669 I EPDG -- SIM0 [EpdgSubScription]: getIsAirplaneMode: returning: false
01-09 22:18:52.121 2400 3570 D NetdEventListenerService: DNS Requested by 101, 10396, 66
01-09 22:18:52.121 10717 10774 D TrafficStats: tagSocket(186) with statsTag=0x20001101, statsUid=-1
01-09 22:18:52.122 3797 5483 I EPDG -- SIM0 [SMARTCELLULAR]: RSRP is -84 RSRQ is -9 SNR is 3
01-09 22:18:52.122 3797 5483 I EPDG -- SIM0 [SMARTCELLULAR]: postLteRunnableFinal: mIsLteAvailable is true
01-09 22:18:52.122 3797 5483 I EPDG -- SIM0 [SMARTCELLULAR]: EPDI (STRONG_LTE_SIGNAL)
01-09 22:18:52.127 3797 4669 I EPDG -- SIM0 [IfomTable]: checkIsRuleforApn: appStr is: idle apnType is: ims
01-09 22:18:52.131 3797 4669 I EPDG -- SIM0 [SMARTCELLULAR]: LTE Available: true
01-09 22:18:52.132 1500 4137 D vendor.qti.bluetooth@1.1-wake_lock: Release wakelock is released
01-09 22:18:52.137 2400 2400 D SemWifiService: received: android.intent.action.SERVICE_STATE
01-09 22:18:52.137 3797 4669 I EPDG -- SIM0 [EpdgSubScription]: volteSetting(true) for VOICECALL_TYPE_KEY: voicecall_type
01-09 22:18:52.137 2400 3378 D ConnectivityService: notifyType CALLBACK_IP_CHANGED for [110 CELLULAR]
01-09 22:18:52.138 2400 3378 D ConnectivityService: [110 CELLULAR] EVENT_NETWORK_INFO_CHANGED, going from CONNECTING to CONNECTED
01-09 22:18:52.138 4039 4530 I RegiMgr-NetEvtCtr<0>: onNetworkEventChanged:Changed Event: Network type(18=>13)
01-09 22:18:52.138 4039 4530 I VolteServiceModule: onNetworkChanged: NetworkEvent [network=13, voiceNetwork=13, voiceOverPs=SUPPORTED, outOfService=false, isDataRoaming=false, isVoiceRoaming=false, csOutOfService=false, isWifiConnected=true, isEpdgConnected=false, isEpdgAvailable=true, operatorNumeric=40492, isPsOnlyReg=false, isDataConnected=false]
01-09 22:18:52.138 4039 4530 E #IMSCR : 01-09 22:18:52 0x30000009:0,18->13
01-09 22:18:52.138 4039 4658 I VolteServiceModule: tryDisconnect(0) delay 100
01-09 22:18:52.138 4039 4530 I SmsServiceModule: regInfo: null
01-09 22:18:52.138 4039 4530 I SmsServiceModule: disallow sms Service
01-09 22:18:52.138 4039 4530 I SmsServiceModule: Sms Service queryCapabilityStatus[0]: removeCapabilities CAPABILITY_TYPE_SMS
01-09 22:18:52.138 4039 4530 E CmcServiceHelper: disallow Call Service
01-09 22:18:52.138 4039 4530 E CmcServiceHelper: disallow Call Service
01-09 22:18:52.138 4039 4530 E CmcServiceHelper: disallow Call Service
01-09 22:18:52.138 3670 3670 D MultiSIMController: onReceive() - action = android.intent.action.SERVICE_STATE
01-09 22:18:52.138 3642 3642 D NotificationMgr: updateNetworkSelection, Use Samsung codes instead of AOSP codes
01-09 22:18:52.138 3642 3642 D NotificationMgr: updateNetworkSelection, Use Samsung codes instead of AOSP codes
01-09 22:18:52.138 4039 4530 I UtServiceModule<0>: isUtEnabled with policy : CS enabled = false
01-09 22:18:52.138 4039 4530 I SecImsNotifier: slot[0]: updateCapabilities: capabilities=MmTel Capabilities - [Voice: false Video: false UT: false SMS: false CALL_COMPOSER: false]
01-09 22:18:52.138 3670 3670 D MultiSIMController: MESSAGE_UPDATE_SERVICE_STATE
01-09 22:18:52.138 4039 4530 I SecImsServiceConnector<0>: getMmTelFeatureImpl
01-09 22:18:52.138 4039 4530 E SecImsServiceConnector: connect to local SecImsService #1 attempt
01-09 22:18:52.138 4039 4530 I SecImsService: createMmTelFeatureForSubscription: slotId=0,subscriptionId=-1
01-09 22:18:52.138 4039 4530 I SecImsNotifier: slot[0]: updateRcsCapabilities: capabilities=Capabilities: 0
01-09 22:18:52.138 4039 4530 I SecImsServiceConnector<0>: getRcsFeatureImpl
01-09 22:18:52.138 4039 4530 E SecImsServiceConnector: connect to local SecImsService #1 attempt
01-09 22:18:52.138 4039 4530 I SecImsService: createRcsFeatureForSubscription: slotId=0,subscriptionId=-1
01-09 22:18:52.138 4039 4530 I RegiMgr-NetEvtCtr<0>: handleNetworkEventBeforeRegister: new network event=NetworkEvent [network=13, voiceNetwork=13, voiceOverPs=SUPPORTED, outOfService=false, isDataRoaming=false, isVoiceRoaming=false, csOutOfService=false, isWifiConnected=true, isEpdgConnected=false, isEpdgAvailable=true, operatorNumeric=40492, isPsOnlyReg=false, isDataConnected=false], old network event=NetworkEvent [network=18, voiceNetwork=13, voiceOverPs=SUPPORTED, outOfService=false, isDataRoaming=false, isVoiceRoaming=false, csOutOfService=false, isWifiConnected=true, isEpdgConnected=false, isEpdgAvailable=true, operatorNumeric=40492, isPsOnlyReg=false, isDataConnected=false]
01-09 22:18:52.139 4039 4530 I RegiMgr : isPdnConnected: false, PdnType: 11
01-09 22:18:52.139 3797 4669 I EPDG -- SIM0 [PolicyMgr]: [HO_OPTIMIZATION]isMapconResultToLte(): LTE (true) VoWIFI (true) call (idle) roaming (false) VoLTE (true) voice rat (13) data rat (13) result (true)
01-09 22:18:52.139 2400 3378 D DnsManager: sendDnsConfigurationForNetwork(ResolverParamsParcel{netId: 110, sampleValiditySeconds: 1800, successThreshold: 25, minSamples: 8, maxSamples: 64, baseTimeoutMsec: 0, retryCount: 0, servers: [117.96.122.160, 59.144.144.46, 2401:4900:50:9::7c2, 2401:4900:50:9::45], domains: [], tlsName: , tlsServers: [], tlsFingerprints: [], caCertificate: , tlsConnectTimeoutMs: 0, resolverOptions: null, transportTypes: [0], meteredNetwork: true, dohParams: null, interfaceNames: [rmnet_data0]})
01-09 22:18:52.139 3797 4669 I EPDG -- SIM0 [SMARTCELLULAR]: LTE Available: true
01-09 22:18:52.139 3797 4669 I EPDG -- SIM0 [EpdgSubScription]: It is false that CpThresholdCondition for handover
01-09 22:18:52.139 3797 4669 I EPDG -- SIM0 [PolicyMgr]: isMapconResultToLte: ims,idle result=true
01-09 22:18:52.139 3797 4669 I EPDG -- SIM0 [PolicyMgr]: [HO_OPTIMIZATION]isW2LRecommended: ims,idle result=true
01-09 22:18:52.139 3797 4669 I EPDG -- SIM0 [EpdgSubScription]: isPdnConnectedOverWifi: returning result: false for apnType: ims
01-09 22:18:52.139 3797 4669 I EPDG -- SIM0 [EpdgSubScription]: Firing W2L handover
01-09 22:18:52.139 4039 4530 I PdnController: getDefaultNetworkBearer: WIFI
01-09 22:18:52.139 4039 4530 I RegiMgr-Utils<0>: getAvailableMobileNetwork: network=13 mobileDataType=13 => rat=13
01-09 22:18:52.139 4039 4530 I PdnController<0>: isNetworkAvailable: isEpdgConnected=false getDataNetworkType()=13
01-09 22:18:52.139 9668 9668 D CellBroadcastReceiver: onReceive Intent { act=android.intent.action.SERVICE_STATE flg=0x1000010 cmp=com.google.android.cellbroadcastreceiver/com.android.cellbroadcastreceiver.CellBroadcastReceiver (has extras) }
01-09 22:18:52.139 9668 9668 D CellBroadcastReceiver: onServiceStateChanged, ss: 0
01-09 22:18:52.139 9668 9668 D CellBroadcastReceiver: networkOperator: 40492
01-09 22:18:52.139 9668 9668 D CellBroadcastReceiver: update supported roaming operator as
01-09 22:18:52.140 13492 13492 I SAMSUNGWALLET: [SpayBroadcastReceiver] Action: android.intent.action.SERVICE_STATE
01-09 22:18:52.140 2400 3378 E ConnectivityService: Unexpected ServiceSpecificException
01-09 22:18:52.140 2400 3378 E ConnectivityService: android.os.ServiceSpecificException: Machine is not on the network (code 64)
01-09 22:18:52.140 2400 3378 E ConnectivityService: at android.os.Parcel.createExceptionOrNull(Parcel.java:3083)
01-09 22:18:52.140 2400 3378 E ConnectivityService: at android.os.Parcel.createException(Parcel.java:3053)
01-09 22:18:52.140 2400 3378 E ConnectivityService: at android.os.Parcel.readException(Parcel.java:3036)
01-09 22:18:52.140 2400 3378 E ConnectivityService: at android.os.Parcel.readException(Parcel.java:2978)
01-09 22:18:52.140 2400 3378 E ConnectivityService: at android.net.connectivity.android.net.INetd$Stub$Proxy.setNetworkAllowlist(INetd.java:3787)
01-09 22:18:52.140 2400 3378 E ConnectivityService: at android.net.connectivity.com.android.server.ConnectivityService.updateProfileAllowedNetworks(ConnectivityService.java:10872)
01-09 22:18:52.140 2400 3378 E ConnectivityService: at android.net.connectivity.com.android.server.ConnectivityService.updateNetworkInfo(ConnectivityService.java:11586)
01-09 22:18:52.140 2400 3378 E ConnectivityService: at android.net.connectivity.com.android.server.ConnectivityService.-$$Nest$mupdateNetworkInfo(ConnectivityService.java:0)
01-09 22:18:52.140 2400 3378 E ConnectivityService: at android.net.connectivity.com.android.server.ConnectivityService$NetworkStateTrackerHandler.maybeHandleNetworkAgentMessage(ConnectivityService.java:4666)
01-09 22:18:52.140 2400 3378 E ConnectivityService: at android.net.connectivity.com.android.server.ConnectivityService$NetworkStateTrackerHandler.handleMessage(ConnectivityService.java:5050)
01-09 22:18:52.140 2400 3378 E ConnectivityService: at android.os.Handler.dispatchMessage(Handler.java:106)
01-09 22:18:52.140 2400 3378 E ConnectivityService: at android.os.Looper.loopOnce(Looper.java:230)
01-09 22:18:52.140 2400 3378 E ConnectivityService: at android.os.Looper.loop(Looper.java:319)
01-09 22:18:52.140 2400 3378 E ConnectivityService: at android.os.HandlerThread.run(HandlerThread.java:67)
01-09 22:18:52.141 2400 3378 W DnsManager: updatePrivateDns(110, PrivateDnsConfig{opportunistic:/[], dohName=, dohIps=[], dohPath=, dohPort=-1})
01-09 22:18:52.141 2400 3378 D ConnectivityService: Setting DNS servers for network 110 to [/117.96.122.160, /59.144.144.46, /2401:4900:50:9::7c2, /2401:4900:50:9::45]
01-09 22:18:52.141 2400 3378 D DnsManager: sendDnsConfigurationForNetwork(ResolverParamsParcel{netId: 110, sampleValiditySeconds: 1800, successThreshold: 25, minSamples: 8, maxSamples: 64, baseTimeoutMsec: 0, retryCount: 0, servers: [117.96.122.160, 59.144.144.46, 2401:4900:50:9::7c2, 2401:4900:50:9::45], domains: [], tlsName: , tlsServers: [117.96.122.160, 59.144.144.46, 2401:4900:50:9::7c2, 2401:4900:50:9::45], tlsFingerprints: [], caCertificate: , tlsConnectTimeoutMs: 0, resolverOptions: null, transportTypes: [0], meteredNetwork: true, dohParams: null, interfaceNames: [rmnet_data0]})
01-09 22:18:52.141 1433 12078 W resolv : Validating DnsTlsServer {117.96.122.160/} with mark 0xf006e
01-09 22:18:52.141 1433 12080 W resolv : Validating DnsTlsServer {2401:4900:50:9::7c2/} with mark 0xf006e
01-09 22:18:52.141 1433 12078 W resolv : Socket failed to connect, errno=101: Network is unreachable
01-09 22:18:52.141 2400 3796 D PhoneRestrictionPolicy: isOperationAllowed >>> slotNum: 0 function: 1
01-09 22:18:52.141 1433 12078 W resolv : TCP Handshake failed: 101
01-09 22:18:52.141 1433 12078 W resolv : query failed
01-09 22:18:52.141 1433 12078 W resolv : validateDnsTlsServer returned 0 for {117.96.122.160/}
01-09 22:18:52.141 1433 12078 W resolv : Validation failed
01-09 22:18:52.141 1433 12080 W resolv : Socket failed to connect, errno=101: Network is unreachable
01-09 22:18:52.141 1433 12080 W resolv : TCP Handshake failed: 101
01-09 22:18:52.141 1433 12080 W resolv : query failed
01-09 22:18:52.141 1433 12080 W resolv : validateDnsTlsServer returned 0 for {2401:4900:50:9::7c2/}
01-09 22:18:52.142 1433 12080 W resolv : Validation failed
01-09 22:18:52.142 2400 3378 D ConnectivityService: Adding iface rmnet_data0 to network 110
01-09 22:18:52.142 1433 12079 W resolv : Validating DnsTlsServer {2401:4900:50:9::45/} with mark 0xf006e
01-09 22:18:52.142 1433 12079 W resolv : Socket failed to connect, errno=101: Network is unreachable
01-09 22:18:52.142 1433 12079 W resolv : TCP Handshake failed: 101
01-09 22:18:52.142 1433 12079 W resolv : query failed
01-09 22:18:52.142 1433 12079 W resolv : validateDnsTlsServer returned 0 for {2401:4900:50:9::45/}
01-09 22:18:52.142 1433 12079 W resolv : Validation failed
01-09 22:18:52.142 1433 12077 W resolv : Validating DnsTlsServer {59.144.144.46/} with mark 0xf006e
01-09 22:18:52.142 1433 12077 W resolv : Socket failed to connect, errno=101: Network is unreachable
01-09 22:18:52.142 1433 12077 W resolv : TCP Handshake failed: 101
01-09 22:18:52.142 1433 12077 W resolv : query failed
01-09 22:18:52.142 1433 12077 W resolv : validateDnsTlsServer returned 0 for {59.144.144.46/}
01-09 22:18:52.142 3797 4669 I EPDG -- SIM0 [EpdgSubScription]: Current Wifi RSSI:-64
01-09 22:18:52.142 3797 4669 I EPDG -- SIM0 [EpdgSubScription]: startHandOverWifiToLte HOtype:0
01-09 22:18:52.142 3797 4669 I EPDG -- SIM0 [EpdgSubScription]: [HANDOFF]Cannot trigger W2L HO: (AP ASSIST MODE) : 11
01-09 22:18:52.142 1433 12077 W resolv : Validation failed
01-09 22:18:52.142 3797 4669 I EPDG -- SIM0 [EpdgNetworkMgmtObserver]: EpdgAddressUpdated: address: Suppressed iface: SuppressedmFqdnRetryCount : 0
01-09 22:18:52.142 3797 4669 I EPDG -- SIM0 [EpdgNetworkMgmtObserver]: EpdgAddressUpdated: address: Suppressed iface: SuppressedmFqdnRetryCount : 0
01-09 22:18:52.142 3797 4669 I EPDG -- SIM0 [EpdgNetworkMgmtObserver]: EpdgAddressUpdated: address: Suppressed iface: SuppressedmFqdnRetryCount : 0
01-09 22:18:52.142 3797 4669 I EPDG -- SIM0 [EpdgNetworkMgmtObserver]: EpdgAddressUpdated: address: Suppressed iface: SuppressedmFqdnRetryCount : 0
01-09 22:18:52.142 3797 4669 I EPDG -- SIM0 [SMARTWIFI]: isL2WHandoverProfilingRunning: returning: false
01-09 22:18:52.142 3797 4669 I EPDG -- SIM0 [SMARTCELLULAR]: setLteThreshold: Good Rsrp: -105 Low Rsrp: -110 Good Rsrq: 0 Low Rsrq: 0
01-09 22:18:52.142 3797 4669 I EPDG -- SIM0 [ThrottleController]: isThrottleTimerRunning: apnType: ims. result: false
01-09 22:18:52.142 3797 4669 I EPDG -- SIM0 [EpdgSubScription]: isPdnConnectedOverCellularData: returning result: false for apnType: ims
01-09 22:18:52.142 3797 4669 I EPDG -- SIM0 [EpdgSubScription]: No SM for apnType: emergency
01-09 22:18:52.142 3797 4669 I EPDG -- SIM0 [EpdgSubScription]: isPdnConnectedOverCellularData: returning result: false for apnType: emergency
01-09 22:18:52.142 3797 4669 I EPDG -- SIM0 [EPDG-->RIL]: SEND NET REGISTER -- EPDG AVAILABLE
01-09 22:18:52.142 3797 4669 I EPDG -- SIM0 [IPCDISPATCHER]: [Tx]: Main: IPC_NET_CMD Sub: IPC_NET_REGIST Cmd Type: IPC_CMD_NOTI Param: 30 03 02 00 00 00 00 00 00 00 00 00 00 00 00 00 00 00 00 00
01-09 22:18:52.142 3797 4669 I EPDG -- SIM0 [EpdgSubScription]: updateEpdgHoThreshold: lteRsrpRovein: 105 lteRsrpRoveout: 110 lteRsrqRovein: 255 lteRsrqRoveout: 255 lteSinrRovein: 0 lteSinrRoveout: 0 3gRscpRovein: 100 3gRscpRoveout: 110
01-09 22:18:52.142 3797 5477 I EPDG -- : EpdgModemSender(): send
01-09 22:18:52.142 4039 4530 I RegiMgr-Utils<0>: findBestNetwork: LTE
01-09 22:18:52.142 4039 4530 I RegiMgr-Utils: selectPdnType: rat=13pdn=11
01-09 22:18:52.143 2040 3271 D SemNativeCarrierFeature_vendor: getInstance
01-09 22:18:52.143 3797 4669 I EPDG -- SIM0 [EPDG-->RIL]: SEND EPDG HANDOVER THRESHOLD -- TURN ON
01-09 22:18:52.143 3797 4669 I EPDG -- SIM0 [IPCDISPATCHER]: [Tx]: Main: IPC_NET_CMD Sub: IPC_NET_EPDG_HO_THRESHOLD Cmd Type: IPC_CMD_NOTI Param: 01 69 6E 64 6E 5F 69 00 0F 00 00 00 00 FF FF 69 6E 69 6E
01-09 22:18:52.143 3797 5477 I EPDG -- : EpdgModemSender(): send
01-09 22:18:52.143 4039 4530 I RegiMgr-NetEvtCtr<0>: handleNetworkEventBeforeRegister: new network event=NetworkEvent [network=13, voiceNetwork=13, voiceOverPs=SUPPORTED, outOfService=false, isDataRoaming=false, isVoiceRoaming=false, csOutOfService=false, isWifiConnected=true, isEpdgConnected=false, isEpdgAvailable=true, operatorNumeric=40492, isPsOnlyReg=false, isDataConnected=false], old network event=NetworkEvent [network=18, voiceNetwork=13, voiceOverPs=SUPPORTED, outOfService=false, isDataRoaming=false, isVoiceRoaming=false, csOutOfService=false, isWifiConnected=true, isEpdgConnected=false, isEpdgAvailable=true, operatorNumeric=40492, isPsOnlyReg=false, isDataConnected=false]
01-09 22:18:52.143 2400 3796 I Telecom:SamsungTelecomServiceImpl: isInCall - callingPackage : com.android.systemui / callingUser : UserHandle{0} / hasCrossUserAccess : true
01-09 22:18:52.143 4039 4530 I SimManager<0>: getRilSimOperator: ETC
01-09 22:18:52.143 4039 4530 I SimManager<0>: hasIsim: [false]
01-09 22:18:52.143 4039 4530 I SimManager<0>: mSimState:LOADED, mIsimLoaded:false, hasIsim():false
01-09 22:18:52.143 4039 4530 I SimManager<0>: getRilSimOperator: ETC
01-09 22:18:52.143 4039 4530 I SimManager<0>: hasIsim: [false]
01-09 22:18:52.143 4039 4530 I RegiMgr-NetEvtCtr<0>: onNetworkEventChanged: tryRegister by phoneID
01-09 22:18:52.143 4039 4530 I RegiMgr<0>: tryRegister:
01-09 22:18:52.143 4039 4530 I RegiMgr<0>: RegisterTask(s): AIRTEL VoLTE (CONNECTING), AIRTEL India RCS (IDLE)
01-09 22:18:52.143 4039 4530 I RcsPolicyMgr<0>: pendingRcsRegister: mActiveDataPhoneId = 0
01-09 22:18:52.143 4039 4530 I RegisterTask: isSuspended: mSuspended(false) mSuspendByIrat(false)
01-09 22:18:52.143 4039 4530 I RegiMgr<0>: [AIRTEL VoLTE|CONNECTING] checkForTryRegister id: 736
01-09 22:18:52.143 4039 4530 I RegiMgr : isPdnConnected: false, PdnType: 11
01-09 22:18:52.144 3670 3670 D CarrierTextController: carrierTextForSimState(3)-(order: 0) : airtel
01-09 22:18:52.144 3670 3670 D CarrierTextController: setText : airtel
01-09 22:18:52.144 3670 3670 D CarrierTextController: carrierTextForSimState(3)-(order: 0) : airtel
01-09 22:18:52.144 3670 3670 D CarrierTextController: setText : airtel
01-09 22:18:52.144 3670 3670 D CarrierTextController: carrierTextForSimState(3)-(order: 0) : airtel
01-09 22:18:52.144 3670 3670 D CarrierTextController: setText : airtel
01-09 22:18:52.144 3670 3670 D FaceWidgetPagesController: onRefreshCarrierInfo()
01-09 22:18:52.144 3670 3670 D FaceWidgetClockRoamManager: isNetworkRoamingState id=3
01-09 22:18:52.144 3670 3670 D FaceWidgetClockRoamManager: isNetworkRoamingState false
01-09 22:18:52.144 3670 3670 D FaceWidgetClockRoamManager: onRefreshCarrierInfo(pre, now): false, false
01-09 22:18:52.144 3670 3670 D FaceWidgetClockPage: onRefreshCarrierInfo : isChanged false mIsRoaming false
01-09 22:18:52.144 3797 4669 I EPDG -- SIM0 [EpdgSubScription]: Wifi connected: true, Ssid changed: false
01-09 22:18:52.144 3797 4669 I EPDG -- SIM0 [EpdgSubScription]: mWifiRssiA :-70 mWifiRssiB:-80 mWifiRssiC:0 mWifiRssiRoveInWifiOnly:0 mWifiRssiRoveOutWifiOnly:0 mWifiRssiRoveInVoice:0 mLteRsrp1:-110 mLteRsrp2:0 mLteRsrp3:-105 mNrRsrp1:0 mNrRsrp2:0 mNrRsrp3:0
01-09 22:18:52.144 3797 4669 I EPDG -- SIM0 [EpdgSubScription]: TimerStatus :
01-09 22:18:52.144 3670 3670 D ShadeCarrierGroup: handleUpdateCarrierInfo [airtel] isLatin=false
01-09 22:18:52.144 3797 4669 I EPDG -- SIM0 [EpdgSubScription]: retryL2WHandoverIfRequired(): apnType: ims networkType: 11
01-09 22:18:52.144 3797 4669 I EPDG -- SIM0 [UTILS]: isAlwaysOnApn(): result is: true
01-09 22:18:52.144 3797 4669 I EPDG -- SIM0 [EpdgSubScription]: getIsAirplaneMode: returning: false
01-09 22:18:52.144 4039 4530 I PdnController: getDefaultNetworkBearer: WIFI
01-09 22:18:52.144 4039 4530 I RegiMgr-Utils<0>: getAvailableMobileNetwork: network=13 mobileDataType=13 => rat=13
01-09 22:18:52.144 4039 4530 I PdnController<0>: isNetworkAvailable: isEpdgConnected=false getDataNetworkType()=13
01-09 22:18:52.144 3797 4669 I EPDG -- SIM0 [IfomTable]: checkIsRuleforApn: appStr is: idle apnType is: ims
01-09 22:18:52.145 13492 13492 I SAMSUNGWALLET: [CommonNetworkUtil] mcc - 404
01-09 22:18:52.145 13492 13492 I SAMSUNGWALLET: [SpayBroadcastReceiver] mCurrentUiccId: 8991922305946154416, previousUiccId: 8991922305946154416
01-09 22:18:52.145 3797 4669 I EPDG -- SIM0 [SMARTCELLULAR]: LTE Available: true
01-09 22:18:52.145 13492 13492 I SAMSUNGWALLET: [SpayBroadcastReceiver] mCurrentNetworkMcc: 404, previousNetworkMcc: 404
01-09 22:18:52.145 3797 4669 I EPDG -- SIM0 [EpdgSubScription]: volteSetting(true) for VOICECALL_TYPE_KEY: voicecall_type
01-09 22:18:52.145 3797 4669 I EPDG -- SIM0 [PolicyMgr]: [HO_OPTIMIZATION]isMapconResultToWifi: LTE (true) VoWIFI (true) call (idle) roaming (false) VoLTE (true) voice rat (13) data rat (13) result (false)
01-09 22:18:52.146 3797 4669 I EPDG -- SIM0 [SMARTCELLULAR]: LTE Available: true
01-09 22:18:52.146 3797 4669 I EPDG -- SIM0 [EpdgSubScription]: It is false that CpThresholdCondition for handover
01-09 22:18:52.146 3797 4669 I EPDG -- SIM0 [PolicyMgr]: isMapconResultToWifi: ims,idle result=false
01-09 22:18:52.146 3797 4669 I EPDG -- SIM0 [PolicyMgr]: [HO_OPTIMIZATION]isL2WRecommended(): result is: false
01-09 22:18:52.146 3797 4669 I EPDG -- SIM0 [EpdgSubScription]: L2W is not recommended
01-09 22:18:52.146 3670 3670 W View : requestLayout() improperly called by android.widget.FrameLayout{3ec886a V.E...... ......ID 0,138-1080,2205 #7f0a084c app:id/qs_frame} during layout: running second layout pass
01-09 22:18:52.147 4039 4530 I RegiMgr-Utils<0>: findBestNetwork: LTE
01-09 22:18:52.147 4039 4530 I RegiGvnBase<0>: isReadyToDualRegister: slot 1's call state: 0
01-09 22:18:52.147 4039 4530 I RegiGvnBase<0>: isReadyToDualRegister : true
01-09 22:18:52.147 2400 3378 D ConnectivityService: Setting MTU size: rmnet_data0, 1500
01-09 22:18:52.148 2400 3378 D ConnectivityService: Adding Route [100.105.80.96/28 -> 0.0.0.0 rmnet_data0 mtu 0] to network 110
01-09 22:18:52.148 4039 4530 I RegiMgr<0>: [AIRTEL VoLTE|CONNECTING] checkInitialRegistrationIsReady: APM ON [false], Roamimg [false]
01-09 22:18:52.148 4039 4530 I RcsPolicyMgr<0>: pendingRcsRegister: mActiveDataPhoneId = 0
01-09 22:18:52.148 4039 4530 I ImsProfile: isRttSupportByCallApp : false ttyType : 1
01-09 22:18:52.148 4039 4530 I RegiMgr-Utils<0>: getPriorityRegiedTask : isPriority High? true
01-09 22:18:52.148 4039 4530 I RegiGvnBase: checkRegiStatus: getState()=CONNECTING mIsUpdateRegistering=false
01-09 22:18:52.148 4039 4530 I RegiMgr<0>: getTelephonyCallStatus:
01-09 22:18:52.148 3642 4721 D PhoneInterfaceManager: setDataEnabledForReason() Reason=1 Pid=2400 App=system
01-09 22:18:52.148 3797 4669 I EPDG -- SIM0 [ThrottleController]: isThrottleTimerRunning: apnType: ims. result: false
01-09 22:18:52.148 3797 4669 I EPDG -- SIM0 [PolicyMgr]: getApnRatPolicy: default,idle only LTE is allowed RAT
01-09 22:18:52.148 3797 4669 I EPDG -- SIM0 [PolicyMgr]: getApnRatPolicy: default,idle result=LTE
01-09 22:18:52.148 3797 4669 I EPDG -- SIM0 [PolicyMgr]: getApnRatPolicy: mms,idle only LTE is allowed RAT
01-09 22:18:52.148 3797 4669 I EPDG -- SIM0 [PolicyMgr]: getApnRatPolicy: mms,idle result=LTE
01-09 22:18:52.148 3797 4669 I EPDG -- SIM0 [PolicyMgr]: getApnRatPolicy: supl,idle only LTE is allowed RAT
01-09 22:18:52.148 3797 4669 I EPDG -- SIM0 [PolicyMgr]: getApnRatPolicy: supl,idle result=LTE
01-09 22:18:52.148 3797 4669 I EPDG -- SIM0 [PolicyMgr]: getApnRatPolicy: dun,idle only LTE is allowed RAT
01-09 22:18:52.148 3797 4669 I EPDG -- SIM0 [PolicyMgr]: getApnRatPolicy: dun,idle result=LTE
01-09 22:18:52.148 3797 4669 I EPDG -- SIM0 [PolicyMgr]: getApnRatPolicy: hipri,idle only LTE is allowed RAT
01-09 22:18:52.148 3797 4669 I EPDG -- SIM0 [PolicyMgr]: getApnRatPolicy: hipri,idle result=LTE
01-09 22:18:52.148 3797 4669 I EPDG -- SIM0 [PolicyMgr]: getApnRatPolicy: fota,idle only LTE is allowed RAT
01-09 22:18:52.148 3797 4669 I EPDG -- SIM0 [PolicyMgr]: getApnRatPolicy: fota,idle result=LTE
01-09 22:18:52.148 3797 4669 I EPDG -- SIM0 [EpdgSubScription]: getIsAirplaneMode: returning: false
01-09 22:18:52.148 3797 4669 I EPDG -- SIM0 [IfomTable]: checkIsRuleforApn: appStr is: idle apnType is: ims
01-09 22:18:52.148 3797 4669 I EPDG -- SIM0 [PolicyMgr]: getApnRatPolicy: ims,idle should go to LTE
01-09 22:18:52.148 3797 4669 I EPDG -- SIM0 [PolicyMgr]: getApnRatPolicy: ims,idle result=LTE:IWLAN
01-09 22:18:52.148 3797 4669 I EPDG -- SIM0 [EpdgSubScription]: getIsAirplaneMode: returning: false
01-09 22:18:52.148 3797 4669 I EPDG -- SIM0 [SMARTCELLULAR]: LTE Available: true
01-09 22:18:52.149 3797 4669 I EPDG -- SIM0 [EpdgSubScription]: isPdnConnectedOverWifi: returning result: false for apnType: ims
01-09 22:18:52.149 3642 3642 I Telephony: TelecomAccountRegistry$TelecomAccountTelephonyCallback: onServiceStateChanged: newState=0, mServiceState=0
01-09 22:18:52.149 3797 4669 I EPDG -- SIM0 [SMARTCELLULAR]: LTE Available: true
01-09 22:18:52.149 3797 4669 I EPDG -- SIM0 [EpdgRatDeterminator]: isW2LRecommended: epdg available:true, LteAvailable:true
01-09 22:18:52.149 3797 4669 I EPDG -- SIM0 [SMARTCELLULAR]: LTE Available: true
01-09 22:18:52.149 3797 4669 I EPDG -- SIM0 [EpdgImsListener]: getVoWifiSessionConnected: CALL: idle IPME: false result: false
01-09 22:18:52.149 3797 4669 I EPDG -- SIM0 [EpdgRatDeterminator]: isW2LRecommended: ims,LTE:IWLAN => LTE
01-09 22:18:52.149 3797 4669 I EPDG -- SIM0 [PolicyMgr]: getApnRatPolicy: cbs,idle only LTE is allowed RAT
01-09 22:18:52.149 3797 4669 I EPDG -- SIM0 [PolicyMgr]: getApnRatPolicy: cbs,idle result=LTE
01-09 22:18:52.149 3797 4669 I EPDG -- SIM0 [PolicyMgr]: getApnRatPolicy: ia,idle only LTE is allowed RAT
01-09 22:18:52.149 3797 4669 I EPDG -- SIM0 [PolicyMgr]: getApnRatPolicy: ia,idle result=LTE
01-09 22:18:52.149 3797 4669 I EPDG -- SIM0 [PolicyMgr]: getApnRatPolicy: emergency,idle only LTE is allowed RAT
01-09 22:18:52.149 3797 4669 I EPDG -- SIM0 [PolicyMgr]: getApnRatPolicy: emergency,idle result=LTE
01-09 22:18:52.149 3797 4669 I EPDG -- SIM0 [PolicyMgr]: getApnRatPolicy: mcx,idle only LTE is allowed RAT
01-09 22:18:52.149 3797 4669 I EPDG -- SIM0 [PolicyMgr]: getApnRatPolicy: mcx,idle result=LTE
01-09 22:18:52.149 3797 4669 I EPDG -- SIM0 [PolicyMgr]: getApnRatPolicy: xcap,idle only LTE is allowed RAT
01-09 22:18:52.149 3797 4669 I EPDG -- SIM0 [PolicyMgr]: getApnRatPolicy: xcap,idle result=LTE
01-09 22:18:52.149 3797 4669 I EPDG -- SIM0 [EpdgSubScription]: getHandoverEnableSetting: true
01-09 22:18:52.149 3642 3642 I Telephony: TelecomAccountRegistry$AccountEntry: isRttCurrentlySupported -- regular acct,, hasVoiceAvailability: false, isRttSupported: false, alwaysAllowWhileRoaming: false, isRoaming: false, isOnWfc: false
01-09 22:18:52.150 4039 4530 I RegiGvnBase: getVoiceTechType: VOLTE
01-09 22:18:52.150 3642 3642 D Telephony: SamsungTuiAsyncSendExtras: SamsungTuiAsyncSendExtras[onPreExecute] method: data_state_changed
01-09 22:18:52.150 4039 4530 I RcsPolicyMgr<0>: pendingRcsRegister: mActiveDataPhoneId = 0
01-09 22:18:52.150 4039 4530 I RcsUtils: isDualRcsReg: true
01-09 22:18:52.150 4039 4530 I RegisterTask: isSuspended: mSuspended(false) mSuspendByIrat(false)
01-09 22:18:52.150 3797 4669 I EPDG -- SIM0 [UTILS]: getSubIdFromSpecifier() : specifier null
01-09 22:18:52.150 3797 4669 I EPDG -- SIM0 [UTILS]: getSubIdFromSpecifier() : return : 3
01-09 22:18:52.150 3797 4669 I EPDG -- SIM0 [UTILS]: getNetworkForType: subIdFromSpecifier: 3
01-09 22:18:52.150 3642 1886 D Telephony: SamsungTuiAsyncSendExtras: SamsungTuiAsyncSendExtras[doInBackground] method: data_state_changed
01-09 22:18:52.150 4039 4530 I RegiMgr<0>: [AIRTEL India RCS|IDLE] checkForTryRegister id: 738
01-09 22:18:52.150 4039 4530 I RegiMgr : isPdnConnected: false, PdnType: 0
01-09 22:18:52.150 3797 4669 I EPDG -- SIM0 [UTILS]: getSubIdFromSpecifier() : return : 3
