01-09 22:18:52.071 3797 4669 I EPDG -- SIM0 [UTILS]: getSubIdFromSpecifier() : specifier null
01-09 22:18:52.071 3797 4669 I EPDG -- SIM0 [UTILS]: getSubIdFromSpecifier() : return : 3
01-09 22:18:52.071 3797 4669 I EPDG -- SIM0 [UTILS]: getNetworkForType: subIdFromSpecifier: 3
01-09 22:18:52.071 2040 2638 E rild : Could not close FD 436: Bad file descriptor
01-09 22:18:52.071 3797 4669 I EPDG -- SIM0 [UTILS]: getSubIdFromSpecifier() : return : 3
01-09 22:18:52.071 3797 4669 I EPDG -- SIM0 [UTILS]: getNetworkForType: subIdFromSpecifier: 3
01-09 22:18:52.071 3797 4669 I EPDG -- SIM0 [UTILS]: getNetworkForType: returning Network for type: 11
01-09 22:18:52.072 3797 4669 I EPDG -- SIM0 [UTILS]: getNetworkInfo: returning networkInfo [type: MOBILE[IWLAN], state: CONNECTING/CONNECTING, reason: (unspecified), extra: IMS, failover: false, available: true, roaming: false]
01-09 22:18:52.072 3797 4669 I EPDG -- SIM0 [EpdgSubScription]: notifyQualifiedNetworksChange to telephony
01-09 22:18:52.072 3797 4669 I EPDG -- SIM0 [EpdgContentObserver]: DB changed : content://mapconprovider/mapcon/mapcontable
01-09 22:18:52.072 3797 4669 I EPDG -- SIM0 [IPSECDATACONNSM][0]: InactiveState[ ] Event: WIFI_STATUS_CHANGED
01-09 22:18:52.072 3797 4669 I EPDG -- SIM0 [IPSECDATACONNSM][1]: InitialConnectingState[i] Event: WIFI_STATUS_CHANGED
01-09 22:18:52.072 3797 5807 I EPDG -- [MAPCON]: createMapconTable : AIRTEL_IN
01-09 22:18:52.072 3797 4669 I EPDG -- SIM0 [IPSECDATACONNSM][2]: InactiveState[ ] Event: WIFI_STATUS_CHANGED
01-09 22:18:52.072 3797 4669 I EPDG -- SIM0 [IPSECDATACONNSM][3]: InactiveState[ ] Event: WIFI_STATUS_CHANGED
01-09 22:18:52.072 3797 4669 I EPDG -- SIM0 [IPSECDATACONNSM][4]: InactiveState[ ] Event: WIFI_STATUS_CHANGED
01-09 22:18:52.072 3797 4669 I EPDG -- SIM0 [IPSECDATACONNSM][5]: InactiveState[ ] Event: WIFI_STATUS_CHANGED
01-09 22:18:52.072 3797 4669 I EPDG -- SIM0 [IPSECDATACONNSM][6]: InactiveState[ ] Event: WIFI_STATUS_CHANGED
01-09 22:18:52.072 3797 4669 I EPDG -- SIM0 [IPSECDATACONNSM][7]: InactiveState[ ] Event: WIFI_STATUS_CHANGED
01-09 22:18:52.072 3797 4669 I EPDG -- SIM0 [IPSECDATACONNSM][8]: InactiveState[ ] Event: WIFI_STATUS_CHANGED
01-09 22:18:52.072 3797 4669 I EPDG -- SIM0 [IPSECDATACONNSM][9]: InactiveState[ ] Event: WIFI_STATUS_CHANGED
01-09 22:18:52.072 3797 4669 I EPDG -- SIM0 [IPSECDATACONNSM][10]: InactiveState[ ] Event: WIFI_STATUS_CHANGED
01-09 22:18:52.072 3797 4669 I EPDG -- SIM0 [IPSECDATACONNSM][11]: InactiveState[ ] Event: WIFI_STATUS_CHANGED
01-09 22:18:52.072 3797 4669 I EPDG -- SIM0 [IPSECDATACONNSM][12]: InactiveState[ ] Event: WIFI_STATUS_CHANGED
01-09 22:18:52.072 3797 4669 I EPDG -- SIM0 [IPSECDATACONNSM][13]: InactiveState[ ] Event: WIFI_STATUS_CHANGED
01-09 22:18:52.072 3797 4669 I EPDG -- SIM0 [IPSECDATACONNSM][14]: InactiveState[ ] Event: WIFI_STATUS_CHANGED
01-09 22:18:52.072 3797 4669 I EPDG -- SIM0 [IPSECDATACONNSM][15]: InactiveState[ ] Event: WIFI_STATUS_CHANGED
01-09 22:18:52.072 3797 4669 I EPDG -- SIM0 [IPSECDATACONNSM][16]: InactiveState[ ] Event: WIFI_STATUS_CHANGED
01-09 22:18:52.072 3797 4669 I EPDG -- SIM0 [IPSECDATACONNSM][17]: InactiveState[ ] Event: WIFI_STATUS_CHANGED
01-09 22:18:52.072 3797 4669 I EPDG -- SIM0 [IPSECDATACONNSM][18]: InactiveState[ ] Event: WIFI_STATUS_CHANGED
01-09 22:18:52.072 3797 4669 I EPDG -- SIM0 [IPSECDATACONNSM][19]: InactiveState[ ] Event: WIFI_STATUS_CHANGED
01-09 22:18:52.072 3797 4669 I EPDG -- SIM0 [IPSECDATACONNSM][20]: InactiveState[ ] Event: WIFI_STATUS_CHANGED
01-09 22:18:52.072 3797 4669 I EPDG -- SIM0 [IPSECDATACONNSM][21]: InactiveState[ ] Event: WIFI_STATUS_CHANGED
01-09 22:18:52.072 3797 4669 I EPDG -- SIM0 [IPSECDATACONNSM][22]: InactiveState[ ] Event: WIFI_STATUS_CHANGED
01-09 22:18:52.072 3797 4669 I EPDG -- SIM0 [IPSECDATACONNSM][23]: InactiveState[ ] Event: WIFI_STATUS_CHANGED
01-09 22:18:52.072 3797 4669 I EPDG -- SIM0 [IPSECDATACONNSM][24]: InactiveState[ ] Event: WIFI_STATUS_CHANGED
01-09 22:18:52.072 3797 4669 I EPDG -- SIM0 [IPSECDATACONNSM][25]: InactiveState[ ] Event: WIFI_STATUS_CHANGED
01-09 22:18:52.072 3797 4669 I EPDG -- SIM0 [IPSECDATACONNSM][26]: InactiveState[ ] Event: WIFI_STATUS_CHANGED
01-09 22:18:52.072 3797 4669 I EPDG -- SIM0 [IPSECDATACONNSM][27]: InactiveState[ ] Event: WIFI_STATUS_CHANGED
01-09 22:18:52.072 3797 4669 I EPDG -- SIM0 [IPSECDATACONNSM][28]: InactiveState[ ] Event: WIFI_STATUS_CHANGED
01-09 22:18:52.072 3797 4669 I EPDG -- SIM0 [IPSECDATACONNSM][29]: InactiveState[ ] Event: WIFI_STATUS_CHANGED
01-09 22:18:52.074 3797 5807 I EPDG -- SIM0 [MapconTable]: apnType: ims rat: LTE
01-09 22:18:52.074 3797 5807 I EPDG -- SIM0 [MapconTable]: apnType: ims rat: IWLAN
01-09 22:18:52.074 3797 5807 I EPDG -- SIM0 [MapconTable]: apnType: mms rat: LTE
01-09 22:18:52.074 3797 5807 I EPDG -- SIM0 [MapconTable]: apnType: xcap rat: LTE
01-09 22:18:52.074 3797 5807 I EPDG -- SIM0 [MapconTable]: apnType: cbs rat: LTE
01-09 22:18:52.074 3797 5807 I EPDG -- SIM0 [MapconTable]: apnType: emergency rat: LTE
01-09 22:18:52.075 3797 5807 I EPDG -- SIM0 [MapconTable]: apnType: default rat: LTE
01-09 22:18:52.075 3797 5807 I EPDG -- SIM0 [MapconTable]: apnType: hipri rat: LTE
01-09 22:18:52.075 3797 5807 I EPDG -- SIM0 [MapconTable]: apnType: supl rat: LTE
01-09 22:18:52.075 3797 5807 I EPDG -- SIM0 [MapconTable]: apnType: dun rat: LTE
01-09 22:18:52.075 3122 3127 E multiclientd: Passing -1 file descriptor as non-@nullable AIDL ParcelFileDescriptor
01-09 22:18:52.075 2040 2638 E rild : Could not close FD 436: Bad file descriptor
01-09 22:18:52.075 3797 4669 I EPDG -- SIM0 [EpdgHandler]: Event received: MAPCON_CHANGED cid - 0
01-09 22:18:52.076 3797 4669 I EPDG -- SIM0 [UTILS]: getSubIdFromSpecifier() : specifier null
01-09 22:18:52.076 3797 4669 I EPDG -- SIM0 [UTILS]: getSubIdFromSpecifier() : return : 3
01-09 22:18:52.076 3797 4669 I EPDG -- SIM0 [UTILS]: isWifiConnected: [type: WIFI[], state: CONNECTED/CONNECTED, reason: (unspecified), extra: , failover: false, available: true, roaming: false]
01-09 22:18:52.077 3797 4669 I EPDG -- SIM0 [EpdgSubScription]: set mapcon prop - default;L;mms;L;supl;L;dun;L;hipri;L;ims;L:W;cbs;L;emergency;L;xcap;L
01-09 22:18:52.077 3797 4669 I EPDG -- SIM0 [EPDG-->RIL]: EpdgMapconInfo: (64,)
01-09 22:18:52.077 3797 4669 I EPDG -- SIM0 [EPDG-->RIL]: New EpdgMapconInfo: (64,)
01-09 22:18:52.077 3797 4669 I EPDG -- SIM0 [IPCDISPATCHER]: [Tx]: Main: IPC_IIL_CMD Sub: IPC_IIL_EPDG_MAPCON Cmd Type: IPC_CMD_NOTI Param: 40 00 00 00 05 05 05 05 05 05 03 05 05 05 05 05
01-09 22:18:52.077 6164 6265 I eris : 08[KNL] interface rmnet_data0 activated
01-09 22:18:52.078 2103 2284 D LOWI-9.0.1.70: [LOWINetlinkSocketReceiver] unpackRTMLinkMessage: RTM_NEWLINK - ifname rmnet_data0, flags 0x10041 ([UP][RUNNING])
01-09 22:18:52.079 2035 2047 E IPACM : vendor/qcom/opensource/data-ipa-cfg-mgr/ipacm/src/IPACM_Netlink.cpp:708 ipa_nl_decode_nlmsg() Interface rmnet_data0 bring up with IP-family: 0
01-09 22:18:52.079 2035 2047 E IPACM : vendor/qcom/opensource/data-ipa-cfg-mgr/ipacm/src/IPACM_Netlink.cpp:712 ipa_nl_decode_nlmsg() Posting IPA_LINK_UP_EVENT with if index: 26
01-09 22:18:52.079 2035 2046 E IPACM : vendor/qcom/opensource/data-ipa-cfg-mgr/ipacm/src/IPACM_IfaceManager.cpp:111 event_callback() Recieved IPA_LINK_UP_EVENT event: link up 26:
01-09 22:18:52.079 2035 2046 E IPACM : vendor/qcom/opensource/data-ipa-cfg-mgr/ipacm/src/IPACM_IfaceManager.cpp:125 event_callback() WAN-LTE (rmnet_data0) link up, iface: 26:
01-09 22:18:52.079 2035 2046 E IPACM : vendor/qcom/opensource/data-ipa-cfg-mgr/ipacm/src/IPACM_IfaceManager.cpp:626 SearchInstance() No existed iface-instance name: rmnet_data0,
01-09 22:18:52.079 2035 2046 E IPACM : vendor/qcom/opensource/data-ipa-cfg-mgr/ipacm/src/IPACM_IfaceManager.cpp:448 create_iface_instance() Creating Wan interface
01-09 22:18:52.079 2035 2046 E IPACM : vendor/qcom/opensource/data-ipa-cfg-mgr/ipacm/src/IPACM_Iface.cpp:634 query_iface_property() iface name rmnet_data0
01-09 22:18:52.080 2035 2047 E IPACM : vendor/qcom/opensource/data-ipa-cfg-mgr/ipacm/src/IPACM_Netlink.cpp:878 ipa_nl_decode_nlmsg() IFA_ADDRESS:
01-09 22:18:52.080 2035 2047 E IPACM : vendor/qcom/opensource/data-ipa-cfg-mgr/ipacm/src/IPACM_Netlink.cpp:878 ipa_nl_decode_nlmsg() IPV6 Address fe80:0000:0000:0000:8043:83ff:feb6:93cf
01-09 22:18:52.080 1476 1651 I minksocket: MinkIPC MESSAGE: ( 1476:1651 ) MinkIPC_QRTR_Service:351 minkipc = 0xb400007afa4544f0 sock = 19, client with node 1 port 4541 went down
01-09 22:18:52.080 1476 1663 I minksocket: MinkIPC MESSAGE: ( 1476:1663 ) MinkIPC_QRTR_Service:351 minkipc = 0xb400007afa4523f0 sock = 34, client with node 1 port 4541 went down
01-09 22:18:52.080 6164 6271 I eris : 12[KNL] fe80::8043:83ff:feb6:93cf appeared on rmnet_data0
01-09 22:18:52.081 3797 4669 I EPDG -- SIM0 [ThrottleController]: isThrottleTimerRunning: apnType: ims. result: false
01-09 22:18:52.081 3797 4669 I EPDG -- SIM0 [PolicyMgr]: getApnRatPolicy: default,idle only LTE is allowed RAT
01-09 22:18:52.081 3797 4669 I EPDG -- SIM0 [PolicyMgr]: getApnRatPolicy: default,idle result=LTE
01-09 22:18:52.081 3797 4669 I EPDG -- SIM0 [PolicyMgr]: getApnRatPolicy: mms,idle only LTE is allowed RAT
01-09 22:18:52.081 2035 2047 E IPACM : vendor/qcom/opensource/data-ipa-cfg-mgr/ipacm/src/IPACM_Netlink.cpp:888 ipa_nl_decode_nlmsg() IFA_ADDRESS:
01-09 22:18:52.081 2035 2047 E IPACM : vendor/qcom/opensource/data-ipa-cfg-mgr/ipacm/src/IPACM_Netlink.cpp:888 ipa_nl_decode_nlmsg() IPV4 Address 100.105.80.103
01-09 22:18:52.082 2035 2047 E IPACM : vendor/qcom/opensource/data-ipa-cfg-mgr/ipacm/src/IPACM_Netlink.cpp:878 ipa_nl_decode_nlmsg() IFA_ADDRESS:
01-09 22:18:52.082 2035 2047 E IPACM : vendor/qcom/opensource/data-ipa-cfg-mgr/ipacm/src/IPACM_Netlink.cpp:878 ipa_nl_decode_nlmsg() IPV6 Address 2401:4900:57f3:f842:f0de:14d7:909b:eefa
01-09 22:18:52.082 1476 1663 I minksocket: MinkIPC MESSAGE: ( 1476:1663 ) MinkIPC_QRTR_Service:351 minkipc = 0xb400007afa4523f0 sock = 34, client with node 1 port 4542 went down
01-09 22:18:52.082 1476 1651 I minksocket: MinkIPC MESSAGE: ( 1476:1651 ) MinkIPC_QRTR_Service:351 minkipc = 0xb400007afa4544f0 sock = 19, client with node 1 port 4542 went down
01-09 22:18:52.082 2035 2047 E IPACM : vendor/qcom/opensource/data-ipa-cfg-mgr/ipacm/src/IPACM_Netlink.cpp:878 ipa_nl_decode_nlmsg() IFA_ADDRESS:
01-09 22:18:52.082 2035 2047 E IPACM : vendor/qcom/opensource/data-ipa-cfg-mgr/ipacm/src/IPACM_Netlink.cpp:878 ipa_nl_decode_nlmsg() IPV6 Address 2401:4900:57f3:f842:f0de:14d7:909b:eefa
01-09 22:18:52.082 2400 3159 D MotionEngine: [CALIBRATION] Calibration Secess(2)[-0.0023 0.0028 -0.0072]
01-09 22:18:52.082 6164 6260 I eris : 06[KNL] 100.105.80.103 appeared on rmnet_data0
01-09 22:18:52.083 1476 1663 I minksocket: MinkIPC MESSAGE: ( 1476:1663 ) MinkIPC_QRTR_Service:351 minkipc = 0xb400007afa4523f0 sock = 34, client with node 1 port 4543 went down
01-09 22:18:52.083 1476 1651 I minksocket: MinkIPC MESSAGE: ( 1476:1651 ) MinkIPC_QRTR_Service:351 minkipc = 0xb400007afa4544f0 sock = 19, client with node 1 port 4543 went down
01-09 22:18:52.083 3797 4669 I EPDG -- SIM0 [PolicyMgr]: getApnRatPolicy: mms,idle result=LTE
01-09 22:18:52.083 3797 5477 I EPDG -- : EpdgModemSender(): send
01-09 22:18:52.083 2103 2284 D LOWI-9.0.1.70: [LOWINetlinkSocketReceiver] unpackRTMLinkMessage: RTM_NEWLINK - ifname rmnet_data0, flags 0x10041 ([UP][RUNNING])
01-09 22:18:52.084 2103 2284 D LOWI-9.0.1.70: [LOWINetlinkSocketReceiver] unpackRTMLinkMessage: RTM_NEWLINK - ifname rmnet_data0, flags 0x10041 ([UP][RUNNING])
01-09 22:18:52.084 3797 3797 I EPDG -- SIM0 [EpdgInterfaceObserver]: Interface Number is 0
01-09 22:18:52.084 3797 3797 I EPDG -- SIM0 [EpdgInterfaceObserver]: Interface Number is 0
01-09 22:18:52.085 3797 3797 I EPDG -- SIM0 [EpdgIntfCont]: handleMessage msg : 1 cid : 1
01-09 22:18:52.085 3797 4669 I EPDG -- SIM0 [PolicyMgr]: getApnRatPolicy: supl,idle only LTE is allowed RAT
01-09 22:18:52.085 3797 4669 I EPDG -- SIM0 [PolicyMgr]: getApnRatPolicy: supl,idle result=LTE
01-09 22:18:52.085 3797 4669 I EPDG -- SIM0 [PolicyMgr]: getApnRatPolicy: dun,idle only LTE is allowed RAT
01-09 22:18:52.085 3797 4669 I EPDG -- SIM0 [PolicyMgr]: getApnRatPolicy: dun,idle result=LTE
01-09 22:18:52.085 3797 4669 I EPDG -- SIM0 [PolicyMgr]: getApnRatPolicy: hipri,idle only LTE is allowed RAT
01-09 22:18:52.085 3797 4669 I EPDG -- SIM0 [PolicyMgr]: getApnRatPolicy: hipri,idle result=LTE
01-09 22:18:52.085 3797 4669 I EPDG -- SIM0 [PolicyMgr]: getApnRatPolicy: fota,idle only LTE is allowed RAT
01-09 22:18:52.085 3797 4669 I EPDG -- SIM0 [PolicyMgr]: getApnRatPolicy: fota,idle result=LTE
01-09 22:18:52.085 3797 4669 I EPDG -- SIM0 [EpdgSubScription]: getIsAirplaneMode: returning: false
01-09 22:18:52.085 3797 4669 I EPDG -- SIM0 [IfomTable]: checkIsRuleforApn: appStr is: idle apnType is: ims
01-09 22:18:52.086 3797 4669 I EPDG -- SIM0 [PolicyMgr]: getApnRatPolicy: ims,idle should go to LTE
01-09 22:18:52.086 3797 4669 I EPDG -- SIM0 [PolicyMgr]: getApnRatPolicy: ims,idle result=LTE:IWLAN
01-09 22:18:52.086 3797 4669 I EPDG -- SIM0 [EpdgSubScription]: getIsAirplaneMode: returning: false
01-09 22:18:52.086 2035 2046 E IPACM : vendor/qcom/opensource/data-ipa-cfg-mgr/ipacm/src/IPACM_Iface.cpp:673 query_iface_property() Tx(0):attrib-mask:0x0, ip-type: 0, dst_pipe: 35, alt_dst_pipe: 0, header: dmux_hdr_v4_1
01-09 22:18:52.086 2035 2046 E IPACM : vendor/qcom/opensource/data-ipa-cfg-mgr/ipacm/src/IPACM_Iface.cpp:673 query_iface_property() Tx(1):attrib-mask:0x0, ip-type: 1, dst_pipe: 35, alt_dst_pipe: 0, header: dmux_hdr_v4_1
01-09 22:18:52.086 2035 2046 E IPACM : vendor/qcom/opensource/data-ipa-cfg-mgr/ipacm/src/IPACM_Iface.cpp:722 query_iface_property() Rx(0):attrib-mask:0x4000, ip-type: 0, src_pipe: 34
01-09 22:18:52.086 2035 2046 E IPACM : vendor/qcom/opensource/data-ipa-cfg-mgr/ipacm/src/IPACM_Iface.cpp:722 query_iface_property() Rx(1):attrib-mask:0x4000, ip-type: 1, src_pipe: 34
01-09 22:18:52.086 2035 2046 E IPACM : vendor/qcom/opensource/data-ipa-cfg-mgr/ipacm/src/IPACM_Iface.cpp:123 IPACM_Iface() create iface-index(3) constructor
01-09 22:18:52.086 2035 2046 E IPACM : vendor/qcom/opensource/data-ipa-cfg-mgr/ipacm/src/IPACM_Wan.cpp:156 IPACM_Wan() IPACM->IPACM_Wan(3) constructor: Tx:2
01-09 22:18:52.086 2035 2046 E IPACM : vendor/qcom/opensource/data-ipa-cfg-mgr/ipacm/src/IPACM_Wan.cpp:212 IPACM_Wan() send WAN_IOC_GET_WAN_MTU for rmnet_data0
01-09 22:18:52.086 2035 2046 E IPACM : vendor/qcom/opensource/data-ipa-cfg-mgr/ipacm/src/IPACM_Wan.cpp:244 IPACM_Wan() index:3 constructor: Tx properties:2
01-09 22:18:52.086 2035 2046 E IPACM : vendor/qcom/opensource/data-ipa-cfg-mgr/ipacm/src/IPACM_Wan.cpp:5123 query_ext_prop() iface query-property
01-09 22:18:52.086 2035 2046 E IPACM : vendor/qcom/opensource/data-ipa-cfg-mgr/ipacm/src/IPACM_Wan.cpp:5142 query_ext_prop() Query extended property for iface rmnet_data0
01-09 22:18:52.086 2035 2046 E IPACM : vendor/qcom/opensource/data-ipa-cfg-mgr/ipacm/src/IPACM_Wan.cpp:5155 query_ext_prop() Wan interface has 2 tx props, 2 rx props and 9 ext props
01-09 22:18:52.086 2035 2046 E IPACM : vendor/qcom/opensource/data-ipa-cfg-mgr/ipacm/src/IPACM_Wan.cpp:5169 query_ext_prop() Ex(0): ip-type: 0, mux_id: 1, flt_action: 3
01-09 22:18:52.086 2035 2046 E IPACM : , rt_tbl_idx: 3, is_xlat_rule: 1 rule_id: 521
01-09 22:18:52.086 2035 2046 E IPACM : vendor/qcom/opensource/data-ipa-cfg-mgr/ipacm/src/IPACM_Wan.cpp:5169 query_ext_prop() Ex(1): ip-type: 0, mux_id: 1, flt_action: 0
01-09 22:18:52.086 2035 2046 E IPACM : , rt_tbl_idx: 4, is_xlat_rule: 1 rule_id: 524
01-09 22:18:52.086 2035 2046 E IPACM : vendor/qcom/opensource/data-ipa-cfg-mgr/ipacm/src/IPACM_Wan.cpp:5169 query_ext_prop() Ex(2): ip-type: 0, mux_id: 1, flt_action: 0
01-09 22:18:52.086 2035 2046 E IPACM : , rt_tbl_idx: 2, is_xlat_rule: 0 rule_id: 533
01-09 22:18:52.086 2035 2046 E IPACM : vendor/qcom/opensource/data-ipa-cfg-mgr/ipacm/src/IPACM_Wan.cpp:5169 query_ext_prop() Ex(3): ip-type: 0, mux_id: 1, flt_action: 0
01-09 22:18:52.086 2035 2046 E IPACM : , rt_tbl_idx: 1, is_xlat_rule: 0 rule_id: 534
01-09 22:18:52.086 2035 2046 E IPACM : vendor/qcom/opensource/data-ipa-cfg-mgr/ipacm/src/IPACM_Wan.cpp:5169 query_ext_prop() Ex(4): ip-type: 1, mux_id: 1, flt_action: 3
01-09 22:18:52.086 2035 2046 E IPACM : , rt_tbl_idx: 3, is_xlat_rule: 0 rule_id: 540
01-09 22:18:52.086 2035 2046 E IPACM : vendor/qcom/opensource/data-ipa-cfg-mgr/ipacm/src/IPACM_Wan.cpp:5169 query_ext_prop() Ex(5): ip-type: 1, mux_id: 1, flt_action: 3
01-09 22:18:52.086 2035 2046 E IPACM : , rt_tbl_idx: 3, is_xlat_rule: 0 rule_id: 541
01-09 22:18:52.086 2035 2046 E IPACM : vendor/qcom/opensource/data-ipa-cfg-mgr/ipacm/src/IPACM_Wan.cpp:5169 query_ext_prop() Ex(6): ip-type: 1, mux_id: 1, flt_action: 3
01-09 22:18:52.086 2035 2046 E IPACM : , rt_tbl_idx: 3, is_xlat_rule: 0 rule_id: 542
01-09 22:18:52.086 2035 2046 E IPACM : vendor/qcom/opensource/data-ipa-cfg-mgr/ipacm/src/IPACM_Wan.cpp:5169 query_ext_prop() Ex(7): ip-type: 1, mux_id: 1, flt_action: 0
01-09 22:18:52.086 2035 2046 E IPACM : , rt_tbl_idx: 2, is_xlat_rule: 0 rule_id: 548
01-09 22:18:52.086 2035 2046 E IPACM : vendor/qcom/opensource/data-ipa-cfg-mgr/ipacm/src/IPACM_Wan.cpp:5169 query_ext_prop() Ex(8): ip-type: 1, mux_id: 1, flt_action: 0
01-09 22:18:52.086 2035 2046 E IPACM : , rt_tbl_idx: 1, is_xlat_rule: 0 rule_id: 549
01-09 22:18:52.086 2035 2046 E IPACM : vendor/qcom/opensource/data-ipa-cfg-mgr/ipacm/src/IPACM_Wan.cpp:258 IPACM_Wan() The new WAN interface is modem.
01-09 22:18:52.086 2035 2046 E IPACM : vendor/qcom/opensource/data-ipa-cfg-mgr/ipacm/src/IPACM_IfaceManager.cpp:513 create_iface_instance() ipa_WAN (rmnet_data0):ipa_index (3) instance open/registr ok
01-09 22:18:52.086 3797 4669 I EPDG -- SIM0 [SMARTCELLULAR]: LTE Available: true
01-09 22:18:52.086 2035 2046 E IPACM : vendor/qcom/opensource/data-ipa-cfg-mgr/ipacm/src/IPACM_Iface.cpp:510 iface_addr_query() Interface index 26
01-09 22:18:52.086 2035 2046 E IPACM : vendor/qcom/opensource/data-ipa-cfg-mgr/ipacm/src/IPACM_Iface.cpp:518 iface_addr_query() Interface index 26 name: rmnet_data0
01-09 22:18:52.086 3797 4669 I EPDG -- SIM0 [EpdgSubScription]: isPdnConnectedOverWifi: returning result: false for apnType: ims
01-09 22:18:52.086 3797 4669 I EPDG -- SIM0 [SMARTCELLULAR]: LTE Available: true
01-09 22:18:52.086 3797 4669 I EPDG -- SIM0 [EpdgRatDeterminator]: isW2LRecommended: epdg available:true, LteAvailable:true
01-09 22:18:52.086 2035 2046 E IPACM : vendor/qcom/opensource/data-ipa-cfg-mgr/ipacm/src/IPACM_Iface.cpp:537 iface_addr_query() Internal post new_addr event for iface rmnet_data0
01-09 22:18:52.086 2035 2046 E IPACM : vendor/qcom/opensource/data-ipa-cfg-mgr/ipacm/src/IPACM_Iface.cpp:595 iface_addr_query() Posting IPA_ADDR_ADD_EVENT with if index:26, if name:rmnet_data0, ipv6 addr:0xfe800000:0:804383ff:feb693cf
01-09 22:18:52.086 2035 2046 E IPACM : vendor/qcom/opensource/data-ipa-cfg-mgr/ipacm/src/IPACM_Iface.cpp:537 iface_addr_query() Internal post new_addr event for iface rmnet_data0
01-09 22:18:52.086 2035 2046 E IPACM : vendor/qcom/opensource/data-ipa-cfg-mgr/ipacm/src/IPACM_Iface.cpp:595 iface_addr_query() Posting IPA_ADDR_ADD_EVENT with if index:26, if name:rmnet_data0, ipv6 addr:0x24014900:57f3f842:f0de14d7:909beefa
01-09 22:18:52.086 2035 2046 E IPACM : vendor/qcom/opensource/data-ipa-cfg-mgr/ipacm/src/IPACM_Iface.cpp:537 iface_addr_query() Internal post new_addr event for iface rmnet_data0
01-09 22:18:52.086 2035 2046 E IPACM : vendor/qcom/opensource/data-ipa-cfg-mgr/ipacm/src/IPACM_Iface.cpp:543 iface_addr_query() ipv4 address 100.105.80.103
01-09 22:18:52.086 2035 2046 E IPACM : vendor/qcom/opensource/data-ipa-cfg-mgr/ipacm/src/IPACM_Iface.cpp:562 iface_addr_query() Posting IPA_ADDR_ADD_EVENT with if index:26, if name:rmnet_data0, ipv4 addr:0x64695067
01-09 22:18:52.086 2035 2046 E IPACM : vendor/qcom/opensource/data-ipa-cfg-mgr/ipacm/src/IPACM_Wan.cpp:1753 event_callback() Get IPA_ADDR_ADD_EVENT: IF ip type 255, incoming ip type 1
01-09 22:18:52.086 2035 2046 E IPACM : vendor/qcom/opensource/data-ipa-cfg-mgr/ipacm/src/IPACM_Wan.cpp:1769 event_callback() Got handle_addr_evt ip-family:1, v6 num 0:
01-09 22:18:52.086 2035 2046 E IPACM : vendor/qcom/opensource/data-ipa-cfg-mgr/ipacm/src/IPACM_Iface.cpp:1127 config_ip_type() interface(rmnet_data0:3) now ip-type is 1
01-09 22:18:52.086 2035 2046 E IPACM : vendor/qcom/opensource/data-ipa-cfg-mgr/ipacm/src/IPACM_Iface.cpp:1171 is_global_ipv6_addr() Get ipv6 address with first word 0xfe800000.
01-09 22:18:52.086 2035 2046 E IPACM : vendor/qcom/opensource/data-ipa-cfg-mgr/ipacm/src/IPACM_Iface.cpp:1175 is_global_ipv6_addr() This IPv6 address is link local.
01-09 22:18:52.086 3797 4669 I EPDG -- SIM0 [SMARTCELLULAR]: LTE Available: true
01-09 22:18:52.086 3797 4669 I EPDG -- SIM0 [EpdgImsListener]: getVoWifiSessionConnected: CALL: idle IPME: false result: false
01-09 22:18:52.086 3797 4669 I EPDG -- SIM0 [EpdgRatDeterminator]: isW2LRecommended: ims,LTE:IWLAN => LTE
01-09 22:18:52.086 3797 4669 I EPDG -- SIM0 [PolicyMgr]: getApnRatPolicy: cbs,idle only LTE is allowed RAT
01-09 22:18:52.086 3797 4669 I EPDG -- SIM0 [PolicyMgr]: getApnRatPolicy: cbs,idle result=LTE
01-09 22:18:52.086 3797 4669 I EPDG -- SIM0 [PolicyMgr]: getApnRatPolicy: ia,idle only LTE is allowed RAT
01-09 22:18:52.086 3797 4669 I EPDG -- SIM0 [PolicyMgr]: getApnRatPolicy: ia,idle result=LTE
01-09 22:18:52.086 3797 4669 I EPDG -- SIM0 [PolicyMgr]: getApnRatPolicy: emergency,idle only LTE is allowed RAT
01-09 22:18:52.086 3797 4669 I EPDG -- SIM0 [PolicyMgr]: getApnRatPolicy: emergency,idle result=LTE
01-09 22:18:52.086 3797 4669 I EPDG -- SIM0 [PolicyMgr]: getApnRatPolicy: mcx,idle only LTE is allowed RAT
01-09 22:18:52.086 3797 4669 I EPDG -- SIM0 [PolicyMgr]: getApnRatPolicy: mcx,idle result=LTE
01-09 22:18:52.086 3797 4669 I EPDG -- SIM0 [PolicyMgr]: getApnRatPolicy: xcap,idle only LTE is allowed RAT
01-09 22:18:52.086 3797 4669 I EPDG -- SIM0 [PolicyMgr]: getApnRatPolicy: xcap,idle result=LTE
01-09 22:18:52.086 3797 4669 I EPDG -- SIM0 [EpdgSubScription]: getHandoverEnableSetting: true
01-09 22:18:52.086 3797 3797 I EPDG -- SIM0 [EpdgIntfCont]: new EpdgInterface :rmnet_data0
01-09 22:18:52.087 3797 3797 I EPDG -- SIM0 [EpdgIntfCont]: ignore interface up events
01-09 22:18:52.087 3797 3797 I EPDG -- SIM0 [EpdgInterfaceObserver]: Interface Number is 0
01-09 22:18:52.087 3797 3797 I EPDG -- SIM0 [EpdgInterfaceObserver]: Interface Number is 0
01-09 22:18:52.087 3797 3797 I EPDG -- SIM0 [EpdgInterfaceObserver]: Interface Number is 0
01-09 22:18:52.087 3797 3797 I EPDG -- SIM0 [EpdgInterfaceObserver]: Interface Number is 0
01-09 22:18:52.087 3797 3797 I EPDG -- SIM0 [EpdgInterfaceObserver]: Interface Number is 0
01-09 22:18:52.087 3797 3797 I EPDG -- SIM0 [EpdgIntfCont]: handleMessage msg : 2 cid : 1
01-09 22:18:52.087 3797 3797 I EPDG -- SIM0 [EpdgIntfCont]: new EpdgInterface :rmnet_data0
01-09 22:18:52.087 3797 3797 I EPDG -- SIM0 [EpdgIntfCont]: ifaceAddr : fe80::8043:83ff:feb6:93cf/64/128/253
01-09 22:18:52.087 3797 3797 I EPDG -- SIM0 [EpdgIntfCont]: ignore interface addr update events
01-09 22:18:52.087 3797 3797 I EPDG -- SIM0 [EpdgInterfaceObserver]: Interface Number is 0
01-09 22:18:52.087 3797 3797 I EPDG -- SIM0 [EpdgInterfaceObserver]: Interface Number is 0
01-09 22:18:52.087 3797 3797 I EPDG -- SIM0 [EpdgInterfaceObserver]: Interface Number is 0
01-09 22:18:52.087 3797 3797 I EPDG -- SIM0 [EpdgInterfaceObserver]: Interface Number is 0
01-09 22:18:52.087 3797 3797 I EPDG -- SIM0 [EpdgInterfaceObserver]: Interface Number is 0
01-09 22:18:52.087 3797 3797 I EPDG -- SIM0 [EpdgInterfaceObserver]: Interface Number is 0
01-09 22:18:52.087 3797 3797 I EPDG -- SIM0 [EpdgInterfaceObserver]: Interface Number is 0
01-09 22:18:52.087 3797 3797 I EPDG -- SIM1 [EpdgIntfCont]: handleMessage msg : 1 cid : 1
01-09 22:18:52.087 3797 3797 I EPDG -- SIM1 [EpdgIntfCont]: new EpdgInterface :rmnet_data0
01-09 22:18:52.087 3797 3797 I EPDG -- SIM1 [EpdgIntfCont]: ignore interface up events
01-09 22:18:52.087 3797 3797 I EPDG -- SIM1 [EpdgIntfCont]: handleMessage msg : 2 cid : 1
01-09 22:18:52.087 3797 3797 I EPDG -- SIM1 [EpdgIntfCont]: new EpdgInterface :rmnet_data0
01-09 22:18:52.087 3797 3797 I EPDG -- SIM1 [EpdgIntfCont]: ifaceAddr : fe80::8043:83ff:feb6:93cf/64/128/253
01-09 22:18:52.087 3797 3797 I EPDG -- SIM1 [EpdgIntfCont]: ignore interface addr update events
01-09 22:18:52.087 3797 3797 I EPDG -- SIM1 [EpdgIntfCont]: handleMessage msg : 2 cid : 1
01-09 22:18:52.087 3797 3797 I EPDG -- SIM1 [EpdgIntfCont]: new EpdgInterface :rmnet_data0
01-09 22:18:52.087 3797 3797 I EPDG -- SIM1 [EpdgIntfCont]: ifaceAddr : 100.105.80.103/28/128/0
01-09 22:18:52.087 3797 3797 I EPDG -- SIM1 [EpdgIntfCont]: ignore interface addr update events
01-09 22:18:52.087 3797 3797 I EPDG -- SIM1 [EpdgIntfCont]: handleMessage msg : 2 cid : 1
01-09 22:18:52.087 3797 3797 I EPDG -- SIM1 [EpdgIntfCont]: new EpdgInterface :rmnet_data0
01-09 22:18:52.087 3797 3797 I EPDG -- SIM1 [EpdgIntfCont]: ifaceAddr : 2401:4900:57f3:f842:f0de:14d7:909b:eefa/64/192/0
01-09 22:18:52.087 3797 3797 I EPDG -- SIM1 [EpdgIntfCont]: ignore interface addr update events
01-09 22:18:52.087 3797 3797 I EPDG -- SIM1 [EpdgIntfCont]: handleMessage msg : 2 cid : 1
01-09 22:18:52.087 3797 3797 I EPDG -- SIM1 [EpdgIntfCont]: new EpdgInterface :rmnet_data0
01-09 22:18:52.087 3797 3797 I EPDG -- SIM1 [EpdgIntfCont]: ifaceAddr : 2401:4900:57f3:f842:f0de:14d7:909b:eefa/64/128/0
01-09 22:18:52.087 3797 3797 I EPDG -- SIM1 [EpdgIntfCont]: ignore interface addr update events
01-09 22:18:52.087 3797 3797 I EPDG -- SIM0 [EpdgIntfCont]: handleMessage msg : 2 cid : 1
01-09 22:18:52.087 3797 3797 I EPDG -- SIM0 [EpdgIntfCont]: new EpdgInterface :rmnet_data0
01-09 22:18:52.087 3797 3797 I EPDG -- SIM0 [EpdgIntfCont]: ifaceAddr : 100.105.80.103/28/128/0
01-09 22:18:52.087 3797 3797 I EPDG -- SIM0 [EpdgIntfCont]: ignore interface addr update events
01-09 22:18:52.087 3797 3797 I EPDG -- SIM0 [EpdgIntfCont]: handleMessage msg : 2 cid : 1
01-09 22:18:52.087 3797 3797 I EPDG -- SIM0 [EpdgIntfCont]: new EpdgInterface :rmnet_data0
01-09 22:18:52.087 3797 3797 I EPDG -- SIM0 [EpdgIntfCont]: ifaceAddr : 2401:4900:57f3:f842:f0de:14d7:909b:eefa/64/192/0
01-09 22:18:52.087 3797 3797 I EPDG -- SIM0 [EpdgIntfCont]: ignore interface addr update events
01-09 22:18:52.087 3797 3797 I EPDG -- SIM0 [EpdgIntfCont]: handleMessage msg : 2 cid : 1
01-09 22:18:52.087 3797 3797 I EPDG -- SIM0 [EpdgIntfCont]: new EpdgInterface :rmnet_data0
01-09 22:18:52.087 3797 3797 I EPDG -- SIM0 [EpdgIntfCont]: ifaceAddr : 2401:4900:57f3:f842:f0de:14d7:909b:eefa/64/128/0
01-09 22:18:52.087 3797 3797 I EPDG -- SIM0 [EpdgIntfCont]: ignore interface addr update events
01-09 22:18:52.087 3797 3797 I EPDG -- SIM1 [EpdgIntfCont]: handleMessage msg : 1 cid : 1
01-09 22:18:52.087 3797 3797 I EPDG -- SIM1 [EpdgIntfCont]: new EpdgInterface :rmnet_data0
01-09 22:18:52.087 3797 3797 I EPDG -- SIM1 [EpdgIntfCont]: ignore interface up events
01-09 22:18:52.087 3797 3797 I EPDG -- SIM0 [EpdgIntfCont]: handleMessage msg : 1 cid : 1
01-09 22:18:52.087 3797 3797 I EPDG -- SIM0 [EpdgIntfCont]: new EpdgInterface :rmnet_data0
01-09 22:18:52.087 3797 3797 I EPDG -- SIM0 [EpdgIntfCont]: ignore interface up events
01-09 22:18:52.087 3797 3797 I EPDG -- SIM0 [EpdgIntfCont]: handleMessage msg : 1 cid : 1
01-09 22:18:52.087 3797 3797 I EPDG -- SIM0 [EpdgIntfCont]: new EpdgInterface :rmnet_data0
01-09 22:18:52.087 3797 3797 I EPDG -- SIM0 [EpdgIntfCont]: ignore interface up events
01-09 22:18:52.087 3797 3797 I EPDG -- SIM1 [EpdgIntfCont]: handleMessage msg : 1 cid : 1
01-09 22:18:52.087 3797 3797 I EPDG -- SIM1 [EpdgIntfCont]: new EpdgInterface :rmnet_data0
01-09 22:18:52.087 3797 3797 I EPDG -- SIM1 [EpdgIntfCont]: ignore interface up events
01-09 22:18:52.087 3797 4669 I EPDG -- SIM0 [UTILS]: getSubIdFromSpecifier() : specifier null
01-09 22:18:52.087 3797 4669 I EPDG -- SIM0 [UTILS]: getSubIdFromSpecifier() : return : 3
01-09 22:18:52.087 3797 4669 I EPDG -- SIM0 [UTILS]: getNetworkForType: subIdFromSpecifier: 3
01-09 22:18:52.087 3797 4669 I EPDG -- SIM0 [UTILS]: getSubIdFromSpecifier() : return : 3
01-09 22:18:52.087 3797 4669 I EPDG -- SIM0 [UTILS]: getNetworkForType: subIdFromSpecifier: 3
01-09 22:18:52.087 3797 4669 I EPDG -- SIM0 [UTILS]: getNetworkForType: returning Network for type: 11
01-09 22:18:52.087 2035 2046 E IPACM : vendor/qcom/opensource/data-ipa-cfg-mgr/ipacm/src/IPACM_Routing.cpp:145 AddRoutingRule() Added routing rule 0xb4000077dc0b9d10
01-09 22:18:52.087 3797 4669 I EPDG -- SIM0 [UTILS]: getNetworkInfo: returning networkInfo [type: MOBILE[IWLAN], state: CONNECTING/CONNECTING, reason: (unspecified), extra: IMS, failover: false, available: true, roaming: false]
01-09 22:18:52.087 3797 4669 I EPDG -- SIM0 [EpdgSubScription]: notifyQualifiedNetworksChange to telephony
01-09 22:18:52.087 6164 6272 I eris : 13[KNL] 2401:4900:57f3:f842:f0de:14d7:909b:eefa appeared on rmnet_data0
01-09 22:18:52.087 3797 4669 I EPDG -- SIM0 [SMARTWIFI]: Profiling stopped
01-09 22:18:52.087 6164 6266 I eris : 11[KNL] flags changed for 2401:4900:57f3:f842:f0de:14d7:909b:eefa on rmnet_data0
01-09 22:18:52.088 3797 4669 I EPDG -- SIM0 [SMARTWIFI]: setHandoverThresholdMet: set to: false
01-09 22:18:52.088 3797 4669 I EPDG -- SIM0 [SMARTWIFI]: setW2LHandoverForWeakWiFiSignal: set to false
01-09 22:18:52.088 3797 4669 I EPDG -- SIM0 [SMARTWIFI]: setResultOfRunnableForCannotSwitchToWifi: set to false
01-09 22:18:52.088 3797 4669 I EPDG -- SIM0 [NetController]: getMobleDataState mIsPhoneStateListenerRegistered : true
01-09 22:18:52.088 3797 4669 I EPDG -- SIM0 [SMARTCELLULAR]: Stop cellular profiling called, is profiling running: true
01-09 22:18:52.088 3797 4669 I EPDG -- SIM0 [SMARTCELLULAR]: unregisterTelephonyCallback false
01-09 22:18:52.088 3797 4669 I EPDG -- SIM0 [SMARTCELLULAR]: Lte Profiling stopped
01-09 22:18:52.088 3797 4669 I EPDG -- SIM0 [NetController]: getIsRssiDisabledForProfiling: returning: false
01-09 22:18:52.088 3797 4669 I EPDG -- SIM0 [EpdgSubScription]: getWifiThreshold() disableRSSI : false
01-09 22:18:52.088 3797 4669 I EPDG -- SIM0 [SMARTWIFI]: Profiling started, Threshold is set at -75Db and level is: 2
01-09 22:18:52.088 3122 3127 E multiclientd: Passing -1 file descriptor as non-@nullable AIDL ParcelFileDescriptor
01-09 22:18:52.089 2040 2638 E rild : Could not close FD 438: Bad file descriptor
01-09 22:18:52.089 3797 4669 I EPDG -- SIM0 [UTILS]: getSubIdFromSpecifier() : specifier null
01-09 22:18:52.089 3797 4669 I EPDG -- SIM0 [UTILS]: getSubIdFromSpecifier() : return : 3
01-09 22:18:52.089 2035 2046 E IPACM : vendor/qcom/opensource/data-ipa-cfg-mgr/ipacm/src/IPACM_Routing.cpp:145 AddRoutingRule() Added routing rule 0xb4000077dc0b9d10
01-09 22:18:52.089 2035 2046 E IPACM : vendor/qcom/opensource/data-ipa-cfg-mgr/ipacm/src/IPACM_Wan.cpp:502 handle_addr_evt() ipv6 wan iface rt-rule hdl=0x20 hdl=0x22, entry: 1 2
01-09 22:18:52.090 3797 4669 I EPDG -- SIM0 [UTILS]: isWifiConnected: [type: WIFI[], state: CONNECTED/CONNECTED, reason: (unspecified), extra: , failover: false, available: true, roaming: false]
01-09 22:18:52.090 1476 1663 I minksocket: MinkIPC MESSAGE: ( 1476:1663 ) MinkIPC_QRTR_Service:351 minkipc = 0xb400007afa4523f0 sock = 34, client with node 1 port 4544 went down
01-09 22:18:52.090 1476 1651 I minksocket: MinkIPC MESSAGE: ( 1476:1651 ) MinkIPC_QRTR_Service:351 minkipc = 0xb400007afa4544f0 sock = 19, client with node 1 port 4544 went down
01-09 22:18:52.090 3797 3891 W System : A resource failed to call close.
01-09 22:18:52.091 3797 3891 W System : A resource failed to call close.
01-09 22:18:52.091 2035 2046 E IPACM : vendor/qcom/opensource/data-ipa-cfg-mgr/ipacm/src/IPACM_Routing.cpp:145 AddRoutingRule() Added routing rule 0xb4000077dc0b9d10
01-09 22:18:52.091 2035 2046 E IPACM : vendor/qcom/opensource/data-ipa-cfg-mgr/ipacm/src/IPACM_Wan.cpp:537 handle_addr_evt() ipv6 wan iface rsc tcp rt-rule hdll=0x23
01-09 22:18:52.091 2035 2046 E IPACM : enable(1), entry 2
01-09 22:18:52.091 2035 2046 E IPACM : vendor/qcom/opensource/data-ipa-cfg-mgr/ipacm/src/IPACM_Routing.cpp:145 AddRoutingRule() Added routing rule 0xb4000077dc0b9d10
01-09 22:18:52.091 2035 2046 E IPACM : vendor/qcom/opensource/data-ipa-cfg-mgr/ipacm/src/IPACM_Wan.cpp:571 handle_addr_evt() ipv6 wan iface rsb udp rt-rule hdll=0x24
01-09 22:18:52.091 2035 2046 E IPACM : enable(1) entry 3
01-09 22:18:52.091 2035 2046 E IPACM : vendor/qcom/opensource/data-ipa-cfg-mgr/ipacm/src/IPACM_Routing.cpp:145 AddRoutingRule() Added routing rule 0xb4000077dc0b9d10
01-09 22:18:52.091 2035 2046 E IPACM : vendor/qcom/opensource/data-ipa-cfg-mgr/ipacm/src/IPACM_Wan.cpp:614 handle_addr_evt() ipv6 wan iface low lat udp rt-rule hdll=0x25
01-09 22:18:52.091 2035 2046 E IPACM : entry 1
01-09 22:18:52.091 2035 2046 E IPACM : vendor/qcom/opensource/data-ipa-cfg-mgr/ipacm/src/IPACM_Iface.cpp:1171 is_global_ipv6_addr() Get ipv6 address with first word 0xfe800000.
01-09 22:18:52.091 2035 2046 E IPACM : vendor/qcom/opensource/data-ipa-cfg-mgr/ipacm/src/IPACM_Iface.cpp:1175 is_global_ipv6_addr() This IPv6 address is link local.
01-09 22:18:52.091 2035 2046 E IPACM : vendor/qcom/opensource/data-ipa-cfg-mgr/ipacm/src/IPACM_Wan.cpp:768 handle_addr_evt() v6 num 1:
01-09 22:18:52.091 2035 2046 E IPACM : vendor/qcom/opensource/data-ipa-cfg-mgr/ipacm/src/IPACM_Wan.cpp:1043 handle_addr_evt() check iface rmnet_data0 if having set_upstream cache events
01-09 22:18:52.091 2035 2046 E IPACM : vendor/qcom/opensource/data-ipa-cfg-mgr/ipacm/src/IPACM_OffloadManager.cpp:868 search_framwork_cache() check netdev(rmnet_data0)
01-09 22:18:52.091 2035 2046 E IPACM : vendor/qcom/opensource/data-ipa-cfg-mgr/ipacm/src/IPACM_OffloadManager.cpp:919 search_framwork_cache() not found netdev (rmnet_data0) has cached event
01-09 22:18:52.091 2035 2046 E IPACM : vendor/qcom/opensource/data-ipa-cfg-mgr/ipacm/src/IPACM_Wan.cpp:1047 handle_addr_evt() number of default route rules 1
01-09 22:18:52.091 2035 2046 E IPACM : vendor/qcom/opensource/data-ipa-cfg-mgr/ipacm/src/IPACM_Wan.cpp:1753 event_callback() Get IPA_ADDR_ADD_EVENT: IF ip type 1, incoming ip type 0
01-09 22:18:52.091 2035 2046 E IPACM : vendor/qcom/opensource/data-ipa-cfg-mgr/ipacm/src/IPACM_Wan.cpp:1769 event_callback() Got handle_addr_evt ip-family:0, v6 num 1:
01-09 22:18:52.091 2035 2046 E IPACM : vendor/qcom/opensource/data-ipa-cfg-mgr/ipacm/src/IPACM_Iface.cpp:1108 config_ip_type() interface(rmnet_data0:3) now ip-type is 2
01-09 22:18:52.091 2040 2638 D SemNativeCarrierFeature_vendor: getInstance
01-09 22:18:52.092 2035 2046 E IPACM : vendor/qcom/opensource/data-ipa-cfg-mgr/ipacm/src/IPACM_Routing.cpp:145 AddRoutingRule() Added routing rule 0xb4000077dc0b9d10
01-09 22:18:52.092 2035 2046 E IPACM : vendor/qcom/opensource/data-ipa-cfg-mgr/ipacm/src/IPACM_Wan.cpp:869 handle_addr_evt() ipv4 wan iface rt-rule hdll=0x2c
01-09 22:18:52.092 2035 2046 E IPACM : vendor/qcom/opensource/data-ipa-cfg-mgr/ipacm/src/IPACM_Routing.cpp:145 AddRoutingRule() Added routing rule 0xb4000077dc0b9d10
01-09 22:18:52.092 2035 2046 E IPACM : vendor/qcom/opensource/data-ipa-cfg-mgr/ipacm/src/IPACM_Wan.cpp:903 handle_addr_evt() ipv4 wan iface rsc tcp rt-rule hdll=0x2d
01-09 22:18:52.092 2035 2046 E IPACM : enable(1)
01-09 22:18:52.092 3797 4669 I EPDG -- SIM0 [SMARTWIFI]: mCaptiveAuthenticated : false
01-09 22:18:52.092 3797 4669 I EPDG -- SIM0 [SMARTWIFI]: mCaptiveAuthenticated : false
01-09 22:18:52.092 3797 4669 I EPDG -- SIM0 [SMARTWIFI]: unable to find status about connected wifi
01-09 22:18:52.092 3797 4669 I EPDG -- SIM0 [SMARTWIFI]: setResultOfRunnableForCannotSwitchToWifi: set to false
01-09 22:18:52.093 3797 4669 I EPDG -- SIM0 [SMARTWIFI]: isCaptivePortalAuthenticated: defaultValue: false wifiLinkStatus: UNDETERMINABLE
01-09 22:18:52.093 3797 4669 I EPDG -- SIM0 [SMARTWIFI]: setHandoverThresholdMet: set to: false
01-09 22:18:52.093 2035 2046 E IPACM : vendor/qcom/opensource/data-ipa-cfg-mgr/ipacm/src/IPACM_Routing.cpp:145 AddRoutingRule() Added routing rule 0xb4000077dc0b9d10
01-09 22:18:52.093 2035 2046 E IPACM : vendor/qcom/opensource/data-ipa-cfg-mgr/ipacm/src/IPACM_Wan.cpp:936 handle_addr_evt() ipv4 wan iface rsb udp rt-rule hdll=0x2e
01-09 22:18:52.093 2035 2046 E IPACM : enable(1)
01-09 22:18:52.093 3797 4669 I EPDG -- SIM0 [UTILS]: getSubIdFromSpecifier() : specifier null
01-09 22:18:52.093 3797 4669 I EPDG -- SIM0 [UTILS]: getSubIdFromSpecifier() : return : 3
01-09 22:18:52.093 2035 2046 E IPACM : vendor/qcom/opensource/data-ipa-cfg-mgr/ipacm/src/IPACM_Routing.cpp:145 AddRoutingRule() Added routing rule 0xb4000077dc0b9d10
01-09 22:18:52.093 2035 2046 E IPACM : vendor/qcom/opensource/data-ipa-cfg-mgr/ipacm/src/IPACM_Wan.cpp:976 handle_addr_evt() ipv4 low lat udp rt-rule hdll=0x2f
01-09 22:18:52.093 2035 2046 E IPACM : vendor/qcom/opensource/data-ipa-cfg-mgr/ipacm/src/IPACM_Wan.cpp:1006 handle_addr_evt() Now the number of modem ipv4 pdn is 1.
01-09 22:18:52.093 2035 2046 E IPACM : vendor/qcom/opensource/data-ipa-cfg-mgr/ipacm/src/IPACM_Wan.cpp:4741 init_fl_rule_ex() dun add producer dependency from rmnet_data0 with registered rx-prop
01-09 22:18:52.093 2035 2046 E IPACM : vendor/qcom/opensource/data-ipa-cfg-mgr/ipacm/src/IPACM_Wan.cpp:5289 add_dft_filtering_rule() Routing table ipa_dflt_wan_rt has index 12
01-09 22:18:52.093 2035 2046 E IPACM : vendor/qcom/opensource/data-ipa-cfg-mgr/ipacm/src/IPACM_Wan.cpp:5305 add_dft_filtering_rule() rx property attrib mask:0x4000
01-09 22:18:52.093 2035 2046 E IPACM : vendor/qcom/opensource/data-ipa-cfg-mgr/ipacm/src/IPACM_Iface.cpp:1154 change_to_network_order() IP type is not IPv6, do nothing: 0
01-09 22:18:52.094 3797 4669 I EPDG -- SIM0 [UTILS]: isWifiConnected: [type: WIFI[], state: CONNECTED/CONNECTED, reason: (unspecified), extra: , failover: false, available: true, roaming: false]
01-09 22:18:52.094 2035 2046 E IPACM : vendor/qcom/opensource/data-ipa-cfg-mgr/ipacm/src/IPACM_Iface.cpp:1154 change_to_network_order() IP type is not IPv6, do nothing: 0
01-09 22:18:52.094 2035 2046 E IPACM : vendor/qcom/opensource/data-ipa-cfg-mgr/ipacm/src/IPACM_Wan.cpp:5356 add_dft_filtering_rule() Constructed 2 default filtering rules for ip type 0
01-09 22:18:52.094 2035 2046 E IPACM : vendor/qcom/opensource/data-ipa-cfg-mgr/ipacm/src/IPACM_Wan.cpp:7056 install_wan_filtering_rule() Total number of WAN DL filtering rule for IPv4 is 2
01-09 22:18:52.094 2035 2046 E IPACM : vendor/qcom/opensource/data-ipa-cfg-mgr/ipacm/src/IPACM_Wan.cpp:7078 install_wan_filtering_rule() Total number of WAN DL filtering rule for IPv6 is 4
01-09 22:18:52.094 2035 2046 E IPACM : vendor/qcom/opensource/data-ipa-cfg-mgr/ipacm/src/IPACM_Filtering.cpp:601 AddWanDLFilteringRule() Get 2 WAN DL IPv4 filtering rules.
01-09 22:18:52.094 2035 2046 E IPACM : vendor/qcom/opensource/data-ipa-cfg-mgr/ipacm/src/IPACM_Filtering.cpp:606 AddWanDLFilteringRule() Get 4 WAN DL IPv6 filtering rules.
01-09 22:18:52.094 2035 2046 E IPACM : vendor/qcom/opensource/data-ipa-cfg-mgr/ipacm/src/IPACM_Filtering.cpp:632 AddWanDLFilteringRule() Get 6 WAN DL filtering rules in total.
01-09 22:18:52.095 2035 2046 E IPACM : vendor/qcom/opensource/data-ipa-cfg-mgr/ipacm/src/IPACM_Wan.cpp:4772 init_fl_rule_ex() Has rx/tx properties registered for iface rmnet_data0, add for NATTING
01-09 22:18:52.095 2035 2046 E IPACM : vendor/qcom/opensource/data-ipa-cfg-mgr/ipacm/src/IPACM_Config.cpp:544 AddNatIfaces() Add iface rmnet_data0 to NAT-ifaces, origin it has 0 nat ifaces
01-09 22:18:52.095 2035 2046 E IPACM : vendor/qcom/opensource/data-ipa-cfg-mgr/ipacm/src/IPACM_Config.cpp:554 AddNatIfaces() Add Nat IfaceName: rmnet_data0 ,update nat-ifaces number: 1
01-09 22:18:52.095 2035 2046 E IPACM : vendor/qcom/opensource/data-ipa-cfg-mgr/ipacm/src/IPACM_Config.cpp:557 AddNatIfaces() Change v4_up to (1)
01-09 22:18:52.095 2035 2046 E IPACM : vendor/qcom/opensource/data-ipa-cfg-mgr/ipacm/src/IPACM_Wan.cpp:1034 handle_addr_evt() Received wan ipv4-addr:0x64695067, sec_addr:0
01-09 22:18:52.095 2035 2046 E IPACM : vendor/qcom/opensource/data-ipa-cfg-mgr/ipacm/src/IPACM_Wan.cpp:1043 handle_addr_evt() check iface rmnet_data0 if having set_upstream cache events
01-09 22:18:52.095 2035 2046 E IPACM : vendor/qcom/opensource/data-ipa-cfg-mgr/ipacm/src/IPACM_OffloadManager.cpp:868 search_framwork_cache() check netdev(rmnet_data0)
01-09 22:18:52.095 2035 2046 E IPACM : vendor/qcom/opensource/data-ipa-cfg-mgr/ipacm/src/IPACM_OffloadManager.cpp:919 search_framwork_cache() not found netdev (rmnet_data0) has cached event
01-09 22:18:52.095 2035 2046 E IPACM : vendor/qcom/opensource/data-ipa-cfg-mgr/ipacm/src/IPACM_Wan.cpp:1047 handle_addr_evt() number of default route rules 1
01-09 22:18:52.095 2035 2046 E IPACM : vendor/qcom/opensource/data-ipa-cfg-mgr/ipacm/src/IPACM_Wan.cpp:1753 event_callback() Get IPA_ADDR_ADD_EVENT: IF ip type 2, incoming ip type 1
01-09 22:18:52.095 2035 2046 E IPACM : vendor/qcom/opensource/data-ipa-cfg-mgr/ipacm/src/IPACM_Wan.cpp:1769 event_callback() Got handle_addr_evt ip-family:1, v6 num 1:
01-09 22:18:52.095 2035 2046 E IPACM : vendor/qcom/opensource/data-ipa-cfg-mgr/ipacm/src/IPACM_Iface.cpp:1114 config_ip_type() interface(rmnet_data0:3) already in ip-type 2
01-09 22:18:52.095 2035 2046 E IPACM : vendor/qcom/opensource/data-ipa-cfg-mgr/ipacm/src/IPACM_Iface.cpp:1171 is_global_ipv6_addr() Get ipv6 address with first word 0x24014900.
01-09 22:18:52.095 2035 2046 E IPACM : vendor/qcom/opensource/data-ipa-cfg-mgr/ipacm/src/IPACM_Iface.cpp:1180 is_global_ipv6_addr() This IPv6 address is not link local.
01-09 22:18:52.096 2035 2046 E IPACM : vendor/qcom/opensource/data-ipa-cfg-mgr/ipacm/src/IPACM_Routing.cpp:145 AddRoutingRule() Added routing rule 0xb4000077dc0b9d10
01-09 22:18:52.096 3797 4669 I EPDG -- SIM0 [SMARTWIFI]: New rssi is: -64 mWifiHandoverTh: 0
01-09 22:18:52.096 3797 4669 I EPDG -- SIM0 [SMARTWIFI]: Rssi : -64 highrange : -71 lowrange : -80 mIsRssiInHystersis : false
01-09 22:18:52.096 2035 2046 E IPACM : vendor/qcom/opensource/data-ipa-cfg-mgr/ipacm/src/IPACM_Routing.cpp:145 AddRoutingRule() Added routing rule 0xb4000077dc0b9d10
01-09 22:18:52.096 2035 2046 E IPACM : vendor/qcom/opensource/data-ipa-cfg-mgr/ipacm/src/IPACM_Wan.cpp:502 handle_addr_evt() ipv6 wan iface rt-rule hdl=0x30 hdl=0x31, entry: 3 4
01-09 22:18:52.097 2400 3378 D ConnectivityService: Update of LinkProperties for [110 CELLULAR]; created=0; firstConnected=0
01-09 22:18:52.097 2035 2046 E IPACM : vendor/qcom/opensource/data-ipa-cfg-mgr/ipacm/src/IPACM_Routing.cpp:145 AddRoutingRule() Added routing rule 0xb4000077dc0b9d10
01-09 22:18:52.097 2035 2046 E IPACM : vendor/qcom/opensource/data-ipa-cfg-mgr/ipacm/src/IPACM_Wan.cpp:537 handle_addr_evt() ipv6 wan iface rsc tcp rt-rule hdll=0x32
01-09 22:18:52.097 2035 2046 E IPACM : enable(1), entry 4
01-09 22:18:52.097 2400 3378 D ConnectivityService: Adding iface rmnet_data0 to network 110
01-09 22:18:52.097 1433 20667 E Netd : no such netId 110
01-09 22:18:52.098 2035 2046 E IPACM : vendor/qcom/opensource/data-ipa-cfg-mgr/ipacm/src/IPACM_Routing.cpp:145 AddRoutingRule() Added routing rule 0xb4000077dc0b9d10
01-09 22:18:52.098 2035 2046 E IPACM : vendor/qcom/opensource/data-ipa-cfg-mgr/ipacm/src/IPACM_Wan.cpp:571 handle_addr_evt() ipv6 wan iface rsb udp rt-rule hdll=0x33
01-09 22:18:52.098 2035 2046 E IPACM : enable(1) entry 5
01-09 22:18:52.098 1619 2927 D AudioFlinger: mixer(0xb400007f8aade6a0) throttle end: throttle time(59)
01-09 22:18:52.098 2035 2046 E IPACM : vendor/qcom/opensource/data-ipa-cfg-mgr/ipacm/src/IPACM_Routing.cpp:145 AddRoutingRule() Added routing rule 0xb4000077dc0b9d10
01-09 22:18:52.098 3797 4669 I EPDG -- SIM0 [UTILS]: getSubIdFromSpecifier() : specifier null
01-09 22:18:52.098 3797 4669 I EPDG -- SIM0 [UTILS]: getSubIdFromSpecifier() : return : 3
01-09 22:18:52.098 2035 2046 E IPACM : vendor/qcom/opensource/data-ipa-cfg-mgr/ipacm/src/IPACM_Wan.cpp:614 handle_addr_evt() ipv6 wan iface low lat udp rt-rule hdll=0x34
01-09 22:18:52.098 2035 2046 E IPACM : entry 2
01-09 22:18:52.098 2035 2046 E IPACM : vendor/qcom/opensource/data-ipa-cfg-mgr/ipacm/src/IPACM_Wan.cpp:667 handle_addr_evt() Now the number of modem ipv6 pdn is 9.
01-09 22:18:52.098 2035 2046 E IPACM : vendor/qcom/opensource/data-ipa-cfg-mgr/ipacm/src/IPACM_Wan.cpp:4741 init_fl_rule_ex() dun add producer dependency from rmnet_data0 with registered rx-prop
01-09 22:18:52.098 2035 2046 E IPACM : vendor/qcom/opensource/data-ipa-cfg-mgr/ipacm/src/IPACM_Wan.cpp:7056 install_wan_filtering_rule() Total number of WAN DL filtering rule for IPv4 is 2
01-09 22:18:52.098 2035 2046 E IPACM : vendor/qcom/opensource/data-ipa-cfg-mgr/ipacm/src/IPACM_Wan.cpp:7078 install_wan_filtering_rule() Total number of WAN DL filtering rule for IPv6 is 4
01-09 22:18:52.098 2035 2046 E IPACM : vendor/qcom/opensource/data-ipa-cfg-mgr/ipacm/src/IPACM_Filtering.cpp:601 AddWanDLFilteringRule() Get 2 WAN DL IPv4 filtering rules.
01-09 22:18:52.098 2035 2046 E IPACM : vendor/qcom/opensource/data-ipa-cfg-mgr/ipacm/src/IPACM_Filtering.cpp:606 AddWanDLFilteringRule() Get 4 WAN DL IPv6 filtering rules.
01-09 22:18:52.098 2035 2046 E IPACM : vendor/qcom/opensource/data-ipa-cfg-mgr/ipacm/src/IPACM_Filtering.cpp:632 AddWanDLFilteringRule() Get 6 WAN DL filtering rules in total.
01-09 22:18:52.098 2400 3378 W ConnectivityService: Exception adding interface: android.os.ServiceSpecificException: Machine is not on the network (code 64)
01-09 22:18:52.098 2400 3378 D ConnectivityService: Setting MTU size: rmnet_data0, 1500
01-09 22:18:52.099 2400 2633 I WindowManager: Reparenting to original parent: Surface(name=ActivityRecord{9e0931d u0 com.innowireless.xcal.mobile5/.ui.Main_Activity t23})/@0x7873cc1, destroy=true, surface=Surface(name=334ba7b com.innowireless.xcal.mobile5/com.innowireless.xcal.mobile5.ui.Main_Activity)/@0x63d0a0c
01-09 22:18:52.100 2035 2046 E IPACM : vendor/qcom/opensource/data-ipa-cfg-mgr/ipacm/src/IPACM_Wan.cpp:4772 init_fl_rule_ex() Has rx/tx properties registered for iface rmnet_data0, add for NATTING
01-09 22:18:52.100 2035 2046 E IPACM : vendor/qcom/opensource/data-ipa-cfg-mgr/ipacm/src/IPACM_Config.cpp:530 AddNatIfaces() Interface (rmnet_data0) is add to nat iface already
01-09 22:18:52.100 2035 2046 E IPACM : vendor/qcom/opensource/data-ipa-cfg-mgr/ipacm/src/IPACM_Config.cpp:537 AddNatIfaces() Change v6_up to (1)
01-09 22:18:52.100 2035 2046 E IPACM : vendor/qcom/opensource/data-ipa-cfg-mgr/ipacm/src/IPACM_Iface.cpp:1171 is_global_ipv6_addr() Get ipv6 address with first word 0x24014900.
01-09 22:18:52.100 2035 2046 E IPACM : vendor/qcom/opensource/data-ipa-cfg-mgr/ipacm/src/IPACM_Iface.cpp:1180 is_global_ipv6_addr() This IPv6 address is not link local.
01-09 22:18:52.100 2035 2046 E IPACM : vendor/qcom/opensource/data-ipa-cfg-mgr/ipacm/src/IPACM_Wan.cpp:768 handle_addr_evt() v6 num 2:
01-09 22:18:52.100 2035 2046 E IPACM : vendor/qcom/opensource/data-ipa-cfg-mgr/ipacm/src/IPACM_Wan.cpp:1043 handle_addr_evt() check iface rmnet_data0 if having set_upstream cache events
01-09 22:18:52.100 2035 2046 E IPACM : vendor/qcom/opensource/data-ipa-cfg-mgr/ipacm/src/IPACM_OffloadManager.cpp:868 search_framwork_cache() check netdev(rmnet_data0)
01-09 22:18:52.100 2035 2046 E IPACM : vendor/qcom/opensource/data-ipa-cfg-mgr/ipacm/src/IPACM_OffloadManager.cpp:919 search_framwork_cache() not found netdev (rmnet_data0) has cached event
01-09 22:18:52.100 2035 2046 E IPACM : vendor/qcom/opensource/data-ipa-cfg-mgr/ipacm/src/IPACM_Wan.cpp:1047 handle_addr_evt() number of default route rules 2
01-09 22:18:52.100 3797 4669 I EPDG -- SIM0 [UTILS]: isWifiConnected: [type: WIFI[], state: CONNECTED/CONNECTED, reason: (unspecified), extra: , failover: false, available: true, roaming: false]
01-09 22:18:52.100 2035 2046 E IPACM : vendor/qcom/opensource/data-ipa-cfg-mgr/ipacm/src/IPACM_Wan.cpp:1753 event_callback() Get IPA_ADDR_ADD_EVENT: IF ip type 2, incoming ip type 1
01-09 22:18:52.100 2035 2046 E IPACM : vendor/qcom/opensource/data-ipa-cfg-mgr/ipacm/src/IPACM_Iface.cpp:1171 is_global_ipv6_addr() Get ipv6 address with first word 0x24014900.
01-09 22:18:52.100 2035 2046 E IPACM : vendor/qcom/opensource/data-ipa-cfg-mgr/ipacm/src/IPACM_Iface.cpp:1180 is_global_ipv6_addr() This IPv6 address is not link local.
01-09 22:18:52.100 2035 2046 E IPACM : vendor/qcom/opensource/data-ipa-cfg-mgr/ipacm/src/IPACM_Wan.cpp:1753 event_callback() Get IPA_ADDR_ADD_EVENT: IF ip type 2, incoming ip type 1
01-09 22:18:52.100 2035 2046 E IPACM : vendor/qcom/opensource/data-ipa-cfg-mgr/ipacm/src/IPACM_Iface.cpp:1171 is_global_ipv6_addr() Get ipv6 address with first word 0xfe800000.
01-09 22:18:52.100 2035 2046 E IPACM : vendor/qcom/opensource/data-ipa-cfg-mgr/ipacm/src/IPACM_Iface.cpp:1175 is_global_ipv6_addr() This IPv6 address is link local.
01-09 22:18:52.100 2035 2046 E IPACM : vendor/qcom/opensource/data-ipa-cfg-mgr/ipacm/src/IPACM_Wan.cpp:1753 event_callback() Get IPA_ADDR_ADD_EVENT: IF ip type 2, incoming ip type 1
01-09 22:18:52.100 2035 2046 E IPACM : vendor/qcom/opensource/data-ipa-cfg-mgr/ipacm/src/IPACM_Iface.cpp:1171 is_global_ipv6_addr() Get ipv6 address with first word 0x24014900.
01-09 22:18:52.100 2035 2046 E IPACM : vendor/qcom/opensource/data-ipa-cfg-mgr/ipacm/src/IPACM_Iface.cpp:1180 is_global_ipv6_addr() This IPv6 address is not link local.
01-09 22:18:52.100 2035 2046 E IPACM : vendor/qcom/opensource/data-ipa-cfg-mgr/ipacm/src/IPACM_Wan.cpp:1753 event_callback() Get IPA_ADDR_ADD_EVENT: IF ip type 2, incoming ip type 0
01-09 22:18:52.100 2035 2046 E IPACM : vendor/qcom/opensource/data-ipa-cfg-mgr/ipacm/src/IPACM_Wan.cpp:1769 event_callback() Got handle_addr_evt ip-family:0, v6 num 2:
01-09 22:18:52.100 2035 2046 E IPACM : vendor/qcom/opensource/data-ipa-cfg-mgr/ipacm/src/IPACM_Iface.cpp:1096 config_ip_type() interface(rmnet_data0:3) already in ip-type 2
