01-09 22:18:51.848 10717 10728 I OpenGLRenderer: Davey! duration=960ms; Flags=1, FrameTimelineVsyncId=341856, IntendedVsync=1066007606140, Vsync=1066757606128, InputEventId=0, HandleInputStart=1066797996258, AnimationStart=1066797997143, PerformTraversalsStart=1066798452560, DrawStart=1066965358602, FrameDeadline=1066049272804, FrameInterval=1066797803758, FrameStartTime=41666666, SyncQueued=1066966316258, SyncStart=1066966391675, IssueDrawCommandsStart=1066966447247, SwapBuffers=1066967285320, FrameCompleted=1066967969279, DequeueBufferDuration=4375, QueueBufferDuration=182031, GpuCompleted=1066967969279, SwapBuffersCompleted=1066967615581, DisplayPresentTime=0, CommandSubmissionCompleted=1066967285320,
01-09 22:18:51.848 1635 1809 I VSyncReactor: Current= 24, Period= 120, hwcPeriod= 120
01-09 22:18:51.849 1507 10089 I sensors-hal: handle_sns_client_event:341, [1] mag_sample_cal(magcal_available:23492): ts=1067002036324 ns; cal = [56.510460, 52.304169, -3.069675], uncal = [39.650463, -24.855829, 37.910324], bias = [-16.859999, -77.159996, 40.980000], status=3
01-09 22:18:51.849 5791 8441 D TrafficStats: tagSocket(109) with statsTag=0x2c001100, statsUid=-1
01-09 22:18:51.852 3642 3652 I System.out: Broadcasting: Intent { act=com.samsung.intent.action.BIG_DATA_INFO (has extras) }
01-09 22:18:51.853 10717 10717 I ViewRootImpl@64be10f[Main_Activity]: handleResized, msg = 5 frames=ClientWindowFrames{frame=[90,867][990,1414] display=[0,76][1080,2205] parentFrame=[0,0][0,0]} forceNextWindowRelayout=false displayId=0 dragResizing=false compatScale=1.0 frameChanged=false attachedFrameChanged=false configChanged=false displayChanged=false compatScaleChanged=false
01-09 22:18:51.853 10717 10717 I ViewRootImpl@64be10f[Main_Activity]: handleResized mSyncSeqId = 0
01-09 22:18:51.853 10717 10717 D ViewRootImpl@64be10f[Main_Activity]: reportNextDraw android.view.ViewRootImpl.handleResized:2534 android.view.ViewRootImpl.-$$Nest$mhandleResized:0 android.view.ViewRootImpl$ViewRootHandler.handleMessageImpl:7195 android.view.ViewRootImpl$ViewRootHandler.handleMessage:7164 android.os.Handler.dispatchMessage:106
01-09 22:18:51.854 10717 10717 I ViewRootImpl@6f023a[Main_Activity]: handleResized, msg = 5 frames=ClientWindowFrames{frame=[94,893][986,1387] display=[0,76][1080,2205] parentFrame=[0,0][0,0]} forceNextWindowRelayout=false displayId=0 dragResizing=false compatScale=1.0 frameChanged=false attachedFrameChanged=false configChanged=false displayChanged=false compatScaleChanged=false
01-09 22:18:51.854 10717 10717 I ViewRootImpl@6f023a[Main_Activity]: handleResized mSyncSeqId = 0
01-09 22:18:51.854 10717 10717 D ViewRootImpl@6f023a[Main_Activity]: reportNextDraw android.view.ViewRootImpl.handleResized:2534 android.view.ViewRootImpl.-$$Nest$mhandleResized:0 android.view.ViewRootImpl$ViewRootHandler.handleMessageImpl:7195 android.view.ViewRootImpl$ViewRootHandler.handleMessage:7164 android.os.Handler.dispatchMessage:106
01-09 22:18:51.855 10717 10717 D EventAlarmManager: getMediaStatus() - STATUS_STOP
01-09 22:18:51.855 10717 10717 D EventAlarmManager: playAlarm() - check instance
01-09 22:18:51.855 10717 10717 D EventAlarmManager: playAlarm() - mAlarmHistory is not empty
01-09 22:18:51.855 10717 10717 D EventAlarmManager: getSoundStatus() - STATUS_STOP
01-09 22:18:51.855 10717 10717 D EventAlarmManager: playAlarm() - player is ON STATUS_STOP > do TTS :258
01-09 22:18:51.856 10717 10717 D EventAlarmManager: doTTSAlarmToast
01-09 22:18:51.856 8721 11289 I SamsungTTS: [Synthesize] request = en-US-default
01-09 22:18:51.856 2040 2623 D SemNativeCarrierFeature_vendor: getInstance
01-09 22:18:51.856 8721 11289 I SamsungTTS: [LoadLanguage] : eng-USA-[l03]
01-09 22:18:51.856 2040 2623 D SemNativeCarrierFeature_vendor: getInstance
01-09 22:18:51.857 3642 4721 I System.out: Broadcasting: Intent { act=android.intent.action.LTE_SMS_STATUS (has extras) }
01-09 22:18:51.857 8721 11289 I SamsungTTS: [Synthesize] text = JHzb2gwi1AUVWy/Myhovkg==
01-09 22:18:51.857 8721 11289 I SamsungTTS: [Synthesize] eng-USA-l03 Speed[100] Pitch[100] StreamType[Engine.DEFAULT_STREAM] Caller[10396-com.innowireless.xcal.mobile5]
01-09 22:18:51.859 2400 2400 I NSLocationMonitor: Broadcast receiver, action=com.samsung.intent.action.BIG_DATA_INFO
01-09 22:18:51.861 3642 3642 D SemBigDataInfoController: Intent: com.samsung.intent.action.BIG_DATA_INFO
01-09 22:18:51.861 3642 3642 D SemBigDataInfoController: BIG_DATA insertLog slot: 0, feature: PDPS
01-09 22:18:51.863 1619 10130 I AudioFlinger: nonSecFlag 0, secFlag 0, outputFlags 8
01-09 22:18:51.863 1619 10130 D AudioFlinger: Client defaulted notificationFrames to 1365 for frameCount 4096
01-09 22:18:51.863 2400 2805 D ActivityManager: sync unfroze 10182 com.samsung.android.networkdiagnostic for 3
01-09 22:18:51.865 1619 10130 D AF::TrackHandle: OpPlayAudio: track:62 usage:1 not muted
01-09 22:18:51.865 3642 4721 I System.out: Broadcasting: Intent { act=android.intent.action.LTE_SMS_STATUS (has extras) }
01-09 22:18:51.866 1619 10130 I AF::Track: setMixerOutConfig expectKey 202
01-09 22:18:51.866 1619 10130 I AF::Track: setMixerOutConfig select, mixer out f 5, s 48000, thread out f 4, s 48000
01-09 22:18:51.867 10182 10182 I [ND]NetworkDiagnosticReceiver: main | onReceive: sec.intent.action.networkdiagnostic.USE_APP_FEATURE_SURVEY
01-09 22:18:51.868 10182 10182 I [ND]NetworkDiagnosticReceiver: main | onReceive: Bundle[mParcelledData.dataSize=424]
01-09 22:18:51.868 10182 10182 I [ND]JobScheduleUtilityImpl: main | schedule
01-09 22:18:51.868 10182 10182 I [ND]JobScheduleUtilityImpl: main | USE_APP_FEATURE_SURVEY
01-09 22:18:51.869 3670 3670 D StatusBarIconController: ignoring old pipeline callbacks, because the new mobile icons are enabled
01-09 22:18:51.874 2400 6351 D SemWifiUsabilityStatsMonitor: onWifiUsabilityStats - seqNum 347, isSameBssidAndFreq true
01-09 22:18:51.874 3670 3670 D StatusBarIconController: ignoring old pipeline callback because the new wifi icon is enabled
01-09 22:18:51.875 2400 3514 I SemWifiLinkQualityMonitor: Link stat: 282 / 41 / 1.22 (11) / 104 / -64.0 || 100.0 : 104.00 / 0.5 : 0.82 / 0.55 : 0.15 / RT QoS: false (true) || QoS: 0.16 ms / 49.64 Mbps (N) / 0 (0)
01-09 22:18:51.875 2400 5682 I AccessibilityManagerService: semIsAccessibilityServiceEnabled()
01-09 22:18:51.875 2400 5671 I AccessibilityManagerService: semIsAccessibilityServiceEnabled()
01-09 22:18:51.875 3797 3797 W Settings: Setting wifi_on has moved from android.provider.Settings.System to android.provider.Settings.Secure, returning read-only value.
01-09 22:18:51.875 3797 3797 W Settings: Setting wifi_on has moved from android.provider.Settings.Secure to android.provider.Settings.Global.
01-09 22:18:51.875 3797 3797 I EPDG -- SIM0 [SMARTWIFI]: isWifiRssiLessOrEqualsHandoverThreshold: received rssi is: -64 handover threshold is: -100
01-09 22:18:51.875 2400 5671 I AccessibilityManagerService: semIsAccessibilityServiceEnabled()
01-09 22:18:51.876 10182 10182 I [ND]StartBackgroundServices: main | enqueueWork: 7
01-09 22:18:51.876 3642 3642 D SemBigDataInfoController: Intent: com.samsung.intent.action.BIG_DATA_INFO
01-09 22:18:51.876 10717 10717 I ViewRootImpl@64be10f[Main_Activity]: Setup new sync=wmsSync-ViewRootImpl@64be10f[Main_Activity]#14
01-09 22:18:51.876 10717 10717 I ViewRootImpl@64be10f[Main_Activity]: Creating new active sync group ViewRootImpl@64be10f[Main_Activity]#15
01-09 22:18:51.877 3797 3797 I EPDG -- SIM0 [SMARTWIFI]: Rssi : -64 highrange : -101 lowrange : -100 mIsRssiInHystersis : false
01-09 22:18:51.877 3797 3797 I EPDG -- SIM0 [SMARTWIFI]: Rssi : -64 highrange : -101 lowrange : -100 mIsRssiInHystersis : false
01-09 22:18:51.877 3797 3797 I EPDG -- SIM0 [SMARTWIFI]: getHandoverThresholdMet: value is: false
01-09 22:18:51.879 3797 3797 I EPDG -- SIM0 [SMARTCELLULAR]: onSignalStrengthsChanged: SignalStrength:{mCdma=Invalid,mGsm=Invalid,mWcdma=Invalid,mTdscdma=Invalid,mLte=CellSignalStrengthLte: rssi=-59 rsrp=-84 rsrq=-9 rssnr=3 cqiTableIndex=2147483647 cqi=2147483647 ta=2147483647 level=4 parametersUseForLevel=0,mNr=Invalid,SignalBarInfo{ lteLevel=4 },rat=14,primary=CellSignalStrengthLte}
01-09 22:18:51.879 3797 3946 I EPDG -- SIM0 IwlanNetworkService: requestNetworkRegistrationInfo for domain 2
01-09 22:18:51.880 3797 5483 I EPDG -- SIM0 [SMARTCELLULAR]: Not valid cellular signal strength
01-09 22:18:51.880 3797 4149 I EPDG -- SIM0 IwlanNetworkService: Calling onRequestNetworkRegistrationInfoComplete.resultCode = 0, netState = NetworkRegistrationInfo{ domain=PS transportType=WLAN registrationState=HOME networkRegistrationState=HOME roamingType=NOT_ROAMING accessNetworkTechnology=IWLAN rejectCause=0 emergencyEnabled=false availableServices=[DATA] cellIdentity=null voiceSpecificInfo=null dataSpecificInfo=null nrState=**** rRplmn= isUsingCarrierAggregation=false}
01-09 22:18:51.881 3642 3970 I System.out: Broadcast completed: result=0
01-09 22:18:51.882 2400 3796 D PackageManager: setEnabledSetting : userId = 0 packageName = com.samsung.android.networkdiagnostic cmp = androidx.work.impl.background.systemalarm.RescheduleReceiver newState = 1 callingPackage = com.samsung.android.networkdiagnostic
01-09 22:18:51.882 10717 10717 I ViewRootImpl@64be10f[Main_Activity]: registerCallbacksForSync syncBuffer=false
01-09 22:18:51.883 10717 10792 I ViewRootImpl@64be10f[Main_Activity]: Received frameDrawingCallback syncResult=0 frameNum=3.
01-09 22:18:51.883 2400 3796 D ApplicationPolicy: getApplicationStateEnabled : pkg = com.samsung.android.networkdiagnostic userId : 0
01-09 22:18:51.883 10717 10792 I ViewRootImpl@64be10f[Main_Activity]: mWNT: t=0xb40000722d577950 mBlastBufferQueue=0xb4000073ed552330 fn= 3 mRenderHdrSdrRatio=1.0 caller= android.view.ViewRootImpl$8.onFrameDraw:13826 android.view.ThreadedRenderer$1.onFrameDraw:792
01-09 22:18:51.883 10717 10792 I ViewRootImpl@64be10f[Main_Activity]: Setting up sync and frameCommitCallback
01-09 22:18:51.883 2400 3796 D ApplicationPolicy: getApplicationComponentState : pkg = com.samsung.android.networkdiagnostic userId : 0
01-09 22:18:51.884 10717 10787 I ViewRootImpl@64be10f[Main_Activity]: Received frameCommittedCallback lastAttemptedDrawFrameNum=3 didProduceBuffer=true
01-09 22:18:51.884 10717 10717 I ViewRootImpl@64be10f[Main_Activity]: reportDrawFinished seqId=0
01-09 22:18:51.884 2400 5671 D WindowManager: finishDrawingWindow: Window{a663267 u0 com.innowireless.xcal.mobile5/com.innowireless.xcal.mobile5.ui.Main_Activity} mDrawState=HAS_DRAWN seqId=0
01-09 22:18:51.884 10717 10717 I ViewRootImpl@6f023a[Main_Activity]: Setup new sync=wmsSync-ViewRootImpl@6f023a[Main_Activity]#16
01-09 22:18:51.884 10717 10717 I ViewRootImpl@6f023a[Main_Activity]: Creating new active sync group ViewRootImpl@6f023a[Main_Activity]#17
01-09 22:18:51.884 10717 10717 I ViewRootImpl@6f023a[Main_Activity]: registerCallbacksForSync syncBuffer=false
01-09 22:18:51.884 10717 10791 I ViewRootImpl@6f023a[Main_Activity]: Received frameDrawingCallback syncResult=0 frameNum=3.
01-09 22:18:51.884 10717 10791 I ViewRootImpl@6f023a[Main_Activity]: mWNT: t=0xb40000722d5790b0 mBlastBufferQueue=0xb4000073ed54d510 fn= 3 mRenderHdrSdrRatio=1.0 caller= android.view.ViewRootImpl$8.onFrameDraw:13826 android.view.ThreadedRenderer$1.onFrameDraw:792
01-09 22:18:51.884 10717 10791 I ViewRootImpl@6f023a[Main_Activity]: Setting up sync and frameCommitCallback
01-09 22:18:51.885 10717 10787 I ViewRootImpl@6f023a[Main_Activity]: Received frameCommittedCallback lastAttemptedDrawFrameNum=3 didProduceBuffer=true
01-09 22:18:51.885 3642 4721 I System.out: Broadcast completed: result=0
01-09 22:18:51.885 10717 10717 I ViewRootImpl@6f023a[Main_Activity]: reportDrawFinished seqId=0
01-09 22:18:51.885 10717 10717 I ViewRootImpl@cec25af[Main_Activity]: handleWindowFocusChanged: 0 0 call from android.view.ViewRootImpl.-$$Nest$mhandleWindowFocusChanged:0
01-09 22:18:51.886 2400 5671 D WindowManager: finishDrawingWindow: Window{334ba7b u0 com.innowireless.xcal.mobile5/com.innowireless.xcal.mobile5.ui.Main_Activity} mDrawState=HAS_DRAWN seqId=0
01-09 22:18:51.886 10717 10717 I ImeFocusController: onPreWindowFocus: skipped, hasWindowFocus=false mHasImeFocus=true
01-09 22:18:51.886 10717 10717 I ImeFocusController: onPostWindowFocus: skipped, hasWindowFocus=false mHasImeFocus=true
01-09 22:18:51.886 2400 2632 D LocalDisplayAdapter: updateActiveModeLocked for d=4630946315032985731, mActiveModeId=8, mActiveSfDisplayMode=DisplayMode{id=7, width=1080, height=2340, xDpi=381.0, yDpi=378.573, refreshRate=120.00001, appVsyncOffsetNanos=0, presentationDeadlineNanos=9333333, supportedHdrTypes=[4, 2, 3], group=1080}
01-09 22:18:51.887 2400 2632 I DisplayDeviceRepository: Display device changed: DisplayDeviceInfo{"Built-in Screen": uniqueId="local:4630946315032985731", 1440 x 3120, modeId 8, renderFrameRate 120.00001, defaultModeId 3, supportedModes [{id=1, width=1440, height=3120, fps=120.00001, alternativeRefreshRates=[10.0, 24.000002, 30.000002, 48.000004, 60.000004, 80.0], supportedHdrTypes=[2, 3, 4]}, {id=2, width=1440, height=3120, fps=80.0, alternativeRefreshRates=[10.0, 24.000002, 30.000002, 48.000004, 60.000004, 120.00001], supportedHdrTypes=[2, 3, 4]}, {id=3, width=1440, height=3120, fps=60.000004, alternativeRefreshRates=[10.0, 24.000002, 30.000002, 48.000004, 80.0, 120.00001], supportedHdrTypes=[2, 3, 4]}, {id=4, width=1440, height=3120, fps=48.000004, alternativeRefreshRates=[10.0, 24.000002, 30.000002, 60.000004, 80.0, 120.00001], supportedHdrTypes=[2, 3, 4]}, {id=5, width=1440, height=3120, fps=30.000002, alternativeRefreshRates=[10.0, 24.000002, 48.000004, 60.000004, 80.0, 120.00001], supportedHdrTypes=[2, 3, 4]}, {id=6, width=1440, height=3120, fps=24.000002, alternativeRefreshRates=[10.0, 30.000002, 48.000004, 60.000004, 80.0, 120.00001], supportedHdrTypes=[2, 3, 4]}, {id=7, width=1440, height=3120, fps=10.0, alternativeRefreshRates=[24.000002, 30.000002, 48.000004, 60.000004, 80.0, 120.00001], supportedHdrTypes=[2, 3, 4]}, {id=8, width=1080, height=2340, fps=120.00001, alternativeRefreshRates=[10.0, 24.000002, 30.000002, 48.000004, 60.000004, 80.0], supportedHdrTypes=[2, 3, 4]}, {id=9, width=1080, height=2340, fps=80.0, alternativeRefreshRates=[10.0, 24.000002, 30.000002, 48.000004, 60.000004, 120.00001], supportedHdrTypes=[2, 3, 4]}, {id=10, width=1080, height=2340, fps=60.000004, alternativeRefreshRates=[10.0, 24.000002, 30.000002, 48.000004, 80.0, 120.00001], supportedHdrTypes=[2, 3, 4]}, {id=11, width=1080, height=2340, fps=48.000004, alternativeRefreshRates=[10.0, 24.000002, 30.000002, 60.000004, 80.0, 120.00001], supportedHdrTypes=[2, 3, 4]}, {id=12, width=1080, height=2340, fps=30.000002, alternativeRefreshRates=[10.0, 24.000002, 48.000004, 60.000004, 80.0, 120.00001], supportedHdrTypes=[2, 3, 4]}, {id=13, width=1080, height=2340, fps=24.000002, alternativeRefreshRates=[10.0, 30.000002, 48.000004, 60.000004, 80.0, 120.00001], supportedHdrTypes=[2, 3, 4]}, {id=14, width=1080, height=2340, fps=10.0, alternativeRefreshRates=[24.000002, 30.000002, 48.000004, 60.000004, 80.0, 120.00001], supportedHdrTypes=[2, 3, 4]}, {id=15, width=720, height=1560, fps=120.00001, alternativeRefreshRates=[10.0, 24.000002, 30.000002, 48.000004, 60.000004, 80.0], supportedHdrTypes=[2, 3, 4]}, {id=16, width=720, height=1560, fps=80.0, alternativeRefreshRates=[10.0, 24.000002, 30.000002, 48.000004, 60.000004, 120.00001], supportedHdrTypes=[2, 3, 4]}, {id=17, width=720, height=1560, fps=60.000004, alternativeRefreshRates=[10.0, 24.000002, 30.000002, 48.000004, 80.0, 120.00001], supportedHdrTypes=[2, 3, 4]}, {id=18, width=720, height=1560, fps=48.000004, alternativeRefreshRates=[10.0, 24.000002, 30.000002, 60.000004, 80.0, 120.00001], supportedHdrTypes=[2, 3, 4]}, {id=19, width=720, height=1560, fps=30.000002, alternativeRefreshRates=[10.0, 24.000002, 48.000004, 60.000004, 80.0, 120.00001], supportedHdrTypes=[2, 3, 4]}, {id=20, width=720, height=1560, fps=24.000002, alternativeRefreshRates=[10.0, 30.000002, 48.000004, 60.000004, 80.0, 120.00001], supportedHdrTypes=[2, 3, 4]}, {id=21, width=720, height=1560, fps=10.0, alternativeRefreshRates=[24.000002, 30.000002, 48.000004, 60.000004, 80.0, 120.00001], supportedHdrTypes=[2, 3, 4]}], colorMode 0, supportedColorModes [0, 7, 9], hdrCapabilities HdrCapabilities{mSupportedHdrTypes=[2, 3, 4], mMaxLuminance=450.0, mMaxAverageLuminance=225.00024, mMinLuminance=5.0E-4}, allmSupported false, gameContentTypeSupported false, density 600, 508.0 x 504.764 dpi, appVsyncOff 0, presDeadline 17666666, cutout DisplayCutout{insets=Rect(0, 101 - 0, 0) waterfall=Insets{left=0, top=0, right=0, bottom=0} boundingRect={Bounds=[Rect(0, 0 - 0, 0), Rect(687, 0 - 754, 101), Rect(0, 0 - 0, 0), Rect(0, 0 - 0, 0)]} cuto
01-09 22:18:51.888 1635 1635 I Layer : id=1422 Destroyed Surface(name=def6e3d NavigationBar0)/@0xe43c5c7 - animation-leash of insets_animation#1422
01-09 22:18:51.888 3642 3642 D SST : !@Boot_SVC : CS Registered
01-09 22:18:51.888 1635 1635 I Layer : id=1421 Destroyed Surface(name=7db99 StatusBar)/@0xa4e36a9 - animation-leash of insets_animation#1421
01-09 22:18:51.890 2400 6615 D LiftUpHandler: [LTW] Stopped already.
01-09 22:18:51.891 1635 1635 D SurfaceFlinger: Display 4630946315032985731 HWC layers:
01-09 22:18:51.891 1635 1635 D SurfaceFlinger: DEVICE | 0xb40000738be51920 | 0102 | RGBA_8888 | 0.0 0.0 1080.0 2340.0 | 0 0 1080 2340 | com.innowireless.xcal.mobile5/com.in[...]mobile5.ui.Main_Activity$_10717#1386
01-09 22:18:51.891 1635 1635 D SurfaceFlinger: DEVICE | 0xb40000738be461c0 | 0100 | RGBA_8888 | 0.0 0.0 900.0 612.0 | 90 834 990 1446 | com.innowireless.xcal.mobile5/com.in[...]mobile5.ui.Main_Activity$_10717#1415
01-09 22:18:51.891 1635 1635 D SurfaceFlinger: DEVICE | 0xb40000738be4e9e0 | 0100 | RGBA_8888 | 0.0 0.0 900.0 547.0 | 92 868 988 1413 | com.innowireless.xcal.mobile5/com.in[...]mobile5.ui.Main_Activity$_10717#1426
01-09 22:18:51.891 1635 1635 D SurfaceFlinger: SOLID_COLOR | | 0000 | Unknown | 0.0 0.0 0.0 0.0 | 0 0 1080 2340 | Dim Layer for - Task=23#1417
01-09 22:18:51.891 1635 1635 D SurfaceFlinger: DEVICE | 0xb40000738be2b7f0 | 0100 | RGBA_8888 | 0.0 0.0 1080.0 76.0 | 0 0 1080 76 | StatusBar$_3670#88
01-09 22:18:51.891 1635 1635 D SurfaceFlinger: DEVICE | 0xb40000738be446c0 | 0100 | RGBA_8888 | 0.0 0.0 67.0 342.0 | 1013 438 1080 780 | com.sec.android.app.launcher/com.sam[...]ce.edge.Cockta
01-09 22:18:51.891 1635 1635 D SurfaceFlinger: ilBarService$_4060#801
01-09 22:18:51.891 1635 1635 D SurfaceFlinger: DEVICE | 0xb40000738be44a20 | 0100 | RGBA_8888 | 0.0 0.0 1080.0 135.0 | 0 2205 1080 2340 | NavigationBar0$_3670#87
01-09 22:18:51.891 1635 1635 D SurfaceFlinger:
01-09 22:18:51.895 2400 5682 D InputDispatcher: Focus entered window (0): 334ba7b com.innowireless.xcal.mobile5/com.innowireless.xcal.mobile5.ui.Main_Activity
01-09 22:18:51.896 2400 2400 D SGM:GameManager: onDisplayChanged. displyId: 0, state: 2
01-09 22:18:51.896 1635 1635 D SurfaceFlinger: Display 4630946315032985731 HWC layers:
01-09 22:18:51.896 1635 1635 D SurfaceFlinger: DEVICE | 0xb40000738be4d360 | 0102 | RGBA_8888 | 0.0 0.0 1080.0 2340.0 | 0 0 1080 2340 | com.innowireless.xcal.mobile5/com.in[...]mobile5.ui.Main_Activity$_10717#1386
01-09 22:18:51.896 1635 1635 D SurfaceFlinger: DEVICE | 0xb40000738be461c0 | 0100 | RGBA_8888 | 0.0 0.0 900.0 612.0 | 90 834 990 1446 | com.innowireless.xcal.mobile5/com.in[...]mobile5.ui.Main_Activity$_10717#1415
01-09 22:18:51.896 1635 1635 D SurfaceFlinger: DEVICE | 0xb40000738be4b620 | 0100 | RGBA_8888 | 0.0 0.0 900.0 547.0 | 91 867 989 1414 | com.innowireless.xcal.mobile5/com.in[...]mobile5.ui.Main_Activity$_10717#1426
01-09 22:18:51.896 1635 1635 D SurfaceFlinger: SOLID_COLOR | | 0000 | Unknown | 0.0 0.0 0.0 0.0 | 0 0 1080 2340 | Dim Layer for - Task=23#1417
01-09 22:18:51.896 1635 1635 D SurfaceFlinger: DEVICE | 0xb40000738be4cc10 | 0100 | RGBA_8888 | 0.0 0.0 892.0 494.0 | 124 910 956 1370 | com.innowireless.xcal.mobile5/com.in[...]mobile5.ui.Main_Activity$_10717#1428
01-09 22:18:51.896 1635 1635 D SurfaceFlinger: DEVICE | 0xb40000738be38a50 | 0100 | RGBA_8888 | 0.0 0.0 1080.0 76.0 | 0 0 1080 7
01-09 22:18:51.896 1635 1635 D SurfaceFlinger: 6 | StatusBar$_3670#88
01-09 22:18:51.896 1635 1635 D SurfaceFlinger: DEVICE | 0xb40000738be446c0 | 0100 | RGBA_8888 | 0.0 0.0 67.0 342.0 | 1013 438 1080 780 | com.sec.android.app.launcher/com.sam[...]ce.edge.CocktailBarService$_4060#801
01-09 22:18:51.896 1635 1635 D SurfaceFlinger: DEVICE | 0xb40000738be44a20 | 0100 | RGBA_8888 | 0.0 0.0 1080.0 135.0 | 0 2205 1080 2340 | NavigationBar0$_3670#87
01-09 22:18:51.896 1635 1635 D SurfaceFlinger:
01-09 22:18:51.896 2400 2400 D SGM:GameManager: dpi: 450, longPixel: 2129, shortPixel: 1080
01-09 22:18:51.896 2400 3306 D SGM:FgCheckThread: onLooperPrepared(), msg: MSG_LCD_ON
01-09 22:18:51.896 2400 2400 D AODManagerService: requestReCalToTSP IsSingleTouchMode = falserequestedReCalToTSP = false / previousDisplayState = ON
01-09 22:18:51.897 1635 1938 I VSyncReactor: Current= 120, Period= 120, Distance= 11
01-09 22:18:51.898 3642 3732 I TelephonyProvider: D/TelephonyProvider: update: match = 13
01-09 22:18:51.898 3642 3732 I TelephonyProvider: D/TelephonyProvider: subIdString = 3 subId = 3
01-09 22:18:51.898 1619 1815 I AF::Track: setMixerOutConfig expectKey 202
01-09 22:18:51.898 1619 1815 I AF::Track: setMixerOutConfig select, mixer out f 5, s 48000, thread out f 4, s 48000
01-09 22:18:51.898 1619 1815 I AudioPolicyEffectException: MySpaceHandler::checkDetachCondition media 1, ring 0, mp 0
01-09 22:18:51.898 1619 1815 I AudioPolicyEffectException: MySpace detach value 1
01-09 22:18:51.898 1619 1815 W AudioFlinger: moveEffectChain_l() effect chain for session 0 not on source thread 0xb400007f8c4166a0
01-09 22:18:51.898 2400 2632 D DisplayManagerService: Ignore redundant display event 0/2 to 10310/5668
01-09 22:18:51.898 2400 2632 D DisplayManagerService: Ignore redundant display event 0/2 to 10262/7294
01-09 22:18:51.898 2400 2632 D DisplayManagerService: Ignore redundant display event 0/2 to 10367/12808
01-09 22:18:51.899 2400 3406 D AS.SoundAliveUtils: notify dvfs state : 2, screen : true
01-09 22:18:51.899 2400 5682 D CompatibilityChangeReporter: Compat change id reported: 170503758; UID 10396; state: ENABLED
01-09 22:18:51.900 3670 3747 I ViewRootImpl@dc01367[ShellDropTarget]: onDisplayChanged oldDisplayState=2 newDisplayState=2
01-09 22:18:51.900 2400 12559 D PerProcessNandswap$NandswapHandler: nandswap start for non-activity com.samsung.android.networkdiagnostic(pid 10182) action:3 adj:250 type:1
01-09 22:18:51.900 2400 2400 D AudioPlayerStateMonitor: Found a new active media playback. AudioPlaybackConfiguration piid:239 deviceId:0 type:android.media.AudioTrack u/pid:1000/8721 state:started attr:AudioAttributes: usage=USAGE_MEDIA content=CONTENT_TYPE_SPEECH flags=0x800 tags= bundle=null sessionId:233 mutedState:none FormatInfo{isSpatialized=false, channelMask=0x0, sampleRate=0}
01-09 22:18:51.900 2400 2400 D MediaRouter: onRestoreRoute() : route=RouteInfo{ name=Phone, description=null, status=null, category=RouteCategory{ name=System types=ROUTE_TYPE_LIVE_AUDIO ROUTE_TYPE_LIVE_VIDEO groupable=false }, supportedTypes=ROUTE_TYPE_LIVE_AUDIO ROUTE_TYPE_LIVE_VIDEO , presentationDisplay=null }
01-09 22:18:51.900 2400 2632 D RefreshRateModeManager: updateDefaultDisplayToken: android.os.BinderProxy@9b6f71e, isChanged: false
01-09 22:18:51.900 7383 7383 I ViewRootImpl@d5c0726[InputMethod]: onDisplayChanged oldDisplayState=2 newDisplayState=2
01-09 22:18:51.900 3670 3670 D DisplayLifecycle: updateDisplay id = 0
01-09 22:18:51.900 7383 7383 I SPenContext: virtual void SPen::Context::SetDisplayRefreshRate(float) framerate=120
01-09 22:18:51.900 1388 2839 D QC-time-services: Daemon:tod_update_ind_cb: Got Update from modem msg_id 51
01-09 22:18:51.901 7383 7383 I LatencyConfiguration: void SPen::LatencyConfiguration::UpdateRefreshRate(float) RefreshRate=120.000008
01-09 22:18:51.901 3670 3670 I ViewRootImpl@acc37e0[LockscreenShortcutBlur]: onDisplayChanged oldDisplayState=2 newDisplayState=2
01-09 22:18:51.901 7383 7383 I LatencyConfiguration: void SPen::LatencyConfiguration::UpdateRefreshRate(float) RefreshRateCallback 0xb40000722d535c10
01-09 22:18:51.901 3670 3670 I ViewRootImpl@91af0bf[NavigationBar0]: onDisplayChanged oldDisplayState=2 newDisplayState=2
01-09 22:18:51.901 3670 3670 I ViewRootImpl@e9971b[NotificationShade]: onDisplayChanged oldDisplayState=2 newDisplayState=2
01-09 22:18:51.901 7383 7383 I spe_log : virtual void SPen::FbrDrawPad::SetRefreshRate(float) = 120.000
01-09 22:18:51.901 7383 7383 I spe_log : virtual void SPen::FbrDrawPad::SetRefreshRate(float) mFrameDurationNano=8333333, mDisplayRefreshDurationNano: 8333333
01-09 22:18:51.901 7383 7383 I spe_log : virtual void SPen::LowLatencyStrokeView::SetRefreshRate(float) refresh rate=120.000
01-09 22:18:51.901 3670 3670 I ViewRootImpl@518c0ef[StatusBar]: onDisplayChanged oldDisplayState=2 newDisplayState=2
01-09 22:18:51.901 3670 3670 I ViewRootImpl@4a00117[Bouncer]: onDisplayChanged oldDisplayState=2 newDisplayState=2
01-09 22:18:51.901 9398 9418 I SAContentProvider: getType() : screen on is true
01-09 22:18:51.901 1496 2966 D AudioSAEffectOffload: send_custom_payload_effect: enter, tag: 0xc00000b, custom_data_sz: 28
01-09 22:18:51.901 1496 2966 I PAL: ResourceManager: setParameter: 11978: PAL_PARAM_ID_UIEFFECT VOLUMEMONITOR_SET_PARAMS(0x10001f43)
01-09 22:18:51.901 1496 2966 I PAL: API: pal_gef_rw_param: 1597: set global parameter 4, status -22
01-09 22:18:51.901 1496 2966 I PAL: ResourceManager: setParameter: 11978: PAL_PARAM_ID_UIEFFECT VOLUMEMONITOR_SET_PARAMS(0x10001f43)
01-09 22:18:51.901 1496 2966 I PAL: API: pal_gef_rw_param: 1597: set global parameter 4, status -22
01-09 22:18:51.901 1496 2966 I PAL: ResourceManager: setParameter: 11978: PAL_PARAM_ID_UIEFFECT VOLUMEMONITOR_SET_PARAMS(0x10001f43)
01-09 22:18:51.901 1496 2966 I PAL: API: pal_gef_rw_param: 1597: set global parameter 4, status -22
01-09 22:18:51.901 1496 2966 I PAL: ResourceManager: setParameter: 11978: PAL_PARAM_ID_UIEFFECT VOLUMEMONITOR_SET_PARAMS(0x10001f43)
01-09 22:18:51.901 1496 2966 I PAL: API: pal_gef_rw_param: 1597: set global parameter 4, status -22
01-09 22:18:51.901 1496 2966 D AudioSAEffectOffload: send_custom_payload_effect: exit, tag: 0xc00000b, custom_data_sz: 28
01-09 22:18:51.901 1496 2966 D AudioSAEffectOffload: offload_param_dump() : status[-22] value[ VM,0,0,0,0,2,0,0 ]
01-09 22:18:51.901 3670 3841 D StackScroller: onDisplayChanged for predraw skip to 2
01-09 22:18:51.901 1496 1570 D AHAL: AudioDevice: SetParameters: 1836: enter
01-09 22:18:51.901 1496 1570 D AHAL: AudioVoice: VoiceSetParameters: 200: Enter
01-09 22:18:51.901 1496 1570 D AHAL: AudioVoice: VoiceSetParameters: 479: Exit ret: 0
01-09 22:18:51.901 1496 1570 D AHAL: hfp: hfp_set_parameters: 444: enter
01-09 22:18:51.901 1496 1570 D AHAL: AudioDevice: SetParameters: 2714: exit: l_stream_music_active=true
01-09 22:18:51.902 2400 3796 I Telecom:SamsungTelecomServiceImpl: isInCall - callingPackage : com.android.systemui / callingUser : UserHandle{0} / hasCrossUserAccess : true
01-09 22:18:51.902 2040 12052 D QC-time-services: Lib:time_genoff_operation: pargs->base = 13
01-09 22:18:51.902 2040 12052 D QC-time-services: Lib:time_genoff_operation: pargs->operation = 0
01-09 22:18:51.902 2040 12052 D QC-time-services: Lib:time_genoff_operation: pargs->ts_val = 2005265350131000
01-09 22:18:51.902 1619 1815 I AudioFlinger: updateStageIndex new -2108
01-09 22:18:51.902 1619 1815 D audioserver: FGS Logger Transaction failed
01-09 22:18:51.902 1619 1815 D audioserver: -129
01-09 22:18:51.903 1388 1404 D QC-time-services: Daemon: Connection accepted:time_genoff
01-09 22:18:51.903 2400 2400 D SemWifiService: onServiceStateChanged : state - 0, dataNetworkType : 18
01-09 22:18:51.903 1635 1938 I VSyncReactor: Current= 120, Period= 120, Distance= 120
01-09 22:18:51.903 1619 2927 I AudioMixer: create resampler src 24000, 1, dst 48000, 1, f 0x5, q 8
01-09 22:18:51.903 2040 12052 D QC-time-services: Lib:time_genoff_operation: Send to server passed!!
01-09 22:18:51.903 1619 2927 D DlbEffectContext: setParam() received parameter EFFECT_PARAM_SEEK
01-09 22:18:51.903 1619 2927 D DlbEffectContext: handleSeek(seek operation ends, restore profile to 2)
01-09 22:18:51.903 1619 2927 D DlbEffectContext: transformExternalGain() volume:0x8A82 fVol:0.002113 extVal:-856
01-09 22:18:51.903 1619 2927 D DlbEndpointParamCache: commitChangedParams()
01-09 22:18:51.903 1619 2927 D DlbEndpointParamCache: commit() Applying parameters for device 0x40000000
01-09 22:18:51.903 1619 2927 D DlbDap2Process: setParam(preg = #1[0])
01-09 22:18:51.903 1619 2927 D DlbDap2Process: setSystemGain(vol = 0)
01-09 22:18:51.903 1619 2927 D DlbDap2Process: setParam(svol = #1[-856])
01-09 22:18:51.903 1619 2927 D DlbEndpointParamCache: doCommit() Committed 2 parameters out of 16.
01-09 22:18:51.903 1619 2927 D DlbEndpointParamCache: commit() Overriding parameters for current device 0x00000002
01-09 22:18:51.903 1619 2927 D DlbEndpointParamCache: doCommit() Committed 0 parameters out of 58.
01-09 22:18:51.903 1619 2927 I SoundBoosterEffectPlus: SB_setVolume(0xb400007dae0689d0)
01-09 22:18:51.903 2400 3796 I LocationAccessPolicy: com.android.systemui is aware of fine but the app-ops permission is specifically denied.
01-09 22:18:51.903 1619 2927 I SoundBoosterEffectPlus: command EFFECT_CMD_SET_VOLUME left = 0.002113, right =0.002113
01-09 22:18:51.903 2400 3796 I LocationAccessPolicy: checkLocationPermission - callingUid: 10103, callingPid: 3670, resultForFine: DENIED_SOFT
01-09 22:18:51.903 1619 2927 I SAG_EQ a64: SetVolumeFloat() VolumeFloat [-53.459114]
01-09 22:18:51.903 1619 2927 I SAG_EQ a64: mIsVolumeTableValid yes
01-09 22:18:51.903 1619 2927 I SAG_EQ a64: SetVolume() VolumeIndexInt [1]
01-09 22:18:51.903 1388 12053 D QC-time-services: Daemon:Received base = 13, unit = 1, operation = 0,value = 2005265350131000
01-09 22:18:51.903 1388 12053 D QC-time-services: Daemon:genoff_opr: Base = 13, val = 2005265350131000, operation = 0
01-09 22:18:51.903 4060 4060 I ViewRootImpl@80703e9[CocktailBarService]: onDisplayChanged oldDisplayState=2 newDisplayState=2
01-09 22:18:51.903 4060 4060 I ViewRootImpl@2b5c4f7[LauncherActivity]: onDisplayChanged oldDisplayState=2 newDisplayState=2
01-09 22:18:51.903 4060 4060 I ViewRootImpl@76b08a4[RecentsActivity]: onDisplayChanged oldDisplayState=2 newDisplayState=2
01-09 22:18:51.903 4060 4060 I ViewRootImpl@fdce115[RecentsTransitionOverlay]: onDisplayChanged oldDisplayState=2 newDisplayState=2
01-09 22:18:51.903 1388 12053 D QC-time-services: Daemon:Value read from QTimer mseconds = 1081737
01-09 22:18:51.903 1388 12053 D QC-time-services: Daemon:Value read from RTC mseconds on boot = 13595595000
01-09 22:18:51.903 1388 12053 D QC-time-services: Daemon:Delta read on boot mseconds = 13595574565
01-09 22:18:51.903 1388 12053 D QC-time-services: Daemon:new time 2005265350131000
01-09 22:18:51.903 1388 12053 D QC-time-services: Daemon: delta 2005251753474698 genoff 2005251753474698
01-09 22:18:51.903 1388 12053 D QC-time-services: Daemon:genoff_persistent_update: Writing genoff = 2005251753474698 to memory
01-09 22:18:51.903 1388 12053 D QC-time-services: Daemon:Opening File: /mnt/vendor/persist/time/ats_13 /data/vendor/time/ats_13
01-09 22:18:51.903 1388 12053 D QC-time-services: Daemon:time_persistent_memory_opr:Genoff write operation
01-09 22:18:51.903 2400 3796 I LocationAccessPolicy: com.android.systemui is aware of coarse but the app-ops permission is specifically denied.
01-09 22:18:51.903 2400 3796 I LocationAccessPolicy: checkLocationPermission - callingUid: 10103, callingPid: 3670, resultForCoarse: DENIED_SOFT
01-09 22:18:51.903 2400 3401 W AS.PhoneStateHelper: RIL State is changed: 1 -> 0
01-09 22:18:51.903 1496 2966 D AHAL: AudioDevice: SetParameters: 1836: enter
01-09 22:18:51.903 1496 2966 D AHAL: AudioVoice: VoiceSetParameters: 200: Enter
01-09 22:18:51.903 1496 2966 D AHAL: AudioVoice: VoiceSetParameters: 479: Exit ret: 0
01-09 22:18:51.903 2400 3796 I LocationAccessPolicy: com.android.systemui is aware of fine but the app-ops permission is specifically denied.
01-09 22:18:51.903 1496 2966 D AHAL: hfp: hfp_set_parameters: 444: enter
01-09 22:18:51.903 2400 3796 I LocationAccessPolicy: checkLocationPermission - callingUid: 10103, callingPid: 3670, resultForFine: DENIED_SOFT
01-09 22:18:51.903 1496 2966 D AHAL: AudioDevice: SetParameters: 2714: exit: l_call_ril_state_connected=true
01-09 22:18:51.904 2400 3796 I LocationAccessPolicy: com.android.systemui is aware of coarse but the app-ops permission is specifically denied.
01-09 22:18:51.904 2400 3796 I LocationAccessPolicy: checkLocationPermission - callingUid: 10103, callingPid: 3670, resultForCoarse: DENIED_SOFT
01-09 22:18:51.904 2400 3796 I LocationAccessPolicy: com.android.systemui is aware of fine but the app-ops permission is specifically denied.
01-09 22:18:51.904 2400 3796 I LocationAccessPolicy: checkLocationPermission - callingUid: 10103, callingPid: 3670, resultForFine: DENIED_SOFT
01-09 22:18:51.904 2400 3796 I LocationAccessPolicy: com.android.systemui is aware of coarse but the app-ops permission is specifically denied.
01-09 22:18:51.904 2400 3796 I LocationAccessPolicy: checkLocationPermission - callingUid: 10103, callingPid: 3670, resultForCoarse: DENIED_SOFT
01-09 22:18:51.904 1496 2966 I AHAL: AudioStream: out_update_source_metadata_v7: 1265: track count is 1
01-09 22:18:51.904 1496 2966 D AHAL: AudioStream: out_update_source_metadata_v7: 1310: Source metadata usage:1 content_type:1
01-09 22:18:51.904 1496 2966 D AHAL: AudioStream: SetAggregateSourceMetadata: 4633: Aggregated Source metadata usage:1 content_type:1
01-09 22:18:51.904 1619 2927 I SoundAlive_SRC384 arch64: SoundAlive_SRC384() ID = 13 GID = 14
01-09 22:18:51.904 1619 2927 I SoundAlive_SRC384 arch64: SoundAlive_SRC384: Instance 13 Init(outFs 7, InFs 7, chnum 0, outBW 0, inBW 0)
01-09 22:18:51.904 1619 2927 I Samsung_SoundAlive_SRC arch64: SRC384 version Samsung SoundAlive SRC ver320 arch64 2021.08.04 (Cppref for ARM64, ver.300.c 32bit 07_10_2016 based)
01-09 22:18:51.904 1619 2927 D SoundAliveResampler: [SoundAliveResampler] Init+++
01-09 22:18:51.904 1619 2927 I SoundAlive_SRC384 arch64: SoundAlive_SRC384: Instance 13 Init(outFs 8, InFs 5, chnum 2, outBW 3, inBW 3)
01-09 22:18:51.904 1619 2927 I Samsung_SoundAlive_SRC arch64: SRC384 version Samsung SoundAlive SRC ver320 arch64 2021.08.04 (Cppref for ARM64, ver.300.c 32bit 07_10_2016 based)
01-09 22:18:51.904 2400 2400 D SemWifiApServiceImpl: onServiceStateChanged : 0dataNetworkType : 18
01-09 22:18:51.904 2400 2400 W NSLocationMonitor: onServiceStateChanged, state=0 / channel=-1
01-09 22:18:51.904 2400 2400 I NSLocationMonitor: networkType[0]=UNKNOWN / nrState=false
01-09 22:18:51.904 2400 2400 W NSLocationMonitor: onServiceStateChanged, state=0 / channel=-1
01-09 22:18:51.904 2400 2400 I NSLocationMonitor: networkType[0]=UNKNOWN / nrState=false
01-09 22:18:51.905 2400 3796 W ContextImpl: Calling a method in the system process without a qualified user: android.app.ContextImpl.sendBroadcastMultiplePermissions:1331 android.content.Context.sendBroadcastMultiplePermissions:2480 com.android.server.TelephonyRegistry.broadcastServiceStateChanged:3653 com.android.server.TelephonyRegistry.notifyServiceStateForPhoneId:1749 com.android.internal.telephony.ITelephonyRegistry$Stub.onTransact:542
01-09 22:18:51.905 3797 3797 I EPDG -- SIM0 [SMARTCELLULAR]: onServiceStateChanged: 0
01-09 22:18:51.905 4039 4658 I VolteServiceModule: onServiceStateChanged({mVoiceRegState=0(IN_SERVICE), mDataRegState=0(IN_SERVICE), mChannelNumber=-1, duplexMode()=0, mCellBandwidths=[], mOperatorAlphaLong=airtel, mOperatorAlphaShort=airtel, isManualNetworkSelection=false(automatic), getRilVoiceRadioTechnology=14(LTE), getRilDataRadioTechnology=18(IWLAN), mCssIndicator=unsupported, mNetworkId=*1, mSystemId=*1, mCdmaRoamingIndicator=-1, mCdmaDefaultRoamingIndicator=-1, VoiceRegType=0, Snap=0, PsOnly=false, FemtocellInd=0, SprDisplayRoam=false, OptRadioTech=0, MsimSubmode=0, IsVoiceCallAvailable=true, mIsEmergencyOnly=false, isUsingCarrierAggregation=false, mArfcnRsrpBoost=0, mNetworkRegistrationInfos=[NetworkRegistrationInfo{ domain=PS transportType=WLAN registrationState=HOME networkRegistrationState=HOME roamingType=NOT_ROAMING accessNetworkTechnology=IWLAN rejectCause=0 emergencyEnabled=false availableServices=[DATA] cellIdentity=null voiceSpecificInfo=null dataSpecificInfo=null nrState=**** rRplmn= isUsingCarrierAggregation=false}, NetworkRegistrationInfo{ domain=CS transportType=WWAN registrationState=HOME networkRegistrationState=HOME roamingType=NOT_ROAMING accessNetworkTechnology=LTE rejectCause=0 emergencyEnabled=false availableServices=[VOICE,SMS,VIDEO] cellIdentity=CellIdentityLte:{ mCi=1******73 mPci=292 mTac=4**6 mEarfcn=3686 mBands=[8] mBandwidth=2147483647 mMcc=404 mMnc=92 mAlphaLong=AIRTEL mAlphaShort=airtel mAdditionalPlmns={} mCsgInfo=null} voiceSpecificInfo=VoiceSpecificRegistrationInfo { mCssSupported=false mRoamingIndicator=0 mSystemIsInPrl=0 mDefaultRoamingIndicator=0} dataSpecificInfo=null nrState=**** rRplmn=40492 isUsingCarrierAggregation=false}, NetworkRegistrationInfo{ domain=PS transportType=WWAN registrationState=NOT_REG_SEARCHING networkRegistrationState=NOT_REG_SEARCHING roamingType=NOT_ROAMING accessNetworkTechnology=UNKNOWN rejectCause=0 emergencyEnabled=false availableServices=[] cellIdentity=CellIdentityLte:{ mCi=1******73 mPci=0 mTac=4**6 mEarfcn=2147483647 mBands=[] mBandwidth=2147483647 mMcc=404 mMnc=92 mAlphaLong=AIRTEL mAlphaShort=airtel mAdditionalPlmns={} mCsgInfo=null} voiceSpecificInfo=null dataSpecificInfo=android.telephony.DataSpecificRegistrationInfo :{ maxDataCalls = 16 isDcNrRestricted = false isNrAvailable = false isEnDcAvailable = false mLteAttachResultType = 0 mLteAttachExtraInfo = 0 null } nrState=**** rRplmn=40492 isUsingCarrierAggregation=false}], mNrFrequencyRange=0, mOperatorAlphaLongRaw=airtel, mOperatorAlphaShortRaw=airtel, mIsDataRoamingFromRegistration=false, mIsIwlanPreferred=true})
01-09 22:18:51.905 4039 4658 I VolteServiceModule: mIsLteEpsOnlyAttached(0):false
01-09 22:18:51.905 1619 2927 I AudioFlinger::DualSpkControl: setAmpPower sensor status 0, enableAmp 1
01-09 22:18:51.905 3797 3797 I EPDG -- SIM0 [SMARTWIFI]: onServiceStateChanged state=0
01-09 22:18:51.905 1496 6825 D AHAL: AudioStream: astream_out_set_parameters: 1076: enter: usecase(1: primary-playback) kvpairs: l_dual_speaker_amp_left_power_enable=true
01-09 22:18:51.905 1496 6825 D AHAL: AudioStream: SetParameters: 2988: enter
01-09 22:18:51.905 1496 6825 D AHAL: AudioStream: SetParameters: 3033: exit 0
01-09 22:18:51.905 1496 6825 D AHAL: AudioStream: astream_out_set_parameters: 1097: Exit ret: 0
01-09 22:18:51.905 1496 1570 D AHAL: AudioStream: astream_out_set_parameters: 1076: enter: usecase(0: deep-buffer-playback) kvpairs: l_dual_speaker_amp_left_power_enable=true
01-09 22:18:51.905 1496 1570 D AHAL: AudioStream: SetParameters: 2988: enter
01-09 22:18:51.905 1496 1570 D AHAL: AudioStream: SetParameters: 3033: exit 0
01-09 22:18:51.905 1496 1570 D AHAL: AudioStream: astream_out_set_parameters: 1097: Exit ret: 0
01-09 22:18:51.905 1496 3402 D AHAL: AudioStream: astream_out_set_parameters: 1076: enter: usecase(2: low-latency-playback) kvpairs: l_dual_speaker_amp_left_power_enable=true
01-09 22:18:51.905 1496 3402 D AHAL: AudioStream: SetParameters: 2988: enter
01-09 22:18:51.905 1496 3402 D AHAL: AudioStream: SetParameters: 3033: exit 0
01-09 22:18:51.905 1496 3402 D AHAL: AudioStream: astream_out_set_parameters: 1097: Exit ret: 0
01-09 22:18:51.906 1496 2950 D AHAL: AudioStream: astream_out_set_parameters: 1076: enter: usecase(14: audio-ull-playback) kvpairs: l_dual_speaker_amp_left_power_enable=true
01-09 22:18:51.906 1496 2950 D AHAL: AudioStream: SetParameters: 2988: enter
01-09 22:18:51.906 1496 2950 D AHAL: AudioStream: SetParameters: 3033: exit 0
01-09 22:18:51.906 1496 2950 D AHAL: AudioStream: astream_out_set_parameters: 1097: Exit ret: 0
01-09 22:18:51.906 1496 3402 D AHAL: AudioStream: astream_out_set_parameters: 1076: enter: usecase(16: audio-with-haptics-playback) kvpairs: l_dual_speaker_amp_left_power_enable=true
01-09 22:18:51.906 1496 3402 D AHAL: AudioStream: SetParameters: 2988: enter
01-09 22:18:51.906 1496 3402 D AHAL: AudioStream: SetParameters: 3033: exit 0
01-09 22:18:51.906 1496 3402 D AHAL: AudioStream: astream_out_set_parameters: 1097: Exit ret: 0
01-09 22:18:51.906 4060 12027 I HoneySpace.RefreshRateSource: singleFrameMs 8
01-09 22:18:51.906 1496 2950 D AHAL: AudioStream: astream_out_set_parameters: 1076: enter: usecase(2: low-latency-playback) kvpairs: l_dual_speaker_amp_left_power_enable=true
01-09 22:18:51.906 1496 2950 D AHAL: AudioStream: SetParameters: 2988: enter
01-09 22:18:51.906 1496 2950 D AHAL: AudioStream: SetParameters: 3033: exit 0
01-09 22:18:51.906 1496 2950 D AHAL: AudioStream: astream_out_set_parameters: 1097: Exit ret: 0
01-09 22:18:51.906 1496 3402 D AHAL: AudioStream: astream_out_set_parameters: 1076: enter: usecase(32: audio-playback-voip) kvpairs: l_dual_speaker_amp_left_power_enable=true
01-09 22:18:51.906 1496 3402 D AHAL: AudioStream: SetParameters: 2988: enter
01-09 22:18:51.906 1496 3402 D AHAL: AudioStream: SetParameters: 3033: exit 0
01-09 22:18:51.906 1496 3402 D AHAL: AudioStream: astream_out_set_parameters: 1097: Exit ret: 0
01-09 22:18:51.906 1496 2950 D AHAL: AudioStream: astream_out_set_parameters: 1076: enter: usecase(2: low-latency-playback) kvpairs: l_dual_speaker_amp_left_power_enable=true
01-09 22:18:51.906 1496 2950 D AHAL: AudioStream: SetParameters: 2988: enter
01-09 22:18:51.906 1496 2950 D AHAL: AudioStream: SetParameters: 3033: exit 0
01-09 22:18:51.906 1496 2950 D AHAL: AudioStream: astream_out_set_parameters: 1097: Exit ret: 0
01-09 22:18:51.906 3797 4669 I EPDG -- SIM0 [NetController]: WWAN Voice Regi: 0 Roaming: 0
01-09 22:18:51.906 1619 2927 I SoundAlive_Interface_a64: [ 2 ][ 48000 ]FlushBuffers()
01-09 22:18:51.906 3797 4669 I EPDG -- SIM0 [NetController]: WWAN Data Regi: 1 Rat: 0 Roaming: false
01-09 22:18:51.906 1496 19327 D AHAL: AudioStream: AutoPerfLock: 157: (Acquired) perf_lock_handle: 0x0, count: 1
01-09 22:18:51.906 1496 19327 I AHAL: AudioStream: Open: 3425: Enter: OutPrimary usecase(0: deep-buffer-playback)
01-09 22:18:51.906 1496 19327 D AHAL: AudioStream: Open: 3431: no_of_devices 1
01-09 22:18:51.906 1496 19327 I AHAL: AudioStream: Open: 3445: flags_:0x8, mAndroidOutDevices 2
01-09 22:18:51.906 1496 19327 D AHAL: AudioStream: Open: 3518: halInputFormat 4 halOutputFormat 4 palformat 22
01-09 22:18:51.906 1496 19327 D AHAL: AudioStream: Open: 3600: channels 2 samplerate 48000 format id 22, stream type 2 stream bitwidth 32
01-09 22:18:51.906 1496 19327 D AHAL: AudioStream: Open: 3601: msample_rate 0 mchannels 0 mNoOfOutDevices 1
01-09 22:18:51.906 1496 19327 I PAL: API: pal_stream_open: 228: Enter, stream type:2
01-09 22:18:51.907 1496 19327 I PAL: Device: setDeviceAttributes: 396: DeviceAttributes for Device Id 3 updated
01-09 22:18:51.907 1496 19327 I PAL: Device: open: 476: Enter. deviceCount 0 for device id 3 (PAL_DEVICE_OUT_SPEAKER)
01-09 22:18:51.907 1496 19327 I PAL: SessionAlsaUtils: setDeviceMediaConfig: 1063: TDM-LPAIF-RX-PRIMARY rate ch fmt data_fmt 48000 2 6 1
01-09 22:18:51.907 1496 19327 D audio_route: Apply path: speaker
01-09 22:18:51.907 3797 4669 I EPDG -- SIM0 [EpdgSubScription]: getIsAirplaneMode: returning: false
01-09 22:18:51.907 2400 3796 W ContextImpl: Calling a method in the system process without a qualified user: android.app.ContextImpl.sendBroadcastMultiplePermissions:1364 com.android.server.TelephonyRegistry.broadcastServiceStateChanged:3658 com.android.server.TelephonyRegistry.notifyServiceStateForPhoneId:1749 com.android.internal.telephony.ITelephonyRegistry$Stub.onTransact:542 android.os.Binder.execTransactInternal:1380
01-09 22:18:51.907 2400 2400 D SemWifiService: received: android.intent.action.SERVICE_STATE
01-09 22:18:51.908 1496 19327 I PAL: Device: open: 511: Exit. deviceCount 1 for device id 3 (PAL_DEVICE_OUT_SPEAKER), exit status: 0
01-09 22:18:51.908 1496 19327 I PAL: ResourceManager: allocateFrontEndIds: 7099: allocateFrontEndIds: front end 126
01-09 22:18:51.908 1496 19327 I PAL: PayloadBuilder: populateStreamKV: 3150: stream type 2
01-09 22:18:51.908 1496 19327 I PAL: PayloadBuilder: getSelectorValues: 2972: Direction: 1
01-09 22:18:51.908 1496 19327 I PAL: PayloadBuilder: getSelectorValues: 2988: Instance: 1
01-09 22:18:51.908 1496 19327 I PAL: PayloadBuilder: findKVs: 2862: key: 0xa1000000 value: 0xa1000001
01-09 22:18:51.908 1496 19327 I PAL: PayloadBuilder: findKVs: 2862: key: 0xab000000 value: 0x1
01-09 22:18:51.908 1496 19327 I PAL: PayloadBuilder: populateStreamCkv: 3492: Entered default a4000000 f
01-09 22:18:51.908 1496 19327 I PAL: PayloadBuilder: populateDeviceKV: 3274: Enter device id:3
01-09 22:18:51.908 1496 19327 I PAL: PayloadBuilder: findKVs: 2875: key: 0xa2000000 value: 0xa2000001
01-09 22:18:51.908 1496 19327 I PAL: PayloadBuilder: populateDeviceKV: 3302: Exit device id:3, status 0
01-09 22:18:51.908 1496 19327 I PAL: PayloadBuilder: populateDevicePPKV: 3415: Rx device id:3
01-09 22:18:51.908 1496 19327 I PAL: PayloadBuilder: getSelectorValues: 3048: stream type: 2
01-09 22:18:51.908 1496 19327 I PAL: PayloadBuilder: findKVs: 2862: key: 0xa2000000 value: 0xa2000001
01-09 22:18:51.908 1496 19327 I PAL: PayloadBuilder: findKVs: 2862: key: 0xac000000 value: 0xac000002
01-09 22:18:51.908 1496 19327 I PAL: PayloadBuilder: populateDevicePPCkv: 3584: SpeakerProt Status[0], RAS Status[0]
01-09 22:18:51.908 1496 19327 D agm_server_wrapper: Aif id 32 already added to session list of 126
01-09 22:18:51.908 1496 19327 I AGM: session: session_obj_set_sess_aif_metadata: 1782 Exit
01-09 22:18:51.908 1496 19327 D agm_server_wrapper: Aif id 32 already added to session list of 126
01-09 22:18:51.908 1496 19327 I AGM: API: agm_session_aif_connect: 652 connecting aifid:32 with session id=126
01-09 22:18:51.908 1496 19327 I PAL: API: pal_stream_open: 274: Exit. Value of stream_handle 0xb4000078dfc2c8d0K, status 0 : PAL_STREAM_DEEP_BUFFER(2)
01-09 22:18:51.908 1496 19327 D AHAL: AudioStream: GetBufferSize: 3364: type 2
01-09 22:18:51.908 1496 19327 D AHAL: AudioStream: Open: 3816: fragment_size_ 7680 fragments_ 4
01-09 22:18:51.908 4893 5021 W NetworkManager_FLP: updateServiceStateChanged, serviceState=0 / isRegistered=true / channel=2147483647 / networkTypeName=UNKNOWN / nr=false
01-09 22:18:51.908 1496 19327 D AHAL: AudioStream: Open: 3876: Exit ret: 0
01-09 22:18:51.908 1496 19327 D AHAL: AudioStream: ~AutoPerfLock: 167: (release) perf_lock_handle: 0x0, count: 1
01-09 22:18:51.908 1496 19327 D AHAL: AudioStream: ~AutoPerfLock: 171: Releasing perf_lock_handle: 0x0
01-09 22:18:51.908 1496 19327 D AHAL: AudioStream: AutoPerfLock: 157: (Acquired) perf_lock_handle: 0x0, count: 1
01-09 22:18:51.908 1496 19327 I PAL: API: pal_stream_start: 347: Enter. Stream handle 0xb4000078dfc2c8d0K
01-09 22:18:51.908 1496 19327 I PAL: SessionAlsaUtils: setDeviceMediaConfig: 1063: TDM-LPAIF-RX-PRIMARY rate ch fmt data_fmt 48000 2 6 1
01-09 22:18:51.908 1496 19327 I PAL: ResourceManager: voteSleepMonitor: 2226: Voting done for nlpi use case, lpi votes 0, nlpi votes : 1
01-09 22:18:51.908 4893 5021 I NetworkManager_FLP: Success to update networkStatus, Service=0 / Network=UNKNOWN(band=0, ch=2147483647) / MobileData=false, roaming=false / WIFI=true, conn=true / BT=true, conn=false
01-09 22:18:51.908 4893 5021 W NetworkManager_FLP: updateServiceStateChanged, serviceState=0 / isRegistered=true / channel=2147483647 / networkTypeName=UNKNOWN / nr=false
01-09 22:18:51.908 2400 3796 W ContextImpl: Calling a method in the system process without a qualified user: android.app.ContextImpl.sendBroadcastMultiplePermissions:1364 com.android.server.TelephonyRegistry.broadcastServiceStateChanged:3667 com.android.server.TelephonyRegistry.notifyServiceStateForPhoneId:1749 com.android.internal.telephony.ITelephonyRegistry$Stub.onTransact:542 android.os.Binder.execTransactInternal:1380
01-09 22:18:51.908 10182 12054 I [ND]SurveyMeasurementWorker: androidx.work-3 | Start Work
01-09 22:18:51.908 10182 12054 I [ND]SurveyMeasurementWorker: androidx.work-3 | internal receiver is registered
01-09 22:18:51.908 1496 19327 D agm_client_wrapper: agm_session_open called with handle = fcf51bf0 , *handle = 0
01-09 22:18:51.909 2400 3796 W ContextImpl: Calling a method in the system process without a qualified user: android.app.ContextImpl.sendBroadcastMultiplePermissions:1364 com.android.server.TelephonyRegistry.broadcastServiceStateChanged:3673 com.android.server.TelephonyRegistry.notifyServiceStateForPhoneId:1749 com.android.internal.telephony.ITelephonyRegistry$Stub.onTransact:542 android.os.Binder.execTransactInternal:1380
01-09 22:18:51.909 3670 3670 D CarrierTextUtil: updateNetworkName showSpn=false spn=null dataSpn=airtel showPlmn=true plmn=airtel hasVoWifiPLMN=false
01-09 22:18:51.909 3670 3670 D CarrierTextUtil: updateNetworkName showSpn=false spn=null dataSpn=airtel showPlmn=true plmn=airtel hasVoWifiPLMN=false
01-09 22:18:51.909 3670 3670 D CarrierTextController: carrierTextForSimState(3)-(order: 0) : No service
01-09 22:18:51.909 3670 3670 D CarrierTextController: setText : No service
01-09 22:18:51.909 3642 3642 D ServiceStateProvider: subId=3
01-09 22:18:51.909 3670 3670 D CarrierTextUtil: updateNetworkName showSpn=false spn=null dataSpn=airtel showPlmn=true plmn=airtel hasVoWifiPLMN=false
01-09 22:18:51.909 3670 3670 D CarrierTextUtil: updateNetworkName showSpn=false spn=null dataSpn=airtel showPlmn=true plmn=airtel hasVoWifiPLMN=false
01-09 22:18:51.909 3670 3670 D CarrierTextController: carrierTextForSimState(3)-(order: 0) : No service
01-09 22:18:51.909 3670 3670 D CarrierTextController: setText : No service
