01-09 22:18:49.378 3797 4669 I EPDG -- SIM0 [SMARTWIFI]: setResultOfRunnableForCannotSwitchToWifi: set to false
01-09 22:18:49.378 3797 4669 I EPDG -- SIM0 [SMARTWIFI]: isCaptivePortalAuthenticated: defaultValue: false wifiLinkStatus: UNDETERMINABLE
01-09 22:18:49.378 3797 4669 I EPDG -- SIM0 [SMARTWIFI]: setHandoverThresholdMet: set to: false
01-09 22:18:49.378 9555 9555 I UT.TelephonyUtils: isRoamingArea : serviceState = 3
01-09 22:18:49.378 9555 9555 I CU.NetworkSelectionNotificationMgr: isRoamingServiceAvailable : slotId = 1, enabled = false, roaming = false
01-09 22:18:49.378 3797 4669 I EPDG -- SIM0 [UTILS]: getSubIdFromSpecifier() : specifier null
01-09 22:18:49.378 3797 4669 I EPDG -- SIM0 [UTILS]: getSubIdFromSpecifier() : return : 3
01-09 22:18:49.378 3797 4669 I EPDG -- SIM0 [UTILS]: isWifiConnected: [type: WIFI[], state: CONNECTED/CONNECTED, reason: (unspecified), extra: , failover: false, available: true, roaming: false]
01-09 22:18:49.378 9555 9555 I FT.SimUtilFeature: isSimReady[slot0]: true
01-09 22:18:49.378 9555 9555 I FT.TuiUtilFeature: isAirplaneModeOn = true
01-09 22:18:49.378 3797 4669 I EPDG -- SIM0 [SMARTWIFI]: New rssi is: -65 mWifiHandoverTh: -100
01-09 22:18:49.378 3797 4669 I EPDG -- SIM0 [SMARTWIFI]: isWifiRssiLessOrEqualsHandoverThreshold: received rssi is: -65 handover threshold is: -100
01-09 22:18:49.378 3797 4669 I EPDG -- SIM0 [SMARTWIFI]: Rssi : -65 highrange : -101 lowrange : -100 mIsRssiInHystersis : false
01-09 22:18:49.379 3797 4669 I EPDG -- SIM0 [UTILS]: getSubIdFromSpecifier() : specifier null
01-09 22:18:49.379 3797 4669 I EPDG -- SIM0 [UTILS]: getSubIdFromSpecifier() : return : 3
01-09 22:18:49.379 3797 4669 I EPDG -- SIM0 [UTILS]: isWifiConnected: [type: WIFI[], state: CONNECTED/CONNECTED, reason: (unspecified), extra: , failover: false, available: true, roaming: false]
01-09 22:18:49.380 9555 9555 I UT.TelephonyUtils: isRoamingArea : serviceState = 3
01-09 22:18:49.380 9555 9555 I CU.NetworkSelectionNotificationMgr: isRoamingServiceAvailable : slotId = 0, enabled = false, roaming = false
01-09 22:18:49.380 9555 9555 I CU.NetworkSelectionNotificationMgr: put state : UNAVAILABLE -> UNAVAILABLE
01-09 22:18:49.380 9555 9555 I CU.NetworkSelectionNotificationMgr: updateRoamingCurrentOperator : serviceState = 3, RoamingServiceState = UNAVAILABLE
01-09 22:18:49.380 9555 9555 I CU.NetworkSelectionNotificationMgr: removeRoamingCurrentOperatorNotification
01-09 22:18:49.380 9555 9555 I FT.TuiUtilFeature: isAirplaneModeOn = true
01-09 22:18:49.380 9555 9555 I CarrierUiCallFunctions: AirplaneMode change
01-09 22:18:49.380 9555 9555 I CU.NetworkLockWarningPopup: carrierId= [AIS, bSameCarrierId=, false]
01-09 22:18:49.380 9555 9555 I CU.NetworkLockWarningPopup: carrierId= [TRM, bSameCarrierId=, false]
01-09 22:18:49.380 9555 9555 I FT.TuiSalesCodeFeature: .isCurrentOmcNwCode
01-09 22:18:49.380 9555 9555 I FT.TuiSalesCodeFeature: LGT.isCurrentOperator
01-09 22:18:49.380 9555 9555 I FT.TuiSalesCodeFeature: .isCurrentOmcNwCode
01-09 22:18:49.380 9555 9555 I FT.TuiSalesCodeFeature: LGT.isCurrentOperator
01-09 22:18:49.380 9555 9555 I FT.TuiSalesCodeFeature: .isCurrentOmcNwCode
01-09 22:18:49.380 9555 9555 I FT.TuiSalesCodeFeature: LGT.isCurrentOperator
01-09 22:18:49.380 9555 9555 I FT.TuiSalesCodeFeature: .isCurrentOmcNwCode
01-09 22:18:49.380 9555 9555 I FT.TuiSalesCodeFeature: LGT.isCurrentOperator
01-09 22:18:49.380 9555 9555 I AlarmManagerUtils: getRegisterAlarmManager : register_allow_data_dialog_retry_to_alarm_manager = false
01-09 22:18:49.380 9555 9555 I UT.TelephonyUtils: getPhoneId : subId = 3
01-09 22:18:49.380 3642 3642 I TelephonyProvider: D/TelephonyProvider: subId:3 mccmnc=40492 carrierId=1961, match current APN size: 3
01-09 22:18:49.380 3797 4669 I EPDG -- SIM0 [SMARTWIFI]: mCaptiveAuthenticated : false
01-09 22:18:49.380 3797 4669 I EPDG -- SIM0 [SMARTWIFI]: mCaptiveAuthenticated : false
01-09 22:18:49.380 3797 4669 I EPDG -- SIM0 [SMARTWIFI]: unable to find status about connected wifi
01-09 22:18:49.380 3797 4669 I EPDG -- SIM0 [SMARTWIFI]: setResultOfRunnableForCannotSwitchToWifi: set to false
01-09 22:18:49.380 3797 4669 I EPDG -- SIM0 [SMARTWIFI]: isCaptivePortalAuthenticated: defaultValue: true wifiLinkStatus: UNDETERMINABLE
01-09 22:18:49.380 3642 3642 I TelephonyProvider: D/TelephonyProvider: match MNO APN: 3
01-09 22:18:49.380 3642 3642 I TelephonyProvider: D/TelephonyProvider: match carrier id APN: 0
01-09 22:18:49.382 3797 3797 I EPDG -- SIM0 [SMARTWIFI]: onServiceStateChanged state=3
01-09 22:18:49.382 3797 3797 I EPDG -- SIM0 [SMARTWIFI]: onDataConnectionStateChanged: state=0 type=0
01-09 22:18:49.382 3797 4669 I EPDG -- SIM0 [SMARTWIFI]: setW2LHandoverForWeakWiFiSignal: set to false
01-09 22:18:49.382 9555 9555 I CU.NetworkSelectionNotificationMgr: getNetworkSelection : subId : 3
01-09 22:18:49.382 3797 4669 I EPDG -- SIM0 [SMARTWIFI]: setResultOfRunnableForCannotSwitchToWifi: set to false
01-09 22:18:49.382 9555 9555 I CU.NetworkSelectionNotificationMgr: updateNetworkSelection()... isManualSelection : false , isSelectedOperatorEmpty : true , selectedNetworkOperatorName : PhoneId: 0
01-09 22:18:49.382 3797 4669 I EPDG -- SIM0 [SMARTCELLULAR]: start cellular profiling called: Is profiling running: false
01-09 22:18:49.382 3797 4669 I EPDG -- SIM0 [SMARTCELLULAR]: LTE_IDLE_PROFILING is true
01-09 22:18:49.382 3797 4669 I EPDG -- SIM0 [SMARTCELLULAR]: startLteProfiling called, is profiling running: false
01-09 22:18:49.382 3797 4669 I EPDG -- SIM0 [SMARTCELLULAR]: startCsProfiling called, is profiling running: true
01-09 22:18:49.382 3797 4669 I EPDG -- SIM0 [SMARTCELLULAR]: registerTelephonyCallback true
01-09 22:18:49.383 3642 3642 I TelephonyProvider: D/TelephonyProvider: subIdString = 3 subId = 3
01-09 22:18:49.383 3797 4669 I EPDG -- SIM0 [EpdgSubScription]: mWifiRssiA :-70 mWifiRssiB:-80 mWifiRssiC:0 mWifiRssiRoveInWifiOnly:0 mWifiRssiRoveOutWifiOnly:0 mWifiRssiRoveInVoice:0 mLteRsrp1:-110 mLteRsrp2:0 mLteRsrp3:-105 mNrRsrp1:0 mNrRsrp2:0 mNrRsrp3:0
01-09 22:18:49.383 3797 4669 I EPDG -- SIM0 [EpdgSubScription]: TimerStatus :
01-09 22:18:49.383 3797 4669 I EPDG -- SIM0 [EpdgImsListener]: getVoWifiSessionConnected: CALL: idle IPME: false result: false
01-09 22:18:49.383 3797 4669 I EPDG -- SIM0 [EpdgSubScription]: getIsAirplaneMode: returning: true
01-09 22:18:49.383 3797 4669 I EPDG -- SIM0 [EpdgSubScription]: getIsAirplaneMode: returning: true
01-09 22:18:49.383 3797 4669 I EPDG -- SIM0 [PolicyMgr]: isW2LRecommended: ims,idle TELEPHONY in service (false)
01-09 22:18:49.383 3797 4669 I EPDG -- SIM0 [PolicyMgr]: [HO_OPTIMIZATION]isW2LRecommended: ims,idle result=false
01-09 22:18:49.383 3797 4669 I EPDG -- SIM0 [EpdgSubScription]: W2L handover not recommended
01-09 22:18:49.383 3797 4669 I EPDG -- SIM0 [SMARTWIFI]: isL2WHandoverProfilingRunning: returning: false
01-09 22:18:49.383 3797 4669 I EPDG -- SIM0 [SMARTCELLULAR]: setLteThreshold: Good Rsrp: -105 Low Rsrp: -110 Good Rsrq: 0 Low Rsrq: 0
01-09 22:18:49.383 3797 4669 I EPDG -- SIM0 [ThrottleController]: isThrottleTimerRunning: apnType: ims. result: false
01-09 22:18:49.383 3797 3797 I EPDG -- SIM0 [SMARTCELLULAR]: onServiceStateChanged: 0
01-09 22:18:49.383 3797 4669 I EPDG -- SIM0 [EpdgSubScription]: No SM for apnType: ims
01-09 22:18:49.383 3797 4669 I EPDG -- SIM0 [EpdgSubScription]: isPdnConnectedOverCellularData: returning result: false for apnType: ims
01-09 22:18:49.383 3797 4669 I EPDG -- SIM0 [EpdgSubScription]: No SM for apnType: emergency
01-09 22:18:49.383 3797 4669 I EPDG -- SIM0 [EpdgSubScription]: isPdnConnectedOverCellularData: returning result: false for apnType: emergency
01-09 22:18:49.383 3797 4669 I EPDG -- SIM0 [EPDG-->RIL]: SEND NET REGISTER -- EPDG AVAILABLE
01-09 22:18:49.383 3797 3797 I EPDG -- SIM0 [SMARTCELLULAR]: onSignalStrengthsChanged: SignalStrength:{mCdma=Invalid,mGsm=Invalid,mWcdma=Invalid,mTdscdma=Invalid,mLte=Invalid,mNr=Invalid,SignalBarInfo{ no level },rat=0,primary=CellSignalStrengthLte}
01-09 22:18:49.383 3797 4669 I EPDG -- SIM0 [IPCDISPATCHER]: [Tx]: Main: IPC_NET_CMD Sub: IPC_NET_REGIST Cmd Type: IPC_CMD_NOTI Param: 30 03 02 00 00 00 00 00 00 00 00 00 00 00 00 00 00 00 00 00
01-09 22:18:49.383 3797 4669 I EPDG -- SIM0 [EpdgSubScription]: updateEpdgHoThreshold: lteRsrpRovein: 105 lteRsrpRoveout: 110 lteRsrqRovein: 255 lteRsrqRoveout: 255 lteSinrRovein: 0 lteSinrRoveout: 0 3gRscpRovein: 100 3gRscpRoveout: 110
01-09 22:18:49.383 3797 4669 I EPDG -- SIM0 [EPDG-->RIL]: SEND EPDG HANDOVER THRESHOLD -- TURN ON
01-09 22:18:49.383 3797 4669 I EPDG -- SIM0 [IPCDISPATCHER]: [Tx]: Main: IPC_NET_CMD Sub: IPC_NET_EPDG_HO_THRESHOLD Cmd Type: IPC_CMD_NOTI Param: 01 69 6E 64 6E 5F 69 00 0F 00 00 00 00 FF FF 69 6E 69 6E
01-09 22:18:49.383 3797 5477 I EPDG -- : EpdgModemSender(): send
01-09 22:18:49.383 3797 5477 I EPDG -- : EpdgModemSender(): send
01-09 22:18:49.384 3642 3642 I TelephonyProvider: D/TelephonyProvider: subIdString = 3 subId = 3
01-09 22:18:49.384 3797 4669 I EPDG -- SIM0 [EpdgSubScription]: Wifi connected: true, Ssid changed: false
01-09 22:18:49.384 3797 4669 I EPDG -- SIM0 [EpdgSubScription]: mWifiRssiA :-70 mWifiRssiB:-80 mWifiRssiC:0 mWifiRssiRoveInWifiOnly:0 mWifiRssiRoveOutWifiOnly:0 mWifiRssiRoveInVoice:0 mLteRsrp1:-110 mLteRsrp2:0 mLteRsrp3:-105 mNrRsrp1:0 mNrRsrp2:0 mNrRsrp3:0
01-09 22:18:49.384 3797 4669 I EPDG -- SIM0 [EpdgSubScription]: TimerStatus :
01-09 22:18:49.384 3797 4669 I EPDG -- SIM0 [EpdgSubScription]: retryL2WHandoverIfRequired(): apnType: ims networkType: 11
01-09 22:18:49.384 3797 4669 I EPDG -- SIM0 [UTILS]: isAlwaysOnApn(): result is: true
01-09 22:18:49.384 3797 4669 I EPDG -- SIM0 [EpdgSubScription]: getIsAirplaneMode: returning: true
01-09 22:18:49.384 3797 4669 I EPDG -- SIM0 [PolicyMgr]: isL2WRecommended(): Airplane mode ON
01-09 22:18:49.384 3797 4669 I EPDG -- SIM0 [PolicyMgr]: [HO_OPTIMIZATION]isL2WRecommended(): result is: true
01-09 22:18:49.384 3797 4669 I EPDG -- SIM0 [EpdgSubScription]: isOngoingConnectionOverWifi: returning result: falseConnected Check : true
01-09 22:18:49.384 2040 3271 D SemNativeCarrierFeature_vendor: getInstance
01-09 22:18:49.384 3797 4669 I EPDG -- SIM0 [EpdgSubScription]: Firing L2W handover
01-09 22:18:49.384 3797 4669 I EPDG -- SIM0 [EpdgSubScription]: [HANDOFF]Cannot trigger L2W HO: (AP ASSIST MODE) : 11
01-09 22:18:49.384 3642 3642 I TelephonyProvider: D/TelephonyProvider: subIdString = 3 subId = 3
01-09 22:18:49.384 3797 4669 I EPDG -- SIM0 [ThrottleController]: isThrottleTimerRunning: apnType: ims. result: false
01-09 22:18:49.384 3797 4669 I EPDG -- SIM0 [PolicyMgr]: getApnRatPolicy: default,idle only LTE is allowed RAT
01-09 22:18:49.384 3797 4669 I EPDG -- SIM0 [PolicyMgr]: getApnRatPolicy: default,idle result=LTE
01-09 22:18:49.384 3797 4669 I EPDG -- SIM0 [PolicyMgr]: getApnRatPolicy: mms,idle only LTE is allowed RAT
01-09 22:18:49.384 3797 4669 I EPDG -- SIM0 [PolicyMgr]: getApnRatPolicy: mms,idle result=LTE
01-09 22:18:49.384 3797 4669 I EPDG -- SIM0 [PolicyMgr]: getApnRatPolicy: supl,idle only LTE is allowed RAT
01-09 22:18:49.384 3797 4669 I EPDG -- SIM0 [PolicyMgr]: getApnRatPolicy: supl,idle result=LTE
01-09 22:18:49.384 3797 4669 I EPDG -- SIM0 [PolicyMgr]: getApnRatPolicy: dun,idle only LTE is allowed RAT
01-09 22:18:49.384 3797 4669 I EPDG -- SIM0 [PolicyMgr]: getApnRatPolicy: dun,idle result=LTE
01-09 22:18:49.384 3797 4669 I EPDG -- SIM0 [PolicyMgr]: getApnRatPolicy: hipri,idle only LTE is allowed RAT
01-09 22:18:49.384 3797 4669 I EPDG -- SIM0 [PolicyMgr]: getApnRatPolicy: hipri,idle result=LTE
01-09 22:18:49.384 3797 4669 I EPDG -- SIM0 [PolicyMgr]: getApnRatPolicy: fota,idle only LTE is allowed RAT
01-09 22:18:49.384 3797 4669 I EPDG -- SIM0 [PolicyMgr]: getApnRatPolicy: fota,idle result=LTE
01-09 22:18:49.384 3797 4669 I EPDG -- SIM0 [EpdgSubScription]: getIsAirplaneMode: returning: true
01-09 22:18:49.384 3797 4669 I EPDG -- SIM0 [PolicyMgr]: getApnRatPolicy: ims,idle Airplanemode not support
01-09 22:18:49.384 3797 4669 I EPDG -- SIM0 [PolicyMgr]: getApnRatPolicy: ims,idle result=LTE
01-09 22:18:49.384 3797 4669 I EPDG -- SIM0 [PolicyMgr]: getApnRatPolicy: cbs,idle only LTE is allowed RAT
01-09 22:18:49.384 3797 4669 I EPDG -- SIM0 [PolicyMgr]: getApnRatPolicy: cbs,idle result=LTE
01-09 22:18:49.384 3797 4669 I EPDG -- SIM0 [PolicyMgr]: getApnRatPolicy: ia,idle only LTE is allowed RAT
01-09 22:18:49.384 3797 4669 I EPDG -- SIM0 [PolicyMgr]: getApnRatPolicy: ia,idle result=LTE
01-09 22:18:49.384 3797 4669 I EPDG -- SIM0 [PolicyMgr]: getApnRatPolicy: emergency,idle only LTE is allowed RAT
01-09 22:18:49.384 3797 4669 I EPDG -- SIM0 [PolicyMgr]: getApnRatPolicy: emergency,idle result=LTE
01-09 22:18:49.384 3797 4669 I EPDG -- SIM0 [PolicyMgr]: getApnRatPolicy: mcx,idle only LTE is allowed RAT
01-09 22:18:49.384 3797 4669 I EPDG -- SIM0 [PolicyMgr]: getApnRatPolicy: mcx,idle result=LTE
01-09 22:18:49.384 3797 4669 I EPDG -- SIM0 [PolicyMgr]: getApnRatPolicy: xcap,idle only LTE is allowed RAT
01-09 22:18:49.384 3797 4669 I EPDG -- SIM0 [PolicyMgr]: getApnRatPolicy: xcap,idle result=LTE
01-09 22:18:49.384 3797 4669 I EPDG -- SIM0 [EpdgSubScription]: getHandoverEnableSetting: true
01-09 22:18:49.385 3797 4669 I EPDG -- SIM0 [UTILS]: getSubIdFromSpecifier() : specifier null
01-09 22:18:49.385 3797 4669 I EPDG -- SIM0 [UTILS]: getSubIdFromSpecifier() : return : 3
01-09 22:18:49.385 3797 4669 I EPDG -- SIM0 [UTILS]: getNetworkForType: subIdFromSpecifier: 3
01-09 22:18:49.385 3797 4669 I EPDG -- SIM0 [UTILS]: getNetworkForType: returning null
01-09 22:18:49.385 3797 4669 I EPDG -- SIM0 [EpdgSubScription]: notifyQualifiedNetworksChange to telephony
01-09 22:18:49.385 3642 3642 D CallNotifier: onSubscriptionsChanged, updatePhoneStateListeners
01-09 22:18:49.385 3642 3642 D CallNotifier: updatePhoneStateListeners: isRefresh=true, updateType=2, subIdToUpdate=-1
01-09 22:18:49.385 3797 4669 I EPDG -- SIM0 [EpdgHandoverHandler]: notifyEpdgAvailability as: true
01-09 22:18:49.385 3797 4670 I EPDG -- SIM0 [EpdgHandoverHandler]: [EpdgHandoverHandler : MSG_EPDG_AVAILABILITY (1)] isAvailable : 1 / physicalInterface : 1
01-09 22:18:49.385 3642 3642 D CallNotifier: updatePhoneStateListeners: subId=3
01-09 22:18:49.385 3642 3642 D CallNotifier: updatePhoneStateListeners: update CF notifications.
01-09 22:18:49.385 9555 9555 I FT.TuiSalesCodeFeature: LGT.isCurrentOperator
01-09 22:18:49.386 3642 3642 I Telephony: SamsungImsManagerInjector: [getImsManager_0 : com.samsung.telephony.model.ims.SamsungTelephonyImsManager@db36e44] [ getImsManager_1 : com.samsung.telephony.model.ims.SamsungTelephonyImsManager@30f0df3]
01-09 22:18:49.386 3642 3642 D semImsManager[0]: isImsFeatureEnabled: mmtel-video, -1
01-09 22:18:49.386 4039 4302 I ImsServiceStub<0>: isServiceAvailable: mmtel-video, rat: -1, profileFind:true, Enabled:true
01-09 22:18:49.387 3642 3642 I Telephony: SamsungImsRepositoryImpl: isPSVTRegistered, result :true
01-09 22:18:49.387 3642 3642 I Telephony: SamsungCallForwardUpdateManager: shouldCheckVideoCallForwarding for slot 0 : true
01-09 22:18:49.387 3642 3642 I Telephony: SamsungCallForwardUpdateManager: isCfiVisible, voiceI: false, videoI: false
01-09 22:18:49.387 3642 3642 I NotificationMgr: updateCfi: subId= 3, visible=N, isValidSubId= true
01-09 22:18:49.387 3642 3642 D NotificationMgr: cancelAsUser, tag=3, id=4, user=UserHandle{0}
01-09 22:18:49.387 3642 3642 D CallNotifier: updatePhoneStateListeners: update MW notifications.
01-09 22:18:49.387 3642 3642 I NotificationMgr: updateMwi(): subId 3 update to false
01-09 22:18:49.387 3642 3642 D Telephony: SamsungVoiceMailMwiNotifiaction: getMwiNotificationId, notificationId: 3
01-09 22:18:49.387 3642 3642 I NotificationMgr: updateMwi(): phoneId 0, notificationId 3
01-09 22:18:49.388 2400 6444 I Telecom:SamsungTelecomServiceImpl: getDefaultDialerPackageForUser - userId : 0 / callingPid : 3642 / processName : sts
01-09 22:18:49.388 3797 4669 I EPDG -- SIM0 [IPSECDATACONNSM][0]: InactiveState[ ] Event: WIFI_STATUS_CHANGED
01-09 22:18:49.388 3797 4669 I EPDG -- SIM0 [IPSECDATACONNSM][1]: InactiveState[ ] Event: WIFI_STATUS_CHANGED
01-09 22:18:49.388 3797 4669 I EPDG -- SIM0 [IPSECDATACONNSM][2]: InactiveState[ ] Event: WIFI_STATUS_CHANGED
01-09 22:18:49.388 3797 4669 I EPDG -- SIM0 [IPSECDATACONNSM][3]: InactiveState[ ] Event: WIFI_STATUS_CHANGED
01-09 22:18:49.388 3797 4669 I EPDG -- SIM0 [IPSECDATACONNSM][4]: InactiveState[ ] Event: WIFI_STATUS_CHANGED
01-09 22:18:49.388 3797 4669 I EPDG -- SIM0 [IPSECDATACONNSM][5]: InactiveState[ ] Event: WIFI_STATUS_CHANGED
01-09 22:18:49.388 3797 4669 I EPDG -- SIM0 [IPSECDATACONNSM][6]: InactiveState[ ] Event: WIFI_STATUS_CHANGED
01-09 22:18:49.388 3797 4669 I EPDG -- SIM0 [IPSECDATACONNSM][7]: InactiveState[ ] Event: WIFI_STATUS_CHANGED
01-09 22:18:49.388 3797 4669 I EPDG -- SIM0 [IPSECDATACONNSM][8]: InactiveState[ ] Event: WIFI_STATUS_CHANGED
01-09 22:18:49.388 3797 4669 I EPDG -- SIM0 [IPSECDATACONNSM][9]: InactiveState[ ] Event: WIFI_STATUS_CHANGED
01-09 22:18:49.388 3797 4669 I EPDG -- SIM0 [IPSECDATACONNSM][10]: InactiveState[ ] Event: WIFI_STATUS_CHANGED
01-09 22:18:49.388 3797 4669 I EPDG -- SIM0 [IPSECDATACONNSM][11]: InactiveState[ ] Event: WIFI_STATUS_CHANGED
01-09 22:18:49.388 3797 4669 I EPDG -- SIM0 [IPSECDATACONNSM][12]: InactiveState[ ] Event: WIFI_STATUS_CHANGED
01-09 22:18:49.388 3797 4669 I EPDG -- SIM0 [IPSECDATACONNSM][13]: InactiveState[ ] Event: WIFI_STATUS_CHANGED
01-09 22:18:49.388 3797 4669 I EPDG -- SIM0 [IPSECDATACONNSM][14]: InactiveState[ ] Event: WIFI_STATUS_CHANGED
01-09 22:18:49.388 3797 4669 I EPDG -- SIM0 [IPSECDATACONNSM][15]: InactiveState[ ] Event: WIFI_STATUS_CHANGED
01-09 22:18:49.388 3797 4669 I EPDG -- SIM0 [IPSECDATACONNSM][16]: InactiveState[ ] Event: WIFI_STATUS_CHANGED
01-09 22:18:49.388 3797 4669 I EPDG -- SIM0 [IPSECDATACONNSM][17]: InactiveState[ ] Event: WIFI_STATUS_CHANGED
01-09 22:18:49.388 3797 4669 I EPDG -- SIM0 [IPSECDATACONNSM][18]: InactiveState[ ] Event: WIFI_STATUS_CHANGED
01-09 22:18:49.388 3797 4669 I EPDG -- SIM0 [IPSECDATACONNSM][19]: InactiveState[ ] Event: WIFI_STATUS_CHANGED
01-09 22:18:49.388 3797 4669 I EPDG -- SIM0 [IPSECDATACONNSM][20]: InactiveState[ ] Event: WIFI_STATUS_CHANGED
01-09 22:18:49.388 3797 4669 I EPDG -- SIM0 [IPSECDATACONNSM][21]: InactiveState[ ] Event: WIFI_STATUS_CHANGED
01-09 22:18:49.388 3797 4669 I EPDG -- SIM0 [IPSECDATACONNSM][22]: InactiveState[ ] Event: WIFI_STATUS_CHANGED
01-09 22:18:49.388 3797 4669 I EPDG -- SIM0 [IPSECDATACONNSM][23]: InactiveState[ ] Event: WIFI_STATUS_CHANGED
01-09 22:18:49.388 3797 4669 I EPDG -- SIM0 [IPSECDATACONNSM][24]: InactiveState[ ] Event: WIFI_STATUS_CHANGED
01-09 22:18:49.388 3797 4669 I EPDG -- SIM0 [IPSECDATACONNSM][25]: InactiveState[ ] Event: WIFI_STATUS_CHANGED
01-09 22:18:49.388 3797 4669 I EPDG -- SIM0 [IPSECDATACONNSM][26]: InactiveState[ ] Event: WIFI_STATUS_CHANGED
01-09 22:18:49.388 3797 4669 I EPDG -- SIM0 [IPSECDATACONNSM][27]: InactiveState[ ] Event: WIFI_STATUS_CHANGED
01-09 22:18:49.388 3797 4669 I EPDG -- SIM0 [IPSECDATACONNSM][28]: InactiveState[ ] Event: WIFI_STATUS_CHANGED
01-09 22:18:49.388 3642 3642 D NotificationMgr: updateMwi, notifyCancelAsUserMwi
01-09 22:18:49.388 3797 4669 I EPDG -- SIM0 [IPSECDATACONNSM][29]: InactiveState[ ] Event: WIFI_STATUS_CHANGED
01-09 22:18:49.388 3642 3642 D Telephony: SamsungVoiceMailMwiManager: cancelAsUser, id=3, user=UserHandle{0}
01-09 22:18:49.389 3642 3642 I Telephony: SamsungMultiSimRepositoryImpl: isNoSIM() : slotIndex: 0, simState: 5
01-09 22:18:49.389 3642 3642 I Telephony: SamsungMultiSimRepositoryImpl: isNotReadySIM() : slotIndex: 0, simState: 5
01-09 22:18:49.390 3642 3642 I Telephony: SamsungMultiSimRepositoryImpl: isNoSIM() : slotIndex: 1, simState: 6
01-09 22:18:49.390 3642 3642 I Telephony: SamsungMultiSimRepositoryImpl: isNotReadySIM() : slotIndex: 1, simState: 6
01-09 22:18:49.390 3642 3642 D Telephony: SamsungVoiceMailMwiManager: notifyCancelMwiForGear()...
01-09 22:18:49.390 3642 3642 I Telephony: TelecomAccountRegistry$1: TelecomAccountRegistry: onSubscriptionsChanged - update accounts
01-09 22:18:49.391 3642 3642 I Telephony: SamsungTelecomAccountRegistry: shouldUpdatePhoneAccountsOnSubscriptionsChanged: Skip - PhoneId: 1, SubId: -1, SubscriptionManager.isValidSubscriptionId(): false, phone.getFullIccSerialNumber() == null: true
01-09 22:18:49.391 3670 3670 W View : requestLayout() improperly called by android.widget.FrameLayout{3ec886a V.E...... ......ID 0,138-1080,2205 #7f0a084c app:id/qs_frame} during layout: running second layout pass
01-09 22:18:49.391 3642 3642 I Telephony: SamsungTelecomAccountRegistry: shouldUpdatePhoneAccountsOnSubscriptionsChanged: false - simSlotIndex: 0 isSimCardStatusOn true hasEmergencyOnlyCapa: false
01-09 22:18:49.391 3642 3642 I Telephony: SamsungTelecomAccountRegistry: shouldUpdatePhoneAccountsOnSubscriptionsChanged: false - validPhoneCounts: 1, accounts.size: 1
01-09 22:18:49.391 3642 3642 I Telephony: TelecomAccountRegistry$1: TelecomAccountRegistry: onSubscriptionsChanged - end
01-09 22:18:49.391 3642 3642 D Telephony: SamsungTuiAsyncSendExtras: SamsungTuiAsyncSendExtras[onPreExecute] method: network_notification_event
01-09 22:18:49.391 3642 11849 D Telephony: SamsungTuiAsyncSendExtras: SamsungTuiAsyncSendExtras[doInBackground] method: network_notification_event
01-09 22:18:49.392 3670 3670 D StatusBarIconController: ignoring old pipeline callbacks, because the new mobile icons are enabled
01-09 22:18:49.392 3670 3670 D MultiSIMController: onSubscriptionsChanged:
01-09 22:18:49.392 3642 3642 I Telephony: TelecomAccountRegistry$3: Locale change; re-registering phone accounts.
01-09 22:18:49.392 3642 3642 I Telephony: SamsungPstnPhoneAccountRegistry: updatePhoneAccountsLocaleChanged
01-09 22:18:49.392 3642 3642 D Telephony: SamsungTuiAsyncSendExtras: SamsungTuiAsyncSendExtras[onPostExecute] method: update_network_selection
01-09 22:18:49.392 9555 9567 I InternalContentProvider: network_notification_event null
01-09 22:18:49.392 9555 9567 I InternalContentProvider: Take CarrierUiCallFunctions
01-09 22:18:49.392 9555 9567 I CarrierUiCallFunctions: call network_notification_event null Bundle[mParcelledData.dataSize=808]
01-09 22:18:49.392 9555 9555 I AlarmManagerUtils: getRegisterAlarmManager : register_allow_data_dialog_retry_to_alarm_manager = false
01-09 22:18:49.392 9555 9555 I CU.NetworkUiReceiver: handleNetworkNotification event: android.telephony.action.SERVICE_PROVIDERS_UPDATED
01-09 22:18:49.393 3642 3642 D Telephony: SamsungTuiAsyncSendExtras: SamsungTuiAsyncSendExtras[onPreExecute] method: service_state_changed
01-09 22:18:49.393 3642 11849 D Telephony: SamsungTuiAsyncSendExtras: SamsungTuiAsyncSendExtras[doInBackground] method: service_state_changed
01-09 22:18:49.393 9555 9555 I FT.SimUtilFeature: isSimReady[slot1]: false
01-09 22:18:49.393 9555 9567 I InternalContentProvider: service_state_changed null
01-09 22:18:49.393 9555 9567 I InternalContentProvider: Take CarrierUiCallFunctions
01-09 22:18:49.393 9555 9567 I CarrierUiCallFunctions: call service_state_changed null Bundle[mParcelledData.dataSize=3428]
01-09 22:18:49.394 9555 9555 I UT.TelephonyUtils: isRoamingArea : serviceState = 3
01-09 22:18:49.394 9555 9555 I CU.NetworkSelectionNotificationMgr: isRoamingServiceAvailable : slotId = 1, enabled = false, roaming = false
01-09 22:18:49.394 2040 2638 D SemNativeCarrierFeature_vendor: getInstance
01-09 22:18:49.394 3797 3946 I EPDG -- SIM0 IwlanNetworkService: requestNetworkRegistrationInfo for domain 2
01-09 22:18:49.395 3797 4149 I EPDG -- SIM0 IwlanNetworkService: Calling onRequestNetworkRegistrationInfoComplete.resultCode = 0, netState = NetworkRegistrationInfo{ domain=PS transportType=WLAN registrationState=HOME networkRegistrationState=HOME roamingType=NOT_ROAMING accessNetworkTechnology=IWLAN rejectCause=0 emergencyEnabled=false availableServices=[DATA] cellIdentity=null voiceSpecificInfo=null dataSpecificInfo=null nrState=**** rRplmn= isUsingCarrierAggregation=false}
01-09 22:18:49.395 2400 6444 W ContextImpl: Calling a method in the system process without a qualified user: android.app.ContextImpl.sendBroadcastMultiplePermissions:1364 android.content.Context.sendBroadcastMultiplePermissions:2426 android.content.Context.sendBroadcastMultiplePermissions:2414 com.android.server.TelephonyRegistry.broadcastDataConnectionStateChanged:3875 com.android.server.TelephonyRegistry.notifyDataConnectionForSubscriber:2190
01-09 22:18:49.395 9555 9555 I FT.SimUtilFeature: isSimReady[slot0]: true
01-09 22:18:49.395 9555 9555 I FT.TuiUtilFeature: isAirplaneModeOn = true
01-09 22:18:49.395 4039 4039 I RegiMgr-Handler<0>: onPreciseDataConnectionStateChanged
01-09 22:18:49.396 3797 3797 I EPDG -- SIM0 [NetController]: onPreciseDataConnectionStateChanged: state=Suppressed
01-09 22:18:49.397 2040 2638 D SemNativeCarrierFeature_vendor: getInstance
01-09 22:18:49.398 9555 9555 I UT.TelephonyUtils: isRoamingArea : serviceState = 3
01-09 22:18:49.398 2400 5709 D PhoneRestrictionPolicy: isOperationAllowed >>> slotNum: 0 function: 1
01-09 22:18:49.398 9555 9555 I CU.NetworkSelectionNotificationMgr: isRoamingServiceAvailable : slotId = 0, enabled = false, roaming = false
01-09 22:18:49.398 9555 9555 I CU.NetworkSelectionNotificationMgr: put state : UNAVAILABLE -> UNAVAILABLE
01-09 22:18:49.398 9555 9555 I CU.NetworkSelectionNotificationMgr: updateRoamingCurrentOperator : serviceState = 3, RoamingServiceState = UNAVAILABLE
01-09 22:18:49.398 9555 9555 I CU.NetworkSelectionNotificationMgr: removeRoamingCurrentOperatorNotification
01-09 22:18:49.398 9555 9555 I CU.NetworkSelectionNotificationMgr: refreshNetworkSelection
01-09 22:18:49.398 1476 1651 I minksocket: MinkIPC MESSAGE: ( 1476:1651 ) MinkIPC_QRTR_Service:351 minkipc = 0xb400007afa4544f0 sock = 19, client with node 1 port 4539 went down
01-09 22:18:49.398 1476 1663 I minksocket: MinkIPC MESSAGE: ( 1476:1663 ) MinkIPC_QRTR_Service:351 minkipc = 0xb400007afa4523f0 sock = 34, client with node 1 port 4539 went down
01-09 22:18:49.398 2400 5709 D PhoneRestrictionPolicy: isOperationAllowed >>> slotNum: 0 function: 1
01-09 22:18:49.399 1476 1663 I minksocket: MinkIPC MESSAGE: ( 1476:1663 ) MinkIPC_QRTR_Service:351 minkipc = 0xb400007afa4523f0 sock = 34, client with node 1 port 453a went down
01-09 22:18:49.399 1476 1651 I minksocket: MinkIPC MESSAGE: ( 1476:1651 ) MinkIPC_QRTR_Service:351 minkipc = 0xb400007afa4544f0 sock = 19, client with node 1 port 453a went down
01-09 22:18:49.399 3642 3968 D Telephony: SamsungTuiCallFunctions: getDataRegState() dataRegState= 0
01-09 22:18:49.399 9555 9555 I SepApiMethodCall: method:getDataRegState result:0 success:true error:null
01-09 22:18:49.399 3642 3968 D Telephony: SamsungTuiCallFunctions: getDataRoamingType() dataRegState= 0
01-09 22:18:49.400 1476 1663 I minksocket: MinkIPC MESSAGE: ( 1476:1663 ) MinkIPC_QRTR_Service:351 minkipc = 0xb400007afa4523f0 sock = 34, client with node 1 port 453b went down
01-09 22:18:49.400 9555 9555 I SepApiMethodCall: method:getDataRoamingType result:0 success:true error:null
01-09 22:18:49.400 2040 2638 D SemNativeCarrierFeature_vendor: getInstance
01-09 22:18:49.400 9555 9555 I CU.NetworkUiReceiver: ACTION_SERVICE_PROVIDERS_UPDATED : serviceState.getState = 3, dataRegState = 0, dataRoamingType = 0
01-09 22:18:49.400 9555 9555 I UT.TelephonyUtils: getPhoneId : subId = -1
01-09 22:18:49.400 1476 1651 I minksocket: MinkIPC MESSAGE: ( 1476:1651 ) MinkIPC_QRTR_Service:351 minkipc = 0xb400007afa4544f0 sock = 19, client with node 1 port 453b went down
01-09 22:18:49.400 9555 9555 I CU.NetworkUiUtils: isSupportRoamingNotiOption : (false)
01-09 22:18:49.400 1476 1651 I minksocket: MinkIPC MESSAGE: ( 1476:1651 ) MinkIPC_QRTR_Service:351 minkipc = 0xb400007afa4544f0 sock = 19, client with node 1 port 453c went down
01-09 22:18:49.400 1476 1663 I minksocket: MinkIPC MESSAGE: ( 1476:1663 ) MinkIPC_QRTR_Service:351 minkipc = 0xb400007afa4523f0 sock = 34, client with node 1 port 453c went down
01-09 22:18:49.401 3797 3946 I EPDG -- SIM0 IwlanNetworkService: requestNetworkRegistrationInfo for domain 2
01-09 22:18:49.401 3797 4149 I EPDG -- SIM0 IwlanNetworkService: Calling onRequestNetworkRegistrationInfoComplete.resultCode = 0, netState = NetworkRegistrationInfo{ domain=PS transportType=WLAN registrationState=HOME networkRegistrationState=HOME roamingType=NOT_ROAMING accessNetworkTechnology=IWLAN rejectCause=0 emergencyEnabled=false availableServices=[DATA] cellIdentity=null voiceSpecificInfo=null dataSpecificInfo=null nrState=**** rRplmn= isUsingCarrierAggregation=false}
01-09 22:18:49.403 2040 2638 D SemNativeCarrierFeature_vendor: getInstance
01-09 22:18:49.404 3642 3642 D Telephony: SamsungTuiAsyncSendExtras: SamsungTuiAsyncSendExtras[onPostExecute] method: network_notification_event
01-09 22:18:49.404 3642 3642 D Telephony: SamsungTuiAsyncSendExtras: SamsungTuiAsyncSendExtras[onPostExecute] method: service_state_changed
01-09 22:18:49.405 2040 2638 D SemNativeCarrierFeature_vendor: getInstance
01-09 22:18:49.406 3642 3968 D Telephony: SamsungTuiCallFunctions: getSimApplicationState() simState= 10
01-09 22:18:49.407 9555 9555 I SepApiMethodCall: method:getSimApplicationState result:10 success:true error:null
01-09 22:18:49.407 9555 9555 I FT.TuiUtilFeature: isFirstBootInTss : true isTSSActivated : true
01-09 22:18:49.407 9555 9555 I UT.TelephonyUtils: getPhoneId : subId = 3
01-09 22:18:49.407 2040 2638 D SemNativeCarrierFeature_vendor: getInstance
01-09 22:18:49.407 9555 9555 I AlarmManagerUtils: getRegisterAlarmManager : register_allow_data_dialog_retry_to_alarm_manager = false
01-09 22:18:49.407 9555 9555 I UT.TelephonyUtils: getPhoneId : subId = 3
01-09 22:18:49.408 9555 9555 I CU.NetworkUiUtils: isSupportRoamingNotiOption : (false)
01-09 22:18:49.408 9555 9555 I CU.NetworkUiUtils: setNetworkModeByQuickPanel: enabled : false
01-09 22:18:49.408 2400 5709 D KNOX_MDM_SettingsProvider: isChangeAllowed() : name = set_network_mode_by_quick_panel
01-09 22:18:49.408 9555 9555 I UT.TelephonyUtils: getPhoneId : subId = 3
01-09 22:18:49.408 9555 9555 I FT.TuiSalesCodeFeature: LGT.isCurrentOperator
01-09 22:18:49.408 9555 9555 I FT.TuiSalesCodeFeature: LGT.isCurrentOperator
01-09 22:18:49.408 9555 9555 I FT.TuiSalesCodeFeature: LGT.isCurrentOperator
01-09 22:18:49.410 9555 9555 I CU.NetworkWarning: UpdateRoamingFailWarning: UpdateRoamingFailWarning service = 3
01-09 22:18:49.410 9555 9555 I FT.TuiSalesCodeFeature: LGT.isCurrentOperator
01-09 22:18:49.411 9555 9555 I FT.TuiUtilFeature: isAirplaneModeOn = true
01-09 22:18:49.412 9555 9555 I FT.TuiUtilFeature: isAirplaneModeOn = true
01-09 22:18:49.413 9555 9555 I CU.NetworkWarning: RtsWarningDialogFactory: createRtsWarning: RtsOperatorConstants.UPDATE_REJECT_NOTI_WARNING_POPUP
01-09 22:18:49.413 9555 9555 I FT.TuiSalesCodeFeature: LGT.isCurrentOperator
01-09 22:18:49.413 9555 9555 I FT.TuiSalesCodeFeature: LGT.isCurrentOperator
01-09 22:18:49.413 9555 9555 I FT.TuiSalesCodeFeature: LGT.isCurrentOperator
01-09 22:18:49.413 9555 9555 I UT.TelephonyUtils: getPhoneId : subId = 3
01-09 22:18:49.413 1507 10086 I sensors-hal: handle_sns_client_event:375, [0][72215] accel_sample [ 0.446, 2.289, 9.596] 1064603303407
01-09 22:18:49.413 9555 9555 I FT.TuiUtilFeature: isAirplaneModeOn = true
01-09 22:18:49.413 9555 9555 I CU.NetworkWarning: UpdateRejectWarning: dismissRtsDialog : dismiss by airplane mode
01-09 22:18:49.414 10717 11464 D QC_DMLog: nativeParsing: init
01-09 22:18:49.414 9555 9555 I FT.TuiSalesCodeFeature: LGT.isCurrentOperator
01-09 22:18:49.418 3642 3970 D Telephony: SamsungTuiCallFunctions: getSimApplicationState() simState= 10
01-09 22:18:49.419 9555 9555 I SepApiMethodCall: method:getSimApplicationState result:10 success:true error:null
01-09 22:18:49.419 9555 9555 I FT.TuiUtilFeature: isFirstBootInTss : true isTSSActivated : true
01-09 22:18:49.419 9555 9555 I UT.TelephonyUtils: getPhoneId : subId = 3
01-09 22:18:49.419 9555 9555 I FT.SimUtilFeature: isSimReady[slot1]: false
01-09 22:18:49.420 9555 9555 I UT.TelephonyUtils: isRoamingArea : serviceState = 3
01-09 22:18:49.420 9555 9555 I CU.NetworkSelectionNotificationMgr: isRoamingServiceAvailable : slotId = 1, enabled = false, roaming = false
01-09 22:18:49.421 9555 9555 I FT.SimUtilFeature: isSimReady[slot0]: true
01-09 22:18:49.421 9555 9555 I FT.TuiUtilFeature: isAirplaneModeOn = true
01-09 22:18:49.422 9555 9555 I UT.TelephonyUtils: isRoamingArea : serviceState = 3
01-09 22:18:49.422 9555 9555 I CU.NetworkSelectionNotificationMgr: isRoamingServiceAvailable : slotId = 0, enabled = false, roaming = false
01-09 22:18:49.422 9555 9555 I CU.NetworkSelectionNotificationMgr: put state : UNAVAILABLE -> UNAVAILABLE
01-09 22:18:49.422 9555 9555 I CU.NetworkSelectionNotificationMgr: updateRoamingCurrentOperator : serviceState = 3, RoamingServiceState = UNAVAILABLE
01-09 22:18:49.422 9555 9555 I CU.NetworkSelectionNotificationMgr: removeRoamingCurrentOperatorNotification
01-09 22:18:49.422 9555 9555 I FT.TuiUtilFeature: isAirplaneModeOn = true
01-09 22:18:49.431 3670 3670 I KeyguardUpdateMonitor: onSubscriptionInfoChanged()
01-09 22:18:49.434 10717 11271 D GPS : NMEA is null
01-09 22:18:49.434 10717 11271 D GPS : mGPSLocationListener.getLocation() is null
01-09 22:18:49.435 10717 11271 D GPS : getLastKnownLocation is not null
01-09 22:18:49.435 10717 11271 D GPS : mGPSSatelites : 8
01-09 22:18:49.435 10717 11271 D GPS : Android GPS is vaild.
01-09 22:18:49.435 2400 6444 I Telecom:SamsungTelecomServiceImpl: isInCall - callingPackage : com.android.systemui / callingUser : UserHandle{0} / hasCrossUserAccess : true
01-09 22:18:49.436 3670 3670 D CarrierTextUtil: updateNetworkName showSpn=false spn=null dataSpn=airtel showPlmn=true plmn=null hasVoWifiPLMN=false
01-09 22:18:49.436 3670 3670 D CarrierTextUtil: updateNetworkName showSpn=false spn=null dataSpn=airtel showPlmn=true plmn=null hasVoWifiPLMN=false
01-09 22:18:49.436 3670 3670 D CarrierTextController: carrierTextForSimState(3)-(order: 0) :
01-09 22:18:49.437 3670 3670 D CarrierTextController: setText : Flight mode
01-09 22:18:49.437 3670 3670 D CarrierTextUtil: updateNetworkName showSpn=false spn=null dataSpn=airtel showPlmn=true plmn=null hasVoWifiPLMN=false
01-09 22:18:49.437 3670 3670 D CarrierTextUtil: updateNetworkName showSpn=false spn=null dataSpn=airtel showPlmn=true plmn=null hasVoWifiPLMN=false
01-09 22:18:49.437 3670 3670 D CarrierTextController: carrierTextForSimState(3)-(order: 0) :
01-09 22:18:49.438 3670 3670 D CarrierTextController: setText : Flight mode
01-09 22:18:49.438 3670 3670 D CarrierTextUtil: updateNetworkName showSpn=false spn=null dataSpn=airtel showPlmn=true plmn=null hasVoWifiPLMN=false
01-09 22:18:49.438 3670 3670 D CarrierTextUtil: updateNetworkName showSpn=false spn=null dataSpn=airtel showPlmn=true plmn=null hasVoWifiPLMN=false
01-09 22:18:49.438 3670 3670 D CarrierTextController: carrierTextForSimState(3)-(order: 0) :
01-09 22:18:49.438 3670 3670 D CarrierTextController: setText : Flight mode
01-09 22:18:49.438 3670 3670 D FaceWidgetPagesController: onRefreshCarrierInfo()
01-09 22:18:49.439 3670 3670 D FaceWidgetClockRoamManager: isNetworkRoamingState id=3
01-09 22:18:49.439 3670 3670 D FaceWidgetClockRoamManager: isNetworkRoamingState false
01-09 22:18:49.439 3670 3670 D FaceWidgetClockRoamManager: onRefreshCarrierInfo(pre, now): false, false
01-09 22:18:49.439 3670 3670 D FaceWidgetClockPage: onRefreshCarrierInfo : isChanged false mIsRoaming false
01-09 22:18:49.439 3670 3670 D MultiSIMController: MESSAGE_UPDATE_SUBSCRIPTION_INFO
01-09 22:18:49.443 3670 3670 D ShadeCarrierGroup: handleUpdateCarrierInfo [Flight mode] isLatin=false
01-09 22:18:49.479 3670 3670 W View : requestLayout() improperly called by android.widget.FrameLayout{3ec886a V.E...... ......ID 0,138-1080,2205 #7f0a084c app:id/qs_frame} during layout: running second layout pass
01-09 22:18:49.519 1477 1477 D Diag-Router: diag: qrtr_perif_send: Sending cmd pkt of len: 4 to perif: modem with port: node [401c: 1]
01-09 22:18:49.519 1477 1477 D Diag-Router: diag: qrtr_perif_send: Sending cmd pkt of len: 4 to perif: modem with port: node [401c: 1]
01-09 22:18:49.533 2400 5709 D SemContextService: lock : requestToUpdate
01-09 22:18:49.533 2400 5709 W CAE : setCAProperty(ContextAwareService.java:509) - [setProperty 01] Mutex is locked for CH_LOC_TRIGGER
01-09 22:18:49.534 2400 3347 D SensorService: setSContextDataLocked ints length 2 , byte length 4
01-09 22:18:49.534 2400 3347 D SensorService: setSContextDataLocked 3db8
01-09 22:18:49.534 1507 1507 I sensors-hal: inject_sensor_data:407, handle 1501 send inject
01-09 22:18:49.534 1507 1507 I sensors-hal: sendContextData:288, sensor hal 4, (0xb8, 0x3d, 0x0, 0x0)
01-09 22:18:49.535 1507 1507 I sensors-hal: sendContextData:131, change_location_trigger 4,184
01-09 22:18:49.535 1507 1507 I sensors-hal: sendUserData:118, change_location_trigger h 184 m 61 s 0
01-09 22:18:49.535 1507 1507 I sensors-hal: create_send_context_data:66, change_location_trigger create_send_context_data
01-09 22:18:49.535 1507 1507 I sensors-hal: send_context_data:694, change_location_trigger, -244018566922240, 1320970896291267344, msgid:700
01-09 22:18:49.535 1507 3343 I sensors-hal: qsh_conn_resp_cb:930, resp_value = 0 for change_location_trigger
01-09 22:18:49.535 2400 5709 W CAE : setCAProperty(ContextAwareService.java:515) - [setProperty 02] Mutex is unlocked for CH_LOC_TRIGGER
01-09 22:18:49.536 2400 5709 D SemContextService: .requestToUpdate() : service = Location Change Trigger
01-09 22:18:49.536 2400 5709 D SemContextService: unlock : requestToUpdate
01-09 22:18:49.536 2400 5709 D SemContextManager: .requestToUpdate : listener = com.android.server.location.nsflp.NSLocationMonitor$5@11a7a99, service=Location Change Trigger
01-09 22:18:49.536 4893 12709 I NewStopController_FLP: StateChecker, check stationary message
01-09 22:18:49.547 1507 3343 I sensors-hal: qsh_conn_event_cb:890, event[0] sensor:change_location_trigger Wakeup, msg_id=1025, ts=20724106282
01-09 22:18:49.547 1507 3343 I sensors-hal: handle_sns_client_event:85, change_location_trigger_event: msgid:1025
01-09 22:18:49.547 1507 3343 I sensors-hal: handle_sns_client_event:108, change_location_trigger_event: 255, 255
01-09 22:18:49.549 2400 3341 D CAE : onGetSensorHubData(SensorHubParserProvider.java:92) - onGetSensorHubData Event [event buffer len :15], AP_WAKEUP
01-09 22:18:49.549 2400 3341 I CAE : parse(SensorHubParserProvider.java:193) - buffer size = 15
01-09 22:18:49.550 2400 3341 I CAE : parse(SensorHubParserProvider.java:204) - 1, 1, 61, -1, 0, 2, 1, 0, 0, 0, 1, 0, 0, 0, 0,
01-09 22:18:49.550 2400 3341 D CAE : display(ContextProvider.java:375) - ================= CH_LOC_TRIGGER =================
01-09 22:18:49.550 2400 3341 I CAE : display(ContextProvider.java:391) - duration=[1], property=[1], result=[2], reserved=[0]
01-09 22:18:49.552 2400 3338 D SemContextService: Service.updateContext() : service = Location Change Trigger
01-09 22:18:49.553 2400 2400 D SemContextManager: onSemContextChanged() : event = Location Change Trigger
01-09 22:18:49.553 2400 2400 D NSLocationMonitor: onSemContextChanged, activity : 1 result : 2 movement : 1
01-09 22:18:49.560 10717 11320 W ss.xcal.mobile5: Accessing hidden method Landroid/telephony/TelephonyManager;->getServiceStateForSubscriber(I)Landroid/telephony/ServiceState; (max-target-p, reflection, denied)
01-09 22:18:49.561 2400 2586 I system_server: Background concurrent mark compact GC freed 25MB AllocSpace bytes, 24(660KB) LOS objects, 22% free, 80MB/104MB, paused 1.216ms,1.786ms total 166.112ms
01-09 22:18:49.564 2400 2588 W System : A resource failed to call close.
01-09 22:18:49.566 3642 3968 W TelephonyPermissions: reportAccessDeniedToReadIdentifiers:com.innowireless.xcal.mobile5:getAllSubInfoList:3
01-09 22:18:49.567 2400 2588 W system_server: ApkAssets: Deleting an ApkAssets object ' and /data/app/~~LsiUHSwweJFlFh5Fa4SS9A==/com.google.android.gms-9nAFQoTZfiapvuExvt4W2Q==/base.apk' with 1 weak references
01-09 22:18:49.568 2400 2588 W system_server: ApkAssets: Deleting an ApkAssets object ' and /data/app/~~LsiUHSwweJFlFh5Fa4SS9A==/com.google.android.gms-9nAFQoTZfiapvuExvt4W2Q==/split_CronetDynamite_installtime.apk' with 1 weak references
01-09 22:18:49.568 2400 2588 W system_server: ApkAssets: Deleting an ApkAssets object ' and /data/app/~~LsiUHSwweJFlFh5Fa4SS9A==/com.google.android.gms-9nAFQoTZfiapvuExvt4W2Q==/split_DynamiteLoader_installtime.apk' with 1 weak references
01-09 22:18:49.568 2400 2588 W system_server: ApkAssets: Deleting an ApkAssets object ' and /data/app/~~LsiUHSwweJFlFh5Fa4SS9A==/com.google.android.gms-9nAFQoTZfiapvuExvt4W2Q==/split_DynamiteModulesA_installtime.apk' with 1 weak references
01-09 22:18:49.568 2400 2588 W system_server: ApkAssets: Deleting an ApkAssets object ' and /data/app/~~LsiUHSwweJFlFh5Fa4SS9A==/com.google.android.gms-9nAFQoTZfiapvuExvt4W2Q==/split_DynamiteModulesC_installtime.apk' with 1 weak references
01-09 22:18:49.569 2400 2588 W system_server: ApkAssets: Deleting an ApkAssets object ' and /data/app/~~LsiUHSwweJFlFh5Fa4SS9A==/com.google.android.gms-9nAFQoTZfiapvuExvt4W2Q==/split_GoogleCertificates_installtime.apk' with 1 weak references
01-09 22:18:49.569 2400 2588 W system_server: ApkAssets: Deleting an ApkAssets object ' and /data/app/~~LsiUHSwweJFlFh5Fa4SS9A==/com.google.android.gms-9nAFQoTZfiapvuExvt4W2Q==/split_MapsDynamite_installtime.apk' with 1 weak references
01-09 22:18:49.569 2400 2588 W system_server: ApkAssets: Deleting an ApkAssets object ' and /data/app/~~LsiUHSwweJFlFh5Fa4SS9A==/com.google.android.gms-9nAFQoTZfiapvuExvt4W2Q==/split_MeasurementDynamite_installtime.apk' with 1 weak references
01-09 22:18:49.569 2400 2588 W system_server: ApkAssets: Deleting an ApkAssets object ' and /data/app/~~LsiUHSwweJFlFh5Fa4SS9A==/com.google.android.gms-9nAFQoTZfiapvuExvt4W2Q==/split_config.en.apk' with 1 weak references
01-09 22:18:49.569 2400 2588 W system_server: ApkAssets: Deleting an ApkAssets object ' and /data/app/~~LsiUHSwweJFlFh5Fa4SS9A==/com.google.android.gms-9nAFQoTZfiapvuExvt4W2Q==/split_config.ko.apk' with 1 weak references
01-09 22:18:49.569 2400 2588 W system_server: ApkAssets: Deleting an ApkAssets object ' and /data/app/~~LsiUHSwweJFlFh5Fa4SS9A==/com.google.android.gms-9nAFQoTZfiapvuExvt4W2Q==/split_config.xxhdpi.apk' with 1 weak references
01-09 22:18:49.570 2400 2588 W system_server: ApkAssets: Deleting an ApkAssets object '/product/overlay/GmsQSfastpairOverlay.apk' with 1 weak references
01-09 22:18:49.582 3642 3968 W TelephonyPermissions: reportAccessDeniedToReadIdentifiers:com.innowireless.xcal.mobile5:getAllSubInfoList:3
01-09 22:18:49.587 2400 3489 D SemSupplicantStaIfaceHalAidlImpl: setWifiToCellular called : SETWTCMODE 3 0 0 0 0 0
01-09 22:18:49.587 4321 4321 I wpa_sslib: cmd: SETWTCMODE 3 0 0 0 0 0
01-09 22:18:49.588 4321 4321 I wpa_sslib: wtc mode: 3 scan mode: 0 wtc connected rssi: 0 candidate rssi2.4G: 0 candidate rssi 5G: 0, candidate rssi 6G: 0
01-09 22:18:49.590 2400 3489 D SemSupplicantStaIfaceHalAidlImpl: updateCellularCapabilities called
01-09 22:18:49.690 10717 11481 D XCAL-Mobile: setAirplaneMode turnon=false
01-09 22:18:49.691 10717 11481 D XCAL-Mobile: setAirplaneMode preSet=true
01-09 22:18:49.691 10717 11481 E XCAL-Mobile: setAirplaneMode Kernel.isRooting()
01-09 22:18:49.691 10717 11481 D XCAL-Mobile: dmm_v2 1789 settings put global airplane_mode_on 0
01-09 22:18:49.693 10717 11481 E XCAL-Mobile: setAirplaneMode cmd: settings put global airplane_mode_on 0
01-09 22:18:49.693 10717 11481 D XCAL-Mobile: dmm_v2 1789 am broadcast -a android.intent.action.AIRPLANE_MODE --ez state false
01-09 22:18:49.697 10717 11481 E XCAL-Mobile: setAirplaneMode sendBroadcast -android.intent.action.AIRPLANE_MODE
01-09 22:18:49.698 10717 11481 D IntroManager: finishCheckType : 8 Result : true
01-09 22:18:49.698 10717 10717 D XCAL-Mobile: Main_Activity_Intro_View.finishCheckAirplaneMode(), setCheckLicense, isAirplneMode : true
01-09 22:18:49.698 10717 10717 D INTRO : Airplane Mode set(ESP Info Logging) OK.
01-09 22:18:49.698 10717 10717 D XCAL-Mobile: Main_Activity_Intro_View.finishCheckAirplaneMode(), isCheckPacketCapture() : true
01-09 22:18:49.699 10717 10717 D XCAL-Mobile: Main_Activity_Intro_View.clickMoveToMain()
01-09 22:18:49.699 10717 10717 D XCAL-Mobile: Main_Activity_Intro_View.startXRemote() - Start
01-09 22:18:49.701 10717 11481 D XCAL-Mobile: AirplaneMode.setAirplaneOnOff(), End
01-09 22:18:49.701 10717 11481 D XCAL-Native: setQTraceMessage() - Start, QTM:
01-09 22:18:49.701 10717 11481 D XCAL-Native: setQTraceMessage() - End
01-09 22:18:49.704 10717 10717 D XCAL-Mobile: Main_Activity_Intro_View.startXRemote() - End
01-09 22:18:49.705 10717 11863 D XCAL-Mobile: AppLauchComplete.runOnBackground()
01-09 22:18:49.806 2400 4969 D FreecessController: com.facebook.katana(10315) is important[18]
01-09 22:18:49.845 1507 10089 I sensors-hal: handle_sns_client_event:341, [1] mag_sample_cal(magcal_available:23472): ts=1065002036324 ns; cal = [55.002602, 48.768799, 0.479286], uncal = [38.142605, -28.391199, 41.459286], bias = [-16.859999, -77.159996, 40.980000], status=3
01-09 22:18:49.868 1500 4910 I vendor.qti.bluetooth@1.1-ibs_handler: DeviceSleep: TX Awake, Sending SLEEP_IND
01-09 22:18:49.868 1500 4910 D vendor.qti.bluetooth@1.1-ibs_handler: SerialClockVote: vote for UART CLK OFF
01-09 22:18:49.869 1506 3027 I LocSvc_ApiV02: <--- globalEventCb line 327 QMI_LOC_EVENT_WIFI_REQ_IND_V02
01-09 22:18:49.869 1506 1529 I GnssAidl: ===> odcpiRequestCb line 320
01-09 22:18:49.870 2400 6444 D GnssLocationProvider: requestLocation. independentFromGnss: true, isUserEmergency: false
01-09 22:18:49.872 2400 3388 I GnssLocationProvider: GNSS HAL Requesting location updates from network provider for 10000 millis.
01-09 22:18:49.875 2400 3388 D LocationManagerService: network provider added registration from 1000/android[GnssService]/FCB9D247 -> Request[@+1s0ms LOW_POWER, duration=+10s0ms, maxUpdates=1, WorkSource{1000 android}]
01-09 22:18:49.878 2400 3388 I NSLocationProviderHelper: updateRequestInfo, uid=1000
01-09 22:18:49.880 2400 3388 D LocationManagerService: network provider request changed to ProviderRequest[@+1s0ms, WorkSource{1000 android, 10396 com.innowireless.xcal.mobile5}]
01-09 22:18:49.880 4893 5021 I RequestManager_FLP: request from system, change packageName from system to system(com.android.server.location.gnss.GnssLocationProvider)
01-09 22:18:49.881 4893 5021 E RequestManager_FLP: [LocationManager] Location request FCB9D247(Listener) network interval=1000ms (min=166ms) from system(com.android.server.location.gnss.GnssLocationProvider) (1000_FINE_unknown_false_foreground)
01-09 22:18:49.889 4893 5021 I NlpMonitor_FLP: monitorNlp, package=com.innowireless.xcal.mobile5/ interval=1000
01-09 22:18:49.891 2400 3388 D LocationManagerService: network provider registration 1000/android[GnssService]/FCB9D247 finished after 1 updates
01-09 22:18:49.891 2400 3388 I NSLocationProviderHelper: updateRemoveInfo, uid=1000
01-09 22:18:49.891 2400 3388 D LocationManagerService: network provider removed registration from 1000/android[GnssService]/FCB9D247
01-09 22:18:49.892 2400 3388 D LocationManagerService: network provider request changed to ProviderRequest[@+1s0ms, WorkSource{10396 com.innowireless.xcal.mobile5}]
01-09 22:18:49.892 4893 5021 E RequestManager_FLP: [LocationManager] Location remove FCB9D247 from system
01-09 22:18:49.892 4893 5021 I LocationRequestData_FLP: Remove in requestInfoList, FCB9D247 / ListSize[network]=2
01-09 22:18:49.894 1506 1526 I GnssAidl: ===> injectLocation line 289
01-09 22:18:49.894 1506 1565 I LocSvc_api_v02: ---> locClientSendReq line 2462 QMI_LOC_INJECT_POSITION_REQ_V02
01-09 22:18:49.894 2400 3813 D SLocation: PositionManager - Passive handleLocationChanged network 1736441329888
01-09 22:18:49.895 2400 3828 I Mocca_VehicleDetectionHelper: (1.0.07.0)GPS: receiveLocation network
01-09 22:18:49.895 2400 3813 D SLocation: ARDistanceBigData - BIGDATA ARD - receive location
01-09 22:18:49.895 2400 3813 D SLocation: ARDistanceBigData - BIGDATA ARD disabled, onReceiveLocation
01-09 22:18:49.895 2400 3813 W SLocation: GeopointGeofenceManager - refresh wifi to receive loc
01-09 22:18:49.895 2400 3813 D SLocation: SLocationCoreSem - send to coreSem, packet length : 23 / [2, 11, 82, 218, 85, 43, 149, 114, 10, 0, 0, 0, 114, 2, 0, 0, 1, 148, 75, 247, 248, 224, 0]
01-09 22:18:49.895 2400 3813 D SemContextLocationCoreAttribute: setAttribute() mode : 0 action : 23
01-09 22:18:49.895 2400 3813 D SemContextService: lock : changeParameters
01-09 22:18:49.895 2400 3813 D SemContext.CaeProvider.LocationCoreImpl: setAttribute() mode : 0 action : 23
01-09 22:18:49.895 2400 3813 W CAE : setCAProperty(ContextAwareService.java:509) - [setProperty 01] Mutex is locked for SLOCATION_RUNNER
01-09 22:18:49.895 2400 3813 I CAE : setPropertyValue(SLocationRunner.java:116) - SLocationRunner setProperty header : 2, len : 23
01-09 22:18:49.896 2400 3347 D SensorService: setSContextDataLocked ints length 8 , byte length 26
01-09 22:18:49.896 2400 3347 D SensorService: setSContextDataLocked 23717c1
01-09 22:18:49.896 1507 1507 I sensors-hal: inject_sensor_data:407, handle 1501 send inject
01-09 22:18:49.896 1507 1507 I sensors-hal: sendContextData:288, sensor hal 26, (0xc1, 0x17, 0x37, 0x2)
01-09 22:18:49.896 1507 1507 E sensors-hal: sendContextData:133, slocationcore h 193 m 23 s 55
01-09 22:18:49.896 1507 1507 I sensors-hal: sendUserData:119, slocationcore sendUserData
01-09 22:18:49.896 1507 1507 E sensors-hal: create_send_context_data:64, slocationcore create_send_context_data
01-09 22:18:49.896 1507 1507 I sensors-hal: send_context_data:694, slocationcore, 4986366670857974562, 1320970896291267344, msgid:700
01-09 22:18:49.896 1506 3027 I LocSvc_ApiV02: <--- globalEventCb line 327 QMI_LOC_EVENT_WIFI_REQ_IND_V02
