10-25 15:07:30.402 1474 1474 D Diag-Router: diag: queue_push_cntlq: Sending cntl pkt of len: 23 to perif: lpass with port: node [4020: 1]
10-25 15:07:30.402 1474 1474 D Diag-Router: diag: queue_push_cntlq: Sending cntl pkt of len: 23 to perif: lpass with port: node [4020: 1]
10-25 15:07:30.402 1474 1474 D Diag-Router: diag: queue_push_cntlq: Sending cntl pkt of len: 23 to perif: modem with port: node [401b: 1]
10-25 15:07:30.402 1474 1474 D Diag-Router: diag: queue_push_cntlq: Sending cntl pkt of len: 23 to perif: lpass with port: node [4020: 1]
10-25 15:07:30.402 1474 1474 D Diag-Router: diag: queue_push_cntlq: Sending cntl pkt of len: 23 to perif: cdsp with port: node [402f: 1]
10-25 15:07:30.402 1474 1474 D Diag-Router: diag: queue_push_cntlq: Sending cntl pkt of len: 23 to perif: lpass with port: node [4020: 1]
10-25 15:07:30.402 1474 1474 D Diag-Router: diag: queue_push_cntlq: Sending cntl pkt of len: 23 to perif: lpass with port: node [4020: 1]
10-25 15:07:30.402 1474 1474 D Diag-Router: diag: queue_push_cntlq: Sending cntl pkt of len: 23 to perif: modem with port: node [401b: 1]
10-25 15:07:30.402 1474 1474 D Diag-Router: diag: queue_push_cntlq: Sending cntl pkt of len: 23 to perif: lpass with port: node [4020: 1]
10-25 15:07:30.402 1474 1474 D Diag-Router: diag: queue_push_cntlq: Sending cntl pkt of len: 23 to perif: cdsp with port: node [402f: 1]
10-25 15:07:30.402 1474 1474 D Diag-Router: diag: queue_push_cntlq: Sending cntl pkt of len: 23 to perif: lpass with port: node [4020: 1]
10-25 15:07:30.402 1474 1474 D Diag-Router: diag: queue_push_cntlq: Sending cntl pkt of len: 23 to perif: lpass with port: node [4020: 1]
10-25 15:07:30.402 1474 1474 D Diag-Router: diag: queue_push_cntlq: Sending cntl pkt of len: 23 to perif: modem with port: node [401b: 1]
10-25 15:07:30.402 1474 1474 D Diag-Router: diag: queue_push_cntlq: Sending cntl pkt of len: 23 to perif: lpass with port: node [4020: 1]
10-25 15:07:30.402 1474 1474 D Diag-Router: diag: queue_push_cntlq: Sending cntl pkt of len: 23 to perif: cdsp with port: node [402f: 1]
10-25 15:07:30.402 1474 1474 D Diag-Router: diag: queue_push_cntlq: Sending cntl pkt of len: 23 to perif: lpass with port: node [4020: 1]
10-25 15:07:30.402 1474 1474 D Diag-Router: diag: queue_push_cntlq: Sending cntl pkt of len: 23 to perif: lpass with port: node [4020: 1]
10-25 15:07:30.402 1474 1474 D Diag-Router: diag: queue_push_cntlq: Sending cntl pkt of len: 23 to perif: modem with port: node [401b: 1]
10-25 15:07:30.402 1474 1474 D Diag-Router: diag: queue_push_cntlq: Sending cntl pkt of len: 23 to perif: lpass with port: node [4020: 1]
10-25 15:07:30.402 1474 1474 D Diag-Router: diag: queue_push_cntlq: Sending cntl pkt of len: 23 to perif: cdsp with port: node [402f: 1]
10-25 15:07:30.402 1474 1474 D Diag-Router: diag: queue_push_cntlq: Sending cntl pkt of len: 23 to perif: lpass with port: node [4020: 1]
10-25 15:07:30.402 1474 1474 D Diag-Router: diag: queue_push_cntlq: Sending cntl pkt of len: 23 to perif: lpass with port: node [4020: 1]
10-25 15:07:30.402 1474 1474 D Diag-Router: diag: queue_push_cntlq: Sending cntl pkt of len: 23 to perif: modem with port: node [401b: 1]
10-25 15:07:30.402 1474 1474 D Diag-Router: diag: queue_push_cntlq: Sending cntl pkt of len: 23 to perif: lpass with port: node [4020: 1]
10-25 15:07:30.402 1474 1474 D Diag-Router: diag: queue_push_cntlq: Sending cntl pkt of len: 23 to perif: cdsp with port: node [402f: 1]
10-25 15:07:30.402 1474 1474 D Diag-Router: diag: queue_push_cntlq: Sending cntl pkt of len: 23 to perif: lpass with port: node [4020: 1]
10-25 15:07:30.402 1474 1474 D Diag-Router: diag: queue_push_cntlq: Sending cntl pkt of len: 23 to perif: lpass with port: node [4020: 1]
10-25 15:07:30.402 1474 1474 D Diag-Router: diag: queue_push_cntlq: Sending cntl pkt of len: 23 to perif: modem with port: node [401b: 1]
10-25 15:07:30.402 1474 1474 D Diag-Router: diag: queue_push_cntlq: Sending cntl pkt of len: 23 to perif: lpass with port: node [4020: 1]
10-25 15:07:30.402 1474 1474 D Diag-Router: diag: queue_push_cntlq: Sending cntl pkt of len: 23 to perif: cdsp with port: node [402f: 1]
10-25 15:07:30.402 1474 1474 D Diag-Router: diag: queue_push_cntlq: Sending cntl pkt of len: 23 to perif: lpass with port: node [4020: 1]
10-25 15:07:30.402 1474 1474 D Diag-Router: diag: queue_push_cntlq: Sending cntl pkt of len: 23 to perif: lpass with port: node [4020: 1]
10-25 15:07:30.402 1474 1474 D Diag-Router: diag: queue_push_cntlq: Sending cntl pkt of len: 23 to perif: modem with port: node [401b: 1]
10-25 15:07:30.402 1474 1474 D Diag-Router: diag: queue_push_cntlq: Sending cntl pkt of len: 23 to perif: lpass with port: node [4020: 1]
10-25 15:07:30.402 1474 1474 D Diag-Router: diag: queue_push_cntlq: Sending cntl pkt of len: 23 to perif: cdsp with port: node [402f: 1]
10-25 15:07:30.402 1474 1474 D Diag-Router: diag: queue_push_cntlq: Sending cntl pkt of len: 23 to perif: lpass with port: node [4020: 1]
10-25 15:07:30.402 1474 1474 D Diag-Router: diag: queue_push_cntlq: Sending cntl pkt of len: 23 to perif: lpass with port: node [4020: 1]
10-25 15:07:30.402 1474 1474 D Diag-Router: diag: queue_push_cntlq: Sending cntl pkt of len: 23 to perif: modem with port: node [401b: 1]
10-25 15:07:30.402 1474 1474 D Diag-Router: diag: queue_push_cntlq: Sending cntl pkt of len: 23 to perif: lpass with port: node [4020: 1]
10-25 15:07:30.402 1474 1474 D Diag-Router: diag: queue_push_cntlq: Sending cntl pkt of len: 23 to perif: cdsp with port: node [402f: 1]
10-25 15:07:30.402 1474 1474 D Diag-Router: diag: queue_push_cntlq: Sending cntl pkt of len: 23 to perif: lpass with port: node [4020: 1]
10-25 15:07:30.402 1474 1474 D Diag-Router: diag: queue_push_cntlq: Sending cntl pkt of len: 23 to perif: lpass with port: node [4020: 1]
10-25 15:07:30.402 1474 1474 D Diag-Router: diag: queue_push_cntlq: Sending cntl pkt of len: 23 to perif: modem with port: node [401b: 1]
10-25 15:07:30.402 1474 1474 D Diag-Router: diag: queue_push_cntlq: Sending cntl pkt of len: 23 to perif: lpass with port: node [4020: 1]
10-25 15:07:30.402 1474 1474 D Diag-Router: diag: queue_push_cntlq: Sending cntl pkt of len: 23 to perif: cdsp with port: node [402f: 1]
10-25 15:07:30.402 1474 1474 D Diag-Router: diag: queue_push_cntlq: Sending cntl pkt of len: 23 to perif: lpass with port: node [4020: 1]
10-25 15:07:30.402 1474 1474 D Diag-Router: diag: queue_push_cntlq: Sending cntl pkt of len: 23 to perif: lpass with port: node [4020: 1]
10-25 15:07:30.402 1474 1474 D Diag-Router: diag: queue_push_cntlq: Sending cntl pkt of len: 23 to perif: modem with port: node [401b: 1]
10-25 15:07:30.402 1474 1474 D Diag-Router: diag: queue_push_cntlq: Sending cntl pkt of len: 23 to perif: lpass with port: node [4020: 1]
10-25 15:07:30.402 1474 1474 D Diag-Router: diag: queue_push_cntlq: Sending cntl pkt of len: 23 to perif: cdsp with port: node [402f: 1]
10-25 15:07:30.402 1474 1474 D Diag-Router: diag: queue_push_cntlq: Sending cntl pkt of len: 23 to perif: lpass with port: node [4020: 1]
10-25 15:07:30.402 1474 1474 D Diag-Router: diag: queue_push_cntlq: Sending cntl pkt of len: 23 to perif: lpass with port: node [4020: 1]
10-25 15:07:30.402 1474 1474 D Diag-Router: diag: queue_push_cntlq: Sending cntl pkt of len: 23 to perif: modem with port: node [401b: 1]
10-25 15:07:30.403 1474 1474 D Diag-Router: diag: queue_push_cntlq: Sending cntl pkt of len: 23 to perif: lpass with port: node [4020: 1]
10-25 15:07:30.403 1474 1474 D Diag-Router: diag: queue_push_cntlq: Sending cntl pkt of len: 23 to perif: cdsp with port: node [402f: 1]
10-25 15:07:30.403 1474 1474 D Diag-Router: diag: queue_push_cntlq: Sending cntl pkt of len: 23 to perif: lpass with port: node [4020: 1]
10-25 15:07:30.403 1474 1474 D Diag-Router: diag: queue_push_cntlq: Sending cntl pkt of len: 23 to perif: lpass with port: node [4020: 1]
10-25 15:07:30.403 1474 1474 D Diag-Router: diag: queue_push_cntlq: Sending cntl pkt of len: 23 to perif: modem with port: node [401b: 1]
10-25 15:07:30.403 1474 1474 D Diag-Router: diag: queue_push_cntlq: Sending cntl pkt of len: 23 to perif: lpass with port: node [4020: 1]
10-25 15:07:30.403 1474 1474 D Diag-Router: diag: queue_push_cntlq: Sending cntl pkt of len: 23 to perif: cdsp with port: node [402f: 1]
10-25 15:07:30.403 1474 1474 D Diag-Router: diag: queue_push_cntlq: Sending cntl pkt of len: 23 to perif: lpass with port: node [4020: 1]
10-25 15:07:30.403 1474 1474 D Diag-Router: diag: queue_push_cntlq: Sending cntl pkt of len: 23 to perif: lpass with port: node [4020: 1]
10-25 15:07:30.403 1474 1474 D Diag-Router: diag: queue_push_cntlq: Sending cntl pkt of len: 23 to perif: modem with port: node [401b: 1]
10-25 15:07:30.403 1474 1474 D Diag-Router: diag: queue_push_cntlq: Sending cntl pkt of len: 23 to perif: lpass with port: node [4020: 1]
10-25 15:07:30.403 1474 1474 D Diag-Router: diag: queue_push_cntlq: Sending cntl pkt of len: 23 to perif: cdsp with port: node [402f: 1]
10-25 15:07:30.403 1474 1474 D Diag-Router: diag: queue_push_cntlq: Sending cntl pkt of len: 23 to perif: lpass with port: node [4020: 1]
10-25 15:07:30.403 1474 1474 D Diag-Router: diag: queue_push_cntlq: Sending cntl pkt of len: 23 to perif: lpass with port: node [4020: 1]
10-25 15:07:30.403 1474 1474 D Diag-Router: diag: queue_push_cntlq: Sending cntl pkt of len: 23 to perif: modem with port: node [401b: 1]
10-25 15:07:30.403 1474 1474 D Diag-Router: diag: queue_push_cntlq: Sending cntl pkt of len: 23 to perif: lpass with port: node [4020: 1]
10-25 15:07:30.403 1474 1474 D Diag-Router: diag: queue_push_cntlq: Sending cntl pkt of len: 23 to perif: cdsp with port: node [402f: 1]
10-25 15:07:30.403 1474 1474 D Diag-Router: diag: queue_push_cntlq: Sending cntl pkt of len: 23 to perif: lpass with port: node [4020: 1]
10-25 15:07:30.403 1474 1474 D Diag-Router: diag: queue_push_cntlq: Sending cntl pkt of len: 23 to perif: lpass with port: node [4020: 1]
10-25 15:07:30.403 1474 1474 D Diag-Router: diag: queue_push_cntlq: Sending cntl pkt of len: 23 to perif: modem with port: node [401b: 1]
10-25 15:07:30.403 1474 1474 D Diag-Router: diag: queue_push_cntlq: Sending cntl pkt of len: 23 to perif: lpass with port: node [4020: 1]
10-25 15:07:30.403 1474 1474 D Diag-Router: diag: queue_push_cntlq: Sending cntl pkt of len: 23 to perif: cdsp with port: node [402f: 1]
10-25 15:07:30.403 1474 1474 D Diag-Router: diag: queue_push_cntlq: Sending cntl pkt of len: 23 to perif: lpass with port: node [4020: 1]
10-25 15:07:30.403 1474 1474 D Diag-Router: diag: queue_push_cntlq: Sending cntl pkt of len: 23 to perif: lpass with port: node [4020: 1]
10-25 15:07:30.403 1474 1474 D Diag-Router: diag: queue_push_cntlq: Sending cntl pkt of len: 23 to perif: modem with port: node [401b: 1]
10-25 15:07:30.403 1474 1474 D Diag-Router: diag: queue_push_cntlq: Sending cntl pkt of len: 23 to perif: lpass with port: node [4020: 1]
10-25 15:07:30.403 1474 1474 D Diag-Router: diag: queue_push_cntlq: Sending cntl pkt of len: 23 to perif: cdsp with port: node [402f: 1]
10-25 15:07:30.403 1474 1474 D Diag-Router: diag: queue_push_cntlq: Sending cntl pkt of len: 23 to perif: lpass with port: node [4020: 1]
10-25 15:07:30.403 1474 1474 D Diag-Router: diag: queue_push_cntlq: Sending cntl pkt of len: 23 to perif: lpass with port: node [4020: 1]
10-25 15:07:30.403 1474 1474 D Diag-Router: diag: queue_push_cntlq: Sending cntl pkt of len: 23 to perif: modem with port: node [401b: 1]
10-25 15:07:30.403 1474 1474 D Diag-Router: diag: queue_push_cntlq: Sending cntl pkt of len: 23 to perif: lpass with port: node [4020: 1]
10-25 15:07:30.403 1474 1474 D Diag-Router: diag: queue_push_cntlq: Sending cntl pkt of len: 23 to perif: cdsp with port: node [402f: 1]
10-25 15:07:30.403 1474 1474 D Diag-Router: diag: queue_push_cntlq: Sending cntl pkt of len: 23 to perif: lpass with port: node [4020: 1]
10-25 15:07:30.403 1474 1474 D Diag-Router: diag: queue_push_cntlq: Sending cntl pkt of len: 23 to perif: lpass with port: node [4020: 1]
10-25 15:07:30.403 1474 1474 D Diag-Router: diag: queue_push_cntlq: Sending cntl pkt of len: 23 to perif: modem with port: node [401b: 1]
10-25 15:07:30.403 1474 1474 D Diag-Router: diag: queue_push_cntlq: Sending cntl pkt of len: 23 to perif: lpass with port: node [4020: 1]
10-25 15:07:30.403 1474 1474 D Diag-Router: diag: queue_push_cntlq: Sending cntl pkt of len: 23 to perif: cdsp with port: node [402f: 1]
10-25 15:07:30.403 1474 1474 D Diag-Router: diag: queue_push_cntlq: Sending cntl pkt of len: 23 to perif: lpass with port: node [4020: 1]
10-25 15:07:30.403 1474 1474 D Diag-Router: diag: queue_push_cntlq: Sending cntl pkt of len: 23 to perif: lpass with port: node [4020: 1]
10-25 15:07:30.405 21799 30828 D AUTOCALL:
10-25 15:07:30.405 21799 30828 D AUTOCALL:
10-25 15:07:30.405 21799 30828 D AUTOCALL:
10-25 15:07:30.405 21799 30828 D AUTOCALL: Config IDLE : 5 SETUP : 15 TSETUP : 15 TRAFFIC : 40 TOTAL TIME : 0 Call Count : 1
10-25 15:07:30.405 21799 30828 D AUTOCALL: Idle Start (session id : 0 call count : 0)
10-25 15:07:30.405 21799 30828 D AUTOCALL: This is FTPCall!!
10-25 15:07:30.405 21799 30828 D AUTOCALL: UI MSG : Idle Start
10-25 15:07:30.406 2356 5605 I AccessibilityManagerService: semIsAccessibilityServiceEnabled()
10-25 15:07:30.407 2356 6263 I AccessibilityManagerService: semIsAccessibilityServiceEnabled()
10-25 15:07:30.407 2356 4738 I AccessibilityManagerService: semIsAccessibilityServiceEnabled()
10-25 15:07:30.410 21799 22080 D XCAL-Native: CApp_Connection::OnReadPacket - ###################################### Sim index: 0, Set parser: 0xA2E4
10-25 15:07:30.410 21799 30828 D AUTOCALL: Idle Start() - CallNo.1
10-25 15:07:30.416 2356 5605 I AccessibilityManagerService: semIsAccessibilityServiceEnabled()
10-25 15:07:30.416 2356 6263 I AccessibilityManagerService: semIsAccessibilityServiceEnabled()
10-25 15:07:30.416 2356 3535 I SemWifiEleStateTracker: Ele Parameters BD : 13 13 13 13 13 13 MD : -80 -80 -80 -81 -81 -81 WD : -55 -48 -50 -49 -50 -50 GC : false false false false false false SC : false false false false false false SH : false false false false false false TB : false false false false false false
10-25 15:07:30.416 2356 3535 D SemWifiEleStateTracker: Pressure Diff: 0.0056762695
10-25 15:07:30.416 2356 3535 D SemWifiEleStateTracker: Barometer value: Prev 1002.4423 Current 1002.448 mSmallBaroDetected : false
10-25 15:07:30.417 2356 4738 I AccessibilityManagerService: semIsAccessibilityServiceEnabled()
10-25 15:07:30.464 1503 4735 I sensors-hal: handle_sns_std_sensor_event:403, [SSC_LIGHT] P: 184(184),c:0,b:92,m:13,cl:0,l:185,s:181,l0:27680,l1:2208,s0:27000,s1:2000,acl:1,opr:0.25,f(r):100,u(bl):100,if:0,wi:0,si:156,po:0(N:0)
10-25 15:07:30.517 1503 22082 I sensors-hal: handle_sns_client_event:375, [0][7161] accel_sample [ 0.087, -0.004, 9.886] 1462666597987
10-25 15:07:30.547 1499 5027 I vendor.qti.bluetooth@1.1-ibs_handler: ProcessIbsCmd: Received IBS_WAKE_IND: 0xFD
10-25 15:07:30.547 1499 5027 D vendor.qti.bluetooth@1.1-ibs_handler: SerialClockVote: vote for UART CLK ON
10-25 15:07:30.548 1499 5027 D vendor.qti.bluetooth@1.1-wake_lock: Acquire wakelock is acquired
10-25 15:07:30.548 1499 5027 I vendor.qti.bluetooth@1.1-ibs_handler: ProcessIbsCmd: Writing IBS_WAKE_ACK
10-25 15:07:30.552 4041 5148 D BtGatt.GattService: onScanResult to scannerId: 5- eventType=0x0, addressType=1, address=XX:XX:XX:XX:AF:23, primaryPhy=1, secondaryPhy=1, advertisingSid=0x1, txPower=127, rssi=-70, periodicAdvInt=0x0
10-25 15:07:30.588 1499 5027 I vendor.qti.bluetooth@1.1-ibs_handler: ProcessIbsCmd: Received IBS_SLEEP_IND: 0xFE
10-25 15:07:30.589 1499 5027 D vendor.qti.bluetooth@1.1-ibs_handler: SerialClockVote: vote for UART CLK OFF
10-25 15:07:30.600 1474 1474 D Diag-Router: diag: queue_push_cntlq: Sending cntl pkt of len: 331 to perif: modem with port: node [401b: 1]
10-25 15:07:30.601 1474 1474 D Diag-Router: diag: queue_push_cntlq: Sending cntl pkt of len: 331 to perif: lpass with port: node [4020: 1]
10-25 15:07:30.601 1474 1474 D Diag-Router: diag: queue_push_cntlq: Sending cntl pkt of len: 331 to perif: cdsp with port: node [402f: 1]
10-25 15:07:30.601 1474 1474 D Diag-Router: diag: queue_push_cntlq: Sending cntl pkt of len: 331 to perif: lpass with port: node [4020: 1]
10-25 15:07:30.601 1474 1474 D Diag-Router: diag: queue_push_cntlq: Sending cntl pkt of len: 331 to perif: lpass with port: node [4020: 1]
10-25 15:07:30.638 1499 5027 I vendor.qti.bluetooth@1.1-ibs_handler: ProcessIbsCmd: Received IBS_WAKE_IND: 0xFD
10-25 15:07:30.638 1499 5027 D vendor.qti.bluetooth@1.1-ibs_handler: SerialClockVote: vote for UART CLK ON
10-25 15:07:30.638 1499 5027 I vendor.qti.bluetooth@1.1-ibs_handler: ProcessIbsCmd: Writing IBS_WAKE_ACK
10-25 15:07:30.643 4041 5148 D BtGatt.GattService: onScanResult to scannerId: 5- eventType=0x0, addressType=1, address=XX:XX:XX:XX:D1:AF, primaryPhy=1, secondaryPhy=1, advertisingSid=0x1, txPower=127, rssi=-44, periodicAdvInt=0x0
10-25 15:07:30.672 4041 5148 D BtGatt.GattService: onScanResult to scannerId: 5- eventType=0x0, addressType=1, address=XX:XX:XX:XX:B3:05, primaryPhy=1, secondaryPhy=1, advertisingSid=0x1, txPower=127, rssi=-71, periodicAdvInt=0x0
10-25 15:07:30.686 4041 5148 D BtGatt.GattService: onScanResult to scannerId: 5- eventType=0x1a, addressType=1, address=XX:XX:XX:XX:8D:D5, primaryPhy=1, secondaryPhy=0, advertisingSid=0xff, txPower=127, rssi=-60, periodicAdvInt=0x0
10-25 15:07:30.693 4041 5148 D BtGatt.GattService: onScanResult to scannerId: 5- eventType=0x0, addressType=1, address=XX:XX:XX:XX:AF:23, primaryPhy=1, secondaryPhy=1, advertisingSid=0x1, txPower=127, rssi=-75, periodicAdvInt=0x0
10-25 15:07:30.719 2356 2906 D PowerManagerService: UserActivityStateListenerState: 0
10-25 15:07:30.732 2356 5605 I WifiService: startScan uid=10378
10-25 15:07:30.733 1499 5027 I vendor.qti.bluetooth@1.1-ibs_handler: ProcessIbsCmd: Received IBS_SLEEP_IND: 0xFE
10-25 15:07:30.733 2356 3363 I WifiScanRequestProxy: Scan request from com.innowireless.xcal.mobile5 throttled
10-25 15:07:30.733 1499 5027 D vendor.qti.bluetooth@1.1-ibs_handler: SerialClockVote: vote for UART CLK OFF
10-25 15:07:30.733 2356 5605 E WifiService: Failed to start scan
10-25 15:07:30.737 2356 5605 D SemContextService: lock : requestToUpdate
10-25 15:07:30.737 2356 5605 W CAE : setCAProperty(ContextAwareService.java:509) - [setProperty 01] Mutex is locked for CH_LOC_TRIGGER
10-25 15:07:30.738 2356 3354 D SensorService: setSContextDataLocked ints length 2 , byte length 4
10-25 15:07:30.738 2356 3354 D SensorService: setSContextDataLocked 3db8
10-25 15:07:30.739 1503 1503 I sensors-hal: inject_sensor_data:407, handle 1501 send inject
10-25 15:07:30.739 1503 1503 I sensors-hal: sendContextData:288, sensor hal 4, (0xb8, 0x3d, 0x0, 0x0)
10-25 15:07:30.739 1503 1503 I sensors-hal: sendContextData:131, change_location_trigger 4,184
10-25 15:07:30.739 1503 1503 I sensors-hal: sendUserData:118, change_location_trigger h 184 m 61 s 0
10-25 15:07:30.739 1503 1503 I sensors-hal: create_send_context_data:66, change_location_trigger create_send_context_data
10-25 15:07:30.739 1503 1503 I sensors-hal: send_context_data:694, change_location_trigger, -244018566922240, 1320970896291267344, msgid:700
10-25 15:07:30.740 2356 5605 W CAE : setCAProperty(ContextAwareService.java:515) - [setProperty 02] Mutex is unlocked for CH_LOC_TRIGGER
10-25 15:07:30.740 2356 5605 D SemContextService: .requestToUpdate() : service = Location Change Trigger
10-25 15:07:30.740 2356 5605 D SemContextService: unlock : requestToUpdate
10-25 15:07:30.740 2356 5605 D SemContextManager: .requestToUpdate : listener = com.android.server.location.nsflp.NSLocationMonitor$5@7d0b446, service=Location Change Trigger
10-25 15:07:30.740 4803 11380 I NewStopController_FLP: StateChecker, check stationary message
10-25 15:07:30.741 1503 3350 I sensors-hal: qsh_conn_resp_cb:930, resp_value = 0 for change_location_trigger
10-25 15:07:30.772 1503 3350 I sensors-hal: qsh_conn_event_cb:890, event[0] sensor:change_location_trigger Wakeup, msg_id=1025, ts=28370011931
10-25 15:07:30.772 1503 3350 I sensors-hal: handle_sns_client_event:85, change_location_trigger_event: msgid:1025
10-25 15:07:30.772 1503 3350 I sensors-hal: handle_sns_client_event:108, change_location_trigger_event: 255, 255
10-25 15:07:30.775 2356 3348 D CAE : onGetSensorHubData(SensorHubParserProvider.java:92) - onGetSensorHubData Event [event buffer len :15], AP_WAKEUP
10-25 15:07:30.775 2356 3348 I CAE : parse(SensorHubParserProvider.java:193) - buffer size = 15
10-25 15:07:30.775 2356 3348 I CAE : parse(SensorHubParserProvider.java:204) - 1, 1, 61, -1, 0, 2, 1, 0, 0, 0, 1, 0, 0, 0, 0,
10-25 15:07:30.775 2356 3348 D CAE : display(ContextProvider.java:375) - ================= CH_LOC_TRIGGER =================
10-25 15:07:30.776 2356 3348 I CAE : display(ContextProvider.java:391) - duration=[1], property=[1], result=[2], reserved=[0]
10-25 15:07:30.777 2356 3345 D SemContextService: Service.updateContext() : service = Location Change Trigger
10-25 15:07:30.778 2356 2356 D SemContextManager: onSemContextChanged() : event = Location Change Trigger
10-25 15:07:30.778 2356 2356 D NSLocationMonitor: onSemContextChanged, activity : 1 result : 2 movement : 1
10-25 15:07:30.801 1474 1474 D Diag-Router: diag: queue_push_cntlq: Sending cntl pkt of len: 382 to perif: modem with port: node [401b: 1]
10-25 15:07:30.801 1474 1474 D Diag-Router: diag: queue_push_cntlq: Sending cntl pkt of len: 382 to perif: lpass with port: node [4020: 1]
10-25 15:07:30.801 1474 1474 D Diag-Router: diag: queue_push_cntlq: Sending cntl pkt of len: 382 to perif: cdsp with port: node [402f: 1]
10-25 15:07:30.801 1474 1474 D Diag-Router: diag: queue_push_cntlq: Sending cntl pkt of len: 382 to perif: lpass with port: node [4020: 1]
10-25 15:07:30.801 1474 1474 D Diag-Router: diag: queue_push_cntlq: Sending cntl pkt of len: 382 to perif: lpass with port: node [4020: 1]
10-25 15:07:30.823 1503 21993 I sensors-hal: handle_sns_std_sensor_event:156, [32278] Pressure 1002.445, cal -0.242, sw_offset 0.000
10-25 15:07:30.855 2356 4890 D FreecessController: com.whatsapp(10370) is important[2]
10-25 15:07:30.883 1499 4133 D vendor.qti.bluetooth@1.1-wake_lock: Release wakelock is released
10-25 15:07:30.928 1503 22084 I sensors-hal: handle_sns_client_event:341, [1] mag_sample_cal(magcal_available:7177): ts=1463084204706 ns; cal = [-23.262863, -60.047215, 20.430202], uncal = [25.877136, -71.207214, 56.910202], bias = [49.139999, -11.160000, 36.480000], status=3
10-25 15:07:30.949 1474 1474 D Diag-Router: diag: qrtr_perif_send: Sending cmd pkt of len: 4 to perif: modem with port: node [401c: 1]
10-25 15:07:31.001 1474 1474 D Diag-Router: diag: queue_push_cntlq: Sending cntl pkt of len: 150 to perif: modem with port: node [401b: 1]
10-25 15:07:31.001 1474 1474 D Diag-Router: diag: queue_push_cntlq: Sending cntl pkt of len: 150 to perif: lpass with port: node [4020: 1]
10-25 15:07:31.001 1474 1474 D Diag-Router: diag: queue_push_cntlq: Sending cntl pkt of len: 150 to perif: cdsp with port: node [402f: 1]
10-25 15:07:31.001 1474 1474 D Diag-Router: diag: queue_push_cntlq: Sending cntl pkt of len: 150 to perif: lpass with port: node [4020: 1]
10-25 15:07:31.002 1474 1474 D Diag-Router: diag: queue_push_cntlq: Sending cntl pkt of len: 150 to perif: lpass with port: node [4020: 1]
10-25 15:07:31.025 1632 1632 I HWComposer: [4630946315032985731] ActiveConfigToHWC, ID : 12
10-25 15:07:31.026 1632 1632 I LayerHistory: StatusBar$_3662#82 voted 0, 0.00 fps
10-25 15:07:31.026 1632 1632 I LayerHistory: com.innowireless.xcal.mobile5/com.innowireless.xcal.mobile5.ui.Main_Activity$_21799#1697 is infrequent
10-25 15:07:31.026 1632 1632 I SurfaceFlinger: All layers Min - choose 24.00 Hz
10-25 15:07:31.029 1632 1775 I VSyncReactor: Current= 120, Period= 24, hwcPeriod= 120
10-25 15:07:31.030 1523 1918 I SDM : HWDeviceDRM::SetDisplaySwitchMode: [DispConfigs] check hs_mode 1
10-25 15:07:31.030 1523 1918 W SDM : HWDeviceDRM::GetSupportedBitClkRate: Requested rate not supported: 1362080000
10-25 15:07:31.030 1523 1918 I SDM : HWDeviceDRM::SetDisplaySwitchMode: [DispConfigs] Set mode index:12 1080x2340x24xcmdHS, hs_mode(1), found_mode(1)
10-25 15:07:31.031 1523 1918 I SDM : HWDeviceDRM::UpdateMixerAttributes: Mixer WxH 1080x2340-1 for Peripheral
10-25 15:07:31.031 1523 1918 I SDM : HWCDisplay::SubmitDisplayConfig: [MultiResolution] Set FrameBuffer to config = 12, wh = (1080, 2340)
10-25 15:07:31.031 1523 1918 I SDM : DisplayBase::SetFrameBufferConfig: New framebuffer resolution (1080x2340)
10-25 15:07:31.031 1523 1918 I SDM : HWCDisplay::SetFrameBufferConfig: New framebuffer resolution (1080x2340)
10-25 15:07:31.031 1523 1918 I SDM : HWCDisplay::SubmitDisplayConfig: Active configuration changed from config 7 to 12
10-25 15:07:31.035 1632 1775 I VSyncReactor: Current= 120, Period= 24, hwcPeriod= 24
10-25 15:07:31.036 2356 2648 D LocalDisplayAdapter: updateActiveModeLocked for d=4630946315032985731, mActiveModeId=13, mActiveSfDisplayMode=DisplayMode{id=12, width=1080, height=2340, xDpi=381.0, yDpi=378.573, refreshRate=24.000002, appVsyncOffsetNanos=0, presentationDeadlineNanos=42666666, supportedHdrTypes=[4, 2, 3], group=1080}
10-25 15:07:31.039 2356 2648 I DisplayDeviceRepository: Display device changed: DisplayDeviceInfo{"Built-in Screen": uniqueId="local:4630946315032985731", 1440 x 3120, modeId 13, renderFrameRate 24.000002, defaultModeId 3, supportedModes [{id=1, width=1440, height=3120, fps=120.00001, alternativeRefreshRates=[10.0, 24.000002, 30.000002, 48.000004, 60.000004, 80.0], supportedHdrTypes=[2, 3, 4]}, {id=2, width=1440, height=3120, fps=80.0, alternativeRefreshRates=[10.0, 24.000002, 30.000002, 48.000004, 60.000004, 120.00001], supportedHdrTypes=[2, 3, 4]}, {id=3, width=1440, height=3120, fps=60.000004, alternativeRefreshRates=[10.0, 24.000002, 30.000002, 48.000004, 80.0, 120.00001], supportedHdrTypes=[2, 3, 4]}, {id=4, width=1440, height=3120, fps=48.000004, alternativeRefreshRates=[10.0, 24.000002, 30.000002, 60.000004, 80.0, 120.00001], supportedHdrTypes=[2, 3, 4]}, {id=5, width=1440, height=3120, fps=30.000002, alternativeRefreshRates=[10.0, 24.000002, 48.000004, 60.000004, 80.0, 120.00001], supportedHdrTypes=[2, 3, 4]}, {id=6, width=1440, height=3120, fps=24.000002, alternativeRefreshRates=[10.0, 30.000002, 48.000004, 60.000004, 80.0, 120.00001], supportedHdrTypes=[2, 3, 4]}, {id=7, width=1440, height=3120, fps=10.0, alternativeRefreshRates=[24.000002, 30.000002, 48.000004, 60.000004, 80.0, 120.00001], supportedHdrTypes=[2, 3, 4]}, {id=8, width=1080, height=2340, fps=120.00001, alternativeRefreshRates=[10.0, 24.000002, 30.000002, 48.000004, 60.000004, 80.0], supportedHdrTypes=[2, 3, 4]}, {id=9, width=1080, height=2340, fps=80.0, alternativeRefreshRates=[10.0, 24.000002, 30.000002, 48.000004, 60.000004, 120.00001], supportedHdrTypes=[2, 3, 4]}, {id=10, width=1080, height=2340, fps=60.000004, alternativeRefreshRates=[10.0, 24.000002, 30.000002, 48.000004, 80.0, 120.00001], supportedHdrTypes=[2, 3, 4]}, {id=11, width=1080, height=2340, fps=48.000004, alternativeRefreshRates=[10.0, 24.000002, 30.000002, 60.000004, 80.0, 120.00001], supportedHdrTypes=[2, 3, 4]}, {id=12, width=1080, height=2340, fps=30.000002, alternativeRefreshRates=[10.0, 24.000002, 48.000004, 60.000004, 80.0, 120.00001], supportedHdrTypes=[2, 3, 4]}, {id=13, width=1080, height=2340, fps=24.000002, alternativeRefreshRates=[10.0, 30.000002, 48.000004, 60.000004, 80.0, 120.00001], supportedHdrTypes=[2, 3, 4]}, {id=14, width=1080, height=2340, fps=10.0, alternativeRefreshRates=[24.000002, 30.000002, 48.000004, 60.000004, 80.0, 120.00001], supportedHdrTypes=[2, 3, 4]}, {id=15, width=720, height=1560, fps=120.00001, alternativeRefreshRates=[10.0, 24.000002, 30.000002, 48.000004, 60.000004, 80.0], supportedHdrTypes=[2, 3, 4]}, {id=16, width=720, height=1560, fps=80.0, alternativeRefreshRates=[10.0, 24.000002, 30.000002, 48.000004, 60.000004, 120.00001], supportedHdrTypes=[2, 3, 4]}, {id=17, width=720, height=1560, fps=60.000004, alternativeRefreshRates=[10.0, 24.000002, 30.000002, 48.000004, 80.0, 120.00001], supportedHdrTypes=[2, 3, 4]}, {id=18, width=720, height=1560, fps=48.000004, alternativeRefreshRates=[10.0, 24.000002, 30.000002, 60.000004, 80.0, 120.00001], supportedHdrTypes=[2, 3, 4]}, {id=19, width=720, height=1560, fps=30.000002, alternativeRefreshRates=[10.0, 24.000002, 48.000004, 60.000004, 80.0, 120.00001], supportedHdrTypes=[2, 3, 4]}, {id=20, width=720, height=1560, fps=24.000002, alternativeRefreshRates=[10.0, 30.000002, 48.000004, 60.000004, 80.0, 120.00001], supportedHdrTypes=[2, 3, 4]}, {id=21, width=720, height=1560, fps=10.0, alternativeRefreshRates=[24.000002, 30.000002, 48.000004, 60.000004, 80.0, 120.00001], supportedHdrTypes=[2, 3, 4]}], colorMode 0, supportedColorModes [0, 7, 9], hdrCapabilities HdrCapabilities{mSupportedHdrTypes=[2, 3, 4], mMaxLuminance=450.0, mMaxAverageLuminance=225.00024, mMinLuminance=5.0E-4}, allmSupported false, gameContentTypeSupported false, density 600, 508.0 x 504.764 dpi, appVsyncOff 0, presDeadline 17666666, cutout DisplayCutout{insets=Rect(0, 101 - 0, 0) waterfall=Insets{left=0, top=0, right=0, bottom=0} boundingRect={Bounds=[Rect(0, 0 - 0, 0), Rect(687, 0 - 754, 101), Rect(0, 0 - 0, 0), Rect(0, 0 - 0, 0)]} cut
10-25 15:07:31.043 2356 2356 D SGM:GameManager: onDisplayChanged. displyId: 0, state: 2
10-25 15:07:31.043 2356 2356 D SGM:GameManager: dpi: 450, longPixel: 2129, shortPixel: 1080
10-25 15:07:31.044 2356 2356 D AODManagerService: requestReCalToTSP IsSingleTouchMode = falserequestedReCalToTSP = false / previousDisplayState = ON
10-25 15:07:31.044 2356 3313 D SGM:FgCheckThread: onLooperPrepared(), msg: MSG_LCD_ON
10-25 15:07:31.044 2356 5416 D LiftUpHandler: [LTW] Stopped already.
10-25 15:07:31.047 4093 4093 I ViewRootImpl@6a3a2ad[LauncherActivity]: onDisplayChanged oldDisplayState=2 newDisplayState=2
10-25 15:07:31.047 4093 4093 I ViewRootImpl@ef18e90[RecentsTransitionOverlay]: onDisplayChanged oldDisplayState=2 newDisplayState=2
10-25 15:07:31.047 4093 4093 I ViewRootImpl@1b904bc[CocktailBarService]: onDisplayChanged oldDisplayState=2 newDisplayState=2
10-25 15:07:31.047 4093 4093 I ViewRootImpl@ddea3a9[RecentsActivity]: onDisplayChanged oldDisplayState=2 newDisplayState=2
10-25 15:07:31.047 4093 26233 I HoneySpace.RefreshRateSource: singleFrameMs 41
10-25 15:07:31.048 5985 5985 I SPenContext: virtual void SPen::Context::SetDisplayRefreshRate(float) framerate=60
10-25 15:07:31.048 5985 5985 I LatencyConfiguration: void SPen::LatencyConfiguration::UpdateRefreshRate(float) RefreshRate=24.000002
10-25 15:07:31.048 21799 21799 I ViewRootImpl@b626d22[Main_Activity]: onDisplayChanged oldDisplayState=2 newDisplayState=2
10-25 15:07:31.048 5985 5985 I LatencyConfiguration: void SPen::LatencyConfiguration::UpdateRefreshRate(float) RefreshRateCallback 0xb400007d1d733c10
10-25 15:07:31.048 5985 5985 I spe_log : virtual void SPen::FbrDrawPad::SetRefreshRate(float) = 24.000
10-25 15:07:31.048 5985 5985 I spe_log : virtual void SPen::FbrDrawPad::SetRefreshRate(float) mFrameDurationNano=41666668, mDisplayRefreshDurationNano: 41666668
10-25 15:07:31.048 5985 5985 I spe_log : virtual void SPen::LowLatencyStrokeView::SetRefreshRate(float) refresh rate=24.000
10-25 15:07:31.048 5985 5985 I ViewRootImpl@8e99999[InputMethod]: onDisplayChanged oldDisplayState=2 newDisplayState=2
10-25 15:07:31.051 2356 2648 D RefreshRateModeManager: updateDefaultDisplayToken: android.os.BinderProxy@9adad6a, isChanged: false
10-25 15:07:31.052 3662 3823 D DisplayLifecycle: updateDisplay id = 0
10-25 15:07:31.052 3662 3735 I ViewRootImpl@ca136ec[ShellDropTarget]: onDisplayChanged oldDisplayState=2 newDisplayState=2
10-25 15:07:31.052 3662 3823 D StackScroller: onDisplayChanged for predraw skip to 2
10-25 15:07:31.052 3662 3662 I ViewRootImpl@1ad86c0[LockscreenShortcutBlur]: onDisplayChanged oldDisplayState=2 newDisplayState=2
10-25 15:07:31.052 3662 3662 I ViewRootImpl@42af51f[NavigationBar0]: onDisplayChanged oldDisplayState=2 newDisplayState=2
10-25 15:07:31.052 3662 3662 I ViewRootImpl@53a02b9[NotificationShade]: onDisplayChanged oldDisplayState=2 newDisplayState=2
10-25 15:07:31.052 3662 3662 I ViewRootImpl@d24fa2d[StatusBar]: onDisplayChanged oldDisplayState=2 newDisplayState=2
10-25 15:07:31.052 3662 3662 I ViewRootImpl@d509995[Bouncer]: onDisplayChanged oldDisplayState=2 newDisplayState=2
10-25 15:07:31.064 21799 22274 D GPS : NMEA is invaild.
10-25 15:07:31.064 21799 22274 D GPS : mNMEASatelites : 5
10-25 15:07:31.064 21799 22274 D GPS : mGPSSatelites : 9
10-25 15:07:31.064 21799 22274 D GPS : Android GPS is vaild.
10-25 15:07:31.133 3637 4155 W TelephonyPermissions: reportAccessDeniedToReadIdentifiers:com.innowireless.xcal.mobile5:getAllSubInfoList:3
10-25 15:07:31.141 3637 4155 W TelephonyPermissions: reportAccessDeniedToReadIdentifiers:com.innowireless.xcal.mobile5:getAllSubInfoList:3
10-25 15:07:31.175 2356 3393 D GnssLocationProvider_ex: SV Count : 5 / 9 (PRN, Constellation, SNR, Used)
10-25 15:07:31.175 2356 3393 D GnssLocationProvider_ex: (16, GPS, 22.1, 1) (26, GPS, 18.5, 1) (27, GPS, 16.3, 0) (31, GPS, 17.4, 1) (194, QZSS, 26.0, 1) (12, GLONASS, 24.7, 1)
10-25 15:07:31.175 2356 3393 D GnssLocationProvider_ex: (3, GLONASS, 12.5, 0) (26, GPS, 15.6, 0) (194, QZSS, 9.9, 0)
10-25 15:07:31.176 4803 4936 I GnssEngineManager_FLP: updateSatelliteStatus, top4=22, top6=20, visibleSv=9, usedSv=5, usedL5Sv=0 (usedGps=3, usedGlo=1, usedBds=0, usedGal=0)
10-25 15:07:31.178 2356 3393 D GnssLocationProvider: reportLocation
10-25 15:07:31.180 4803 4936 I GnssEngineManager_FLP: onGpsLocationChanged, provider=gps / isMock=false / speed=0.0 / time=1729849051180 / elapsed=1463349658972
10-25 15:07:31.180 2356 3815 D SLocation: PositionManager - Passive handleLocationChanged gps 1729849051180
10-25 15:07:31.180 4803 4936 I NewStopController_FLP: isAvailableLastLoc, KeepStationary : false , timeGap : 32 , mStraightFixCount : 0
10-25 15:07:31.180 2356 3815 D SLocation: ARDistanceBigData - BIGDATA ARD - receive location
10-25 15:07:31.180 4803 4936 I NewStopController_FLP: onChangedGlpLocation, isGpsStopped= false, isReportingLL= false, isAvailableLastLoc : true
10-25 15:07:31.181 2356 3831 I Mocca_VehicleDetectionHelper: (1.0.07.0)GPS: receiveLocation gps
10-25 15:07:31.181 4622 7036 I FusedLocation: (REDACTED) location delivery to %s blocked - too fast
10-25 15:07:31.182 4622 7036 I FusedLocation: (REDACTED) location delivery to %s blocked - too fast
10-25 15:07:31.183 2356 3815 D SLocation: PositionManager - Passive handleLocationChanged fused 1729849051148
10-25 15:07:31.183 4622 7036 I FusedLocation: (REDACTED) location delivery to %s blocked - too fast
10-25 15:07:31.183 2356 3831 I Mocca_VehicleDetectionHelper: (1.0.07.0)GPS: receiveLocation fused
10-25 15:07:31.183 2356 3815 I SLocation: PositionManager - do not refresh last location about fused location
10-25 15:07:31.183 2356 3815 D SLocation: ARDistanceBigData - BIGDATA ARD - receive location
10-25 15:07:31.183 2356 3815 D SLocation: PositionManager - receive fused location
10-25 15:07:31.183 4622 7036 I FusedLocation: (REDACTED) location delivery to %s blocked - too fast
10-25 15:07:31.188 4803 4936 I GmsPassiveListener_FLP: onGmsLocationChanged, provider=fused / speed=0.8870807 / time=1729849051148 / elapsed=1463349658972
10-25 15:07:31.201 1474 1474 D Diag-Router: diag: queue_push_cntlq: Sending cntl pkt of len: 309 to perif: modem with port: node [401b: 1]
10-25 15:07:31.201 1474 1474 D Diag-Router: diag: queue_push_cntlq: Sending cntl pkt of len: 309 to perif: lpass with port: node [4020: 1]
10-25 15:07:31.202 1474 1474 D Diag-Router: diag: queue_push_cntlq: Sending cntl pkt of len: 309 to perif: cdsp with port: node [402f: 1]
10-25 15:07:31.202 1474 1474 D Diag-Router: diag: queue_push_cntlq: Sending cntl pkt of len: 309 to perif: lpass with port: node [4020: 1]
10-25 15:07:31.202 1474 1474 D Diag-Router: diag: queue_push_cntlq: Sending cntl pkt of len: 309 to perif: lpass with port: node [4020: 1]
10-25 15:07:31.387 21799 23492 D yejin : location : (19.06779482, 72.99290182)
10-25 15:07:31.397 27978 27996 W NetworkConnectionChecke: Unknown host google.com
10-25 15:07:31.398 27978 27996 I NetworkConnectionChecke: Network connection: false
10-25 15:07:31.402 1474 1474 D Diag-Router: diag: queue_push_cntlq: Sending cntl pkt of len: 439 to perif: modem with port: node [401b: 1]
10-25 15:07:31.402 1474 1474 D Diag-Router: diag: queue_push_cntlq: Sending cntl pkt of len: 439 to perif: lpass with port: node [4020: 1]
10-25 15:07:31.402 1474 1474 D Diag-Router: diag: queue_push_cntlq: Sending cntl pkt of len: 439 to perif: cdsp with port: node [402f: 1]
10-25 15:07:31.402 1474 1474 D Diag-Router: diag: queue_push_cntlq: Sending cntl pkt of len: 439 to perif: lpass with port: node [4020: 1]
10-25 15:07:31.402 1474 1474 D Diag-Router: diag: queue_push_cntlq: Sending cntl pkt of len: 439 to perif: lpass with port: node [4020: 1]
10-25 15:07:31.602 1474 1474 D Diag-Router: diag: queue_push_cntlq: Sending cntl pkt of len: 15 to perif: modem with port: node [401b: 1]
10-25 15:07:31.603 1474 1474 D Diag-Router: diag: queue_push_cntlq: Sending cntl pkt of len: 15 to perif: lpass with port: node [4020: 1]
10-25 15:07:31.603 1474 1474 D Diag-Router: diag: queue_push_cntlq: Sending cntl pkt of len: 15 to perif: cdsp with port: node [402f: 1]
10-25 15:07:31.603 1474 1474 D Diag-Router: diag: queue_push_cntlq: Sending cntl pkt of len: 15 to perif: lpass with port: node [4020: 1]
10-25 15:07:31.603 1474 1474 D Diag-Router: diag: queue_push_cntlq: Sending cntl pkt of len: 15 to perif: lpass with port: node [4020: 1]
10-25 15:07:31.742 2356 5568 D SemContextService: lock : requestToUpdate
10-25 15:07:31.743 2356 5568 W CAE : setCAProperty(ContextAwareService.java:509) - [setProperty 01] Mutex is locked for CH_LOC_TRIGGER
10-25 15:07:31.744 2356 3354 D SensorService: setSContextDataLocked ints length 2 , byte length 4
10-25 15:07:31.744 2356 3354 D SensorService: setSContextDataLocked 3db8
10-25 15:07:31.745 1503 1503 I sensors-hal: inject_sensor_data:407, handle 1501 send inject
10-25 15:07:31.745 1503 1503 I sensors-hal: sendContextData:288, sensor hal 4, (0xb8, 0x3d, 0x0, 0x0)
10-25 15:07:31.745 1503 1503 I sensors-hal: sendContextData:131, change_location_trigger 4,184
10-25 15:07:31.745 1503 1503 I sensors-hal: sendUserData:118, change_location_trigger h 184 m 61 s 0
10-25 15:07:31.745 1503 1503 I sensors-hal: create_send_context_data:66, change_location_trigger create_send_context_data
10-25 15:07:31.745 1503 1503 I sensors-hal: send_context_data:694, change_location_trigger, -244018566922240, 1320970896291267344, msgid:700
10-25 15:07:31.746 2356 5568 W CAE : setCAProperty(ContextAwareService.java:515) - [setProperty 02] Mutex is unlocked for CH_LOC_TRIGGER
10-25 15:07:31.746 2356 5568 D SemContextService: .requestToUpdate() : service = Location Change Trigger
10-25 15:07:31.746 2356 5568 D SemContextService: unlock : requestToUpdate
10-25 15:07:31.746 2356 5568 D SemContextManager: .requestToUpdate : listener = com.android.server.location.nsflp.NSLocationMonitor$5@7d0b446, service=Location Change Trigger
10-25 15:07:31.746 1503 3350 I sensors-hal: qsh_conn_resp_cb:930, resp_value = 0 for change_location_trigger
10-25 15:07:31.747 4803 11380 I NewStopController_FLP: StateChecker, check stationary message
10-25 15:07:31.775 1503 3350 I sensors-hal: qsh_conn_event_cb:890, event[0] sensor:change_location_trigger Wakeup, msg_id=1025, ts=28389268239
10-25 15:07:31.775 1503 3350 I sensors-hal: handle_sns_client_event:85, change_location_trigger_event: msgid:1025
10-25 15:07:31.775 1503 3350 I sensors-hal: handle_sns_client_event:108, change_location_trigger_event: 255, 255
10-25 15:07:31.775 2356 3348 D CAE : onGetSensorHubData(SensorHubParserProvider.java:92) - onGetSensorHubData Event [event buffer len :15], AP_WAKEUP
10-25 15:07:31.776 2356 3348 I CAE : parse(SensorHubParserProvider.java:193) - buffer size = 15
10-25 15:07:31.776 2356 3348 I CAE : parse(SensorHubParserProvider.java:204) - 1, 1, 61, -1, 0, 2, 1, 0, 0, 0, 1, 0, 0, 0, 0,
10-25 15:07:31.776 2356 3348 D CAE : display(ContextProvider.java:375) - ================= CH_LOC_TRIGGER =================
10-25 15:07:31.776 2356 3348 I CAE : display(ContextProvider.java:391) - duration=[1], property=[1], result=[2], reserved=[0]
10-25 15:07:31.776 2356 3345 D SemContextService: Service.updateContext() : service = Location Change Trigger
10-25 15:07:31.776 2356 2356 D SemContextManager: onSemContextChanged() : event = Location Change Trigger
10-25 15:07:31.776 2356 2356 D NSLocationMonitor: onSemContextChanged, activity : 1 result : 2 movement : 1
10-25 15:07:31.802 1474 1474 D Diag-Router: diag: queue_push_cntlq: Sending cntl pkt of len: 453 to perif: modem with port: node [401b: 1]
10-25 15:07:31.803 1474 1474 D Diag-Router: diag: queue_push_cntlq: Sending cntl pkt of len: 453 to perif: lpass with port: node [4020: 1]
10-25 15:07:31.803 1474 1474 D Diag-Router: diag: queue_push_cntlq: Sending cntl pkt of len: 453 to perif: cdsp with port: node [402f: 1]
10-25 15:07:31.803 1474 1474 D Diag-Router: diag: queue_push_cntlq: Sending cntl pkt of len: 453 to perif: lpass with port: node [4020: 1]
10-25 15:07:31.803 1474 1474 D Diag-Router: diag: queue_push_cntlq: Sending cntl pkt of len: 453 to perif: lpass with port: node [4020: 1]
10-25 15:07:31.817 2356 5568 I WifiService: startScan uid=10378
10-25 15:07:31.818 2356 3363 I WifiScanRequestProxy: Scan request from com.innowireless.xcal.mobile5 throttled
10-25 15:07:31.819 2356 5568 E WifiService: Failed to start scan
10-25 15:07:31.949 1474 1474 D Diag-Router: diag: qrtr_perif_send: Sending cmd pkt of len: 4 to perif: modem with port: node [401c: 1]
10-25 15:07:32.064 21799 22274 D GPS : NMEA is invaild.
10-25 15:07:32.064 21799 22274 D GPS : mNMEASatelites : 6
10-25 15:07:32.065 21799 22274 D GPS : mGPSSatelites : 9
10-25 15:07:32.065 21799 22274 D GPS : Android GPS is vaild.
10-25 15:07:32.143 3637 4155 W TelephonyPermissions: reportAccessDeniedToReadIdentifiers:com.innowireless.xcal.mobile5:getAllSubInfoList:3
10-25 15:07:32.159 3637 4155 W TelephonyPermissions: reportAccessDeniedToReadIdentifiers:com.innowireless.xcal.mobile5:getAllSubInfoList:3
10-25 15:07:32.175 2356 3393 D GnssLocationProvider_ex: SV Count : 6 / 9 (PRN, Constellation, SNR, Used)
10-25 15:07:32.175 2356 3393 D GnssLocationProvider_ex: (16, GPS, 22.8, 1) (26, GPS, 18.5, 1) (27, GPS, 16.3, 1) (31, GPS, 21.0, 1) (194, QZSS, 26.3, 1) (12, GLONASS, 23.7, 1)
10-25 15:07:32.175 2356 3393 D GnssLocationProvider_ex: (3, GLONASS, 12.5, 0) (26, GPS, 15.6, 0) (194, QZSS, 9.9, 0)
10-25 15:07:32.176 4803 4936 I GnssEngineManager_FLP: updateSatelliteStatus, top4=23, top6=21, visibleSv=9, usedSv=6, usedL5Sv=0 (usedGps=4, usedGlo=1, usedBds=0, usedGal=0)
10-25 15:07:32.176 2356 3393 D GnssLocationProvider: reportLocation
10-25 15:07:32.177 4803 4936 I GnssEngineManager_FLP: onGpsLocationChanged, provider=gps / isMock=false / speed=0.0 / time=1729849052180 / elapsed=1464347990794
10-25 15:07:32.177 4803 4936 I NewStopController_FLP: isAvailableLastLoc, KeepStationary : false , timeGap : 30 , mStraightFixCount : 0
10-25 15:07:32.177 4803 4936 I NewStopController_FLP: onChangedGlpLocation, isGpsStopped= false, isReportingLL= false, isAvailableLastLoc : true
10-25 15:07:32.178 2356 3831 I Mocca_VehicleDetectionHelper: (1.0.07.0)GPS: receiveLocation gps
10-25 15:07:32.178 2356 3815 D SLocation: PositionManager - Passive handleLocationChanged gps 1729849052180
10-25 15:07:32.178 2356 3815 D SLocation: ARDistanceBigData - BIGDATA ARD - receive location
10-25 15:07:32.179 4622 7036 I FusedLocation: (REDACTED) location delivery to %s blocked - too fast
10-25 15:07:32.179 4622 7036 I FusedLocation: (REDACTED) location delivery to %s blocked - too fast
10-25 15:07:32.180 4622 7036 I FusedLocation: (REDACTED) location delivery to %s blocked - too fast
10-25 15:07:32.180 4622 7036 I FusedLocation: (REDACTED) location delivery to %s blocked - too fast
10-25 15:07:32.182 2356 3815 D SLocation: PositionManager - Passive handleLocationChanged fused 1729849052145
10-25 15:07:32.183 4803 4936 I GmsPassiveListener_FLP: onGmsLocationChanged, provider=fused / speed=1.0319737 / time=1729849052145 / elapsed=1464347990794
10-25 15:07:32.183 2356 3815 I SLocation: PositionManager - do not refresh last location about fused location
10-25 15:07:32.183 2356 3831 I Mocca_VehicleDetectionHelper: (1.0.07.0)GPS: receiveLocation fused
10-25 15:07:32.184 2356 3815 D SLocation: ARDistanceBigData - BIGDATA ARD - receive location
10-25 15:07:32.184 2356 3815 D SLocation: PositionManager - receive fused location
10-25 15:07:32.201 1081 1081 D io_stats: !@ 8,0 r 254737 10066880 w 111864 2043912 d 2546 2021504 f 4812 10279 iot 110664 0 th 0 0 0 pt 0 inp 0 0 1464.403
10-25 15:07:32.202 1081 1081 D io_stats: !@ Read_top(KB): .android.chrome(27073) 260 ung.android.scs(16284) 180 sait.sohservice(8755) 32
10-25 15:07:32.203 1081 1081 D io_stats: !@ Write_top(KB): f2fs_ckpt-254:5(1187) 92 kworker/u16:10(929) 92 rs.media.module(5413) 88
10-25 15:07:32.338 1499 5027 I vendor.qti.bluetooth@1.1-ibs_handler: ProcessIbsCmd: Received IBS_WAKE_IND: 0xFD
10-25 15:07:32.338 1499 5027 D vendor.qti.bluetooth@1.1-ibs_handler: SerialClockVote: vote for UART CLK ON
10-25 15:07:32.338 1499 5027 D vendor.qti.bluetooth@1.1-wake_lock: Acquire wakelock is acquired
10-25 15:07:32.339 1499 5027 I vendor.qti.bluetooth@1.1-ibs_handler: ProcessIbsCmd: Writing IBS_WAKE_ACK
10-25 15:07:32.343 4041 5148 D BtGatt.GattService: onScanResult to scannerId: 5- eventType=0x0, addressType=1, address=XX:XX:XX:XX:D1:AF, primaryPhy=1, secondaryPhy=1, advertisingSid=0x1, txPower=127, rssi=-46, periodicAdvInt=0x0
10-25 15:07:32.344 4041 5148 D BtGatt.GattService: onScanResult to scannerId: 5- eventType=0x1a, addressType=1, address=XX:XX:XX:XX:D2:E0, primaryPhy=1, secondaryPhy=0, advertisingSid=0xff, txPower=127, rssi=-81, periodicAdvInt=0x0
10-25 15:07:32.381 1499 5027 I vendor.qti.bluetooth@1.1-ibs_handler: ProcessIbsCmd: Received IBS_SLEEP_IND: 0xFE
10-25 15:07:32.381 1499 5027 D vendor.qti.bluetooth@1.1-ibs_handler: SerialClockVote: vote for UART CLK OFF
10-25 15:07:32.387 21799 23492 D yejin : location : (19.06774906, 72.99281131)
10-25 15:07:32.388 1499 5027 I vendor.qti.bluetooth@1.1-ibs_handler: ProcessIbsCmd: Received IBS_WAKE_IND: 0xFD
10-25 15:07:32.388 1499 5027 D vendor.qti.bluetooth@1.1-ibs_handler: SerialClockVote: vote for UART CLK ON
10-25 15:07:32.388 1499 5027 I vendor.qti.bluetooth@1.1-ibs_handler: ProcessIbsCmd: Writing IBS_WAKE_ACK
10-25 15:07:32.390 4041 5148 D BtGatt.GattService: onScanResult to scannerId: 2- eventType=0x1b, addressType=1, address=XX:XX:XX:XX:E8:A8, primaryPhy=1, secondaryPhy=0, advertisingSid=0xff, txPower=127, rssi=-40, periodicAdvInt=0x0
10-25 15:07:32.402 27978 27996 W NetworkConnectionChecke: Unknown host google.com
10-25 15:07:32.403 27978 27996 I NetworkConnectionChecke: Network connection: false
10-25 15:07:32.403 2356 3562 D NetdEventListenerService: DNS Requested by 116, 10206, 4, true, 0
10-25 15:07:32.408 4041 5148 D BtGatt.GattService: onScanResult to scannerId: 5- eventType=0x1a, addressType=1, address=XX:XX:XX:XX:8D:D5, primaryPhy=1, secondaryPhy=0, advertisingSid=0xff, txPower=127, rssi=-58, periodicAdvInt=0x0
10-25 15:07:32.413 4041 5148 D BtGatt.GattService: onScanResult to scannerId: 5- eventType=0x0, addressType=1, address=XX:XX:XX:XX:AF:23, primaryPhy=1, secondaryPhy=1, advertisingSid=0x1, txPower=127, rssi=-57, periodicAdvInt=0x0
10-25 15:07:32.433 2356 3535 D SemWifiEleStateTracker: Pressure Diff: -3.6621094E-4
10-25 15:07:32.434 2356 3535 D SemWifiEleStateTracker: Barometer value: Prev 1002.448 Current 1002.44763 mSmallBaroDetected : false
10-25 15:07:32.452 1499 5027 I vendor.qti.bluetooth@1.1-ibs_handler: ProcessIbsCmd: Received IBS_SLEEP_IND: 0xFE
10-25 15:07:32.452 1499 5027 D vendor.qti.bluetooth@1.1-ibs_handler: SerialClockVote: vote for UART CLK OFF
10-25 15:07:32.479 1499 5027 I vendor.qti.bluetooth@1.1-ibs_handler: ProcessIbsCmd: Received IBS_WAKE_IND: 0xFD
10-25 15:07:32.480 1499 5027 D vendor.qti.bluetooth@1.1-ibs_handler: SerialClockVote: vote for UART CLK ON
10-25 15:07:32.480 1499 5027 I vendor.qti.bluetooth@1.1-ibs_handler: ProcessIbsCmd: Writing IBS_WAKE_ACK
10-25 15:07:32.482 4041 5148 D BtGatt.GattService: onScanResult to scannerId: 5- eventType=0x0, addressType=1, address=XX:XX:XX:XX:D1:AF, primaryPhy=1, secondaryPhy=1, advertisingSid=0x1, txPower=127, rssi=-49, periodicAdvInt=0x0
10-25 15:07:32.509 4041 5148 D BtGatt.GattService: onScanResult to scannerId: 5- eventType=0x1a, addressType=1, address=XX:XX:XX:XX:42:F6, primaryPhy=1, secondaryPhy=0, advertisingSid=0xff, txPower=127, rssi=-96, periodicAdvInt=0x0
10-25 15:07:32.522 1503 22082 I sensors-hal: handle_sns_client_event:375, [0][7181] accel_sample [ 0.085, -0.007, 9.883] 1464671884081
10-25 15:07:32.548 1499 5027 I vendor.qti.bluetooth@1.1-ibs_handler: ProcessIbsCmd: Received IBS_SLEEP_IND: 0xFE
10-25 15:07:32.548 1499 5027 D vendor.qti.bluetooth@1.1-ibs_handler: SerialClockVote: vote for UART CLK OFF
10-25 15:07:32.549 1499 5027 I vendor.qti.bluetooth@1.1-ibs_handler: ProcessIbsCmd: Received IBS_WAKE_IND: 0xFD
10-25 15:07:32.550 1499 5027 D vendor.qti.bluetooth@1.1-ibs_handler: SerialClockVote: vote for UART CLK ON
10-25 15:07:32.550 1499 5027 I vendor.qti.bluetooth@1.1-ibs_handler: ProcessIbsCmd: Writing IBS_WAKE_ACK
10-25 15:07:32.553 4041 5148 D BtGatt.GattService: onScanResult to scannerId: 2- eventType=0x1b, addressType=1, address=XX:XX:XX:XX:E8:A8, primaryPhy=1, secondaryPhy=0, advertisingSid=0xff, txPower=127, rssi=-39, periodicAdvInt=0x0
10-25 15:07:32.591 1499 5027 I vendor.qti.bluetooth@1.1-ibs_handler: ProcessIbsCmd: Received IBS_SLEEP_IND: 0xFE
10-25 15:07:32.592 1499 5027 D vendor.qti.bluetooth@1.1-ibs_handler: SerialClockVote: vote for UART CLK OFF
