10-25 15:07:35.622 2356 2648 I DisplayDeviceRepository: Display device changed: DisplayDeviceInfo{"Built-in Screen": uniqueId="local:4630946315032985731", 1440 x 3120, modeId 8, renderFrameRate 120.00001, defaultModeId 3, supportedModes [{id=1, width=1440, height=3120, fps=120.00001, alternativeRefreshRates=[10.0, 24.000002, 30.000002, 48.000004, 60.000004, 80.0], supportedHdrTypes=[2, 3, 4]}, {id=2, width=1440, height=3120, fps=80.0, alternativeRefreshRates=[10.0, 24.000002, 30.000002, 48.000004, 60.000004, 120.00001], supportedHdrTypes=[2, 3, 4]}, {id=3, width=1440, height=3120, fps=60.000004, alternativeRefreshRates=[10.0, 24.000002, 30.000002, 48.000004, 80.0, 120.00001], supportedHdrTypes=[2, 3, 4]}, {id=4, width=1440, height=3120, fps=48.000004, alternativeRefreshRates=[10.0, 24.000002, 30.000002, 60.000004, 80.0, 120.00001], supportedHdrTypes=[2, 3, 4]}, {id=5, width=1440, height=3120, fps=30.000002, alternativeRefreshRates=[10.0, 24.000002, 48.000004, 60.000004, 80.0, 120.00001], supportedHdrTypes=[2, 3, 4]}, {id=6, width=1440, height=3120, fps=24.000002, alternativeRefreshRates=[10.0, 30.000002, 48.000004, 60.000004, 80.0, 120.00001], supportedHdrTypes=[2, 3, 4]}, {id=7, width=1440, height=3120, fps=10.0, alternativeRefreshRates=[24.000002, 30.000002, 48.000004, 60.000004, 80.0, 120.00001], supportedHdrTypes=[2, 3, 4]}, {id=8, width=1080, height=2340, fps=120.00001, alternativeRefreshRates=[10.0, 24.000002, 30.000002, 48.000004, 60.000004, 80.0], supportedHdrTypes=[2, 3, 4]}, {id=9, width=1080, height=2340, fps=80.0, alternativeRefreshRates=[10.0, 24.000002, 30.000002, 48.000004, 60.000004, 120.00001], supportedHdrTypes=[2, 3, 4]}, {id=10, width=1080, height=2340, fps=60.000004, alternativeRefreshRates=[10.0, 24.000002, 30.000002, 48.000004, 80.0, 120.00001], supportedHdrTypes=[2, 3, 4]}, {id=11, width=1080, height=2340, fps=48.000004, alternativeRefreshRates=[10.0, 24.000002, 30.000002, 60.000004, 80.0, 120.00001], supportedHdrTypes=[2, 3, 4]}, {id=12, width=1080, height=2340, fps=30.000002, alternativeRefreshRates=[10.0, 24.000002, 48.000004, 60.000004, 80.0, 120.00001], supportedHdrTypes=[2, 3, 4]}, {id=13, width=1080, height=2340, fps=24.000002, alternativeRefreshRates=[10.0, 30.000002, 48.000004, 60.000004, 80.0, 120.00001], supportedHdrTypes=[2, 3, 4]}, {id=14, width=1080, height=2340, fps=10.0, alternativeRefreshRates=[24.000002, 30.000002, 48.000004, 60.000004, 80.0, 120.00001], supportedHdrTypes=[2, 3, 4]}, {id=15, width=720, height=1560, fps=120.00001, alternativeRefreshRates=[10.0, 24.000002, 30.000002, 48.000004, 60.000004, 80.0], supportedHdrTypes=[2, 3, 4]}, {id=16, width=720, height=1560, fps=80.0, alternativeRefreshRates=[10.0, 24.000002, 30.000002, 48.000004, 60.000004, 120.00001], supportedHdrTypes=[2, 3, 4]}, {id=17, width=720, height=1560, fps=60.000004, alternativeRefreshRates=[10.0, 24.000002, 30.000002, 48.000004, 80.0, 120.00001], supportedHdrTypes=[2, 3, 4]}, {id=18, width=720, height=1560, fps=48.000004, alternativeRefreshRates=[10.0, 24.000002, 30.000002, 60.000004, 80.0, 120.00001], supportedHdrTypes=[2, 3, 4]}, {id=19, width=720, height=1560, fps=30.000002, alternativeRefreshRates=[10.0, 24.000002, 48.000004, 60.000004, 80.0, 120.00001], supportedHdrTypes=[2, 3, 4]}, {id=20, width=720, height=1560, fps=24.000002, alternativeRefreshRates=[10.0, 30.000002, 48.000004, 60.000004, 80.0, 120.00001], supportedHdrTypes=[2, 3, 4]}, {id=21, width=720, height=1560, fps=10.0, alternativeRefreshRates=[24.000002, 30.000002, 48.000004, 60.000004, 80.0, 120.00001], supportedHdrTypes=[2, 3, 4]}], colorMode 0, supportedColorModes [0, 7, 9], hdrCapabilities HdrCapabilities{mSupportedHdrTypes=[2, 3, 4], mMaxLuminance=450.0, mMaxAverageLuminance=225.00024, mMinLuminance=5.0E-4}, allmSupported false, gameContentTypeSupported false, density 600, 508.0 x 504.764 dpi, appVsyncOff 0, presDeadline 17666666, cutout DisplayCutout{insets=Rect(0, 101 - 0, 0) waterfall=Insets{left=0, top=0, right=0, bottom=0} boundingRect={Bounds=[Rect(0, 0 - 0, 0), Rect(687, 0 - 754, 101), Rect(0, 0 - 0, 0), Rect(0, 0 - 0, 0)]} cuto
10-25 15:07:35.627 2356 2356 D SGM:GameManager: onDisplayChanged. displyId: 0, state: 2
10-25 15:07:35.628 2356 2356 D SGM:GameManager: dpi: 450, longPixel: 2129, shortPixel: 1080
10-25 15:07:35.628 2356 3313 D SGM:FgCheckThread: onLooperPrepared(), msg: MSG_LCD_ON
10-25 15:07:35.629 2356 2648 D DisplayManagerService: Ignore redundant display event 0/2 to 10262/6867
10-25 15:07:35.629 2356 2648 D DisplayManagerService: Ignore redundant display event 0/2 to 10356/22738
10-25 15:07:35.629 2356 2648 D DisplayManagerService: Ignore redundant display event 0/2 to 10276/27073
10-25 15:07:35.629 2356 2648 D DisplayManagerService: Ignore redundant display event 0/2 to 10329/28078
10-25 15:07:35.630 4093 4093 I ViewRootImpl@6a3a2ad[LauncherActivity]: onDisplayChanged oldDisplayState=2 newDisplayState=2
10-25 15:07:35.630 4093 4093 I ViewRootImpl@ef18e90[RecentsTransitionOverlay]: onDisplayChanged oldDisplayState=2 newDisplayState=2
10-25 15:07:35.630 4093 4093 I ViewRootImpl@1b904bc[CocktailBarService]: onDisplayChanged oldDisplayState=2 newDisplayState=2
10-25 15:07:35.630 4093 4093 I ViewRootImpl@ddea3a9[RecentsActivity]: onDisplayChanged oldDisplayState=2 newDisplayState=2
10-25 15:07:35.630 5985 5985 I SPenContext: virtual void SPen::Context::SetDisplayRefreshRate(float) framerate=120
10-25 15:07:35.630 5985 5985 I LatencyConfiguration: void SPen::LatencyConfiguration::UpdateRefreshRate(float) RefreshRate=120.000008
10-25 15:07:35.630 5985 5985 I LatencyConfiguration: void SPen::LatencyConfiguration::UpdateRefreshRate(float) RefreshRateCallback 0xb400007d1d733c10
10-25 15:07:35.630 5985 5985 I spe_log : virtual void SPen::FbrDrawPad::SetRefreshRate(float) = 120.000
10-25 15:07:35.630 5985 5985 I spe_log : virtual void SPen::FbrDrawPad::SetRefreshRate(float) mFrameDurationNano=8333333, mDisplayRefreshDurationNano: 8333333
10-25 15:07:35.630 5985 5985 I spe_log : virtual void SPen::LowLatencyStrokeView::SetRefreshRate(float) refresh rate=120.000
10-25 15:07:35.630 5985 5985 I ViewRootImpl@8e99999[InputMethod]: onDisplayChanged oldDisplayState=2 newDisplayState=2
10-25 15:07:35.631 1632 3556 I VSyncReactor: Current= 120, Period= 120, Distance= 120
10-25 15:07:35.631 2356 5416 D LiftUpHandler: [LTW] Stopped already.
10-25 15:07:35.631 4093 26604 I HoneySpace.RefreshRateSource: singleFrameMs 8
10-25 15:07:35.631 3662 3735 I ViewRootImpl@ca136ec[ShellDropTarget]: onDisplayChanged oldDisplayState=2 newDisplayState=2
10-25 15:07:35.632 3662 3823 D DisplayLifecycle: updateDisplay id = 0
10-25 15:07:35.632 3662 3662 I ViewRootImpl@1ad86c0[LockscreenShortcutBlur]: onDisplayChanged oldDisplayState=2 newDisplayState=2
10-25 15:07:35.632 3662 3662 I ViewRootImpl@42af51f[NavigationBar0]: onDisplayChanged oldDisplayState=2 newDisplayState=2
10-25 15:07:35.632 3662 3662 I ViewRootImpl@53a02b9[NotificationShade]: onDisplayChanged oldDisplayState=2 newDisplayState=2
10-25 15:07:35.632 3662 3662 I ViewRootImpl@d24fa2d[StatusBar]: onDisplayChanged oldDisplayState=2 newDisplayState=2
10-25 15:07:35.632 3662 3662 I ViewRootImpl@d509995[Bouncer]: onDisplayChanged oldDisplayState=2 newDisplayState=2
10-25 15:07:35.633 3662 3823 D StackScroller: onDisplayChanged for predraw skip to 2
10-25 15:07:35.633 2356 2356 D AODManagerService: requestReCalToTSP IsSingleTouchMode = falserequestedReCalToTSP = false / previousDisplayState = ON
10-25 15:07:35.634 21799 31063 D FTPC : runThread, RESP: 211-Features:
10-25 15:07:35.634 21799 31063 D FTPC : EPRT
10-25 15:07:35.634 21799 31063 D FTPC : EPSV
10-25 15:07:35.634 21799 31063 D FTPC : MDTM
10-25 15:07:35.634 21799 31063 D FTPC : PASV
10-25 15:07:35.634 21799 31063 D FTPC : REST STREAM
10-25 15:07:35.634 21799 31063 D FTPC : SIZE
10-25 15:07:35.634 21799 31063 D FTPC : TVFS
10-25 15:07:35.634 21799 31063 D FTPC : UTF8
10-25 15:07:35.634 21799 31063 D FTPC : 211 End, threadNo:0
10-25 15:07:35.634 21799 31063 D AUTOCALL: Response() : 3
10-25 15:07:35.634 21799 31063 D AUTOCALL: replyCode : 211
10-25 15:07:35.634 21799 31063 D AUTOCALL: UI MSG : 211-Features:
10-25 15:07:35.634 21799 31063 D AUTOCALL: EPRT
10-25 15:07:35.634 21799 31063 D AUTOCALL: EPSV
10-25 15:07:35.634 21799 31063 D AUTOCALL: MDTM
10-25 15:07:35.634 21799 31063 D AUTOCALL: PASV
10-25 15:07:35.634 21799 31063 D AUTOCALL: REST STREAM
10-25 15:07:35.634 21799 31063 D AUTOCALL: SIZE
10-25 15:07:35.634 21799 31063 D AUTOCALL: TVFS
10-25 15:07:35.634 21799 31063 D AUTOCALL: UTF8
10-25 15:07:35.634 21799 31063 D AUTOCALL: 211 End
10-25 15:07:35.635 21799 31063 D AUTOCALL: 211-Features:
10-25 15:07:35.635 21799 31063 D AUTOCALL: EPRT
10-25 15:07:35.635 21799 31063 D AUTOCALL: EPSV
10-25 15:07:35.635 21799 31063 D AUTOCALL: MDTM
10-25 15:07:35.635 21799 31063 D AUTOCALL: PASV
10-25 15:07:35.635 21799 31063 D AUTOCALL: REST STREAM
10-25 15:07:35.635 21799 31063 D AUTOCALL: SIZE
10-25 15:07:35.635 21799 31063 D AUTOCALL: TVFS
10-25 15:07:35.635 21799 31063 D AUTOCALL: UTF8
10-25 15:07:35.635 21799 31063 D AUTOCALL: 211 End
10-25 15:07:35.635 21799 31062 D AUTOCALL: UI MSG : OPTS UTF8 ON
10-25 15:07:35.635 2356 2648 D RefreshRateModeManager: updateDefaultDisplayToken: android.os.BinderProxy@9adad6a, isChanged: false
10-25 15:07:35.635 21799 31062 D AUTOCALL: OPTS UTF8 ON
10-25 15:07:35.636 21799 31062 D FTPC : SEND: OPTS UTF8 ON
10-25 15:07:35.647 21799 31063 D FTPC : runThread, RESP: 200 Always in UTF8 mode., threadNo:0
10-25 15:07:35.647 21799 31062 D FTPC : OnGetRemoteFileName, Charset: 2
10-25 15:07:35.647 21799 31063 D AUTOCALL: Response() : 3
10-25 15:07:35.647 21799 31063 D AUTOCALL: replyCode : 200
10-25 15:07:35.647 21799 31063 D AUTOCALL: UI MSG : 200 Always in UTF8 mode.
10-25 15:07:35.647 21799 31063 D AUTOCALL: 200 Always in UTF8 mode.
10-25 15:07:35.647 21799 31062 D FTPC : Create, GetRemoteFile: /test/8097960389_100m_0_1_0_0_20241025150735_948
10-25 15:07:35.647 21799 31062 D AUTOCALL: UI MSG : CWD /test
10-25 15:07:35.648 21799 31062 D AUTOCALL: CWD /test
10-25 15:07:35.648 21799 31062 D FTPC : SEND: CWD /test
10-25 15:07:35.658 2356 4384 I AccessibilityManagerService: semIsAccessibilityServiceEnabled()
10-25 15:07:35.658 2356 3404 I AccessibilityManagerService: semIsAccessibilityServiceEnabled()
10-25 15:07:35.658 2356 4391 I AccessibilityManagerService: semIsAccessibilityServiceEnabled()
10-25 15:07:35.660 21799 21799 I ViewRootImpl@b626d22[Main_Activity]: onDisplayChanged oldDisplayState=2 newDisplayState=2
10-25 15:07:35.660 2356 4391 I AccessibilityManagerService: semIsAccessibilityServiceEnabled()
10-25 15:07:35.660 2356 4738 I AccessibilityManagerService: semIsAccessibilityServiceEnabled()
10-25 15:07:35.660 2356 4384 I AccessibilityManagerService: semIsAccessibilityServiceEnabled()
10-25 15:07:35.661 2356 3404 I AccessibilityManagerService: semIsAccessibilityServiceEnabled()
10-25 15:07:35.661 2356 3404 I AccessibilityManagerService: semIsAccessibilityServiceEnabled()
10-25 15:07:35.661 2356 4384 I AccessibilityManagerService: semIsAccessibilityServiceEnabled()
10-25 15:07:35.661 21799 31063 D FTPC : runThread, RESP: 250 Directory successfully changed., threadNo:0
10-25 15:07:35.661 21799 31062 D FTPC : File pathname 8097960389_100m_0_1_0_0_20241025150735_948
10-25 15:07:35.661 21799 31062 D FTPC : Create, REPEAT - Count: 1, Delay: 0, TrafficTime: 0
10-25 15:07:35.661 21799 31063 D AUTOCALL: Response() : 6
10-25 15:07:35.661 21799 31063 D AUTOCALL: replyCode : 250
10-25 15:07:35.661 21799 31063 D AUTOCALL: UI MSG : 250 Directory successfully changed.
10-25 15:07:35.661 2356 3404 I AccessibilityManagerService: semIsAccessibilityServiceEnabled()
10-25 15:07:35.661 21799 31063 D AUTOCALL: 250 Directory successfully changed.
10-25 15:07:35.661 2356 4384 I AccessibilityManagerService: semIsAccessibilityServiceEnabled()
10-25 15:07:35.662 2356 3404 I AccessibilityManagerService: semIsAccessibilityServiceEnabled()
10-25 15:07:35.662 21799 31062 D AUTOCALL: UI MSG : TYPE I
10-25 15:07:35.662 21799 31062 D AUTOCALL: TYPE I
10-25 15:07:35.662 21799 31062 D FTPC : SEND: TYPE I
10-25 15:07:35.662 2356 3404 I AccessibilityManagerService: semIsAccessibilityServiceEnabled()
10-25 15:07:35.662 2356 4384 I AccessibilityManagerService: semIsAccessibilityServiceEnabled()
10-25 15:07:35.662 2356 3404 I AccessibilityManagerService: semIsAccessibilityServiceEnabled()
10-25 15:07:35.662 2356 4738 I AccessibilityManagerService: semIsAccessibilityServiceEnabled()
10-25 15:07:35.663 2356 4384 I AccessibilityManagerService: semIsAccessibilityServiceEnabled()
10-25 15:07:35.663 2356 3404 I AccessibilityManagerService: semIsAccessibilityServiceEnabled()
10-25 15:07:35.666 2356 3404 I AccessibilityManagerService: semIsAccessibilityServiceEnabled()
10-25 15:07:35.667 2356 4384 I AccessibilityManagerService: semIsAccessibilityServiceEnabled()
10-25 15:07:35.667 2356 3404 I AccessibilityManagerService: semIsAccessibilityServiceEnabled()
10-25 15:07:35.668 2356 4384 I AccessibilityManagerService: semIsAccessibilityServiceEnabled()
10-25 15:07:35.668 2356 3404 I AccessibilityManagerService: semIsAccessibilityServiceEnabled()
10-25 15:07:35.668 2356 4738 I AccessibilityManagerService: semIsAccessibilityServiceEnabled()
10-25 15:07:35.668 2356 4384 I AccessibilityManagerService: semIsAccessibilityServiceEnabled()
10-25 15:07:35.669 2356 3404 I AccessibilityManagerService: semIsAccessibilityServiceEnabled()
10-25 15:07:35.669 2356 4391 I AccessibilityManagerService: semIsAccessibilityServiceEnabled()
10-25 15:07:35.672 21799 31063 D FTPC : runThread, RESP: 200 Switching to Binary mode., threadNo:0
10-25 15:07:35.672 21799 31062 I FTPC : UPLOAD, upload fileSize 104857600
10-25 15:07:35.672 21799 31062 D FTPC : UPLOAD, OnPreSendFile, FileSize: 104857600
10-25 15:07:35.672 21799 31063 D AUTOCALL: Response() : 6
10-25 15:07:35.672 21799 31062 D FTPC : UPLOAD, OnTransferRepeat, RepeatCount: 1
10-25 15:07:35.672 21799 31063 D AUTOCALL: replyCode : 200
10-25 15:07:35.672 21799 31062 D FTPC : FTPObserver::OnReady
10-25 15:07:35.672 21799 31062 D AUTOCALL: Ready() - ThreadNo: 0
10-25 15:07:35.672 21799 31062 D AUTOCALL: Notify MultiThreadSession!
10-25 15:07:35.672 21799 31063 D AUTOCALL: UI MSG : 200 Switching to Binary mode.
10-25 15:07:35.673 21799 31063 D AUTOCALL: 200 Switching to Binary mode.
10-25 15:07:35.673 21799 31062 D AUTOCALL: OnDataOpenNoti(...)
10-25 15:07:35.673 2356 4391 I AccessibilityManagerService: semIsAccessibilityServiceEnabled()
10-25 15:07:35.673 21799 31062 D AUTOCALL: Traffic Setup End : 0
10-25 15:07:35.674 2356 4738 I AccessibilityManagerService: semIsAccessibilityServiceEnabled()
10-25 15:07:35.674 21799 31062 D AUTOCALL: FTPCall.TrafficStart()
10-25 15:07:35.674 2356 4391 I AccessibilityManagerService: semIsAccessibilityServiceEnabled()
10-25 15:07:35.674 21799 31062 D AUTOCALL: Traffic Start : 0
10-25 15:07:35.674 21799 31062 D AUTOCALL: UI MSG : Traffic Start
10-25 15:07:35.675 2356 4738 I AccessibilityManagerService: semIsAccessibilityServiceEnabled()
10-25 15:07:35.675 2356 3404 I AccessibilityManagerService: semIsAccessibilityServiceEnabled()
10-25 15:07:35.675 2356 3615 I AccessibilityManagerService: semIsAccessibilityServiceEnabled()
10-25 15:07:35.675 2356 6359 I AccessibilityManagerService: semIsAccessibilityServiceEnabled()
10-25 15:07:35.675 2356 5567 I AccessibilityManagerService: semIsAccessibilityServiceEnabled()
10-25 15:07:35.676 2356 4341 I AccessibilityManagerService: semIsAccessibilityServiceEnabled()
10-25 15:07:35.677 21799 31062 D FTPC : notify, ThreadNo: 0
10-25 15:07:35.677 21799 31062 D FTPC : UPLOAD, OnBeginSendingData
10-25 15:07:35.677 21799 31062 D FTPC : Connect Before Check m_fileSize : 104857600, m_SimChangedUntilTotalSize 0
10-25 15:07:35.677 21799 31062 I FTPC : [beginUpload] m_fileSize:104857600, spoonSize:4096
10-25 15:07:35.677 21799 31062 D FTPC : PASSIVE DATA-CONNECTION
10-25 15:07:35.677 21799 31062 D AUTOCALL: UI MSG : EPSV
10-25 15:07:35.677 21799 31062 D AUTOCALL: EPSV
10-25 15:07:35.677 21799 31062 D FTPC : SEND: EPSV
10-25 15:07:35.683 2356 6341 I AccessibilityManagerService: semIsAccessibilityServiceEnabled()
10-25 15:07:35.684 2356 3152 I AccessibilityManagerService: semIsAccessibilityServiceEnabled()
10-25 15:07:35.684 2356 6341 I AccessibilityManagerService: semIsAccessibilityServiceEnabled()
10-25 15:07:35.685 2356 3152 I AccessibilityManagerService: semIsAccessibilityServiceEnabled()
10-25 15:07:35.685 2356 6341 I AccessibilityManagerService: semIsAccessibilityServiceEnabled()
10-25 15:07:35.685 2356 5605 I AccessibilityManagerService: semIsAccessibilityServiceEnabled()
10-25 15:07:35.690 21799 31063 D FTPC : runThread, RESP: 229 Entering Extended Passive Mode (|||44471|)., threadNo:0
10-25 15:07:35.690 21799 31063 D AUTOCALL: Response() : 14
10-25 15:07:35.690 21799 31063 D AUTOCALL: replyCode : 229
10-25 15:07:35.690 21799 31063 D AUTOCALL: UI MSG : 229 Entering Extended Passive Mode (|||44471|).
10-25 15:07:35.690 21799 31063 D AUTOCALL: 229 Entering Extended Passive Mode (|||44471|).
10-25 15:07:35.691 2356 3152 I AccessibilityManagerService: semIsAccessibilityServiceEnabled()
10-25 15:07:35.691 2356 6341 I AccessibilityManagerService: semIsAccessibilityServiceEnabled()
10-25 15:07:35.691 2356 3152 I AccessibilityManagerService: semIsAccessibilityServiceEnabled()
10-25 15:07:35.692 2356 3152 I AccessibilityManagerService: semIsAccessibilityServiceEnabled()
10-25 15:07:35.692 2356 6341 I AccessibilityManagerService: semIsAccessibilityServiceEnabled()
10-25 15:07:35.692 2356 5605 I AccessibilityManagerService: semIsAccessibilityServiceEnabled()
10-25 15:07:35.700 2356 3152 I AccessibilityManagerService: semIsAccessibilityServiceEnabled()
10-25 15:07:35.700 2356 6341 I AccessibilityManagerService: semIsAccessibilityServiceEnabled()
10-25 15:07:35.700 2356 5605 I AccessibilityManagerService: semIsAccessibilityServiceEnabled()
10-25 15:07:35.703 21799 31062 D AUTOCALL: UI MSG : STOR 8097960389_100m_0_1_0_0_20241025150735_948
10-25 15:07:35.704 21799 31062 D AUTOCALL: STOR 8097960389_100m_0_1_0_0_20241025150735_948
10-25 15:07:35.704 21799 31062 D FTPC : SEND: STOR 8097960389_100m_0_1_0_0_20241025150735_948
10-25 15:07:35.704 2356 3152 I AccessibilityManagerService: semIsAccessibilityServiceEnabled()
10-25 15:07:35.704 2356 6341 I AccessibilityManagerService: semIsAccessibilityServiceEnabled()
10-25 15:07:35.704 2356 5605 I AccessibilityManagerService: semIsAccessibilityServiceEnabled()
10-25 15:07:35.715 21799 31063 D FTPC : runThread, RESP: 150 Ok to send data., threadNo:0
10-25 15:07:35.715 21799 31062 E FTPC : OnPortNumber, PortNumber: 44471
10-25 15:07:35.715 21799 31063 D AUTOCALL: Response() : 14
10-25 15:07:35.715 21799 31062 D AUTOCALL: PortNumber() - ThreadNo.0, PortNumber.44471
10-25 15:07:35.715 21799 31063 D AUTOCALL: replyCode : 150
10-25 15:07:35.715 21799 31063 D AUTOCALL: UI MSG : 150 Ok to send data.
10-25 15:07:35.715 21799 31062 D FTPC : ---- beginUpload buffer // 1024, m_isRelease false
10-25 15:07:35.715 21799 31062 D FTPC : IsDualSimDsdsMode
10-25 15:07:35.715 21799 31062 D FTPC : SetMultiSimChanged
10-25 15:07:35.715 21799 22038 D XCAL-Native: setFTPPortNumber() - Start, PortNumber: 44471
10-25 15:07:35.715 21799 31063 D AUTOCALL: 150 Ok to send data.
10-25 15:07:35.716 21799 31062 D FTPC : FTPAutoCall.setMultiSimChanged(), state false
10-25 15:07:35.716 21799 22038 D XCAL-Native: setFTPPortNumber() - End
10-25 15:07:35.716 21799 31062 D AUTOCALL: BaseFTPCall.setMultiSimChanged(), state false, true
10-25 15:07:35.716 21799 31062 D XCAL-Mobile: DualSIMManager.setSimChangedCheckInAutoCall(), false
10-25 15:07:35.716 21799 31062 I FTPC : UPLOAD, upload data write start!
10-25 15:07:35.716 21799 31062 D FTPC : Upload sendBytes m_totalWrite : 4096 // m_remainSize : 4096
10-25 15:07:35.716 21799 31062 D FTPC : Upload sendBytes m_totalWrite : 8192 // m_remainSize : 8192
10-25 15:07:35.716 21799 31062 D FTPC : Upload sendBytes m_totalWrite : 12288 // m_remainSize : 12288
10-25 15:07:35.716 21799 31062 D FTPC : Upload sendBytes m_totalWrite : 16384 // m_remainSize : 16384
10-25 15:07:35.716 21799 31062 D FTPC : Upload sendBytes m_totalWrite : 20480 // m_remainSize : 20480
10-25 15:07:35.716 21799 31062 D FTPC : Upload sendBytes m_totalWrite : 24576 // m_remainSize : 24576
10-25 15:07:35.716 21799 31062 D FTPC : Upload sendBytes m_totalWrite : 28672 // m_remainSize : 28672
10-25 15:07:35.716 21799 31062 D FTPC : Upload sendBytes m_totalWrite : 32768 // m_remainSize : 32768
10-25 15:07:35.716 21799 31062 D FTPC : Upload sendBytes m_totalWrite : 36864 // m_remainSize : 36864
10-25 15:07:35.716 21799 31062 D FTPC : Upload sendBytes m_totalWrite : 40960 // m_remainSize : 40960
10-25 15:07:35.716 21799 31062 D FTPC : Upload sendBytes m_totalWrite : 45056 // m_remainSize : 45056
10-25 15:07:35.716 21799 31062 D FTPC : Upload sendBytes m_totalWrite : 49152 // m_remainSize : 49152
10-25 15:07:35.716 21799 31062 D FTPC : Upload sendBytes m_totalWrite : 53248 // m_remainSize : 53248
10-25 15:07:35.716 21799 31062 D FTPC : Upload sendBytes m_totalWrite : 57344 // m_remainSize : 57344
10-25 15:07:35.716 21799 31062 D FTPC : Upload sendBytes m_totalWrite : 61440 // m_remainSize : 61440
10-25 15:07:35.716 21799 31062 D FTPC : Upload sendBytes m_totalWrite : 65536 // m_remainSize : 65536
10-25 15:07:35.716 21799 31062 D FTPC : Upload sendBytes m_totalWrite : 69632 // m_remainSize : 69632
10-25 15:07:35.716 21799 31062 D FTPC : Upload sendBytes m_totalWrite : 73728 // m_remainSize : 73728
10-25 15:07:35.716 21799 31062 D FTPC : Upload sendBytes m_totalWrite : 77824 // m_remainSize : 77824
10-25 15:07:35.716 21799 31062 D FTPC : Upload sendBytes m_totalWrite : 81920 // m_remainSize : 81920
10-25 15:07:35.716 21799 31062 D FTPC : Upload sendBytes m_totalWrite : 86016 // m_remainSize : 86016
10-25 15:07:35.716 21799 31062 D FTPC : Upload sendBytes m_totalWrite : 90112 // m_remainSize : 90112
10-25 15:07:35.716 21799 31062 D FTPC : Upload sendBytes m_totalWrite : 94208 // m_remainSize : 94208
10-25 15:07:35.716 21799 31062 D FTPC : Upload sendBytes m_totalWrite : 98304 // m_remainSize : 98304
10-25 15:07:35.716 21799 31062 D FTPC : Upload sendBytes m_totalWrite : 102400 // m_remainSize : 102400
10-25 15:07:35.716 21799 31062 D FTPC : Upload sendBytes m_totalWrite : 106496 // m_remainSize : 106496
10-25 15:07:35.716 21799 31062 D FTPC : Upload sendBytes m_totalWrite : 110592 // m_remainSize : 110592
10-25 15:07:35.716 21799 31062 D FTPC : Upload sendBytes m_totalWrite : 114688 // m_remainSize : 114688
10-25 15:07:35.716 21799 31062 D FTPC : Upload sendBytes m_totalWrite : 118784 // m_remainSize : 118784
10-25 15:07:35.716 21799 31062 D FTPC : Upload sendBytes m_totalWrite : 122880 // m_remainSize : 122880
10-25 15:07:35.716 21799 31062 D FTPC : Upload sendBytes m_totalWrite : 126976 // m_remainSize : 126976
10-25 15:07:35.716 21799 31062 D FTPC : Upload sendBytes m_totalWrite : 131072 // m_remainSize : 131072
10-25 15:07:35.716 21799 31062 D FTPC : Upload sendBytes m_totalWrite : 135168 // m_remainSize : 135168
10-25 15:07:35.716 21799 31062 D FTPC : Upload sendBytes m_totalWrite : 139264 // m_remainSize : 139264
10-25 15:07:35.716 21799 31062 D FTPC : Upload sendBytes m_totalWrite : 143360 // m_remainSize : 143360
10-25 15:07:35.716 21799 31062 D FTPC : Upload sendBytes m_totalWrite : 147456 // m_remainSize : 147456
10-25 15:07:35.716 21799 31062 D FTPC : Upload sendBytes m_totalWrite : 151552 // m_remainSize : 151552
10-25 15:07:35.716 21799 31062 D FTPC : Upload sendBytes m_totalWrite : 155648 // m_remainSize : 155648
10-25 15:07:35.716 21799 31062 D FTPC : Upload sendBytes m_totalWrite : 159744 // m_remainSize : 159744
10-25 15:07:35.716 21799 31062 D FTPC : Upload sendBytes m_totalWrite : 163840 // m_remainSize : 163840
10-25 15:07:35.716 21799 31062 D FTPC : Upload sendBytes m_totalWrite : 167936 // m_remainSize : 167936
10-25 15:07:35.716 21799 31062 D FTPC : Upload sendBytes m_totalWrite : 172032 // m_remainSize : 172032
10-25 15:07:35.716 21799 31062 D FTPC : Upload sendBytes m_totalWrite : 176128 // m_remainSize : 176128
10-25 15:07:35.716 21799 31062 D FTPC : Upload sendBytes m_totalWrite : 180224 // m_remainSize : 180224
10-25 15:07:35.716 21799 31062 D FTPC : Upload sendBytes m_totalWrite : 184320 // m_remainSize : 184320
10-25 15:07:35.716 21799 31062 D FTPC : Upload sendBytes m_totalWrite : 188416 // m_remainSize : 188416
10-25 15:07:35.716 21799 31062 D FTPC : Upload sendBytes m_totalWrite : 192512 // m_remainSize : 192512
10-25 15:07:35.716 21799 31062 D FTPC : Upload sendBytes m_totalWrite : 196608 // m_remainSize : 196608
10-25 15:07:35.716 21799 31062 D FTPC : Upload sendBytes m_totalWrite : 200704 // m_remainSize : 200704
10-25 15:07:35.716 21799 31062 D FTPC : Upload sendBytes m_totalWrite : 204800 // m_remainSize : 204800
10-25 15:07:35.716 21799 31062 D FTPC : Upload sendBytes m_totalWrite : 208896 // m_remainSize : 208896
10-25 15:07:35.716 21799 31062 D FTPC : Upload sendBytes m_totalWrite : 212992 // m_remainSize : 212992
10-25 15:07:35.716 21799 31062 D FTPC : Upload sendBytes m_totalWrite : 217088 // m_remainSize : 217088
10-25 15:07:35.716 21799 31062 D FTPC : Upload sendBytes m_totalWrite : 221184 // m_remainSize : 221184
10-25 15:07:35.717 21799 31062 D FTPC : Upload sendBytes m_totalWrite : 225280 // m_remainSize : 225280
10-25 15:07:35.717 21799 31062 D FTPC : Upload sendBytes m_totalWrite : 229376 // m_remainSize : 229376
10-25 15:07:35.717 21799 31062 D FTPC : Upload sendBytes m_totalWrite : 233472 // m_remainSize : 233472
10-25 15:07:35.717 21799 31062 D FTPC : Upload sendBytes m_totalWrite : 237568 // m_remainSize : 237568
10-25 15:07:35.717 21799 31062 D FTPC : Upload sendBytes m_totalWrite : 241664 // m_remainSize : 241664
10-25 15:07:35.717 21799 31062 D FTPC : Upload sendBytes m_totalWrite : 245760 // m_remainSize : 245760
10-25 15:07:35.717 21799 31062 D FTPC : Upload sendBytes m_totalWrite : 249856 // m_remainSize : 249856
10-25 15:07:35.717 21799 31062 D FTPC : Upload sendBytes m_totalWrite : 253952 // m_remainSize : 253952
10-25 15:07:35.717 21799 31062 D FTPC : Upload sendBytes m_totalWrite : 258048 // m_remainSize : 258048
10-25 15:07:35.717 21799 31062 D FTPC : Upload sendBytes m_totalWrite : 262144 // m_remainSize : 262144
10-25 15:07:35.717 21799 31062 D FTPC : Upload sendBytes m_totalWrite : 266240 // m_remainSize : 266240
10-25 15:07:35.717 21799 31062 D FTPC : Upload sendBytes m_totalWrite : 270336 // m_remainSize : 270336
10-25 15:07:35.717 21799 31062 D FTPC : Upload sendBytes m_totalWrite : 274432 // m_remainSize : 274432
10-25 15:07:35.717 21799 31062 D FTPC : Upload sendBytes m_totalWrite : 278528 // m_remainSize : 278528
10-25 15:07:35.717 21799 31062 D FTPC : Upload sendBytes m_totalWrite : 282624 // m_remainSize : 282624
10-25 15:07:35.717 21799 31062 D FTPC : Upload sendBytes m_totalWrite : 286720 // m_remainSize : 286720
10-25 15:07:35.717 21799 31062 D FTPC : Upload sendBytes m_totalWrite : 290816 // m_remainSize : 290816
10-25 15:07:35.717 21799 31062 D FTPC : Upload sendBytes m_totalWrite : 294912 // m_remainSize : 294912
10-25 15:07:35.717 21799 31062 D FTPC : Upload sendBytes m_totalWrite : 299008 // m_remainSize : 299008
10-25 15:07:35.717 21799 31062 D FTPC : Upload sendBytes m_totalWrite : 303104 // m_remainSize : 303104
10-25 15:07:35.717 21799 31062 D FTPC : Upload sendBytes m_totalWrite : 307200 // m_remainSize : 307200
10-25 15:07:35.717 21799 31062 D FTPC : Upload sendBytes m_totalWrite : 311296 // m_remainSize : 311296
10-25 15:07:35.717 21799 31062 D FTPC : Upload sendBytes m_totalWrite : 315392 // m_remainSize : 315392
10-25 15:07:35.717 21799 31062 D FTPC : Upload sendBytes m_totalWrite : 319488 // m_remainSize : 319488
10-25 15:07:35.717 21799 31062 D FTPC : Upload sendBytes m_totalWrite : 323584 // m_remainSize : 323584
10-25 15:07:35.717 21799 31062 D FTPC : Upload sendBytes m_totalWrite : 327680 // m_remainSize : 327680
10-25 15:07:35.717 21799 31062 D FTPC : Upload sendBytes m_totalWrite : 331776 // m_remainSize : 331776
10-25 15:07:35.717 21799 31062 D FTPC : Upload sendBytes m_totalWrite : 335872 // m_remainSize : 335872
10-25 15:07:35.717 21799 31062 D FTPC : Upload sendBytes m_totalWrite : 339968 // m_remainSize : 339968
10-25 15:07:35.717 21799 31062 D FTPC : Upload sendBytes m_totalWrite : 344064 // m_remainSize : 344064
10-25 15:07:35.717 21799 31062 D FTPC : Upload sendBytes m_totalWrite : 348160 // m_remainSize : 348160
10-25 15:07:35.717 21799 31062 D FTPC : Upload sendBytes m_totalWrite : 352256 // m_remainSize : 352256
10-25 15:07:35.717 21799 31062 D FTPC : Upload sendBytes m_totalWrite : 356352 // m_remainSize : 356352
10-25 15:07:35.717 21799 31062 D FTPC : Upload sendBytes m_totalWrite : 360448 // m_remainSize : 360448
10-25 15:07:35.717 21799 31062 D FTPC : Upload sendBytes m_totalWrite : 364544 // m_remainSize : 364544
10-25 15:07:35.717 21799 31062 D FTPC : Upload sendBytes m_totalWrite : 368640 // m_remainSize : 368640
10-25 15:07:35.717 21799 31062 D FTPC : Upload sendBytes m_totalWrite : 372736 // m_remainSize : 372736
10-25 15:07:35.717 21799 31062 D FTPC : Upload sendBytes m_totalWrite : 376832 // m_remainSize : 376832
10-25 15:07:35.717 21799 31062 D FTPC : Upload sendBytes m_totalWrite : 380928 // m_remainSize : 380928
10-25 15:07:35.717 21799 31062 D FTPC : Upload sendBytes m_totalWrite : 385024 // m_remainSize : 385024
10-25 15:07:35.717 21799 31062 D FTPC : Upload sendBytes m_totalWrite : 389120 // m_remainSize : 389120
10-25 15:07:35.717 21799 31062 D FTPC : Upload sendBytes m_totalWrite : 393216 // m_remainSize : 393216
10-25 15:07:35.717 21799 31062 D FTPC : Upload sendBytes m_totalWrite : 397312 // m_remainSize : 397312
10-25 15:07:35.717 21799 31062 D FTPC : Upload sendBytes m_totalWrite : 401408 // m_remainSize : 401408
10-25 15:07:35.717 21799 31062 D FTPC : Upload sendBytes m_totalWrite : 405504 // m_remainSize : 405504
10-25 15:07:35.717 21799 31062 D FTPC : Upload sendBytes m_totalWrite : 409600 // m_remainSize : 409600
10-25 15:07:35.717 21799 31062 D FTPC : Upload sendBytes m_totalWrite : 413696 // m_remainSize : 413696
10-25 15:07:35.717 21799 31062 D FTPC : Upload sendBytes m_totalWrite : 417792 // m_remainSize : 417792
10-25 15:07:35.717 21799 31062 D FTPC : Upload sendBytes m_totalWrite : 421888 // m_remainSize : 421888
10-25 15:07:35.717 21799 31062 D FTPC : Upload sendBytes m_totalWrite : 425984 // m_remainSize : 425984
10-25 15:07:35.717 21799 31062 D FTPC : Upload sendBytes m_totalWrite : 430080 // m_remainSize : 430080
10-25 15:07:35.717 21799 31062 D FTPC : Upload sendBytes m_totalWrite : 434176 // m_remainSize : 434176
10-25 15:07:35.717 21799 31062 D FTPC : Upload sendBytes m_totalWrite : 438272 // m_remainSize : 438272
10-25 15:07:35.717 21799 31062 D FTPC : Upload sendBytes m_totalWrite : 442368 // m_remainSize : 442368
10-25 15:07:35.717 21799 31062 D FTPC : Upload sendBytes m_totalWrite : 446464 // m_remainSize : 446464
10-25 15:07:35.717 21799 31062 D FTPC : Upload sendBytes m_totalWrite : 450560 // m_remainSize : 450560
10-25 15:07:35.717 21799 31062 D FTPC : Upload sendBytes m_totalWrite : 454656 // m_remainSize : 454656
10-25 15:07:35.717 21799 31062 D FTPC : Upload sendBytes m_totalWrite : 458752 // m_remainSize : 458752
10-25 15:07:35.717 21799 31062 D FTPC : Upload sendBytes m_totalWrite : 462848 // m_remainSize : 462848
10-25 15:07:35.717 21799 31062 D FTPC : Upload sendBytes m_totalWrite : 466944 // m_remainSize : 466944
10-25 15:07:35.717 21799 31062 D FTPC : Upload sendBytes m_totalWrite : 471040 // m_remainSize : 471040
10-25 15:07:35.717 21799 31062 D FTPC : Upload sendBytes m_totalWrite : 475136 // m_remainSize : 475136
10-25 15:07:35.717 21799 31062 D FTPC : Upload sendBytes m_totalWrite : 479232 // m_remainSize : 479232
10-25 15:07:35.717 21799 31062 D FTPC : Upload sendBytes m_totalWrite : 483328 // m_remainSize : 483328
10-25 15:07:35.717 21799 31062 D FTPC : Upload sendBytes m_totalWrite : 487424 // m_remainSize : 487424
10-25 15:07:35.717 21799 31062 D FTPC : Upload sendBytes m_totalWrite : 491520 // m_remainSize : 491520
10-25 15:07:35.717 21799 31062 D FTPC : Upload sendBytes m_totalWrite : 495616 // m_remainSize : 495616
10-25 15:07:35.717 21799 31062 D FTPC : Upload sendBytes m_totalWrite : 499712 // m_remainSize : 499712
10-25 15:07:35.717 21799 31062 D FTPC : Upload sendBytes m_totalWrite : 503808 // m_remainSize : 503808
10-25 15:07:35.717 21799 31062 D FTPC : Upload sendBytes m_totalWrite : 507904 // m_remainSize : 507904
10-25 15:07:35.717 21799 31062 D FTPC : Upload sendBytes m_totalWrite : 512000 // m_remainSize : 512000
10-25 15:07:35.717 21799 31062 D FTPC : Upload sendBytes m_totalWrite : 516096 // m_remainSize : 516096
10-25 15:07:35.717 21799 31062 D FTPC : Upload sendBytes m_totalWrite : 520192 // m_remainSize : 520192
10-25 15:07:35.717 21799 31062 D FTPC : Upload sendBytes m_totalWrite : 524288 // m_remainSize : 524288
10-25 15:07:35.717 21799 31062 D FTPC : Upload sendBytes m_totalWrite : 528384 // m_remainSize : 528384
10-25 15:07:35.717 21799 31062 D FTPC : Upload sendBytes m_totalWrite : 532480 // m_remainSize : 532480
10-25 15:07:35.717 21799 31062 D FTPC : Upload sendBytes m_totalWrite : 536576 // m_remainSize : 536576
10-25 15:07:35.717 21799 31062 D FTPC : Upload sendBytes m_totalWrite : 540672 // m_remainSize : 540672
10-25 15:07:35.717 21799 31062 D FTPC : Upload sendBytes m_totalWrite : 544768 // m_remainSize : 544768
10-25 15:07:35.717 21799 31062 D FTPC : Upload sendBytes m_totalWrite : 548864 // m_remainSize : 548864
10-25 15:07:35.717 21799 31062 D FTPC : Upload sendBytes m_totalWrite : 552960 // m_remainSize : 552960
10-25 15:07:35.717 21799 31062 D FTPC : Upload sendBytes m_totalWrite : 557056 // m_remainSize : 557056
10-25 15:07:35.717 21799 31062 D FTPC : Upload sendBytes m_totalWrite : 561152 // m_remainSize : 561152
10-25 15:07:35.717 21799 31062 D FTPC : Upload sendBytes m_totalWrite : 565248 // m_remainSize : 565248
10-25 15:07:35.717 21799 31062 D FTPC : Upload sendBytes m_totalWrite : 569344 // m_remainSize : 569344
10-25 15:07:35.717 21799 31062 D FTPC : Upload sendBytes m_totalWrite : 573440 // m_remainSize : 573440
10-25 15:07:35.717 21799 31062 D FTPC : Upload sendBytes m_totalWrite : 577536 // m_remainSize : 577536
10-25 15:07:35.717 21799 31062 D FTPC : Upload sendBytes m_totalWrite : 581632 // m_remainSize : 581632
10-25 15:07:35.717 21799 31062 D FTPC : Upload sendBytes m_totalWrite : 585728 // m_remainSize : 585728
10-25 15:07:35.717 21799 31062 D FTPC : Upload sendBytes m_totalWrite : 589824 // m_remainSize : 589824
10-25 15:07:35.717 21799 31062 D FTPC : Upload sendBytes m_totalWrite : 593920 // m_remainSize : 593920
10-25 15:07:35.717 21799 31062 D FTPC : Upload sendBytes m_totalWrite : 598016 // m_remainSize : 598016
10-25 15:07:35.717 21799 31062 D FTPC : Upload sendBytes m_totalWrite : 602112 // m_remainSize : 602112
10-25 15:07:35.717 21799 31062 D FTPC : Upload sendBytes m_totalWrite : 606208 // m_remainSize : 606208
10-25 15:07:35.717 21799 31062 D FTPC : Upload sendBytes m_totalWrite : 610304 // m_remainSize : 610304
10-25 15:07:35.717 21799 31062 D FTPC : Upload sendBytes m_totalWrite : 614400 // m_remainSize : 614400
10-25 15:07:35.717 21799 31062 D FTPC : Upload sendBytes m_totalWrite : 618496 // m_remainSize : 618496
10-25 15:07:35.717 21799 31062 D FTPC : Upload sendBytes m_totalWrite : 622592 // m_remainSize : 622592
10-25 15:07:35.717 21799 31062 D FTPC : Upload sendBytes m_totalWrite : 626688 // m_remainSize : 626688
10-25 15:07:35.717 21799 31062 D FTPC : Upload sendBytes m_totalWrite : 630784 // m_remainSize : 630784
10-25 15:07:35.717 21799 31062 D FTPC : Upload sendBytes m_totalWrite : 634880 // m_remainSize : 634880
10-25 15:07:35.717 21799 31062 D FTPC : Upload sendBytes m_totalWrite : 638976 // m_remainSize : 638976
10-25 15:07:35.721 2356 3152 I AccessibilityManagerService: semIsAccessibilityServiceEnabled()
10-25 15:07:35.721 2356 6341 I AccessibilityManagerService: semIsAccessibilityServiceEnabled()
10-25 15:07:35.722 2356 6341 I AccessibilityManagerService: semIsAccessibilityServiceEnabled()
10-25 15:07:35.726 2356 6341 I AccessibilityManagerService: semIsAccessibilityServiceEnabled()
10-25 15:07:35.726 2356 3152 I AccessibilityManagerService: semIsAccessibilityServiceEnabled()
10-25 15:07:35.726 2356 6341 I AccessibilityManagerService: semIsAccessibilityServiceEnabled()
10-25 15:07:35.729 21799 31062 D FTPC : Upload sendBytes m_totalWrite : 643072 // m_remainSize : 636120
10-25 15:07:35.730 21799 31062 D FTPC : Upload sendBytes m_totalWrite : 647168 // m_remainSize : 634504
10-25 15:07:35.732 2356 3152 I AccessibilityManagerService: semIsAccessibilityServiceEnabled()
10-25 15:07:35.732 2356 6341 I AccessibilityManagerService: semIsAccessibilityServiceEnabled()
10-25 15:07:35.733 2356 5605 I AccessibilityManagerService: semIsAccessibilityServiceEnabled()
10-25 15:07:35.739 21799 31062 D FTPC : Upload sendBytes m_totalWrite : 651264 // m_remainSize : 634316
10-25 15:07:35.739 21799 31062 D FTPC : Upload sendBytes m_totalWrite : 655360 // m_remainSize : 635556
10-25 15:07:35.740 21799 31062 D FTPC : Upload sendBytes m_totalWrite : 659456 // m_remainSize : 636796
10-25 15:07:35.740 21799 31062 D FTPC : Upload sendBytes m_totalWrite : 663552 // m_remainSize : 635180
10-25 15:07:35.740 21799 31062 D FTPC : Upload sendBytes m_totalWrite : 667648 // m_remainSize : 632136
10-25 15:07:35.740 21799 31062 D FTPC : Upload sendBytes m_totalWrite : 671744 // m_remainSize : 636232
10-25 15:07:35.740 21799 31062 D FTPC : Upload sendBytes m_totalWrite : 675840 // m_remainSize : 637472
10-25 15:07:35.740 21799 31062 D FTPC : Upload sendBytes m_totalWrite : 679936 // m_remainSize : 640140
10-25 15:07:35.741 21799 31062 D FTPC : Upload sendBytes m_totalWrite : 684032 // m_remainSize : 641380
10-25 15:07:35.750 21799 31062 D FTPC : Upload sendBytes m_totalWrite : 688128 // m_remainSize : 608348
10-25 15:07:35.751 21799 31062 D FTPC : Upload sendBytes m_totalWrite : 692224 // m_remainSize : 603876
10-25 15:07:35.751 21799 31062 D FTPC : Upload sendBytes m_totalWrite : 696320 // m_remainSize : 607972
10-25 15:07:35.751 21799 31062 D FTPC : Upload sendBytes m_totalWrite : 700416 // m_remainSize : 612068
10-25 15:07:35.751 21799 31062 D FTPC : Upload sendBytes m_totalWrite : 704512 // m_remainSize : 616164
10-25 15:07:35.751 21799 31062 D FTPC : Upload sendBytes m_totalWrite : 708608 // m_remainSize : 620260
10-25 15:07:35.751 21799 31062 D FTPC : Upload sendBytes m_totalWrite : 712704 // m_remainSize : 624356
10-25 15:07:35.751 21799 31062 D FTPC : Upload sendBytes m_totalWrite : 716800 // m_remainSize : 628452
10-25 15:07:35.751 21799 31062 D FTPC : Upload sendBytes m_totalWrite : 720896 // m_remainSize : 632548
10-25 15:07:35.751 21799 31062 D FTPC : Upload sendBytes m_totalWrite : 724992 // m_remainSize : 636644
10-25 15:07:35.751 21799 31062 D FTPC : Upload sendBytes m_totalWrite : 729088 // m_remainSize : 640740
10-25 15:07:35.751 21799 31062 D FTPC : Upload sendBytes m_totalWrite : 733184 // m_remainSize : 644836
10-25 15:07:35.751 21799 31062 D FTPC : Upload sendBytes m_totalWrite : 737280 // m_remainSize : 640364
10-25 15:07:35.751 21799 31062 D FTPC : Upload sendBytes m_totalWrite : 741376 // m_remainSize : 644460
10-25 15:07:35.751 21799 31062 D FTPC : Upload sendBytes m_totalWrite : 745472 // m_remainSize : 645700
10-25 15:07:35.761 21799 31062 D FTPC : Upload sendBytes m_totalWrite : 749568 // m_remainSize : 641228
10-25 15:07:35.761 21799 31062 D FTPC : Upload sendBytes m_totalWrite : 753664 // m_remainSize : 643896
10-25 15:07:35.761 21799 31062 D FTPC : Upload sendBytes m_totalWrite : 757760 // m_remainSize : 646564
10-25 15:07:35.761 21799 31062 D FTPC : Upload sendBytes m_totalWrite : 761856 // m_remainSize : 647804
10-25 15:07:35.762 21799 31062 D FTPC : Upload sendBytes m_totalWrite : 765952 // m_remainSize : 646188
10-25 15:07:35.762 21799 31062 D FTPC : Upload sendBytes m_totalWrite : 770048 // m_remainSize : 644572
10-25 15:07:35.762 21799 31062 D FTPC : Upload sendBytes m_totalWrite : 774144 // m_remainSize : 648668
10-25 15:07:35.762 21799 31062 D FTPC : Upload sendBytes m_totalWrite : 778240 // m_remainSize : 649908
10-25 15:07:35.763 2356 3152 D SemContextService: lock : requestToUpdate
10-25 15:07:35.763 2356 3152 W CAE : setCAProperty(ContextAwareService.java:509) - [setProperty 01] Mutex is locked for CH_LOC_TRIGGER
10-25 15:07:35.763 21799 31062 D FTPC : Upload sendBytes m_totalWrite : 782336 // m_remainSize : 639724
10-25 15:07:35.764 21799 31062 D FTPC : Upload sendBytes m_totalWrite : 786432 // m_remainSize : 638108
10-25 15:07:35.764 21799 31062 D FTPC : Upload sendBytes m_totalWrite : 790528 // m_remainSize : 642204
10-25 15:07:35.764 21799 31062 D FTPC : Upload sendBytes m_totalWrite : 794624 // m_remainSize : 623452
10-25 15:07:35.764 21799 31062 D FTPC : Upload sendBytes m_totalWrite : 798720 // m_remainSize : 621836
10-25 15:07:35.764 21799 31062 D FTPC : Upload sendBytes m_totalWrite : 802816 // m_remainSize : 625932
10-25 15:07:35.764 21799 31062 D FTPC : Upload sendBytes m_totalWrite : 806912 // m_remainSize : 627172
10-25 15:07:35.764 21799 31062 D FTPC : Upload sendBytes m_totalWrite : 811008 // m_remainSize : 625556
10-25 15:07:35.764 21799 31062 D FTPC : Upload sendBytes m_totalWrite : 815104 // m_remainSize : 629652
10-25 15:07:35.764 21799 31062 D FTPC : Upload sendBytes m_totalWrite : 819200 // m_remainSize : 629464
10-25 15:07:35.764 2356 3354 D SensorService: setSContextDataLocked ints length 2 , byte length 4
10-25 15:07:35.765 21799 31062 D FTPC : Upload sendBytes m_totalWrite : 823296 // m_remainSize : 616424
10-25 15:07:35.765 21799 31062 D FTPC : Upload sendBytes m_totalWrite : 827392 // m_remainSize : 620520
10-25 15:07:35.765 21799 31062 D FTPC : Upload sendBytes m_totalWrite : 831488 // m_remainSize : 624616
10-25 15:07:35.765 21799 31062 D FTPC : Upload sendBytes m_totalWrite : 835584 // m_remainSize : 628712
10-25 15:07:35.765 21799 31062 D FTPC : Upload sendBytes m_totalWrite : 839680 // m_remainSize : 632808
10-25 15:07:35.765 21799 31062 D FTPC : Upload sendBytes m_totalWrite : 843776 // m_remainSize : 636904
10-25 15:07:35.765 21799 31062 D FTPC : Upload sendBytes m_totalWrite : 847872 // m_remainSize : 641000
10-25 15:07:35.765 21799 31062 D FTPC : Upload sendBytes m_totalWrite : 851968 // m_remainSize : 645096
10-25 15:07:35.765 21799 31062 D FTPC : Upload sendBytes m_totalWrite : 856064 // m_remainSize : 649192
10-25 15:07:35.765 21799 31062 D FTPC : Upload sendBytes m_totalWrite : 860160 // m_remainSize : 653288
10-25 15:07:35.765 2356 3354 D SensorService: setSContextDataLocked 3db8
10-25 15:07:35.765 1503 1503 I sensors-hal: inject_sensor_data:407, handle 1501 send inject
10-25 15:07:35.765 1503 1503 I sensors-hal: sendContextData:288, sensor hal 4, (0xb8, 0x3d, 0x0, 0x0)
10-25 15:07:35.765 1503 1503 I sensors-hal: sendContextData:131, change_location_trigger 4,184
10-25 15:07:35.765 1503 1503 I sensors-hal: sendUserData:118, change_location_trigger h 184 m 61 s 0
10-25 15:07:35.766 1503 1503 I sensors-hal: create_send_context_data:66, change_location_trigger create_send_context_data
10-25 15:07:35.766 1503 1503 I sensors-hal: send_context_data:694, change_location_trigger, -244018566922240, 1320970896291267344, msgid:700
10-25 15:07:35.767 1503 3350 I sensors-hal: qsh_conn_resp_cb:930, resp_value = 0 for change_location_trigger
10-25 15:07:35.768 2356 3152 W CAE : setCAProperty(ContextAwareService.java:515) - [setProperty 02] Mutex is unlocked for CH_LOC_TRIGGER
10-25 15:07:35.768 2356 3152 D SemContextService: .requestToUpdate() : service = Location Change Trigger
10-25 15:07:35.768 2356 3152 D SemContextService: unlock : requestToUpdate
10-25 15:07:35.768 2356 3152 D SemContextManager: .requestToUpdate : listener = com.android.server.location.nsflp.NSLocationMonitor$5@7d0b446, service=Location Change Trigger
10-25 15:07:35.768 4803 11380 I NewStopController_FLP: StateChecker, check stationary message
10-25 15:07:35.773 21799 31062 D FTPC : Upload sendBytes m_totalWrite : 864256 // m_remainSize : 651672
10-25 15:07:35.773 21799 31062 D FTPC : Upload sendBytes m_totalWrite : 868352 // m_remainSize : 655768
10-25 15:07:35.774 21799 31062 D FTPC : Upload sendBytes m_totalWrite : 872448 // m_remainSize : 659864
10-25 15:07:35.774 21799 31062 D FTPC : Upload sendBytes m_totalWrite : 876544 // m_remainSize : 663960
10-25 15:07:35.774 21799 31062 D FTPC : Upload sendBytes m_totalWrite : 880640 // m_remainSize : 668056
10-25 15:07:35.774 21799 31062 D FTPC : Upload sendBytes m_totalWrite : 884736 // m_remainSize : 672152
10-25 15:07:35.774 21799 31062 D FTPC : Upload sendBytes m_totalWrite : 888832 // m_remainSize : 676248
10-25 15:07:35.774 21799 31062 D FTPC : Upload sendBytes m_totalWrite : 892928 // m_remainSize : 680344
10-25 15:07:35.774 21799 31062 D FTPC : Upload sendBytes m_totalWrite : 897024 // m_remainSize : 684440
10-25 15:07:35.774 21799 31062 D FTPC : Upload sendBytes m_totalWrite : 901120 // m_remainSize : 688536
10-25 15:07:35.774 21799 31062 D FTPC : Upload sendBytes m_totalWrite : 905216 // m_remainSize : 692632
10-25 15:07:35.774 21799 31062 D FTPC : Upload sendBytes m_totalWrite : 909312 // m_remainSize : 696728
10-25 15:07:35.774 21799 31062 D FTPC : Upload sendBytes m_totalWrite : 913408 // m_remainSize : 700824
10-25 15:07:35.774 21799 31062 D FTPC : Upload sendBytes m_totalWrite : 917504 // m_remainSize : 704920
10-25 15:07:35.774 21799 31062 D FTPC : Upload sendBytes m_totalWrite : 921600 // m_remainSize : 709016
10-25 15:07:35.774 21799 31062 D FTPC : Upload sendBytes m_totalWrite : 925696 // m_remainSize : 713112
10-25 15:07:35.774 21799 31062 D FTPC : Upload sendBytes m_totalWrite : 929792 // m_remainSize : 717208
10-25 15:07:35.774 21799 31062 D FTPC : Upload sendBytes m_totalWrite : 933888 // m_remainSize : 721304
10-25 15:07:35.774 21799 31062 D FTPC : Upload sendBytes m_totalWrite : 937984 // m_remainSize : 725400
10-25 15:07:35.774 21799 31062 D FTPC : Upload sendBytes m_totalWrite : 942080 // m_remainSize : 729496
10-25 15:07:35.774 21799 31062 D FTPC : Upload sendBytes m_totalWrite : 946176 // m_remainSize : 733592
10-25 15:07:35.774 21799 31062 D FTPC : Upload sendBytes m_totalWrite : 950272 // m_remainSize : 737688
10-25 15:07:35.774 21799 31062 D FTPC : Upload sendBytes m_totalWrite : 954368 // m_remainSize : 741784
10-25 15:07:35.774 21799 31062 D FTPC : Upload sendBytes m_totalWrite : 958464 // m_remainSize : 745880
10-25 15:07:35.774 21799 31062 D FTPC : Upload sendBytes m_totalWrite : 962560 // m_remainSize : 749976
10-25 15:07:35.774 21799 31062 D FTPC : Upload sendBytes m_totalWrite : 966656 // m_remainSize : 754072
10-25 15:07:35.774 21799 31062 D FTPC : Upload sendBytes m_totalWrite : 970752 // m_remainSize : 758168
10-25 15:07:35.774 21799 31062 D FTPC : Upload sendBytes m_totalWrite : 974848 // m_remainSize : 762264
10-25 15:07:35.774 21799 31062 D FTPC : Upload sendBytes m_totalWrite : 978944 // m_remainSize : 766360
10-25 15:07:35.774 21799 31062 D FTPC : Upload sendBytes m_totalWrite : 983040 // m_remainSize : 770456
10-25 15:07:35.774 21799 31062 D FTPC : Upload sendBytes m_totalWrite : 987136 // m_remainSize : 774552
10-25 15:07:35.774 21799 31062 D FTPC : Upload sendBytes m_totalWrite : 991232 // m_remainSize : 778648
10-25 15:07:35.774 21799 31062 D FTPC : Upload sendBytes m_totalWrite : 995328 // m_remainSize : 782744
10-25 15:07:35.774 21799 31062 D FTPC : Upload sendBytes m_totalWrite : 999424 // m_remainSize : 786840
10-25 15:07:35.774 21799 31062 D FTPC : Upload sendBytes m_totalWrite : 1003520 // m_remainSize : 790936
10-25 15:07:35.774 21799 31062 D FTPC : Upload sendBytes m_totalWrite : 1007616 // m_remainSize : 795032
10-25 15:07:35.774 21799 31062 D FTPC : Upload sendBytes m_totalWrite : 1011712 // m_remainSize : 799128
10-25 15:07:35.774 21799 31062 D FTPC : Upload sendBytes m_totalWrite : 1015808 // m_remainSize : 803224
10-25 15:07:35.774 21799 31062 D FTPC : Upload sendBytes m_totalWrite : 1019904 // m_remainSize : 807320
10-25 15:07:35.774 21799 31062 D FTPC : Upload sendBytes m_totalWrite : 1024000 // m_remainSize : 811416
10-25 15:07:35.774 21799 31062 D FTPC : Upload sendBytes m_totalWrite : 1028096 // m_remainSize : 815512
10-25 15:07:35.774 21799 31062 D FTPC : Upload sendBytes m_totalWrite : 1032192 // m_remainSize : 819608
10-25 15:07:35.774 21799 31062 D FTPC : Upload sendBytes m_totalWrite : 1036288 // m_remainSize : 823704
10-25 15:07:35.774 21799 31062 D FTPC : Upload sendBytes m_totalWrite : 1040384 // m_remainSize : 827800
10-25 15:07:35.774 21799 31062 D FTPC : Upload sendBytes m_totalWrite : 1044480 // m_remainSize : 831896
10-25 15:07:35.774 21799 31062 D FTPC : Upload sendBytes m_totalWrite : 1048576 // m_remainSize : 835992
10-25 15:07:35.774 21799 31062 D FTPC : Upload sendBytes m_totalWrite : 1052672 // m_remainSize : 840088
10-25 15:07:35.774 21799 31062 D FTPC : Upload sendBytes m_totalWrite : 1056768 // m_remainSize : 844184
10-25 15:07:35.774 21799 31062 D FTPC : Upload sendBytes m_totalWrite : 1060864 // m_remainSize : 845424
10-25 15:07:35.774 21799 31062 D FTPC : Upload sendBytes m_totalWrite : 1064960 // m_remainSize : 846664
10-25 15:07:35.774 21799 31062 D FTPC : Upload sendBytes m_totalWrite : 1069056 // m_remainSize : 850760
10-25 15:07:35.774 21799 31062 D FTPC : Upload sendBytes m_totalWrite : 1073152 // m_remainSize : 854856
10-25 15:07:35.774 21799 31062 D FTPC : Upload sendBytes m_totalWrite : 1077248 // m_remainSize : 858952
10-25 15:07:35.774 21799 31062 D FTPC : Upload sendBytes m_totalWrite : 1081344 // m_remainSize : 860192
10-25 15:07:35.775 21799 31062 D FTPC : Upload sendBytes m_totalWrite : 1085440 // m_remainSize : 860004
10-25 15:07:35.775 21799 31062 D FTPC : Upload sendBytes m_totalWrite : 1089536 // m_remainSize : 735580
