--------- beginning of main
10-25 15:07:28.008 3662 3662 D S.S.N. : entryViewBound parent :0|com.innowireless.xcal.mobile5|191121|null|10378
10-25 15:07:28.008 3662 3662 D S.S.N. : entryViewBound parent - entry update :0|com.innowireless.xcal.mobile5|191121|null|10378 --------- beginning of system
10-25 15:07:28.008 2356 2456 D EdgeLightingPolicyManager: isAcceptableApplication: pkg=com.innowireless.xcal.mobile5 , range=1 , includeAllApp=false , userId=-2 , infoRange=0 , infoCategory=0
10-25 15:07:28.008 2356 2456 D EdgeLightingPolicyManager: isAcceptableApplication - accept rechecked by isEdgeLightingAllowed = true uid = 10378
10-25 15:07:28.008 2356 2456 D EdgeLightingPolicyManager: isAcceptableApplication: getRejectablePolicy true
10-25 15:07:28.014 3662 3662 I AODNotificationManager: updateNotification()
10-25 15:07:28.019 2356 2645 I GestureDetector: handleMessage TAP
10-25 15:07:28.019 2356 2356 I GestureDetector: handleMessage TAP
10-25 15:07:28.063 21799 22274 D GPS : NMEA is invaild.
10-25 15:07:28.063 21799 22274 D GPS : mNMEASatelites : 5
10-25 15:07:28.063 21799 22274 D GPS : mGPSSatelites : 9
10-25 15:07:28.063 21799 22274 D GPS : Android GPS is vaild.
10-25 15:07:28.140 3637 3971 W TelephonyPermissions: reportAccessDeniedToReadIdentifiers:com.innowireless.xcal.mobile5:getAllSubInfoList:3
10-25 15:07:28.150 3637 3971 W TelephonyPermissions: reportAccessDeniedToReadIdentifiers:com.innowireless.xcal.mobile5:getAllSubInfoList:3
10-25 15:07:28.166 2356 4890 D FreecessController: com.innowireless.xcal.mobile5(10378) is important[fg-service]
10-25 15:07:28.173 2356 3393 D GnssLocationProvider_ex: SV Count : 5 / 9 (PRN, Constellation, SNR, Used)
10-25 15:07:28.173 2356 3393 D GnssLocationProvider_ex: (16, GPS, 21.8, 1) (26, GPS, 17.9, 1) (27, GPS, 17.7, 0) (31, GPS, 21.0, 1) (194, QZSS, 26.2, 1) (12, GLONASS, 22.6, 1)
10-25 15:07:28.173 2356 3393 D GnssLocationProvider_ex: (3, GLONASS, 12.5, 0) (26, GPS, 15.6, 0) (194, QZSS, 16.9, 0)
10-25 15:07:28.173 4803 4936 I GnssEngineManager_FLP: updateSatelliteStatus, top4=22, top6=20, visibleSv=9, usedSv=5, usedL5Sv=0 (usedGps=3, usedGlo=1, usedBds=0, usedGal=0)
10-25 15:07:28.175 2356 3393 D GnssLocationProvider: reportLocation
10-25 15:07:28.176 4803 4936 I GnssEngineManager_FLP: onGpsLocationChanged, provider=gps / isMock=false / speed=0.0 / time=1729849048180 / elapsed=1460346517671
10-25 15:07:28.176 4803 4936 I NewStopController_FLP: isAvailableLastLoc, KeepStationary : false , timeGap : 31 , mStraightFixCount : 0
10-25 15:07:28.176 4803 4936 I NewStopController_FLP: onChangedGlpLocation, isGpsStopped= false, isReportingLL= false, isAvailableLastLoc : true
10-25 15:07:28.179 4622 7036 I FusedLocation: (REDACTED) location delivery to %s blocked - too fast
10-25 15:07:28.179 2356 3831 I Mocca_VehicleDetectionHelper: (1.0.07.0)GPS: receiveLocation gps
10-25 15:07:28.180 2356 3815 D SLocation: PositionManager - Passive handleLocationChanged gps 1729849048180
10-25 15:07:28.180 4622 7036 I FusedLocation: (REDACTED) location delivery to %s blocked - too fast
10-25 15:07:28.180 2356 3815 D SLocation: ARDistanceBigData - BIGDATA ARD - receive location
10-25 15:07:28.181 4622 7036 I FusedLocation: (REDACTED) location delivery to %s blocked - too fast
10-25 15:07:28.181 4622 7036 I FusedLocation: (REDACTED) location delivery to %s blocked - too fast
10-25 15:07:28.181 2356 3831 I Mocca_VehicleDetectionHelper: (1.0.07.0)GPS: receiveLocation fused
10-25 15:07:28.182 2356 3815 D SLocation: PositionManager - Passive handleLocationChanged fused 1729849048145
10-25 15:07:28.182 4803 4936 I GmsPassiveListener_FLP: onGmsLocationChanged, provider=fused / speed=0.70345205 / time=1729849048145 / elapsed=1460346517671
10-25 15:07:28.183 2356 3815 I SLocation: PositionManager - do not refresh last location about fused location
10-25 15:07:28.183 2356 3815 D SLocation: ARDistanceBigData - BIGDATA ARD - receive location
10-25 15:07:28.183 2356 3815 D SLocation: PositionManager - receive fused location
10-25 15:07:28.199 1081 1081 D io_stats: !@ 8,0 r 254678 10066400 w 111777 2043288 d 2546 2021504 f 4810 10276 iot 110496 0 th 0 0 0 pt 0 inp 0 0 1460.401
10-25 15:07:28.200 1081 1081 D io_stats: !@ Read_top(KB): rs.media.module(5413) 264 .gms.persistent(4622) 124 ss.xcal.mobile5(21799) 80
10-25 15:07:28.200 1081 1081 D io_stats: !@ Write_top(KB): .gms.persistent(4622) 252 f2fs_ckpt-254:5(1187) 140 ss.xcal.mobile5(21799) 16
10-25 15:07:28.201 3662 3662 D SecPowerUI.Notification: showChargingNotice oldChargingType : 11 / currentChargingType : 11, oldChargingTime : 10604000 / mChargingTime : 10604000
10-25 15:07:28.201 3662 3662 D SecPowerUI.Notification: showChargingNotice There is no change about charging status, so return!
10-25 15:07:28.291 1574 1700 I thermal_core: AP : 414
10-25 15:07:28.291 1574 1700 I thermal_core: AP2 : 372
10-25 15:07:28.291 1574 1700 I thermal_core: AP2F : 354
10-25 15:07:28.291 1574 1700 I thermal_core: AP2R : 372
10-25 15:07:28.292 1574 1700 I thermal_core: BAT : 355
10-25 15:07:28.292 1574 1700 I thermal_core: BLK : 0
10-25 15:07:28.292 1574 1700 I thermal_core: CF : 374
10-25 15:07:28.292 1574 1700 I thermal_core: CHG : 404
10-25 15:07:28.292 1574 1700 I thermal_core: CHG2 : 368
10-25 15:07:28.292 1574 1700 I thermal_core: CHG2F : 349
10-25 15:07:28.292 1574 1700 I thermal_core: CHG2R : 368
10-25 15:07:28.292 1574 1700 I thermal_core: DC : 405
10-25 15:07:28.292 1574 1700 I thermal_core: DC2 : 370
10-25 15:07:28.292 1574 1700 I thermal_core: DC2F : 350
10-25 15:07:28.292 1574 1700 I thermal_core: DC2R : 370
10-25 15:07:28.292 1574 1700 I thermal_core: DNSPK : 322
10-25 15:07:28.292 1574 1700 I thermal_core: FCAM : 321
10-25 15:07:28.292 1574 1700 I thermal_core: FCAM2F : 343
10-25 15:07:28.292 1574 1700 I thermal_core: FCAM2R : 349
10-25 15:07:28.292 1574 1700 I thermal_core: LRB2 : 372
10-25 15:07:28.292 1574 1700 I thermal_core: LRF2 : 354
10-25 15:07:28.292 1574 1700 I thermal_core: LRP2 : 372
10-25 15:07:28.292 1574 1700 I thermal_core: LRPTHM : 368
10-25 15:07:28.292 1574 1700 I thermal_core: LTA2F : 309
10-25 15:07:28.292 1574 1700 I thermal_core: LTA2R : 312
10-25 15:07:28.292 1574 1700 I thermal_core: PA : 403
10-25 15:07:28.293 1574 1700 I thermal_core: RCV2 : 351
10-25 15:07:28.293 1574 1700 I thermal_core: RCV2F : 344
10-25 15:07:28.293 1574 1700 I thermal_core: RCV2R : 351
10-25 15:07:28.293 1574 1700 I thermal_core: SKIN : 372
10-25 15:07:28.293 1574 1700 I thermal_core: SKINB : 372
10-25 15:07:28.293 1574 1700 I thermal_core: SKINF : 354
10-25 15:07:28.293 1574 1700 I thermal_core: SPK2 : 317
10-25 15:07:28.293 1574 1700 I thermal_core: SPK2F : 315
10-25 15:07:28.293 1574 1700 I thermal_core: SPK2R : 317
10-25 15:07:28.293 1574 1700 I thermal_core: SUBBAT : 0
10-25 15:07:28.293 1574 1700 I thermal_core: UPSPK : 378
10-25 15:07:28.293 1574 1700 I thermal_core: USB : 321
10-25 15:07:28.293 1574 1700 I thermal_core: VAP02 : 413
10-25 15:07:28.293 1574 1700 I thermal_core: VPA : 416
10-25 15:07:28.293 1574 1700 I thermal_core: VWIFI : 403
10-25 15:07:28.293 1574 1700 I thermal_core: WIFI : 394
10-25 15:07:28.293 1574 1700 I thermal_core: WIFI2 : 372
10-25 15:07:28.293 1574 1700 I thermal_core: WIFI2F : 353
10-25 15:07:28.293 1574 1700 I thermal_core: WIFI2R : 372
10-25 15:07:28.295 5647 7157 I SDHMS:C : SIOP:: AP:414 BAT:355 USB:321 CHG:404 PA:403 WIFI:394 CF:374 BLK:0 SUBBAT:0 SKIN:372 SKINF:354 SKINB:372 LRP2:372 LRF2:354 LRB2:372 AP2:372 CHG2:368 WIFI2:372 RCV2:351 SPK2:317 FCAM:321 UPSPK:378 DNSPK:322 VAP02:413 VWIFI:403
10-25 15:07:28.295 5647 7157 I SDHMS:C : MODEMQ::
10-25 15:07:28.303 21799 21799 D XCAL-Mobile: FTPCallView, creator.
10-25 15:07:28.314 16284 16284 I SCS@AiSearch user 0: (ObserverWorker::AOSP_MP) [main] entering in startWork triggered by [content://media/external/file/1000014558, content://media/external/file/1000014580, content://media/external/file/1000014581]():
10-25 15:07:28.315 16284 16284 I SCS@AiSearch user 0: (BaseCollector::AOSP_MP) [main] entering in onChange():
10-25 15:07:28.315 16284 18700 I SCS@AiSearch user 0: (BaseCollector::AOSP_MP) [AOSP_MP-0] entering in collectChanges():
10-25 15:07:28.319 2356 4502 D PackageManager: setEnabledSetting : userId = 0 packageName = com.samsung.android.scs cmp = androidx.work.impl.background.systemalarm.RescheduleReceiver newState = 1 callingPackage = com.samsung.android.scs
10-25 15:07:28.319 2356 4502 D ApplicationPolicy: getApplicationStateEnabled : pkg = com.samsung.android.scs userId : 0
10-25 15:07:28.320 2356 4502 D ApplicationPolicy: getApplicationComponentState : pkg = com.samsung.android.scs userId : 0
10-25 15:07:28.326 21799 21799 D ScrollView: initGoToTop
10-25 15:07:28.335 21799 21799 D ScrollView: initGoToTop
10-25 15:07:28.341 16284 18700 I SCS@AiSearch user 0: (BaseCollector::AOSP_MP) fetchInternal values : maxSyncId: 1000014561 indexCount: 3710 sourceCount: 3710
10-25 15:07:28.345 21799 21799 D AUTOCALL: AutoCallUiEventDispatcher.subscribe() : com.innowireless.xcal.mobile5.ui.autocall.viewmodel.FtpCallViewModel
10-25 15:07:28.346 21799 21799 D ScrollView: initGoToTop
10-25 15:07:28.350 21799 21799 D AUTOCALL_UI: Event subscribe
10-25 15:07:28.350 21799 21799 D AUTOCALL_UI: AutoCallViewModel.subscribe()
10-25 15:07:28.350 21799 21799 D AUTOCALL: AutoCallUiEventDispatcher.subscribe() : com.innowireless.xcal.mobile5.ui.autocall.viewmodel.AutoCallViewModel38146921
10-25 15:07:28.350 21799 21799 D TabController: TabController.replaceView()
10-25 15:07:28.350 21799 21799 D TabController: Add view : FTPCallView
10-25 15:07:28.350 21799 21799 D XCAL-Mobile: TabFragment addView : com.innowireless.xcal.mobile5.ui.autocall.view.FTPCallView{3237d25 V.E...... ......I. 0,0-0,0}
10-25 15:07:28.351 21799 21799 D AnimatorSet: mReversing is false. Don't call initChildren.
10-25 15:07:28.351 21799 21799 D AnimatorSet: mReversing is false. Don't call initChildren.
10-25 15:07:28.351 21799 21799 D AnimatorSet: mReversing is false. Don't call initChildren.
10-25 15:07:28.351 21799 21799 D UiController: addHistory(1) : class com.innowireless.xcal.mobile5.ui.autocall.view.FTPCallView
10-25 15:07:28.352 16284 18700 I SCS@AiSearch user 0: (IndexManager) [AOSP_MP-0] entering in addIndex():
10-25 15:07:28.352 21799 21799 D DrawerMainMenuAdapter: selectMenu allclear
10-25 15:07:28.353 16284 18700 I SCS@AiSearch user 0: (BaseCollector::AOSP_MP) fetch: fetching took 21 ms
10-25 15:07:28.353 16284 18700 I SCS@AiSearch user 0: (BaseCollector::AOSP_MP) fetchChanges: applied 0 items
10-25 15:07:28.353 16284 18700 I SCS@AiSearch user 0: (BaseCollector::AOSP_MP) Collect finished. Result: true
10-25 15:07:28.353 16284 18700 I SCS@AiSearch user 0: (BaseCollector::AOSP_MP) enqueue ObserverWorker name: com.sec.android.app.myfiles, policy: APPEND_OR_REPLACE
10-25 15:07:28.353 16284 16387 I WM-WorkerWrapper: Worker result SUCCESS for Work [ id=26c53fa5-5482-4ca1-bc08-a8c1056aaea8, tags={ com.sec.android.app.myfiles, com.samsung.android.scs.ai.search.data.collector.base.ObserverWorker } ]
10-25 15:07:28.368 2356 4502 D PackageManager: setEnabledSetting : userId = 0 packageName = com.samsung.android.scs cmp = androidx.work.impl.background.systemalarm.RescheduleReceiver newState = 1 callingPackage = com.samsung.android.scs
10-25 15:07:28.368 2356 4502 D ApplicationPolicy: getApplicationStateEnabled : pkg = com.samsung.android.scs userId : 0
10-25 15:07:28.369 2356 4502 D ApplicationPolicy: getApplicationComponentState : pkg = com.samsung.android.scs userId : 0
10-25 15:07:28.384 21799 23492 D yejin : location : (19.06774991, 72.99288279)
10-25 15:07:28.386 27978 27996 W NetworkConnectionChecke: Unknown host google.com
10-25 15:07:28.387 27978 27996 I NetworkConnectionChecke: Network connection: false
10-25 15:07:28.387 2356 3562 D NetdEventListenerService: DNS Requested by 116, 10206, 4, true, 0
10-25 15:07:28.399 2356 3535 D SemWifiEleStateTracker: Pressure Diff: 0.002746582
10-25 15:07:28.399 2356 3535 D SemWifiEleStateTracker: Barometer value: Prev 1002.4396 Current 1002.4423 mSmallBaroDetected : false
10-25 15:07:28.399 21799 21799 D SubViewLogDataPresenter: getLoadBtnPCIPFrameSaveTo 0
10-25 15:07:28.399 21799 21799 D SubViewLogDataDatas: mPacketCapturePPPSize 1500
10-25 15:07:28.400 21799 21799 D InbuuildingStartCheck: Load mSplitLogbyTime false
10-25 15:07:28.400 21799 21799 D InbuuildingStartCheck: Load mSplitLogbyCall false
10-25 15:07:28.400 21799 21799 D InbuuildingStartCheck: Load mSplitLogbySize false
10-25 15:07:28.453 21799 21799 D ScrollView: onsize change changed
10-25 15:07:28.453 21799 21799 D ScrollView: onsize change changed
10-25 15:07:28.453 21799 21799 D AbsListView: in onLayout changed
10-25 15:07:28.453 2356 5605 I AccessibilityManagerService: semIsAccessibilityServiceEnabled()
10-25 15:07:28.453 2356 5605 I AccessibilityManagerService: semIsAccessibilityServiceEnabled()
10-25 15:07:28.453 2356 5605 I AccessibilityManagerService: semIsAccessibilityServiceEnabled()
10-25 15:07:28.455 21799 21799 W libc : Access denied finding property "vendor.display.enable_display_extensions"
10-25 15:07:28.455 2356 5605 I AccessibilityManagerService: semIsAccessibilityServiceEnabled()
10-25 15:07:28.455 2356 4502 I AccessibilityManagerService: semIsAccessibilityServiceEnabled()
10-25 15:07:28.455 2356 5605 I AccessibilityManagerService: semIsAccessibilityServiceEnabled()
10-25 15:07:28.468 21799 30850 W libc : Access denied finding property "vendor.display.enable_display_extensions"
10-25 15:07:28.472 2356 4502 I AccessibilityManagerService: semIsAccessibilityServiceEnabled()
10-25 15:07:28.472 2356 5605 I AccessibilityManagerService: semIsAccessibilityServiceEnabled()
10-25 15:07:28.472 2356 4384 I AccessibilityManagerService: semIsAccessibilityServiceEnabled()
10-25 15:07:28.479 2356 5605 I AccessibilityManagerService: semIsAccessibilityServiceEnabled()
10-25 15:07:28.479 2356 4502 I AccessibilityManagerService: semIsAccessibilityServiceEnabled()
10-25 15:07:28.480 2356 4384 I AccessibilityManagerService: semIsAccessibilityServiceEnabled()
10-25 15:07:28.482 1513 30790 I HYPER-HAL: [RequestManager.cpp]releaseLocked(): Released ID : 2852498
10-25 15:07:28.512 1503 22082 I sensors-hal: handle_sns_client_event:375, [0][7141] accel_sample [ 0.089, -0.004, 9.882] 1460661311685
10-25 15:07:28.564 2356 5605 I WifiService: startScan uid=10378
10-25 15:07:28.567 2356 3363 I WifiScanRequestProxy: Scan request from com.innowireless.xcal.mobile5 throttled
10-25 15:07:28.568 2356 5605 E WifiService: Failed to start scan
10-25 15:07:28.727 2356 5605 D SemContextService: lock : requestToUpdate
10-25 15:07:28.727 2356 5605 W CAE : setCAProperty(ContextAwareService.java:509) - [setProperty 01] Mutex is locked for CH_LOC_TRIGGER
10-25 15:07:28.728 2356 3354 D SensorService: setSContextDataLocked ints length 2 , byte length 4
10-25 15:07:28.728 2356 3354 D SensorService: setSContextDataLocked 3db8
10-25 15:07:28.728 1503 1503 I sensors-hal: inject_sensor_data:407, handle 1501 send inject
10-25 15:07:28.729 1503 1503 I sensors-hal: sendContextData:288, sensor hal 4, (0xb8, 0x3d, 0x0, 0x0)
10-25 15:07:28.729 1503 1503 I sensors-hal: sendContextData:131, change_location_trigger 4,184
10-25 15:07:28.729 1503 1503 I sensors-hal: sendUserData:118, change_location_trigger h 184 m 61 s 0
10-25 15:07:28.729 1503 1503 I sensors-hal: create_send_context_data:66, change_location_trigger create_send_context_data
10-25 15:07:28.729 1503 1503 I sensors-hal: send_context_data:694, change_location_trigger, -244018566922240, 1320970896291267344, msgid:700
10-25 15:07:28.729 2356 5605 W CAE : setCAProperty(ContextAwareService.java:515) - [setProperty 02] Mutex is unlocked for CH_LOC_TRIGGER
10-25 15:07:28.729 2356 5605 D SemContextService: .requestToUpdate() : service = Location Change Trigger
10-25 15:07:28.729 2356 5605 D SemContextService: unlock : requestToUpdate
10-25 15:07:28.729 2356 5605 D SemContextManager: .requestToUpdate : listener = com.android.server.location.nsflp.NSLocationMonitor$5@7d0b446, service=Location Change Trigger
10-25 15:07:28.730 4803 11380 I NewStopController_FLP: StateChecker, check stationary message
10-25 15:07:28.731 1503 3350 I sensors-hal: qsh_conn_resp_cb:930, resp_value = 0 for change_location_trigger
10-25 15:07:28.743 1499 5027 I vendor.qti.bluetooth@1.1-ibs_handler: ProcessIbsCmd: Received IBS_WAKE_IND: 0xFD
10-25 15:07:28.743 1499 5027 D vendor.qti.bluetooth@1.1-ibs_handler: SerialClockVote: vote for UART CLK ON
10-25 15:07:28.743 1499 5027 D vendor.qti.bluetooth@1.1-wake_lock: Acquire wakelock is acquired
10-25 15:07:28.744 1499 5027 I vendor.qti.bluetooth@1.1-ibs_handler: ProcessIbsCmd: Writing IBS_WAKE_ACK
10-25 15:07:28.748 4041 5148 D BtGatt.GattService: onScanResult to scannerId: 5- eventType=0x1a, addressType=1, address=XX:XX:XX:XX:42:F6, primaryPhy=1, secondaryPhy=0, advertisingSid=0xff, txPower=127, rssi=-88, periodicAdvInt=0x0
10-25 15:07:28.749 4041 5148 D BtGatt.GattService: onScanResult to scannerId: 5- eventType=0x1a, addressType=1, address=XX:XX:XX:XX:D2:E0, primaryPhy=1, secondaryPhy=0, advertisingSid=0xff, txPower=127, rssi=-79, periodicAdvInt=0x0
10-25 15:07:28.760 4041 5148 D BtGatt.GattService: onScanResult to scannerId: 5- eventType=0x1a, addressType=1, address=XX:XX:XX:XX:00:F7, primaryPhy=1, secondaryPhy=0, advertisingSid=0xff, txPower=127, rssi=-88, periodicAdvInt=0x0
10-25 15:07:28.766 1503 3350 I sensors-hal: qsh_conn_event_cb:890, event[0] sensor:change_location_trigger Wakeup, msg_id=1025, ts=28331506502
10-25 15:07:28.767 1503 3350 I sensors-hal: handle_sns_client_event:85, change_location_trigger_event: msgid:1025
10-25 15:07:28.767 1503 3350 I sensors-hal: handle_sns_client_event:108, change_location_trigger_event: 255, 255
10-25 15:07:28.769 2356 3348 D CAE : onGetSensorHubData(SensorHubParserProvider.java:92) - onGetSensorHubData Event [event buffer len :15], AP_WAKEUP
10-25 15:07:28.769 2356 3348 I CAE : parse(SensorHubParserProvider.java:193) - buffer size = 15
10-25 15:07:28.769 2356 3348 I CAE : parse(SensorHubParserProvider.java:204) - 1, 1, 61, -1, 0, 2, 1, 0, 0, 0, 1, 0, 0, 0, 0,
10-25 15:07:28.769 2356 3348 D CAE : display(ContextProvider.java:375) - ================= CH_LOC_TRIGGER =================
10-25 15:07:28.769 2356 3348 I CAE : display(ContextProvider.java:391) - duration=[1], property=[1], result=[2], reserved=[0]
10-25 15:07:28.770 4041 5148 D BtGatt.GattService: onScanResult to scannerId: 5- eventType=0x1a, addressType=1, address=XX:XX:XX:XX:C7:84, primaryPhy=1, secondaryPhy=0, advertisingSid=0xff, txPower=127, rssi=-85, periodicAdvInt=0x0
10-25 15:07:28.771 2356 3345 D SemContextService: Service.updateContext() : service = Location Change Trigger
10-25 15:07:28.771 2356 2356 D SemContextManager: onSemContextChanged() : event = Location Change Trigger
10-25 15:07:28.771 2356 2356 D NSLocationMonitor: onSemContextChanged, activity : 1 result : 2 movement : 1
10-25 15:07:28.788 4041 5148 D BtGatt.GattService: onScanResult to scannerId: 5- eventType=0x0, addressType=1, address=XX:XX:XX:XX:D1:AF, primaryPhy=1, secondaryPhy=1, advertisingSid=0x1, txPower=127, rssi=-43, periodicAdvInt=0x0
10-25 15:07:28.792 4041 5148 D BtGatt.GattService: onScanResult to scannerId: 2- eventType=0x1b, addressType=1, address=XX:XX:XX:XX:E8:A8, primaryPhy=1, secondaryPhy=0, advertisingSid=0xff, txPower=127, rssi=-39, periodicAdvInt=0x0
10-25 15:07:28.823 1503 21993 I sensors-hal: handle_sns_std_sensor_event:156, [32228] Pressure 1002.443, cal -0.242, sw_offset 0.000
10-25 15:07:28.825 4041 5148 D BtGatt.GattService: onScanResult to scannerId: 5- eventType=0x0, addressType=1, address=XX:XX:XX:XX:B3:05, primaryPhy=1, secondaryPhy=1, advertisingSid=0x1, txPower=127, rssi=-71, periodicAdvInt=0x0
10-25 15:07:28.826 21799 21799 D AnimatorSet: mReversing is false. Don't call initChildren.
10-25 15:07:28.837 4041 5148 D BtGatt.GattService: onScanResult to scannerId: 5- eventType=0x0, addressType=1, address=XX:XX:XX:XX:AF:23, primaryPhy=1, secondaryPhy=1, advertisingSid=0x1, txPower=127, rssi=-62, periodicAdvInt=0x0
10-25 15:07:28.851 1474 1474 D Diag-Router: diag: qrtr_perif_send: Sending cmd pkt of len: 1 to perif: modem with port: node [401c: 1]
10-25 15:07:28.864 1503 3624 I sensors-hal: handle_sns_std_sensor_event:131, [SSC_LIGHT] A: 127(127),c:0,b:92,m:13,cl:0,l:128,s:127,l0:19392,l1:1696,s0:19000,s1:1500,acl:1,opr:0.25,f(r):100,u(bl):100,if:0,wi:0,si:125,po:0(N:0)
10-25 15:07:28.876 1499 5027 I vendor.qti.bluetooth@1.1-ibs_handler: ProcessIbsCmd: Received IBS_SLEEP_IND: 0xFE
10-25 15:07:28.876 1499 5027 D vendor.qti.bluetooth@1.1-ibs_handler: SerialClockVote: vote for UART CLK OFF
10-25 15:07:28.928 1503 22084 I sensors-hal: handle_sns_client_event:341, [1] mag_sample_cal(magcal_available:7157): ts=1461084204706 ns; cal = [-23.070627, -59.815067, 19.931225], uncal = [26.069372, -70.975067, 56.411224], bias = [49.139999, -11.160000, 36.480000], status=3
10-25 15:07:28.949 1474 1474 D Diag-Router: diag: qrtr_perif_send: Sending cmd pkt of len: 4 to perif: modem with port: node [401c: 1]
10-25 15:07:29.027 1499 4133 D vendor.qti.bluetooth@1.1-wake_lock: Release wakelock is released
10-25 15:07:29.064 21799 22274 D GPS : NMEA is invaild.
10-25 15:07:29.064 21799 22274 D GPS : mNMEASatelites : 5
10-25 15:07:29.064 21799 22274 D GPS : mGPSSatelites : 9
10-25 15:07:29.064 21799 22274 D GPS : Android GPS is vaild.
10-25 15:07:29.138 3637 3970 W TelephonyPermissions: reportAccessDeniedToReadIdentifiers:com.innowireless.xcal.mobile5:getAllSubInfoList:3
10-25 15:07:29.152 3637 3970 W TelephonyPermissions: reportAccessDeniedToReadIdentifiers:com.innowireless.xcal.mobile5:getAllSubInfoList:3
10-25 15:07:29.153 5647 6312 I R0 : limitCPUFreq:: freq = -1
10-25 15:07:29.154 1513 1610 I HYPER-HAL: [RequestManager.cpp]releaseLocked(): Released ID : 15958427
10-25 15:07:29.175 4803 4936 I GnssEngineManager_FLP: updateSatelliteStatus, top4=22, top6=20, visibleSv=9, usedSv=5, usedL5Sv=0 (usedGps=3, usedGlo=1, usedBds=0, usedGal=0)
10-25 15:07:29.174 2356 3393 D GnssLocationProvider_ex: SV Count : 5 / 9 (PRN, Constellation, SNR, Used)
10-25 15:07:29.176 2356 3393 D GnssLocationProvider_ex: (16, GPS, 19.4, 1) (26, GPS, 18.5, 1) (27, GPS, 17.7, 0) (31, GPS, 21.0, 1) (194, QZSS, 27.5, 1) (12, GLONASS, 22.7, 1)
10-25 15:07:29.176 2356 3393 D GnssLocationProvider_ex: (3, GLONASS, 12.5, 0) (26, GPS, 15.6, 0) (194, QZSS, 9.9, 0)
10-25 15:07:29.177 2356 3393 D GnssLocationProvider: reportLocation
10-25 15:07:29.179 2356 3831 I Mocca_VehicleDetectionHelper: (1.0.07.0)GPS: receiveLocation gps
10-25 15:07:29.180 4622 7036 I FusedLocation: (REDACTED) location delivery to %s blocked - too fast
10-25 15:07:29.181 4803 4936 I GnssEngineManager_FLP: onGpsLocationChanged, provider=gps / isMock=false / speed=0.0 / time=1729849049180 / elapsed=1461348814649
10-25 15:07:29.181 4803 4936 I NewStopController_FLP: isAvailableLastLoc, KeepStationary : false , timeGap : 34 , mStraightFixCount : 0
10-25 15:07:29.181 2356 3815 D SLocation: PositionManager - Passive handleLocationChanged gps 1729849049180
10-25 15:07:29.182 4803 4936 I NewStopController_FLP: onChangedGlpLocation, isGpsStopped= false, isReportingLL= false, isAvailableLastLoc : true
10-25 15:07:29.182 4622 7036 I FusedLocation: (REDACTED) location delivery to %s blocked - too fast
10-25 15:07:29.182 4622 7036 I FusedLocation: (REDACTED) location delivery to %s blocked - too fast
10-25 15:07:29.182 4622 7036 I FusedLocation: (REDACTED) location delivery to %s blocked - too fast
10-25 15:07:29.183 2356 3815 D SLocation: ARDistanceBigData - BIGDATA ARD - receive location
10-25 15:07:29.185 2356 3831 I Mocca_VehicleDetectionHelper: (1.0.07.0)GPS: receiveLocation fused
10-25 15:07:29.185 2356 3815 D SLocation: PositionManager - Passive handleLocationChanged fused 1729849049146
10-25 15:07:29.186 2356 3815 I SLocation: PositionManager - do not refresh last location about fused location
10-25 15:07:29.187 2356 3815 D SLocation: ARDistanceBigData - BIGDATA ARD - receive location
10-25 15:07:29.187 2356 3815 D SLocation: PositionManager - receive fused location
10-25 15:07:29.190 4803 4936 I GmsPassiveListener_FLP: onGmsLocationChanged, provider=fused / speed=0.60691255 / time=1729849049146 / elapsed=1461348814649
10-25 15:07:29.198 25838 25838 I wpa_supplicant: Heartbeat 14
10-25 15:07:29.220 1513 30777 I HYPER-HAL: [RequestManager.cpp]releaseLocked(): Released ID : 16100002
10-25 15:07:29.272 3637 3971 W TelephonyPermissions: reportAccessDeniedToReadIdentifiers:com.innowireless.xcal.mobile5:getAllSubInfoList:3
10-25 15:07:29.274 3637 3971 W TelephonyPermissions: reportAccessDeniedToReadIdentifiers:com.innowireless.xcal.mobile5:getAllSubInfoList:3
10-25 15:07:29.276 3637 3971 W TelephonyPermissions: reportAccessDeniedToReadIdentifiers:com.innowireless.xcal.mobile5:getAllSubInfoList:3
10-25 15:07:29.278 3637 3971 W TelephonyPermissions: reportAccessDeniedToReadIdentifiers:com.innowireless.xcal.mobile5:getAllSubInfoList:3
10-25 15:07:29.386 21799 23492 D yejin : location : (19.06766644, 72.99279478)
10-25 15:07:29.391 27978 27996 W NetworkConnectionChecke: Unknown host google.com
10-25 15:07:29.391 27978 27996 I NetworkConnectionChecke: Network connection: false
10-25 15:07:29.549 2356 4890 D FreecessController: com.samsung.android.voc(state: Freezeable -> Frozen, Reason: uidIdle)
10-25 15:07:29.551 2356 4890 E FreecessController: FZ error : com.samsung.android.voc(0)
10-25 15:07:29.551 2356 4890 D FreecessController: UFZ : com.samsung.android.voc(0) because failed to freeze, success : false
10-25 15:07:29.646 2356 6800 I WifiService: startScan uid=10378
10-25 15:07:29.647 2356 3363 I WifiScanRequestProxy: Scan request from com.innowireless.xcal.mobile5 throttled
10-25 15:07:29.649 2356 6800 E WifiService: Failed to start scan
10-25 15:07:29.731 2356 6800 D SemContextService: lock : requestToUpdate
10-25 15:07:29.732 2356 6800 W CAE : setCAProperty(ContextAwareService.java:509) - [setProperty 01] Mutex is locked for CH_LOC_TRIGGER
10-25 15:07:29.732 2356 3354 D SensorService: setSContextDataLocked ints length 2 , byte length 4
10-25 15:07:29.732 2356 3354 D SensorService: setSContextDataLocked 3db8
10-25 15:07:29.734 1503 1503 I sensors-hal: inject_sensor_data:407, handle 1501 send inject
10-25 15:07:29.734 1503 1503 I sensors-hal: sendContextData:288, sensor hal 4, (0xb8, 0x3d, 0x0, 0x0)
10-25 15:07:29.734 1503 1503 I sensors-hal: sendContextData:131, change_location_trigger 4,184
10-25 15:07:29.735 1503 1503 I sensors-hal: sendUserData:118, change_location_trigger h 184 m 61 s 0
10-25 15:07:29.735 1503 1503 I sensors-hal: create_send_context_data:66, change_location_trigger create_send_context_data
10-25 15:07:29.735 1503 1503 I sensors-hal: send_context_data:694, change_location_trigger, -244018566922240, 1320970896291267344, msgid:700
10-25 15:07:29.735 2356 6800 W CAE : setCAProperty(ContextAwareService.java:515) - [setProperty 02] Mutex is unlocked for CH_LOC_TRIGGER
10-25 15:07:29.735 2356 6800 D SemContextService: .requestToUpdate() : service = Location Change Trigger
10-25 15:07:29.735 2356 6800 D SemContextService: unlock : requestToUpdate
10-25 15:07:29.735 2356 6800 D SemContextManager: .requestToUpdate : listener = com.android.server.location.nsflp.NSLocationMonitor$5@7d0b446, service=Location Change Trigger
10-25 15:07:29.736 4803 11380 I NewStopController_FLP: StateChecker, check stationary message
10-25 15:07:29.736 1503 3350 I sensors-hal: qsh_conn_resp_cb:930, resp_value = 0 for change_location_trigger
10-25 15:07:29.769 1503 3350 I sensors-hal: qsh_conn_event_cb:890, event[0] sensor:change_location_trigger Wakeup, msg_id=1025, ts=28350761275
10-25 15:07:29.769 1503 3350 I sensors-hal: handle_sns_client_event:85, change_location_trigger_event: msgid:1025
10-25 15:07:29.769 1503 3350 I sensors-hal: handle_sns_client_event:108, change_location_trigger_event: 255, 255
10-25 15:07:29.772 2356 3348 D CAE : onGetSensorHubData(SensorHubParserProvider.java:92) - onGetSensorHubData Event [event buffer len :15], AP_WAKEUP
10-25 15:07:29.773 2356 3348 I CAE : parse(SensorHubParserProvider.java:193) - buffer size = 15
10-25 15:07:29.773 2356 3348 I CAE : parse(SensorHubParserProvider.java:204) - 1, 1, 61, -1, 0, 2, 1, 0, 0, 0, 1, 0, 0, 0, 0,
10-25 15:07:29.773 2356 3348 D CAE : display(ContextProvider.java:375) - ================= CH_LOC_TRIGGER =================
10-25 15:07:29.773 2356 3348 I CAE : display(ContextProvider.java:391) - duration=[1], property=[1], result=[2], reserved=[0]
10-25 15:07:29.774 2356 3345 D SemContextService: Service.updateContext() : service = Location Change Trigger
10-25 15:07:29.775 2356 2356 D SemContextManager: onSemContextChanged() : event = Location Change Trigger
10-25 15:07:29.775 2356 2356 D NSLocationMonitor: onSemContextChanged, activity : 1 result : 2 movement : 1
10-25 15:07:29.824 1503 4735 I sensors-hal: handle_sns_std_sensor_event:403, [SSC_LIGHT] P: 134(134),c:0,b:92,m:13,cl:0,l:134,s:134,l0:20352,l1:1792,s0:20000,s1:1500,acl:1,opr:0.25,f(r):100,u(bl):100,if:0,wi:0,si:125,po:0(N:0)
10-25 15:07:29.950 1474 1474 D Diag-Router: diag: qrtr_perif_send: Sending cmd pkt of len: 4 to perif: modem with port: node [401c: 1]
10-25 15:07:30.055 2356 6800 W ProcessCpuTracker: Failed to stat(/proc/30894): android.system.ErrnoException: stat failed: ENOENT (No such file or directory)
10-25 15:07:30.055 2356 6800 W ProcessCpuTracker: Skipping unknown process pid 30894
10-25 15:07:30.055 2356 6800 W ProcessCpuTracker: Failed to stat(/proc/30895): android.system.ErrnoException: stat failed: ENOENT (No such file or directory)
10-25 15:07:30.055 2356 6800 W ProcessCpuTracker: Skipping unknown process pid 30895
10-25 15:07:30.056 2356 6800 D CustomizedBinderCallsStatsInternal: reportCpuUsage() : 2%
10-25 15:07:30.056 2356 2727 I BinderCallsStats: Collected cpu time : 0us, collected call count : 0 for 1357783 ms
10-25 15:07:30.064 21799 22274 D GPS : NMEA is invaild.
10-25 15:07:30.064 21799 22274 D GPS : mNMEASatelites : 5
10-25 15:07:30.065 21799 22274 D GPS : mGPSSatelites : 9
10-25 15:07:30.065 21799 22274 D GPS : Android GPS is vaild.
10-25 15:07:30.129 3637 3971 W TelephonyPermissions: reportAccessDeniedToReadIdentifiers:com.innowireless.xcal.mobile5:getAllSubInfoList:3
10-25 15:07:30.142 2356 3459 D SemCellularStateManager: onCellInfoChanged: cellInfoList Number of cell: 7
10-25 15:07:30.142 2356 3459 D SemCellularStateManager: onCellInfoChanged: Registered = true, mCellularCellId = 153906023
10-25 15:07:30.143 4062 4062 I TelephonyCallbackForPdnController<0>: onCellInfoChanged: xxxxx
10-25 15:07:30.144 4062 4062 I ImsCallSessionManager: onCellInfoChanged, phoneId: 0
10-25 15:07:30.145 4062 4532 I RegiMgr-Handler: handleMessage: EVENT_CELL_INFO_CHANGED
10-25 15:07:30.145 4062 4532 I RegiMgr<0>: updatePani RegisterTask[0][mProfile=AIRTEL VoLTE, mRegistrationRat=13, mPdnType=11, mState=REGISTERED, mObject=UserAgent - :
10-25 15:07:30.145 4062 4532 I RegiMgr<0>: total records=71
10-25 15:07:30.145 4062 4532 I RegiMgr<0>: rec[0]: time=10-25 15:06:00.242 processed=ReadyState org=RegisteredState dest= what=34(0x22)
10-25 15:07:30.145 4062 4532 I RegiMgr<0>: rec[1]: time=10-25 15:06:00.243 processed=RegisteredState org=RegisteredState dest= what=2000(0x7d0)
10-25 15:07:30.145 4062 4532 I RegiMgr<0>: rec[2]: time=10-25 15:06:05.159 processed=ReadyState org=RegisteredState dest= what=34(0x22)
10-25 15:07:30.145 4062 4532 I RegiMgr<0>: rec[3]: time=10-25 15:06:05.160 processed=RegisteredState org=RegisteredState dest= what=2000(0x7d0)
10-25 15:07:30.145 4062 4532 I RegiMgr<0>: rec[4]: time=10-25 15:06:16.164 processed=ReadyState org=RegisteredState dest= what=34(0x22)
10-25 15:07:30.145 4062 4532 I RegiMgr<0>: rec[5]: time=10-25 15:06:16.164 processed=RegisteredState org=RegisteredState dest= what=2000(0x7d0)
10-25 15:07:30.145 4062 4532 I RegiMgr<0>: rec[6]: time=10-25 15:06:27.159 processed=ReadyState org=RegisteredState dest= what=34(0x22)
10-25 15:07:30.145 4062 4532 I RegiMgr<0>: rec[7]: time=10-25 15:06:27.161 processed=RegisteredState org=RegisteredState dest= what=2000(0x7d0)
10-25 15:07:30.145 4062 4532 I RegiMgr<0>: rec[8]: time=10-25 15:06:37.158 processed=ReadyState org=RegisteredState dest= what=34(0x22)
10-25 15:07:30.145 4062 4532 I RegiMgr<0>: rec[9]: time=10-25 15:06:37.159 processed=RegisteredState org=RegisteredState dest= what=2000(0x7d0)
10-25 15:07:30.145 4062 4532 I RegiMgr<0>: rec[10]: time=10-25 15:06:48.163 processed=ReadyState org=RegisteredState dest= what=34(0x22)
10-25 15:07:30.145 4062 4532 I RegiMgr<0>: rec[11]: time=10-25 15:06:48.164 processed=RegisteredState org=RegisteredState dest= what=2000(0x7d0)
10-25 15:07:30.145 4062 4532 I RegiMgr<0>: rec[12]: time=10-25 15:06:57.890 processed=ReadyState org=RegisteredState dest= what=34(0x22)
10-25 15:07:30.145 4062 4532 I RegiMgr<0>: rec[13]: time=10-25 15:06:57.890 processed=RegisteredState org=RegisteredState dest= what=2000(0x7d0)
10-25 15:07:30.145 4062 4532 I RegiMgr<0>: rec[14]: time=10-25 15:06:59.164 processed=ReadyState org=RegisteredState dest= what=34(0x22)
10-25 15:07:30.145 4062 4532 I RegiMgr<0>: rec[15]: time=10-25 15:06:59.168 processed=RegisteredState org=RegisteredState dest= what=2000(0x7d0)
10-25 15:07:30.145 4062 4532 I RegiMgr<0>: rec[16]: time=10-25 15:07:09.197 processed=ReadyState org=RegisteredState dest= what=34(0x22)
10-25 15:07:30.145 4062 4532 I RegiMgr<0>: rec[17]: time=10-25 15:07:09.197 processed=RegisteredState org=RegisteredState dest= what=2000(0x7d0)
10-25 15:07:30.145 4062 4532 I RegiMgr<0>: rec[18]: time=10-25 15:07:20.143 processed=ReadyState org=RegisteredState dest= what=34(0x22)
10-25 15:07:30.145 4062 4532 I RegiMgr<0>: rec[19]: time=10-25 15:07:20.143 processed=RegisteredState org=RegisteredState dest= what=2000(0x7d0)
10-25 15:07:30.145 4062 4532 I RegiMgr<0>: curState=RegisteredState
10-25 15:07:30.145 4062 4532 I RegiMgr<0>: , mReason=, mPcscfHostname=null, mDeregiReason=41]
10-25 15:07:30.145 4062 4532 I PaniGenerator<0>: generate: subId=3, network=13, pdn=11
10-25 15:07:30.145 4062 4532 I PaniGenerator<0>: generate: network=13, fallbackPlmn=40402
10-25 15:07:30.145 4062 4532 I PdnController<0>: getAllCellInfo mNeedCellLocationUpdate : false
10-25 15:07:30.145 4062 4532 I PaniGenerator: generate: change to NW PLMN(40492)
10-25 15:07:30.147 3637 3971 W TelephonyPermissions: reportAccessDeniedToReadIdentifiers:com.innowireless.xcal.mobile5:getAllSubInfoList:3
10-25 15:07:30.147 4062 4532 I UserAgent<0>: updatePani
10-25 15:07:30.147 4062 4532 I RegiMgr<0>: tryRegister:
10-25 15:07:30.147 4062 4532 I RegiMgr<0>: RegisterTask(s): AIRTEL VoLTE (REGISTERED, rat = 13, service = [mmtel-video, smsip, mmtel]), AIRTEL India RCS (IDLE)
10-25 15:07:30.147 4062 4532 I RcsPolicyMgr<0>: pendingRcsRegister: mActiveDataPhoneId = 0
10-25 15:07:30.147 4062 4532 I RcsPolicyMgr<0>: pendingRcsRegister: mActiveDataPhoneId = 0
10-25 15:07:30.147 4062 4532 I RcsUtils: isDualRcsReg: true
10-25 15:07:30.147 4062 4532 I RegisterTask: isSuspended: mSuspended(false) mSuspendByIrat(false)
10-25 15:07:30.147 4062 4649 I SECIMSJ : [0580]> 140
10-25 15:07:30.147 4062 4532 I RegiMgr<0>: [AIRTEL India RCS|IDLE] checkForTryRegister id: 738
10-25 15:07:30.147 4062 4532 I RegiMgr : isPdnConnected: false, PdnType: 0
10-25 15:07:30.148 4062 4664 I [IMS6.0]: IMS_onResponse()
10-25 15:07:30.148 4062 4664 I StackIF : processMessage 2
10-25 15:07:30.148 4062 4664 I StackIF : Processing Response
10-25 15:07:30.148 4062 4664 I SECIMSJ : [0580]< 600
10-25 15:07:30.148 4062 4664 I StackIF : processResponse: reqId 600
10-25 15:07:30.148 4062 4664 I StackIF : processResponse: handle 18892 result 0 reason 0
10-25 15:07:30.148 4062 4532 I PdnController: getDefaultNetworkBearer: WIFI
10-25 15:07:30.148 4062 4532 I RegiMgr-Utils<0>: findBestNetwork: WIFI needWifiNetwork = true
10-25 15:07:30.149 4062 4532 I RegiGvnBase<0>: isReadyToDualRegister: slot 1's call state: 0
10-25 15:07:30.149 4062 4532 I RegiGvnBase<0>: isReadyToDualRegister : true
10-25 15:07:30.150 4062 4532 I RegiMgr<0>: [AIRTEL India RCS|IDLE] checkInitialRegistrationIsReady: APM ON [false], Roamimg [false]
10-25 15:07:30.150 4062 4532 I RcsPolicyMgr<0>: pendingRcsRegister: mActiveDataPhoneId = 0
10-25 15:07:30.150 4062 4532 I RcsUtils: isDualRcsReg: true
10-25 15:07:30.150 4062 4532 I ImsProfile: isRttSupportByCallApp : false ttyType : 1
10-25 15:07:30.150 4062 4532 I RegiMgr-Utils<0>: getPriorityRegiedTask : isPriority High? true
10-25 15:07:30.150 4062 4532 I RegiGvnBase: checkRegiStatus: getState()=IDLE mIsUpdateRegistering=false
10-25 15:07:30.150 4062 4532 I RegiMgr<0>: getTelephonyCallStatus:
10-25 15:07:30.151 4062 4532 I ConfigProvider: query uri:xxxxx
10-25 15:07:30.152 4062 4532 I ConfigProvider: queryStorage path content://com.samsung.rcs.autoconfigurationprovider/parameter/version#simslot0
10-25 15:07:30.153 4062 4532 I RegiGvnRcs: isReadyToRegister: User don't try RCS service yet
10-25 15:07:30.153 4062 4532 I RegiMgr<0>: [AIRTEL India RCS|IDLE] checkForTryRegister: isReadyToRegister = false
10-25 15:07:30.175 2356 3393 D GnssLocationProvider_ex: SV Count : 5 / 9 (PRN, Constellation, SNR, Used)
10-25 15:07:30.175 2356 3393 D GnssLocationProvider_ex: (16, GPS, 19.4, 1) (26, GPS, 18.5, 1) (27, GPS, 17.7, 0) (31, GPS, 17.4, 1) (194, QZSS, 26.1, 1) (12, GLONASS, 23.1, 1)
10-25 15:07:30.175 2356 3393 D GnssLocationProvider_ex: (3, GLONASS, 12.5, 0) (26, GPS, 15.6, 0) (194, QZSS, 9.9, 0)
10-25 15:07:30.178 4803 4936 I GnssEngineManager_FLP: updateSatelliteStatus, top4=21, top6=20, visibleSv=9, usedSv=5, usedL5Sv=0 (usedGps=3, usedGlo=1, usedBds=0, usedGal=0)
10-25 15:07:30.178 2356 3393 D GnssLocationProvider: reportLocation
10-25 15:07:30.182 4803 4936 I GnssEngineManager_FLP: onGpsLocationChanged, provider=gps / isMock=false / speed=0.0 / time=1729849050180 / elapsed=1462350359232
10-25 15:07:30.182 4803 4936 I NewStopController_FLP: isAvailableLastLoc, KeepStationary : false , timeGap : 33 , mStraightFixCount : 0
10-25 15:07:30.182 4803 4936 I NewStopController_FLP: onChangedGlpLocation, isGpsStopped= false, isReportingLL= false, isAvailableLastLoc : true
10-25 15:07:30.183 4622 7036 I FusedLocation: (REDACTED) location delivery to %s blocked - too fast
10-25 15:07:30.183 2356 3831 I Mocca_VehicleDetectionHelper: (1.0.07.0)GPS: receiveLocation gps
10-25 15:07:30.184 2356 3815 D SLocation: PositionManager - Passive handleLocationChanged gps 1729849050180
10-25 15:07:30.184 4622 7036 I FusedLocation: (REDACTED) location delivery to %s blocked - too fast
10-25 15:07:30.185 2356 3815 D SLocation: ARDistanceBigData - BIGDATA ARD - receive location
10-25 15:07:30.186 4622 7036 I FusedLocation: (REDACTED) location delivery to %s blocked - too fast
10-25 15:07:30.186 4622 7036 I FusedLocation: (REDACTED) location delivery to %s blocked - too fast
10-25 15:07:30.187 4803 4936 I GmsPassiveListener_FLP: onGmsLocationChanged, provider=fused / speed=0.50779164 / time=1729849050148 / elapsed=1462350359232
10-25 15:07:30.187 2356 3815 D SLocation: PositionManager - Passive handleLocationChanged fused 1729849050148
10-25 15:07:30.187 2356 3831 I Mocca_VehicleDetectionHelper: (1.0.07.0)GPS: receiveLocation fused
10-25 15:07:30.188 2356 3815 I SLocation: PositionManager - do not refresh last location about fused location
10-25 15:07:30.188 2356 3815 D SLocation: ARDistanceBigData - BIGDATA ARD - receive location
10-25 15:07:30.188 2356 3815 D SLocation: PositionManager - receive fused location
10-25 15:07:30.200 1081 1081 D io_stats: !@ 8,0 r 254728 10066600 w 111786 2043392 d 2546 2021504 f 4810 10276 iot 110568 0 th 0 0 0 pt 0 inp 0 0 1462.402
10-25 15:07:30.302 21799 30831 D AUTOCALL: Start AutoCall Timer
10-25 15:07:30.303 21799 22038 D XCAL-Mobile: OnServiceHandler.onCallStart(), Start, SessionIndex: 0, CallCount: 1
10-25 15:07:30.303 21799 22038 D XCAL-Mobile: OnServiceHandler.onCallStart(),AutoCallManager.mAutoCallMode 0
10-25 15:07:30.303 21799 22038 D XCAL-Mobile: OnServiceHandler.setPacketCaptureSize() - ESP : true CallType : 2
10-25 15:07:30.304 21799 22038 D XCAL-Mobile: OnServiceHandler.setPacketCaptureSize() - Capture size : 0
10-25 15:07:30.304 21799 22038 D XCAL-Mobile: Set Autocall packet capture - disablePacketCapture
10-25 15:07:30.304 21799 22038 D XCAL-Mobile: DMLog.disablePacketCapture()
10-25 15:07:30.304 21799 22038 D XCAL-Mobile: OnServiceHandler.setPcapSize() - PCAP size : 0
10-25 15:07:30.316 3637 4155 W TelephonyPermissions: reportAccessDeniedToReadIdentifiers:com.innowireless.xcal.mobile5:getAllSubInfoList:3
10-25 15:07:30.317 3637 4155 W TelephonyPermissions: reportAccessDeniedToReadIdentifiers:com.innowireless.xcal.mobile5:getAllSubInfoList:3
10-25 15:07:30.318 21799 22038 D XCAL-Mobile: DMLog.callTrafficReset(), From: OnServiceHandler.onCallStart(), Enable: false
10-25 15:07:30.318 21799 22038 D XCAL-Mobile: OnServiceHandler.onCallStart(), End
10-25 15:07:30.332 21799 30919 D XCAL-Mobile: DMLog.resetLogmask(), From: DMLog.disableQCDataProtocol, IPFrame: true, isLogmaskOff: false
10-25 15:07:30.332 2356 25945 D SemWifiUsabilityStatsMonitor: onWifiUsabilityStats - seqNum 49, isSameBssidAndFreq true
10-25 15:07:30.332 2356 3509 I SemWifiLinkQualityMonitor: Unreliable statistics: 1 / 116 / 0 / 0 || QoS: 0.00 ms / 0.00 Mbps (N) / 0 (0)
10-25 15:07:30.333 3781 3781 W Settings: Setting wifi_on has moved from android.provider.Settings.System to android.provider.Settings.Secure, returning read-only value.
10-25 15:07:30.333 3781 3781 W Settings: Setting wifi_on has moved from android.provider.Settings.Secure to android.provider.Settings.Global.
10-25 15:07:30.333 3781 3781 I EPDG -- SIM0 [SMARTWIFI]: Rssi : -53 highrange : -71 lowrange : -80 mIsRssiInHystersis : false
10-25 15:07:30.333 3781 3781 I EPDG -- SIM0 [SMARTWIFI]: Rssi : -53 highrange : -71 lowrange : -80 mIsRssiInHystersis : false
10-25 15:07:30.333 3781 3781 I EPDG -- SIM0 [SMARTWIFI]: getHandoverThresholdMet: value is: false
10-25 15:07:30.336 3662 3662 D StatusBarIconController: ignoring old pipeline callback because the new wifi icon is enabled
10-25 15:07:30.337 2356 5605 I WifiService: startScan uid=10378
10-25 15:07:30.337 2356 3363 I WifiScanRequestProxy: Scan request from com.innowireless.xcal.mobile5 throttled
10-25 15:07:30.338 2356 5605 E WifiService: Failed to start scan
10-25 15:07:30.387 21799 23492 D yejin : location : (19.06778068, 72.99288769)
10-25 15:07:30.395 27978 27996 W NetworkConnectionChecke: Unknown host google.com
10-25 15:07:30.395 27978 27996 I NetworkConnectionChecke: Network connection: false
10-25 15:07:30.398 2356 3562 D NetdEventListenerService: DNS Requested by 116, 10206, 4, true, 0
10-25 15:07:30.400 1474 1474 D Diag-Router: diag: queue_push_cntlq: Sending cntl pkt of len: 23 to perif: modem with port: node [401b: 1]
10-25 15:07:30.400 1474 1474 D Diag-Router: diag: queue_push_cntlq: Sending cntl pkt of len: 23 to perif: lpass with port: node [4020: 1]
10-25 15:07:30.400 1474 1474 D Diag-Router: diag: queue_push_cntlq: Sending cntl pkt of len: 23 to perif: cdsp with port: node [402f: 1]
10-25 15:07:30.400 1474 1474 D Diag-Router: diag: queue_push_cntlq: Sending cntl pkt of len: 23 to perif: lpass with port: node [4020: 1]
10-25 15:07:30.400 1474 1474 D Diag-Router: diag: queue_push_cntlq: Sending cntl pkt of len: 23 to perif: lpass with port: node [4020: 1]
10-25 15:07:30.400 1474 1474 D Diag-Router: diag: queue_push_cntlq: Sending cntl pkt of len: 23 to perif: modem with port: node [401b: 1]
10-25 15:07:30.400 1474 1474 D Diag-Router: diag: queue_push_cntlq: Sending cntl pkt of len: 23 to perif: lpass with port: node [4020: 1]
10-25 15:07:30.400 1474 1474 D Diag-Router: diag: queue_push_cntlq: Sending cntl pkt of len: 23 to perif: cdsp with port: node [402f: 1]
10-25 15:07:30.400 1474 1474 D Diag-Router: diag: queue_push_cntlq: Sending cntl pkt of len: 23 to perif: lpass with port: node [4020: 1]
10-25 15:07:30.400 1474 1474 D Diag-Router: diag: queue_push_cntlq: Sending cntl pkt of len: 23 to perif: lpass with port: node [4020: 1]
10-25 15:07:30.400 1474 1474 D Diag-Router: diag: queue_push_cntlq: Sending cntl pkt of len: 23 to perif: modem with port: node [401b: 1]
10-25 15:07:30.400 1474 1474 D Diag-Router: diag: queue_push_cntlq: Sending cntl pkt of len: 23 to perif: lpass with port: node [4020: 1]
10-25 15:07:30.400 1474 1474 D Diag-Router: diag: queue_push_cntlq: Sending cntl pkt of len: 23 to perif: cdsp with port: node [402f: 1]
10-25 15:07:30.401 1474 1474 D Diag-Router: diag: queue_push_cntlq: Sending cntl pkt of len: 23 to perif: lpass with port: node [4020: 1]
10-25 15:07:30.401 1474 1474 D Diag-Router: diag: queue_push_cntlq: Sending cntl pkt of len: 23 to perif: lpass with port: node [4020: 1]
10-25 15:07:30.401 1474 1474 D Diag-Router: diag: queue_push_cntlq: Sending cntl pkt of len: 23 to perif: modem with port: node [401b: 1]
10-25 15:07:30.401 1474 1474 D Diag-Router: diag: queue_push_cntlq: Sending cntl pkt of len: 23 to perif: lpass with port: node [4020: 1]
10-25 15:07:30.401 1474 1474 D Diag-Router: diag: queue_push_cntlq: Sending cntl pkt of len: 23 to perif: cdsp with port: node [402f: 1]
10-25 15:07:30.401 1474 1474 D Diag-Router: diag: queue_push_cntlq: Sending cntl pkt of len: 23 to perif: lpass with port: node [4020: 1]
10-25 15:07:30.401 1474 1474 D Diag-Router: diag: queue_push_cntlq: Sending cntl pkt of len: 23 to perif: lpass with port: node [4020: 1]
10-25 15:07:30.401 1474 1474 D Diag-Router: diag: queue_push_cntlq: Sending cntl pkt of len: 23 to perif: modem with port: node [401b: 1]
10-25 15:07:30.401 1474 1474 D Diag-Router: diag: queue_push_cntlq: Sending cntl pkt of len: 23 to perif: lpass with port: node [4020: 1]
10-25 15:07:30.401 1474 1474 D Diag-Router: diag: queue_push_cntlq: Sending cntl pkt of len: 23 to perif: cdsp with port: node [402f: 1]
10-25 15:07:30.401 1474 1474 D Diag-Router: diag: queue_push_cntlq: Sending cntl pkt of len: 23 to perif: lpass with port: node [4020: 1]
10-25 15:07:30.401 1474 1474 D Diag-Router: diag: queue_push_cntlq: Sending cntl pkt of len: 23 to perif: lpass with port: node [4020: 1]
10-25 15:07:30.401 1474 1474 D Diag-Router: diag: queue_push_cntlq: Sending cntl pkt of len: 23 to perif: modem with port: node [401b: 1]
10-25 15:07:30.401 1474 1474 D Diag-Router: diag: queue_push_cntlq: Sending cntl pkt of len: 23 to perif: lpass with port: node [4020: 1]
10-25 15:07:30.401 1474 1474 D Diag-Router: diag: queue_push_cntlq: Sending cntl pkt of len: 23 to perif: cdsp with port: node [402f: 1]
10-25 15:07:30.401 1474 1474 D Diag-Router: diag: queue_push_cntlq: Sending cntl pkt of len: 23 to perif: lpass with port: node [4020: 1]
10-25 15:07:30.401 1474 1474 D Diag-Router: diag: queue_push_cntlq: Sending cntl pkt of len: 23 to perif: lpass with port: node [4020: 1]
10-25 15:07:30.401 1474 1474 D Diag-Router: diag: queue_push_cntlq: Sending cntl pkt of len: 23 to perif: modem with port: node [401b: 1]
10-25 15:07:30.401 1474 1474 D Diag-Router: diag: queue_push_cntlq: Sending cntl pkt of len: 23 to perif: lpass with port: node [4020: 1]
10-25 15:07:30.401 1474 1474 D Diag-Router: diag: queue_push_cntlq: Sending cntl pkt of len: 23 to perif: cdsp with port: node [402f: 1]
10-25 15:07:30.401 1474 1474 D Diag-Router: diag: queue_push_cntlq: Sending cntl pkt of len: 23 to perif: lpass with port: node [4020: 1]
10-25 15:07:30.401 1474 1474 D Diag-Router: diag: queue_push_cntlq: Sending cntl pkt of len: 23 to perif: lpass with port: node [4020: 1]
10-25 15:07:30.401 1474 1474 D Diag-Router: diag: queue_push_cntlq: Sending cntl pkt of len: 23 to perif: modem with port: node [401b: 1]
10-25 15:07:30.401 1474 1474 D Diag-Router: diag: queue_push_cntlq: Sending cntl pkt of len: 23 to perif: lpass with port: node [4020: 1]
10-25 15:07:30.401 1474 1474 D Diag-Router: diag: queue_push_cntlq: Sending cntl pkt of len: 23 to perif: cdsp with port: node [402f: 1]
10-25 15:07:30.401 1474 1474 D Diag-Router: diag: queue_push_cntlq: Sending cntl pkt of len: 23 to perif: lpass with port: node [4020: 1]
10-25 15:07:30.401 1474 1474 D Diag-Router: diag: queue_push_cntlq: Sending cntl pkt of len: 23 to perif: lpass with port: node [4020: 1]
10-25 15:07:30.401 1474 1474 D Diag-Router: diag: queue_push_cntlq: Sending cntl pkt of len: 23 to perif: modem with port: node [401b: 1]
10-25 15:07:30.401 1474 1474 D Diag-Router: diag: queue_push_cntlq: Sending cntl pkt of len: 23 to perif: lpass with port: node [4020: 1]
10-25 15:07:30.401 1474 1474 D Diag-Router: diag: queue_push_cntlq: Sending cntl pkt of len: 23 to perif: cdsp with port: node [402f: 1]
10-25 15:07:30.401 1474 1474 D Diag-Router: diag: queue_push_cntlq: Sending cntl pkt of len: 23 to perif: lpass with port: node [4020: 1]
10-25 15:07:30.401 1474 1474 D Diag-Router: diag: queue_push_cntlq: Sending cntl pkt of len: 23 to perif: lpass with port: node [4020: 1]
10-25 15:07:30.401 1474 1474 D Diag-Router: diag: queue_push_cntlq: Sending cntl pkt of len: 23 to perif: modem with port: node [401b: 1]
10-25 15:07:30.401 1474 1474 D Diag-Router: diag: queue_push_cntlq: Sending cntl pkt of len: 23 to perif: lpass with port: node [4020: 1]
10-25 15:07:30.401 1474 1474 D Diag-Router: diag: queue_push_cntlq: Sending cntl pkt of len: 23 to perif: cdsp with port: node [402f: 1]
10-25 15:07:30.401 1474 1474 D Diag-Router: diag: queue_push_cntlq: Sending cntl pkt of len: 23 to perif: lpass with port: node [4020: 1]
10-25 15:07:30.401 1474 1474 D Diag-Router: diag: queue_push_cntlq: Sending cntl pkt of len: 23 to perif: lpass with port: node [4020: 1]
10-25 15:07:30.401 1474 1474 D Diag-Router: diag: queue_push_cntlq: Sending cntl pkt of len: 23 to perif: modem with port: node [401b: 1]
10-25 15:07:30.401 1474 1474 D Diag-Router: diag: queue_push_cntlq: Sending cntl pkt of len: 23 to perif: lpass with port: node [4020: 1]
10-25 15:07:30.401 1474 1474 D Diag-Router: diag: queue_push_cntlq: Sending cntl pkt of len: 23 to perif: cdsp with port: node [402f: 1]
