10-25 15:07:36.703 21799 31062 D FTPC : Upload sendBytes m_totalWrite : 29212672 // m_remainSize : 2088584
10-25 15:07:36.703 21799 31062 D FTPC : Upload sendBytes m_totalWrite : 29216768 // m_remainSize : 2092680
10-25 15:07:36.703 21799 31062 D FTPC : Upload sendBytes m_totalWrite : 29220864 // m_remainSize : 2096776
10-25 15:07:36.703 21799 31062 D FTPC : Upload sendBytes m_totalWrite : 29224960 // m_remainSize : 2100872
10-25 15:07:36.704 21799 31062 D FTPC : Upload sendBytes m_totalWrite : 29229056 // m_remainSize : 2104968
10-25 15:07:36.704 21799 31062 D FTPC : Upload sendBytes m_totalWrite : 29233152 // m_remainSize : 2109064
10-25 15:07:36.704 21799 31062 D FTPC : Upload sendBytes m_totalWrite : 29237248 // m_remainSize : 2113160
10-25 15:07:36.704 21799 31062 D FTPC : Upload sendBytes m_totalWrite : 29241344 // m_remainSize : 2117256
10-25 15:07:36.704 21799 31062 D FTPC : Upload sendBytes m_totalWrite : 29245440 // m_remainSize : 2121352
10-25 15:07:36.704 21799 31062 D FTPC : Upload sendBytes m_totalWrite : 29249536 // m_remainSize : 2125448
10-25 15:07:36.704 21799 31062 D FTPC : Upload sendBytes m_totalWrite : 29253632 // m_remainSize : 2129544
10-25 15:07:36.706 21799 31062 D FTPC : Upload sendBytes m_totalWrite : 29257728 // m_remainSize : 2117932
10-25 15:07:36.706 21799 31062 D FTPC : Upload sendBytes m_totalWrite : 29261824 // m_remainSize : 2122028
10-25 15:07:36.706 21799 31062 D FTPC : Upload sendBytes m_totalWrite : 29265920 // m_remainSize : 2126124
10-25 15:07:36.706 21799 31062 D FTPC : Upload sendBytes m_totalWrite : 29270016 // m_remainSize : 2130220
10-25 15:07:36.706 21799 31062 D FTPC : Upload sendBytes m_totalWrite : 29274112 // m_remainSize : 2121464
10-25 15:07:36.707 21799 31062 D FTPC : Upload sendBytes m_totalWrite : 29278208 // m_remainSize : 2125560
10-25 15:07:36.707 21799 31062 D FTPC : Upload sendBytes m_totalWrite : 29282304 // m_remainSize : 2129656
10-25 15:07:36.715 21799 30828 D FTPC : getTotalBytes : 27152648 // 0 // 0
10-25 15:07:36.715 21799 30828 D AUTOCALL: ThroTimerTask doTask(...) afterPacket : 27152648
10-25 15:07:36.766 21799 31062 D FTPC : Upload sendBytes m_totalWrite : 29286400 // m_remainSize : 2073776
10-25 15:07:36.766 21799 31062 D FTPC : Upload sendBytes m_totalWrite : 29290496 // m_remainSize : 2057880
10-25 15:07:36.766 21799 31062 D FTPC : Upload sendBytes m_totalWrite : 29294592 // m_remainSize : 2061976
10-25 15:07:36.766 21799 31062 D FTPC : Upload sendBytes m_totalWrite : 29298688 // m_remainSize : 2066072
10-25 15:07:36.766 21799 31062 D FTPC : Upload sendBytes m_totalWrite : 29302784 // m_remainSize : 2070168
10-25 15:07:36.766 21799 31062 D FTPC : Upload sendBytes m_totalWrite : 29306880 // m_remainSize : 2074264
10-25 15:07:36.766 21799 31062 D FTPC : Upload sendBytes m_totalWrite : 29310976 // m_remainSize : 2078360
10-25 15:07:36.766 21799 31062 D FTPC : Upload sendBytes m_totalWrite : 29315072 // m_remainSize : 2082456
10-25 15:07:36.766 21799 31062 D FTPC : Upload sendBytes m_totalWrite : 29319168 // m_remainSize : 2086552
10-25 15:07:36.766 21799 31062 D FTPC : Upload sendBytes m_totalWrite : 29323264 // m_remainSize : 2090648
10-25 15:07:36.766 21799 31062 D FTPC : Upload sendBytes m_totalWrite : 29327360 // m_remainSize : 2094744
10-25 15:07:36.766 21799 31062 D FTPC : Upload sendBytes m_totalWrite : 29331456 // m_remainSize : 2098840
10-25 15:07:36.766 21799 31062 D FTPC : Upload sendBytes m_totalWrite : 29335552 // m_remainSize : 2102936
10-25 15:07:36.766 21799 31062 D FTPC : Upload sendBytes m_totalWrite : 29339648 // m_remainSize : 2102748
10-25 15:07:36.766 21799 31062 D FTPC : Upload sendBytes m_totalWrite : 29343744 // m_remainSize : 2101132
10-25 15:07:36.767 21799 31062 D FTPC : Upload sendBytes m_totalWrite : 29347840 // m_remainSize : 2095232
10-25 15:07:36.767 21799 31062 D FTPC : Upload sendBytes m_totalWrite : 29351936 // m_remainSize : 2099328
10-25 15:07:36.767 21799 31062 D FTPC : Upload sendBytes m_totalWrite : 29356032 // m_remainSize : 2103424
10-25 15:07:36.767 21799 31062 D FTPC : Upload sendBytes m_totalWrite : 29360128 // m_remainSize : 2107520
10-25 15:07:36.767 21799 31062 D FTPC : Upload sendBytes m_totalWrite : 29364224 // m_remainSize : 2111616
10-25 15:07:36.767 21799 31062 D FTPC : Upload sendBytes m_totalWrite : 29368320 // m_remainSize : 2115712
10-25 15:07:36.767 21799 31062 D FTPC : Upload sendBytes m_totalWrite : 29372416 // m_remainSize : 2104100
10-25 15:07:36.767 21799 31062 D FTPC : Upload sendBytes m_totalWrite : 29376512 // m_remainSize : 2102484
10-25 15:07:36.767 21799 31062 D FTPC : Upload sendBytes m_totalWrite : 29380608 // m_remainSize : 2092300
10-25 15:07:36.767 21799 31062 D FTPC : Upload sendBytes m_totalWrite : 29384704 // m_remainSize : 2077832
10-25 15:07:36.767 21799 31062 D FTPC : Upload sendBytes m_totalWrite : 29388800 // m_remainSize : 2069076
10-25 15:07:36.767 21799 31062 D FTPC : Upload sendBytes m_totalWrite : 29392896 // m_remainSize : 2057464
10-25 15:07:36.767 21799 31062 D FTPC : Upload sendBytes m_totalWrite : 29396992 // m_remainSize : 2033000
10-25 15:07:36.767 21799 31062 D FTPC : Upload sendBytes m_totalWrite : 29401088 // m_remainSize : 2011392
10-25 15:07:36.767 21799 31062 D FTPC : Upload sendBytes m_totalWrite : 29405184 // m_remainSize : 2014060
10-25 15:07:36.767 21799 31062 D FTPC : Upload sendBytes m_totalWrite : 29409280 // m_remainSize : 2009588
10-25 15:07:36.767 21799 31062 D FTPC : Upload sendBytes m_totalWrite : 29413376 // m_remainSize : 2013684
10-25 15:07:36.767 21799 31062 D FTPC : Upload sendBytes m_totalWrite : 29417472 // m_remainSize : 2017780
10-25 15:07:36.767 21799 31062 D FTPC : Upload sendBytes m_totalWrite : 29421568 // m_remainSize : 1999028
10-25 15:07:36.768 21799 31062 D FTPC : Upload sendBytes m_totalWrite : 29425664 // m_remainSize : 1997412
10-25 15:07:36.768 21799 31062 D FTPC : Upload sendBytes m_totalWrite : 29429760 // m_remainSize : 1990084
10-25 15:07:36.768 21799 31062 D FTPC : Upload sendBytes m_totalWrite : 29433856 // m_remainSize : 1994180
10-25 15:07:36.768 21799 31062 D FTPC : Upload sendBytes m_totalWrite : 29437952 // m_remainSize : 1985424
10-25 15:07:36.768 21799 31062 D FTPC : Upload sendBytes m_totalWrite : 29442048 // m_remainSize : 1983808
10-25 15:07:36.768 21799 31062 D FTPC : Upload sendBytes m_totalWrite : 29446144 // m_remainSize : 1962200
10-25 15:07:36.768 21799 31062 D FTPC : Upload sendBytes m_totalWrite : 29450240 // m_remainSize : 1943448
10-25 15:07:36.768 21799 31062 D FTPC : Upload sendBytes m_totalWrite : 29454336 // m_remainSize : 1941832
10-25 15:07:36.768 21799 31062 D FTPC : Upload sendBytes m_totalWrite : 29458432 // m_remainSize : 1945928
10-25 15:07:36.768 21799 31062 D FTPC : Upload sendBytes m_totalWrite : 29462528 // m_remainSize : 1934316
10-25 15:07:36.768 21799 31062 D FTPC : Upload sendBytes m_totalWrite : 29466624 // m_remainSize : 1931272
10-25 15:07:36.768 21799 31062 D FTPC : Upload sendBytes m_totalWrite : 29470720 // m_remainSize : 1922516
10-25 15:07:36.768 21799 31062 D FTPC : Upload sendBytes m_totalWrite : 29474816 // m_remainSize : 1910904
10-25 15:07:36.768 21799 31062 D FTPC : Upload sendBytes m_totalWrite : 29478912 // m_remainSize : 1900720
10-25 15:07:36.768 21799 31062 D FTPC : Upload sendBytes m_totalWrite : 29483008 // m_remainSize : 1880540
10-25 15:07:36.768 21799 31062 D FTPC : Upload sendBytes m_totalWrite : 29487104 // m_remainSize : 1877496
10-25 15:07:36.768 21799 31062 D FTPC : Upload sendBytes m_totalWrite : 29491200 // m_remainSize : 1873024
10-25 15:07:36.768 21799 31062 D FTPC : Upload sendBytes m_totalWrite : 29495296 // m_remainSize : 1864268
10-25 15:07:36.768 21799 31062 D FTPC : Upload sendBytes m_totalWrite : 29499392 // m_remainSize : 1858368
10-25 15:07:36.768 21799 31062 D FTPC : Upload sendBytes m_totalWrite : 29503488 // m_remainSize : 1862464
10-25 15:07:36.768 21799 31062 D FTPC : Upload sendBytes m_totalWrite : 29507584 // m_remainSize : 1866560
10-25 15:07:36.768 21799 31062 D FTPC : Upload sendBytes m_totalWrite : 29511680 // m_remainSize : 1870656
10-25 15:07:36.769 21799 31062 D FTPC : Upload sendBytes m_totalWrite : 29515776 // m_remainSize : 1874752
10-25 15:07:36.769 21799 31062 D FTPC : Upload sendBytes m_totalWrite : 29519872 // m_remainSize : 1857428
10-25 15:07:36.769 21799 31062 D FTPC : Upload sendBytes m_totalWrite : 29523968 // m_remainSize : 1861524
10-25 15:07:36.769 21799 31062 D FTPC : Upload sendBytes m_totalWrite : 29528064 // m_remainSize : 1854196
10-25 15:07:36.769 21799 31062 D FTPC : Upload sendBytes m_totalWrite : 29532160 // m_remainSize : 1852580
10-25 15:07:36.769 21799 31062 D FTPC : Upload sendBytes m_totalWrite : 29536256 // m_remainSize : 1848108
10-25 15:07:36.769 21799 31062 D FTPC : Upload sendBytes m_totalWrite : 29540352 // m_remainSize : 1840780
10-25 15:07:36.769 21799 31062 D FTPC : Upload sendBytes m_totalWrite : 29544448 // m_remainSize : 1832024
10-25 15:07:36.769 21799 31062 D FTPC : Upload sendBytes m_totalWrite : 29548544 // m_remainSize : 1836120
10-25 15:07:36.769 21799 31062 D FTPC : Upload sendBytes m_totalWrite : 29552640 // m_remainSize : 1831648
10-25 15:07:36.769 21799 31062 D FTPC : Upload sendBytes m_totalWrite : 29556736 // m_remainSize : 1822892
10-25 15:07:36.769 21799 31062 D FTPC : Upload sendBytes m_totalWrite : 29560832 // m_remainSize : 1826988
10-25 15:07:36.769 21799 31062 D FTPC : Upload sendBytes m_totalWrite : 29564928 // m_remainSize : 1831084
10-25 15:07:36.769 21799 31062 D FTPC : Upload sendBytes m_totalWrite : 29569024 // m_remainSize : 1835180
10-25 15:07:36.769 21799 31062 D FTPC : Upload sendBytes m_totalWrite : 29573120 // m_remainSize : 1839276
10-25 15:07:36.769 21799 31062 D FTPC : Upload sendBytes m_totalWrite : 29577216 // m_remainSize : 1843372
10-25 15:07:36.769 21799 31062 D FTPC : Upload sendBytes m_totalWrite : 29581312 // m_remainSize : 1847468
10-25 15:07:36.769 21799 31062 D FTPC : Upload sendBytes m_totalWrite : 29585408 // m_remainSize : 1851564
10-25 15:07:36.770 21799 31062 D FTPC : Upload sendBytes m_totalWrite : 29589504 // m_remainSize : 1855660
10-25 15:07:36.770 21799 31062 D FTPC : Upload sendBytes m_totalWrite : 29593600 // m_remainSize : 1859756
10-25 15:07:36.770 21799 31062 D FTPC : Upload sendBytes m_totalWrite : 29597696 // m_remainSize : 1863852
10-25 15:07:36.770 21799 31062 D FTPC : Upload sendBytes m_totalWrite : 29601792 // m_remainSize : 1867948
10-25 15:07:36.770 21799 31062 D FTPC : Upload sendBytes m_totalWrite : 29605888 // m_remainSize : 1872044
10-25 15:07:36.770 21799 31062 D FTPC : Upload sendBytes m_totalWrite : 29609984 // m_remainSize : 1876140
10-25 15:07:36.770 21799 31062 D FTPC : Upload sendBytes m_totalWrite : 29614080 // m_remainSize : 1880236
10-25 15:07:36.770 21799 31062 D FTPC : Upload sendBytes m_totalWrite : 29618176 // m_remainSize : 1884332
10-25 15:07:36.770 21799 31062 D FTPC : Upload sendBytes m_totalWrite : 29622272 // m_remainSize : 1888428
10-25 15:07:36.770 21799 31062 D FTPC : Upload sendBytes m_totalWrite : 29626368 // m_remainSize : 1892524
10-25 15:07:36.770 21799 31062 D FTPC : Upload sendBytes m_totalWrite : 29630464 // m_remainSize : 1896620
10-25 15:07:36.770 21799 31062 D FTPC : Upload sendBytes m_totalWrite : 29634560 // m_remainSize : 1900716
10-25 15:07:36.770 21799 31062 D FTPC : Upload sendBytes m_totalWrite : 29638656 // m_remainSize : 1904812
10-25 15:07:36.770 21799 31062 D FTPC : Upload sendBytes m_totalWrite : 29642752 // m_remainSize : 1908908
10-25 15:07:36.770 21799 31062 D FTPC : Upload sendBytes m_totalWrite : 29646848 // m_remainSize : 1913004
10-25 15:07:36.770 21799 31062 D FTPC : Upload sendBytes m_totalWrite : 29650944 // m_remainSize : 1917100
10-25 15:07:36.770 21799 31062 D FTPC : Upload sendBytes m_totalWrite : 29655040 // m_remainSize : 1921196
10-25 15:07:36.770 21799 31062 D FTPC : Upload sendBytes m_totalWrite : 29659136 // m_remainSize : 1925292
10-25 15:07:36.770 21799 31062 D FTPC : Upload sendBytes m_totalWrite : 29663232 // m_remainSize : 1929388
10-25 15:07:36.770 21799 31062 D FTPC : Upload sendBytes m_totalWrite : 29667328 // m_remainSize : 1933484
10-25 15:07:36.770 21799 31062 D FTPC : Upload sendBytes m_totalWrite : 29671424 // m_remainSize : 1937580
10-25 15:07:36.770 21799 31062 D FTPC : Upload sendBytes m_totalWrite : 29675520 // m_remainSize : 1941676
10-25 15:07:36.770 21799 31062 D FTPC : Upload sendBytes m_totalWrite : 29679616 // m_remainSize : 1945772
10-25 15:07:36.771 21799 31062 D FTPC : Upload sendBytes m_totalWrite : 29683712 // m_remainSize : 1949868
10-25 15:07:36.771 21799 31062 D FTPC : Upload sendBytes m_totalWrite : 29687808 // m_remainSize : 1953964
10-25 15:07:36.771 21799 31062 D FTPC : Upload sendBytes m_totalWrite : 29691904 // m_remainSize : 1958060
10-25 15:07:36.771 21799 31062 D FTPC : Upload sendBytes m_totalWrite : 29696000 // m_remainSize : 1962156
10-25 15:07:36.771 21799 31062 D FTPC : Upload sendBytes m_totalWrite : 29700096 // m_remainSize : 1966252
10-25 15:07:36.771 21799 31062 D FTPC : Upload sendBytes m_totalWrite : 29704192 // m_remainSize : 1970348
10-25 15:07:36.771 21799 31062 D FTPC : Upload sendBytes m_totalWrite : 29708288 // m_remainSize : 1974444
10-25 15:07:36.771 21799 31062 D FTPC : Upload sendBytes m_totalWrite : 29712384 // m_remainSize : 1978540
10-25 15:07:36.771 21799 31062 D FTPC : Upload sendBytes m_totalWrite : 29716480 // m_remainSize : 1982636
10-25 15:07:36.771 21799 31062 D FTPC : Upload sendBytes m_totalWrite : 29720576 // m_remainSize : 1986732
10-25 15:07:36.771 21799 31062 D FTPC : Upload sendBytes m_totalWrite : 29724672 // m_remainSize : 1990828
10-25 15:07:36.771 21799 31062 D FTPC : Upload sendBytes m_totalWrite : 29728768 // m_remainSize : 1994924
10-25 15:07:36.771 21799 31062 D FTPC : Upload sendBytes m_totalWrite : 29732864 // m_remainSize : 1999020
10-25 15:07:36.771 2356 6341 D SemContextService: lock : requestToUpdate
10-25 15:07:36.771 21799 31062 D FTPC : Upload sendBytes m_totalWrite : 29736960 // m_remainSize : 2003116
10-25 15:07:36.771 21799 31062 D FTPC : Upload sendBytes m_totalWrite : 29741056 // m_remainSize : 2007212
10-25 15:07:36.771 21799 31062 D FTPC : Upload sendBytes m_totalWrite : 29745152 // m_remainSize : 2011308
10-25 15:07:36.771 21799 31062 D FTPC : Upload sendBytes m_totalWrite : 29749248 // m_remainSize : 2015404
10-25 15:07:36.771 21799 31062 D FTPC : Upload sendBytes m_totalWrite : 29753344 // m_remainSize : 2019500
10-25 15:07:36.771 21799 31062 D FTPC : Upload sendBytes m_totalWrite : 29757440 // m_remainSize : 2023596
10-25 15:07:36.771 21799 31062 D FTPC : Upload sendBytes m_totalWrite : 29761536 // m_remainSize : 2027692
10-25 15:07:36.771 21799 31062 D FTPC : Upload sendBytes m_totalWrite : 29765632 // m_remainSize : 2031788
10-25 15:07:36.771 21799 31062 D FTPC : Upload sendBytes m_totalWrite : 29769728 // m_remainSize : 2035884
10-25 15:07:36.771 2356 6341 W CAE : setCAProperty(ContextAwareService.java:509) - [setProperty 01] Mutex is locked for CH_LOC_TRIGGER
10-25 15:07:36.771 21799 31062 D FTPC : Upload sendBytes m_totalWrite : 29773824 // m_remainSize : 2039980
10-25 15:07:36.771 21799 31062 D FTPC : Upload sendBytes m_totalWrite : 29777920 // m_remainSize : 2044076
10-25 15:07:36.771 21799 31062 D FTPC : Upload sendBytes m_totalWrite : 29782016 // m_remainSize : 2048172
10-25 15:07:36.771 21799 31062 D FTPC : Upload sendBytes m_totalWrite : 29786112 // m_remainSize : 2052268
10-25 15:07:36.771 21799 31062 D FTPC : Upload sendBytes m_totalWrite : 29790208 // m_remainSize : 2056364
10-25 15:07:36.771 21799 31062 D FTPC : Upload sendBytes m_totalWrite : 29794304 // m_remainSize : 2060460
10-25 15:07:36.771 21799 31062 D FTPC : Upload sendBytes m_totalWrite : 29798400 // m_remainSize : 2064556
10-25 15:07:36.771 21799 31062 D FTPC : Upload sendBytes m_totalWrite : 29802496 // m_remainSize : 2068652
10-25 15:07:36.771 21799 31062 D FTPC : Upload sendBytes m_totalWrite : 29806592 // m_remainSize : 2072748
10-25 15:07:36.771 21799 31062 D FTPC : Upload sendBytes m_totalWrite : 29810688 // m_remainSize : 2076844
10-25 15:07:36.771 21799 31062 D FTPC : Upload sendBytes m_totalWrite : 29814784 // m_remainSize : 2080940
10-25 15:07:36.771 21799 31062 D FTPC : Upload sendBytes m_totalWrite : 29818880 // m_remainSize : 2085036
10-25 15:07:36.771 21799 31062 D FTPC : Upload sendBytes m_totalWrite : 29822976 // m_remainSize : 2089132
10-25 15:07:36.771 2356 3354 D SensorService: setSContextDataLocked ints length 2 , byte length 4
10-25 15:07:36.771 21799 31062 D FTPC : Upload sendBytes m_totalWrite : 29827072 // m_remainSize : 2093228
10-25 15:07:36.772 2356 3354 D SensorService: setSContextDataLocked 3db8
10-25 15:07:36.772 21799 31062 D FTPC : Upload sendBytes m_totalWrite : 29831168 // m_remainSize : 2097324
10-25 15:07:36.772 21799 31062 D FTPC : Upload sendBytes m_totalWrite : 29835264 // m_remainSize : 2101420
10-25 15:07:36.772 21799 31062 D FTPC : Upload sendBytes m_totalWrite : 29839360 // m_remainSize : 2105516
10-25 15:07:36.772 21799 31062 D FTPC : Upload sendBytes m_totalWrite : 29843456 // m_remainSize : 2109612
10-25 15:07:36.772 21799 31062 D FTPC : Upload sendBytes m_totalWrite : 29847552 // m_remainSize : 2113708
10-25 15:07:36.772 21799 31062 D FTPC : Upload sendBytes m_totalWrite : 29851648 // m_remainSize : 2117804
10-25 15:07:36.772 21799 31062 D FTPC : Upload sendBytes m_totalWrite : 29855744 // m_remainSize : 2121900
10-25 15:07:36.772 21799 31062 D FTPC : Upload sendBytes m_totalWrite : 29859840 // m_remainSize : 2125996
10-25 15:07:36.772 21799 31062 D FTPC : Upload sendBytes m_totalWrite : 29863936 // m_remainSize : 2130092
10-25 15:07:36.772 1503 1503 I sensors-hal: inject_sensor_data:407, handle 1501 send inject
10-25 15:07:36.772 1503 1503 I sensors-hal: sendContextData:288, sensor hal 4, (0xb8, 0x3d, 0x0, 0x0)
10-25 15:07:36.772 1503 1503 I sensors-hal: sendContextData:131, change_location_trigger 4,184
10-25 15:07:36.772 1503 1503 I sensors-hal: sendUserData:118, change_location_trigger h 184 m 61 s 0
10-25 15:07:36.772 1503 1503 I sensors-hal: create_send_context_data:66, change_location_trigger create_send_context_data
10-25 15:07:36.772 1503 1503 I sensors-hal: send_context_data:694, change_location_trigger, -244018566922240, 1320970896291267344, msgid:700
10-25 15:07:36.772 21799 31062 D FTPC : Upload sendBytes m_totalWrite : 29868032 // m_remainSize : 2114196
10-25 15:07:36.772 21799 31062 D FTPC : Upload sendBytes m_totalWrite : 29872128 // m_remainSize : 2089732
10-25 15:07:36.772 21799 31062 D FTPC : Upload sendBytes m_totalWrite : 29876224 // m_remainSize : 2069552
10-25 15:07:36.772 21799 31062 D FTPC : Upload sendBytes m_totalWrite : 29880320 // m_remainSize : 2073648
10-25 15:07:36.772 2356 6341 W CAE : setCAProperty(ContextAwareService.java:515) - [setProperty 02] Mutex is unlocked for CH_LOC_TRIGGER
10-25 15:07:36.772 2356 6341 D SemContextService: .requestToUpdate() : service = Location Change Trigger
10-25 15:07:36.772 2356 6341 D SemContextService: unlock : requestToUpdate
10-25 15:07:36.772 21799 31062 D FTPC : Upload sendBytes m_totalWrite : 29884416 // m_remainSize : 2077744
10-25 15:07:36.772 2356 6341 D SemContextManager: .requestToUpdate : listener = com.android.server.location.nsflp.NSLocationMonitor$5@7d0b446, service=Location Change Trigger
10-25 15:07:36.773 4803 11380 I NewStopController_FLP: StateChecker, check stationary message
10-25 15:07:36.773 21799 31062 D FTPC : Upload sendBytes m_totalWrite : 29888512 // m_remainSize : 2081840
10-25 15:07:36.773 21799 31062 D FTPC : Upload sendBytes m_totalWrite : 29892608 // m_remainSize : 2085936
10-25 15:07:36.773 21799 31062 D FTPC : Upload sendBytes m_totalWrite : 29896704 // m_remainSize : 2090032
10-25 15:07:36.773 21799 31062 D FTPC : Upload sendBytes m_totalWrite : 29900800 // m_remainSize : 2094128
10-25 15:07:36.773 21799 31062 D FTPC : Upload sendBytes m_totalWrite : 29904896 // m_remainSize : 2098224
10-25 15:07:36.773 21799 31062 D FTPC : Upload sendBytes m_totalWrite : 29908992 // m_remainSize : 2102320
10-25 15:07:36.773 21799 31062 D FTPC : Upload sendBytes m_totalWrite : 29913088 // m_remainSize : 2106416
10-25 15:07:36.773 21799 31062 D FTPC : Upload sendBytes m_totalWrite : 29917184 // m_remainSize : 2110512
10-25 15:07:36.773 21799 31062 D FTPC : Upload sendBytes m_totalWrite : 29921280 // m_remainSize : 2114608
10-25 15:07:36.773 21799 31062 D FTPC : Upload sendBytes m_totalWrite : 29925376 // m_remainSize : 2118704
10-25 15:07:36.773 21799 31062 D FTPC : Upload sendBytes m_totalWrite : 29929472 // m_remainSize : 2122800
10-25 15:07:36.773 21799 31062 D FTPC : Upload sendBytes m_totalWrite : 29933568 // m_remainSize : 2126896
10-25 15:07:36.773 21799 31062 D FTPC : Upload sendBytes m_totalWrite : 29937664 // m_remainSize : 2130992
10-25 15:07:36.774 1503 3350 I sensors-hal: qsh_conn_resp_cb:930, resp_value = 0 for change_location_trigger
10-25 15:07:36.775 21799 31062 D FTPC : Upload sendBytes m_totalWrite : 29941760 // m_remainSize : 2117952
10-25 15:07:36.775 21799 31062 D FTPC : Upload sendBytes m_totalWrite : 29945856 // m_remainSize : 2112052
10-25 15:07:36.775 21799 31062 D FTPC : Upload sendBytes m_totalWrite : 29949952 // m_remainSize : 2114720
10-25 15:07:36.775 21799 31062 D FTPC : Upload sendBytes m_totalWrite : 29954048 // m_remainSize : 2115960
10-25 15:07:36.775 21799 31062 D FTPC : Upload sendBytes m_totalWrite : 29958144 // m_remainSize : 2115772
10-25 15:07:36.775 21799 31062 D FTPC : Upload sendBytes m_totalWrite : 29962240 // m_remainSize : 2114156
10-25 15:07:36.775 21799 31062 D FTPC : Upload sendBytes m_totalWrite : 29966336 // m_remainSize : 2113968
10-25 15:07:36.775 21799 31062 D FTPC : Upload sendBytes m_totalWrite : 29970432 // m_remainSize : 2118064
10-25 15:07:36.775 21799 31062 D FTPC : Upload sendBytes m_totalWrite : 29974528 // m_remainSize : 2122160
10-25 15:07:36.775 21799 31062 D FTPC : Upload sendBytes m_totalWrite : 29978624 // m_remainSize : 2126256
10-25 15:07:36.775 21799 31062 D FTPC : Upload sendBytes m_totalWrite : 29982720 // m_remainSize : 2130352
10-25 15:07:36.775 21799 31062 D FTPC : Upload sendBytes m_totalWrite : 29986816 // m_remainSize : 2101604
10-25 15:07:36.775 21799 31062 D FTPC : Upload sendBytes m_totalWrite : 29990912 // m_remainSize : 2105700
10-25 15:07:36.775 21799 31062 D FTPC : Upload sendBytes m_totalWrite : 29995008 // m_remainSize : 2099800
10-25 15:07:36.775 21799 31062 D FTPC : Upload sendBytes m_totalWrite : 29999104 // m_remainSize : 2103896
10-25 15:07:36.775 21799 31062 D FTPC : Upload sendBytes m_totalWrite : 30003200 // m_remainSize : 2102280
10-25 15:07:36.775 21799 31062 D FTPC : Upload sendBytes m_totalWrite : 30007296 // m_remainSize : 2102092
10-25 15:07:36.775 21799 31062 D FTPC : Upload sendBytes m_totalWrite : 30011392 // m_remainSize : 2106188
10-25 15:07:36.775 21799 31062 D FTPC : Upload sendBytes m_totalWrite : 30015488 // m_remainSize : 2106000
10-25 15:07:36.775 21799 31062 D FTPC : Upload sendBytes m_totalWrite : 30019584 // m_remainSize : 2104384
10-25 15:07:36.776 21799 31062 D FTPC : Upload sendBytes m_totalWrite : 30023680 // m_remainSize : 2104196
10-25 15:07:36.776 21799 31062 D FTPC : Upload sendBytes m_totalWrite : 30027776 // m_remainSize : 2101152
10-25 15:07:36.776 21799 31062 D FTPC : Upload sendBytes m_totalWrite : 30031872 // m_remainSize : 2085256
10-25 15:07:36.776 21799 31062 D FTPC : Upload sendBytes m_totalWrite : 30035968 // m_remainSize : 2086496
10-25 15:07:36.776 21799 31062 D FTPC : Upload sendBytes m_totalWrite : 30040064 // m_remainSize : 2084880
10-25 15:07:36.776 21799 31062 D FTPC : Upload sendBytes m_totalWrite : 30044160 // m_remainSize : 2081836
10-25 15:07:36.776 21799 31062 D FTPC : Upload sendBytes m_totalWrite : 30048256 // m_remainSize : 2077364
10-25 15:07:36.776 21799 31062 D FTPC : Upload sendBytes m_totalWrite : 30052352 // m_remainSize : 2072892
10-25 15:07:36.776 21799 31062 D FTPC : Upload sendBytes m_totalWrite : 30056448 // m_remainSize : 2076988
10-25 15:07:36.776 21799 31062 D FTPC : Upload sendBytes m_totalWrite : 30060544 // m_remainSize : 2076800
10-25 15:07:36.776 21799 31062 D FTPC : Upload sendBytes m_totalWrite : 30064640 // m_remainSize : 2076612
10-25 15:07:36.776 21799 31062 D FTPC : Upload sendBytes m_totalWrite : 30068736 // m_remainSize : 2073568
10-25 15:07:36.776 21799 31062 D FTPC : Upload sendBytes m_totalWrite : 30072832 // m_remainSize : 2070524
10-25 15:07:36.776 21799 31062 D FTPC : Upload sendBytes m_totalWrite : 30076928 // m_remainSize : 2073192
10-25 15:07:36.776 21799 31062 D FTPC : Upload sendBytes m_totalWrite : 30081024 // m_remainSize : 2077288
10-25 15:07:36.776 21799 31062 D FTPC : Upload sendBytes m_totalWrite : 30085120 // m_remainSize : 2078528
10-25 15:07:36.776 21799 31062 D FTPC : Upload sendBytes m_totalWrite : 30089216 // m_remainSize : 2081196
10-25 15:07:36.776 21799 31062 D FTPC : Upload sendBytes m_totalWrite : 30093312 // m_remainSize : 2085292
10-25 15:07:36.776 21799 31062 D FTPC : Upload sendBytes m_totalWrite : 30097408 // m_remainSize : 2089388
10-25 15:07:36.776 21799 31062 D FTPC : Upload sendBytes m_totalWrite : 30101504 // m_remainSize : 2093484
10-25 15:07:36.776 21799 31062 D FTPC : Upload sendBytes m_totalWrite : 30105600 // m_remainSize : 2097580
10-25 15:07:36.776 21799 31062 D FTPC : Upload sendBytes m_totalWrite : 30109696 // m_remainSize : 2095964
10-25 15:07:36.776 21799 31062 D FTPC : Upload sendBytes m_totalWrite : 30113792 // m_remainSize : 2095776
10-25 15:07:36.776 21799 31062 D FTPC : Upload sendBytes m_totalWrite : 30117888 // m_remainSize : 2097016
10-25 15:07:36.776 21799 31062 D FTPC : Upload sendBytes m_totalWrite : 30121984 // m_remainSize : 2101112
10-25 15:07:36.776 21799 31062 D FTPC : Upload sendBytes m_totalWrite : 30126080 // m_remainSize : 2103780
10-25 15:07:36.776 21799 31062 D FTPC : Upload sendBytes m_totalWrite : 30130176 // m_remainSize : 2103592
10-25 15:07:36.776 21799 31062 D FTPC : Upload sendBytes m_totalWrite : 30134272 // m_remainSize : 2097692
10-25 15:07:36.776 21799 31062 D FTPC : Upload sendBytes m_totalWrite : 30138368 // m_remainSize : 2101788
10-25 15:07:36.776 21799 31062 D FTPC : Upload sendBytes m_totalWrite : 30142464 // m_remainSize : 2101600
10-25 15:07:36.776 21799 31062 D FTPC : Upload sendBytes m_totalWrite : 30146560 // m_remainSize : 2105696
10-25 15:07:36.776 21799 31062 D FTPC : Upload sendBytes m_totalWrite : 30150656 // m_remainSize : 2094084
10-25 15:07:36.776 21799 31062 D FTPC : Upload sendBytes m_totalWrite : 30154752 // m_remainSize : 2096752
10-25 15:07:36.776 21799 31062 D FTPC : Upload sendBytes m_totalWrite : 30158848 // m_remainSize : 2090852
10-25 15:07:36.776 21799 31062 D FTPC : Upload sendBytes m_totalWrite : 30162944 // m_remainSize : 2094948
10-25 15:07:36.776 21799 31062 D FTPC : Upload sendBytes m_totalWrite : 30167040 // m_remainSize : 2099044
10-25 15:07:36.776 21799 31062 D FTPC : Upload sendBytes m_totalWrite : 30171136 // m_remainSize : 2103140
10-25 15:07:36.776 21799 31062 D FTPC : Upload sendBytes m_totalWrite : 30175232 // m_remainSize : 2107236
10-25 15:07:36.776 21799 31062 D FTPC : Upload sendBytes m_totalWrite : 30179328 // m_remainSize : 2098480
10-25 15:07:36.776 21799 31062 D FTPC : Upload sendBytes m_totalWrite : 30183424 // m_remainSize : 2102576
10-25 15:07:36.776 21799 31062 D FTPC : Upload sendBytes m_totalWrite : 30187520 // m_remainSize : 2106672
10-25 15:07:36.777 21799 31062 D FTPC : Upload sendBytes m_totalWrite : 30191616 // m_remainSize : 2110768
10-25 15:07:36.777 21799 31062 D FTPC : Upload sendBytes m_totalWrite : 30195712 // m_remainSize : 2114864
10-25 15:07:36.777 21799 31062 D FTPC : Upload sendBytes m_totalWrite : 30199808 // m_remainSize : 2118960
10-25 15:07:36.777 21799 31062 D FTPC : Upload sendBytes m_totalWrite : 30203904 // m_remainSize : 2123056
10-25 15:07:36.777 21799 31062 D FTPC : Upload sendBytes m_totalWrite : 30208000 // m_remainSize : 2127152
10-25 15:07:36.777 21799 31062 D FTPC : Upload sendBytes m_totalWrite : 30212096 // m_remainSize : 2131248
10-25 15:07:36.777 21799 31062 D FTPC : Upload sendBytes m_totalWrite : 30216192 // m_remainSize : 2089648
10-25 15:07:36.777 21799 31062 D FTPC : Upload sendBytes m_totalWrite : 30220288 // m_remainSize : 2065184
10-25 15:07:36.777 21799 31062 D FTPC : Upload sendBytes m_totalWrite : 30224384 // m_remainSize : 1999308
10-25 15:07:36.777 21799 31062 D FTPC : Upload sendBytes m_totalWrite : 30228480 // m_remainSize : 1984840
10-25 15:07:36.777 21799 31062 D FTPC : Upload sendBytes m_totalWrite : 30232576 // m_remainSize : 1961804
10-25 15:07:36.777 21799 31062 D FTPC : Upload sendBytes m_totalWrite : 30236672 // m_remainSize : 1938768
10-25 15:07:36.777 21799 31062 D FTPC : Upload sendBytes m_totalWrite : 30240768 // m_remainSize : 1911448
10-25 15:07:36.777 21799 31062 D FTPC : Upload sendBytes m_totalWrite : 30244864 // m_remainSize : 1885556
10-25 15:07:36.777 21799 31062 D FTPC : Upload sendBytes m_totalWrite : 30248960 // m_remainSize : 1816824
10-25 15:07:36.777 21799 31062 D FTPC : Upload sendBytes m_totalWrite : 30253056 // m_remainSize : 1782364
10-25 15:07:36.777 21799 31062 D FTPC : Upload sendBytes m_totalWrite : 30257152 // m_remainSize : 1756472
10-25 15:07:36.777 21799 31062 D FTPC : Upload sendBytes m_totalWrite : 30261248 // m_remainSize : 1727724
10-25 15:07:36.777 21799 31062 D FTPC : Upload sendBytes m_totalWrite : 30265344 // m_remainSize : 1706116
10-25 15:07:36.777 21799 31062 D FTPC : Upload sendBytes m_totalWrite : 30269440 // m_remainSize : 1691648
10-25 15:07:36.777 21799 31062 D FTPC : Upload sendBytes m_totalWrite : 30273536 // m_remainSize : 1680036
10-25 15:07:36.777 21799 31062 D FTPC : Upload sendBytes m_totalWrite : 30277632 // m_remainSize : 1647004
10-25 15:07:36.777 21799 31062 D FTPC : Upload sendBytes m_totalWrite : 30281728 // m_remainSize : 1626824
10-25 15:07:36.777 21799 31062 D FTPC : Upload sendBytes m_totalWrite : 30285824 // m_remainSize : 1602360
10-25 15:07:36.777 21799 31062 D FTPC : Upload sendBytes m_totalWrite : 30289920 // m_remainSize : 1577896
10-25 15:07:36.777 21799 31062 D FTPC : Upload sendBytes m_totalWrite : 30294016 // m_remainSize : 1553432
10-25 15:07:36.777 21799 31062 D FTPC : Upload sendBytes m_totalWrite : 30298112 // m_remainSize : 1520400
10-25 15:07:36.777 21799 31062 D FTPC : Upload sendBytes m_totalWrite : 30302208 // m_remainSize : 1471660
10-25 15:07:36.778 21799 31062 D FTPC : Upload sendBytes m_totalWrite : 30306304 // m_remainSize : 1421492
10-25 15:07:36.778 21799 31062 D FTPC : Upload sendBytes m_totalWrite : 30310400 // m_remainSize : 1375608
10-25 15:07:36.778 21799 31062 D FTPC : Upload sendBytes m_totalWrite : 30314496 // m_remainSize : 1363996
10-25 15:07:36.778 21799 31062 D FTPC : Upload sendBytes m_totalWrite : 30318592 // m_remainSize : 1328108
10-25 15:07:36.778 21799 31062 D FTPC : Upload sendBytes m_totalWrite : 30322688 // m_remainSize : 1306500
10-25 15:07:36.778 21799 31062 D FTPC : Upload sendBytes m_totalWrite : 30326784 // m_remainSize : 1270612
10-25 15:07:36.778 21799 31062 D FTPC : Upload sendBytes m_totalWrite : 30330880 // m_remainSize : 1233296
10-25 15:07:36.778 21799 31062 D FTPC : Upload sendBytes m_totalWrite : 30334976 // m_remainSize : 1214544
10-25 15:07:36.778 21799 31062 D FTPC : Upload sendBytes m_totalWrite : 30339072 // m_remainSize : 1202932
10-25 15:07:36.778 21799 31062 D FTPC : Upload sendBytes m_totalWrite : 30343168 // m_remainSize : 1170328
10-25 15:07:36.778 21799 31062 D FTPC : Upload sendBytes m_totalWrite : 30347264 // m_remainSize : 1148720
10-25 15:07:36.778 21799 31062 D FTPC : Upload sendBytes m_totalWrite : 30351360 // m_remainSize : 1131396
10-25 15:07:36.778 21799 31062 D FTPC : Upload sendBytes m_totalWrite : 30355456 // m_remainSize : 1118356
10-25 15:07:36.778 21799 31062 D FTPC : Upload sendBytes m_totalWrite : 30359552 // m_remainSize : 1115312
10-25 15:07:36.778 21799 31062 D FTPC : Upload sendBytes m_totalWrite : 30363648 // m_remainSize : 1119408
10-25 15:07:36.778 21799 31062 D FTPC : Upload sendBytes m_totalWrite : 30367744 // m_remainSize : 1123504
10-25 15:07:36.778 21799 31062 D FTPC : Upload sendBytes m_totalWrite : 30371840 // m_remainSize : 1127600
10-25 15:07:36.778 21799 31062 D FTPC : Upload sendBytes m_totalWrite : 30375936 // m_remainSize : 1131696
10-25 15:07:36.778 21799 31062 D FTPC : Upload sendBytes m_totalWrite : 30380032 // m_remainSize : 1118656
10-25 15:07:36.778 21799 31062 D FTPC : Upload sendBytes m_totalWrite : 30384128 // m_remainSize : 1111328
10-25 15:07:36.778 21799 31062 D FTPC : Upload sendBytes m_totalWrite : 30388224 // m_remainSize : 1106856
10-25 15:07:36.778 21799 31062 D FTPC : Upload sendBytes m_totalWrite : 30392320 // m_remainSize : 1110952
10-25 15:07:36.778 21799 31062 D FTPC : Upload sendBytes m_totalWrite : 30396416 // m_remainSize : 1115048
10-25 15:07:36.778 21799 31062 D FTPC : Upload sendBytes m_totalWrite : 30400512 // m_remainSize : 1119144
10-25 15:07:36.778 21799 31062 D FTPC : Upload sendBytes m_totalWrite : 30404608 // m_remainSize : 1123240
10-25 15:07:36.778 21799 31062 D FTPC : Upload sendBytes m_totalWrite : 30408704 // m_remainSize : 1127336
10-25 15:07:36.778 21799 31062 D FTPC : Upload sendBytes m_totalWrite : 30412800 // m_remainSize : 1131432
10-25 15:07:36.778 21799 31062 D FTPC : Upload sendBytes m_totalWrite : 30416896 // m_remainSize : 1135528
10-25 15:07:36.778 21799 31062 D FTPC : Upload sendBytes m_totalWrite : 30420992 // m_remainSize : 1139624
10-25 15:07:36.778 21799 31062 D FTPC : Upload sendBytes m_totalWrite : 30425088 // m_remainSize : 1143720
10-25 15:07:36.778 21799 31062 D FTPC : Upload sendBytes m_totalWrite : 30429184 // m_remainSize : 1147816
10-25 15:07:36.778 21799 31062 D FTPC : Upload sendBytes m_totalWrite : 30433280 // m_remainSize : 1151912
10-25 15:07:36.778 21799 31062 D FTPC : Upload sendBytes m_totalWrite : 30437376 // m_remainSize : 1156008
10-25 15:07:36.778 21799 31062 D FTPC : Upload sendBytes m_totalWrite : 30441472 // m_remainSize : 1160104
10-25 15:07:36.778 21799 31062 D FTPC : Upload sendBytes m_totalWrite : 30445568 // m_remainSize : 1164200
10-25 15:07:36.778 21799 31062 D FTPC : Upload sendBytes m_totalWrite : 30449664 // m_remainSize : 1168296
10-25 15:07:36.778 21799 31062 D FTPC : Upload sendBytes m_totalWrite : 30453760 // m_remainSize : 1172392
10-25 15:07:36.778 21799 31062 D FTPC : Upload sendBytes m_totalWrite : 30457856 // m_remainSize : 1176488
10-25 15:07:36.778 21799 31062 D FTPC : Upload sendBytes m_totalWrite : 30461952 // m_remainSize : 1180584
10-25 15:07:36.778 21799 31062 D FTPC : Upload sendBytes m_totalWrite : 30466048 // m_remainSize : 1184680
10-25 15:07:36.779 21799 31062 D FTPC : Upload sendBytes m_totalWrite : 30470144 // m_remainSize : 1188776
10-25 15:07:36.779 21799 31062 D FTPC : Upload sendBytes m_totalWrite : 30474240 // m_remainSize : 1192872
10-25 15:07:36.779 21799 31062 D FTPC : Upload sendBytes m_totalWrite : 30478336 // m_remainSize : 1196968
10-25 15:07:36.779 21799 31062 D FTPC : Upload sendBytes m_totalWrite : 30482432 // m_remainSize : 1201064
10-25 15:07:36.779 21799 31062 D FTPC : Upload sendBytes m_totalWrite : 30486528 // m_remainSize : 1205160
10-25 15:07:36.779 21799 31062 D FTPC : Upload sendBytes m_totalWrite : 30490624 // m_remainSize : 1209256
10-25 15:07:36.779 21799 31062 D FTPC : Upload sendBytes m_totalWrite : 30494720 // m_remainSize : 1213352
10-25 15:07:36.779 21799 31062 D FTPC : Upload sendBytes m_totalWrite : 30498816 // m_remainSize : 1217448
10-25 15:07:36.779 21799 31062 D FTPC : Upload sendBytes m_totalWrite : 30502912 // m_remainSize : 1221544
10-25 15:07:36.779 21799 31062 D FTPC : Upload sendBytes m_totalWrite : 30507008 // m_remainSize : 1225640
10-25 15:07:36.779 21799 31062 D FTPC : Upload sendBytes m_totalWrite : 30511104 // m_remainSize : 1229736
10-25 15:07:36.779 21799 31062 D FTPC : Upload sendBytes m_totalWrite : 30515200 // m_remainSize : 1233832
10-25 15:07:36.779 21799 31062 D FTPC : Upload sendBytes m_totalWrite : 30519296 // m_remainSize : 1237928
10-25 15:07:36.779 21799 31062 D FTPC : Upload sendBytes m_totalWrite : 30523392 // m_remainSize : 1242024
10-25 15:07:36.779 21799 31062 D FTPC : Upload sendBytes m_totalWrite : 30527488 // m_remainSize : 1246120
10-25 15:07:36.779 21799 31062 D FTPC : Upload sendBytes m_totalWrite : 30531584 // m_remainSize : 1250216
10-25 15:07:36.779 21799 31062 D FTPC : Upload sendBytes m_totalWrite : 30535680 // m_remainSize : 1254312
10-25 15:07:36.779 21799 31062 D FTPC : Upload sendBytes m_totalWrite : 30539776 // m_remainSize : 1258408
10-25 15:07:36.779 21799 31062 D FTPC : Upload sendBytes m_totalWrite : 30543872 // m_remainSize : 1262504
10-25 15:07:36.779 21799 31062 D FTPC : Upload sendBytes m_totalWrite : 30547968 // m_remainSize : 1266600
10-25 15:07:36.779 21799 31062 D FTPC : Upload sendBytes m_totalWrite : 30552064 // m_remainSize : 1270696
10-25 15:07:36.779 21799 31062 D FTPC : Upload sendBytes m_totalWrite : 30556160 // m_remainSize : 1274792
10-25 15:07:36.779 21799 31062 D FTPC : Upload sendBytes m_totalWrite : 30560256 // m_remainSize : 1278888
10-25 15:07:36.779 21799 31062 D FTPC : Upload sendBytes m_totalWrite : 30564352 // m_remainSize : 1282984
10-25 15:07:36.779 21799 31062 D FTPC : Upload sendBytes m_totalWrite : 30568448 // m_remainSize : 1287080
10-25 15:07:36.779 21799 31062 D FTPC : Upload sendBytes m_totalWrite : 30572544 // m_remainSize : 1291176
10-25 15:07:36.779 21799 31062 D FTPC : Upload sendBytes m_totalWrite : 30576640 // m_remainSize : 1295272
10-25 15:07:36.779 21799 31062 D FTPC : Upload sendBytes m_totalWrite : 30580736 // m_remainSize : 1299368
10-25 15:07:36.779 21799 31062 D FTPC : Upload sendBytes m_totalWrite : 30584832 // m_remainSize : 1303464
10-25 15:07:36.779 21799 31062 D FTPC : Upload sendBytes m_totalWrite : 30588928 // m_remainSize : 1307560
10-25 15:07:36.779 21799 31062 D FTPC : Upload sendBytes m_totalWrite : 30593024 // m_remainSize : 1311656
10-25 15:07:36.779 21799 31062 D FTPC : Upload sendBytes m_totalWrite : 30597120 // m_remainSize : 1315752
10-25 15:07:36.779 21799 31062 D FTPC : Upload sendBytes m_totalWrite : 30601216 // m_remainSize : 1319848
10-25 15:07:36.779 21799 31062 D FTPC : Upload sendBytes m_totalWrite : 30605312 // m_remainSize : 1323944
10-25 15:07:36.779 21799 31062 D FTPC : Upload sendBytes m_totalWrite : 30609408 // m_remainSize : 1328040
10-25 15:07:36.779 21799 31062 D FTPC : Upload sendBytes m_totalWrite : 30613504 // m_remainSize : 1332136
10-25 15:07:36.779 21799 31062 D FTPC : Upload sendBytes m_totalWrite : 30617600 // m_remainSize : 1336232
10-25 15:07:36.779 21799 31062 D FTPC : Upload sendBytes m_totalWrite : 30621696 // m_remainSize : 1340328
10-25 15:07:36.779 21799 31062 D FTPC : Upload sendBytes m_totalWrite : 30625792 // m_remainSize : 1344424
10-25 15:07:36.779 21799 31062 D FTPC : Upload sendBytes m_totalWrite : 30629888 // m_remainSize : 1348520
10-25 15:07:36.779 21799 31062 D FTPC : Upload sendBytes m_totalWrite : 30633984 // m_remainSize : 1352616
10-25 15:07:36.780 21799 31062 D FTPC : Upload sendBytes m_totalWrite : 30638080 // m_remainSize : 1356712
10-25 15:07:36.780 21799 31062 D FTPC : Upload sendBytes m_totalWrite : 30642176 // m_remainSize : 1360808
10-25 15:07:36.780 21799 31062 D FTPC : Upload sendBytes m_totalWrite : 30646272 // m_remainSize : 1364904
10-25 15:07:36.780 21799 31062 D FTPC : Upload sendBytes m_totalWrite : 30650368 // m_remainSize : 1369000
10-25 15:07:36.780 21799 31062 D FTPC : Upload sendBytes m_totalWrite : 30654464 // m_remainSize : 1373096
10-25 15:07:36.780 21799 31062 D FTPC : Upload sendBytes m_totalWrite : 30658560 // m_remainSize : 1377192
10-25 15:07:36.780 21799 31062 D FTPC : Upload sendBytes m_totalWrite : 30662656 // m_remainSize : 1381288
10-25 15:07:36.780 21799 31062 D FTPC : Upload sendBytes m_totalWrite : 30666752 // m_remainSize : 1385384
10-25 15:07:36.780 21799 31062 D FTPC : Upload sendBytes m_totalWrite : 30670848 // m_remainSize : 1389480
10-25 15:07:36.780 21799 31062 D FTPC : Upload sendBytes m_totalWrite : 30674944 // m_remainSize : 1393576
10-25 15:07:36.780 21799 31062 D FTPC : Upload sendBytes m_totalWrite : 30679040 // m_remainSize : 1397672
10-25 15:07:36.780 21799 31062 D FTPC : Upload sendBytes m_totalWrite : 30683136 // m_remainSize : 1401768
10-25 15:07:36.780 21799 31062 D FTPC : Upload sendBytes m_totalWrite : 30687232 // m_remainSize : 1405864
10-25 15:07:36.780 21799 31062 D FTPC : Upload sendBytes m_totalWrite : 30691328 // m_remainSize : 1409960
10-25 15:07:36.780 21799 31062 D FTPC : Upload sendBytes m_totalWrite : 30695424 // m_remainSize : 1414056
10-25 15:07:36.780 21799 31062 D FTPC : Upload sendBytes m_totalWrite : 30699520 // m_remainSize : 1418152
10-25 15:07:36.780 21799 31062 D FTPC : Upload sendBytes m_totalWrite : 30703616 // m_remainSize : 1422248
10-25 15:07:36.780 21799 31062 D FTPC : Upload sendBytes m_totalWrite : 30707712 // m_remainSize : 1426344
10-25 15:07:36.780 21799 31062 D FTPC : Upload sendBytes m_totalWrite : 30711808 // m_remainSize : 1430440
10-25 15:07:36.780 21799 31062 D FTPC : Upload sendBytes m_totalWrite : 30715904 // m_remainSize : 1434536
10-25 15:07:36.780 21799 31062 D FTPC : Upload sendBytes m_totalWrite : 30720000 // m_remainSize : 1438632
10-25 15:07:36.780 21799 31062 D FTPC : Upload sendBytes m_totalWrite : 30724096 // m_remainSize : 1442728
10-25 15:07:36.780 21799 31062 D FTPC : Upload sendBytes m_totalWrite : 30728192 // m_remainSize : 1446824
10-25 15:07:36.780 21799 31062 D FTPC : Upload sendBytes m_totalWrite : 30732288 // m_remainSize : 1450920
10-25 15:07:36.780 21799 31062 D FTPC : Upload sendBytes m_totalWrite : 30736384 // m_remainSize : 1455016
10-25 15:07:36.780 21799 31062 D FTPC : Upload sendBytes m_totalWrite : 30740480 // m_remainSize : 1459112
10-25 15:07:36.780 21799 31062 D FTPC : Upload sendBytes m_totalWrite : 30744576 // m_remainSize : 1463208
10-25 15:07:36.780 21799 31062 D FTPC : Upload sendBytes m_totalWrite : 30748672 // m_remainSize : 1467304
10-25 15:07:36.780 21799 31062 D FTPC : Upload sendBytes m_totalWrite : 30752768 // m_remainSize : 1471400
10-25 15:07:36.780 21799 31062 D FTPC : Upload sendBytes m_totalWrite : 30756864 // m_remainSize : 1475496
10-25 15:07:36.780 21799 31062 D FTPC : Upload sendBytes m_totalWrite : 30760960 // m_remainSize : 1479592
10-25 15:07:36.780 21799 31062 D FTPC : Upload sendBytes m_totalWrite : 30765056 // m_remainSize : 1483688
10-25 15:07:36.780 21799 31062 D FTPC : Upload sendBytes m_totalWrite : 30769152 // m_remainSize : 1487784
10-25 15:07:36.780 21799 31062 D FTPC : Upload sendBytes m_totalWrite : 30773248 // m_remainSize : 1491880
10-25 15:07:36.780 21799 31062 D FTPC : Upload sendBytes m_totalWrite : 30777344 // m_remainSize : 1495976
10-25 15:07:36.780 21799 31062 D FTPC : Upload sendBytes m_totalWrite : 30781440 // m_remainSize : 1500072
10-25 15:07:36.780 21799 31062 D FTPC : Upload sendBytes m_totalWrite : 30785536 // m_remainSize : 1504168
10-25 15:07:36.780 21799 31062 D FTPC : Upload sendBytes m_totalWrite : 30789632 // m_remainSize : 1508264
10-25 15:07:36.780 21799 31062 D FTPC : Upload sendBytes m_totalWrite : 30793728 // m_remainSize : 1512360
10-25 15:07:36.780 21799 31062 D FTPC : Upload sendBytes m_totalWrite : 30797824 // m_remainSize : 1516456
10-25 15:07:36.780 21799 31062 D FTPC : Upload sendBytes m_totalWrite : 30801920 // m_remainSize : 1520552
10-25 15:07:36.780 21799 31062 D FTPC : Upload sendBytes m_totalWrite : 30806016 // m_remainSize : 1524648
10-25 15:07:36.780 21799 31062 D FTPC : Upload sendBytes m_totalWrite : 30810112 // m_remainSize : 1528744
10-25 15:07:36.780 21799 31062 D FTPC : Upload sendBytes m_totalWrite : 30814208 // m_remainSize : 1532840
10-25 15:07:36.780 21799 31062 D FTPC : Upload sendBytes m_totalWrite : 30818304 // m_remainSize : 1536936
10-25 15:07:36.780 21799 31062 D FTPC : Upload sendBytes m_totalWrite : 30822400 // m_remainSize : 1541032
10-25 15:07:36.780 21799 31062 D FTPC : Upload sendBytes m_totalWrite : 30826496 // m_remainSize : 1545128
10-25 15:07:36.780 21799 31062 D FTPC : Upload sendBytes m_totalWrite : 30830592 // m_remainSize : 1549224
10-25 15:07:36.780 21799 31062 D FTPC : Upload sendBytes m_totalWrite : 30834688 // m_remainSize : 1553320
10-25 15:07:36.780 21799 31062 D FTPC : Upload sendBytes m_totalWrite : 30838784 // m_remainSize : 1557416
10-25 15:07:36.780 21799 31062 D FTPC : Upload sendBytes m_totalWrite : 30842880 // m_remainSize : 1561512
10-25 15:07:36.781 21799 31062 D FTPC : Upload sendBytes m_totalWrite : 30846976 // m_remainSize : 1565608
10-25 15:07:36.781 21799 31062 D FTPC : Upload sendBytes m_totalWrite : 30851072 // m_remainSize : 1569704
10-25 15:07:36.781 21799 31062 D FTPC : Upload sendBytes m_totalWrite : 30855168 // m_remainSize : 1573800
10-25 15:07:36.781 21799 31062 D FTPC : Upload sendBytes m_totalWrite : 30859264 // m_remainSize : 1577896
10-25 15:07:36.781 21799 31062 D FTPC : Upload sendBytes m_totalWrite : 30863360 // m_remainSize : 1581992
10-25 15:07:36.781 21799 31062 D FTPC : Upload sendBytes m_totalWrite : 30867456 // m_remainSize : 1586088
10-25 15:07:36.781 21799 31062 D FTPC : Upload sendBytes m_totalWrite : 30871552 // m_remainSize : 1590184
10-25 15:07:36.781 21799 31062 D FTPC : Upload sendBytes m_totalWrite : 30875648 // m_remainSize : 1594280
10-25 15:07:36.781 21799 31062 D FTPC : Upload sendBytes m_totalWrite : 30879744 // m_remainSize : 1598376
10-25 15:07:36.781 21799 31062 D FTPC : Upload sendBytes m_totalWrite : 30883840 // m_remainSize : 1602472
10-25 15:07:36.781 21799 31062 D FTPC : Upload sendBytes m_totalWrite : 30887936 // m_remainSize : 1606568
10-25 15:07:36.781 21799 31062 D FTPC : Upload sendBytes m_totalWrite : 30892032 // m_remainSize : 1610664
10-25 15:07:36.781 21799 31062 D FTPC : Upload sendBytes m_totalWrite : 30896128 // m_remainSize : 1614760
10-25 15:07:36.781 21799 31062 D FTPC : Upload sendBytes m_totalWrite : 30900224 // m_remainSize : 1618856
10-25 15:07:36.781 21799 31062 D FTPC : Upload sendBytes m_totalWrite : 30904320 // m_remainSize : 1622952
10-25 15:07:36.781 21799 31062 D FTPC : Upload sendBytes m_totalWrite : 30908416 // m_remainSize : 1627048
10-25 15:07:36.781 21799 31062 D FTPC : Upload sendBytes m_totalWrite : 30912512 // m_remainSize : 1631144
10-25 15:07:36.781 21799 31062 D FTPC : Upload sendBytes m_totalWrite : 30916608 // m_remainSize : 1635240
10-25 15:07:36.781 21799 31062 D FTPC : Upload sendBytes m_totalWrite : 30920704 // m_remainSize : 1639336
10-25 15:07:36.781 21799 31062 D FTPC : Upload sendBytes m_totalWrite : 30924800 // m_remainSize : 1643432
10-25 15:07:36.781 21799 31062 D FTPC : Upload sendBytes m_totalWrite : 30928896 // m_remainSize : 1647528
10-25 15:07:36.781 21799 31062 D FTPC : Upload sendBytes m_totalWrite : 30932992 // m_remainSize : 1651624
10-25 15:07:36.781 21799 31062 D FTPC : Upload sendBytes m_totalWrite : 30937088 // m_remainSize : 1655720
10-25 15:07:36.781 21799 31062 D FTPC : Upload sendBytes m_totalWrite : 30941184 // m_remainSize : 1659816
10-25 15:07:36.781 21799 31062 D FTPC : Upload sendBytes m_totalWrite : 30945280 // m_remainSize : 1663912
10-25 15:07:36.781 21799 31062 D FTPC : Upload sendBytes m_totalWrite : 30949376 // m_remainSize : 1668008
10-25 15:07:36.781 21799 31062 D FTPC : Upload sendBytes m_totalWrite : 30953472 // m_remainSize : 1672104
10-25 15:07:36.781 21799 31062 D FTPC : Upload sendBytes m_totalWrite : 30957568 // m_remainSize : 1676200
10-25 15:07:36.781 21799 31062 D FTPC : Upload sendBytes m_totalWrite : 30961664 // m_remainSize : 1680296
10-25 15:07:36.781 21799 31062 D FTPC : Upload sendBytes m_totalWrite : 30965760 // m_remainSize : 1684392
10-25 15:07:36.781 21799 31062 D FTPC : Upload sendBytes m_totalWrite : 30969856 // m_remainSize : 1688488
10-25 15:07:36.781 21799 31062 D FTPC : Upload sendBytes m_totalWrite : 30973952 // m_remainSize : 1692584
10-25 15:07:36.781 21799 31062 D FTPC : Upload sendBytes m_totalWrite : 30978048 // m_remainSize : 1696680
10-25 15:07:36.781 21799 31062 D FTPC : Upload sendBytes m_totalWrite : 30982144 // m_remainSize : 1700776
10-25 15:07:36.781 21799 31062 D FTPC : Upload sendBytes m_totalWrite : 30986240 // m_remainSize : 1704872
10-25 15:07:36.781 21799 31062 D FTPC : Upload sendBytes m_totalWrite : 30990336 // m_remainSize : 1708968
10-25 15:07:36.781 21799 31062 D FTPC : Upload sendBytes m_totalWrite : 30994432 // m_remainSize : 1713064
10-25 15:07:36.781 21799 31062 D FTPC : Upload sendBytes m_totalWrite : 30998528 // m_remainSize : 1717160
10-25 15:07:36.781 21799 31062 D FTPC : Upload sendBytes m_totalWrite : 31002624 // m_remainSize : 1721256
10-25 15:07:36.781 21799 31062 D FTPC : Upload sendBytes m_totalWrite : 31006720 // m_remainSize : 1725352
10-25 15:07:36.781 21799 31062 D FTPC : Upload sendBytes m_totalWrite : 31010816 // m_remainSize : 1729448
10-25 15:07:36.781 21799 31062 D FTPC : Upload sendBytes m_totalWrite : 31014912 // m_remainSize : 1733544
10-25 15:07:36.781 21799 31062 D FTPC : Upload sendBytes m_totalWrite : 31019008 // m_remainSize : 1737640
10-25 15:07:36.781 21799 31062 D FTPC : Upload sendBytes m_totalWrite : 31023104 // m_remainSize : 1741736
10-25 15:07:36.781 21799 31062 D FTPC : Upload sendBytes m_totalWrite : 31027200 // m_remainSize : 1745832
10-25 15:07:36.781 21799 31062 D FTPC : Upload sendBytes m_totalWrite : 31031296 // m_remainSize : 1749928
10-25 15:07:36.781 21799 31062 D FTPC : Upload sendBytes m_totalWrite : 31035392 // m_remainSize : 1754024
10-25 15:07:36.781 21799 31062 D FTPC : Upload sendBytes m_totalWrite : 31039488 // m_remainSize : 1758120
10-25 15:07:36.781 21799 31062 D FTPC : Upload sendBytes m_totalWrite : 31043584 // m_remainSize : 1762216
10-25 15:07:36.781 21799 31062 D FTPC : Upload sendBytes m_totalWrite : 31047680 // m_remainSize : 1766312
