10-25 15:07:32.742 1499 4133 D vendor.qti.bluetooth@1.1-wake_lock: Release wakelock is released
10-25 15:07:32.749 2356 3615 D SemContextService: lock : requestToUpdate
10-25 15:07:32.749 2356 3615 W CAE : setCAProperty(ContextAwareService.java:509) - [setProperty 01] Mutex is locked for CH_LOC_TRIGGER
10-25 15:07:32.750 2356 3354 D SensorService: setSContextDataLocked ints length 2 , byte length 4
10-25 15:07:32.750 2356 3354 D SensorService: setSContextDataLocked 3db8
10-25 15:07:32.751 1503 1503 I sensors-hal: inject_sensor_data:407, handle 1501 send inject
10-25 15:07:32.751 1503 1503 I sensors-hal: sendContextData:288, sensor hal 4, (0xb8, 0x3d, 0x0, 0x0)
10-25 15:07:32.751 1503 1503 I sensors-hal: sendContextData:131, change_location_trigger 4,184
10-25 15:07:32.751 1503 1503 I sensors-hal: sendUserData:118, change_location_trigger h 184 m 61 s 0
10-25 15:07:32.751 1503 1503 I sensors-hal: create_send_context_data:66, change_location_trigger create_send_context_data
10-25 15:07:32.751 1503 1503 I sensors-hal: send_context_data:694, change_location_trigger, -244018566922240, 1320970896291267344, msgid:700
10-25 15:07:32.751 2356 3615 W CAE : setCAProperty(ContextAwareService.java:515) - [setProperty 02] Mutex is unlocked for CH_LOC_TRIGGER
10-25 15:07:32.751 2356 3615 D SemContextService: .requestToUpdate() : service = Location Change Trigger
10-25 15:07:32.751 2356 3615 D SemContextService: unlock : requestToUpdate
10-25 15:07:32.751 2356 3615 D SemContextManager: .requestToUpdate : listener = com.android.server.location.nsflp.NSLocationMonitor$5@7d0b446, service=Location Change Trigger
10-25 15:07:32.752 4803 11380 I NewStopController_FLP: StateChecker, check stationary message
10-25 15:07:32.752 1503 3350 I sensors-hal: qsh_conn_resp_cb:930, resp_value = 0 for change_location_trigger
10-25 15:07:32.777 1503 3350 I sensors-hal: qsh_conn_event_cb:890, event[0] sensor:change_location_trigger Wakeup, msg_id=1025, ts=28408515972
10-25 15:07:32.777 1503 3350 I sensors-hal: handle_sns_client_event:85, change_location_trigger_event: msgid:1025
10-25 15:07:32.777 1503 3350 I sensors-hal: handle_sns_client_event:108, change_location_trigger_event: 255, 255
10-25 15:07:32.779 2356 3348 D CAE : onGetSensorHubData(SensorHubParserProvider.java:92) - onGetSensorHubData Event [event buffer len :15], AP_WAKEUP
10-25 15:07:32.779 2356 3348 I CAE : parse(SensorHubParserProvider.java:193) - buffer size = 15
10-25 15:07:32.780 2356 3348 I CAE : parse(SensorHubParserProvider.java:204) - 1, 1, 61, -1, 0, 2, 1, 0, 0, 0, 1, 0, 0, 0, 0,
10-25 15:07:32.780 2356 3348 D CAE : display(ContextProvider.java:375) - ================= CH_LOC_TRIGGER =================
10-25 15:07:32.780 2356 3348 I CAE : display(ContextProvider.java:391) - duration=[1], property=[1], result=[2], reserved=[0]
10-25 15:07:32.781 2356 3345 D SemContextService: Service.updateContext() : service = Location Change Trigger
10-25 15:07:32.782 2356 2356 D SemContextManager: onSemContextChanged() : event = Location Change Trigger
10-25 15:07:32.782 2356 2356 D NSLocationMonitor: onSemContextChanged, activity : 1 result : 2 movement : 1
10-25 15:07:32.823 1503 21993 I sensors-hal: handle_sns_std_sensor_event:156, [32328] Pressure 1002.444, cal -0.242, sw_offset 0.000
10-25 15:07:32.864 1503 4735 I sensors-hal: handle_sns_std_sensor_event:403, [SSC_LIGHT] P: 185(185),c:0,b:92,m:13,cl:0,l:183,s:185,l0:27456,l1:2176,s0:27500,s1:2000,acl:1,opr:0.25,f(r):100,u(bl):100,if:0,wi:0,si:156,po:0(N:0)
10-25 15:07:32.903 2356 3615 I WifiService: startScan uid=10378
10-25 15:07:32.904 2356 3363 I WifiScanRequestProxy: Scan request from com.innowireless.xcal.mobile5 throttled
10-25 15:07:32.905 2356 3615 E WifiService: Failed to start scan
10-25 15:07:32.929 1503 22084 I sensors-hal: handle_sns_client_event:341, [1] mag_sample_cal(magcal_available:7197): ts=1465084204706 ns; cal = [-23.584167, -60.427273, 21.013821], uncal = [25.555832, -71.587273, 57.493820], bias = [49.139999, -11.160000, 36.480000], status=3
10-25 15:07:32.949 1474 1474 D Diag-Router: diag: qrtr_perif_send: Sending cmd pkt of len: 4 to perif: modem with port: node [401c: 1]
10-25 15:07:33.065 21799 22274 D GPS : NMEA is invaild.
10-25 15:07:33.065 21799 22274 D GPS : mNMEASatelites : 6
10-25 15:07:33.065 21799 22274 D GPS : mGPSSatelites : 9
10-25 15:07:33.065 21799 22274 D GPS : Android GPS is vaild.
10-25 15:07:33.144 3637 4155 W TelephonyPermissions: reportAccessDeniedToReadIdentifiers:com.innowireless.xcal.mobile5:getAllSubInfoList:3
10-25 15:07:33.153 3637 4155 W TelephonyPermissions: reportAccessDeniedToReadIdentifiers:com.innowireless.xcal.mobile5:getAllSubInfoList:3
10-25 15:07:33.167 2356 4890 D FreecessController: com.innowireless.xcal.mobile5(10378) is important[fg-service]
10-25 15:07:33.173 2356 3393 D GnssLocationProvider_ex: SV Count : 6 / 9 (PRN, Constellation, SNR, Used)
10-25 15:07:33.173 2356 3393 D GnssLocationProvider_ex: (16, GPS, 22.8, 1) (26, GPS, 18.5, 1) (27, GPS, 16.3, 1) (31, GPS, 21.0, 1) (194, QZSS, 25.8, 1) (12, GLONASS, 23.7, 1)
10-25 15:07:33.173 2356 3393 D GnssLocationProvider_ex: (3, GLONASS, 12.5, 0) (26, GPS, 15.6, 0) (194, QZSS, 9.9, 0)
10-25 15:07:33.174 4803 4936 I GnssEngineManager_FLP: updateSatelliteStatus, top4=22, top6=20, visibleSv=9, usedSv=6, usedL5Sv=0 (usedGps=4, usedGlo=1, usedBds=0, usedGal=0)
10-25 15:07:33.175 2356 3393 D GnssLocationProvider: reportLocation
10-25 15:07:33.177 2356 3815 D SLocation: PositionManager - Passive handleLocationChanged gps 1729849053180
10-25 15:07:33.177 2356 3815 D SLocation: ARDistanceBigData - BIGDATA ARD - receive location
10-25 15:07:33.177 2356 3831 I Mocca_VehicleDetectionHelper: (1.0.07.0)GPS: receiveLocation gps
10-25 15:07:33.177 4803 4936 I GnssEngineManager_FLP: onGpsLocationChanged, provider=gps / isMock=false / speed=0.0 / time=1729849053180 / elapsed=1465346578919
10-25 15:07:33.178 4803 4936 I NewStopController_FLP: isAvailableLastLoc, KeepStationary : false , timeGap : 33 , mStraightFixCount : 0
10-25 15:07:33.178 4803 4936 I NewStopController_FLP: onChangedGlpLocation, isGpsStopped= false, isReportingLL= false, isAvailableLastLoc : true
10-25 15:07:33.178 4622 7036 I FusedLocation: (REDACTED) location delivery to %s blocked - too fast
10-25 15:07:33.179 4622 7036 I FusedLocation: (REDACTED) location delivery to %s blocked - too fast
10-25 15:07:33.180 4622 7036 I FusedLocation: (REDACTED) location delivery to %s blocked - too fast
10-25 15:07:33.180 4622 7036 I FusedLocation: (REDACTED) location delivery to %s blocked - too fast
10-25 15:07:33.181 2356 3831 I Mocca_VehicleDetectionHelper: (1.0.07.0)GPS: receiveLocation fused
10-25 15:07:33.182 2356 3815 D SLocation: PositionManager - Passive handleLocationChanged fused 1729849053144
10-25 15:07:33.183 4803 4936 I GmsPassiveListener_FLP: onGmsLocationChanged, provider=fused / speed=1.2625221 / time=1729849053144 / elapsed=1465346578919
10-25 15:07:33.184 2356 3815 I SLocation: PositionManager - do not refresh last location about fused location
10-25 15:07:33.184 2356 3815 D SLocation: ARDistanceBigData - BIGDATA ARD - receive location
10-25 15:07:33.184 2356 3815 D SLocation: PositionManager - receive fused location
10-25 15:07:33.351 2356 25945 D SemWifiUsabilityStatsMonitor: onWifiUsabilityStats - seqNum 50, isSameBssidAndFreq true
10-25 15:07:33.351 2356 3509 I SemWifiLinkQualityMonitor: Unreliable statistics: 0 / 0 / 0 / 0 || QoS: 0.00 ms / 0.00 Mbps (N) / 0 (0)
10-25 15:07:33.352 3781 3781 W Settings: Setting wifi_on has moved from android.provider.Settings.System to android.provider.Settings.Secure, returning read-only value.
10-25 15:07:33.353 3781 3781 W Settings: Setting wifi_on has moved from android.provider.Settings.Secure to android.provider.Settings.Global.
10-25 15:07:33.354 3662 3662 D StatusBarIconController: ignoring old pipeline callback because the new wifi icon is enabled
10-25 15:07:33.356 2356 4502 I WifiService: startScan uid=10378
10-25 15:07:33.356 3781 3781 I EPDG -- SIM0 [SMARTWIFI]: Rssi : -54 highrange : -71 lowrange : -80 mIsRssiInHystersis : false
10-25 15:07:33.356 3781 3781 I EPDG -- SIM0 [SMARTWIFI]: Rssi : -54 highrange : -71 lowrange : -80 mIsRssiInHystersis : false
10-25 15:07:33.356 3781 3781 I EPDG -- SIM0 [SMARTWIFI]: getHandoverThresholdMet: value is: false
10-25 15:07:33.357 2356 3363 I WifiScanRequestProxy: Scan request from com.innowireless.xcal.mobile5 throttled
10-25 15:07:33.358 2356 4502 E WifiService: Failed to start scan
10-25 15:07:33.363 2012 2027 E IPACM : vendor/qcom/opensource/data-ipa-cfg-mgr/ipacm/src/IPACM_Netlink.cpp:1511 ipa_nl_decode_nlmsg()
10-25 15:07:33.365 2012 2027 E IPACM : vendor/qcom/opensource/data-ipa-cfg-mgr/ipacm/src/IPACM_Netlink.cpp:1511 ipa_nl_decode_nlmsg() IPV4 Address 192.168.1.1
10-25 15:07:33.365 2012 2027 E IPACM : vendor/qcom/opensource/data-ipa-cfg-mgr/ipacm/src/IPACM_Netlink.cpp:1552 ipa_nl_decode_nlmsg() posting IPA_NEW_NEIGH_EVENT (wlan0):index:37 ip-family: 2
10-25 15:07:33.365 2012 2026 E IPACM : vendor/qcom/opensource/data-ipa-cfg-mgr/ipacm/src/IPACM_Neighbor.cpp:163 event_callback() Received IPA_NEW_NEIGH_EVENT
10-25 15:07:33.366 2012 2026 E IPACM : vendor/qcom/opensource/data-ipa-cfg-mgr/ipacm/src/IPACM_Iface.cpp:458 iface_ipa_index_query() Interface index 37
10-25 15:07:33.366 2012 2026 E IPACM : vendor/qcom/opensource/data-ipa-cfg-mgr/ipacm/src/IPACM_Iface.cpp:468 iface_ipa_index_query() Received interface name wlan0
10-25 15:07:33.366 2012 2026 E IPACM : vendor/qcom/opensource/data-ipa-cfg-mgr/ipacm/src/IPACM_Neighbor.cpp:175 event_callback() not supported iface id: 37
10-25 15:07:33.367 1542 1573 E BatteryDump: !@new_battery_dump : 4097,299,475,550,71,355,321,404,355,0,372,404,0,Charging,NO_CHARGING,Normal,Good,USB,1,Normal,0,0,9300,0x0,0x10000,0x0,0,0,0000,0000,00000000,0,0,0,0,44,4085,7067,986,0,
10-25 15:07:33.370 2356 4502 D BatteryService: Sending ACTION_BATTERY_CHANGED: level:71, status:2, health:2, remain:10604, ac:false, usb:true, wireless:false, pogo:false, misc:0x10000, charge_type:1, charger_type:0, voltage:4097, temperature:355, online:4, charging_status:0, cycle_count:0, current_avg:-7, ps:false, hvc:false, capacity:280000, current_event:0x0, current_now:294, mcc:0, mcv:0, cc:3534892, present:true, scale:100, technology:Li-ion
10-25 15:07:33.371 2268 4387 D LOWI-9.0.1.70: [LOWI-Scan] wait_event:Wait done with Cmd 103
10-25 15:07:33.371 2268 4387 D LOWI-9.0.1.70: [LOWI-Scan] do_listen_events: Rcvd valid Netlink Cmd 0 Err 0
10-25 15:07:33.371 1574 1574 I seh_thermal_service: getTemperaturesWithType SehTemperatureType: 3
10-25 15:07:33.371 1509 4385 I WifiHAL : event received NL80211_CMD_VENDOR, vendor_id = 0x1374, subcmd = 0xb6
10-25 15:07:33.371 2051 2051 I cnss-daemon: nl80211 response handler invoked
10-25 15:07:33.371 2051 2051 I cnss-daemon: nl80211_response_handler: cmd 103, vendorID 4980, subcmd 182 received
10-25 15:07:33.371 1542 1542 I sehhealth-service: updateLrpSysfs: write: 372
10-25 15:07:33.377 2356 3549 I DeviceBatteryInfoService: action: android.intent.action.BATTERY_CHANGED
10-25 15:07:33.377 2356 3549 I DeviceBatteryInfoService: phone battery level: 71
10-25 15:07:33.377 2356 3549 I DeviceBatteryInfoService: phone battery status: 2
10-25 15:07:33.377 2012 2027 E IPACM : vendor/qcom/opensource/data-ipa-cfg-mgr/ipacm/src/IPACM_Netlink.cpp:1511 ipa_nl_decode_nlmsg()
10-25 15:07:33.378 2012 2027 E IPACM : vendor/qcom/opensource/data-ipa-cfg-mgr/ipacm/src/IPACM_Netlink.cpp:1511 ipa_nl_decode_nlmsg() IPV4 Address 192.168.1.1
10-25 15:07:33.378 2012 2027 E IPACM : vendor/qcom/opensource/data-ipa-cfg-mgr/ipacm/src/IPACM_Netlink.cpp:1552 ipa_nl_decode_nlmsg() posting IPA_NEW_NEIGH_EVENT (wlan0):index:37 ip-family: 2
10-25 15:07:33.378 2012 2026 E IPACM : vendor/qcom/opensource/data-ipa-cfg-mgr/ipacm/src/IPACM_Neighbor.cpp:163 event_callback() Received IPA_NEW_NEIGH_EVENT
10-25 15:07:33.379 2012 2026 E IPACM : vendor/qcom/opensource/data-ipa-cfg-mgr/ipacm/src/IPACM_Iface.cpp:458 iface_ipa_index_query() Interface index 37
10-25 15:07:33.379 2012 2026 E IPACM : vendor/qcom/opensource/data-ipa-cfg-mgr/ipacm/src/IPACM_Iface.cpp:468 iface_ipa_index_query() Received interface name wlan0
10-25 15:07:33.379 2012 2026 E IPACM : vendor/qcom/opensource/data-ipa-cfg-mgr/ipacm/src/IPACM_Neighbor.cpp:175 event_callback() not supported iface id: 37
10-25 15:07:33.378 2356 2356 D AdaptiveBrightnessLongtermModelBuilder: Received android.intent.action.BATTERY_CHANGED
10-25 15:07:33.380 2356 3357 D MotionRecognitionService: [SAR] onReceive : ACTION_BATTERY_CHANGED, Plugged: 2
10-25 15:07:33.381 3662 3662 I AODBatteryManager: updateBatteryData: ACTION_BATTERY_CHANGED
10-25 15:07:33.382 21799 21799 D Solo3Charging: Solo3ChargingManager.setBatteryCapacity() capacity : 71 isVoiceCall : false chargingMode : 0
10-25 15:07:33.382 21799 21799 D Solo3Charging: Solo3ChargingManager.setBatteryCapacity() condition : (else)
10-25 15:07:33.382 21799 21799 D BATTERY : DMLog.mParameterInfo.mBatteryCharging : 2
10-25 15:07:33.384 3637 3637 D SemBigDataInfoController: Intent: android.intent.action.BATTERY_CHANGED
10-25 15:07:33.385 3637 3637 D SemBigDataInfoController: Intent: android.intent.action.BATTERY_CHANGED
10-25 15:07:33.385 5726 5726 I [SCPMV2][SystemMonitorReceiver]: onReceive: android.intent.action.BATTERY_CHANGED
10-25 15:07:33.386 3662 3662 I AODBatteryManager: saveBatteryData : AOD BatteryData [mBatteryLevel=71, mBatteryStatus=CHARGING, mBatteryPlugType=USB, mBatteryPlugged=true, mRemainingChargeTime=10604000, mBatteryChargingType=1, mBatteryChargerType=NORMAL, mBatteryOnline=USB, mBatterySwellingMode=NONE, mBatteryProtectMode=false, mBatteryProtectModeType=1, mSleepChargingEvent=null, mSleepChargingEventFinishTime=null]
10-25 15:07:33.386 3662 3662 D SamsungBatteryMeterDrawable: onBatteryLevelChanged isSomethingChanged: false
10-25 15:07:33.386 3662 3662 D SamsungBatteryMeterDrawable: onBatteryLevelChanged isSomethingChanged: false
10-25 15:07:33.386 3662 3662 D SamsungBatteryMeterDrawable: onBatteryLevelChanged isSomethingChanged: false
10-25 15:07:33.387 3662 3662 I PowerUI : mBootCompleted = true | mFullyConnected = true
10-25 15:07:33.387 3662 3662 I PowerUI : BATTERY_HEALTH_CHECK extraHealth=2 mBatteryMiscEvent=65536
10-25 15:07:33.387 3662 3662 W PowerUI : Plug reason
10-25 15:07:33.387 3662 3662 W PowerUI : Skip charging animation - by plug status
10-25 15:07:33.387 3662 3662 D PowerUI : priorPlugType = 2 mPlugType = 2 priorBatteryStatus = 2 mBatteryStatus = 2
10-25 15:07:33.387 3662 18997 D SecPowerUI.Notification: dismissing low battery warning: level=71
10-25 15:07:33.387 3662 18997 D SecPowerUI.Notification: updateNotification mWarning=false mPlaySound=false
10-25 15:07:33.387 3662 18997 D SecPowerUI.Notification: SecBatteryStatsSnapshot{batteryLevel=71, currentBatteryMode=0, chargingTime=10604000, chargingType=11, batteryHealth=2, automaticTestMode=false, isHiccupState=false, optChargingFinishTime=}
10-25 15:07:33.387 3662 3662 W PowerUI : Plug reason
10-25 15:07:33.387 3662 3662 W PowerUI : Skip charging sound - by plug status
10-25 15:07:33.387 3662 3662 I PowerUI : oldMisalign : false, curMisalign : false
10-25 15:07:33.387 3662 18997 D SecPowerUI.Notification: 1. restoreScreenTimeOut - saved_value : :
10-25 15:07:33.387 3662 18997 E SecPowerUI.Notification: no saved value, so we do nothing !!
10-25 15:07:33.388 3662 3662 D SecPowerUI.Notification: showChargingNotice oldChargingType : 11 / currentChargingType : 11, oldChargingTime : 10604000 / mChargingTime : 10604000
10-25 15:07:33.388 3662 3662 D SecPowerUI.Notification: showChargingNotice There is no change about charging status, so return!
10-25 15:07:33.388 3662 3662 D PowerUI : Battery swelling mode - priorBatterySwellingMode = 0 mBatterySwellingMode = 0 mBatteryStatus = 2
10-25 15:07:33.388 21799 23492 D yejin : location : (19.06779196, 72.99283569)
10-25 15:07:33.388 3662 3662 I PowerUI : mBatteryMiscEvent = 65536
10-25 15:07:33.388 3662 3662 I PowerUI : checkRestoreProtectBattery pb value : 0, Scheduling start ? : false
10-25 15:07:33.388 3662 3662 I PowerUI : Clear time
10-25 15:07:33.389 2356 4502 D KNOX_MDM_SettingsProvider: isChangeAllowed() : name = ltc_highsoc_exceed_time
10-25 15:07:33.389 2356 4502 D KNOX_MDM_SettingsProvider: edmUri: content://com.sec.knox.provider/RestrictionPolicy3
10-25 15:07:33.389 2356 4502 D KNOX_MDM_SettingsProvider: projectionArgs: isSettingsChangesAllowed
10-25 15:07:33.389 2356 4502 D KNOX_MDM_SettingsProvider: selectionArgs: false
10-25 15:07:33.389 2356 4502 D KNOX_MDM_SettingsProvider: selectionArgs: 10103
10-25 15:07:33.389 2356 4502 D SecContentProvider: query(), uri = 17 selection = isSettingsChangesAllowed
10-25 15:07:33.389 2356 4502 D SecContentProvider: called from android.uid.systemui:10103
10-25 15:07:33.390 2356 4502 D RestrictionPolicy: isSettingsChangesAllowedAsUser, userId 0 : true
10-25 15:07:33.390 2356 4502 D KNOX_MDM_SettingsProvider: ret = 1
10-25 15:07:33.390 3662 3662 I PowerUI : checkBatteryProtectionNotification : 2, pb value : 0, plugType : 2, level : 71
10-25 15:07:33.390 3662 3662 D SecPowerUI.Notification: SecBatteryStatsSnapshot{batteryLevel=71, currentBatteryMode=0, chargingTime=10604000, chargingType=11, batteryHealth=2, automaticTestMode=false, isHiccupState=false, optChargingFinishTime=}
10-25 15:07:33.391 3662 3662 D KeyguardUpdateMonitor: handleBatteryUpdate
10-25 15:07:33.404 27978 27996 W NetworkConnectionChecke: Unknown host google.com
10-25 15:07:33.404 27978 27996 I NetworkConnectionChecke: Network connection: false
10-25 15:07:33.490 1503 3624 I sensors-hal: handle_sns_client_event:190, auto_rotation_debug_2 mode,255, type,1,0 acc,0.081,0.005,9.878, ar,0, ver,12, pedo,1,e,0,i,3
10-25 15:07:33.525 2356 3537 D WifiConnectivityMonitor.NetworkStatsAnalyzer: Backhaul result - RSSI:-54, CE:14, PE:14, TI:28, PTI:28, TW:0, PTW:0, Tx:1, Rx:9, TxS:1, RxS:1, RESULT:true, IC:0, ICT:5, WC:0, WCT:5, R:0, RC:0, IE:0, EC:0
10-25 15:07:33.589 5647 5647 I SDHMS:LOAD: type: LoadsFreqs, value: 0:39:0:966911:3398400:672000:1516800:3148800:499200:231:231:231
10-25 15:07:33.754 2356 6263 D SemContextService: lock : requestToUpdate
10-25 15:07:33.754 2356 6263 W CAE : setCAProperty(ContextAwareService.java:509) - [setProperty 01] Mutex is locked for CH_LOC_TRIGGER
10-25 15:07:33.754 2356 3354 D SensorService: setSContextDataLocked ints length 2 , byte length 4
10-25 15:07:33.754 2356 3354 D SensorService: setSContextDataLocked 3db8
10-25 15:07:33.755 1503 1503 I sensors-hal: inject_sensor_data:407, handle 1501 send inject
10-25 15:07:33.755 1503 1503 I sensors-hal: sendContextData:288, sensor hal 4, (0xb8, 0x3d, 0x0, 0x0)
10-25 15:07:33.755 1503 1503 I sensors-hal: sendContextData:131, change_location_trigger 4,184
10-25 15:07:33.756 1503 1503 I sensors-hal: sendUserData:118, change_location_trigger h 184 m 61 s 0
10-25 15:07:33.756 1503 1503 I sensors-hal: create_send_context_data:66, change_location_trigger create_send_context_data
10-25 15:07:33.756 1503 1503 I sensors-hal: send_context_data:694, change_location_trigger, -244018566922240, 1320970896291267344, msgid:700
10-25 15:07:33.756 2356 6263 W CAE : setCAProperty(ContextAwareService.java:515) - [setProperty 02] Mutex is unlocked for CH_LOC_TRIGGER
10-25 15:07:33.756 2356 6263 D SemContextService: .requestToUpdate() : service = Location Change Trigger
10-25 15:07:33.756 2356 6263 D SemContextService: unlock : requestToUpdate
10-25 15:07:33.756 2356 6263 D SemContextManager: .requestToUpdate : listener = com.android.server.location.nsflp.NSLocationMonitor$5@7d0b446, service=Location Change Trigger
10-25 15:07:33.757 4803 11380 I NewStopController_FLP: StateChecker, check stationary message
10-25 15:07:33.757 1503 3350 I sensors-hal: qsh_conn_resp_cb:930, resp_value = 0 for change_location_trigger
10-25 15:07:33.779 1503 3350 I sensors-hal: qsh_conn_event_cb:890, event[0] sensor:change_location_trigger Wakeup, msg_id=1025, ts=28427756051
10-25 15:07:33.779 1503 3350 I sensors-hal: handle_sns_client_event:85, change_location_trigger_event: msgid:1025
10-25 15:07:33.779 1503 3350 I sensors-hal: handle_sns_client_event:108, change_location_trigger_event: 255, 255
10-25 15:07:33.781 2356 3348 D CAE : onGetSensorHubData(SensorHubParserProvider.java:92) - onGetSensorHubData Event [event buffer len :15], AP_WAKEUP
10-25 15:07:33.781 2356 3348 I CAE : parse(SensorHubParserProvider.java:193) - buffer size = 15
10-25 15:07:33.781 2356 3348 I CAE : parse(SensorHubParserProvider.java:204) - 1, 1, 61, -1, 0, 2, 1, 0, 0, 0, 1, 0, 0, 0, 0,
10-25 15:07:33.781 2356 3348 D CAE : display(ContextProvider.java:375) - ================= CH_LOC_TRIGGER =================
10-25 15:07:33.781 2356 3348 I CAE : display(ContextProvider.java:391) - duration=[1], property=[1], result=[2], reserved=[0]
10-25 15:07:33.782 2356 3345 D SemContextService: Service.updateContext() : service = Location Change Trigger
10-25 15:07:33.783 2356 2356 D SemContextManager: onSemContextChanged() : event = Location Change Trigger
10-25 15:07:33.783 2356 2356 D NSLocationMonitor: onSemContextChanged, activity : 1 result : 2 movement : 1
10-25 15:07:33.949 1474 1474 D Diag-Router: diag: qrtr_perif_send: Sending cmd pkt of len: 4 to perif: modem with port: node [401c: 1]
10-25 15:07:33.985 1503 3624 I sensors-hal: handle_sns_std_sensor_event:131, [SSC_LIGHT] A: 185(185),c:0,b:92,m:13,cl:0,l:185,s:181,l0:27712,l1:2208,s0:27000,s1:2000,acl:1,opr:0.25,f(r):100,u(bl):100,if:0,wi:0,si:156,po:0(N:0)
10-25 15:07:33.990 2356 6263 I WifiService: startScan uid=10378
10-25 15:07:33.992 2356 3363 I WifiScanRequestProxy: Scan request from com.innowireless.xcal.mobile5 throttled
10-25 15:07:33.992 2356 6263 E WifiService: Failed to start scan
10-25 15:07:34.065 21799 22274 D GPS : NMEA is invaild.
10-25 15:07:34.066 21799 22274 D GPS : mNMEASatelites : 6
10-25 15:07:34.066 21799 22274 D GPS : mGPSSatelites : 9
10-25 15:07:34.066 21799 22274 D GPS : Android GPS is vaild.
10-25 15:07:34.143 3637 4155 W TelephonyPermissions: reportAccessDeniedToReadIdentifiers:com.innowireless.xcal.mobile5:getAllSubInfoList:3
10-25 15:07:34.152 3637 4155 W TelephonyPermissions: reportAccessDeniedToReadIdentifiers:com.innowireless.xcal.mobile5:getAllSubInfoList:3
10-25 15:07:34.174 2356 3393 D GnssLocationProvider_ex: SV Count : 6 / 9 (PRN, Constellation, SNR, Used)
10-25 15:07:34.174 2356 3393 D GnssLocationProvider_ex: (16, GPS, 22.8, 1) (26, GPS, 18.5, 1) (27, GPS, 20.5, 1) (31, GPS, 21.0, 1) (194, QZSS, 26.3, 1) (12, GLONASS, 22.6, 1)
10-25 15:07:34.174 2356 3393 D GnssLocationProvider_ex: (3, GLONASS, 12.5, 0) (26, GPS, 15.6, 0) (194, QZSS, 9.9, 0)
10-25 15:07:34.174 4803 4936 I GnssEngineManager_FLP: updateSatelliteStatus, top4=22, top6=21, visibleSv=9, usedSv=6, usedL5Sv=0 (usedGps=4, usedGlo=1, usedBds=0, usedGal=0)
10-25 15:07:34.182 2356 3393 D GnssLocationProvider: reportLocation
10-25 15:07:34.183 4803 4936 I GnssEngineManager_FLP: onGpsLocationChanged, provider=gps / isMock=false / speed=0.0 / time=1729849054180 / elapsed=1466353311054
10-25 15:07:34.183 4803 4936 I NewStopController_FLP: isAvailableLastLoc, KeepStationary : false , timeGap : 32 , mStraightFixCount : 0
10-25 15:07:34.183 4803 4936 I NewStopController_FLP: onChangedGlpLocation, isGpsStopped= false, isReportingLL= false, isAvailableLastLoc : true
10-25 15:07:34.185 2356 3815 D SLocation: PositionManager - Passive handleLocationChanged gps 1729849054180
10-25 15:07:34.185 2356 3815 D SLocation: ARDistanceBigData - BIGDATA ARD - receive location
10-25 15:07:34.185 2356 3831 I Mocca_VehicleDetectionHelper: (1.0.07.0)GPS: receiveLocation gps
10-25 15:07:34.185 4622 7036 I FusedLocation: (REDACTED) location delivery to %s blocked - too fast
10-25 15:07:34.187 4622 7036 I FusedLocation: (REDACTED) location delivery to %s blocked - too fast
10-25 15:07:34.188 4622 7036 I FusedLocation: (REDACTED) location delivery to %s blocked - too fast
10-25 15:07:34.188 4622 7036 I FusedLocation: (REDACTED) location delivery to %s blocked - too fast
10-25 15:07:34.188 2356 3831 I Mocca_VehicleDetectionHelper: (1.0.07.0)GPS: receiveLocation fused
10-25 15:07:34.189 4803 4936 I GmsPassiveListener_FLP: onGmsLocationChanged, provider=fused / speed=1.2884828 / time=1729849054151 / elapsed=1466353311054
10-25 15:07:34.190 2356 3815 D SLocation: PositionManager - Passive handleLocationChanged fused 1729849054151
10-25 15:07:34.191 2356 3815 I SLocation: PositionManager - do not refresh last location about fused location
10-25 15:07:34.191 2356 3815 D SLocation: ARDistanceBigData - BIGDATA ARD - receive location
10-25 15:07:34.191 2356 3815 D SLocation: PositionManager - receive fused location
10-25 15:07:34.204 1081 1081 D io_stats: !@ 8,0 r 254741 10066896 w 111895 2046992 d 2554 2022452 f 4812 10279 iot 110708 0 th 0 0 0 pt 0 inp 0 0 1466.405
10-25 15:07:34.336 1499 5027 I vendor.qti.bluetooth@1.1-ibs_handler: ProcessIbsCmd: Received IBS_WAKE_IND: 0xFD
10-25 15:07:34.336 1499 5027 D vendor.qti.bluetooth@1.1-ibs_handler: SerialClockVote: vote for UART CLK ON
10-25 15:07:34.337 1499 5027 D vendor.qti.bluetooth@1.1-wake_lock: Acquire wakelock is acquired
10-25 15:07:34.337 1499 5027 I vendor.qti.bluetooth@1.1-ibs_handler: ProcessIbsCmd: Writing IBS_WAKE_ACK
10-25 15:07:34.339 4041 5148 D BtGatt.GattService: onScanResult to scannerId: 5- eventType=0x0, addressType=1, address=XX:XX:XX:XX:D1:AF, primaryPhy=1, secondaryPhy=1, advertisingSid=0x1, txPower=127, rssi=-45, periodicAdvInt=0x0
10-25 15:07:34.377 1499 5027 I vendor.qti.bluetooth@1.1-ibs_handler: ProcessIbsCmd: Received IBS_SLEEP_IND: 0xFE
10-25 15:07:34.377 1499 5027 D vendor.qti.bluetooth@1.1-ibs_handler: SerialClockVote: vote for UART CLK OFF
10-25 15:07:34.384 1499 5027 I vendor.qti.bluetooth@1.1-ibs_handler: ProcessIbsCmd: Received IBS_WAKE_IND: 0xFD
10-25 15:07:34.384 1499 5027 D vendor.qti.bluetooth@1.1-ibs_handler: SerialClockVote: vote for UART CLK ON
10-25 15:07:34.384 1499 5027 I vendor.qti.bluetooth@1.1-ibs_handler: ProcessIbsCmd: Writing IBS_WAKE_ACK
10-25 15:07:34.387 4041 5148 D BtGatt.GattService: onScanResult to scannerId: 5- eventType=0x0, addressType=1, address=XX:XX:XX:XX:B3:05, primaryPhy=1, secondaryPhy=1, advertisingSid=0x1, txPower=127, rssi=-67, periodicAdvInt=0x0
10-25 15:07:34.388 21799 23492 D yejin : location : (19.06776985, 72.9928214)
10-25 15:07:34.398 4041 5148 D BtGatt.GattService: onScanResult to scannerId: 5- eventType=0x1a, addressType=1, address=XX:XX:XX:XX:42:F6, primaryPhy=1, secondaryPhy=0, advertisingSid=0xff, txPower=127, rssi=-82, periodicAdvInt=0x0
10-25 15:07:34.407 4041 5148 D BtGatt.GattService: onScanResult to scannerId: 5- eventType=0x1a, addressType=1, address=XX:XX:XX:XX:8D:D5, primaryPhy=1, secondaryPhy=0, advertisingSid=0xff, txPower=127, rssi=-55, periodicAdvInt=0x0
10-25 15:07:34.410 2356 3562 D NetdEventListenerService: DNS Requested by 116, 10206, 4, true, 0
10-25 15:07:34.410 27978 27996 W NetworkConnectionChecke: Unknown host google.com
10-25 15:07:34.411 27978 27996 I NetworkConnectionChecke: Network connection: false
10-25 15:07:34.447 1499 5027 I vendor.qti.bluetooth@1.1-ibs_handler: ProcessIbsCmd: Received IBS_SLEEP_IND: 0xFE
10-25 15:07:34.447 1499 5027 D vendor.qti.bluetooth@1.1-ibs_handler: SerialClockVote: vote for UART CLK OFF
10-25 15:07:34.449 2356 3535 D SemWifiEleStateTracker: Pressure Diff: -0.0076293945
10-25 15:07:34.449 2356 3535 D SemWifiEleStateTracker: Barometer value: Prev 1002.44763 Current 1002.44 mSmallBaroDetected : false
10-25 15:07:34.454 1499 5027 I vendor.qti.bluetooth@1.1-ibs_handler: ProcessIbsCmd: Received IBS_WAKE_IND: 0xFD
10-25 15:07:34.455 1499 5027 D vendor.qti.bluetooth@1.1-ibs_handler: SerialClockVote: vote for UART CLK ON
10-25 15:07:34.455 1499 5027 I vendor.qti.bluetooth@1.1-ibs_handler: ProcessIbsCmd: Writing IBS_WAKE_ACK
10-25 15:07:34.457 4041 5148 D BtGatt.GattService: onScanResult to scannerId: 5- eventType=0x1a, addressType=1, address=XX:XX:XX:XX:C7:84, primaryPhy=1, secondaryPhy=0, advertisingSid=0xff, txPower=127, rssi=-80, periodicAdvInt=0x0
10-25 15:07:34.483 4041 5148 D BtGatt.GattService: onScanResult to scannerId: 5- eventType=0x0, addressType=1, address=XX:XX:XX:XX:D1:AF, primaryPhy=1, secondaryPhy=1, advertisingSid=0x1, txPower=127, rssi=-47, periodicAdvInt=0x0
10-25 15:07:34.490 4041 5148 D BtGatt.GattService: onScanResult to scannerId: 5- eventType=0x1a, addressType=1, address=XX:XX:XX:XX:00:F7, primaryPhy=1, secondaryPhy=0, advertisingSid=0xff, txPower=127, rssi=-87, periodicAdvInt=0x0
10-25 15:07:34.528 1503 22082 I sensors-hal: handle_sns_client_event:375, [0][7201] accel_sample [ 0.084, -0.009, 9.883] 1466677169706
10-25 15:07:34.529 1499 5027 I vendor.qti.bluetooth@1.1-ibs_handler: ProcessIbsCmd: Received IBS_SLEEP_IND: 0xFE
10-25 15:07:34.529 1499 5027 D vendor.qti.bluetooth@1.1-ibs_handler: SerialClockVote: vote for UART CLK OFF
10-25 15:07:34.553 2356 4890 I NSLocationMonitor: getGPSUsingApps() called
10-25 15:07:34.554 4803 4872 W NSLocationManager_FLP: add uid 10378 to freeze Allowlist by using gps in foreground
10-25 15:07:34.568 4803 4872 I NSLocationManager_FLP: getGPSUsingApps, NO_FREEZE={5013, 10121, 10378} / FREEZE={10252}
10-25 15:07:34.578 2356 4890 D FreecessController: com.samsung.android.voc(state: Initial -> Freezeable, Reason: uidIdle)
10-25 15:07:34.610 2356 2451 I system_server: Background concurrent mark compact GC freed 23MB AllocSpace bytes, 19(396KB) LOS objects, 23% free, 77MB/101MB, paused 1.061ms,1.736ms total 161.146ms
10-25 15:07:34.680 1499 4133 D vendor.qti.bluetooth@1.1-wake_lock: Release wakelock is released
10-25 15:07:34.758 2356 4391 D SemContextService: lock : requestToUpdate
10-25 15:07:34.759 2356 4391 W CAE : setCAProperty(ContextAwareService.java:509) - [setProperty 01] Mutex is locked for CH_LOC_TRIGGER
10-25 15:07:34.759 2356 3354 D SensorService: setSContextDataLocked ints length 2 , byte length 4
10-25 15:07:34.759 2356 3354 D SensorService: setSContextDataLocked 3db8
10-25 15:07:34.760 1503 1503 I sensors-hal: inject_sensor_data:407, handle 1501 send inject
10-25 15:07:34.760 1503 1503 I sensors-hal: sendContextData:288, sensor hal 4, (0xb8, 0x3d, 0x0, 0x0)
10-25 15:07:34.760 1503 1503 I sensors-hal: sendContextData:131, change_location_trigger 4,184
10-25 15:07:34.760 1503 1503 I sensors-hal: sendUserData:118, change_location_trigger h 184 m 61 s 0
10-25 15:07:34.760 1503 1503 I sensors-hal: create_send_context_data:66, change_location_trigger create_send_context_data
10-25 15:07:34.760 1503 1503 I sensors-hal: send_context_data:694, change_location_trigger, -244018566922240, 1320970896291267344, msgid:700
10-25 15:07:34.761 2356 4391 W CAE : setCAProperty(ContextAwareService.java:515) - [setProperty 02] Mutex is unlocked for CH_LOC_TRIGGER
10-25 15:07:34.761 2356 4391 D SemContextService: .requestToUpdate() : service = Location Change Trigger
10-25 15:07:34.761 2356 4391 D SemContextService: unlock : requestToUpdate
10-25 15:07:34.761 2356 4391 D SemContextManager: .requestToUpdate : listener = com.android.server.location.nsflp.NSLocationMonitor$5@7d0b446, service=Location Change Trigger
10-25 15:07:34.761 4803 11380 I NewStopController_FLP: StateChecker, check stationary message
10-25 15:07:34.762 1503 3350 I sensors-hal: qsh_conn_resp_cb:930, resp_value = 0 for change_location_trigger
10-25 15:07:34.782 1503 3350 I sensors-hal: qsh_conn_event_cb:890, event[0] sensor:change_location_trigger Wakeup, msg_id=1025, ts=28447007091
10-25 15:07:34.782 1503 3350 I sensors-hal: handle_sns_client_event:85, change_location_trigger_event: msgid:1025
10-25 15:07:34.782 1503 3350 I sensors-hal: handle_sns_client_event:108, change_location_trigger_event: 255, 255
10-25 15:07:34.784 2356 3348 D CAE : onGetSensorHubData(SensorHubParserProvider.java:92) - onGetSensorHubData Event [event buffer len :15], AP_WAKEUP
10-25 15:07:34.784 2356 3348 I CAE : parse(SensorHubParserProvider.java:193) - buffer size = 15
10-25 15:07:34.784 2356 3348 I CAE : parse(SensorHubParserProvider.java:204) - 1, 1, 61, -1, 0, 2, 1, 0, 0, 0, 1, 0, 0, 0, 0,
10-25 15:07:34.785 2356 3348 D CAE : display(ContextProvider.java:375) - ================= CH_LOC_TRIGGER =================
10-25 15:07:34.785 2356 3348 I CAE : display(ContextProvider.java:391) - duration=[1], property=[1], result=[2], reserved=[0]
10-25 15:07:34.785 2356 3345 D SemContextService: Service.updateContext() : service = Location Change Trigger
10-25 15:07:34.785 2356 2356 D SemContextManager: onSemContextChanged() : event = Location Change Trigger
10-25 15:07:34.785 2356 2356 D NSLocationMonitor: onSemContextChanged, activity : 1 result : 2 movement : 1
10-25 15:07:34.823 1503 21993 I sensors-hal: handle_sns_std_sensor_event:156, [32378] Pressure 1002.441, cal -0.242, sw_offset 0.000
10-25 15:07:34.930 1503 22084 I sensors-hal: handle_sns_client_event:341, [1] mag_sample_cal(magcal_available:7217): ts=1467084204706 ns; cal = [-23.300995, -60.542492, 21.261227], uncal = [25.839005, -71.702492, 57.741226], bias = [49.139999, -11.160000, 36.480000], status=3
10-25 15:07:34.949 1474 1474 D Diag-Router: diag: qrtr_perif_send: Sending cmd pkt of len: 4 to perif: modem with port: node [401c: 1]
10-25 15:07:35.002 1474 1474 D Diag-Router: diag: qrtr_perif_send: Sending cmd pkt of len: 4 to perif: modem with port: node [401c: 1]
10-25 15:07:35.003 1474 1474 D Diag-Router: diag: qrtr_perif_send: Sending cmd pkt of len: 4 to perif: modem with port: node [401c: 1]
10-25 15:07:35.066 21799 22274 D GPS : NMEA is invaild.
10-25 15:07:35.066 21799 22274 D GPS : mNMEASatelites : 5
10-25 15:07:35.066 21799 22274 D GPS : mGPSSatelites : 9
10-25 15:07:35.066 21799 22274 D GPS : Android GPS is vaild.
10-25 15:07:35.081 2356 4391 I WifiService: startScan uid=10378
10-25 15:07:35.082 2356 3363 I WifiScanRequestProxy: Scan request from com.innowireless.xcal.mobile5 throttled
10-25 15:07:35.083 2356 4391 E WifiService: Failed to start scan
10-25 15:07:35.143 3637 4155 W TelephonyPermissions: reportAccessDeniedToReadIdentifiers:com.innowireless.xcal.mobile5:getAllSubInfoList:3
10-25 15:07:35.157 3637 4155 W TelephonyPermissions: reportAccessDeniedToReadIdentifiers:com.innowireless.xcal.mobile5:getAllSubInfoList:3
10-25 15:07:35.173 2356 3393 D GnssLocationProvider_ex: SV Count : 5 / 9 (PRN, Constellation, SNR, Used)
10-25 15:07:35.173 2356 3393 D GnssLocationProvider_ex: (16, GPS, 21.8, 1) (26, GPS, 18.5, 0) (27, GPS, 20.5, 1) (31, GPS, 21.0, 1) (194, QZSS, 26.6, 1) (12, GLONASS, 23.6, 1)
10-25 15:07:35.173 2356 3393 D GnssLocationProvider_ex: (3, GLONASS, 12.5, 0) (26, GPS, 15.6, 0) (194, QZSS, 9.9, 0)
10-25 15:07:35.174 4803 4936 I GnssEngineManager_FLP: updateSatelliteStatus, top4=22, top6=21, visibleSv=9, usedSv=5, usedL5Sv=0 (usedGps=3, usedGlo=1, usedBds=0, usedGal=0)
10-25 15:07:35.175 2356 3393 D GnssLocationProvider: reportLocation
10-25 15:07:35.177 2356 3831 I Mocca_VehicleDetectionHelper: (1.0.07.0)GPS: receiveLocation gps
10-25 15:07:35.177 4803 4936 I GnssEngineManager_FLP: onGpsLocationChanged, provider=gps / isMock=false / speed=0.0 / time=1729849055180 / elapsed=1467346509699
10-25 15:07:35.177 4622 7036 I FusedLocation: (REDACTED) location delivery to %s blocked - too fast
10-25 15:07:35.177 4803 4936 I NewStopController_FLP: isAvailableLastLoc, KeepStationary : false , timeGap : 32 , mStraightFixCount : 0
10-25 15:07:35.177 4803 4936 I NewStopController_FLP: onChangedGlpLocation, isGpsStopped= false, isReportingLL= false, isAvailableLastLoc : true
10-25 15:07:35.177 2356 3815 D SLocation: PositionManager - Passive handleLocationChanged gps 1729849055180
10-25 15:07:35.178 2356 3815 D SLocation: ARDistanceBigData - BIGDATA ARD - receive location
10-25 15:07:35.178 4622 7036 I FusedLocation: (REDACTED) location delivery to %s blocked - too fast
10-25 15:07:35.179 4622 7036 I FusedLocation: (REDACTED) location delivery to %s blocked - too fast
10-25 15:07:35.179 4622 7036 I FusedLocation: (REDACTED) location delivery to %s blocked - too fast
10-25 15:07:35.180 2356 3831 I Mocca_VehicleDetectionHelper: (1.0.07.0)GPS: receiveLocation fused
10-25 15:07:35.180 2356 3815 D SLocation: PositionManager - Passive handleLocationChanged fused 1729849055144
10-25 15:07:35.181 4803 4936 I GmsPassiveListener_FLP: onGmsLocationChanged, provider=fused / speed=1.2515434 / time=1729849055144 / elapsed=1467346509699
10-25 15:07:35.184 2356 3815 I SLocation: PositionManager - do not refresh last location about fused location
10-25 15:07:35.185 2356 3815 D SLocation: ARDistanceBigData - BIGDATA ARD - receive location
10-25 15:07:35.185 2356 3815 D SLocation: PositionManager - receive fused location
10-25 15:07:35.332 4622 16091 I NearbyMediums: Found Fast Ble Advertisements :
10-25 15:07:35.332 4622 16091 I NearbyMediums: BleAdvertisement { version=2, socketVersion=2, isFast=true, serviceIdHash=null, data=[ 0x23 0x57 0x54 0x48 0x4a 0x11 0x32 0xd1 0xd7 0x50 0xf2 0xe2 0xc6 0xff 0xf0 0xd6 0x7a 0x0e 0x9e 0x83 0x25 0x4c 0x22 ], deviceToken=[ 0x05 0x8a ], rxAdvertisement=null } : 3 times.
10-25 15:07:35.332 4622 16091 I NearbyMediums: BleAdvertisement { version=2, socketVersion=2, isFast=true, serviceIdHash=null, data=[ 0x23 0x48 0x5a 0x4a 0x53 0x11 0x34 0x95 0xbf 0xac 0x1b 0x2f 0x0f 0xba 0x2a 0x7d 0xbf 0xfb 0x40 0x11 0x42 0x4d 0x2b ], deviceToken=[ 0x97 0x14 ], rxAdvertisement=null } : 3 times.
10-25 15:07:35.332 4622 16091 I NearbyMediums: BleAdvertisement { version=2, socketVersion=2, isFast=true, serviceIdHash=null, data=[ 0x23 0x4e 0x52 0x30 0x50 0x11 0x32 0xb4 0xb8 0x2e 0x06 0x49 0x4c 0xc3 0xa2 0xe0 0x02 0x53 0xec 0x72 0x68 0xf7 0xa8 ], deviceToken=[ 0x4e 0xa9 ], rxAdvertisement=null } : 3 times.
10-25 15:07:35.332 4622 16091 I NearbyMediums: BleAdvertisement { version=2, socketVersion=2, isFast=true, serviceIdHash=null, data=[ 0x23 0x4b 0x53 0x53 0x34 0x11 0x32 0xad 0x00 0x16 0xaf 0xe0 0x7d 0xec 0x23 0x75 0x9b 0x88 0x6f 0x7f 0x93 0xd5 0x5a ], deviceToken=[ 0x79 0x93 ], rxAdvertisement=null } : 3 times.
10-25 15:07:35.332 4622 16091 I NearbyMediums: BleAdvertisement { version=2, socketVersion=2, isFast=true, serviceIdHash=null, data=[ 0x23 0x58 0x31 0x53 0x4a 0x11 0x32 0xe3 0x77 0x8f 0xc0 0xb4 0xaa 0xf7 0xcb 0x25 0x47 0x78 0x30 0x59 0xc3 0x71 0x8d ], deviceToken=[ 0x8f 0x66 ], rxAdvertisement=null } : 3 times.
10-25 15:07:35.332 4622 16091 I NearbyMediums: Total 15 fast advertisements from 5 unique advertisers.
10-25 15:07:35.332 4622 16091 I NearbyMediums: Found BLE GATT Advertisements :
10-25 15:07:35.332 4622 16091 I NearbyMediums: BleAdvertisement { version=2, socketVersion=2, isFast=false, serviceIdHash=[ 0xfc 0x9f 0x5e ], data=[ 0x23 0xfc 0x9f 0x5e 0x36 0x42 0x37 0x56 0x1d 0x06 0x9d 0x1a 0x1c 0x5d 0x9c 0xad 0x2b 0xb2 0xd1 0xcc 0x1a 0xd0 0x4f 0x3f 0xd0 0x9e 0x0b 0x43 0x68 0x65 0x74 0x61 0x6e 0x27 0x73 0x20 0x50 0x43 0xa0 0x80 0x69 0xb9 0x43 0xde 0x00 0x00 ], deviceToken=[ 0x1c 0x5c ], rxAdvertisement=null } : 8 times.
10-25 15:07:35.332 4622 16091 I NearbyMediums: BleAdvertisement { version=2, socketVersion=2, isFast=false, serviceIdHash=[ 0xfc 0x9f 0x5e ], data=[ 0x23 0xfc 0x9f 0x5e 0x32 0x4b 0x44 0x50 0x1f 0x06 0xa2 0x74 0x16 0x6d 0xf9 0x28 0x04 0xe4 0x27 0x08 0x5f 0xfb 0xc0 0x23 0x8d 0xc5 0x0d 0x76 0x72 0x75 0x73 0x68 0x61 0x6c 0x69 0x27 0x73 0x20 0x50 0x43 0x70 0xd8 0x23 0x97 0xe3 0x29 0x00 0x00 ], deviceToken=[ 0xfb 0xfd ], rxAdvertisement=null } : 5 times.
10-25 15:07:35.332 4622 16091 I NearbyMediums: BleAdvertisement { version=2, socketVersion=2, isFast=false, serviceIdHash=[ 0xfc 0x9f 0x5e ], data=[ 0x23 0xfc 0x9f 0x5e 0x56 0x58 0x4a 0x51 0x1d 0x06 0x8d 0xb6 0x19 0x73 0x02 0x67 0x6b 0xc8 0x37 0xb7 0xed 0x8a 0x3b 0xb3 0x5c 0x17 0x0b 0x50 0x72 0x61 0x74 0x69 0x6b 0x27 0x73 0x20 0x50 0x43 0x30 0x89 0x4a 0xc6 0x21 0x12 0x00 0x00 ], deviceToken=[ 0x0a 0x8f ], rxAdvertisement=null } : 6 times.
10-25 15:07:35.332 4622 16091 I NearbyMediums: Total 19 GATT advertisements from 3 unique advertisers.
10-25 15:07:35.389 21799 23492 D yejin : location : (19.06769315, 72.99284836)
10-25 15:07:35.411 21799 30828 D AUTOCALL: Setup Start()
10-25 15:07:35.411 21799 30828 D AUTOCALL: Setup Start : 0
10-25 15:07:35.411 21799 30828 D AUTOCALL: UI MSG : Setup Start
10-25 15:07:35.412 21799 30828 D AUTOCALL: BaseCall SetupStart() 1
10-25 15:07:35.412 21799 30828 D AUTOCALL: BaseCall SetupStart() 2
10-25 15:07:35.412 21799 30828 D AUTOCALL: SetupStart() before onCallStateChanged
10-25 15:07:35.412 21799 30828 D AUTOCALL: SetupStart() after onCallStateChanged
10-25 15:07:35.412 21799 30828 D AUTOCALL: BaseCall SetupStart() 3
10-25 15:07:35.412 21799 30828 D AUTOCALL: BaseCall SetupStart() 4
10-25 15:07:35.413 27978 27996 W NetworkConnectionChecke: Unknown host google.com
10-25 15:07:35.413 27978 27996 I NetworkConnectionChecke: Network connection: false
10-25 15:07:35.413 2356 4391 I AccessibilityManagerService: semIsAccessibilityServiceEnabled()
10-25 15:07:35.413 2356 4738 I AccessibilityManagerService: semIsAccessibilityServiceEnabled()
10-25 15:07:35.414 21799 30828 D AUTOCALL: Setup End : 0
10-25 15:07:35.414 2356 2456 I AccessibilityManagerService: semIsAccessibilityServiceEnabled()
10-25 15:07:35.414 21799 30828 D AUTOCALL: callType: 2
10-25 15:07:35.414 21799 30828 D AUTOCALL: TrafficSetupStart:
10-25 15:07:35.414 21799 30828 D AUTOCALL: Traffic Setup Start()
10-25 15:07:35.414 21799 30828 D AUTOCALL: Traffic Setup Start : 0
10-25 15:07:35.414 21799 30828 D AUTOCALL: UI MSG : Traffic Setup Start
10-25 15:07:35.416 21799 31060 D AUTOCALL: FtpStart() !!!!!!!!!!!!!!!!!!!!!!!!!!!!
10-25 15:07:35.417 21799 31060 D AUTOCALL: Lock WorkThread...
10-25 15:07:35.417 21799 31062 D AUTOCALL: BaseFTPCall.run(), mThreadNo: 0
10-25 15:07:35.417 21799 31062 D AUTOCALL: BaseFTPCall.run(), Setup time : 15
10-25 15:07:35.417 21799 31062 D FTPC : Create, DSDS SIM Start
10-25 15:07:35.417 21799 31062 D FTPC : DSDS First Start Create
10-25 15:07:35.417 21799 31062 D FTPC : Create, Start Session Counter=1
10-25 15:07:35.417 21799 31062 D FTPC : DSDS First Start Create
10-25 15:07:35.417 21799 31062 D FTPC : Create, FTPInfo: 0xED81C9A0
10-25 15:07:35.417 21799 31062 D FTPC : IsMultiSimChanged
10-25 15:07:35.417 21799 31062 D FTPC : Init Data isException false, IsMultiSimChanged false
10-25 15:07:35.417 21799 31062 D FTPC : Create, Server - Address: 148.113.16.103, ServerPort: 21
10-25 15:07:35.417 21799 31062 D FTPC : Create, Server - ftpInfo: 0xb400007ded81c9a0
10-25 15:07:35.417 21799 31062 D FTPC : Create, Server - ftpInfo->ftpClient: 0xb400007ded81cda0
10-25 15:07:35.417 21799 31062 D FTPC : Create, Server - Address: 148.113.16.103, ServerPort: 21
10-25 15:07:35.417 21799 31062 D FTPC : IsDualSimDsdsMode
10-25 15:07:35.417 21799 31062 D FTPC : Create, DSDS isDualSim false, isFtpConnectTIme
10-25 15:07:35.417 21799 31062 D FTPC : IsDualSimDsdsMode
10-25 15:07:35.417 21799 31062 D FTPC : open, timeout:15
10-25 15:07:35.460 2356 4391 I AccessibilityManagerService: semIsAccessibilityServiceEnabled()
10-25 15:07:35.460 2356 2456 I AccessibilityManagerService: semIsAccessibilityServiceEnabled()
10-25 15:07:35.461 2356 4738 I AccessibilityManagerService: semIsAccessibilityServiceEnabled()
10-25 15:07:35.462 2356 4391 I AccessibilityManagerService: semIsAccessibilityServiceEnabled()
10-25 15:07:35.463 2356 2456 I AccessibilityManagerService: semIsAccessibilityServiceEnabled()
10-25 15:07:35.463 2356 4738 I AccessibilityManagerService: semIsAccessibilityServiceEnabled()
10-25 15:07:35.468 21799 31062 D FTPC : Create, threadNo:0 : ftpClient.open complete!
10-25 15:07:35.468 21799 31062 D FTPC : Create, UserId: serverse1, Password: ...
10-25 15:07:35.468 21799 31063 D FTPC : runThread, Start.
10-25 15:07:35.469 21799 31063 D FTPC : callback_handler: success attach
10-25 15:07:35.469 21799 31062 D AUTOCALL: UI MSG : USER serverse1
10-25 15:07:35.469 21799 31062 D AUTOCALL: USER serverse1
10-25 15:07:35.469 21799 31062 D FTPC : SEND: USER serverse1
10-25 15:07:35.488 21799 31063 D FTPC : runThread, RESP: 331 Please specify the password., threadNo:0
10-25 15:07:35.489 21799 31063 D AUTOCALL: Response() : 2
10-25 15:07:35.489 21799 31063 D AUTOCALL: replyCode : 331
10-25 15:07:35.489 21799 31063 D AUTOCALL: UI MSG : 331 Please specify the password.
10-25 15:07:35.490 21799 31063 D AUTOCALL: 331 Please specify the password.
10-25 15:07:35.491 21799 31062 D AUTOCALL: UI MSG : PASS serverse1!
10-25 15:07:35.491 21799 31062 D AUTOCALL: PASS serverse1!
10-25 15:07:35.492 21799 31062 D FTPC : SEND: PASS ...
10-25 15:07:35.502 2356 4391 I AccessibilityManagerService: semIsAccessibilityServiceEnabled()
10-25 15:07:35.502 2356 2456 I AccessibilityManagerService: semIsAccessibilityServiceEnabled()
10-25 15:07:35.503 2356 4738 I AccessibilityManagerService: semIsAccessibilityServiceEnabled()
10-25 15:07:35.505 2356 4391 I AccessibilityManagerService: semIsAccessibilityServiceEnabled()
10-25 15:07:35.505 2356 2456 I AccessibilityManagerService: semIsAccessibilityServiceEnabled()
10-25 15:07:35.505 2356 4738 I AccessibilityManagerService: semIsAccessibilityServiceEnabled()
10-25 15:07:35.506 2356 4384 I AccessibilityManagerService: semIsAccessibilityServiceEnabled()
10-25 15:07:35.506 2356 3152 I AccessibilityManagerService: semIsAccessibilityServiceEnabled()
10-25 15:07:35.506 2356 3152 I AccessibilityManagerService: semIsAccessibilityServiceEnabled()
10-25 15:07:35.507 2356 4391 I AccessibilityManagerService: semIsAccessibilityServiceEnabled()
10-25 15:07:35.507 2356 3152 I AccessibilityManagerService: semIsAccessibilityServiceEnabled()
10-25 15:07:35.507 2356 4738 I AccessibilityManagerService: semIsAccessibilityServiceEnabled()
10-25 15:07:35.548 2356 4391 I AccessibilityManagerService: semIsAccessibilityServiceEnabled()
10-25 15:07:35.549 2356 4738 I AccessibilityManagerService: semIsAccessibilityServiceEnabled()
10-25 15:07:35.549 2356 3152 I AccessibilityManagerService: semIsAccessibilityServiceEnabled()
10-25 15:07:35.581 1632 1632 I HWComposer: [4630946315032985731] ActiveConfigToHWC, ID : 7
10-25 15:07:35.582 1632 1632 I LayerHistory: com.innowireless.xcal.mobile5/com.innowireless.xcal.mobile5.ui.Main_Activity$_21799#1697 Max (can't resolve refresh rate)
10-25 15:07:35.582 1632 1632 I SurfaceFlinger: scored - choose 120.00 Hz
10-25 15:07:35.586 1523 1918 I SDM : HWDeviceDRM::SetDisplaySwitchMode: [DispConfigs] check hs_mode 1
10-25 15:07:35.587 1523 1918 W SDM : HWDeviceDRM::GetSupportedBitClkRate: Requested rate not supported: 1362080000
10-25 15:07:35.587 1523 1918 I SDM : HWDeviceDRM::SetDisplaySwitchMode: [DispConfigs] Set mode index:7 1080x2340x120xcmdHS, hs_mode(1), found_mode(1)
10-25 15:07:35.587 1523 1918 I SDM : HWDeviceDRM::UpdateMixerAttributes: Mixer WxH 1080x2340-1 for Peripheral
10-25 15:07:35.587 1523 1918 I SDM : HWCDisplay::SubmitDisplayConfig: [MultiResolution] Set FrameBuffer to config = 7, wh = (1080, 2340)
10-25 15:07:35.587 1523 1918 I SDM : DisplayBase::SetFrameBufferConfig: New framebuffer resolution (1080x2340)
10-25 15:07:35.587 1523 1918 I SDM : HWCDisplay::SetFrameBufferConfig: New framebuffer resolution (1080x2340)
10-25 15:07:35.587 1523 1918 I SDM : HWCDisplay::SubmitDisplayConfig: Active configuration changed from config 12 to 7
10-25 15:07:35.612 1632 3556 I VSyncReactor: Current= 24, Period= 120, hwcPeriod= 120
10-25 15:07:35.615 21799 31063 D FTPC : runThread, RESP: 230 Login successful., threadNo:0
10-25 15:07:35.616 21799 31063 D AUTOCALL: Response() : 3
10-25 15:07:35.616 21799 31063 D AUTOCALL: replyCode : 230
10-25 15:07:35.616 21799 31063 D AUTOCALL: UI MSG : 230 Login successful.
10-25 15:07:35.617 21799 31063 D AUTOCALL: 230 Login successful.
10-25 15:07:35.618 2356 4391 I AccessibilityManagerService: semIsAccessibilityServiceEnabled()
10-25 15:07:35.618 21799 31063 D AUTOCALL: OnLoginNoti(...) Success : true
10-25 15:07:35.619 2356 4738 I AccessibilityManagerService: semIsAccessibilityServiceEnabled()
10-25 15:07:35.619 2356 4391 I AccessibilityManagerService: semIsAccessibilityServiceEnabled()
10-25 15:07:35.619 21799 31062 D AUTOCALL: UI MSG : FEAT
10-25 15:07:35.619 21799 31062 D AUTOCALL: FEAT
10-25 15:07:35.619 21799 31062 D FTPC : SEND: FEAT
10-25 15:07:35.621 1632 3556 I VSyncReactor: Current= 120, Period= 120, Distance= 0
10-25 15:07:35.621 2356 2648 D LocalDisplayAdapter: updateActiveModeLocked for d=4630946315032985731, mActiveModeId=8, mActiveSfDisplayMode=DisplayMode{id=7, width=1080, height=2340, xDpi=381.0, yDpi=378.573, refreshRate=120.00001, appVsyncOffsetNanos=0, presentationDeadlineNanos=9333333, supportedHdrTypes=[4, 2, 3], group=1080}
