10-25 15:07:37.702 21799 31062 D FTPC : Upload sendBytes m_totalWrite : 57622528 // m_remainSize : 1570216
10-25 15:07:37.702 21799 31062 D FTPC : Upload sendBytes m_totalWrite : 57626624 // m_remainSize : 1557176
10-25 15:07:37.702 21799 31062 D FTPC : Upload sendBytes m_totalWrite : 57630720 // m_remainSize : 1556988
10-25 15:07:37.702 21799 31062 D FTPC : Upload sendBytes m_totalWrite : 57634816 // m_remainSize : 1549660
10-25 15:07:37.703 21799 31062 D FTPC : Upload sendBytes m_totalWrite : 57638912 // m_remainSize : 1546616
10-25 15:07:37.703 21799 31062 D FTPC : Upload sendBytes m_totalWrite : 57643008 // m_remainSize : 1533576
10-25 15:07:37.703 21799 31062 D FTPC : Upload sendBytes m_totalWrite : 57647104 // m_remainSize : 1511968
10-25 15:07:37.703 21799 31062 D FTPC : Upload sendBytes m_totalWrite : 57651200 // m_remainSize : 1491788
10-25 15:07:37.703 21799 31062 D FTPC : Upload sendBytes m_totalWrite : 57655296 // m_remainSize : 1487316
10-25 15:07:37.703 21799 31062 D FTPC : Upload sendBytes m_totalWrite : 57659392 // m_remainSize : 1482844
10-25 15:07:37.703 21799 31062 D FTPC : Upload sendBytes m_totalWrite : 57663488 // m_remainSize : 1471232
10-25 15:07:37.703 21799 31062 D FTPC : Upload sendBytes m_totalWrite : 57667584 // m_remainSize : 1473900
10-25 15:07:37.703 21799 31062 D FTPC : Upload sendBytes m_totalWrite : 57671680 // m_remainSize : 1460860
10-25 15:07:37.703 21799 31062 D FTPC : Upload sendBytes m_totalWrite : 57675776 // m_remainSize : 1460672
10-25 15:07:37.703 21799 31062 D FTPC : Upload sendBytes m_totalWrite : 57679872 // m_remainSize : 1441920
10-25 15:07:37.703 21799 31062 D FTPC : Upload sendBytes m_totalWrite : 57683968 // m_remainSize : 1430308
10-25 15:07:37.703 21799 31062 D FTPC : Upload sendBytes m_totalWrite : 57688064 // m_remainSize : 1418696
10-25 15:07:37.704 21799 31062 D FTPC : Upload sendBytes m_totalWrite : 57692160 // m_remainSize : 1368528
10-25 15:07:37.704 21799 31062 D FTPC : Upload sendBytes m_totalWrite : 57696256 // m_remainSize : 1372624
10-25 15:07:37.704 21799 31062 D FTPC : Upload sendBytes m_totalWrite : 57700352 // m_remainSize : 1376720
10-25 15:07:37.704 21799 31062 D FTPC : Upload sendBytes m_totalWrite : 57704448 // m_remainSize : 1380816
10-25 15:07:37.704 21799 31062 D FTPC : Upload sendBytes m_totalWrite : 57708544 // m_remainSize : 1384912
10-25 15:07:37.704 21799 31062 D FTPC : Upload sendBytes m_totalWrite : 57712640 // m_remainSize : 1380440
10-25 15:07:37.704 21799 31062 D FTPC : Upload sendBytes m_totalWrite : 57716736 // m_remainSize : 1373112
10-25 15:07:37.704 21799 31062 D FTPC : Upload sendBytes m_totalWrite : 57720832 // m_remainSize : 1352932
10-25 15:07:37.704 21799 31062 D FTPC : Upload sendBytes m_totalWrite : 57724928 // m_remainSize : 1349888
10-25 15:07:37.704 21799 31062 D FTPC : Upload sendBytes m_totalWrite : 57729024 // m_remainSize : 1332564
10-25 15:07:37.704 21799 31062 D FTPC : Upload sendBytes m_totalWrite : 57733120 // m_remainSize : 1336660
10-25 15:07:37.704 21799 31062 D FTPC : Upload sendBytes m_totalWrite : 57737216 // m_remainSize : 1323620
10-25 15:07:37.704 21799 31062 D FTPC : Upload sendBytes m_totalWrite : 57741312 // m_remainSize : 1309152
10-25 15:07:37.704 21799 31062 D FTPC : Upload sendBytes m_totalWrite : 57745408 // m_remainSize : 1303252
10-25 15:07:37.704 21799 31062 D FTPC : Upload sendBytes m_totalWrite : 57749504 // m_remainSize : 1300208
10-25 15:07:37.704 21799 31062 D FTPC : Upload sendBytes m_totalWrite : 57753600 // m_remainSize : 1304304
10-25 15:07:37.704 21799 31062 D FTPC : Upload sendBytes m_totalWrite : 57757696 // m_remainSize : 1294120
10-25 15:07:37.704 21799 31062 D FTPC : Upload sendBytes m_totalWrite : 57761792 // m_remainSize : 1283936
10-25 15:07:37.704 21799 31062 D FTPC : Upload sendBytes m_totalWrite : 57765888 // m_remainSize : 1280892
10-25 15:07:37.705 21799 31062 D FTPC : Upload sendBytes m_totalWrite : 57769984 // m_remainSize : 1270708
10-25 15:07:37.705 21799 31062 D FTPC : Upload sendBytes m_totalWrite : 57774080 // m_remainSize : 1254812
10-25 15:07:37.705 21799 31062 D FTPC : Upload sendBytes m_totalWrite : 57778176 // m_remainSize : 1254624
10-25 15:07:37.705 21799 31062 D FTPC : Upload sendBytes m_totalWrite : 57782272 // m_remainSize : 1235872
10-25 15:07:37.705 21799 31062 D FTPC : Upload sendBytes m_totalWrite : 57786368 // m_remainSize : 1217120
10-25 15:07:37.705 21799 31062 D FTPC : Upload sendBytes m_totalWrite : 57790464 // m_remainSize : 1208364
10-25 15:07:37.705 21799 31062 D FTPC : Upload sendBytes m_totalWrite : 57794560 // m_remainSize : 1193896
10-25 15:07:37.705 21799 31062 D FTPC : Upload sendBytes m_totalWrite : 57798656 // m_remainSize : 1192280
10-25 15:07:37.705 21799 31062 D FTPC : Upload sendBytes m_totalWrite : 57802752 // m_remainSize : 1177812
10-25 15:07:37.705 21799 31062 D FTPC : Upload sendBytes m_totalWrite : 57806848 // m_remainSize : 1161916
10-25 15:07:37.705 21799 31062 D FTPC : Upload sendBytes m_totalWrite : 57810944 // m_remainSize : 1138880
10-25 15:07:37.705 21799 31062 D FTPC : Upload sendBytes m_totalWrite : 57815040 // m_remainSize : 1120128
10-25 15:07:37.705 21799 31062 D FTPC : Upload sendBytes m_totalWrite : 57819136 // m_remainSize : 1114228
10-25 15:07:37.705 21799 31062 D FTPC : Upload sendBytes m_totalWrite : 57823232 // m_remainSize : 1109756
10-25 15:07:37.705 21799 31062 D FTPC : Upload sendBytes m_totalWrite : 57827328 // m_remainSize : 1113852
10-25 15:07:37.705 21799 31062 D FTPC : Upload sendBytes m_totalWrite : 57831424 // m_remainSize : 1110808
10-25 15:07:37.706 21799 31062 D FTPC : Upload sendBytes m_totalWrite : 57835520 // m_remainSize : 1106336
10-25 15:07:37.706 21799 31062 D FTPC : Upload sendBytes m_totalWrite : 57839616 // m_remainSize : 1103292
10-25 15:07:37.706 21799 31062 D FTPC : Upload sendBytes m_totalWrite : 57843712 // m_remainSize : 1081684
10-25 15:07:37.706 21799 31062 D FTPC : Upload sendBytes m_totalWrite : 57847808 // m_remainSize : 1054364
10-25 15:07:37.706 21799 31062 D FTPC : Upload sendBytes m_totalWrite : 57851904 // m_remainSize : 1041324
10-25 15:07:37.706 21799 31062 D FTPC : Upload sendBytes m_totalWrite : 57856000 // m_remainSize : 1036852
10-25 15:07:37.706 21799 31062 D FTPC : Upload sendBytes m_totalWrite : 57860096 // m_remainSize : 1033808
10-25 15:07:37.706 21799 31062 D FTPC : Upload sendBytes m_totalWrite : 57864192 // m_remainSize : 1037904
10-25 15:07:37.706 21799 31062 D FTPC : Upload sendBytes m_totalWrite : 57868288 // m_remainSize : 1042000
10-25 15:07:37.706 21799 31062 D FTPC : Upload sendBytes m_totalWrite : 57872384 // m_remainSize : 1046096
10-25 15:07:37.706 21799 31062 D FTPC : Upload sendBytes m_totalWrite : 57876480 // m_remainSize : 1050192
10-25 15:07:37.706 21799 31062 D FTPC : Upload sendBytes m_totalWrite : 57880576 // m_remainSize : 1054288
10-25 15:07:37.706 21799 31062 D FTPC : Upload sendBytes m_totalWrite : 57884672 // m_remainSize : 1058384
10-25 15:07:37.706 21799 31062 D FTPC : Upload sendBytes m_totalWrite : 57888768 // m_remainSize : 1062480
10-25 15:07:37.706 21799 31062 D FTPC : Upload sendBytes m_totalWrite : 57892864 // m_remainSize : 1066576
10-25 15:07:37.706 21799 31062 D FTPC : Upload sendBytes m_totalWrite : 57896960 // m_remainSize : 1070672
10-25 15:07:37.706 21799 31062 D FTPC : Upload sendBytes m_totalWrite : 57901056 // m_remainSize : 1074768
10-25 15:07:37.707 21799 31062 D FTPC : Upload sendBytes m_totalWrite : 57905152 // m_remainSize : 1078864
10-25 15:07:37.707 21799 31062 D FTPC : Upload sendBytes m_totalWrite : 57909248 // m_remainSize : 1082960
10-25 15:07:37.707 21799 31062 D FTPC : Upload sendBytes m_totalWrite : 57913344 // m_remainSize : 1087056
10-25 15:07:37.707 21799 31062 D FTPC : Upload sendBytes m_totalWrite : 57917440 // m_remainSize : 1091152
10-25 15:07:37.707 21799 31062 D FTPC : Upload sendBytes m_totalWrite : 57921536 // m_remainSize : 1095248
10-25 15:07:37.707 21799 31062 D FTPC : Upload sendBytes m_totalWrite : 57925632 // m_remainSize : 1099344
10-25 15:07:37.707 21799 31062 D FTPC : Upload sendBytes m_totalWrite : 57929728 // m_remainSize : 1103440
10-25 15:07:37.707 21799 31062 D FTPC : Upload sendBytes m_totalWrite : 57933824 // m_remainSize : 1107536
10-25 15:07:37.707 21799 31062 D FTPC : Upload sendBytes m_totalWrite : 57937920 // m_remainSize : 1111632
10-25 15:07:37.707 21799 31062 D FTPC : Upload sendBytes m_totalWrite : 57942016 // m_remainSize : 1115728
10-25 15:07:37.707 21799 31062 D FTPC : Upload sendBytes m_totalWrite : 57946112 // m_remainSize : 1119824
10-25 15:07:37.707 21799 31062 D FTPC : Upload sendBytes m_totalWrite : 57950208 // m_remainSize : 1123920
10-25 15:07:37.707 21799 31062 D FTPC : Upload sendBytes m_totalWrite : 57954304 // m_remainSize : 1128016
10-25 15:07:37.707 21799 31062 D FTPC : Upload sendBytes m_totalWrite : 57958400 // m_remainSize : 1132112
10-25 15:07:37.707 21799 31062 D FTPC : Upload sendBytes m_totalWrite : 57962496 // m_remainSize : 1136208
10-25 15:07:37.707 21799 31062 D FTPC : Upload sendBytes m_totalWrite : 57966592 // m_remainSize : 1140304
10-25 15:07:37.707 21799 31062 D FTPC : Upload sendBytes m_totalWrite : 57970688 // m_remainSize : 1144400
10-25 15:07:37.707 21799 31062 D FTPC : Upload sendBytes m_totalWrite : 57974784 // m_remainSize : 1148496
10-25 15:07:37.707 21799 31062 D FTPC : Upload sendBytes m_totalWrite : 57978880 // m_remainSize : 1152592
10-25 15:07:37.707 21799 31062 D FTPC : Upload sendBytes m_totalWrite : 57982976 // m_remainSize : 1156688
10-25 15:07:37.707 21799 31062 D FTPC : Upload sendBytes m_totalWrite : 57987072 // m_remainSize : 1160784
10-25 15:07:37.707 21799 31062 D FTPC : Upload sendBytes m_totalWrite : 57991168 // m_remainSize : 1164880
10-25 15:07:37.707 21799 31062 D FTPC : Upload sendBytes m_totalWrite : 57995264 // m_remainSize : 1168976
10-25 15:07:37.707 21799 31062 D FTPC : Upload sendBytes m_totalWrite : 57999360 // m_remainSize : 1173072
10-25 15:07:37.707 21799 31062 D FTPC : Upload sendBytes m_totalWrite : 58003456 // m_remainSize : 1177168
10-25 15:07:37.707 21799 31062 D FTPC : Upload sendBytes m_totalWrite : 58007552 // m_remainSize : 1181264
10-25 15:07:37.708 21799 31062 D FTPC : Upload sendBytes m_totalWrite : 58011648 // m_remainSize : 1185360
10-25 15:07:37.708 21799 31062 D FTPC : Upload sendBytes m_totalWrite : 58015744 // m_remainSize : 1189456
10-25 15:07:37.708 21799 31062 D FTPC : Upload sendBytes m_totalWrite : 58019840 // m_remainSize : 1193552
10-25 15:07:37.708 21799 31062 D FTPC : Upload sendBytes m_totalWrite : 58023936 // m_remainSize : 1197648
10-25 15:07:37.708 21799 31062 D FTPC : Upload sendBytes m_totalWrite : 58028032 // m_remainSize : 1201744
10-25 15:07:37.708 21799 31062 D FTPC : Upload sendBytes m_totalWrite : 58032128 // m_remainSize : 1205840
10-25 15:07:37.708 21799 31062 D FTPC : Upload sendBytes m_totalWrite : 58036224 // m_remainSize : 1209936
10-25 15:07:37.708 21799 31062 D FTPC : Upload sendBytes m_totalWrite : 58040320 // m_remainSize : 1214032
10-25 15:07:37.708 21799 31062 D FTPC : Upload sendBytes m_totalWrite : 58044416 // m_remainSize : 1218128
10-25 15:07:37.708 21799 31062 D FTPC : Upload sendBytes m_totalWrite : 58048512 // m_remainSize : 1222224
10-25 15:07:37.708 21799 31062 D FTPC : Upload sendBytes m_totalWrite : 58052608 // m_remainSize : 1226320
10-25 15:07:37.708 21799 31062 D FTPC : Upload sendBytes m_totalWrite : 58056704 // m_remainSize : 1230416
10-25 15:07:37.708 21799 31062 D FTPC : Upload sendBytes m_totalWrite : 58060800 // m_remainSize : 1234512
10-25 15:07:37.708 21799 31062 D FTPC : Upload sendBytes m_totalWrite : 58064896 // m_remainSize : 1238608
10-25 15:07:37.708 21799 31062 D FTPC : Upload sendBytes m_totalWrite : 58068992 // m_remainSize : 1242704
10-25 15:07:37.708 21799 31062 D FTPC : Upload sendBytes m_totalWrite : 58073088 // m_remainSize : 1246800
10-25 15:07:37.708 21799 31062 D FTPC : Upload sendBytes m_totalWrite : 58077184 // m_remainSize : 1250896
10-25 15:07:37.708 21799 31062 D FTPC : Upload sendBytes m_totalWrite : 58081280 // m_remainSize : 1254992
10-25 15:07:37.708 21799 31062 D FTPC : Upload sendBytes m_totalWrite : 58085376 // m_remainSize : 1259088
10-25 15:07:37.708 21799 31062 D FTPC : Upload sendBytes m_totalWrite : 58089472 // m_remainSize : 1263184
10-25 15:07:37.708 21799 31062 D FTPC : Upload sendBytes m_totalWrite : 58093568 // m_remainSize : 1267280
10-25 15:07:37.708 21799 31062 D FTPC : Upload sendBytes m_totalWrite : 58097664 // m_remainSize : 1271376
10-25 15:07:37.708 21799 31062 D FTPC : Upload sendBytes m_totalWrite : 58101760 // m_remainSize : 1275472
10-25 15:07:37.708 21799 31062 D FTPC : Upload sendBytes m_totalWrite : 58105856 // m_remainSize : 1279568
10-25 15:07:37.708 21799 31062 D FTPC : Upload sendBytes m_totalWrite : 58109952 // m_remainSize : 1283664
10-25 15:07:37.708 21799 31062 D FTPC : Upload sendBytes m_totalWrite : 58114048 // m_remainSize : 1287760
10-25 15:07:37.708 21799 31062 D FTPC : Upload sendBytes m_totalWrite : 58118144 // m_remainSize : 1291856
10-25 15:07:37.709 21799 31062 D FTPC : Upload sendBytes m_totalWrite : 58122240 // m_remainSize : 1295952
10-25 15:07:37.709 21799 31062 D FTPC : Upload sendBytes m_totalWrite : 58126336 // m_remainSize : 1300048
10-25 15:07:37.709 21799 31062 D FTPC : Upload sendBytes m_totalWrite : 58130432 // m_remainSize : 1304144
10-25 15:07:37.709 21799 31062 D FTPC : Upload sendBytes m_totalWrite : 58134528 // m_remainSize : 1308240
10-25 15:07:37.709 21799 31062 D FTPC : Upload sendBytes m_totalWrite : 58138624 // m_remainSize : 1312336
10-25 15:07:37.709 21799 31062 D FTPC : Upload sendBytes m_totalWrite : 58142720 // m_remainSize : 1316432
10-25 15:07:37.709 21799 31062 D FTPC : Upload sendBytes m_totalWrite : 58146816 // m_remainSize : 1320528
10-25 15:07:37.709 21799 31062 D FTPC : Upload sendBytes m_totalWrite : 58150912 // m_remainSize : 1324624
10-25 15:07:37.709 21799 31062 D FTPC : Upload sendBytes m_totalWrite : 58155008 // m_remainSize : 1328720
10-25 15:07:37.709 21799 31062 D FTPC : Upload sendBytes m_totalWrite : 58159104 // m_remainSize : 1332816
10-25 15:07:37.709 21799 31062 D FTPC : Upload sendBytes m_totalWrite : 58163200 // m_remainSize : 1336912
10-25 15:07:37.709 21799 31062 D FTPC : Upload sendBytes m_totalWrite : 58167296 // m_remainSize : 1341008
10-25 15:07:37.709 21799 31062 D FTPC : Upload sendBytes m_totalWrite : 58171392 // m_remainSize : 1345104
10-25 15:07:37.709 21799 31062 D FTPC : Upload sendBytes m_totalWrite : 58175488 // m_remainSize : 1349200
10-25 15:07:37.709 21799 31062 D FTPC : Upload sendBytes m_totalWrite : 58179584 // m_remainSize : 1353296
10-25 15:07:37.709 21799 31062 D FTPC : Upload sendBytes m_totalWrite : 58183680 // m_remainSize : 1357392
10-25 15:07:37.709 21799 31062 D FTPC : Upload sendBytes m_totalWrite : 58187776 // m_remainSize : 1361488
10-25 15:07:37.709 21799 31062 D FTPC : Upload sendBytes m_totalWrite : 58191872 // m_remainSize : 1365584
10-25 15:07:37.709 21799 31062 D FTPC : Upload sendBytes m_totalWrite : 58195968 // m_remainSize : 1369680
10-25 15:07:37.709 21799 31062 D FTPC : Upload sendBytes m_totalWrite : 58200064 // m_remainSize : 1373776
10-25 15:07:37.709 21799 31062 D FTPC : Upload sendBytes m_totalWrite : 58204160 // m_remainSize : 1360736
10-25 15:07:37.709 21799 31062 D FTPC : Upload sendBytes m_totalWrite : 58208256 // m_remainSize : 1347696
10-25 15:07:37.709 21799 31062 D FTPC : Upload sendBytes m_totalWrite : 58212352 // m_remainSize : 1351792
10-25 15:07:37.709 21799 31062 D FTPC : Upload sendBytes m_totalWrite : 58216448 // m_remainSize : 1350176
10-25 15:07:37.709 21799 31062 D FTPC : Upload sendBytes m_totalWrite : 58220544 // m_remainSize : 1332852
10-25 15:07:37.709 21799 31062 D FTPC : Upload sendBytes m_totalWrite : 58224640 // m_remainSize : 1324096
10-25 15:07:37.709 21799 31062 D FTPC : Upload sendBytes m_totalWrite : 58228736 // m_remainSize : 1321052
10-25 15:07:37.710 21799 31062 D FTPC : Upload sendBytes m_totalWrite : 58232832 // m_remainSize : 1302300
10-25 15:07:37.710 21799 31062 D FTPC : Upload sendBytes m_totalWrite : 58236928 // m_remainSize : 1306396
10-25 15:07:37.710 21799 31062 D FTPC : Upload sendBytes m_totalWrite : 58241024 // m_remainSize : 1310492
10-25 15:07:37.710 21799 31062 D FTPC : Upload sendBytes m_totalWrite : 58245120 // m_remainSize : 1314588
10-25 15:07:37.710 21799 31062 D FTPC : Upload sendBytes m_totalWrite : 58249216 // m_remainSize : 1315828
10-25 15:07:37.710 21799 31062 D FTPC : Upload sendBytes m_totalWrite : 58253312 // m_remainSize : 1317068
10-25 15:07:37.710 21799 31062 D FTPC : Upload sendBytes m_totalWrite : 58257408 // m_remainSize : 1306884
10-25 15:07:37.710 21799 31062 D FTPC : Upload sendBytes m_totalWrite : 58261504 // m_remainSize : 1310980
10-25 15:07:37.710 21799 31062 D FTPC : Upload sendBytes m_totalWrite : 58265600 // m_remainSize : 1315076
10-25 15:07:37.710 21799 31062 D FTPC : Upload sendBytes m_totalWrite : 58269696 // m_remainSize : 1319172
10-25 15:07:37.710 21799 31062 D FTPC : Upload sendBytes m_totalWrite : 58273792 // m_remainSize : 1323268
10-25 15:07:37.710 21799 31062 D FTPC : Upload sendBytes m_totalWrite : 58277888 // m_remainSize : 1321652
10-25 15:07:37.710 21799 31062 D FTPC : Upload sendBytes m_totalWrite : 58281984 // m_remainSize : 1300044
10-25 15:07:37.710 21799 31062 D FTPC : Upload sendBytes m_totalWrite : 58286080 // m_remainSize : 1299856
10-25 15:07:37.710 21799 31062 D FTPC : Upload sendBytes m_totalWrite : 58290176 // m_remainSize : 1303952
10-25 15:07:37.710 21799 31062 D FTPC : Upload sendBytes m_totalWrite : 58294272 // m_remainSize : 1308048
10-25 15:07:37.710 21799 31062 D FTPC : Upload sendBytes m_totalWrite : 58298368 // m_remainSize : 1312144
10-25 15:07:37.710 21799 31062 D FTPC : Upload sendBytes m_totalWrite : 58302464 // m_remainSize : 1316240
10-25 15:07:37.710 21799 31062 D FTPC : Upload sendBytes m_totalWrite : 58306560 // m_remainSize : 1320336
10-25 15:07:37.710 21799 31062 D FTPC : Upload sendBytes m_totalWrite : 58310656 // m_remainSize : 1324432
10-25 15:07:37.710 21799 31062 D FTPC : Upload sendBytes m_totalWrite : 58314752 // m_remainSize : 1328528
10-25 15:07:37.710 21799 31062 D FTPC : Upload sendBytes m_totalWrite : 58318848 // m_remainSize : 1332624
10-25 15:07:37.711 21799 31062 D FTPC : Upload sendBytes m_totalWrite : 58322944 // m_remainSize : 1336720
10-25 15:07:37.711 21799 31062 D FTPC : Upload sendBytes m_totalWrite : 58327040 // m_remainSize : 1323680
10-25 15:07:37.711 21799 31062 D FTPC : Upload sendBytes m_totalWrite : 58331136 // m_remainSize : 1327776
10-25 15:07:37.711 21799 31062 D FTPC : Upload sendBytes m_totalWrite : 58335232 // m_remainSize : 1307596
10-25 15:07:37.711 21799 31062 D FTPC : Upload sendBytes m_totalWrite : 58339328 // m_remainSize : 1303124
10-25 15:07:37.711 21799 31062 D FTPC : Upload sendBytes m_totalWrite : 58343424 // m_remainSize : 1307220
10-25 15:07:37.711 21799 31062 D FTPC : Upload sendBytes m_totalWrite : 58347520 // m_remainSize : 1301320
10-25 15:07:37.711 21799 31062 D FTPC : Upload sendBytes m_totalWrite : 58351616 // m_remainSize : 1299704
10-25 15:07:37.711 21799 31062 D FTPC : Upload sendBytes m_totalWrite : 58355712 // m_remainSize : 1279524
10-25 15:07:37.711 21799 31062 D FTPC : Upload sendBytes m_totalWrite : 58359808 // m_remainSize : 1273624
10-25 15:07:37.711 21799 31062 D FTPC : Upload sendBytes m_totalWrite : 58363904 // m_remainSize : 1246304
10-25 15:07:37.711 21799 31062 D FTPC : Upload sendBytes m_totalWrite : 58368000 // m_remainSize : 1247544
10-25 15:07:37.711 21799 31062 D FTPC : Upload sendBytes m_totalWrite : 58372096 // m_remainSize : 1244500
10-25 15:07:37.711 21799 31062 D FTPC : Upload sendBytes m_totalWrite : 58376192 // m_remainSize : 1232888
10-25 15:07:37.711 21799 31062 D FTPC : Upload sendBytes m_totalWrite : 58380288 // m_remainSize : 1216992
10-25 15:07:37.711 21799 31062 D FTPC : Upload sendBytes m_totalWrite : 58384384 // m_remainSize : 1212520
10-25 15:07:37.711 21799 31062 D FTPC : Upload sendBytes m_totalWrite : 58388480 // m_remainSize : 1216616
10-25 15:07:37.711 21799 31062 D FTPC : Upload sendBytes m_totalWrite : 58392576 // m_remainSize : 1220712
10-25 15:07:37.711 21799 31062 D FTPC : Upload sendBytes m_totalWrite : 58396672 // m_remainSize : 1224808
10-25 15:07:37.711 21799 31062 D FTPC : Upload sendBytes m_totalWrite : 58400768 // m_remainSize : 1228904
10-25 15:07:37.711 21799 31062 D FTPC : Upload sendBytes m_totalWrite : 58404864 // m_remainSize : 1233000
10-25 15:07:37.711 21799 31062 D FTPC : Upload sendBytes m_totalWrite : 58408960 // m_remainSize : 1237096
10-25 15:07:37.711 21799 31062 D FTPC : Upload sendBytes m_totalWrite : 58413056 // m_remainSize : 1241192
10-25 15:07:37.711 21799 31062 D FTPC : Upload sendBytes m_totalWrite : 58417152 // m_remainSize : 1245288
10-25 15:07:37.711 21799 31062 D FTPC : Upload sendBytes m_totalWrite : 58421248 // m_remainSize : 1249384
10-25 15:07:37.711 21799 31062 D FTPC : Upload sendBytes m_totalWrite : 58425344 // m_remainSize : 1250624
10-25 15:07:37.711 21799 31062 D FTPC : Upload sendBytes m_totalWrite : 58429440 // m_remainSize : 1236156
10-25 15:07:37.711 21799 31062 D FTPC : Upload sendBytes m_totalWrite : 58433536 // m_remainSize : 1233112
10-25 15:07:37.711 21799 31062 D FTPC : Upload sendBytes m_totalWrite : 58437632 // m_remainSize : 1225784
10-25 15:07:37.712 21799 31062 D FTPC : Upload sendBytes m_totalWrite : 58441728 // m_remainSize : 1212744
10-25 15:07:37.712 21799 31062 D FTPC : Upload sendBytes m_totalWrite : 58445824 // m_remainSize : 1216840
10-25 15:07:37.712 21799 31062 D FTPC : Upload sendBytes m_totalWrite : 58449920 // m_remainSize : 1220936
10-25 15:07:37.712 21799 31062 D FTPC : Upload sendBytes m_totalWrite : 58454016 // m_remainSize : 1225032
10-25 15:07:37.712 21799 31062 D FTPC : Upload sendBytes m_totalWrite : 58458112 // m_remainSize : 1229128
10-25 15:07:37.712 21799 31062 D FTPC : Upload sendBytes m_totalWrite : 58462208 // m_remainSize : 1233224
10-25 15:07:37.712 21799 31062 D FTPC : Upload sendBytes m_totalWrite : 58466304 // m_remainSize : 1237320
10-25 15:07:37.712 21799 31062 D FTPC : Upload sendBytes m_totalWrite : 58470400 // m_remainSize : 1241416
10-25 15:07:37.712 21799 31062 D FTPC : Upload sendBytes m_totalWrite : 58474496 // m_remainSize : 1245512
10-25 15:07:37.712 21799 31062 D FTPC : Upload sendBytes m_totalWrite : 58478592 // m_remainSize : 1249608
10-25 15:07:37.712 21799 31062 D FTPC : Upload sendBytes m_totalWrite : 58482688 // m_remainSize : 1253704
10-25 15:07:37.712 21799 31062 D FTPC : Upload sendBytes m_totalWrite : 58486784 // m_remainSize : 1257800
10-25 15:07:37.712 21799 31062 D FTPC : Upload sendBytes m_totalWrite : 58490880 // m_remainSize : 1261896
10-25 15:07:37.712 21799 31062 D FTPC : Upload sendBytes m_totalWrite : 58494976 // m_remainSize : 1265992
10-25 15:07:37.712 21799 31062 D FTPC : Upload sendBytes m_totalWrite : 58499072 // m_remainSize : 1270088
10-25 15:07:37.712 21799 31062 D FTPC : Upload sendBytes m_totalWrite : 58503168 // m_remainSize : 1274184
10-25 15:07:37.712 21799 31062 D FTPC : Upload sendBytes m_totalWrite : 58507264 // m_remainSize : 1278280
10-25 15:07:37.712 21799 31062 D FTPC : Upload sendBytes m_totalWrite : 58511360 // m_remainSize : 1282376
10-25 15:07:37.712 21799 31062 D FTPC : Upload sendBytes m_totalWrite : 58515456 // m_remainSize : 1286472
10-25 15:07:37.712 21799 31062 D FTPC : Upload sendBytes m_totalWrite : 58519552 // m_remainSize : 1290568
10-25 15:07:37.712 21799 31062 D FTPC : Upload sendBytes m_totalWrite : 58523648 // m_remainSize : 1294664
10-25 15:07:37.712 21799 31062 D FTPC : Upload sendBytes m_totalWrite : 58527744 // m_remainSize : 1298760
10-25 15:07:37.712 21799 31062 D FTPC : Upload sendBytes m_totalWrite : 58531840 // m_remainSize : 1302856
10-25 15:07:37.712 21799 31062 D FTPC : Upload sendBytes m_totalWrite : 58535936 // m_remainSize : 1306952
10-25 15:07:37.712 21799 31062 D FTPC : Upload sendBytes m_totalWrite : 58540032 // m_remainSize : 1311048
10-25 15:07:37.712 21799 31062 D FTPC : Upload sendBytes m_totalWrite : 58544128 // m_remainSize : 1315144
10-25 15:07:37.712 21799 31062 D FTPC : Upload sendBytes m_totalWrite : 58548224 // m_remainSize : 1319240
10-25 15:07:37.712 21799 31062 D FTPC : Upload sendBytes m_totalWrite : 58552320 // m_remainSize : 1323336
10-25 15:07:37.712 21799 31062 D FTPC : Upload sendBytes m_totalWrite : 58556416 // m_remainSize : 1327432
10-25 15:07:37.712 21799 31062 D FTPC : Upload sendBytes m_totalWrite : 58560512 // m_remainSize : 1331528
10-25 15:07:37.713 21799 31062 D FTPC : Upload sendBytes m_totalWrite : 58564608 // m_remainSize : 1335624
10-25 15:07:37.713 21799 31062 D FTPC : Upload sendBytes m_totalWrite : 58568704 // m_remainSize : 1339720
10-25 15:07:37.713 21799 31062 D FTPC : Upload sendBytes m_totalWrite : 58572800 // m_remainSize : 1343816
10-25 15:07:37.713 21799 31062 D FTPC : Upload sendBytes m_totalWrite : 58576896 // m_remainSize : 1347912
10-25 15:07:37.713 21799 31062 D FTPC : Upload sendBytes m_totalWrite : 58580992 // m_remainSize : 1352008
10-25 15:07:37.713 21799 31062 D FTPC : Upload sendBytes m_totalWrite : 58585088 // m_remainSize : 1356104
10-25 15:07:37.713 21799 31062 D FTPC : Upload sendBytes m_totalWrite : 58589184 // m_remainSize : 1360200
10-25 15:07:37.713 21799 31062 D FTPC : Upload sendBytes m_totalWrite : 58593280 // m_remainSize : 1364296
10-25 15:07:37.713 21799 31062 D FTPC : Upload sendBytes m_totalWrite : 58597376 // m_remainSize : 1368392
10-25 15:07:37.713 21799 31062 D FTPC : Upload sendBytes m_totalWrite : 58601472 // m_remainSize : 1372488
10-25 15:07:37.713 21799 31062 D FTPC : Upload sendBytes m_totalWrite : 58605568 // m_remainSize : 1376584
10-25 15:07:37.713 21799 31062 D FTPC : Upload sendBytes m_totalWrite : 58609664 // m_remainSize : 1380680
10-25 15:07:37.713 21799 31062 D FTPC : Upload sendBytes m_totalWrite : 58613760 // m_remainSize : 1384776
10-25 15:07:37.713 21799 31062 D FTPC : Upload sendBytes m_totalWrite : 58617856 // m_remainSize : 1388872
10-25 15:07:37.713 21799 31062 D FTPC : Upload sendBytes m_totalWrite : 58621952 // m_remainSize : 1392968
10-25 15:07:37.713 21799 31062 D FTPC : Upload sendBytes m_totalWrite : 58626048 // m_remainSize : 1397064
10-25 15:07:37.713 21799 31062 D FTPC : Upload sendBytes m_totalWrite : 58630144 // m_remainSize : 1401160
10-25 15:07:37.713 21799 31062 D FTPC : Upload sendBytes m_totalWrite : 58634240 // m_remainSize : 1405256
10-25 15:07:37.713 21799 31062 D FTPC : Upload sendBytes m_totalWrite : 58638336 // m_remainSize : 1409352
10-25 15:07:37.713 21799 31062 D FTPC : Upload sendBytes m_totalWrite : 58642432 // m_remainSize : 1413448
10-25 15:07:37.713 21799 31062 D FTPC : Upload sendBytes m_totalWrite : 58646528 // m_remainSize : 1417544
10-25 15:07:37.713 21799 31062 D FTPC : Upload sendBytes m_totalWrite : 58650624 // m_remainSize : 1421640
10-25 15:07:37.713 21799 31062 D FTPC : Upload sendBytes m_totalWrite : 58654720 // m_remainSize : 1425736
10-25 15:07:37.713 21799 31062 D FTPC : Upload sendBytes m_totalWrite : 58658816 // m_remainSize : 1429832
10-25 15:07:37.713 21799 31062 D FTPC : Upload sendBytes m_totalWrite : 58662912 // m_remainSize : 1433928
10-25 15:07:37.713 21799 31062 D FTPC : Upload sendBytes m_totalWrite : 58667008 // m_remainSize : 1438024
10-25 15:07:37.713 21799 31062 D FTPC : Upload sendBytes m_totalWrite : 58671104 // m_remainSize : 1442120
10-25 15:07:37.713 21799 31062 D FTPC : Upload sendBytes m_totalWrite : 58675200 // m_remainSize : 1446216
10-25 15:07:37.713 21799 31062 D FTPC : Upload sendBytes m_totalWrite : 58679296 // m_remainSize : 1450312
10-25 15:07:37.713 21799 31062 D FTPC : Upload sendBytes m_totalWrite : 58683392 // m_remainSize : 1454408
10-25 15:07:37.713 21799 31062 D FTPC : Upload sendBytes m_totalWrite : 58687488 // m_remainSize : 1458504
10-25 15:07:37.714 21799 31062 D FTPC : Upload sendBytes m_totalWrite : 58691584 // m_remainSize : 1462600
10-25 15:07:37.714 21799 31062 D FTPC : Upload sendBytes m_totalWrite : 58695680 // m_remainSize : 1466696
10-25 15:07:37.714 21799 31062 D FTPC : Upload sendBytes m_totalWrite : 58699776 // m_remainSize : 1470792
10-25 15:07:37.714 21799 31062 D FTPC : Upload sendBytes m_totalWrite : 58703872 // m_remainSize : 1474888
10-25 15:07:37.714 21799 31062 D FTPC : Upload sendBytes m_totalWrite : 58707968 // m_remainSize : 1478984
10-25 15:07:37.714 21799 31062 D FTPC : Upload sendBytes m_totalWrite : 58712064 // m_remainSize : 1483080
10-25 15:07:37.714 21799 31062 D FTPC : Upload sendBytes m_totalWrite : 58716160 // m_remainSize : 1487176
10-25 15:07:37.714 21799 31062 D FTPC : Upload sendBytes m_totalWrite : 58720256 // m_remainSize : 1491272
10-25 15:07:37.714 21799 31062 D FTPC : Upload sendBytes m_totalWrite : 58724352 // m_remainSize : 1495368
10-25 15:07:37.714 21799 31062 D FTPC : Upload sendBytes m_totalWrite : 58728448 // m_remainSize : 1499464
10-25 15:07:37.714 21799 31062 D FTPC : Upload sendBytes m_totalWrite : 58732544 // m_remainSize : 1503560
10-25 15:07:37.714 21799 31062 D FTPC : Upload sendBytes m_totalWrite : 58736640 // m_remainSize : 1507656
10-25 15:07:37.714 21799 31062 D FTPC : Upload sendBytes m_totalWrite : 58740736 // m_remainSize : 1511752
10-25 15:07:37.714 21799 31062 D FTPC : Upload sendBytes m_totalWrite : 58744832 // m_remainSize : 1515848
10-25 15:07:37.714 21799 31062 D FTPC : Upload sendBytes m_totalWrite : 58748928 // m_remainSize : 1519944
10-25 15:07:37.714 21799 31062 D FTPC : Upload sendBytes m_totalWrite : 58753024 // m_remainSize : 1524040
10-25 15:07:37.714 21799 31062 D FTPC : Upload sendBytes m_totalWrite : 58757120 // m_remainSize : 1528136
10-25 15:07:37.714 21799 31062 D FTPC : Upload sendBytes m_totalWrite : 58761216 // m_remainSize : 1532232
10-25 15:07:37.714 21799 31062 D FTPC : Upload sendBytes m_totalWrite : 58765312 // m_remainSize : 1536328
10-25 15:07:37.714 21799 31062 D FTPC : Upload sendBytes m_totalWrite : 58769408 // m_remainSize : 1540424
10-25 15:07:37.714 21799 31062 D FTPC : Upload sendBytes m_totalWrite : 58773504 // m_remainSize : 1544520
10-25 15:07:37.714 21799 31062 D FTPC : Upload sendBytes m_totalWrite : 58777600 // m_remainSize : 1548616
10-25 15:07:37.714 21799 31062 D FTPC : Upload sendBytes m_totalWrite : 58781696 // m_remainSize : 1552712
10-25 15:07:37.714 21799 31062 D FTPC : Upload sendBytes m_totalWrite : 58785792 // m_remainSize : 1556808
10-25 15:07:37.714 21799 31062 D FTPC : Upload sendBytes m_totalWrite : 58789888 // m_remainSize : 1560904
10-25 15:07:37.714 21799 31062 D FTPC : Upload sendBytes m_totalWrite : 58793984 // m_remainSize : 1565000
10-25 15:07:37.715 21799 31062 D FTPC : Upload sendBytes m_totalWrite : 58798080 // m_remainSize : 1569096
10-25 15:07:37.715 21799 31062 D FTPC : Upload sendBytes m_totalWrite : 58802176 // m_remainSize : 1573192
10-25 15:07:37.715 21799 31062 D FTPC : Upload sendBytes m_totalWrite : 58806272 // m_remainSize : 1577288
10-25 15:07:37.715 21799 31062 D FTPC : Upload sendBytes m_totalWrite : 58810368 // m_remainSize : 1581384
10-25 15:07:37.715 21799 31062 D FTPC : Upload sendBytes m_totalWrite : 58814464 // m_remainSize : 1585480
10-25 15:07:37.715 21799 31062 D FTPC : Upload sendBytes m_totalWrite : 58818560 // m_remainSize : 1589576
10-25 15:07:37.715 21799 31062 D FTPC : Upload sendBytes m_totalWrite : 58822656 // m_remainSize : 1593672
10-25 15:07:37.715 21799 31062 D FTPC : Upload sendBytes m_totalWrite : 58826752 // m_remainSize : 1597768
10-25 15:07:37.715 21799 31062 D FTPC : Upload sendBytes m_totalWrite : 58830848 // m_remainSize : 1601864
10-25 15:07:37.715 21799 31062 D FTPC : Upload sendBytes m_totalWrite : 58834944 // m_remainSize : 1605960
10-25 15:07:37.715 21799 31062 D FTPC : Upload sendBytes m_totalWrite : 58839040 // m_remainSize : 1610056
10-25 15:07:37.715 21799 31062 D FTPC : Upload sendBytes m_totalWrite : 58843136 // m_remainSize : 1614152
10-25 15:07:37.715 21799 31062 D FTPC : Upload sendBytes m_totalWrite : 58847232 // m_remainSize : 1618248
10-25 15:07:37.715 21799 31062 D FTPC : Upload sendBytes m_totalWrite : 58851328 // m_remainSize : 1622344
10-25 15:07:37.715 21799 31062 D FTPC : Upload sendBytes m_totalWrite : 58855424 // m_remainSize : 1626440
10-25 15:07:37.715 21799 31062 D FTPC : Upload sendBytes m_totalWrite : 58859520 // m_remainSize : 1630536
10-25 15:07:37.715 21799 31062 D FTPC : Upload sendBytes m_totalWrite : 58863616 // m_remainSize : 1634632
10-25 15:07:37.715 21799 31062 D FTPC : Upload sendBytes m_totalWrite : 58867712 // m_remainSize : 1638728
10-25 15:07:37.715 21799 31062 D FTPC : Upload sendBytes m_totalWrite : 58871808 // m_remainSize : 1642824
10-25 15:07:37.715 21799 31062 D FTPC : Upload sendBytes m_totalWrite : 58875904 // m_remainSize : 1646920
10-25 15:07:37.715 21799 31062 D FTPC : Upload sendBytes m_totalWrite : 58880000 // m_remainSize : 1651016
10-25 15:07:37.715 21799 31062 D FTPC : Upload sendBytes m_totalWrite : 58884096 // m_remainSize : 1655112
10-25 15:07:37.715 21799 31062 D FTPC : Upload sendBytes m_totalWrite : 58888192 // m_remainSize : 1659208
10-25 15:07:37.715 21799 31062 D FTPC : Upload sendBytes m_totalWrite : 58892288 // m_remainSize : 1663304
10-25 15:07:37.715 21799 30828 D FTPC : getTotalBytes : 57228984 // 0 // 0
10-25 15:07:37.715 21799 31062 D FTPC : Upload sendBytes m_totalWrite : 58896384 // m_remainSize : 1667400
10-25 15:07:37.715 21799 31062 D FTPC : Upload sendBytes m_totalWrite : 58900480 // m_remainSize : 1671496
10-25 15:07:37.715 21799 30828 D AUTOCALL: ThroTimerTask doTask(...) afterPacket : 57228984
10-25 15:07:37.715 21799 31062 D FTPC : Upload sendBytes m_totalWrite : 58904576 // m_remainSize : 1675592
10-25 15:07:37.715 21799 31062 D FTPC : Upload sendBytes m_totalWrite : 58908672 // m_remainSize : 1679688
10-25 15:07:37.716 21799 31062 D FTPC : Upload sendBytes m_totalWrite : 58912768 // m_remainSize : 1683784
10-25 15:07:37.716 21799 31062 D FTPC : Upload sendBytes m_totalWrite : 58916864 // m_remainSize : 1687880
10-25 15:07:37.716 21799 31062 D FTPC : Upload sendBytes m_totalWrite : 58920960 // m_remainSize : 1691976
10-25 15:07:37.716 21799 31062 D FTPC : Upload sendBytes m_totalWrite : 58925056 // m_remainSize : 1696072
10-25 15:07:37.716 21799 31062 D FTPC : Upload sendBytes m_totalWrite : 58929152 // m_remainSize : 1700168
10-25 15:07:37.716 21799 31062 D FTPC : Upload sendBytes m_totalWrite : 58933248 // m_remainSize : 1704264
10-25 15:07:37.716 21799 31062 D FTPC : Upload sendBytes m_totalWrite : 58937344 // m_remainSize : 1708360
10-25 15:07:37.716 21799 31062 D FTPC : Upload sendBytes m_totalWrite : 58941440 // m_remainSize : 1712456
10-25 15:07:37.716 21799 31062 D FTPC : Upload sendBytes m_totalWrite : 58945536 // m_remainSize : 1716552
10-25 15:07:37.716 21799 31062 D FTPC : Upload sendBytes m_totalWrite : 58949632 // m_remainSize : 1720648
10-25 15:07:37.716 21799 31062 D FTPC : Upload sendBytes m_totalWrite : 58953728 // m_remainSize : 1724744
10-25 15:07:37.716 21799 31062 D FTPC : Upload sendBytes m_totalWrite : 58957824 // m_remainSize : 1728840
10-25 15:07:37.716 21799 31062 D FTPC : Upload sendBytes m_totalWrite : 58961920 // m_remainSize : 1732936
10-25 15:07:37.716 21799 31062 D FTPC : Upload sendBytes m_totalWrite : 58966016 // m_remainSize : 1737032
10-25 15:07:37.716 21799 31062 D FTPC : Upload sendBytes m_totalWrite : 58970112 // m_remainSize : 1741128
10-25 15:07:37.716 21799 31062 D FTPC : Upload sendBytes m_totalWrite : 58974208 // m_remainSize : 1745224
10-25 15:07:37.716 21799 31062 D FTPC : Upload sendBytes m_totalWrite : 58978304 // m_remainSize : 1749320
10-25 15:07:37.716 21799 31062 D FTPC : Upload sendBytes m_totalWrite : 58982400 // m_remainSize : 1753416
10-25 15:07:37.716 21799 31062 D FTPC : Upload sendBytes m_totalWrite : 58986496 // m_remainSize : 1757512
10-25 15:07:37.716 21799 31062 D FTPC : Upload sendBytes m_totalWrite : 58990592 // m_remainSize : 1761608
10-25 15:07:37.716 21799 31062 D FTPC : Upload sendBytes m_totalWrite : 58994688 // m_remainSize : 1765704
10-25 15:07:37.716 21799 31062 D FTPC : Upload sendBytes m_totalWrite : 58998784 // m_remainSize : 1769800
10-25 15:07:37.716 21799 31062 D FTPC : Upload sendBytes m_totalWrite : 59002880 // m_remainSize : 1773896
10-25 15:07:37.716 21799 31062 D FTPC : Upload sendBytes m_totalWrite : 59006976 // m_remainSize : 1777992
10-25 15:07:37.716 21799 31062 D FTPC : Upload sendBytes m_totalWrite : 59011072 // m_remainSize : 1782088
10-25 15:07:37.716 21799 31062 D FTPC : Upload sendBytes m_totalWrite : 59015168 // m_remainSize : 1786184
10-25 15:07:37.716 21799 31062 D FTPC : Upload sendBytes m_totalWrite : 59019264 // m_remainSize : 1790280
10-25 15:07:37.716 21799 31062 D FTPC : Upload sendBytes m_totalWrite : 59023360 // m_remainSize : 1794376
10-25 15:07:37.716 21799 31062 D FTPC : Upload sendBytes m_totalWrite : 59027456 // m_remainSize : 1798472
10-25 15:07:37.716 21799 31062 D FTPC : Upload sendBytes m_totalWrite : 59031552 // m_remainSize : 1802568
10-25 15:07:37.716 21799 31062 D FTPC : Upload sendBytes m_totalWrite : 59035648 // m_remainSize : 1806664
10-25 15:07:37.716 21799 31062 D FTPC : Upload sendBytes m_totalWrite : 59039744 // m_remainSize : 1810760
10-25 15:07:37.716 21799 31062 D FTPC : Upload sendBytes m_totalWrite : 59043840 // m_remainSize : 1814856
10-25 15:07:37.716 21799 31062 D FTPC : Upload sendBytes m_totalWrite : 59047936 // m_remainSize : 1818952
10-25 15:07:37.716 21799 31062 D FTPC : Upload sendBytes m_totalWrite : 59052032 // m_remainSize : 1823048
10-25 15:07:37.716 21799 31062 D FTPC : Upload sendBytes m_totalWrite : 59056128 // m_remainSize : 1827144
10-25 15:07:37.716 21799 31062 D FTPC : Upload sendBytes m_totalWrite : 59060224 // m_remainSize : 1831240
10-25 15:07:37.717 21799 31062 D FTPC : Upload sendBytes m_totalWrite : 59064320 // m_remainSize : 1835336
10-25 15:07:37.717 21799 31062 D FTPC : Upload sendBytes m_totalWrite : 59068416 // m_remainSize : 1839432
10-25 15:07:37.717 21799 31062 D FTPC : Upload sendBytes m_totalWrite : 59072512 // m_remainSize : 1843528
10-25 15:07:37.717 21799 31062 D FTPC : Upload sendBytes m_totalWrite : 59076608 // m_remainSize : 1847624
10-25 15:07:37.717 21799 31062 D FTPC : Upload sendBytes m_totalWrite : 59080704 // m_remainSize : 1851720
10-25 15:07:37.717 21799 31062 D FTPC : Upload sendBytes m_totalWrite : 59084800 // m_remainSize : 1855816
10-25 15:07:37.717 21799 31062 D FTPC : Upload sendBytes m_totalWrite : 59088896 // m_remainSize : 1859912
10-25 15:07:37.717 21799 31062 D FTPC : Upload sendBytes m_totalWrite : 59092992 // m_remainSize : 1864008
10-25 15:07:37.717 21799 31062 D FTPC : Upload sendBytes m_totalWrite : 59097088 // m_remainSize : 1868104
10-25 15:07:37.717 21799 31062 D FTPC : Upload sendBytes m_totalWrite : 59101184 // m_remainSize : 1872200
10-25 15:07:37.717 21799 31062 D FTPC : Upload sendBytes m_totalWrite : 59105280 // m_remainSize : 1876296
10-25 15:07:37.717 21799 31062 D FTPC : Upload sendBytes m_totalWrite : 59109376 // m_remainSize : 1880392
10-25 15:07:37.717 21799 31062 D FTPC : Upload sendBytes m_totalWrite : 59113472 // m_remainSize : 1884488
10-25 15:07:37.717 21799 31062 D FTPC : Upload sendBytes m_totalWrite : 59117568 // m_remainSize : 1888584
10-25 15:07:37.717 21799 31062 D FTPC : Upload sendBytes m_totalWrite : 59121664 // m_remainSize : 1892680
10-25 15:07:37.717 21799 31062 D FTPC : Upload sendBytes m_totalWrite : 59125760 // m_remainSize : 1896776
10-25 15:07:37.717 21799 31062 D FTPC : Upload sendBytes m_totalWrite : 59129856 // m_remainSize : 1900872
10-25 15:07:37.717 21799 31062 D FTPC : Upload sendBytes m_totalWrite : 59133952 // m_remainSize : 1904968
10-25 15:07:37.717 21799 31062 D FTPC : Upload sendBytes m_totalWrite : 59138048 // m_remainSize : 1909064
10-25 15:07:37.717 21799 31062 D FTPC : Upload sendBytes m_totalWrite : 59142144 // m_remainSize : 1913160
10-25 15:07:37.717 21799 31062 D FTPC : Upload sendBytes m_totalWrite : 59146240 // m_remainSize : 1917256
10-25 15:07:37.717 21799 31062 D FTPC : Upload sendBytes m_totalWrite : 59150336 // m_remainSize : 1921352
10-25 15:07:37.717 21799 31062 D FTPC : Upload sendBytes m_totalWrite : 59154432 // m_remainSize : 1925448
10-25 15:07:37.717 1632 1632 I HWComposer: [4630946315032985731] ActiveConfigToHWC, ID : 12
10-25 15:07:37.717 21799 31062 D FTPC : Upload sendBytes m_totalWrite : 59158528 // m_remainSize : 1929544
10-25 15:07:37.717 21799 31062 D FTPC : Upload sendBytes m_totalWrite : 59162624 // m_remainSize : 1933640
10-25 15:07:37.717 21799 31062 D FTPC : Upload sendBytes m_totalWrite : 59166720 // m_remainSize : 1937736
10-25 15:07:37.717 21799 31062 D FTPC : Upload sendBytes m_totalWrite : 59170816 // m_remainSize : 1941832
10-25 15:07:37.717 21799 31062 D FTPC : Upload sendBytes m_totalWrite : 59174912 // m_remainSize : 1945928
10-25 15:07:37.717 21799 31062 D FTPC : Upload sendBytes m_totalWrite : 59179008 // m_remainSize : 1950024
10-25 15:07:37.717 21799 31062 D FTPC : Upload sendBytes m_totalWrite : 59183104 // m_remainSize : 1954120
10-25 15:07:37.717 21799 31062 D FTPC : Upload sendBytes m_totalWrite : 59187200 // m_remainSize : 1958216
10-25 15:07:37.717 21799 31062 D FTPC : Upload sendBytes m_totalWrite : 59191296 // m_remainSize : 1962312
10-25 15:07:37.717 21799 31062 D FTPC : Upload sendBytes m_totalWrite : 59195392 // m_remainSize : 1966408
10-25 15:07:37.717 21799 31062 D FTPC : Upload sendBytes m_totalWrite : 59199488 // m_remainSize : 1970504
10-25 15:07:37.717 21799 31062 D FTPC : Upload sendBytes m_totalWrite : 59203584 // m_remainSize : 1974600
10-25 15:07:37.717 21799 31062 D FTPC : Upload sendBytes m_totalWrite : 59207680 // m_remainSize : 1978696
10-25 15:07:37.717 1632 1632 I LayerHistory: com.innowireless.xcal.mobile5/com.innowireless.xcal.mobile5.ui.Main_Activity$_21799#1697 is infrequent
10-25 15:07:37.717 21799 31062 D FTPC : Upload sendBytes m_totalWrite : 59211776 // m_remainSize : 1982792
10-25 15:07:37.717 1632 1632 I SurfaceFlinger: All layers Min - choose 24.00 Hz
10-25 15:07:37.717 21799 31062 D FTPC : Upload sendBytes m_totalWrite : 59215872 // m_remainSize : 1986888
10-25 15:07:37.717 21799 31062 D FTPC : Upload sendBytes m_totalWrite : 59219968 // m_remainSize : 1990984
10-25 15:07:37.717 21799 31062 D FTPC : Upload sendBytes m_totalWrite : 59224064 // m_remainSize : 1995080
10-25 15:07:37.717 21799 31062 D FTPC : Upload sendBytes m_totalWrite : 59228160 // m_remainSize : 1999176
10-25 15:07:37.718 21799 31062 D FTPC : Upload sendBytes m_totalWrite : 59232256 // m_remainSize : 2003272
10-25 15:07:37.718 21799 31062 D FTPC : Upload sendBytes m_totalWrite : 59236352 // m_remainSize : 2007368
10-25 15:07:37.718 21799 31062 D FTPC : Upload sendBytes m_totalWrite : 59240448 // m_remainSize : 2011464
10-25 15:07:37.718 21799 31062 D FTPC : Upload sendBytes m_totalWrite : 59244544 // m_remainSize : 2015560
10-25 15:07:37.718 21799 31062 D FTPC : Upload sendBytes m_totalWrite : 59248640 // m_remainSize : 2019656
10-25 15:07:37.718 21799 31062 D FTPC : Upload sendBytes m_totalWrite : 59252736 // m_remainSize : 2023752
10-25 15:07:37.718 21799 31062 D FTPC : Upload sendBytes m_totalWrite : 59256832 // m_remainSize : 2027848
10-25 15:07:37.718 21799 31062 D FTPC : Upload sendBytes m_totalWrite : 59260928 // m_remainSize : 2031944
10-25 15:07:37.718 21799 31062 D FTPC : Upload sendBytes m_totalWrite : 59265024 // m_remainSize : 2036040
10-25 15:07:37.718 21799 31062 D FTPC : Upload sendBytes m_totalWrite : 59269120 // m_remainSize : 2040136
10-25 15:07:37.718 21799 31062 D FTPC : Upload sendBytes m_totalWrite : 59273216 // m_remainSize : 2044232
10-25 15:07:37.718 21799 31062 D FTPC : Upload sendBytes m_totalWrite : 59277312 // m_remainSize : 2048328
10-25 15:07:37.718 21799 31062 D FTPC : Upload sendBytes m_totalWrite : 59281408 // m_remainSize : 2052424
10-25 15:07:37.718 21799 31062 D FTPC : Upload sendBytes m_totalWrite : 59285504 // m_remainSize : 2056520
10-25 15:07:37.718 21799 31062 D FTPC : Upload sendBytes m_totalWrite : 59289600 // m_remainSize : 2060616
10-25 15:07:37.718 21799 31062 D FTPC : Upload sendBytes m_totalWrite : 59293696 // m_remainSize : 2064712
10-25 15:07:37.718 21799 31062 D FTPC : Upload sendBytes m_totalWrite : 59297792 // m_remainSize : 2068808
10-25 15:07:37.718 21799 31062 D FTPC : Upload sendBytes m_totalWrite : 59301888 // m_remainSize : 2072904
10-25 15:07:37.718 21799 31062 D FTPC : Upload sendBytes m_totalWrite : 59305984 // m_remainSize : 2077000
10-25 15:07:37.718 21799 31062 D FTPC : Upload sendBytes m_totalWrite : 59310080 // m_remainSize : 2081096
10-25 15:07:37.718 21799 31062 D FTPC : Upload sendBytes m_totalWrite : 59314176 // m_remainSize : 2085192
10-25 15:07:37.718 21799 31062 D FTPC : Upload sendBytes m_totalWrite : 59318272 // m_remainSize : 2089288
10-25 15:07:37.718 21799 31062 D FTPC : Upload sendBytes m_totalWrite : 59322368 // m_remainSize : 2093384
10-25 15:07:37.718 21799 31062 D FTPC : Upload sendBytes m_totalWrite : 59326464 // m_remainSize : 2097480
10-25 15:07:37.718 21799 31062 D FTPC : Upload sendBytes m_totalWrite : 59330560 // m_remainSize : 2101576
10-25 15:07:37.718 21799 31062 D FTPC : Upload sendBytes m_totalWrite : 59334656 // m_remainSize : 2105672
10-25 15:07:37.718 21799 31062 D FTPC : Upload sendBytes m_totalWrite : 59338752 // m_remainSize : 2109768
10-25 15:07:37.718 21799 31062 D FTPC : Upload sendBytes m_totalWrite : 59342848 // m_remainSize : 2113864
10-25 15:07:37.718 21799 31062 D FTPC : Upload sendBytes m_totalWrite : 59346944 // m_remainSize : 2117960
10-25 15:07:37.718 21799 31062 D FTPC : Upload sendBytes m_totalWrite : 59351040 // m_remainSize : 2122056
10-25 15:07:37.718 21799 31062 D FTPC : Upload sendBytes m_totalWrite : 59355136 // m_remainSize : 2126152
10-25 15:07:37.718 21799 31062 D FTPC : Upload sendBytes m_totalWrite : 59359232 // m_remainSize : 2130248
10-25 15:07:37.723 21799 31062 D FTPC : Upload sendBytes m_totalWrite : 59363328 // m_remainSize : 2122920
10-25 15:07:37.723 21799 31062 D FTPC : Upload sendBytes m_totalWrite : 59367424 // m_remainSize : 2112736
10-25 15:07:37.723 21799 31062 D FTPC : Upload sendBytes m_totalWrite : 59371520 // m_remainSize : 2113976
10-25 15:07:37.723 21799 31062 D FTPC : Upload sendBytes m_totalWrite : 59375616 // m_remainSize : 2109504
10-25 15:07:37.723 21799 31062 D FTPC : Upload sendBytes m_totalWrite : 59379712 // m_remainSize : 2113600
10-25 15:07:37.723 21799 31062 D FTPC : Upload sendBytes m_totalWrite : 59383808 // m_remainSize : 2110556
10-25 15:07:37.723 21799 31062 D FTPC : Upload sendBytes m_totalWrite : 59387904 // m_remainSize : 2111796
10-25 15:07:37.723 21799 31062 D FTPC : Upload sendBytes m_totalWrite : 59392000 // m_remainSize : 2115892
10-25 15:07:37.723 21799 31062 D FTPC : Upload sendBytes m_totalWrite : 59396096 // m_remainSize : 2119988
10-25 15:07:37.723 21799 31062 D FTPC : Upload sendBytes m_totalWrite : 59400192 // m_remainSize : 2124084
10-25 15:07:37.723 21799 31062 D FTPC : Upload sendBytes m_totalWrite : 59404288 // m_remainSize : 2128180
10-25 15:07:37.723 21799 31062 D FTPC : Upload sendBytes m_totalWrite : 59408384 // m_remainSize : 2132276
10-25 15:07:37.724 1523 1918 I SDM : HWDeviceDRM::SetDisplaySwitchMode: [DispConfigs] check hs_mode 1
10-25 15:07:37.724 21799 31062 D FTPC : Upload sendBytes m_totalWrite : 59412480 // m_remainSize : 2106384
10-25 15:07:37.724 1523 1918 W SDM : HWDeviceDRM::GetSupportedBitClkRate: Requested rate not supported: 1362080000
10-25 15:07:37.724 1523 1918 I SDM : HWDeviceDRM::SetDisplaySwitchMode: [DispConfigs] Set mode index:12 1080x2340x24xcmdHS, hs_mode(1), found_mode(1)
10-25 15:07:37.724 21799 31062 D FTPC : Upload sendBytes m_totalWrite : 59416576 // m_remainSize : 2107624
10-25 15:07:37.724 21799 31062 D FTPC : Upload sendBytes m_totalWrite : 59420672 // m_remainSize : 2111720
10-25 15:07:37.724 21799 31062 D FTPC : Upload sendBytes m_totalWrite : 59424768 // m_remainSize : 2108676
10-25 15:07:37.724 21799 31062 D FTPC : Upload sendBytes m_totalWrite : 59428864 // m_remainSize : 2112772
10-25 15:07:37.724 21799 31062 D FTPC : Upload sendBytes m_totalWrite : 59432960 // m_remainSize : 2116868
10-25 15:07:37.724 21799 31062 D FTPC : Upload sendBytes m_totalWrite : 59437056 // m_remainSize : 2120964
10-25 15:07:37.724 21799 31062 D FTPC : Upload sendBytes m_totalWrite : 59441152 // m_remainSize : 2125060
10-25 15:07:37.724 21799 31062 D FTPC : Upload sendBytes m_totalWrite : 59445248 // m_remainSize : 2129156
10-25 15:07:37.724 21799 31062 D FTPC : Upload sendBytes m_totalWrite : 59449344 // m_remainSize : 2131824
10-25 15:07:37.724 1523 1918 I SDM : HWDeviceDRM::UpdateMixerAttributes: Mixer WxH 1080x2340-1 for Peripheral
10-25 15:07:37.724 21799 31062 D FTPC : Upload sendBytes m_totalWrite : 59453440 // m_remainSize : 2127352
10-25 15:07:37.724 21799 31062 D FTPC : Upload sendBytes m_totalWrite : 59457536 // m_remainSize : 2131448
10-25 15:07:37.724 1523 1918 I SDM : HWCDisplay::SubmitDisplayConfig: [MultiResolution] Set FrameBuffer to config = 12, wh = (1080, 2340)
10-25 15:07:37.724 1523 1918 I SDM : DisplayBase::SetFrameBufferConfig: New framebuffer resolution (1080x2340)
10-25 15:07:37.724 1523 1918 I SDM : HWCDisplay::SetFrameBufferConfig: New framebuffer resolution (1080x2340)
10-25 15:07:37.724 2356 3535 D OpenNetworkQos[4.00]: getOpenNetworkQosNoInternetStatus: false
10-25 15:07:37.724 1523 1918 I SDM : HWCDisplay::SubmitDisplayConfig: Active configuration changed from config 7 to 12
10-25 15:07:37.724 2356 3535 D OpenNetworkQos[4.00]: getOpenNetworkQosScores: 10 0 0
10-25 15:07:37.724 21799 31062 D FTPC : Upload sendBytes m_totalWrite : 59461632 // m_remainSize : 2122692
10-25 15:07:37.724 2356 3535 D KNOX_MDM_SettingsProvider: isChangeAllowed() : name = wifi_wcm_qos_sharing_score_summary
10-25 15:07:37.724 21799 31062 D FTPC : Upload sendBytes m_totalWrite : 59465728 // m_remainSize : 2122504
