10-25 15:07:36.364 21799 31062 D FTPC : Upload sendBytes m_totalWrite : 18079744 // m_remainSize : 946612
10-25 15:07:36.364 21799 31062 D FTPC : Upload sendBytes m_totalWrite : 18083840 // m_remainSize : 950708
10-25 15:07:36.364 21799 31062 D FTPC : Upload sendBytes m_totalWrite : 18087936 // m_remainSize : 954804
10-25 15:07:36.364 21799 31062 D FTPC : Upload sendBytes m_totalWrite : 18092032 // m_remainSize : 958900
10-25 15:07:36.364 21799 31062 D FTPC : Upload sendBytes m_totalWrite : 18096128 // m_remainSize : 962996
10-25 15:07:36.364 21799 31062 D FTPC : Upload sendBytes m_totalWrite : 18100224 // m_remainSize : 967092
10-25 15:07:36.364 21799 31062 D FTPC : Upload sendBytes m_totalWrite : 18104320 // m_remainSize : 971188
10-25 15:07:36.364 21799 31062 D FTPC : Upload sendBytes m_totalWrite : 18108416 // m_remainSize : 975284
10-25 15:07:36.364 21799 31062 D FTPC : Upload sendBytes m_totalWrite : 18112512 // m_remainSize : 979380
10-25 15:07:36.364 21799 31062 D FTPC : Upload sendBytes m_totalWrite : 18116608 // m_remainSize : 983476
10-25 15:07:36.364 21799 31062 D FTPC : Upload sendBytes m_totalWrite : 18120704 // m_remainSize : 987572
10-25 15:07:36.364 21799 31062 D FTPC : Upload sendBytes m_totalWrite : 18124800 // m_remainSize : 991668
10-25 15:07:36.364 21799 31062 D FTPC : Upload sendBytes m_totalWrite : 18128896 // m_remainSize : 995764
10-25 15:07:36.364 21799 31062 D FTPC : Upload sendBytes m_totalWrite : 18132992 // m_remainSize : 999860
10-25 15:07:36.364 21799 31062 D FTPC : Upload sendBytes m_totalWrite : 18137088 // m_remainSize : 1003956
10-25 15:07:36.364 21799 31062 D FTPC : Upload sendBytes m_totalWrite : 18141184 // m_remainSize : 1008052
10-25 15:07:36.364 21799 31062 D FTPC : Upload sendBytes m_totalWrite : 18145280 // m_remainSize : 1012148
10-25 15:07:36.364 21799 31062 D FTPC : Upload sendBytes m_totalWrite : 18149376 // m_remainSize : 1016244
10-25 15:07:36.364 21799 31062 D FTPC : Upload sendBytes m_totalWrite : 18153472 // m_remainSize : 1020340
10-25 15:07:36.364 21799 31062 D FTPC : Upload sendBytes m_totalWrite : 18157568 // m_remainSize : 1024436
10-25 15:07:36.364 21799 31062 D FTPC : Upload sendBytes m_totalWrite : 18161664 // m_remainSize : 1028532
10-25 15:07:36.364 21799 31062 D FTPC : Upload sendBytes m_totalWrite : 18165760 // m_remainSize : 1032628
10-25 15:07:36.364 21799 31062 D FTPC : Upload sendBytes m_totalWrite : 18169856 // m_remainSize : 1036724
10-25 15:07:36.364 21799 31062 D FTPC : Upload sendBytes m_totalWrite : 18173952 // m_remainSize : 1040820
10-25 15:07:36.364 21799 31062 D FTPC : Upload sendBytes m_totalWrite : 18178048 // m_remainSize : 1044916
10-25 15:07:36.364 21799 31062 D FTPC : Upload sendBytes m_totalWrite : 18182144 // m_remainSize : 1049012
10-25 15:07:36.364 21799 31062 D FTPC : Upload sendBytes m_totalWrite : 18186240 // m_remainSize : 1053108
10-25 15:07:36.365 21799 31062 D FTPC : Upload sendBytes m_totalWrite : 18190336 // m_remainSize : 1057204
10-25 15:07:36.365 21799 31062 D FTPC : Upload sendBytes m_totalWrite : 18194432 // m_remainSize : 1061300
10-25 15:07:36.365 21799 31062 D FTPC : Upload sendBytes m_totalWrite : 18198528 // m_remainSize : 1065396
10-25 15:07:36.365 21799 31062 D FTPC : Upload sendBytes m_totalWrite : 18202624 // m_remainSize : 1069492
10-25 15:07:36.365 21799 31062 D FTPC : Upload sendBytes m_totalWrite : 18206720 // m_remainSize : 1073588
10-25 15:07:36.365 21799 31062 D FTPC : Upload sendBytes m_totalWrite : 18210816 // m_remainSize : 1077684
10-25 15:07:36.365 21799 31062 D FTPC : Upload sendBytes m_totalWrite : 18214912 // m_remainSize : 1081780
10-25 15:07:36.365 21799 31062 D FTPC : Upload sendBytes m_totalWrite : 18219008 // m_remainSize : 1085876
10-25 15:07:36.365 21799 31062 D FTPC : Upload sendBytes m_totalWrite : 18223104 // m_remainSize : 1089972
10-25 15:07:36.365 21799 31062 D FTPC : Upload sendBytes m_totalWrite : 18227200 // m_remainSize : 1094068
10-25 15:07:36.365 21799 31062 D FTPC : Upload sendBytes m_totalWrite : 18231296 // m_remainSize : 1098164
10-25 15:07:36.365 21799 31062 D FTPC : Upload sendBytes m_totalWrite : 18235392 // m_remainSize : 1102260
10-25 15:07:36.365 21799 31062 D FTPC : Upload sendBytes m_totalWrite : 18239488 // m_remainSize : 1106356
10-25 15:07:36.365 21799 31062 D FTPC : Upload sendBytes m_totalWrite : 18243584 // m_remainSize : 1110452
10-25 15:07:36.365 21799 31062 D FTPC : Upload sendBytes m_totalWrite : 18247680 // m_remainSize : 1114548
10-25 15:07:36.365 21799 31062 D FTPC : Upload sendBytes m_totalWrite : 18251776 // m_remainSize : 1118644
10-25 15:07:36.365 21799 31062 D FTPC : Upload sendBytes m_totalWrite : 18255872 // m_remainSize : 1122740
10-25 15:07:36.365 21799 31062 D FTPC : Upload sendBytes m_totalWrite : 18259968 // m_remainSize : 1126836
10-25 15:07:36.365 21799 31062 D FTPC : Upload sendBytes m_totalWrite : 18264064 // m_remainSize : 1130932
10-25 15:07:36.365 21799 31062 D FTPC : Upload sendBytes m_totalWrite : 18268160 // m_remainSize : 1135028
10-25 15:07:36.365 21799 31062 D FTPC : Upload sendBytes m_totalWrite : 18272256 // m_remainSize : 1139124
10-25 15:07:36.365 21799 31062 D FTPC : Upload sendBytes m_totalWrite : 18276352 // m_remainSize : 1143220
10-25 15:07:36.365 21799 31062 D FTPC : Upload sendBytes m_totalWrite : 18280448 // m_remainSize : 1147316
10-25 15:07:36.365 21799 31062 D FTPC : Upload sendBytes m_totalWrite : 18284544 // m_remainSize : 1151412
10-25 15:07:36.365 21799 31062 D FTPC : Upload sendBytes m_totalWrite : 18288640 // m_remainSize : 1155508
10-25 15:07:36.365 21799 31062 D FTPC : Upload sendBytes m_totalWrite : 18292736 // m_remainSize : 1159604
10-25 15:07:36.365 21799 31062 D FTPC : Upload sendBytes m_totalWrite : 18296832 // m_remainSize : 1163700
10-25 15:07:36.365 21799 31062 D FTPC : Upload sendBytes m_totalWrite : 18300928 // m_remainSize : 1167796
10-25 15:07:36.365 21799 31062 D FTPC : Upload sendBytes m_totalWrite : 18305024 // m_remainSize : 1171892
10-25 15:07:36.365 21799 31062 D FTPC : Upload sendBytes m_totalWrite : 18309120 // m_remainSize : 1175988
10-25 15:07:36.365 21799 31062 D FTPC : Upload sendBytes m_totalWrite : 18313216 // m_remainSize : 1180084
10-25 15:07:36.365 21799 31062 D FTPC : Upload sendBytes m_totalWrite : 18317312 // m_remainSize : 1184180
10-25 15:07:36.365 21799 31062 D FTPC : Upload sendBytes m_totalWrite : 18321408 // m_remainSize : 1188276
10-25 15:07:36.365 21799 31062 D FTPC : Upload sendBytes m_totalWrite : 18325504 // m_remainSize : 1192372
10-25 15:07:36.365 21799 31062 D FTPC : Upload sendBytes m_totalWrite : 18329600 // m_remainSize : 1196468
10-25 15:07:36.365 21799 31062 D FTPC : Upload sendBytes m_totalWrite : 18333696 // m_remainSize : 1200564
10-25 15:07:36.365 21799 31062 D FTPC : Upload sendBytes m_totalWrite : 18337792 // m_remainSize : 1204660
10-25 15:07:36.365 21799 31062 D FTPC : Upload sendBytes m_totalWrite : 18341888 // m_remainSize : 1208756
10-25 15:07:36.365 21799 31062 D FTPC : Upload sendBytes m_totalWrite : 18345984 // m_remainSize : 1212852
10-25 15:07:36.366 21799 31062 D FTPC : Upload sendBytes m_totalWrite : 18350080 // m_remainSize : 1216948
10-25 15:07:36.366 21799 31062 D FTPC : Upload sendBytes m_totalWrite : 18354176 // m_remainSize : 1221044
10-25 15:07:36.366 21799 31062 D FTPC : Upload sendBytes m_totalWrite : 18358272 // m_remainSize : 1225140
10-25 15:07:36.366 21799 31062 D FTPC : Upload sendBytes m_totalWrite : 18362368 // m_remainSize : 1229236
10-25 15:07:36.366 21799 31062 D FTPC : Upload sendBytes m_totalWrite : 18366464 // m_remainSize : 1233332
10-25 15:07:36.366 21799 31062 D FTPC : Upload sendBytes m_totalWrite : 18370560 // m_remainSize : 1237428
10-25 15:07:36.366 21799 31062 D FTPC : Upload sendBytes m_totalWrite : 18374656 // m_remainSize : 1241524
10-25 15:07:36.366 21799 31062 D FTPC : Upload sendBytes m_totalWrite : 18378752 // m_remainSize : 1245620
10-25 15:07:36.366 21799 31062 D FTPC : Upload sendBytes m_totalWrite : 18382848 // m_remainSize : 1249716
10-25 15:07:36.366 21799 31062 D FTPC : Upload sendBytes m_totalWrite : 18386944 // m_remainSize : 1253812
10-25 15:07:36.366 21799 31062 D FTPC : Upload sendBytes m_totalWrite : 18391040 // m_remainSize : 1257908
10-25 15:07:36.366 21799 31062 D FTPC : Upload sendBytes m_totalWrite : 18395136 // m_remainSize : 1262004
10-25 15:07:36.366 21799 31062 D FTPC : Upload sendBytes m_totalWrite : 18399232 // m_remainSize : 1266100
10-25 15:07:36.366 21799 31062 D FTPC : Upload sendBytes m_totalWrite : 18403328 // m_remainSize : 1270196
10-25 15:07:36.366 21799 31062 D FTPC : Upload sendBytes m_totalWrite : 18407424 // m_remainSize : 1274292
10-25 15:07:36.366 21799 31062 D FTPC : Upload sendBytes m_totalWrite : 18411520 // m_remainSize : 1278388
10-25 15:07:36.366 21799 31062 D FTPC : Upload sendBytes m_totalWrite : 18415616 // m_remainSize : 1282484
10-25 15:07:36.366 21799 31062 D FTPC : Upload sendBytes m_totalWrite : 18419712 // m_remainSize : 1286580
10-25 15:07:36.366 21799 31062 D FTPC : Upload sendBytes m_totalWrite : 18423808 // m_remainSize : 1290676
10-25 15:07:36.366 21799 31062 D FTPC : Upload sendBytes m_totalWrite : 18427904 // m_remainSize : 1294772
10-25 15:07:36.366 21799 31062 D FTPC : Upload sendBytes m_totalWrite : 18432000 // m_remainSize : 1298868
10-25 15:07:36.366 21799 31062 D FTPC : Upload sendBytes m_totalWrite : 18436096 // m_remainSize : 1302964
10-25 15:07:36.366 21799 31062 D FTPC : Upload sendBytes m_totalWrite : 18440192 // m_remainSize : 1307060
10-25 15:07:36.366 21799 31062 D FTPC : Upload sendBytes m_totalWrite : 18444288 // m_remainSize : 1311156
10-25 15:07:36.366 21799 31062 D FTPC : Upload sendBytes m_totalWrite : 18448384 // m_remainSize : 1315252
10-25 15:07:36.366 21799 31062 D FTPC : Upload sendBytes m_totalWrite : 18452480 // m_remainSize : 1319348
10-25 15:07:36.366 21799 31062 D FTPC : Upload sendBytes m_totalWrite : 18456576 // m_remainSize : 1323444
10-25 15:07:36.366 21799 31062 D FTPC : Upload sendBytes m_totalWrite : 18460672 // m_remainSize : 1327540
10-25 15:07:36.366 21799 31062 D FTPC : Upload sendBytes m_totalWrite : 18464768 // m_remainSize : 1331636
10-25 15:07:36.366 21799 31062 D FTPC : Upload sendBytes m_totalWrite : 18468864 // m_remainSize : 1335732
10-25 15:07:36.366 21799 31062 D FTPC : Upload sendBytes m_totalWrite : 18472960 // m_remainSize : 1339828
10-25 15:07:36.366 21799 31062 D FTPC : Upload sendBytes m_totalWrite : 18477056 // m_remainSize : 1343924
10-25 15:07:36.366 21799 31062 D FTPC : Upload sendBytes m_totalWrite : 18481152 // m_remainSize : 1348020
10-25 15:07:36.366 21799 31062 D FTPC : Upload sendBytes m_totalWrite : 18485248 // m_remainSize : 1352116
10-25 15:07:36.366 21799 31062 D FTPC : Upload sendBytes m_totalWrite : 18489344 // m_remainSize : 1356212
10-25 15:07:36.366 21799 31062 D FTPC : Upload sendBytes m_totalWrite : 18493440 // m_remainSize : 1360308
10-25 15:07:36.366 21799 31062 D FTPC : Upload sendBytes m_totalWrite : 18497536 // m_remainSize : 1364404
10-25 15:07:36.366 21799 31062 D FTPC : Upload sendBytes m_totalWrite : 18501632 // m_remainSize : 1368500
10-25 15:07:36.366 21799 31062 D FTPC : Upload sendBytes m_totalWrite : 18505728 // m_remainSize : 1372596
10-25 15:07:36.366 21799 31062 D FTPC : Upload sendBytes m_totalWrite : 18509824 // m_remainSize : 1376692
10-25 15:07:36.366 21799 31062 D FTPC : Upload sendBytes m_totalWrite : 18513920 // m_remainSize : 1380788
10-25 15:07:36.367 21799 31062 D FTPC : Upload sendBytes m_totalWrite : 18518016 // m_remainSize : 1384884
10-25 15:07:36.367 21799 31062 D FTPC : Upload sendBytes m_totalWrite : 18522112 // m_remainSize : 1388980
10-25 15:07:36.367 21799 31062 D FTPC : Upload sendBytes m_totalWrite : 18526208 // m_remainSize : 1393076
10-25 15:07:36.367 21799 31062 D FTPC : Upload sendBytes m_totalWrite : 18530304 // m_remainSize : 1397172
10-25 15:07:36.367 21799 31062 D FTPC : Upload sendBytes m_totalWrite : 18534400 // m_remainSize : 1401268
10-25 15:07:36.367 21799 31062 D FTPC : Upload sendBytes m_totalWrite : 18538496 // m_remainSize : 1405364
10-25 15:07:36.367 21799 31062 D FTPC : Upload sendBytes m_totalWrite : 18542592 // m_remainSize : 1409460
10-25 15:07:36.367 21799 31062 D FTPC : Upload sendBytes m_totalWrite : 18546688 // m_remainSize : 1413556
10-25 15:07:36.367 21799 31062 D FTPC : Upload sendBytes m_totalWrite : 18550784 // m_remainSize : 1417652
10-25 15:07:36.367 2356 25945 D SemWifiUsabilityStatsMonitor: onWifiUsabilityStats - seqNum 51, isSameBssidAndFreq true
10-25 15:07:36.367 21799 31062 D FTPC : Upload sendBytes m_totalWrite : 18554880 // m_remainSize : 1421748
10-25 15:07:36.367 21799 31062 D FTPC : Upload sendBytes m_totalWrite : 18558976 // m_remainSize : 1425844
10-25 15:07:36.367 21799 31062 D FTPC : Upload sendBytes m_totalWrite : 18563072 // m_remainSize : 1429940
10-25 15:07:36.367 21799 31062 D FTPC : Upload sendBytes m_totalWrite : 18567168 // m_remainSize : 1434036
10-25 15:07:36.367 21799 31062 D FTPC : Upload sendBytes m_totalWrite : 18571264 // m_remainSize : 1438132
10-25 15:07:36.367 21799 31062 D FTPC : Upload sendBytes m_totalWrite : 18575360 // m_remainSize : 1442228
10-25 15:07:36.367 21799 31062 D FTPC : Upload sendBytes m_totalWrite : 18579456 // m_remainSize : 1446324
10-25 15:07:36.367 21799 31062 D FTPC : Upload sendBytes m_totalWrite : 18583552 // m_remainSize : 1450420
10-25 15:07:36.367 21799 31062 D FTPC : Upload sendBytes m_totalWrite : 18587648 // m_remainSize : 1454516
10-25 15:07:36.367 21799 31062 D FTPC : Upload sendBytes m_totalWrite : 18591744 // m_remainSize : 1458612
10-25 15:07:36.367 21799 31062 D FTPC : Upload sendBytes m_totalWrite : 18595840 // m_remainSize : 1462708
10-25 15:07:36.367 21799 31062 D FTPC : Upload sendBytes m_totalWrite : 18599936 // m_remainSize : 1466804
10-25 15:07:36.367 21799 31062 D FTPC : Upload sendBytes m_totalWrite : 18604032 // m_remainSize : 1470900
10-25 15:07:36.367 21799 31062 D FTPC : Upload sendBytes m_totalWrite : 18608128 // m_remainSize : 1474996
10-25 15:07:36.367 21799 31062 D FTPC : Upload sendBytes m_totalWrite : 18612224 // m_remainSize : 1479092
10-25 15:07:36.367 21799 31062 D FTPC : Upload sendBytes m_totalWrite : 18616320 // m_remainSize : 1483188
10-25 15:07:36.367 21799 31062 D FTPC : Upload sendBytes m_totalWrite : 18620416 // m_remainSize : 1487284
10-25 15:07:36.367 21799 31062 D FTPC : Upload sendBytes m_totalWrite : 18624512 // m_remainSize : 1491380
10-25 15:07:36.367 21799 31062 D FTPC : Upload sendBytes m_totalWrite : 18628608 // m_remainSize : 1495476
10-25 15:07:36.367 21799 31062 D FTPC : Upload sendBytes m_totalWrite : 18632704 // m_remainSize : 1499572
10-25 15:07:36.367 21799 31062 D FTPC : Upload sendBytes m_totalWrite : 18636800 // m_remainSize : 1503668
10-25 15:07:36.367 21799 31062 D FTPC : Upload sendBytes m_totalWrite : 18640896 // m_remainSize : 1507764
10-25 15:07:36.367 21799 31062 D FTPC : Upload sendBytes m_totalWrite : 18644992 // m_remainSize : 1511860
10-25 15:07:36.367 21799 31062 D FTPC : Upload sendBytes m_totalWrite : 18649088 // m_remainSize : 1515956
10-25 15:07:36.367 21799 31062 D FTPC : Upload sendBytes m_totalWrite : 18653184 // m_remainSize : 1520052
10-25 15:07:36.367 21799 31062 D FTPC : Upload sendBytes m_totalWrite : 18657280 // m_remainSize : 1524148
10-25 15:07:36.367 21799 31062 D FTPC : Upload sendBytes m_totalWrite : 18661376 // m_remainSize : 1528244
10-25 15:07:36.367 21799 31062 D FTPC : Upload sendBytes m_totalWrite : 18665472 // m_remainSize : 1532340
10-25 15:07:36.367 21799 31062 D FTPC : Upload sendBytes m_totalWrite : 18669568 // m_remainSize : 1536436
10-25 15:07:36.367 21799 31062 D FTPC : Upload sendBytes m_totalWrite : 18673664 // m_remainSize : 1540532
10-25 15:07:36.367 21799 31062 D FTPC : Upload sendBytes m_totalWrite : 18677760 // m_remainSize : 1544628
10-25 15:07:36.367 21799 31062 D FTPC : Upload sendBytes m_totalWrite : 18681856 // m_remainSize : 1548724
10-25 15:07:36.367 21799 31062 D FTPC : Upload sendBytes m_totalWrite : 18685952 // m_remainSize : 1552820
10-25 15:07:36.367 21799 31062 D FTPC : Upload sendBytes m_totalWrite : 18690048 // m_remainSize : 1556916
10-25 15:07:36.367 21799 31062 D FTPC : Upload sendBytes m_totalWrite : 18694144 // m_remainSize : 1561012
10-25 15:07:36.367 2356 3509 I SemWifiLinkQualityMonitor: Link stat: 922 / 39 / 1.00 (12168) / 325 / -49.0 || 100.0 : 325.00 / 0.5 : 1.00 / 0.55 : 0.04 / RT QoS: true (true) || QoS: 0.10 ms / 80.16 Mbps (N) / 0 (0)
10-25 15:07:36.367 21799 31062 D FTPC : Upload sendBytes m_totalWrite : 18698240 // m_remainSize : 1565108
10-25 15:07:36.367 21799 31062 D FTPC : Upload sendBytes m_totalWrite : 18702336 // m_remainSize : 1569204
10-25 15:07:36.367 21799 31062 D FTPC : Upload sendBytes m_totalWrite : 18706432 // m_remainSize : 1573300
10-25 15:07:36.367 21799 31062 D FTPC : Upload sendBytes m_totalWrite : 18710528 // m_remainSize : 1577396
10-25 15:07:36.367 21799 31062 D FTPC : Upload sendBytes m_totalWrite : 18714624 // m_remainSize : 1581492
10-25 15:07:36.367 21799 31062 D FTPC : Upload sendBytes m_totalWrite : 18718720 // m_remainSize : 1585588
10-25 15:07:36.368 21799 31062 D FTPC : Upload sendBytes m_totalWrite : 18722816 // m_remainSize : 1589684
10-25 15:07:36.368 21799 31062 D FTPC : Upload sendBytes m_totalWrite : 18726912 // m_remainSize : 1593780
10-25 15:07:36.368 21799 31062 D FTPC : Upload sendBytes m_totalWrite : 18731008 // m_remainSize : 1597876
10-25 15:07:36.368 21799 31062 D FTPC : Upload sendBytes m_totalWrite : 18735104 // m_remainSize : 1601972
10-25 15:07:36.368 21799 31062 D FTPC : Upload sendBytes m_totalWrite : 18739200 // m_remainSize : 1606068
10-25 15:07:36.368 21799 31062 D FTPC : Upload sendBytes m_totalWrite : 18743296 // m_remainSize : 1610164
10-25 15:07:36.368 21799 31062 D FTPC : Upload sendBytes m_totalWrite : 18747392 // m_remainSize : 1614260
10-25 15:07:36.368 21799 31062 D FTPC : Upload sendBytes m_totalWrite : 18751488 // m_remainSize : 1618356
10-25 15:07:36.368 21799 31062 D FTPC : Upload sendBytes m_totalWrite : 18755584 // m_remainSize : 1622452
10-25 15:07:36.368 21799 31062 D FTPC : Upload sendBytes m_totalWrite : 18759680 // m_remainSize : 1626548
10-25 15:07:36.368 21799 31062 D FTPC : Upload sendBytes m_totalWrite : 18763776 // m_remainSize : 1630644
10-25 15:07:36.368 21799 31062 D FTPC : Upload sendBytes m_totalWrite : 18767872 // m_remainSize : 1634740
10-25 15:07:36.368 21799 31062 D FTPC : Upload sendBytes m_totalWrite : 18771968 // m_remainSize : 1638836
10-25 15:07:36.368 21799 31062 D FTPC : Upload sendBytes m_totalWrite : 18776064 // m_remainSize : 1642932
10-25 15:07:36.368 21799 31062 D FTPC : Upload sendBytes m_totalWrite : 18780160 // m_remainSize : 1647028
10-25 15:07:36.368 21799 31062 D FTPC : Upload sendBytes m_totalWrite : 18784256 // m_remainSize : 1651124
10-25 15:07:36.368 21799 31062 D FTPC : Upload sendBytes m_totalWrite : 18788352 // m_remainSize : 1655220
10-25 15:07:36.368 21799 31062 D FTPC : Upload sendBytes m_totalWrite : 18792448 // m_remainSize : 1659316
10-25 15:07:36.368 21799 31062 D FTPC : Upload sendBytes m_totalWrite : 18796544 // m_remainSize : 1663412
10-25 15:07:36.368 2356 3383 D ConnectivityService: notifyType CALLBACK_CAP_CHANGED for [116 WIFI]
10-25 15:07:36.368 21799 31062 D FTPC : Upload sendBytes m_totalWrite : 18800640 // m_remainSize : 1667508
10-25 15:07:36.368 21799 31062 D FTPC : Upload sendBytes m_totalWrite : 18804736 // m_remainSize : 1671604
10-25 15:07:36.368 21799 31062 D FTPC : Upload sendBytes m_totalWrite : 18808832 // m_remainSize : 1675700
10-25 15:07:36.368 21799 31062 D FTPC : Upload sendBytes m_totalWrite : 18812928 // m_remainSize : 1679796
10-25 15:07:36.368 21799 31062 D FTPC : Upload sendBytes m_totalWrite : 18817024 // m_remainSize : 1683892
10-25 15:07:36.368 21799 31062 D FTPC : Upload sendBytes m_totalWrite : 18821120 // m_remainSize : 1687988
10-25 15:07:36.368 21799 31062 D FTPC : Upload sendBytes m_totalWrite : 18825216 // m_remainSize : 1692084
10-25 15:07:36.368 21799 31062 D FTPC : Upload sendBytes m_totalWrite : 18829312 // m_remainSize : 1696180
10-25 15:07:36.368 21799 31062 D FTPC : Upload sendBytes m_totalWrite : 18833408 // m_remainSize : 1700276
10-25 15:07:36.368 21799 31062 D FTPC : Upload sendBytes m_totalWrite : 18837504 // m_remainSize : 1704372
10-25 15:07:36.368 21799 31062 D FTPC : Upload sendBytes m_totalWrite : 18841600 // m_remainSize : 1708468
10-25 15:07:36.368 21799 31062 D FTPC : Upload sendBytes m_totalWrite : 18845696 // m_remainSize : 1712564
10-25 15:07:36.368 21799 31062 D FTPC : Upload sendBytes m_totalWrite : 18849792 // m_remainSize : 1716660
10-25 15:07:36.368 21799 31062 D FTPC : Upload sendBytes m_totalWrite : 18853888 // m_remainSize : 1720756
10-25 15:07:36.368 21799 31062 D FTPC : Upload sendBytes m_totalWrite : 18857984 // m_remainSize : 1724852
10-25 15:07:36.368 21799 31062 D FTPC : Upload sendBytes m_totalWrite : 18862080 // m_remainSize : 1728948
10-25 15:07:36.368 21799 31062 D FTPC : Upload sendBytes m_totalWrite : 18866176 // m_remainSize : 1733044
10-25 15:07:36.368 21799 31062 D FTPC : Upload sendBytes m_totalWrite : 18870272 // m_remainSize : 1737140
10-25 15:07:36.368 21799 31062 D FTPC : Upload sendBytes m_totalWrite : 18874368 // m_remainSize : 1741236
10-25 15:07:36.368 21799 31062 D FTPC : Upload sendBytes m_totalWrite : 18878464 // m_remainSize : 1745332
10-25 15:07:36.368 21799 31062 D FTPC : Upload sendBytes m_totalWrite : 18882560 // m_remainSize : 1749428
10-25 15:07:36.368 21799 31062 D FTPC : Upload sendBytes m_totalWrite : 18886656 // m_remainSize : 1753524
10-25 15:07:36.368 21799 31062 D FTPC : Upload sendBytes m_totalWrite : 18890752 // m_remainSize : 1757620
10-25 15:07:36.368 21799 31062 D FTPC : Upload sendBytes m_totalWrite : 18894848 // m_remainSize : 1761716
10-25 15:07:36.368 21799 31062 D FTPC : Upload sendBytes m_totalWrite : 18898944 // m_remainSize : 1765812
10-25 15:07:36.368 21799 31062 D FTPC : Upload sendBytes m_totalWrite : 18903040 // m_remainSize : 1769908
10-25 15:07:36.368 21799 31062 D FTPC : Upload sendBytes m_totalWrite : 18907136 // m_remainSize : 1774004
10-25 15:07:36.368 21799 31062 D FTPC : Upload sendBytes m_totalWrite : 18911232 // m_remainSize : 1778100
10-25 15:07:36.368 21799 31062 D FTPC : Upload sendBytes m_totalWrite : 18915328 // m_remainSize : 1782196
10-25 15:07:36.368 21799 31062 D FTPC : Upload sendBytes m_totalWrite : 18919424 // m_remainSize : 1786292
10-25 15:07:36.368 21799 31062 D FTPC : Upload sendBytes m_totalWrite : 18923520 // m_remainSize : 1790388
10-25 15:07:36.369 21799 31062 D FTPC : Upload sendBytes m_totalWrite : 18927616 // m_remainSize : 1794484
10-25 15:07:36.369 21799 31062 D FTPC : Upload sendBytes m_totalWrite : 18931712 // m_remainSize : 1798580
10-25 15:07:36.369 21799 31062 D FTPC : Upload sendBytes m_totalWrite : 18935808 // m_remainSize : 1802676
10-25 15:07:36.369 21799 31062 D FTPC : Upload sendBytes m_totalWrite : 18939904 // m_remainSize : 1806772
10-25 15:07:36.369 21799 31062 D FTPC : Upload sendBytes m_totalWrite : 18944000 // m_remainSize : 1810868
10-25 15:07:36.369 21799 31062 D FTPC : Upload sendBytes m_totalWrite : 18948096 // m_remainSize : 1814964
10-25 15:07:36.369 21799 31062 D FTPC : Upload sendBytes m_totalWrite : 18952192 // m_remainSize : 1819060
10-25 15:07:36.369 21799 31062 D FTPC : Upload sendBytes m_totalWrite : 18956288 // m_remainSize : 1823156
10-25 15:07:36.369 21799 31062 D FTPC : Upload sendBytes m_totalWrite : 18960384 // m_remainSize : 1827252
10-25 15:07:36.369 21799 31062 D FTPC : Upload sendBytes m_totalWrite : 18964480 // m_remainSize : 1831348
10-25 15:07:36.369 21799 31062 D FTPC : Upload sendBytes m_totalWrite : 18968576 // m_remainSize : 1835444
10-25 15:07:36.369 21799 31062 D FTPC : Upload sendBytes m_totalWrite : 18972672 // m_remainSize : 1839540
10-25 15:07:36.369 21799 31062 D FTPC : Upload sendBytes m_totalWrite : 18976768 // m_remainSize : 1843636
10-25 15:07:36.369 21799 31062 D FTPC : Upload sendBytes m_totalWrite : 18980864 // m_remainSize : 1825200
10-25 15:07:36.369 21799 31062 D FTPC : Upload sendBytes m_totalWrite : 18984960 // m_remainSize : 1803592
10-25 15:07:36.369 21799 31062 D FTPC : Upload sendBytes m_totalWrite : 18989056 // m_remainSize : 1777700
10-25 15:07:36.369 21799 31062 D FTPC : Upload sendBytes m_totalWrite : 18993152 // m_remainSize : 1733244
10-25 15:07:36.369 21799 31062 D FTPC : Upload sendBytes m_totalWrite : 18997248 // m_remainSize : 1704496
10-25 15:07:36.369 21799 31062 D FTPC : Upload sendBytes m_totalWrite : 19001344 // m_remainSize : 1655756
10-25 15:07:36.369 21799 31062 D FTPC : Upload sendBytes m_totalWrite : 19005440 // m_remainSize : 1622724
10-25 15:07:36.369 21799 31062 D FTPC : Upload sendBytes m_totalWrite : 19009536 // m_remainSize : 1626820
10-25 15:07:36.369 2356 3420 I WifiConnectivityMonitor.NCC: sNetworkCallback(oCC) FULL : 116(valid: true/captive: false)
10-25 15:07:36.369 21799 31062 D FTPC : Upload sendBytes m_totalWrite : 19013632 // m_remainSize : 1630916
10-25 15:07:36.369 21799 31062 D FTPC : Upload sendBytes m_totalWrite : 19017728 // m_remainSize : 1635012
10-25 15:07:36.369 21799 31062 D FTPC : Upload sendBytes m_totalWrite : 19021824 // m_remainSize : 1639108
10-25 15:07:36.369 21799 31062 D FTPC : Upload sendBytes m_totalWrite : 19025920 // m_remainSize : 1643204
10-25 15:07:36.369 21799 31062 D FTPC : Upload sendBytes m_totalWrite : 19030016 // m_remainSize : 1647300
10-25 15:07:36.369 21799 31062 D FTPC : Upload sendBytes m_totalWrite : 19034112 // m_remainSize : 1651396
10-25 15:07:36.369 21799 31062 D FTPC : Upload sendBytes m_totalWrite : 19038208 // m_remainSize : 1655492
10-25 15:07:36.369 21799 31062 D FTPC : Upload sendBytes m_totalWrite : 19042304 // m_remainSize : 1659588
10-25 15:07:36.369 21799 31062 D FTPC : Upload sendBytes m_totalWrite : 19046400 // m_remainSize : 1663684
10-25 15:07:36.369 21799 31062 D FTPC : Upload sendBytes m_totalWrite : 19050496 // m_remainSize : 1667780
10-25 15:07:36.369 2356 3420 I WifiConnectivityMonitor.NCC: [ Transports: WIFI Capabilities: NOT_METERED&INTERNET&NOT_RESTRICTED&TRUSTED&NOT_VPN&VALIDATED&NOT_ROAMING&FOREGROUND&NOT_CONGESTED&NOT_SUSPENDED&NOT_VCN_MANAGED LinkUpBandwidth>=154424Kbps LinkDnBandwidth>=139524Kbps TransportInfo: , BSSID: 02:00:00:**:**:00, MAC: 02:00:00:**:**:00, IP: /192.***.*.27, Security type: 2, Supplicant state: COMPLETED, Wi-Fi standard: 5, RSSI: -49, Link speed: 325Mbps, Tx Link speed: 325Mbps, Max Supported Tx Link speed: 866Mbps, Rx Link speed: 650Mbps, Max Supported Rx Link speed: 866Mbps, Frequency: 5180MHz, Net ID: -1, Metered hint: false, score: 60, isUsable: true, CarrierMerged: false, SubscriptionId: -1, IsPrimary: 1, Trusted: true, Restricted: false, Ephemeral: false, OEM paid: false, OEM private: false, OSU AP: false, FQDN: , Provider friendly name: , Requesting package name: MLO Information: , Is TID-To-Link negotiation supported by the AP: false, AP MLD Address: , AP MLO Link Id: , AP MLO Affiliated links: > SignalStrength: -49 AdminUids: [1000] SSID: "Airtel_Innowireless" UnderlyingNetworks: Null]
10-25 15:07:36.369 21799 31062 D FTPC : Upload sendBytes m_totalWrite : 19054592 // m_remainSize : 1671876
10-25 15:07:36.369 21799 31062 D FTPC : Upload sendBytes m_totalWrite : 19058688 // m_remainSize : 1675972
10-25 15:07:36.369 21799 31062 D FTPC : Upload sendBytes m_totalWrite : 19062784 // m_remainSize : 1680068
10-25 15:07:36.369 21799 31062 D FTPC : Upload sendBytes m_totalWrite : 19066880 // m_remainSize : 1684164
10-25 15:07:36.369 21799 31062 D FTPC : Upload sendBytes m_totalWrite : 19070976 // m_remainSize : 1688260
10-25 15:07:36.369 21799 31062 D FTPC : Upload sendBytes m_totalWrite : 19075072 // m_remainSize : 1692356
10-25 15:07:36.369 21799 31062 D FTPC : Upload sendBytes m_totalWrite : 19079168 // m_remainSize : 1696452
10-25 15:07:36.369 2356 3535 D WifiConnectivityMonitor: HANDLE_ON_CAPABILITIES_CHANGED
10-25 15:07:36.369 21799 31062 D FTPC : Upload sendBytes m_totalWrite : 19083264 // m_remainSize : 1700548
10-25 15:07:36.369 21799 31062 D FTPC : Upload sendBytes m_totalWrite : 19087360 // m_remainSize : 1704644
10-25 15:07:36.369 21799 31062 D FTPC : Upload sendBytes m_totalWrite : 19091456 // m_remainSize : 1708740
10-25 15:07:36.369 21799 31062 D FTPC : Upload sendBytes m_totalWrite : 19095552 // m_remainSize : 1712836
10-25 15:07:36.369 21799 31062 D FTPC : Upload sendBytes m_totalWrite : 19099648 // m_remainSize : 1716932
10-25 15:07:36.370 21799 31062 D FTPC : Upload sendBytes m_totalWrite : 19103744 // m_remainSize : 1721028
10-25 15:07:36.370 21799 31062 D FTPC : Upload sendBytes m_totalWrite : 19107840 // m_remainSize : 1725124
10-25 15:07:36.370 21799 31062 D FTPC : Upload sendBytes m_totalWrite : 19111936 // m_remainSize : 1729220
10-25 15:07:36.370 21799 31062 D FTPC : Upload sendBytes m_totalWrite : 19116032 // m_remainSize : 1733316
10-25 15:07:36.370 21799 31062 D FTPC : Upload sendBytes m_totalWrite : 19120128 // m_remainSize : 1737412
10-25 15:07:36.370 21799 31062 D FTPC : Upload sendBytes m_totalWrite : 19124224 // m_remainSize : 1741508
10-25 15:07:36.370 2356 3535 I WifiConnectivityMonitor: determineMode : MODE_AGG_BY_QAI_1
10-25 15:07:36.370 21799 31062 D FTPC : Upload sendBytes m_totalWrite : 19128320 // m_remainSize : 1745604
10-25 15:07:36.370 21799 31062 D FTPC : Upload sendBytes m_totalWrite : 19132416 // m_remainSize : 1749700
10-25 15:07:36.370 21799 31062 D FTPC : Upload sendBytes m_totalWrite : 19136512 // m_remainSize : 1753796
10-25 15:07:36.370 2356 3535 D OpenNetworkQos[4.00]: updateBssidNoInternet: mBssidNoInternet = false
10-25 15:07:36.370 2356 3535 D OpenNetworkQos[4.00]: getOpenNetworkQosNoInternetStatus: false
10-25 15:07:36.370 21799 31062 D FTPC : Upload sendBytes m_totalWrite : 19140608 // m_remainSize : 1757892
10-25 15:07:36.370 2356 3535 D OpenNetworkQos[4.00]: getOpenNetworkQosScores: 0 0 0
10-25 15:07:36.370 21799 31062 D FTPC : Upload sendBytes m_totalWrite : 19144704 // m_remainSize : 1761988
10-25 15:07:36.370 21799 31062 D FTPC : Upload sendBytes m_totalWrite : 19148800 // m_remainSize : 1766084
10-25 15:07:36.370 21799 31062 D FTPC : Upload sendBytes m_totalWrite : 19152896 // m_remainSize : 1770180
10-25 15:07:36.370 21799 31062 D FTPC : Upload sendBytes m_totalWrite : 19156992 // m_remainSize : 1774276
10-25 15:07:36.370 21799 31062 D FTPC : Upload sendBytes m_totalWrite : 19161088 // m_remainSize : 1778372
10-25 15:07:36.370 21799 31062 D FTPC : Upload sendBytes m_totalWrite : 19165184 // m_remainSize : 1782468
10-25 15:07:36.370 21799 31062 D FTPC : Upload sendBytes m_totalWrite : 19169280 // m_remainSize : 1786564
10-25 15:07:36.370 21799 31062 D FTPC : Upload sendBytes m_totalWrite : 19173376 // m_remainSize : 1790660
10-25 15:07:36.369 3781 3781 W Settings: Setting wifi_on has moved from android.provider.Settings.System to android.provider.Settings.Secure, returning read-only value.
10-25 15:07:36.370 21799 31062 D FTPC : Upload sendBytes m_totalWrite : 19177472 // m_remainSize : 1794756
10-25 15:07:36.370 2356 3535 D KNOX_MDM_SettingsProvider: isChangeAllowed() : name = wifi_wcm_qos_sharing_score_summary
10-25 15:07:36.370 3781 3781 W Settings: Setting wifi_on has moved from android.provider.Settings.Secure to android.provider.Settings.Global.
10-25 15:07:36.370 21799 31062 D FTPC : Upload sendBytes m_totalWrite : 19181568 // m_remainSize : 1798852
10-25 15:07:36.370 21799 31062 D FTPC : Upload sendBytes m_totalWrite : 19185664 // m_remainSize : 1802948
10-25 15:07:36.370 21799 31062 D FTPC : Upload sendBytes m_totalWrite : 19189760 // m_remainSize : 1807044
10-25 15:07:36.370 21799 31062 D FTPC : Upload sendBytes m_totalWrite : 19193856 // m_remainSize : 1811140
10-25 15:07:36.370 21799 31062 D FTPC : Upload sendBytes m_totalWrite : 19197952 // m_remainSize : 1815236
10-25 15:07:36.370 21799 31062 D FTPC : Upload sendBytes m_totalWrite : 19202048 // m_remainSize : 1819332
10-25 15:07:36.370 21799 31062 D FTPC : Upload sendBytes m_totalWrite : 19206144 // m_remainSize : 1823428
10-25 15:07:36.370 2356 3535 I WifiProfileShare: network QoS data was changed (internet), updateQoSData networkType: true, qosData: false
10-25 15:07:36.370 21799 31062 D FTPC : Upload sendBytes m_totalWrite : 19210240 // m_remainSize : 1827524
10-25 15:07:36.370 21799 31062 D FTPC : Upload sendBytes m_totalWrite : 19214336 // m_remainSize : 1831620
10-25 15:07:36.370 21799 31062 D FTPC : Upload sendBytes m_totalWrite : 19218432 // m_remainSize : 1835716
10-25 15:07:36.370 21799 31062 D FTPC : Upload sendBytes m_totalWrite : 19222528 // m_remainSize : 1839812
10-25 15:07:36.370 21799 31062 D FTPC : Upload sendBytes m_totalWrite : 19226624 // m_remainSize : 1843908
10-25 15:07:36.370 21799 31062 D FTPC : Upload sendBytes m_totalWrite : 19230720 // m_remainSize : 1848004
10-25 15:07:36.370 21799 31062 D FTPC : Upload sendBytes m_totalWrite : 19234816 // m_remainSize : 1852100
10-25 15:07:36.370 21799 31062 D FTPC : Upload sendBytes m_totalWrite : 19238912 // m_remainSize : 1856196
10-25 15:07:36.370 2356 3535 D WifiConnectivityMonitor: VALIDATED_DETECTED
10-25 15:07:36.370 21799 31062 D FTPC : Upload sendBytes m_totalWrite : 19243008 // m_remainSize : 1860292
10-25 15:07:36.370 21799 31062 D FTPC : Upload sendBytes m_totalWrite : 19247104 // m_remainSize : 1864388
10-25 15:07:36.370 21799 31062 D FTPC : Upload sendBytes m_totalWrite : 19251200 // m_remainSize : 1868484
10-25 15:07:36.370 21799 31062 D FTPC : Upload sendBytes m_totalWrite : 19255296 // m_remainSize : 1872580
10-25 15:07:36.370 21799 31062 D FTPC : Upload sendBytes m_totalWrite : 19259392 // m_remainSize : 1876676
10-25 15:07:36.370 21799 31062 D FTPC : Upload sendBytes m_totalWrite : 19263488 // m_remainSize : 1880772
10-25 15:07:36.370 21799 31062 D FTPC : Upload sendBytes m_totalWrite : 19267584 // m_remainSize : 1884868
10-25 15:07:36.371 21799 31062 D FTPC : Upload sendBytes m_totalWrite : 19271680 // m_remainSize : 1888964
10-25 15:07:36.371 21799 31062 D FTPC : Upload sendBytes m_totalWrite : 19275776 // m_remainSize : 1893060
10-25 15:07:36.371 21799 31062 D FTPC : Upload sendBytes m_totalWrite : 19279872 // m_remainSize : 1897156
10-25 15:07:36.371 21799 31062 D FTPC : Upload sendBytes m_totalWrite : 19283968 // m_remainSize : 1901252
10-25 15:07:36.371 21799 31062 D FTPC : Upload sendBytes m_totalWrite : 19288064 // m_remainSize : 1905348
10-25 15:07:36.371 21799 31062 D FTPC : Upload sendBytes m_totalWrite : 19292160 // m_remainSize : 1909444
10-25 15:07:36.371 21799 31062 D FTPC : Upload sendBytes m_totalWrite : 19296256 // m_remainSize : 1913540
10-25 15:07:36.371 21799 31062 D FTPC : Upload sendBytes m_totalWrite : 19300352 // m_remainSize : 1917636
10-25 15:07:36.371 21799 31062 D FTPC : Upload sendBytes m_totalWrite : 19304448 // m_remainSize : 1921732
10-25 15:07:36.371 21799 31062 D FTPC : Upload sendBytes m_totalWrite : 19308544 // m_remainSize : 1925828
10-25 15:07:36.371 21799 31062 D FTPC : Upload sendBytes m_totalWrite : 19312640 // m_remainSize : 1929924
10-25 15:07:36.371 21799 31062 D FTPC : Upload sendBytes m_totalWrite : 19316736 // m_remainSize : 1934020
10-25 15:07:36.371 21799 31062 D FTPC : Upload sendBytes m_totalWrite : 19320832 // m_remainSize : 1938116
10-25 15:07:36.371 21799 31062 D FTPC : Upload sendBytes m_totalWrite : 19324928 // m_remainSize : 1942212
10-25 15:07:36.371 21799 31062 D FTPC : Upload sendBytes m_totalWrite : 19329024 // m_remainSize : 1946308
10-25 15:07:36.371 21799 31062 D FTPC : Upload sendBytes m_totalWrite : 19333120 // m_remainSize : 1950404
10-25 15:07:36.371 21799 31062 D FTPC : Upload sendBytes m_totalWrite : 19337216 // m_remainSize : 1954500
10-25 15:07:36.371 21799 31062 D FTPC : Upload sendBytes m_totalWrite : 19341312 // m_remainSize : 1958596
10-25 15:07:36.371 21799 31062 D FTPC : Upload sendBytes m_totalWrite : 19345408 // m_remainSize : 1962692
10-25 15:07:36.371 21799 31062 D FTPC : Upload sendBytes m_totalWrite : 19349504 // m_remainSize : 1966788
10-25 15:07:36.371 21799 31062 D FTPC : Upload sendBytes m_totalWrite : 19353600 // m_remainSize : 1970884
10-25 15:07:36.371 21799 31062 D FTPC : Upload sendBytes m_totalWrite : 19357696 // m_remainSize : 1974980
10-25 15:07:36.371 21799 31062 D FTPC : Upload sendBytes m_totalWrite : 19361792 // m_remainSize : 1979076
10-25 15:07:36.371 21799 31062 D FTPC : Upload sendBytes m_totalWrite : 19365888 // m_remainSize : 1983172
10-25 15:07:36.371 21799 31062 D FTPC : Upload sendBytes m_totalWrite : 19369984 // m_remainSize : 1987268
10-25 15:07:36.371 21799 31062 D FTPC : Upload sendBytes m_totalWrite : 19374080 // m_remainSize : 1991364
10-25 15:07:36.371 2356 4927 D WifiProfileShare: nearby scanning settings run
10-25 15:07:36.371 21799 31062 D FTPC : Upload sendBytes m_totalWrite : 19378176 // m_remainSize : 1995460
10-25 15:07:36.371 21799 31062 D FTPC : Upload sendBytes m_totalWrite : 19382272 // m_remainSize : 1999556
10-25 15:07:36.371 2356 4927 D WifiProfileShare: network score provider settings enabled
10-25 15:07:36.371 21799 31062 D FTPC : Upload sendBytes m_totalWrite : 19386368 // m_remainSize : 2003652
10-25 15:07:36.371 2356 4927 D OpenNetworkQos[4.00]: getOpenNetworkQosScores: 0 0 0
10-25 15:07:36.371 21799 31062 D FTPC : Upload sendBytes m_totalWrite : 19390464 // m_remainSize : 2007748
10-25 15:07:36.371 2356 4927 D OpenNetworkQos[4.00]: getOpenNetworkQosNoInternetStatus: false
10-25 15:07:36.371 2356 4927 I WifiProfileShare.Caster: current network type: 0, score: [0, 0, 0]
10-25 15:07:36.371 21799 31062 D FTPC : Upload sendBytes m_totalWrite : 19394560 // m_remainSize : 2011844
10-25 15:07:36.371 21799 31062 D FTPC : Upload sendBytes m_totalWrite : 19398656 // m_remainSize : 2015940
10-25 15:07:36.371 21799 31062 D FTPC : Upload sendBytes m_totalWrite : 19402752 // m_remainSize : 2020036
10-25 15:07:36.371 21799 31062 D FTPC : Upload sendBytes m_totalWrite : 19406848 // m_remainSize : 2024132
10-25 15:07:36.371 21799 31062 D FTPC : Upload sendBytes m_totalWrite : 19410944 // m_remainSize : 2028228
10-25 15:07:36.371 21799 31062 D FTPC : Upload sendBytes m_totalWrite : 19415040 // m_remainSize : 2032324
10-25 15:07:36.371 21799 31062 D FTPC : Upload sendBytes m_totalWrite : 19419136 // m_remainSize : 2036420
10-25 15:07:36.371 21799 31062 D FTPC : Upload sendBytes m_totalWrite : 19423232 // m_remainSize : 2040516
10-25 15:07:36.371 21799 31062 D FTPC : Upload sendBytes m_totalWrite : 19427328 // m_remainSize : 2044612
10-25 15:07:36.371 21799 31062 D FTPC : Upload sendBytes m_totalWrite : 19431424 // m_remainSize : 2048708
10-25 15:07:36.371 21799 31062 D FTPC : Upload sendBytes m_totalWrite : 19435520 // m_remainSize : 2052804
10-25 15:07:36.371 21799 31062 D FTPC : Upload sendBytes m_totalWrite : 19439616 // m_remainSize : 2056900
10-25 15:07:36.371 2356 4927 D WifiProfileShare.ScanMatcher: getMcfDataList size:2
10-25 15:07:36.371 21799 31062 D FTPC : Upload sendBytes m_totalWrite : 19443712 // m_remainSize : 2060996
10-25 15:07:36.371 21799 31062 D FTPC : Upload sendBytes m_totalWrite : 19447808 // m_remainSize : 2065092
10-25 15:07:36.371 21799 31062 D FTPC : Upload sendBytes m_totalWrite : 19451904 // m_remainSize : 2069188
10-25 15:07:36.371 2356 4927 I WifiProfileShare.Caster: qos data was updated , before:type:QOS, pBssid:ea:00:fa, qosData:00 after:type:QOS, pBssid:ea:00:fa, qosData:00
10-25 15:07:36.371 21799 31062 D FTPC : Upload sendBytes m_totalWrite : 19456000 // m_remainSize : 2073284
10-25 15:07:36.371 21799 31062 D FTPC : Upload sendBytes m_totalWrite : 19460096 // m_remainSize : 2077380
10-25 15:07:36.371 21799 31062 D FTPC : Upload sendBytes m_totalWrite : 19464192 // m_remainSize : 2081476
10-25 15:07:36.371 21799 31062 D FTPC : Upload sendBytes m_totalWrite : 19468288 // m_remainSize : 2085572
10-25 15:07:36.371 21799 31062 D FTPC : Upload sendBytes m_totalWrite : 19472384 // m_remainSize : 2089668
10-25 15:07:36.371 21799 31062 D FTPC : Upload sendBytes m_totalWrite : 19476480 // m_remainSize : 2093764
10-25 15:07:36.371 21799 31062 D FTPC : Upload sendBytes m_totalWrite : 19480576 // m_remainSize : 2097860
10-25 15:07:36.371 21799 31062 D FTPC : Upload sendBytes m_totalWrite : 19484672 // m_remainSize : 2101956
10-25 15:07:36.371 21799 31062 D FTPC : Upload sendBytes m_totalWrite : 19488768 // m_remainSize : 2106052
10-25 15:07:36.371 21799 31062 D FTPC : Upload sendBytes m_totalWrite : 19492864 // m_remainSize : 2110148
10-25 15:07:36.371 21799 31062 D FTPC : Upload sendBytes m_totalWrite : 19496960 // m_remainSize : 2114244
10-25 15:07:36.371 21799 31062 D FTPC : Upload sendBytes m_totalWrite : 19501056 // m_remainSize : 2118340
10-25 15:07:36.371 21799 31062 D FTPC : Upload sendBytes m_totalWrite : 19505152 // m_remainSize : 2122436
10-25 15:07:36.371 21799 31062 D FTPC : Upload sendBytes m_totalWrite : 19509248 // m_remainSize : 2126532
10-25 15:07:36.371 21799 31062 D FTPC : Upload sendBytes m_totalWrite : 19513344 // m_remainSize : 2130628
10-25 15:07:36.372 2356 3528 D SemApeService: Deducted link capacity (M: R=491 T=227) RSSI=-49
10-25 15:07:36.372 3781 3781 I EPDG -- SIM0 [SMARTWIFI]: Rssi : -49 highrange : -71 lowrange : -80 mIsRssiInHystersis : false
10-25 15:07:36.372 3781 3781 I EPDG -- SIM0 [SMARTWIFI]: Rssi : -49 highrange : -71 lowrange : -80 mIsRssiInHystersis : false
10-25 15:07:36.372 3781 3781 I EPDG -- SIM0 [SMARTWIFI]: getHandoverThresholdMet: value is: false
10-25 15:07:36.372 2356 3528 D SemApeService: Deducted link capacity (M: R=491 T=227) on (wlan0) GoogleAPI(M: R=139 T=154) RSSI=-49 isDefault=false isMlo=false
10-25 15:07:36.372 2356 4927 I [MCFSDK_android_1.2.13040]_4_McfCasterImpl: isNetworkEnabled - type : 1 ret : true
10-25 15:07:36.372 2356 4927 D WifiProfileShare.McfCast: -ME--- mIsNetworkEnabled :true
10-25 15:07:36.372 2356 4927 D WifiProfileShare.MCF: stop sharing QosData, invalid data
10-25 15:07:36.372 2356 4927 I [MCFSDK_android_1.2.13040]_4_McfCasterImpl: isNetworkEnabled - type : 1 ret : true
10-25 15:07:36.372 2356 4927 D WifiProfileShare.McfCast: -ME--- mIsNetworkEnabled :true
10-25 15:07:36.372 2356 4927 D WifiProfileShare.McfCast: -ME--- updatePasswordDate pwdData size:2
10-25 15:07:36.372 5985 7098 I HBD : g onCapabilitiesChanged network : 116 current network state : wifi
10-25 15:07:36.373 2356 3420 D SemWifiApTrafficPriority: onCapabilitiesChanged Wifi:wlan0,mGapiValue:139.524Uplink: 154.424
10-25 15:07:36.373 6959 7437 D WM-NetworkStateTracker: Network capabilities changed: [ Transports: WIFI Capabilities: NOT_METERED&INTERNET&NOT_RESTRICTED&TRUSTED&NOT_VPN&VALIDATED&NOT_ROAMING&FOREGROUND&NOT_CONGESTED&NOT_SUSPENDED&NOT_VCN_MANAGED LinkUpBandwidth>=154424Kbps LinkDnBandwidth>=139524Kbps TransportInfo: , BSSID: 02:00:00:00:00:00, MAC: 02:00:00:00:00:00, IP: /192.168.1.27, Security type: 2, Supplicant state: COMPLETED, Wi-Fi standard: 5, RSSI: -49, Link speed: 325Mbps, Tx Link speed: 325Mbps, Max Supported Tx Link speed: 866Mbps, Rx Link speed: 650Mbps, Max Supported Rx Link speed: 866Mbps, Frequency: 5180MHz, Net ID: -1, Metered hint: false, score: 60, isUsable: true, CarrierMerged: false, SubscriptionId: -1, IsPrimary: -1, Trusted: true, Restricted: false, Ephemeral: false, OEM paid: false, OEM private: false, OSU AP: false, FQDN: , Provider friendly name: , Requesting package name: MLO Information: , Is TID-To-Link negotiation supported by the AP: false, AP MLD Address: , AP MLO Link Id: , AP MLO Affiliated links: > SignalStrength: -49 UnderlyingNetworks: Null]
10-25 15:07:36.377 3662 3662 D StatusBarIconController: ignoring old pipeline callback because the new wifi icon is enabled
10-25 15:07:36.377 3662 3662 D StatusBarIconController: ignoring old pipeline callback because the new wifi icon is enabled
10-25 15:07:36.378 27978 27996 W NetworkConnectionChecke: Unknown host google.com
10-25 15:07:36.379 27978 27996 I NetworkConnectionChecke: Network connection: false
10-25 15:07:36.379 4622 14108 I ChimeraSrvcProxy: NullBinder for android.net.action.RECOMMEND_NETWORKS triggering remote TransactionTooLargeException due to Service without Chimera impl
10-25 15:07:36.379 4622 14108 W .gms.persistent: Large reply transaction of 1056768 bytes, interface descriptor , code 1
10-25 15:07:36.381 1499 5027 I vendor.qti.bluetooth@1.1-ibs_handler: ProcessIbsCmd: Received IBS_SLEEP_IND: 0xFE
10-25 15:07:36.381 1499 5027 D vendor.qti.bluetooth@1.1-ibs_handler: SerialClockVote: vote for UART CLK OFF
10-25 15:07:36.382 21799 31062 D FTPC : Upload sendBytes m_totalWrite : 19517440 // m_remainSize : 1980500
10-25 15:07:36.382 21799 31062 D FTPC : Upload sendBytes m_totalWrite : 19521536 // m_remainSize : 1943184
10-25 15:07:36.382 21799 31062 D FTPC : Upload sendBytes m_totalWrite : 19525632 // m_remainSize : 1927288
10-25 15:07:36.382 21799 31062 D FTPC : Upload sendBytes m_totalWrite : 19529728 // m_remainSize : 1888544
10-25 15:07:36.382 21799 31062 D FTPC : Upload sendBytes m_totalWrite : 19533824 // m_remainSize : 1861224
10-25 15:07:36.382 21799 31062 D FTPC : Upload sendBytes m_totalWrite : 19537920 // m_remainSize : 1821052
10-25 15:07:36.383 21799 31062 D FTPC : Upload sendBytes m_totalWrite : 19542016 // m_remainSize : 1783736
10-25 15:07:36.383 21799 31062 D FTPC : Upload sendBytes m_totalWrite : 19546112 // m_remainSize : 1744992
10-25 15:07:36.383 21799 31062 D FTPC : Upload sendBytes m_totalWrite : 19550208 // m_remainSize : 1730524
10-25 15:07:36.383 21799 31062 D FTPC : Upload sendBytes m_totalWrite : 19554304 // m_remainSize : 1734620
10-25 15:07:36.383 21799 31062 D FTPC : Upload sendBytes m_totalWrite : 19558400 // m_remainSize : 1738716
10-25 15:07:36.383 21799 31062 D FTPC : Upload sendBytes m_totalWrite : 19562496 // m_remainSize : 1742812
10-25 15:07:36.383 21799 31062 D FTPC : Upload sendBytes m_totalWrite : 19566592 // m_remainSize : 1746908
10-25 15:07:36.383 21799 31062 D FTPC : Upload sendBytes m_totalWrite : 19570688 // m_remainSize : 1751004
10-25 15:07:36.383 21799 31062 D FTPC : Upload sendBytes m_totalWrite : 19574784 // m_remainSize : 1755100
10-25 15:07:36.383 21799 31062 D FTPC : Upload sendBytes m_totalWrite : 19578880 // m_remainSize : 1759196
10-25 15:07:36.383 21799 31062 D FTPC : Upload sendBytes m_totalWrite : 19582976 // m_remainSize : 1763292
10-25 15:07:36.383 21799 31062 D FTPC : Upload sendBytes m_totalWrite : 19587072 // m_remainSize : 1767388
10-25 15:07:36.383 21799 31062 D FTPC : Upload sendBytes m_totalWrite : 19591168 // m_remainSize : 1771484
10-25 15:07:36.383 21799 31062 D FTPC : Upload sendBytes m_totalWrite : 19595264 // m_remainSize : 1775580
10-25 15:07:36.383 21799 31062 D FTPC : Upload sendBytes m_totalWrite : 19599360 // m_remainSize : 1779676
10-25 15:07:36.383 21799 31062 D FTPC : Upload sendBytes m_totalWrite : 19603456 // m_remainSize : 1783772
10-25 15:07:36.383 21799 31062 D FTPC : Upload sendBytes m_totalWrite : 19607552 // m_remainSize : 1787868
10-25 15:07:36.383 21799 31062 D FTPC : Upload sendBytes m_totalWrite : 19611648 // m_remainSize : 1791964
10-25 15:07:36.383 21799 31062 D FTPC : Upload sendBytes m_totalWrite : 19615744 // m_remainSize : 1796060
10-25 15:07:36.383 21799 31062 D FTPC : Upload sendBytes m_totalWrite : 19619840 // m_remainSize : 1800156
10-25 15:07:36.383 21799 31062 D FTPC : Upload sendBytes m_totalWrite : 19623936 // m_remainSize : 1804252
10-25 15:07:36.383 21799 31062 D FTPC : Upload sendBytes m_totalWrite : 19628032 // m_remainSize : 1808348
10-25 15:07:36.383 21799 31062 D FTPC : Upload sendBytes m_totalWrite : 19632128 // m_remainSize : 1812444
10-25 15:07:36.383 21799 31062 D FTPC : Upload sendBytes m_totalWrite : 19636224 // m_remainSize : 1816540
10-25 15:07:36.383 21799 31062 D FTPC : Upload sendBytes m_totalWrite : 19640320 // m_remainSize : 1820636
10-25 15:07:36.383 21799 31062 D FTPC : Upload sendBytes m_totalWrite : 19644416 // m_remainSize : 1824732
10-25 15:07:36.383 21799 31062 D FTPC : Upload sendBytes m_totalWrite : 19648512 // m_remainSize : 1828828
10-25 15:07:36.383 21799 31062 D FTPC : Upload sendBytes m_totalWrite : 19652608 // m_remainSize : 1832924
10-25 15:07:36.383 21799 31062 D FTPC : Upload sendBytes m_totalWrite : 19656704 // m_remainSize : 1837020
10-25 15:07:36.383 21799 31062 D FTPC : Upload sendBytes m_totalWrite : 19660800 // m_remainSize : 1841116
10-25 15:07:36.383 21799 31062 D FTPC : Upload sendBytes m_totalWrite : 19664896 // m_remainSize : 1845212
10-25 15:07:36.383 21799 31062 D FTPC : Upload sendBytes m_totalWrite : 19668992 // m_remainSize : 1849308
10-25 15:07:36.383 21799 31062 D FTPC : Upload sendBytes m_totalWrite : 19673088 // m_remainSize : 1853404
10-25 15:07:36.383 21799 31062 D FTPC : Upload sendBytes m_totalWrite : 19677184 // m_remainSize : 1857500
10-25 15:07:36.383 21799 31062 D FTPC : Upload sendBytes m_totalWrite : 19681280 // m_remainSize : 1861596
10-25 15:07:36.383 21799 31062 D FTPC : Upload sendBytes m_totalWrite : 19685376 // m_remainSize : 1865692
10-25 15:07:36.383 21799 31062 D FTPC : Upload sendBytes m_totalWrite : 19689472 // m_remainSize : 1869788
10-25 15:07:36.383 21799 31062 D FTPC : Upload sendBytes m_totalWrite : 19693568 // m_remainSize : 1873884
10-25 15:07:36.383 21799 31062 D FTPC : Upload sendBytes m_totalWrite : 19697664 // m_remainSize : 1877980
10-25 15:07:36.383 21799 31062 D FTPC : Upload sendBytes m_totalWrite : 19701760 // m_remainSize : 1882076
10-25 15:07:36.383 21799 31062 D FTPC : Upload sendBytes m_totalWrite : 19705856 // m_remainSize : 1886172
10-25 15:07:36.383 21799 31062 D FTPC : Upload sendBytes m_totalWrite : 19709952 // m_remainSize : 1890268
10-25 15:07:36.383 21799 31062 D FTPC : Upload sendBytes m_totalWrite : 19714048 // m_remainSize : 1894364
10-25 15:07:36.383 21799 31062 D FTPC : Upload sendBytes m_totalWrite : 19718144 // m_remainSize : 1898460
10-25 15:07:36.383 21799 31062 D FTPC : Upload sendBytes m_totalWrite : 19722240 // m_remainSize : 1902556
