10-25 15:07:36.108 21799 31062 D FTPC : Upload sendBytes m_totalWrite : 10649600 // m_remainSize : 1188028
10-25 15:07:36.108 21799 31062 D FTPC : Upload sendBytes m_totalWrite : 10653696 // m_remainSize : 1192124
10-25 15:07:36.108 21799 31062 D FTPC : Upload sendBytes m_totalWrite : 10657792 // m_remainSize : 1196220
10-25 15:07:36.108 21799 31062 D FTPC : Upload sendBytes m_totalWrite : 10661888 // m_remainSize : 1200316
10-25 15:07:36.108 21799 31062 D FTPC : Upload sendBytes m_totalWrite : 10665984 // m_remainSize : 1204412
10-25 15:07:36.108 21799 31062 D FTPC : Upload sendBytes m_totalWrite : 10670080 // m_remainSize : 1208508
10-25 15:07:36.108 21799 31062 D FTPC : Upload sendBytes m_totalWrite : 10674176 // m_remainSize : 1212604
10-25 15:07:36.108 21799 31062 D FTPC : Upload sendBytes m_totalWrite : 10678272 // m_remainSize : 1216700
10-25 15:07:36.108 21799 31062 D FTPC : Upload sendBytes m_totalWrite : 10682368 // m_remainSize : 1220796
10-25 15:07:36.108 21799 31062 D FTPC : Upload sendBytes m_totalWrite : 10686464 // m_remainSize : 1224892
10-25 15:07:36.108 21799 31062 D FTPC : Upload sendBytes m_totalWrite : 10690560 // m_remainSize : 1228988
10-25 15:07:36.108 21799 31062 D FTPC : Upload sendBytes m_totalWrite : 10694656 // m_remainSize : 1233084
10-25 15:07:36.108 21799 31062 D FTPC : Upload sendBytes m_totalWrite : 10698752 // m_remainSize : 1237180
10-25 15:07:36.108 21799 31062 D FTPC : Upload sendBytes m_totalWrite : 10702848 // m_remainSize : 1241276
10-25 15:07:36.108 21799 31062 D FTPC : Upload sendBytes m_totalWrite : 10706944 // m_remainSize : 1245372
10-25 15:07:36.108 21799 31062 D FTPC : Upload sendBytes m_totalWrite : 10711040 // m_remainSize : 1249468
10-25 15:07:36.108 21799 31062 D FTPC : Upload sendBytes m_totalWrite : 10715136 // m_remainSize : 1253564
10-25 15:07:36.108 21799 31062 D FTPC : Upload sendBytes m_totalWrite : 10719232 // m_remainSize : 1257660
10-25 15:07:36.108 21799 31062 D FTPC : Upload sendBytes m_totalWrite : 10723328 // m_remainSize : 1261756
10-25 15:07:36.108 21799 31062 D FTPC : Upload sendBytes m_totalWrite : 10727424 // m_remainSize : 1265852
10-25 15:07:36.108 21799 31062 D FTPC : Upload sendBytes m_totalWrite : 10731520 // m_remainSize : 1269948
10-25 15:07:36.108 21799 31062 D FTPC : Upload sendBytes m_totalWrite : 10735616 // m_remainSize : 1274044
10-25 15:07:36.108 21799 31062 D FTPC : Upload sendBytes m_totalWrite : 10739712 // m_remainSize : 1278140
10-25 15:07:36.108 21799 31062 D FTPC : Upload sendBytes m_totalWrite : 10743808 // m_remainSize : 1282236
10-25 15:07:36.108 21799 31062 D FTPC : Upload sendBytes m_totalWrite : 10747904 // m_remainSize : 1286332
10-25 15:07:36.108 21799 31062 D FTPC : Upload sendBytes m_totalWrite : 10752000 // m_remainSize : 1290428
10-25 15:07:36.108 21799 31062 D FTPC : Upload sendBytes m_totalWrite : 10756096 // m_remainSize : 1294524
10-25 15:07:36.108 21799 31062 D FTPC : Upload sendBytes m_totalWrite : 10760192 // m_remainSize : 1298620
10-25 15:07:36.108 21799 31062 D FTPC : Upload sendBytes m_totalWrite : 10764288 // m_remainSize : 1302716
10-25 15:07:36.108 21799 31062 D FTPC : Upload sendBytes m_totalWrite : 10768384 // m_remainSize : 1306812
10-25 15:07:36.108 21799 31062 D FTPC : Upload sendBytes m_totalWrite : 10772480 // m_remainSize : 1310908
10-25 15:07:36.108 21799 31062 D FTPC : Upload sendBytes m_totalWrite : 10776576 // m_remainSize : 1315004
10-25 15:07:36.108 21799 31062 D FTPC : Upload sendBytes m_totalWrite : 10780672 // m_remainSize : 1319100
10-25 15:07:36.108 21799 31062 D FTPC : Upload sendBytes m_totalWrite : 10784768 // m_remainSize : 1323196
10-25 15:07:36.109 21799 31062 D FTPC : Upload sendBytes m_totalWrite : 10788864 // m_remainSize : 1327292
10-25 15:07:36.109 21799 31062 D FTPC : Upload sendBytes m_totalWrite : 10792960 // m_remainSize : 1331388
10-25 15:07:36.109 21799 31062 D FTPC : Upload sendBytes m_totalWrite : 10797056 // m_remainSize : 1335484
10-25 15:07:36.109 21799 31062 D FTPC : Upload sendBytes m_totalWrite : 10801152 // m_remainSize : 1339580
10-25 15:07:36.109 21799 31062 D FTPC : Upload sendBytes m_totalWrite : 10805248 // m_remainSize : 1343676
10-25 15:07:36.109 21799 31062 D FTPC : Upload sendBytes m_totalWrite : 10809344 // m_remainSize : 1347772
10-25 15:07:36.109 21799 31062 D FTPC : Upload sendBytes m_totalWrite : 10813440 // m_remainSize : 1351868
10-25 15:07:36.109 21799 31062 D FTPC : Upload sendBytes m_totalWrite : 10817536 // m_remainSize : 1355964
10-25 15:07:36.109 21799 31062 D FTPC : Upload sendBytes m_totalWrite : 10821632 // m_remainSize : 1360060
10-25 15:07:36.109 21799 31062 D FTPC : Upload sendBytes m_totalWrite : 10825728 // m_remainSize : 1364156
10-25 15:07:36.109 21799 31062 D FTPC : Upload sendBytes m_totalWrite : 10829824 // m_remainSize : 1368252
10-25 15:07:36.109 21799 31062 D FTPC : Upload sendBytes m_totalWrite : 10833920 // m_remainSize : 1372348
10-25 15:07:36.109 21799 31062 D FTPC : Upload sendBytes m_totalWrite : 10838016 // m_remainSize : 1376444
10-25 15:07:36.109 21799 31062 D FTPC : Upload sendBytes m_totalWrite : 10842112 // m_remainSize : 1380540
10-25 15:07:36.109 21799 31062 D FTPC : Upload sendBytes m_totalWrite : 10846208 // m_remainSize : 1384636
10-25 15:07:36.109 21799 31062 D FTPC : Upload sendBytes m_totalWrite : 10850304 // m_remainSize : 1388732
10-25 15:07:36.109 21799 31062 D FTPC : Upload sendBytes m_totalWrite : 10854400 // m_remainSize : 1392828
10-25 15:07:36.109 21799 31062 D FTPC : Upload sendBytes m_totalWrite : 10858496 // m_remainSize : 1396924
10-25 15:07:36.109 21799 31062 D FTPC : Upload sendBytes m_totalWrite : 10862592 // m_remainSize : 1401020
10-25 15:07:36.109 21799 31062 D FTPC : Upload sendBytes m_totalWrite : 10866688 // m_remainSize : 1405116
10-25 15:07:36.109 21799 31062 D FTPC : Upload sendBytes m_totalWrite : 10870784 // m_remainSize : 1409212
10-25 15:07:36.109 21799 31062 D FTPC : Upload sendBytes m_totalWrite : 10874880 // m_remainSize : 1413308
10-25 15:07:36.109 21799 31062 D FTPC : Upload sendBytes m_totalWrite : 10878976 // m_remainSize : 1417404
10-25 15:07:36.109 21799 31062 D FTPC : Upload sendBytes m_totalWrite : 10883072 // m_remainSize : 1421500
10-25 15:07:36.109 21799 31062 D FTPC : Upload sendBytes m_totalWrite : 10887168 // m_remainSize : 1425596
10-25 15:07:36.109 21799 31062 D FTPC : Upload sendBytes m_totalWrite : 10891264 // m_remainSize : 1429692
10-25 15:07:36.109 21799 31062 D FTPC : Upload sendBytes m_totalWrite : 10895360 // m_remainSize : 1433788
10-25 15:07:36.109 21799 31062 D FTPC : Upload sendBytes m_totalWrite : 10899456 // m_remainSize : 1437884
10-25 15:07:36.109 21799 31062 D FTPC : Upload sendBytes m_totalWrite : 10903552 // m_remainSize : 1441980
10-25 15:07:36.109 21799 31062 D FTPC : Upload sendBytes m_totalWrite : 10907648 // m_remainSize : 1446076
10-25 15:07:36.109 21799 31062 D FTPC : Upload sendBytes m_totalWrite : 10911744 // m_remainSize : 1450172
10-25 15:07:36.109 21799 31062 D FTPC : Upload sendBytes m_totalWrite : 10915840 // m_remainSize : 1454268
10-25 15:07:36.109 21799 31062 D FTPC : Upload sendBytes m_totalWrite : 10919936 // m_remainSize : 1458364
10-25 15:07:36.109 21799 31062 D FTPC : Upload sendBytes m_totalWrite : 10924032 // m_remainSize : 1462460
10-25 15:07:36.109 21799 31062 D FTPC : Upload sendBytes m_totalWrite : 10928128 // m_remainSize : 1466556
10-25 15:07:36.109 21799 31062 D FTPC : Upload sendBytes m_totalWrite : 10932224 // m_remainSize : 1470652
10-25 15:07:36.109 21799 31062 D FTPC : Upload sendBytes m_totalWrite : 10936320 // m_remainSize : 1474748
10-25 15:07:36.109 21799 31062 D FTPC : Upload sendBytes m_totalWrite : 10940416 // m_remainSize : 1478844
10-25 15:07:36.109 21799 31062 D FTPC : Upload sendBytes m_totalWrite : 10944512 // m_remainSize : 1482940
10-25 15:07:36.109 21799 31062 D FTPC : Upload sendBytes m_totalWrite : 10948608 // m_remainSize : 1487036
10-25 15:07:36.109 21799 31062 D FTPC : Upload sendBytes m_totalWrite : 10952704 // m_remainSize : 1491132
10-25 15:07:36.109 21799 31062 D FTPC : Upload sendBytes m_totalWrite : 10956800 // m_remainSize : 1495228
10-25 15:07:36.109 21799 31062 D FTPC : Upload sendBytes m_totalWrite : 10960896 // m_remainSize : 1499324
10-25 15:07:36.109 21799 31062 D FTPC : Upload sendBytes m_totalWrite : 10964992 // m_remainSize : 1503420
10-25 15:07:36.109 21799 31062 D FTPC : Upload sendBytes m_totalWrite : 10969088 // m_remainSize : 1507516
10-25 15:07:36.109 21799 31062 D FTPC : Upload sendBytes m_totalWrite : 10973184 // m_remainSize : 1511612
10-25 15:07:36.109 21799 31062 D FTPC : Upload sendBytes m_totalWrite : 10977280 // m_remainSize : 1515708
10-25 15:07:36.109 21799 31062 D FTPC : Upload sendBytes m_totalWrite : 10981376 // m_remainSize : 1519804
10-25 15:07:36.109 21799 31062 D FTPC : Upload sendBytes m_totalWrite : 10985472 // m_remainSize : 1523900
10-25 15:07:36.109 21799 31062 D FTPC : Upload sendBytes m_totalWrite : 10989568 // m_remainSize : 1527996
10-25 15:07:36.109 21799 31062 D FTPC : Upload sendBytes m_totalWrite : 10993664 // m_remainSize : 1532092
10-25 15:07:36.109 21799 31062 D FTPC : Upload sendBytes m_totalWrite : 10997760 // m_remainSize : 1536188
10-25 15:07:36.109 21799 31062 D FTPC : Upload sendBytes m_totalWrite : 11001856 // m_remainSize : 1540284
10-25 15:07:36.109 21799 31062 D FTPC : Upload sendBytes m_totalWrite : 11005952 // m_remainSize : 1544380
10-25 15:07:36.109 21799 31062 D FTPC : Upload sendBytes m_totalWrite : 11010048 // m_remainSize : 1548476
10-25 15:07:36.110 21799 31062 D FTPC : Upload sendBytes m_totalWrite : 11014144 // m_remainSize : 1552572
10-25 15:07:36.110 21799 31062 D FTPC : Upload sendBytes m_totalWrite : 11018240 // m_remainSize : 1556668
10-25 15:07:36.110 21799 31062 D FTPC : Upload sendBytes m_totalWrite : 11022336 // m_remainSize : 1560764
10-25 15:07:36.110 21799 31062 D FTPC : Upload sendBytes m_totalWrite : 11026432 // m_remainSize : 1564860
10-25 15:07:36.110 21799 31062 D FTPC : Upload sendBytes m_totalWrite : 11030528 // m_remainSize : 1568956
10-25 15:07:36.110 21799 31062 D FTPC : Upload sendBytes m_totalWrite : 11034624 // m_remainSize : 1573052
10-25 15:07:36.110 21799 31062 D FTPC : Upload sendBytes m_totalWrite : 11038720 // m_remainSize : 1577148
10-25 15:07:36.110 21799 31062 D FTPC : Upload sendBytes m_totalWrite : 11042816 // m_remainSize : 1581244
10-25 15:07:36.110 21799 31062 D FTPC : Upload sendBytes m_totalWrite : 11046912 // m_remainSize : 1585340
10-25 15:07:36.110 21799 31062 D FTPC : Upload sendBytes m_totalWrite : 11051008 // m_remainSize : 1589436
10-25 15:07:36.110 21799 31062 D FTPC : Upload sendBytes m_totalWrite : 11055104 // m_remainSize : 1593532
10-25 15:07:36.110 21799 31062 D FTPC : Upload sendBytes m_totalWrite : 11059200 // m_remainSize : 1597628
10-25 15:07:36.110 21799 31062 D FTPC : Upload sendBytes m_totalWrite : 11063296 // m_remainSize : 1601724
10-25 15:07:36.110 21799 31062 D FTPC : Upload sendBytes m_totalWrite : 11067392 // m_remainSize : 1605820
10-25 15:07:36.110 21799 31062 D FTPC : Upload sendBytes m_totalWrite : 11071488 // m_remainSize : 1609916
10-25 15:07:36.110 21799 31062 D FTPC : Upload sendBytes m_totalWrite : 11075584 // m_remainSize : 1614012
10-25 15:07:36.110 21799 31062 D FTPC : Upload sendBytes m_totalWrite : 11079680 // m_remainSize : 1618108
10-25 15:07:36.110 21799 31062 D FTPC : Upload sendBytes m_totalWrite : 11083776 // m_remainSize : 1622204
10-25 15:07:36.110 21799 31062 D FTPC : Upload sendBytes m_totalWrite : 11087872 // m_remainSize : 1626300
10-25 15:07:36.110 21799 31062 D FTPC : Upload sendBytes m_totalWrite : 11091968 // m_remainSize : 1630396
10-25 15:07:36.110 21799 31062 D FTPC : Upload sendBytes m_totalWrite : 11096064 // m_remainSize : 1634492
10-25 15:07:36.110 21799 31062 D FTPC : Upload sendBytes m_totalWrite : 11100160 // m_remainSize : 1638588
10-25 15:07:36.110 21799 31062 D FTPC : Upload sendBytes m_totalWrite : 11104256 // m_remainSize : 1642684
10-25 15:07:36.110 21799 31062 D FTPC : Upload sendBytes m_totalWrite : 11108352 // m_remainSize : 1646780
10-25 15:07:36.110 21799 31062 D FTPC : Upload sendBytes m_totalWrite : 11112448 // m_remainSize : 1650876
10-25 15:07:36.110 21799 31062 D FTPC : Upload sendBytes m_totalWrite : 11116544 // m_remainSize : 1654972
10-25 15:07:36.110 21799 31062 D FTPC : Upload sendBytes m_totalWrite : 11120640 // m_remainSize : 1659068
10-25 15:07:36.110 21799 31062 D FTPC : Upload sendBytes m_totalWrite : 11124736 // m_remainSize : 1663164
10-25 15:07:36.110 21799 31062 D FTPC : Upload sendBytes m_totalWrite : 11128832 // m_remainSize : 1667260
10-25 15:07:36.110 21799 31062 D FTPC : Upload sendBytes m_totalWrite : 11132928 // m_remainSize : 1671356
10-25 15:07:36.110 21799 31062 D FTPC : Upload sendBytes m_totalWrite : 11137024 // m_remainSize : 1675452
10-25 15:07:36.110 21799 31062 D FTPC : Upload sendBytes m_totalWrite : 11141120 // m_remainSize : 1679548
10-25 15:07:36.110 21799 31062 D FTPC : Upload sendBytes m_totalWrite : 11145216 // m_remainSize : 1683644
10-25 15:07:36.110 21799 31062 D FTPC : Upload sendBytes m_totalWrite : 11149312 // m_remainSize : 1687740
10-25 15:07:36.110 21799 31062 D FTPC : Upload sendBytes m_totalWrite : 11153408 // m_remainSize : 1691836
10-25 15:07:36.110 21799 31062 D FTPC : Upload sendBytes m_totalWrite : 11157504 // m_remainSize : 1695932
10-25 15:07:36.110 21799 31062 D FTPC : Upload sendBytes m_totalWrite : 11161600 // m_remainSize : 1700028
10-25 15:07:36.110 21799 31062 D FTPC : Upload sendBytes m_totalWrite : 11165696 // m_remainSize : 1704124
10-25 15:07:36.110 21799 31062 D FTPC : Upload sendBytes m_totalWrite : 11169792 // m_remainSize : 1708220
10-25 15:07:36.110 21799 31062 D FTPC : Upload sendBytes m_totalWrite : 11173888 // m_remainSize : 1712316
10-25 15:07:36.110 21799 31062 D FTPC : Upload sendBytes m_totalWrite : 11177984 // m_remainSize : 1716412
10-25 15:07:36.110 21799 31062 D FTPC : Upload sendBytes m_totalWrite : 11182080 // m_remainSize : 1720508
10-25 15:07:36.110 21799 31062 D FTPC : Upload sendBytes m_totalWrite : 11186176 // m_remainSize : 1724604
10-25 15:07:36.110 21799 31062 D FTPC : Upload sendBytes m_totalWrite : 11190272 // m_remainSize : 1728700
10-25 15:07:36.110 21799 31062 D FTPC : Upload sendBytes m_totalWrite : 11194368 // m_remainSize : 1732796
10-25 15:07:36.110 21799 31062 D FTPC : Upload sendBytes m_totalWrite : 11198464 // m_remainSize : 1736892
10-25 15:07:36.110 21799 31062 D FTPC : Upload sendBytes m_totalWrite : 11202560 // m_remainSize : 1740988
10-25 15:07:36.110 21799 31062 D FTPC : Upload sendBytes m_totalWrite : 11206656 // m_remainSize : 1745084
10-25 15:07:36.110 21799 31062 D FTPC : Upload sendBytes m_totalWrite : 11210752 // m_remainSize : 1749180
10-25 15:07:36.110 21799 31062 D FTPC : Upload sendBytes m_totalWrite : 11214848 // m_remainSize : 1753276
10-25 15:07:36.110 21799 31062 D FTPC : Upload sendBytes m_totalWrite : 11218944 // m_remainSize : 1757372
10-25 15:07:36.111 21799 31062 D FTPC : Upload sendBytes m_totalWrite : 11223040 // m_remainSize : 1761468
10-25 15:07:36.111 21799 31062 D FTPC : Upload sendBytes m_totalWrite : 11227136 // m_remainSize : 1765564
10-25 15:07:36.111 21799 31062 D FTPC : Upload sendBytes m_totalWrite : 11231232 // m_remainSize : 1769660
10-25 15:07:36.111 21799 31062 D FTPC : Upload sendBytes m_totalWrite : 11235328 // m_remainSize : 1773756
10-25 15:07:36.111 21799 31062 D FTPC : Upload sendBytes m_totalWrite : 11239424 // m_remainSize : 1777852
10-25 15:07:36.111 21799 31062 D FTPC : Upload sendBytes m_totalWrite : 11243520 // m_remainSize : 1781948
10-25 15:07:36.111 21799 31062 D FTPC : Upload sendBytes m_totalWrite : 11247616 // m_remainSize : 1786044
10-25 15:07:36.111 21799 31062 D FTPC : Upload sendBytes m_totalWrite : 11251712 // m_remainSize : 1790140
10-25 15:07:36.111 21799 31062 D FTPC : Upload sendBytes m_totalWrite : 11255808 // m_remainSize : 1794236
10-25 15:07:36.111 21799 31062 D FTPC : Upload sendBytes m_totalWrite : 11259904 // m_remainSize : 1798332
10-25 15:07:36.111 21799 31062 D FTPC : Upload sendBytes m_totalWrite : 11264000 // m_remainSize : 1802428
10-25 15:07:36.111 21799 31062 D FTPC : Upload sendBytes m_totalWrite : 11268096 // m_remainSize : 1806524
10-25 15:07:36.111 21799 31062 D FTPC : Upload sendBytes m_totalWrite : 11272192 // m_remainSize : 1810620
10-25 15:07:36.111 21799 31062 D FTPC : Upload sendBytes m_totalWrite : 11276288 // m_remainSize : 1814716
10-25 15:07:36.111 21799 31062 D FTPC : Upload sendBytes m_totalWrite : 11280384 // m_remainSize : 1818812
10-25 15:07:36.111 21799 31062 D FTPC : Upload sendBytes m_totalWrite : 11284480 // m_remainSize : 1822908
10-25 15:07:36.111 21799 31062 D FTPC : Upload sendBytes m_totalWrite : 11288576 // m_remainSize : 1827004
10-25 15:07:36.111 21799 31062 D FTPC : Upload sendBytes m_totalWrite : 11292672 // m_remainSize : 1831100
10-25 15:07:36.111 21799 31062 D FTPC : Upload sendBytes m_totalWrite : 11296768 // m_remainSize : 1835196
10-25 15:07:36.111 21799 31062 D FTPC : Upload sendBytes m_totalWrite : 11300864 // m_remainSize : 1839292
10-25 15:07:36.111 21799 31062 D FTPC : Upload sendBytes m_totalWrite : 11304960 // m_remainSize : 1843388
10-25 15:07:36.111 21799 31062 D FTPC : Upload sendBytes m_totalWrite : 11309056 // m_remainSize : 1847484
10-25 15:07:36.111 21799 31062 D FTPC : Upload sendBytes m_totalWrite : 11313152 // m_remainSize : 1851580
10-25 15:07:36.111 21799 31062 D FTPC : Upload sendBytes m_totalWrite : 11317248 // m_remainSize : 1855676
10-25 15:07:36.111 21799 31062 D FTPC : Upload sendBytes m_totalWrite : 11321344 // m_remainSize : 1859772
10-25 15:07:36.111 21799 31062 D FTPC : Upload sendBytes m_totalWrite : 11325440 // m_remainSize : 1863868
10-25 15:07:36.111 21799 31062 D FTPC : Upload sendBytes m_totalWrite : 11329536 // m_remainSize : 1867964
10-25 15:07:36.111 21799 31062 D FTPC : Upload sendBytes m_totalWrite : 11333632 // m_remainSize : 1872060
10-25 15:07:36.111 21799 31062 D FTPC : Upload sendBytes m_totalWrite : 11337728 // m_remainSize : 1876156
10-25 15:07:36.111 21799 31062 D FTPC : Upload sendBytes m_totalWrite : 11341824 // m_remainSize : 1880252
10-25 15:07:36.111 21799 31062 D FTPC : Upload sendBytes m_totalWrite : 11345920 // m_remainSize : 1884348
10-25 15:07:36.111 21799 31062 D FTPC : Upload sendBytes m_totalWrite : 11350016 // m_remainSize : 1888444
10-25 15:07:36.111 21799 31062 D FTPC : Upload sendBytes m_totalWrite : 11354112 // m_remainSize : 1892540
10-25 15:07:36.111 21799 31062 D FTPC : Upload sendBytes m_totalWrite : 11358208 // m_remainSize : 1896636
10-25 15:07:36.111 21799 31062 D FTPC : Upload sendBytes m_totalWrite : 11362304 // m_remainSize : 1900732
10-25 15:07:36.111 21799 31062 D FTPC : Upload sendBytes m_totalWrite : 11366400 // m_remainSize : 1904828
10-25 15:07:36.111 21799 31062 D FTPC : Upload sendBytes m_totalWrite : 11370496 // m_remainSize : 1908924
10-25 15:07:36.111 21799 31062 D FTPC : Upload sendBytes m_totalWrite : 11374592 // m_remainSize : 1913020
10-25 15:07:36.111 21799 31062 D FTPC : Upload sendBytes m_totalWrite : 11378688 // m_remainSize : 1917116
10-25 15:07:36.111 21799 31062 D FTPC : Upload sendBytes m_totalWrite : 11382784 // m_remainSize : 1921212
10-25 15:07:36.111 21799 31062 D FTPC : Upload sendBytes m_totalWrite : 11386880 // m_remainSize : 1925308
10-25 15:07:36.111 21799 31062 D FTPC : Upload sendBytes m_totalWrite : 11390976 // m_remainSize : 1929404
10-25 15:07:36.111 21799 31062 D FTPC : Upload sendBytes m_totalWrite : 11395072 // m_remainSize : 1933500
10-25 15:07:36.111 21799 31062 D FTPC : Upload sendBytes m_totalWrite : 11399168 // m_remainSize : 1937596
10-25 15:07:36.111 21799 31062 D FTPC : Upload sendBytes m_totalWrite : 11403264 // m_remainSize : 1941692
10-25 15:07:36.111 21799 31062 D FTPC : Upload sendBytes m_totalWrite : 11407360 // m_remainSize : 1945788
10-25 15:07:36.111 21799 31062 D FTPC : Upload sendBytes m_totalWrite : 11411456 // m_remainSize : 1949884
10-25 15:07:36.111 21799 31062 D FTPC : Upload sendBytes m_totalWrite : 11415552 // m_remainSize : 1953980
10-25 15:07:36.111 21799 31062 D FTPC : Upload sendBytes m_totalWrite : 11419648 // m_remainSize : 1958076
10-25 15:07:36.111 21799 31062 D FTPC : Upload sendBytes m_totalWrite : 11423744 // m_remainSize : 1962172
10-25 15:07:36.111 21799 31062 D FTPC : Upload sendBytes m_totalWrite : 11427840 // m_remainSize : 1966268
10-25 15:07:36.111 21799 31062 D FTPC : Upload sendBytes m_totalWrite : 11431936 // m_remainSize : 1970364
10-25 15:07:36.111 21799 31062 D FTPC : Upload sendBytes m_totalWrite : 11436032 // m_remainSize : 1974460
10-25 15:07:36.111 21799 31062 D FTPC : Upload sendBytes m_totalWrite : 11440128 // m_remainSize : 1978556
10-25 15:07:36.111 21799 31062 D FTPC : Upload sendBytes m_totalWrite : 11444224 // m_remainSize : 1982652
10-25 15:07:36.111 21799 31062 D FTPC : Upload sendBytes m_totalWrite : 11448320 // m_remainSize : 1986748
10-25 15:07:36.111 21799 31062 D FTPC : Upload sendBytes m_totalWrite : 11452416 // m_remainSize : 1990844
10-25 15:07:36.111 21799 31062 D FTPC : Upload sendBytes m_totalWrite : 11456512 // m_remainSize : 1994940
10-25 15:07:36.111 21799 31062 D FTPC : Upload sendBytes m_totalWrite : 11460608 // m_remainSize : 1999036
10-25 15:07:36.111 21799 31062 D FTPC : Upload sendBytes m_totalWrite : 11464704 // m_remainSize : 2003132
10-25 15:07:36.111 21799 31062 D FTPC : Upload sendBytes m_totalWrite : 11468800 // m_remainSize : 2007228
10-25 15:07:36.111 21799 31062 D FTPC : Upload sendBytes m_totalWrite : 11472896 // m_remainSize : 2011324
10-25 15:07:36.111 21799 31062 D FTPC : Upload sendBytes m_totalWrite : 11476992 // m_remainSize : 2015420
10-25 15:07:36.111 21799 31062 D FTPC : Upload sendBytes m_totalWrite : 11481088 // m_remainSize : 2019516
10-25 15:07:36.111 21799 31062 D FTPC : Upload sendBytes m_totalWrite : 11485184 // m_remainSize : 2023612
10-25 15:07:36.111 21799 31062 D FTPC : Upload sendBytes m_totalWrite : 11489280 // m_remainSize : 2027708
10-25 15:07:36.111 21799 31062 D FTPC : Upload sendBytes m_totalWrite : 11493376 // m_remainSize : 2031804
10-25 15:07:36.111 21799 31062 D FTPC : Upload sendBytes m_totalWrite : 11497472 // m_remainSize : 2035900
10-25 15:07:36.111 21799 31062 D FTPC : Upload sendBytes m_totalWrite : 11501568 // m_remainSize : 2039996
10-25 15:07:36.111 21799 31062 D FTPC : Upload sendBytes m_totalWrite : 11505664 // m_remainSize : 2044092
10-25 15:07:36.112 21799 31062 D FTPC : Upload sendBytes m_totalWrite : 11509760 // m_remainSize : 2048188
10-25 15:07:36.112 21799 31062 D FTPC : Upload sendBytes m_totalWrite : 11513856 // m_remainSize : 2052284
10-25 15:07:36.112 21799 31062 D FTPC : Upload sendBytes m_totalWrite : 11517952 // m_remainSize : 2056380
10-25 15:07:36.112 21799 31062 D FTPC : Upload sendBytes m_totalWrite : 11522048 // m_remainSize : 2060476
10-25 15:07:36.112 21799 31062 D FTPC : Upload sendBytes m_totalWrite : 11526144 // m_remainSize : 2064572
10-25 15:07:36.112 21799 31062 D FTPC : Upload sendBytes m_totalWrite : 11530240 // m_remainSize : 2068668
10-25 15:07:36.112 21799 31062 D FTPC : Upload sendBytes m_totalWrite : 11534336 // m_remainSize : 2072764
10-25 15:07:36.112 21799 31062 D FTPC : Upload sendBytes m_totalWrite : 11538432 // m_remainSize : 2076860
10-25 15:07:36.112 21799 31062 D FTPC : Upload sendBytes m_totalWrite : 11542528 // m_remainSize : 2080956
10-25 15:07:36.112 21799 31062 D FTPC : Upload sendBytes m_totalWrite : 11546624 // m_remainSize : 2085052
10-25 15:07:36.112 21799 31062 D FTPC : Upload sendBytes m_totalWrite : 11550720 // m_remainSize : 2089148
10-25 15:07:36.112 21799 31062 D FTPC : Upload sendBytes m_totalWrite : 11554816 // m_remainSize : 2093244
10-25 15:07:36.112 21799 31062 D FTPC : Upload sendBytes m_totalWrite : 11558912 // m_remainSize : 2097340
10-25 15:07:36.112 21799 31062 D FTPC : Upload sendBytes m_totalWrite : 11563008 // m_remainSize : 2101436
10-25 15:07:36.112 21799 31062 D FTPC : Upload sendBytes m_totalWrite : 11567104 // m_remainSize : 2105532
10-25 15:07:36.112 21799 31062 D FTPC : Upload sendBytes m_totalWrite : 11571200 // m_remainSize : 2109628
10-25 15:07:36.112 21799 31062 D FTPC : Upload sendBytes m_totalWrite : 11575296 // m_remainSize : 2113724
10-25 15:07:36.112 21799 31062 D FTPC : Upload sendBytes m_totalWrite : 11579392 // m_remainSize : 2117820
10-25 15:07:36.112 21799 31062 D FTPC : Upload sendBytes m_totalWrite : 11583488 // m_remainSize : 2121916
10-25 15:07:36.112 21799 31062 D FTPC : Upload sendBytes m_totalWrite : 11587584 // m_remainSize : 2126012
10-25 15:07:36.112 21799 31062 D FTPC : Upload sendBytes m_totalWrite : 11591680 // m_remainSize : 2130108
10-25 15:07:36.144 2356 3508 I SemWifiServiceDetector: Service det. resumed
10-25 15:07:36.145 21799 31062 D FTPC : Upload sendBytes m_totalWrite : 11595776 // m_remainSize : 1855744
10-25 15:07:36.145 21799 31062 D FTPC : Upload sendBytes m_totalWrite : 11599872 // m_remainSize : 1826996
10-25 15:07:36.145 21799 31062 D FTPC : Upload sendBytes m_totalWrite : 11603968 // m_remainSize : 1831092
10-25 15:07:36.145 21799 31062 D FTPC : Upload sendBytes m_totalWrite : 11608064 // m_remainSize : 1835188
10-25 15:07:36.145 21799 31062 D FTPC : Upload sendBytes m_totalWrite : 11612160 // m_remainSize : 1839284
10-25 15:07:36.145 21799 31062 D FTPC : Upload sendBytes m_totalWrite : 11616256 // m_remainSize : 1843380
10-25 15:07:36.145 21799 31062 D FTPC : Upload sendBytes m_totalWrite : 11620352 // m_remainSize : 1847476
10-25 15:07:36.145 21799 31062 D FTPC : Upload sendBytes m_totalWrite : 11624448 // m_remainSize : 1851572
10-25 15:07:36.145 21799 31062 D FTPC : Upload sendBytes m_totalWrite : 11628544 // m_remainSize : 1855668
10-25 15:07:36.146 21799 31062 D FTPC : Upload sendBytes m_totalWrite : 11632640 // m_remainSize : 1859764
10-25 15:07:36.146 21799 31062 D FTPC : Upload sendBytes m_totalWrite : 11636736 // m_remainSize : 1863860
10-25 15:07:36.146 21799 31062 D FTPC : Upload sendBytes m_totalWrite : 11640832 // m_remainSize : 1867956
10-25 15:07:36.146 21799 31062 D FTPC : Upload sendBytes m_totalWrite : 11644928 // m_remainSize : 1872052
10-25 15:07:36.146 21799 31062 D FTPC : Upload sendBytes m_totalWrite : 11649024 // m_remainSize : 1876148
10-25 15:07:36.146 21799 31062 D FTPC : Upload sendBytes m_totalWrite : 11653120 // m_remainSize : 1880244
10-25 15:07:36.146 21799 31062 D FTPC : Upload sendBytes m_totalWrite : 11657216 // m_remainSize : 1884340
10-25 15:07:36.146 21799 31062 D FTPC : Upload sendBytes m_totalWrite : 11661312 // m_remainSize : 1888436
10-25 15:07:36.146 21799 31062 D FTPC : Upload sendBytes m_totalWrite : 11665408 // m_remainSize : 1892532
10-25 15:07:36.146 21799 31062 D FTPC : Upload sendBytes m_totalWrite : 11669504 // m_remainSize : 1896628
10-25 15:07:36.146 21799 31062 D FTPC : Upload sendBytes m_totalWrite : 11673600 // m_remainSize : 1900724
10-25 15:07:36.146 21799 31062 D FTPC : Upload sendBytes m_totalWrite : 11677696 // m_remainSize : 1904820
10-25 15:07:36.146 21799 31062 D FTPC : Upload sendBytes m_totalWrite : 11681792 // m_remainSize : 1908916
10-25 15:07:36.146 21799 31062 D FTPC : Upload sendBytes m_totalWrite : 11685888 // m_remainSize : 1913012
10-25 15:07:36.146 21799 31062 D FTPC : Upload sendBytes m_totalWrite : 11689984 // m_remainSize : 1917108
10-25 15:07:36.146 21799 31062 D FTPC : Upload sendBytes m_totalWrite : 11694080 // m_remainSize : 1921204
10-25 15:07:36.146 21799 31062 D FTPC : Upload sendBytes m_totalWrite : 11698176 // m_remainSize : 1925300
10-25 15:07:36.146 21799 31062 D FTPC : Upload sendBytes m_totalWrite : 11702272 // m_remainSize : 1929396
10-25 15:07:36.146 21799 31062 D FTPC : Upload sendBytes m_totalWrite : 11706368 // m_remainSize : 1933492
10-25 15:07:36.146 21799 31062 D FTPC : Upload sendBytes m_totalWrite : 11710464 // m_remainSize : 1937588
10-25 15:07:36.146 21799 31062 D FTPC : Upload sendBytes m_totalWrite : 11714560 // m_remainSize : 1941684
10-25 15:07:36.146 21799 31062 D FTPC : Upload sendBytes m_totalWrite : 11718656 // m_remainSize : 1945780
10-25 15:07:36.146 21799 31062 D FTPC : Upload sendBytes m_totalWrite : 11722752 // m_remainSize : 1949876
10-25 15:07:36.146 21799 31062 D FTPC : Upload sendBytes m_totalWrite : 11726848 // m_remainSize : 1953972
10-25 15:07:36.146 21799 31062 D FTPC : Upload sendBytes m_totalWrite : 11730944 // m_remainSize : 1958068
10-25 15:07:36.146 21799 31062 D FTPC : Upload sendBytes m_totalWrite : 11735040 // m_remainSize : 1962164
10-25 15:07:36.146 21799 31062 D FTPC : Upload sendBytes m_totalWrite : 11739136 // m_remainSize : 1966260
10-25 15:07:36.146 21799 31062 D FTPC : Upload sendBytes m_totalWrite : 11743232 // m_remainSize : 1970356
10-25 15:07:36.146 21799 31062 D FTPC : Upload sendBytes m_totalWrite : 11747328 // m_remainSize : 1974452
10-25 15:07:36.146 21799 31062 D FTPC : Upload sendBytes m_totalWrite : 11751424 // m_remainSize : 1978548
10-25 15:07:36.146 21799 31062 D FTPC : Upload sendBytes m_totalWrite : 11755520 // m_remainSize : 1982644
10-25 15:07:36.146 21799 31062 D FTPC : Upload sendBytes m_totalWrite : 11759616 // m_remainSize : 1986740
10-25 15:07:36.146 21799 31062 D FTPC : Upload sendBytes m_totalWrite : 11763712 // m_remainSize : 1990836
10-25 15:07:36.146 21799 31062 D FTPC : Upload sendBytes m_totalWrite : 11767808 // m_remainSize : 1994932
10-25 15:07:36.146 21799 31062 D FTPC : Upload sendBytes m_totalWrite : 11771904 // m_remainSize : 1999028
10-25 15:07:36.146 21799 31062 D FTPC : Upload sendBytes m_totalWrite : 11776000 // m_remainSize : 2003124
10-25 15:07:36.146 21799 31062 D FTPC : Upload sendBytes m_totalWrite : 11780096 // m_remainSize : 2007220
10-25 15:07:36.146 21799 31062 D FTPC : Upload sendBytes m_totalWrite : 11784192 // m_remainSize : 2011316
10-25 15:07:36.146 21799 31062 D FTPC : Upload sendBytes m_totalWrite : 11788288 // m_remainSize : 2015412
10-25 15:07:36.146 21799 31062 D FTPC : Upload sendBytes m_totalWrite : 11792384 // m_remainSize : 2019508
10-25 15:07:36.146 21799 31062 D FTPC : Upload sendBytes m_totalWrite : 11796480 // m_remainSize : 2023604
10-25 15:07:36.146 21799 31062 D FTPC : Upload sendBytes m_totalWrite : 11800576 // m_remainSize : 2027700
10-25 15:07:36.146 21799 31062 D FTPC : Upload sendBytes m_totalWrite : 11804672 // m_remainSize : 2031796
10-25 15:07:36.146 21799 31062 D FTPC : Upload sendBytes m_totalWrite : 11808768 // m_remainSize : 2035892
10-25 15:07:36.147 21799 31062 D FTPC : Upload sendBytes m_totalWrite : 11812864 // m_remainSize : 2039988
10-25 15:07:36.147 21799 31062 D FTPC : Upload sendBytes m_totalWrite : 11816960 // m_remainSize : 2044084
10-25 15:07:36.147 21799 31062 D FTPC : Upload sendBytes m_totalWrite : 11821056 // m_remainSize : 2048180
10-25 15:07:36.147 21799 31062 D FTPC : Upload sendBytes m_totalWrite : 11825152 // m_remainSize : 2052276
10-25 15:07:36.147 21799 31062 D FTPC : Upload sendBytes m_totalWrite : 11829248 // m_remainSize : 2056372
10-25 15:07:36.147 21799 31062 D FTPC : Upload sendBytes m_totalWrite : 11833344 // m_remainSize : 2060468
10-25 15:07:36.147 21799 31062 D FTPC : Upload sendBytes m_totalWrite : 11837440 // m_remainSize : 2064564
10-25 15:07:36.147 21799 31062 D FTPC : Upload sendBytes m_totalWrite : 11841536 // m_remainSize : 2068660
10-25 15:07:36.147 21799 31062 D FTPC : Upload sendBytes m_totalWrite : 11845632 // m_remainSize : 2072756
10-25 15:07:36.147 21799 31062 D FTPC : Upload sendBytes m_totalWrite : 11849728 // m_remainSize : 2076852
10-25 15:07:36.147 21799 31062 D FTPC : Upload sendBytes m_totalWrite : 11853824 // m_remainSize : 2080948
10-25 15:07:36.147 21799 31062 D FTPC : Upload sendBytes m_totalWrite : 11857920 // m_remainSize : 2085044
10-25 15:07:36.147 21799 31062 D FTPC : Upload sendBytes m_totalWrite : 11862016 // m_remainSize : 2089140
10-25 15:07:36.147 21799 31062 D FTPC : Upload sendBytes m_totalWrite : 11866112 // m_remainSize : 2093236
10-25 15:07:36.147 21799 31062 D FTPC : Upload sendBytes m_totalWrite : 11870208 // m_remainSize : 2097332
10-25 15:07:36.147 21799 31062 D FTPC : Upload sendBytes m_totalWrite : 11874304 // m_remainSize : 2101428
10-25 15:07:36.147 21799 31062 D FTPC : Upload sendBytes m_totalWrite : 11878400 // m_remainSize : 2105524
10-25 15:07:36.147 21799 31062 D FTPC : Upload sendBytes m_totalWrite : 11882496 // m_remainSize : 2109620
10-25 15:07:36.147 21799 31062 D FTPC : Upload sendBytes m_totalWrite : 11886592 // m_remainSize : 2113716
10-25 15:07:36.147 21799 31062 D FTPC : Upload sendBytes m_totalWrite : 11890688 // m_remainSize : 2117812
10-25 15:07:36.147 21799 31062 D FTPC : Upload sendBytes m_totalWrite : 11894784 // m_remainSize : 2121908
10-25 15:07:36.147 21799 31062 D FTPC : Upload sendBytes m_totalWrite : 11898880 // m_remainSize : 2126004
10-25 15:07:36.147 21799 31062 D FTPC : Upload sendBytes m_totalWrite : 11902976 // m_remainSize : 2130100
10-25 15:07:36.159 21799 31062 D FTPC : Upload sendBytes m_totalWrite : 11907072 // m_remainSize : 2114204
10-25 15:07:36.159 21799 31062 D FTPC : Upload sendBytes m_totalWrite : 11911168 // m_remainSize : 2118300
10-25 15:07:36.159 21799 31062 D FTPC : Upload sendBytes m_totalWrite : 11915264 // m_remainSize : 2122396
10-25 15:07:36.159 21799 31062 D FTPC : Upload sendBytes m_totalWrite : 11919360 // m_remainSize : 2126492
10-25 15:07:36.159 21799 31062 D FTPC : Upload sendBytes m_totalWrite : 11923456 // m_remainSize : 2130588
10-25 15:07:36.159 21799 31062 D FTPC : Upload sendBytes m_totalWrite : 11927552 // m_remainSize : 2078992
10-25 15:07:36.159 21799 31062 D FTPC : Upload sendBytes m_totalWrite : 11931648 // m_remainSize : 2041676
10-25 15:07:36.159 21799 31062 D FTPC : Upload sendBytes m_totalWrite : 11935744 // m_remainSize : 2045772
10-25 15:07:36.159 21799 31062 D FTPC : Upload sendBytes m_totalWrite : 11939840 // m_remainSize : 2049868
10-25 15:07:36.159 21799 31062 D FTPC : Upload sendBytes m_totalWrite : 11943936 // m_remainSize : 2053964
10-25 15:07:36.159 21799 31062 D FTPC : Upload sendBytes m_totalWrite : 11948032 // m_remainSize : 2058060
10-25 15:07:36.160 21799 31062 D FTPC : Upload sendBytes m_totalWrite : 11952128 // m_remainSize : 2062156
10-25 15:07:36.160 21799 31062 D FTPC : Upload sendBytes m_totalWrite : 11956224 // m_remainSize : 2039120
10-25 15:07:36.160 21799 31062 D FTPC : Upload sendBytes m_totalWrite : 11960320 // m_remainSize : 2020192
10-25 15:07:36.160 21799 31062 D FTPC : Upload sendBytes m_totalWrite : 11964416 // m_remainSize : 1991444
10-25 15:07:36.160 21799 31062 D FTPC : Upload sendBytes m_totalWrite : 11968512 // m_remainSize : 1995540
10-25 15:07:36.160 21799 31062 D FTPC : Upload sendBytes m_totalWrite : 11972608 // m_remainSize : 1999636
10-25 15:07:36.160 21799 31062 D FTPC : Upload sendBytes m_totalWrite : 11976704 // m_remainSize : 2003732
10-25 15:07:36.160 21799 31062 D FTPC : Upload sendBytes m_totalWrite : 11980800 // m_remainSize : 2007828
10-25 15:07:36.160 21799 31062 D FTPC : Upload sendBytes m_totalWrite : 11984896 // m_remainSize : 2011924
10-25 15:07:36.160 21799 31062 D FTPC : Upload sendBytes m_totalWrite : 11988992 // m_remainSize : 2016020
10-25 15:07:36.160 21799 31062 D FTPC : Upload sendBytes m_totalWrite : 11993088 // m_remainSize : 2020116
10-25 15:07:36.160 21799 31062 D FTPC : Upload sendBytes m_totalWrite : 11997184 // m_remainSize : 2015644
10-25 15:07:36.160 21799 31062 D FTPC : Upload sendBytes m_totalWrite : 12001280 // m_remainSize : 2009744
10-25 15:07:36.160 21799 31062 D FTPC : Upload sendBytes m_totalWrite : 12005376 // m_remainSize : 2013840
10-25 15:07:36.160 21799 31062 D FTPC : Upload sendBytes m_totalWrite : 12009472 // m_remainSize : 2017936
10-25 15:07:36.160 21799 31062 D FTPC : Upload sendBytes m_totalWrite : 12013568 // m_remainSize : 2022032
10-25 15:07:36.160 21799 31062 D FTPC : Upload sendBytes m_totalWrite : 12017664 // m_remainSize : 2026128
10-25 15:07:36.160 21799 31062 D FTPC : Upload sendBytes m_totalWrite : 12021760 // m_remainSize : 2030224
10-25 15:07:36.160 21799 31062 D FTPC : Upload sendBytes m_totalWrite : 12025856 // m_remainSize : 2034320
10-25 15:07:36.160 21799 31062 D FTPC : Upload sendBytes m_totalWrite : 12029952 // m_remainSize : 2038416
10-25 15:07:36.160 21799 31062 D FTPC : Upload sendBytes m_totalWrite : 12034048 // m_remainSize : 2042512
10-25 15:07:36.160 21799 31062 D FTPC : Upload sendBytes m_totalWrite : 12038144 // m_remainSize : 2046608
10-25 15:07:36.160 21799 31062 D FTPC : Upload sendBytes m_totalWrite : 12042240 // m_remainSize : 2050704
10-25 15:07:36.160 21799 31062 D FTPC : Upload sendBytes m_totalWrite : 12046336 // m_remainSize : 2054800
10-25 15:07:36.160 21799 31062 D FTPC : Upload sendBytes m_totalWrite : 12050432 // m_remainSize : 2058896
10-25 15:07:36.160 21799 31062 D FTPC : Upload sendBytes m_totalWrite : 12054528 // m_remainSize : 2062992
10-25 15:07:36.160 21799 31062 D FTPC : Upload sendBytes m_totalWrite : 12058624 // m_remainSize : 2067088
10-25 15:07:36.160 21799 31062 D FTPC : Upload sendBytes m_totalWrite : 12062720 // m_remainSize : 2071184
10-25 15:07:36.160 21799 31062 D FTPC : Upload sendBytes m_totalWrite : 12066816 // m_remainSize : 2075280
10-25 15:07:36.160 21799 31062 D FTPC : Upload sendBytes m_totalWrite : 12070912 // m_remainSize : 2079376
10-25 15:07:36.160 21799 31062 D FTPC : Upload sendBytes m_totalWrite : 12075008 // m_remainSize : 2083472
10-25 15:07:36.160 21799 31062 D FTPC : Upload sendBytes m_totalWrite : 12079104 // m_remainSize : 2087568
10-25 15:07:36.160 21799 31062 D FTPC : Upload sendBytes m_totalWrite : 12083200 // m_remainSize : 2091664
10-25 15:07:36.160 21799 31062 D FTPC : Upload sendBytes m_totalWrite : 12087296 // m_remainSize : 2095760
10-25 15:07:36.160 21799 31062 D FTPC : Upload sendBytes m_totalWrite : 12091392 // m_remainSize : 2099856
10-25 15:07:36.160 21799 31062 D FTPC : Upload sendBytes m_totalWrite : 12095488 // m_remainSize : 2103952
10-25 15:07:36.160 21799 31062 D FTPC : Upload sendBytes m_totalWrite : 12099584 // m_remainSize : 2108048
10-25 15:07:36.160 21799 31062 D FTPC : Upload sendBytes m_totalWrite : 12103680 // m_remainSize : 2112144
10-25 15:07:36.160 21799 31062 D FTPC : Upload sendBytes m_totalWrite : 12107776 // m_remainSize : 2116240
10-25 15:07:36.160 21799 31062 D FTPC : Upload sendBytes m_totalWrite : 12111872 // m_remainSize : 2120336
10-25 15:07:36.160 21799 31062 D FTPC : Upload sendBytes m_totalWrite : 12115968 // m_remainSize : 2124432
10-25 15:07:36.160 21799 31062 D FTPC : Upload sendBytes m_totalWrite : 12120064 // m_remainSize : 2128528
10-25 15:07:36.162 21799 31062 D FTPC : Upload sendBytes m_totalWrite : 12124160 // m_remainSize : 2112632
10-25 15:07:36.162 21799 31062 D FTPC : Upload sendBytes m_totalWrite : 12128256 // m_remainSize : 2116728
10-25 15:07:36.162 21799 31062 D FTPC : Upload sendBytes m_totalWrite : 12132352 // m_remainSize : 2120824
10-25 15:07:36.162 21799 31062 D FTPC : Upload sendBytes m_totalWrite : 12136448 // m_remainSize : 2124920
10-25 15:07:36.162 21799 31062 D FTPC : Upload sendBytes m_totalWrite : 12140544 // m_remainSize : 2129016
10-25 15:07:36.163 21799 31062 D FTPC : Upload sendBytes m_totalWrite : 12144640 // m_remainSize : 1867504
10-25 15:07:36.163 21799 31062 D FTPC : Upload sendBytes m_totalWrite : 12148736 // m_remainSize : 1871600
10-25 15:07:36.163 21799 31062 D FTPC : Upload sendBytes m_totalWrite : 12152832 // m_remainSize : 1875696
10-25 15:07:36.163 21799 31062 D FTPC : Upload sendBytes m_totalWrite : 12156928 // m_remainSize : 1879792
10-25 15:07:36.163 21799 31062 D FTPC : Upload sendBytes m_totalWrite : 12161024 // m_remainSize : 1883888
10-25 15:07:36.163 21799 31062 D FTPC : Upload sendBytes m_totalWrite : 12165120 // m_remainSize : 1887984
10-25 15:07:36.163 21799 31062 D FTPC : Upload sendBytes m_totalWrite : 12169216 // m_remainSize : 1892080
10-25 15:07:36.163 21799 31062 D FTPC : Upload sendBytes m_totalWrite : 12173312 // m_remainSize : 1896176
10-25 15:07:36.163 21799 31062 D FTPC : Upload sendBytes m_totalWrite : 12177408 // m_remainSize : 1900272
10-25 15:07:36.163 21799 31062 D FTPC : Upload sendBytes m_totalWrite : 12181504 // m_remainSize : 1904368
10-25 15:07:36.163 21799 31062 D FTPC : Upload sendBytes m_totalWrite : 12185600 // m_remainSize : 1908464
10-25 15:07:36.163 21799 31062 D FTPC : Upload sendBytes m_totalWrite : 12189696 // m_remainSize : 1912560
10-25 15:07:36.163 21799 31062 D FTPC : Upload sendBytes m_totalWrite : 12193792 // m_remainSize : 1916656
10-25 15:07:36.163 21799 31062 D FTPC : Upload sendBytes m_totalWrite : 12197888 // m_remainSize : 1920752
10-25 15:07:36.163 21799 31062 D FTPC : Upload sendBytes m_totalWrite : 12201984 // m_remainSize : 1924848
10-25 15:07:36.163 21799 31062 D FTPC : Upload sendBytes m_totalWrite : 12206080 // m_remainSize : 1928944
10-25 15:07:36.163 21799 31062 D FTPC : Upload sendBytes m_totalWrite : 12210176 // m_remainSize : 1933040
10-25 15:07:36.163 21799 31062 D FTPC : Upload sendBytes m_totalWrite : 12214272 // m_remainSize : 1937136
10-25 15:07:36.163 21799 31062 D FTPC : Upload sendBytes m_totalWrite : 12218368 // m_remainSize : 1941232
10-25 15:07:36.163 21799 31062 D FTPC : Upload sendBytes m_totalWrite : 12222464 // m_remainSize : 1945328
10-25 15:07:36.163 21799 31062 D FTPC : Upload sendBytes m_totalWrite : 12226560 // m_remainSize : 1949424
10-25 15:07:36.163 21799 31062 D FTPC : Upload sendBytes m_totalWrite : 12230656 // m_remainSize : 1953520
10-25 15:07:36.163 21799 31062 D FTPC : Upload sendBytes m_totalWrite : 12234752 // m_remainSize : 1957616
10-25 15:07:36.163 21799 31062 D FTPC : Upload sendBytes m_totalWrite : 12238848 // m_remainSize : 1961712
10-25 15:07:36.163 21799 31062 D FTPC : Upload sendBytes m_totalWrite : 12242944 // m_remainSize : 1965808
10-25 15:07:36.163 21799 31062 D FTPC : Upload sendBytes m_totalWrite : 12247040 // m_remainSize : 1969904
10-25 15:07:36.163 21799 31062 D FTPC : Upload sendBytes m_totalWrite : 12251136 // m_remainSize : 1974000
10-25 15:07:36.163 21799 31062 D FTPC : Upload sendBytes m_totalWrite : 12255232 // m_remainSize : 1978096
10-25 15:07:36.163 21799 31062 D FTPC : Upload sendBytes m_totalWrite : 12259328 // m_remainSize : 1982192
10-25 15:07:36.163 21799 31062 D FTPC : Upload sendBytes m_totalWrite : 12263424 // m_remainSize : 1986288
10-25 15:07:36.163 21799 31062 D FTPC : Upload sendBytes m_totalWrite : 12267520 // m_remainSize : 1990384
10-25 15:07:36.163 21799 31062 D FTPC : Upload sendBytes m_totalWrite : 12271616 // m_remainSize : 1994480
10-25 15:07:36.163 21799 31062 D FTPC : Upload sendBytes m_totalWrite : 12275712 // m_remainSize : 1998576
10-25 15:07:36.163 21799 31062 D FTPC : Upload sendBytes m_totalWrite : 12279808 // m_remainSize : 2002672
10-25 15:07:36.163 21799 31062 D FTPC : Upload sendBytes m_totalWrite : 12283904 // m_remainSize : 2006768
10-25 15:07:36.163 21799 31062 D FTPC : Upload sendBytes m_totalWrite : 12288000 // m_remainSize : 2010864
10-25 15:07:36.163 21799 31062 D FTPC : Upload sendBytes m_totalWrite : 12292096 // m_remainSize : 2014960
10-25 15:07:36.163 21799 31062 D FTPC : Upload sendBytes m_totalWrite : 12296192 // m_remainSize : 2019056
10-25 15:07:36.163 21799 31062 D FTPC : Upload sendBytes m_totalWrite : 12300288 // m_remainSize : 2023152
10-25 15:07:36.163 21799 31062 D FTPC : Upload sendBytes m_totalWrite : 12304384 // m_remainSize : 2027248
10-25 15:07:36.163 21799 31062 D FTPC : Upload sendBytes m_totalWrite : 12308480 // m_remainSize : 2031344
10-25 15:07:36.163 21799 31062 D FTPC : Upload sendBytes m_totalWrite : 12312576 // m_remainSize : 2035440
10-25 15:07:36.163 21799 31062 D FTPC : Upload sendBytes m_totalWrite : 12316672 // m_remainSize : 2039536
10-25 15:07:36.163 21799 31062 D FTPC : Upload sendBytes m_totalWrite : 12320768 // m_remainSize : 2043632
10-25 15:07:36.163 21799 31062 D FTPC : Upload sendBytes m_totalWrite : 12324864 // m_remainSize : 2047728
10-25 15:07:36.163 21799 31062 D FTPC : Upload sendBytes m_totalWrite : 12328960 // m_remainSize : 2051824
10-25 15:07:36.163 21799 31062 D FTPC : Upload sendBytes m_totalWrite : 12333056 // m_remainSize : 2055920
10-25 15:07:36.163 21799 31062 D FTPC : Upload sendBytes m_totalWrite : 12337152 // m_remainSize : 2060016
10-25 15:07:36.163 21799 31062 D FTPC : Upload sendBytes m_totalWrite : 12341248 // m_remainSize : 2064112
10-25 15:07:36.163 21799 31062 D FTPC : Upload sendBytes m_totalWrite : 12345344 // m_remainSize : 2068208
10-25 15:07:36.163 21799 31062 D FTPC : Upload sendBytes m_totalWrite : 12349440 // m_remainSize : 2072304
10-25 15:07:36.163 21799 31062 D FTPC : Upload sendBytes m_totalWrite : 12353536 // m_remainSize : 2076400
10-25 15:07:36.163 21799 31062 D FTPC : Upload sendBytes m_totalWrite : 12357632 // m_remainSize : 2080496
10-25 15:07:36.163 21799 31062 D FTPC : Upload sendBytes m_totalWrite : 12361728 // m_remainSize : 2084592
10-25 15:07:36.163 21799 31062 D FTPC : Upload sendBytes m_totalWrite : 12365824 // m_remainSize : 2088688
10-25 15:07:36.163 21799 31062 D FTPC : Upload sendBytes m_totalWrite : 12369920 // m_remainSize : 2092784
10-25 15:07:36.164 21799 31062 D FTPC : Upload sendBytes m_totalWrite : 12374016 // m_remainSize : 2096880
10-25 15:07:36.164 21799 31062 D FTPC : Upload sendBytes m_totalWrite : 12378112 // m_remainSize : 2100976
10-25 15:07:36.164 21799 31062 D FTPC : Upload sendBytes m_totalWrite : 12382208 // m_remainSize : 2105072
10-25 15:07:36.164 21799 31062 D FTPC : Upload sendBytes m_totalWrite : 12386304 // m_remainSize : 2109168
10-25 15:07:36.164 21799 31062 D FTPC : Upload sendBytes m_totalWrite : 12390400 // m_remainSize : 2113264
10-25 15:07:36.164 21799 31062 D FTPC : Upload sendBytes m_totalWrite : 12394496 // m_remainSize : 2117360
10-25 15:07:36.164 21799 31062 D FTPC : Upload sendBytes m_totalWrite : 12398592 // m_remainSize : 2121456
10-25 15:07:36.164 21799 31062 D FTPC : Upload sendBytes m_totalWrite : 12402688 // m_remainSize : 2125552
10-25 15:07:36.164 21799 31062 D FTPC : Upload sendBytes m_totalWrite : 12406784 // m_remainSize : 2129648
10-25 15:07:36.164 3637 3971 W TelephonyPermissions: reportAccessDeniedToReadIdentifiers:com.innowireless.xcal.mobile5:getAllSubInfoList:3
10-25 15:07:36.174 4803 4936 I GnssEngineManager_FLP: updateSatelliteStatus, top4=23, top6=22, visibleSv=9, usedSv=5, usedL5Sv=0 (usedGps=3, usedGlo=1, usedBds=0, usedGal=0)
10-25 15:07:36.175 2356 3393 D GnssLocationProvider_ex: SV Count : 5 / 9 (PRN, Constellation, SNR, Used)
10-25 15:07:36.175 2356 3393 D GnssLocationProvider_ex: (16, GPS, 23.0, 1) (26, GPS, 18.5, 0) (27, GPS, 20.5, 1) (31, GPS, 21.0, 1) (194, QZSS, 27.7, 1) (12, GLONASS, 24.3, 1)
10-25 15:07:36.175 2356 3393 D GnssLocationProvider_ex: (3, GLONASS, 12.5, 0) (26, GPS, 15.6, 0) (194, QZSS, 9.9, 0)
10-25 15:07:36.176 3637 3971 W TelephonyPermissions: reportAccessDeniedToReadIdentifiers:com.innowireless.xcal.mobile5:getAllSubInfoList:3
10-25 15:07:36.177 2356 3393 D GnssLocationProvider: reportLocation
10-25 15:07:36.178 4803 4936 I GnssEngineManager_FLP: onGpsLocationChanged, provider=gps / isMock=false / speed=0.0 / time=1729849056180 / elapsed=1468348893553
10-25 15:07:36.178 4803 4936 I NewStopController_FLP: isAvailableLastLoc, KeepStationary : false , timeGap : 31 , mStraightFixCount : 0
10-25 15:07:36.178 4803 4936 I NewStopController_FLP: onChangedGlpLocation, isGpsStopped= false, isReportingLL= false, isAvailableLastLoc : true
10-25 15:07:36.179 2356 3831 I Mocca_VehicleDetectionHelper: (1.0.07.0)GPS: receiveLocation gps
10-25 15:07:36.179 2356 3815 D SLocation: PositionManager - Passive handleLocationChanged gps 1729849056180
10-25 15:07:36.179 2356 3815 D SLocation: ARDistanceBigData - BIGDATA ARD - receive location
10-25 15:07:36.180 4622 7036 I FusedLocation: (REDACTED) location delivery to %s blocked - too fast
10-25 15:07:36.181 4622 7036 I FusedLocation: (REDACTED) location delivery to %s blocked - too fast
10-25 15:07:36.181 4622 7036 I FusedLocation: (REDACTED) location delivery to %s blocked - too fast
10-25 15:07:36.182 4622 7036 I FusedLocation: (REDACTED) location delivery to %s blocked - too fast
10-25 15:07:36.182 4803 4936 I GmsPassiveListener_FLP: onGmsLocationChanged, provider=fused / speed=1.2126372 / time=1729849056147 / elapsed=1468348893553
10-25 15:07:36.183 2356 3815 D SLocation: PositionManager - Passive handleLocationChanged fused 1729849056147
10-25 15:07:36.184 2356 3831 I Mocca_VehicleDetectionHelper: (1.0.07.0)GPS: receiveLocation fused
10-25 15:07:36.184 21799 31062 D FTPC : Upload sendBytes m_totalWrite : 12410880 // m_remainSize : 2009508
10-25 15:07:36.184 2356 3815 I SLocation: PositionManager - do not refresh last location about fused location
10-25 15:07:36.184 21799 31062 D FTPC : Upload sendBytes m_totalWrite : 12414976 // m_remainSize : 1969336
10-25 15:07:36.184 21799 31062 D FTPC : Upload sendBytes m_totalWrite : 12419072 // m_remainSize : 1973432
10-25 15:07:36.185 21799 31062 D FTPC : Upload sendBytes m_totalWrite : 12423168 // m_remainSize : 1977528
10-25 15:07:36.185 2356 3815 D SLocation: ARDistanceBigData - BIGDATA ARD - receive location
10-25 15:07:36.185 21799 31062 D FTPC : Upload sendBytes m_totalWrite : 12427264 // m_remainSize : 1981624
10-25 15:07:36.185 21799 31062 D FTPC : Upload sendBytes m_totalWrite : 12431360 // m_remainSize : 1985720
10-25 15:07:36.185 21799 31062 D FTPC : Upload sendBytes m_totalWrite : 12435456 // m_remainSize : 1989816
10-25 15:07:36.185 2356 3815 D SLocation: PositionManager - receive fused location
10-25 15:07:36.185 21799 31062 D FTPC : Upload sendBytes m_totalWrite : 12439552 // m_remainSize : 1993912
10-25 15:07:36.185 21799 31062 D FTPC : Upload sendBytes m_totalWrite : 12443648 // m_remainSize : 1998008
10-25 15:07:36.185 21799 31062 D FTPC : Upload sendBytes m_totalWrite : 12447744 // m_remainSize : 2002104
10-25 15:07:36.185 21799 31062 D FTPC : Upload sendBytes m_totalWrite : 12451840 // m_remainSize : 2006200
