10-25 15:07:37.724 21799 31062 D FTPC : Upload sendBytes m_totalWrite : 59469824 // m_remainSize : 2121728
10-25 15:07:37.724 21799 31062 D FTPC : Upload sendBytes m_totalWrite : 59473920 // m_remainSize : 2120112
10-25 15:07:37.724 21799 31062 D FTPC : Upload sendBytes m_totalWrite : 59478016 // m_remainSize : 2118496
10-25 15:07:37.724 21799 31062 D FTPC : Upload sendBytes m_totalWrite : 59482112 // m_remainSize : 2118308
10-25 15:07:37.724 21799 31062 D FTPC : Upload sendBytes m_totalWrite : 59486208 // m_remainSize : 2122404
10-25 15:07:37.724 21799 31062 D FTPC : Upload sendBytes m_totalWrite : 59490304 // m_remainSize : 2125072
10-25 15:07:37.724 21799 31062 D FTPC : Upload sendBytes m_totalWrite : 59494400 // m_remainSize : 2126312
10-25 15:07:37.724 21799 31062 D FTPC : Upload sendBytes m_totalWrite : 59498496 // m_remainSize : 2126124
10-25 15:07:37.724 21799 31062 D FTPC : Upload sendBytes m_totalWrite : 59502592 // m_remainSize : 2125936
10-25 15:07:37.724 21799 31062 D FTPC : Upload sendBytes m_totalWrite : 59506688 // m_remainSize : 2128604
10-25 15:07:37.724 21799 31062 D FTPC : Upload sendBytes m_totalWrite : 59510784 // m_remainSize : 2132700
10-25 15:07:37.725 21799 21799 W Choreographer: Frame time is 0.184886 ms in the future! Check that graphics HAL is generating vsync timestamps using the correct timebase.
10-25 15:07:37.725 21799 31062 D FTPC : Upload sendBytes m_totalWrite : 59514880 // m_remainSize : 2121088
10-25 15:07:37.725 21799 31062 D FTPC : Upload sendBytes m_totalWrite : 59518976 // m_remainSize : 2125184
10-25 15:07:37.725 21799 31062 D FTPC : Upload sendBytes m_totalWrite : 59523072 // m_remainSize : 2122140
10-25 15:07:37.725 21799 31062 D FTPC : Upload sendBytes m_totalWrite : 59527168 // m_remainSize : 2121952
10-25 15:07:37.725 21799 31062 D FTPC : Upload sendBytes m_totalWrite : 59531264 // m_remainSize : 2121764
10-25 15:07:37.725 21799 31062 D FTPC : Upload sendBytes m_totalWrite : 59535360 // m_remainSize : 2124432
10-25 15:07:37.725 21799 31062 D FTPC : Upload sendBytes m_totalWrite : 59539456 // m_remainSize : 2128528
10-25 15:07:37.725 21799 31062 D FTPC : Upload sendBytes m_totalWrite : 59543552 // m_remainSize : 2106920
10-25 15:07:37.725 21799 31062 D FTPC : Upload sendBytes m_totalWrite : 59547648 // m_remainSize : 2111016
10-25 15:07:37.725 2356 3535 I WifiProfileShare: network QoS data was changed (score), updateQoSData networkType: false, qosData: true
10-25 15:07:37.725 21799 31062 D FTPC : Upload sendBytes m_totalWrite : 59551744 // m_remainSize : 2115112
10-25 15:07:37.725 21799 31062 D FTPC : Upload sendBytes m_totalWrite : 59555840 // m_remainSize : 2119208
10-25 15:07:37.725 21799 31062 D FTPC : Upload sendBytes m_totalWrite : 59559936 // m_remainSize : 2123304
10-25 15:07:37.725 21799 31062 D FTPC : Upload sendBytes m_totalWrite : 59564032 // m_remainSize : 2127400
10-25 15:07:37.725 21799 31062 D FTPC : Upload sendBytes m_totalWrite : 59568128 // m_remainSize : 2131496
10-25 15:07:37.726 2356 4927 D WifiProfileShare: nearby scanning settings run
10-25 15:07:37.726 2356 4927 D WifiProfileShare: network score provider settings enabled
10-25 15:07:37.726 2356 4927 D OpenNetworkQos[4.00]: getOpenNetworkQosScores: 10 0 0
10-25 15:07:37.726 2356 4927 D OpenNetworkQos[4.00]: getOpenNetworkQosNoInternetStatus: false
10-25 15:07:37.726 2356 4927 I WifiProfileShare.Caster: current network type: 0, score: [10, 0, 0]
10-25 15:07:37.726 21799 31062 D FTPC : Upload sendBytes m_totalWrite : 59572224 // m_remainSize : 2114172
10-25 15:07:37.726 21799 31062 D FTPC : Upload sendBytes m_totalWrite : 59576320 // m_remainSize : 2118268
10-25 15:07:37.726 21799 31062 D FTPC : Upload sendBytes m_totalWrite : 59580416 // m_remainSize : 2122364
10-25 15:07:37.726 21799 31062 D FTPC : Upload sendBytes m_totalWrite : 59584512 // m_remainSize : 2126460
10-25 15:07:37.726 21799 31062 D FTPC : Upload sendBytes m_totalWrite : 59588608 // m_remainSize : 2130556
10-25 15:07:37.726 2356 4927 D WifiProfileShare.ScanMatcher: getMcfDataList size:2
10-25 15:07:37.726 2356 4927 I WifiProfileShare.Caster: qos data was updated , before:type:QOS, pBssid:ea:00:fa, qosData:00 after:type:QOS, pBssid:ea:00:fa, qosData:32
10-25 15:07:37.726 2356 4927 I [MCFSDK_android_1.2.13040]_4_McfCasterImpl: isNetworkEnabled - type : 1 ret : true
10-25 15:07:37.726 2356 4927 D WifiProfileShare.McfCast: -ME--- mIsNetworkEnabled :true
10-25 15:07:37.726 2356 4927 D WifiProfileShare.McfCast: -ME--- startScanForQoS qosData:type:QOS, pBssid:ea:00:fa, qosData:32
10-25 15:07:37.726 21799 31062 D FTPC : Upload sendBytes m_totalWrite : 59592704 // m_remainSize : 1954724
10-25 15:07:37.726 21799 31062 D FTPC : Upload sendBytes m_totalWrite : 59596800 // m_remainSize : 1958820
10-25 15:07:37.727 21799 31062 D FTPC : Upload sendBytes m_totalWrite : 59600896 // m_remainSize : 1962916
10-25 15:07:37.727 21799 31062 D FTPC : Upload sendBytes m_totalWrite : 59604992 // m_remainSize : 1967012
10-25 15:07:37.727 21799 31062 D FTPC : Upload sendBytes m_totalWrite : 59609088 // m_remainSize : 1971108
10-25 15:07:37.727 2356 4927 I [MCFSDK_android_1.2.13040]_4_McfCasterImpl: registerAdvertiseData -
10-25 15:07:37.727 21799 31062 D FTPC : Upload sendBytes m_totalWrite : 59613184 // m_remainSize : 1975204
10-25 15:07:37.727 21799 31062 D FTPC : Upload sendBytes m_totalWrite : 59617280 // m_remainSize : 1979300
10-25 15:07:37.727 21799 31062 D FTPC : Upload sendBytes m_totalWrite : 59621376 // m_remainSize : 1983396
10-25 15:07:37.727 21799 31062 D FTPC : Upload sendBytes m_totalWrite : 59625472 // m_remainSize : 1987492
10-25 15:07:37.727 21799 31062 D FTPC : Upload sendBytes m_totalWrite : 59629568 // m_remainSize : 1991588
10-25 15:07:37.727 21799 31062 D FTPC : Upload sendBytes m_totalWrite : 59633664 // m_remainSize : 1995684
10-25 15:07:37.727 21799 31062 D FTPC : Upload sendBytes m_totalWrite : 59637760 // m_remainSize : 1999780
10-25 15:07:37.727 21799 31062 D FTPC : Upload sendBytes m_totalWrite : 59641856 // m_remainSize : 2003876
10-25 15:07:37.727 21799 31062 D FTPC : Upload sendBytes m_totalWrite : 59645952 // m_remainSize : 2007972
10-25 15:07:37.727 21799 31062 D FTPC : Upload sendBytes m_totalWrite : 59650048 // m_remainSize : 2012068
10-25 15:07:37.727 21799 31062 D FTPC : Upload sendBytes m_totalWrite : 59654144 // m_remainSize : 2016164
10-25 15:07:37.727 21799 31062 D FTPC : Upload sendBytes m_totalWrite : 59658240 // m_remainSize : 2020260
10-25 15:07:37.727 21799 31062 D FTPC : Upload sendBytes m_totalWrite : 59662336 // m_remainSize : 2024356
10-25 15:07:37.727 21799 31062 D FTPC : Upload sendBytes m_totalWrite : 59666432 // m_remainSize : 2028452
10-25 15:07:37.727 21799 31062 D FTPC : Upload sendBytes m_totalWrite : 59670528 // m_remainSize : 2032548
10-25 15:07:37.727 2356 4927 D WifiProfileShare.MCF: success update QosData !
10-25 15:07:37.727 21799 31062 D FTPC : Upload sendBytes m_totalWrite : 59674624 // m_remainSize : 2036644
10-25 15:07:37.727 21799 31062 D FTPC : Upload sendBytes m_totalWrite : 59678720 // m_remainSize : 2040740
10-25 15:07:37.727 21799 31062 D FTPC : Upload sendBytes m_totalWrite : 59682816 // m_remainSize : 2044836
10-25 15:07:37.727 21799 31062 D FTPC : Upload sendBytes m_totalWrite : 59686912 // m_remainSize : 2048932
10-25 15:07:37.727 21799 31062 D FTPC : Upload sendBytes m_totalWrite : 59691008 // m_remainSize : 2053028
10-25 15:07:37.727 21799 31062 D FTPC : Upload sendBytes m_totalWrite : 59695104 // m_remainSize : 2057124
10-25 15:07:37.727 21799 31062 D FTPC : Upload sendBytes m_totalWrite : 59699200 // m_remainSize : 2061220
10-25 15:07:37.727 2356 4927 I [MCFSDK_android_1.2.13040]_4_McfCasterImpl: isNetworkEnabled - type : 1 ret : true
10-25 15:07:37.727 2356 4927 D WifiProfileShare.McfCast: -ME--- mIsNetworkEnabled :true
10-25 15:07:37.727 21799 31062 D FTPC : Upload sendBytes m_totalWrite : 59703296 // m_remainSize : 2065316
10-25 15:07:37.727 2356 4927 D WifiProfileShare.McfCast: -ME--- updatePasswordDate pwdData size:2
10-25 15:07:37.727 21799 31062 D FTPC : Upload sendBytes m_totalWrite : 59707392 // m_remainSize : 2069412
10-25 15:07:37.727 21799 31062 D FTPC : Upload sendBytes m_totalWrite : 59711488 // m_remainSize : 2073508
10-25 15:07:37.727 21799 31062 D FTPC : Upload sendBytes m_totalWrite : 59715584 // m_remainSize : 2077604
10-25 15:07:37.727 21799 31062 D FTPC : Upload sendBytes m_totalWrite : 59719680 // m_remainSize : 2081700
10-25 15:07:37.727 21799 31062 D FTPC : Upload sendBytes m_totalWrite : 59723776 // m_remainSize : 2085796
10-25 15:07:37.728 21799 31062 D FTPC : Upload sendBytes m_totalWrite : 59727872 // m_remainSize : 2089892
10-25 15:07:37.728 21799 31062 D FTPC : Upload sendBytes m_totalWrite : 59731968 // m_remainSize : 2093988
10-25 15:07:37.728 21799 31062 D FTPC : Upload sendBytes m_totalWrite : 59736064 // m_remainSize : 2098084
10-25 15:07:37.728 21799 31062 D FTPC : Upload sendBytes m_totalWrite : 59740160 // m_remainSize : 2102180
10-25 15:07:37.728 21799 31062 D FTPC : Upload sendBytes m_totalWrite : 59744256 // m_remainSize : 2106276
10-25 15:07:37.728 21799 31062 D FTPC : Upload sendBytes m_totalWrite : 59748352 // m_remainSize : 2110372
10-25 15:07:37.728 21799 31062 D FTPC : Upload sendBytes m_totalWrite : 59752448 // m_remainSize : 2114468
10-25 15:07:37.728 21799 31062 D FTPC : Upload sendBytes m_totalWrite : 59756544 // m_remainSize : 2118564
10-25 15:07:37.728 21799 31062 D FTPC : Upload sendBytes m_totalWrite : 59760640 // m_remainSize : 2122660
10-25 15:07:37.728 21799 31062 D FTPC : Upload sendBytes m_totalWrite : 59764736 // m_remainSize : 2126756
10-25 15:07:37.728 21799 31062 D FTPC : Upload sendBytes m_totalWrite : 59768832 // m_remainSize : 2130852
10-25 15:07:37.729 2356 2648 D LocalDisplayAdapter: updateActiveModeLocked for d=4630946315032985731, mActiveModeId=13, mActiveSfDisplayMode=DisplayMode{id=12, width=1080, height=2340, xDpi=381.0, yDpi=378.573, refreshRate=24.000002, appVsyncOffsetNanos=0, presentationDeadlineNanos=42666666, supportedHdrTypes=[4, 2, 3], group=1080}
10-25 15:07:37.730 2356 2648 I DisplayDeviceRepository: Display device changed: DisplayDeviceInfo{"Built-in Screen": uniqueId="local:4630946315032985731", 1440 x 3120, modeId 13, renderFrameRate 24.000002, defaultModeId 3, supportedModes [{id=1, width=1440, height=3120, fps=120.00001, alternativeRefreshRates=[10.0, 24.000002, 30.000002, 48.000004, 60.000004, 80.0], supportedHdrTypes=[2, 3, 4]}, {id=2, width=1440, height=3120, fps=80.0, alternativeRefreshRates=[10.0, 24.000002, 30.000002, 48.000004, 60.000004, 120.00001], supportedHdrTypes=[2, 3, 4]}, {id=3, width=1440, height=3120, fps=60.000004, alternativeRefreshRates=[10.0, 24.000002, 30.000002, 48.000004, 80.0, 120.00001], supportedHdrTypes=[2, 3, 4]}, {id=4, width=1440, height=3120, fps=48.000004, alternativeRefreshRates=[10.0, 24.000002, 30.000002, 60.000004, 80.0, 120.00001], supportedHdrTypes=[2, 3, 4]}, {id=5, width=1440, height=3120, fps=30.000002, alternativeRefreshRates=[10.0, 24.000002, 48.000004, 60.000004, 80.0, 120.00001], supportedHdrTypes=[2, 3, 4]}, {id=6, width=1440, height=3120, fps=24.000002, alternativeRefreshRates=[10.0, 30.000002, 48.000004, 60.000004, 80.0, 120.00001], supportedHdrTypes=[2, 3, 4]}, {id=7, width=1440, height=3120, fps=10.0, alternativeRefreshRates=[24.000002, 30.000002, 48.000004, 60.000004, 80.0, 120.00001], supportedHdrTypes=[2, 3, 4]}, {id=8, width=1080, height=2340, fps=120.00001, alternativeRefreshRates=[10.0, 24.000002, 30.000002, 48.000004, 60.000004, 80.0], supportedHdrTypes=[2, 3, 4]}, {id=9, width=1080, height=2340, fps=80.0, alternativeRefreshRates=[10.0, 24.000002, 30.000002, 48.000004, 60.000004, 120.00001], supportedHdrTypes=[2, 3, 4]}, {id=10, width=1080, height=2340, fps=60.000004, alternativeRefreshRates=[10.0, 24.000002, 30.000002, 48.000004, 80.0, 120.00001], supportedHdrTypes=[2, 3, 4]}, {id=11, width=1080, height=2340, fps=48.000004, alternativeRefreshRates=[10.0, 24.000002, 30.000002, 60.000004, 80.0, 120.00001], supportedHdrTypes=[2, 3, 4]}, {id=12, width=1080, height=2340, fps=30.000002, alternativeRefreshRates=[10.0, 24.000002, 48.000004, 60.000004, 80.0, 120.00001], supportedHdrTypes=[2, 3, 4]}, {id=13, width=1080, height=2340, fps=24.000002, alternativeRefreshRates=[10.0, 30.000002, 48.000004, 60.000004, 80.0, 120.00001], supportedHdrTypes=[2, 3, 4]}, {id=14, width=1080, height=2340, fps=10.0, alternativeRefreshRates=[24.000002, 30.000002, 48.000004, 60.000004, 80.0, 120.00001], supportedHdrTypes=[2, 3, 4]}, {id=15, width=720, height=1560, fps=120.00001, alternativeRefreshRates=[10.0, 24.000002, 30.000002, 48.000004, 60.000004, 80.0], supportedHdrTypes=[2, 3, 4]}, {id=16, width=720, height=1560, fps=80.0, alternativeRefreshRates=[10.0, 24.000002, 30.000002, 48.000004, 60.000004, 120.00001], supportedHdrTypes=[2, 3, 4]}, {id=17, width=720, height=1560, fps=60.000004, alternativeRefreshRates=[10.0, 24.000002, 30.000002, 48.000004, 80.0, 120.00001], supportedHdrTypes=[2, 3, 4]}, {id=18, width=720, height=1560, fps=48.000004, alternativeRefreshRates=[10.0, 24.000002, 30.000002, 60.000004, 80.0, 120.00001], supportedHdrTypes=[2, 3, 4]}, {id=19, width=720, height=1560, fps=30.000002, alternativeRefreshRates=[10.0, 24.000002, 48.000004, 60.000004, 80.0, 120.00001], supportedHdrTypes=[2, 3, 4]}, {id=20, width=720, height=1560, fps=24.000002, alternativeRefreshRates=[10.0, 30.000002, 48.000004, 60.000004, 80.0, 120.00001], supportedHdrTypes=[2, 3, 4]}, {id=21, width=720, height=1560, fps=10.0, alternativeRefreshRates=[24.000002, 30.000002, 48.000004, 60.000004, 80.0, 120.00001], supportedHdrTypes=[2, 3, 4]}], colorMode 0, supportedColorModes [0, 7, 9], hdrCapabilities HdrCapabilities{mSupportedHdrTypes=[2, 3, 4], mMaxLuminance=450.0, mMaxAverageLuminance=225.00024, mMinLuminance=5.0E-4}, allmSupported false, gameContentTypeSupported false, density 600, 508.0 x 504.764 dpi, appVsyncOff 0, presDeadline 17666666, cutout DisplayCutout{insets=Rect(0, 101 - 0, 0) waterfall=Insets{left=0, top=0, right=0, bottom=0} boundingRect={Bounds=[Rect(0, 0 - 0, 0), Rect(687, 0 - 754, 101), Rect(0, 0 - 0, 0), Rect(0, 0 - 0, 0)]} cut
10-25 15:07:37.734 1632 3556 I VSyncReactor: Current= 120, Period= 24, hwcPeriod= 24
10-25 15:07:37.734 2356 2356 D SGM:GameManager: onDisplayChanged. displyId: 0, state: 2
10-25 15:07:37.734 2356 5416 D LiftUpHandler: [LTW] Stopped already.
10-25 15:07:37.734 2356 3313 D SGM:FgCheckThread: onLooperPrepared(), msg: MSG_LCD_ON
10-25 15:07:37.735 2356 2356 D SGM:GameManager: dpi: 450, longPixel: 2129, shortPixel: 1080
10-25 15:07:37.735 3662 3735 I ViewRootImpl@ca136ec[ShellDropTarget]: onDisplayChanged oldDisplayState=2 newDisplayState=2
10-25 15:07:37.735 2356 2648 D DisplayManagerService: Ignore redundant display event 0/2 to 10262/6867
10-25 15:07:37.736 3662 3823 D DisplayLifecycle: updateDisplay id = 0
10-25 15:07:37.736 5985 5985 I SPenContext: virtual void SPen::Context::SetDisplayRefreshRate(float) framerate=60
10-25 15:07:37.736 2356 2648 D DisplayManagerService: Ignore redundant display event 0/2 to 10356/22738
10-25 15:07:37.736 4093 4093 I ViewRootImpl@6a3a2ad[LauncherActivity]: onDisplayChanged oldDisplayState=2 newDisplayState=2
10-25 15:07:37.736 2356 2648 D DisplayManagerService: Ignore redundant display event 0/2 to 10276/27073
10-25 15:07:37.736 4093 4093 I ViewRootImpl@ef18e90[RecentsTransitionOverlay]: onDisplayChanged oldDisplayState=2 newDisplayState=2
10-25 15:07:37.736 2356 2648 D DisplayManagerService: Ignore redundant display event 0/2 to 10329/28078
10-25 15:07:37.736 5985 5985 I LatencyConfiguration: void SPen::LatencyConfiguration::UpdateRefreshRate(float) RefreshRate=24.000002
10-25 15:07:37.736 5985 5985 I LatencyConfiguration: void SPen::LatencyConfiguration::UpdateRefreshRate(float) RefreshRateCallback 0xb400007d1d733c10
10-25 15:07:37.736 5985 5985 I spe_log : virtual void SPen::FbrDrawPad::SetRefreshRate(float) = 24.000
10-25 15:07:37.736 5985 5985 I spe_log : virtual void SPen::FbrDrawPad::SetRefreshRate(float) mFrameDurationNano=41666668, mDisplayRefreshDurationNano: 41666668
10-25 15:07:37.736 5985 5985 I spe_log : virtual void SPen::LowLatencyStrokeView::SetRefreshRate(float) refresh rate=24.000
10-25 15:07:37.736 3662 3823 D StackScroller: onDisplayChanged for predraw skip to 2
10-25 15:07:37.736 5985 5985 I ViewRootImpl@8e99999[InputMethod]: onDisplayChanged oldDisplayState=2 newDisplayState=2
10-25 15:07:37.736 4093 4093 I ViewRootImpl@1b904bc[CocktailBarService]: onDisplayChanged oldDisplayState=2 newDisplayState=2
10-25 15:07:37.736 3662 3662 I ViewRootImpl@1ad86c0[LockscreenShortcutBlur]: onDisplayChanged oldDisplayState=2 newDisplayState=2
10-25 15:07:37.736 3662 3662 I ViewRootImpl@42af51f[NavigationBar0]: onDisplayChanged oldDisplayState=2 newDisplayState=2
10-25 15:07:37.736 3662 3662 I ViewRootImpl@53a02b9[NotificationShade]: onDisplayChanged oldDisplayState=2 newDisplayState=2
10-25 15:07:37.737 3662 3662 I ViewRootImpl@d24fa2d[StatusBar]: onDisplayChanged oldDisplayState=2 newDisplayState=2
10-25 15:07:37.737 3662 3662 I ViewRootImpl@d509995[Bouncer]: onDisplayChanged oldDisplayState=2 newDisplayState=2
10-25 15:07:37.737 4093 4093 I ViewRootImpl@ddea3a9[RecentsActivity]: onDisplayChanged oldDisplayState=2 newDisplayState=2
10-25 15:07:37.737 4093 26604 I HoneySpace.RefreshRateSource: singleFrameMs 41
10-25 15:07:37.737 2356 2356 D AODManagerService: requestReCalToTSP IsSingleTouchMode = falserequestedReCalToTSP = false / previousDisplayState = ON
10-25 15:07:37.737 21799 21799 I ViewRootImpl@b626d22[Main_Activity]: onDisplayChanged oldDisplayState=2 newDisplayState=2
10-25 15:07:37.737 2356 2648 D RefreshRateModeManager: updateDefaultDisplayToken: android.os.BinderProxy@9adad6a, isChanged: false
10-25 15:07:37.742 5341 5341 I [MCFServer]_CasterManager: registerAdvertiseData - {SD{id=0x4, mode=0, screen=false, report=0, timeout=0, filter=0}, CB{i=4, h=262789337}}, {AD{id=0x4, access=0, timeout=0}, R=true, CB{i=4, h=262789337}}
10-25 15:07:37.743 5341 5341 I [MCFServer]_ScanCallback: onDiscoveryStarted - publish to 0x4
10-25 15:07:37.743 5341 5341 I [MCFServer]_BleScanner(Caster): stopScan - stop
10-25 15:07:37.745 4041 4052 D ActivityAttributionService: notifyActivityAttributionInfo UID=1002 packageName=com.android.bluetooth deviceAddress=no_active_device_address
10-25 15:07:37.745 4041 4052 I bt_btif : packages/modules/Bluetooth/system/btif/src/bluetooth.cc:880 get_profile_interface: get_profile_interface: id = activity_attribution
10-25 15:07:37.745 4041 5274 I bt_stack: [INFO:le_scanning_manager.cc(214)] ScanFilterParamSetup in shim layer
10-25 15:07:37.746 1499 1499 D vendor.qti.bluetooth@1.1-ibs_handler: SerialClockVote: vote for UART CLK ON
10-25 15:07:37.746 4041 4052 D BtGatt.GattService: unregisterScanner(com.samsung.android.mcfserver) - scannerId=7
10-25 15:07:37.746 4041 4052 D BtGatt.ContextMap: remove() - id: 7
10-25 15:07:37.746 4041 4052 I bt_stack: [INFO:le_scanning_manager.cc(172)] Unregister in shim layer, scanner_id:7
10-25 15:07:37.747 1499 1499 D vendor.qti.bluetooth@1.1-wake_lock: Acquire wakelock is acquired
10-25 15:07:37.747 1499 1499 I vendor.qti.bluetooth@1.1-ibs_handler: DeviceWakeUp: Writing IBS_WAKE_IND
10-25 15:07:37.747 21799 31062 D FTPC : Upload sendBytes m_totalWrite : 59772928 // m_remainSize : 2103532
10-25 15:07:37.747 21799 31062 D FTPC : Upload sendBytes m_totalWrite : 59777024 // m_remainSize : 2107628
10-25 15:07:37.747 21799 31062 D FTPC : Upload sendBytes m_totalWrite : 59781120 // m_remainSize : 2103156
10-25 15:07:37.747 21799 31062 D FTPC : Upload sendBytes m_totalWrite : 59785216 // m_remainSize : 2078692
10-25 15:07:37.747 21799 31062 D FTPC : Upload sendBytes m_totalWrite : 59789312 // m_remainSize : 2061368
10-25 15:07:37.747 21799 31062 D FTPC : Upload sendBytes m_totalWrite : 59793408 // m_remainSize : 2042616
10-25 15:07:37.747 21799 31062 D FTPC : Upload sendBytes m_totalWrite : 59797504 // m_remainSize : 2043856
10-25 15:07:37.747 21799 31062 D FTPC : Upload sendBytes m_totalWrite : 59801600 // m_remainSize : 2027960
10-25 15:07:37.747 21799 31062 D FTPC : Upload sendBytes m_totalWrite : 59805696 // m_remainSize : 2024916
10-25 15:07:37.747 21799 31062 D FTPC : Upload sendBytes m_totalWrite : 59809792 // m_remainSize : 1999024
10-25 15:07:37.747 21799 31062 D FTPC : Upload sendBytes m_totalWrite : 59813888 // m_remainSize : 2003120
10-25 15:07:37.747 21799 31062 D FTPC : Upload sendBytes m_totalWrite : 59817984 // m_remainSize : 2007216
10-25 15:07:37.747 21799 31062 D FTPC : Upload sendBytes m_totalWrite : 59822080 // m_remainSize : 2004172
10-25 15:07:37.747 21799 31062 D FTPC : Upload sendBytes m_totalWrite : 59826176 // m_remainSize : 1995416
10-25 15:07:37.747 21799 31062 D FTPC : Upload sendBytes m_totalWrite : 59830272 // m_remainSize : 1999512
10-25 15:07:37.747 21799 31062 D FTPC : Upload sendBytes m_totalWrite : 59834368 // m_remainSize : 2003608
10-25 15:07:37.747 21799 31062 D FTPC : Upload sendBytes m_totalWrite : 59838464 // m_remainSize : 2007704
10-25 15:07:37.747 21799 31062 D FTPC : Upload sendBytes m_totalWrite : 59842560 // m_remainSize : 2011800
10-25 15:07:37.747 21799 31062 D FTPC : Upload sendBytes m_totalWrite : 59846656 // m_remainSize : 2015896
10-25 15:07:37.747 21799 31062 D FTPC : Upload sendBytes m_totalWrite : 59850752 // m_remainSize : 2019992
10-25 15:07:37.747 21799 31062 D FTPC : Upload sendBytes m_totalWrite : 59854848 // m_remainSize : 2024088
10-25 15:07:37.747 21799 31062 D FTPC : Upload sendBytes m_totalWrite : 59858944 // m_remainSize : 2028184
10-25 15:07:37.748 21799 31062 D FTPC : Upload sendBytes m_totalWrite : 59863040 // m_remainSize : 2027996
10-25 15:07:37.748 21799 31062 D FTPC : Upload sendBytes m_totalWrite : 59867136 // m_remainSize : 2007816
10-25 15:07:37.748 21799 31062 D FTPC : Upload sendBytes m_totalWrite : 59871232 // m_remainSize : 2011912
10-25 15:07:37.748 21799 31062 D FTPC : Upload sendBytes m_totalWrite : 59875328 // m_remainSize : 2016008
10-25 15:07:37.748 21799 31062 D FTPC : Upload sendBytes m_totalWrite : 59879424 // m_remainSize : 2020104
10-25 15:07:37.748 21799 31062 D FTPC : Upload sendBytes m_totalWrite : 59883520 // m_remainSize : 2024200
10-25 15:07:37.748 21799 31062 D FTPC : Upload sendBytes m_totalWrite : 59887616 // m_remainSize : 2028296
10-25 15:07:37.748 21799 31062 D FTPC : Upload sendBytes m_totalWrite : 59891712 // m_remainSize : 2032392
10-25 15:07:37.748 21799 31062 D FTPC : Upload sendBytes m_totalWrite : 59895808 // m_remainSize : 2036488
10-25 15:07:37.748 21799 31062 D FTPC : Upload sendBytes m_totalWrite : 59899904 // m_remainSize : 2040584
10-25 15:07:37.748 21799 31062 D FTPC : Upload sendBytes m_totalWrite : 59904000 // m_remainSize : 2036112
10-25 15:07:37.748 4041 5280 E BtGatt.GattService: [GSIM LOG]: gsimLogHandler, msg: MESSAGE_SCAN_STOP, appName: com.samsung.android.mcfserver, scannerId: 7, reportDelayMillis=0
10-25 15:07:37.748 21799 31062 D FTPC : Upload sendBytes m_totalWrite : 59908096 // m_remainSize : 2024500
10-25 15:07:37.748 21799 31062 D FTPC : Upload sendBytes m_totalWrite : 59912192 // m_remainSize : 2028596
10-25 15:07:37.748 21799 31062 D FTPC : Upload sendBytes m_totalWrite : 59916288 // m_remainSize : 2024124
10-25 15:07:37.748 21799 31062 D FTPC : Upload sendBytes m_totalWrite : 59920384 // m_remainSize : 2018224
10-25 15:07:37.748 21799 31062 D FTPC : Upload sendBytes m_totalWrite : 59924480 // m_remainSize : 2022320
10-25 15:07:37.748 21799 31062 D FTPC : Upload sendBytes m_totalWrite : 59928576 // m_remainSize : 2026416
10-25 15:07:37.748 21799 31062 D FTPC : Upload sendBytes m_totalWrite : 59932672 // m_remainSize : 2030512
10-25 15:07:37.748 21799 31062 D FTPC : Upload sendBytes m_totalWrite : 59936768 // m_remainSize : 2034608
10-25 15:07:37.748 21799 31062 D FTPC : Upload sendBytes m_totalWrite : 59940864 // m_remainSize : 2024424
10-25 15:07:37.748 21799 31062 D FTPC : Upload sendBytes m_totalWrite : 59944960 // m_remainSize : 2019952
10-25 15:07:37.748 21799 31062 D FTPC : Upload sendBytes m_totalWrite : 59949056 // m_remainSize : 2024048
10-25 15:07:37.748 21799 31062 D FTPC : Upload sendBytes m_totalWrite : 59953152 // m_remainSize : 2028144
10-25 15:07:37.748 21799 31062 D FTPC : Upload sendBytes m_totalWrite : 59957248 // m_remainSize : 2032240
10-25 15:07:37.748 21799 31062 D FTPC : Upload sendBytes m_totalWrite : 59961344 // m_remainSize : 2036336
10-25 15:07:37.748 21799 31062 D FTPC : Upload sendBytes m_totalWrite : 59965440 // m_remainSize : 2040432
10-25 15:07:37.748 21799 31062 D FTPC : Upload sendBytes m_totalWrite : 59969536 // m_remainSize : 2044528
10-25 15:07:37.748 21799 31062 D FTPC : Upload sendBytes m_totalWrite : 59973632 // m_remainSize : 2048624
10-25 15:07:37.748 21799 31062 D FTPC : Upload sendBytes m_totalWrite : 59977728 // m_remainSize : 2052720
10-25 15:07:37.748 21799 31062 D FTPC : Upload sendBytes m_totalWrite : 59981824 // m_remainSize : 2056816
10-25 15:07:37.748 21799 31062 D FTPC : Upload sendBytes m_totalWrite : 59985920 // m_remainSize : 2058056
10-25 15:07:37.748 21799 31062 D FTPC : Upload sendBytes m_totalWrite : 59990016 // m_remainSize : 2045016
10-25 15:07:37.749 21799 31062 D FTPC : Upload sendBytes m_totalWrite : 59994112 // m_remainSize : 2049112
10-25 15:07:37.749 21799 31062 D FTPC : Upload sendBytes m_totalWrite : 59998208 // m_remainSize : 2053208
10-25 15:07:37.749 21799 31062 D FTPC : Upload sendBytes m_totalWrite : 60002304 // m_remainSize : 2057304
10-25 15:07:37.749 21799 31062 D FTPC : Upload sendBytes m_totalWrite : 60006400 // m_remainSize : 2061400
10-25 15:07:37.749 21799 31062 D FTPC : Upload sendBytes m_totalWrite : 60010496 // m_remainSize : 2055500
10-25 15:07:37.749 21799 31062 D FTPC : Upload sendBytes m_totalWrite : 60014592 // m_remainSize : 2052456
10-25 15:07:37.749 21799 31062 D FTPC : Upload sendBytes m_totalWrite : 60018688 // m_remainSize : 2056552
10-25 15:07:37.749 21799 31062 D FTPC : Upload sendBytes m_totalWrite : 60022784 // m_remainSize : 2036372
10-25 15:07:37.749 21799 31062 D FTPC : Upload sendBytes m_totalWrite : 60026880 // m_remainSize : 2033328
10-25 15:07:37.749 21799 31062 D FTPC : Upload sendBytes m_totalWrite : 60030976 // m_remainSize : 2030284
10-25 15:07:37.749 21799 31062 D FTPC : Upload sendBytes m_totalWrite : 60035072 // m_remainSize : 2028668
10-25 15:07:37.749 21799 31062 D FTPC : Upload sendBytes m_totalWrite : 60039168 // m_remainSize : 2021340
10-25 15:07:37.749 21799 31062 D FTPC : Upload sendBytes m_totalWrite : 60043264 // m_remainSize : 2016868
10-25 15:07:37.749 21799 31062 D FTPC : Upload sendBytes m_totalWrite : 60047360 // m_remainSize : 2020964
10-25 15:07:37.749 21799 31062 D FTPC : Upload sendBytes m_totalWrite : 60051456 // m_remainSize : 2016492
10-25 15:07:37.749 21799 31062 D FTPC : Upload sendBytes m_totalWrite : 60055552 // m_remainSize : 2009164
10-25 15:07:37.749 21799 31062 D FTPC : Upload sendBytes m_totalWrite : 60059648 // m_remainSize : 1996124
10-25 15:07:37.749 21799 31062 D FTPC : Upload sendBytes m_totalWrite : 60063744 // m_remainSize : 1995936
10-25 15:07:37.749 21799 31062 D FTPC : Upload sendBytes m_totalWrite : 60067840 // m_remainSize : 1971472
10-25 15:07:37.749 21799 31062 D FTPC : Upload sendBytes m_totalWrite : 60071936 // m_remainSize : 1968428
10-25 15:07:37.749 21799 31062 D FTPC : Upload sendBytes m_totalWrite : 60076032 // m_remainSize : 1958244
10-25 15:07:37.749 21799 31062 D FTPC : Upload sendBytes m_totalWrite : 60080128 // m_remainSize : 1959484
10-25 15:07:37.749 21799 31062 D FTPC : Upload sendBytes m_totalWrite : 60084224 // m_remainSize : 1963580
10-25 15:07:37.749 21799 31062 D FTPC : Upload sendBytes m_totalWrite : 60088320 // m_remainSize : 1967676
10-25 15:07:37.749 21799 31062 D FTPC : Upload sendBytes m_totalWrite : 60092416 // m_remainSize : 1971772
10-25 15:07:37.749 21799 31062 D FTPC : Upload sendBytes m_totalWrite : 60096512 // m_remainSize : 1958732
10-25 15:07:37.749 21799 31062 D FTPC : Upload sendBytes m_totalWrite : 60100608 // m_remainSize : 1959972
10-25 15:07:37.749 21799 31062 D FTPC : Upload sendBytes m_totalWrite : 60104704 // m_remainSize : 1951216
10-25 15:07:37.749 21799 31062 D FTPC : Upload sendBytes m_totalWrite : 60108800 // m_remainSize : 1948172
10-25 15:07:37.749 21799 31062 D FTPC : Upload sendBytes m_totalWrite : 60112896 // m_remainSize : 1952268
10-25 15:07:37.749 21799 31062 D FTPC : Upload sendBytes m_totalWrite : 60116992 // m_remainSize : 1946368
10-25 15:07:37.749 21799 31062 D FTPC : Upload sendBytes m_totalWrite : 60121088 // m_remainSize : 1940468
10-25 15:07:37.749 21799 31062 D FTPC : Upload sendBytes m_totalWrite : 60125184 // m_remainSize : 1944564
10-25 15:07:37.749 21799 31062 D FTPC : Upload sendBytes m_totalWrite : 60129280 // m_remainSize : 1942948
10-25 15:07:37.749 21799 31062 D FTPC : Upload sendBytes m_totalWrite : 60133376 // m_remainSize : 1931336
10-25 15:07:37.749 21799 31062 D FTPC : Upload sendBytes m_totalWrite : 60137472 // m_remainSize : 1935432
10-25 15:07:37.749 21799 31062 D FTPC : Upload sendBytes m_totalWrite : 60141568 // m_remainSize : 1932388
10-25 15:07:37.750 21799 31062 D FTPC : Upload sendBytes m_totalWrite : 60145664 // m_remainSize : 1929344
10-25 15:07:37.750 21799 31062 D FTPC : Upload sendBytes m_totalWrite : 60149760 // m_remainSize : 1933440
10-25 15:07:37.750 21799 31062 D FTPC : Upload sendBytes m_totalWrite : 60153856 // m_remainSize : 1931824
10-25 15:07:37.750 21799 31062 D FTPC : Upload sendBytes m_totalWrite : 60157952 // m_remainSize : 1917356
10-25 15:07:37.750 21799 31062 D FTPC : Upload sendBytes m_totalWrite : 60162048 // m_remainSize : 1921452
10-25 15:07:37.750 21799 31062 D FTPC : Upload sendBytes m_totalWrite : 60166144 // m_remainSize : 1925548
10-25 15:07:37.750 21799 31062 D FTPC : Upload sendBytes m_totalWrite : 60170240 // m_remainSize : 1929644
10-25 15:07:37.750 21799 31062 D FTPC : Upload sendBytes m_totalWrite : 60174336 // m_remainSize : 1913748
10-25 15:07:37.750 21799 31062 D FTPC : Upload sendBytes m_totalWrite : 60178432 // m_remainSize : 1910704
10-25 15:07:37.750 21799 31062 D FTPC : Upload sendBytes m_totalWrite : 60182528 // m_remainSize : 1914800
10-25 15:07:37.750 21799 31062 D FTPC : Upload sendBytes m_totalWrite : 60186624 // m_remainSize : 1918896
10-25 15:07:37.750 21799 31062 D FTPC : Upload sendBytes m_totalWrite : 60190720 // m_remainSize : 1922992
10-25 15:07:37.750 21799 31062 D FTPC : Upload sendBytes m_totalWrite : 60194816 // m_remainSize : 1927088
10-25 15:07:37.750 21799 31062 D FTPC : Upload sendBytes m_totalWrite : 60198912 // m_remainSize : 1931184
10-25 15:07:37.750 21799 31062 D FTPC : Upload sendBytes m_totalWrite : 60203008 // m_remainSize : 1935280
10-25 15:07:37.750 21799 31062 D FTPC : Upload sendBytes m_totalWrite : 60207104 // m_remainSize : 1939376
10-25 15:07:37.750 21799 31062 D FTPC : Upload sendBytes m_totalWrite : 60211200 // m_remainSize : 1943472
10-25 15:07:37.750 21799 31062 D FTPC : Upload sendBytes m_totalWrite : 60215296 // m_remainSize : 1947568
10-25 15:07:37.750 21799 31062 D FTPC : Upload sendBytes m_totalWrite : 60219392 // m_remainSize : 1938812
10-25 15:07:37.750 21799 31062 D FTPC : Upload sendBytes m_totalWrite : 60223488 // m_remainSize : 1942908
10-25 15:07:37.750 21799 31062 D FTPC : Upload sendBytes m_totalWrite : 60227584 // m_remainSize : 1947004
10-25 15:07:37.750 21799 31062 D FTPC : Upload sendBytes m_totalWrite : 60231680 // m_remainSize : 1951100
10-25 15:07:37.750 21799 31062 D FTPC : Upload sendBytes m_totalWrite : 60235776 // m_remainSize : 1955196
10-25 15:07:37.750 21799 31062 D FTPC : Upload sendBytes m_totalWrite : 60239872 // m_remainSize : 1959292
10-25 15:07:37.750 21799 31062 D FTPC : Upload sendBytes m_totalWrite : 60243968 // m_remainSize : 1963388
10-25 15:07:37.750 21799 31062 D FTPC : Upload sendBytes m_totalWrite : 60248064 // m_remainSize : 1967484
10-25 15:07:37.750 21799 31062 D FTPC : Upload sendBytes m_totalWrite : 60252160 // m_remainSize : 1971580
10-25 15:07:37.750 21799 31062 D FTPC : Upload sendBytes m_totalWrite : 60256256 // m_remainSize : 1975676
10-25 15:07:37.750 21799 31062 D FTPC : Upload sendBytes m_totalWrite : 60260352 // m_remainSize : 1974060
10-25 15:07:37.750 21799 31062 D FTPC : Upload sendBytes m_totalWrite : 60264448 // m_remainSize : 1962448
10-25 15:07:37.750 21799 31062 D FTPC : Upload sendBytes m_totalWrite : 60268544 // m_remainSize : 1966544
10-25 15:07:37.751 21799 31062 D FTPC : Upload sendBytes m_totalWrite : 60272640 // m_remainSize : 1954932
10-25 15:07:37.751 21799 31062 D FTPC : Upload sendBytes m_totalWrite : 60276736 // m_remainSize : 1950460
10-25 15:07:37.751 21799 31062 D FTPC : Upload sendBytes m_totalWrite : 60280832 // m_remainSize : 1930280
10-25 15:07:37.751 21799 31062 D FTPC : Upload sendBytes m_totalWrite : 60284928 // m_remainSize : 1934376
10-25 15:07:37.751 21799 31062 D FTPC : Upload sendBytes m_totalWrite : 60289024 // m_remainSize : 1938472
10-25 15:07:37.751 21799 31062 D FTPC : Upload sendBytes m_totalWrite : 60293120 // m_remainSize : 1942568
10-25 15:07:37.751 21799 31062 D FTPC : Upload sendBytes m_totalWrite : 60297216 // m_remainSize : 1946664
10-25 15:07:37.751 21799 31062 D FTPC : Upload sendBytes m_totalWrite : 60301312 // m_remainSize : 1950760
10-25 15:07:37.751 21799 31062 D FTPC : Upload sendBytes m_totalWrite : 60305408 // m_remainSize : 1954856
10-25 15:07:37.751 21799 31062 D FTPC : Upload sendBytes m_totalWrite : 60309504 // m_remainSize : 1958952
10-25 15:07:37.751 21799 31062 D FTPC : Upload sendBytes m_totalWrite : 60313600 // m_remainSize : 1963048
10-25 15:07:37.751 21799 31062 D FTPC : Upload sendBytes m_totalWrite : 60317696 // m_remainSize : 1967144
10-25 15:07:37.751 21799 31062 D FTPC : Upload sendBytes m_totalWrite : 60321792 // m_remainSize : 1954104
10-25 15:07:37.751 21799 31062 D FTPC : Upload sendBytes m_totalWrite : 60325888 // m_remainSize : 1946776
10-25 15:07:37.751 21799 31062 D FTPC : Upload sendBytes m_totalWrite : 60329984 // m_remainSize : 1938020
10-25 15:07:37.751 21799 31062 D FTPC : Upload sendBytes m_totalWrite : 60334080 // m_remainSize : 1912128
10-25 15:07:37.751 21799 31062 D FTPC : Upload sendBytes m_totalWrite : 60338176 // m_remainSize : 1907656
10-25 15:07:37.751 21799 31062 D FTPC : Upload sendBytes m_totalWrite : 60342272 // m_remainSize : 1898900
10-25 15:07:37.751 21799 31062 D FTPC : Upload sendBytes m_totalWrite : 60346368 // m_remainSize : 1871580
10-25 15:07:37.751 21799 31062 D FTPC : Upload sendBytes m_totalWrite : 60350464 // m_remainSize : 1854256
10-25 15:07:37.751 21799 31062 D FTPC : Upload sendBytes m_totalWrite : 60354560 // m_remainSize : 1844072
10-25 15:07:37.751 21799 31062 D FTPC : Upload sendBytes m_totalWrite : 60358656 // m_remainSize : 1831032
10-25 15:07:37.751 21799 31062 D FTPC : Upload sendBytes m_totalWrite : 60362752 // m_remainSize : 1829416
10-25 15:07:37.752 21799 31062 D FTPC : Upload sendBytes m_totalWrite : 60366848 // m_remainSize : 1833512
10-25 15:07:37.752 21799 31062 D FTPC : Upload sendBytes m_totalWrite : 60370944 // m_remainSize : 1837608
10-25 15:07:37.752 21799 31062 D FTPC : Upload sendBytes m_totalWrite : 60375040 // m_remainSize : 1841704
10-25 15:07:37.752 21799 31062 D FTPC : Upload sendBytes m_totalWrite : 60379136 // m_remainSize : 1845800
10-25 15:07:37.752 21799 31062 D FTPC : Upload sendBytes m_totalWrite : 60383232 // m_remainSize : 1849896
10-25 15:07:37.752 21799 31062 D FTPC : Upload sendBytes m_totalWrite : 60387328 // m_remainSize : 1853992
10-25 15:07:37.752 21799 31062 D FTPC : Upload sendBytes m_totalWrite : 60391424 // m_remainSize : 1858088
10-25 15:07:37.752 21799 31062 D FTPC : Upload sendBytes m_totalWrite : 60395520 // m_remainSize : 1862184
10-25 15:07:37.752 21799 31062 D FTPC : Upload sendBytes m_totalWrite : 60399616 // m_remainSize : 1866280
10-25 15:07:37.752 21799 31062 D FTPC : Upload sendBytes m_totalWrite : 60403712 // m_remainSize : 1870376
10-25 15:07:37.752 21799 31062 D FTPC : Upload sendBytes m_totalWrite : 60407808 // m_remainSize : 1874472
10-25 15:07:37.752 21799 31062 D FTPC : Upload sendBytes m_totalWrite : 60411904 // m_remainSize : 1878568
10-25 15:07:37.752 21799 31062 D FTPC : Upload sendBytes m_totalWrite : 60416000 // m_remainSize : 1882664
10-25 15:07:37.752 21799 31062 D FTPC : Upload sendBytes m_totalWrite : 60420096 // m_remainSize : 1886760
10-25 15:07:37.752 21799 31062 D FTPC : Upload sendBytes m_totalWrite : 60424192 // m_remainSize : 1890856
10-25 15:07:37.752 21799 31062 D FTPC : Upload sendBytes m_totalWrite : 60428288 // m_remainSize : 1894952
10-25 15:07:37.752 21799 31062 D FTPC : Upload sendBytes m_totalWrite : 60432384 // m_remainSize : 1899048
10-25 15:07:37.752 21799 31062 D FTPC : Upload sendBytes m_totalWrite : 60436480 // m_remainSize : 1903144
10-25 15:07:37.752 21799 31062 D FTPC : Upload sendBytes m_totalWrite : 60440576 // m_remainSize : 1907240
10-25 15:07:37.752 21799 31062 D FTPC : Upload sendBytes m_totalWrite : 60444672 // m_remainSize : 1911336
10-25 15:07:37.752 21799 31062 D FTPC : Upload sendBytes m_totalWrite : 60448768 // m_remainSize : 1915432
10-25 15:07:37.752 21799 31062 D FTPC : Upload sendBytes m_totalWrite : 60452864 // m_remainSize : 1919528
10-25 15:07:37.752 21799 31062 D FTPC : Upload sendBytes m_totalWrite : 60456960 // m_remainSize : 1917912
10-25 15:07:37.753 21799 31062 D FTPC : Upload sendBytes m_totalWrite : 60461056 // m_remainSize : 1897732
10-25 15:07:37.753 21799 31062 D FTPC : Upload sendBytes m_totalWrite : 60465152 // m_remainSize : 1881836
10-25 15:07:37.753 21799 31062 D FTPC : Upload sendBytes m_totalWrite : 60469248 // m_remainSize : 1881648
10-25 15:07:37.753 1499 5027 I vendor.qti.bluetooth@1.1-ibs_handler: ProcessIbsCmd: Received IBS_WAKE_ACK: 0xFC
10-25 15:07:37.753 1499 5027 I vendor.qti.bluetooth@1.1-ibs_handler: ProcessIbsCmd: Signal wack_cond_
10-25 15:07:37.753 21799 31062 D FTPC : Upload sendBytes m_totalWrite : 60473344 // m_remainSize : 1885744
10-25 15:07:37.753 21799 31062 D FTPC : Upload sendBytes m_totalWrite : 60477440 // m_remainSize : 1889840
10-25 15:07:37.753 21799 31062 D FTPC : Upload sendBytes m_totalWrite : 60481536 // m_remainSize : 1893936
10-25 15:07:37.753 21799 31062 D FTPC : Upload sendBytes m_totalWrite : 60485632 // m_remainSize : 1898032
10-25 15:07:37.753 1499 1499 D vendor.qti.bluetooth@1.1-ibs_handler: DeviceWakeUp: Unblocked from waiting for FC, pthread_cond_timedwait ret = 0
10-25 15:07:37.753 21799 31062 D FTPC : Upload sendBytes m_totalWrite : 60489728 // m_remainSize : 1902128
10-25 15:07:37.753 21799 31062 D FTPC : Upload sendBytes m_totalWrite : 60493824 // m_remainSize : 1906224
10-25 15:07:37.753 21799 31062 D FTPC : Upload sendBytes m_totalWrite : 60497920 // m_remainSize : 1910320
10-25 15:07:37.753 21799 31062 D FTPC : Upload sendBytes m_totalWrite : 60502016 // m_remainSize : 1914416
10-25 15:07:37.753 21799 31062 D FTPC : Upload sendBytes m_totalWrite : 60506112 // m_remainSize : 1918512
10-25 15:07:37.753 21799 31062 D FTPC : Upload sendBytes m_totalWrite : 60510208 // m_remainSize : 1922608
10-25 15:07:37.753 21799 31062 D FTPC : Upload sendBytes m_totalWrite : 60514304 // m_remainSize : 1926704
10-25 15:07:37.753 21799 31062 D FTPC : Upload sendBytes m_totalWrite : 60518400 // m_remainSize : 1930800
10-25 15:07:37.753 21799 31062 D FTPC : Upload sendBytes m_totalWrite : 60522496 // m_remainSize : 1934896
10-25 15:07:37.753 21799 31062 D FTPC : Upload sendBytes m_totalWrite : 60526592 // m_remainSize : 1938992
10-25 15:07:37.753 21799 31062 D FTPC : Upload sendBytes m_totalWrite : 60530688 // m_remainSize : 1943088
10-25 15:07:37.753 21799 31062 D FTPC : Upload sendBytes m_totalWrite : 60534784 // m_remainSize : 1947184
10-25 15:07:37.753 21799 31062 D FTPC : Upload sendBytes m_totalWrite : 60538880 // m_remainSize : 1951280
10-25 15:07:37.753 21799 31062 D FTPC : Upload sendBytes m_totalWrite : 60542976 // m_remainSize : 1955376
10-25 15:07:37.753 21799 31062 D FTPC : Upload sendBytes m_totalWrite : 60547072 // m_remainSize : 1959472
10-25 15:07:37.753 21799 31062 D FTPC : Upload sendBytes m_totalWrite : 60551168 // m_remainSize : 1963568
10-25 15:07:37.753 21799 31062 D FTPC : Upload sendBytes m_totalWrite : 60555264 // m_remainSize : 1967664
10-25 15:07:37.754 21799 31062 D FTPC : Upload sendBytes m_totalWrite : 60559360 // m_remainSize : 1971760
10-25 15:07:37.754 21799 31062 D FTPC : Upload sendBytes m_totalWrite : 60563456 // m_remainSize : 1975856
10-25 15:07:37.754 21799 31062 D FTPC : Upload sendBytes m_totalWrite : 60567552 // m_remainSize : 1979952
10-25 15:07:37.754 21799 31062 D FTPC : Upload sendBytes m_totalWrite : 60571648 // m_remainSize : 1984048
10-25 15:07:37.754 21799 31062 D FTPC : Upload sendBytes m_totalWrite : 60575744 // m_remainSize : 1988144
10-25 15:07:37.754 21799 31062 D FTPC : Upload sendBytes m_totalWrite : 60579840 // m_remainSize : 1992240
10-25 15:07:37.754 21799 31062 D FTPC : Upload sendBytes m_totalWrite : 60583936 // m_remainSize : 1996336
10-25 15:07:37.754 21799 31062 D FTPC : Upload sendBytes m_totalWrite : 60588032 // m_remainSize : 2000432
10-25 15:07:37.754 21799 31062 D FTPC : Upload sendBytes m_totalWrite : 60592128 // m_remainSize : 2004528
10-25 15:07:37.754 21799 31062 D FTPC : Upload sendBytes m_totalWrite : 60596224 // m_remainSize : 2008624
10-25 15:07:37.754 21799 31062 D FTPC : Upload sendBytes m_totalWrite : 60600320 // m_remainSize : 2012720
10-25 15:07:37.754 21799 31062 D FTPC : Upload sendBytes m_totalWrite : 60604416 // m_remainSize : 2016816
10-25 15:07:37.754 21799 31062 D FTPC : Upload sendBytes m_totalWrite : 60608512 // m_remainSize : 2020912
10-25 15:07:37.754 21799 31062 D FTPC : Upload sendBytes m_totalWrite : 60612608 // m_remainSize : 2025008
10-25 15:07:37.754 21799 31062 D FTPC : Upload sendBytes m_totalWrite : 60616704 // m_remainSize : 2029104
10-25 15:07:37.754 21799 31062 D FTPC : Upload sendBytes m_totalWrite : 60620800 // m_remainSize : 2033200
10-25 15:07:37.754 21799 31062 D FTPC : Upload sendBytes m_totalWrite : 60624896 // m_remainSize : 2037296
10-25 15:07:37.754 21799 31062 D FTPC : Upload sendBytes m_totalWrite : 60628992 // m_remainSize : 2041392
10-25 15:07:37.754 21799 31062 D FTPC : Upload sendBytes m_totalWrite : 60633088 // m_remainSize : 2045488
10-25 15:07:37.754 1499 5027 I vendor.qti.bluetooth@1.1-ibs_handler: ProcessIbsCmd: Received IBS_WAKE_IND: 0xFD
10-25 15:07:37.754 21799 31062 D FTPC : Upload sendBytes m_totalWrite : 60637184 // m_remainSize : 2049584
10-25 15:07:37.754 21799 31062 D FTPC : Upload sendBytes m_totalWrite : 60641280 // m_remainSize : 2053680
10-25 15:07:37.754 21799 31062 D FTPC : Upload sendBytes m_totalWrite : 60645376 // m_remainSize : 2057776
10-25 15:07:37.754 21799 31062 D FTPC : Upload sendBytes m_totalWrite : 60649472 // m_remainSize : 2061872
10-25 15:07:37.754 1499 5027 I vendor.qti.bluetooth@1.1-ibs_handler: ProcessIbsCmd: Writing IBS_WAKE_ACK
10-25 15:07:37.755 21799 31062 D FTPC : Upload sendBytes m_totalWrite : 60653568 // m_remainSize : 2065968
10-25 15:07:37.755 21799 31062 D FTPC : Upload sendBytes m_totalWrite : 60657664 // m_remainSize : 2070064
10-25 15:07:37.755 21799 31062 D FTPC : Upload sendBytes m_totalWrite : 60661760 // m_remainSize : 2074160
10-25 15:07:37.755 21799 31062 D FTPC : Upload sendBytes m_totalWrite : 60665856 // m_remainSize : 2078256
10-25 15:07:37.755 21799 31062 D FTPC : Upload sendBytes m_totalWrite : 60669952 // m_remainSize : 2082352
10-25 15:07:37.755 21799 31062 D FTPC : Upload sendBytes m_totalWrite : 60674048 // m_remainSize : 2086448
10-25 15:07:37.755 21799 31062 D FTPC : Upload sendBytes m_totalWrite : 60678144 // m_remainSize : 2090544
10-25 15:07:37.755 21799 31062 D FTPC : Upload sendBytes m_totalWrite : 60682240 // m_remainSize : 2094640
10-25 15:07:37.755 21799 31062 D FTPC : Upload sendBytes m_totalWrite : 60686336 // m_remainSize : 2098736
10-25 15:07:37.755 21799 31062 D FTPC : Upload sendBytes m_totalWrite : 60690432 // m_remainSize : 2102832
10-25 15:07:37.755 21799 31062 D FTPC : Upload sendBytes m_totalWrite : 60694528 // m_remainSize : 2106928
10-25 15:07:37.755 21799 31062 D FTPC : Upload sendBytes m_totalWrite : 60698624 // m_remainSize : 2111024
10-25 15:07:37.755 21799 31062 D FTPC : Upload sendBytes m_totalWrite : 60702720 // m_remainSize : 2115120
10-25 15:07:37.755 21799 31062 D FTPC : Upload sendBytes m_totalWrite : 60706816 // m_remainSize : 2119216
10-25 15:07:37.755 21799 31062 D FTPC : Upload sendBytes m_totalWrite : 60710912 // m_remainSize : 2123312
10-25 15:07:37.755 21799 31062 D FTPC : Upload sendBytes m_totalWrite : 60715008 // m_remainSize : 2127408
10-25 15:07:37.755 21799 31062 D FTPC : Upload sendBytes m_totalWrite : 60719104 // m_remainSize : 2131504
10-25 15:07:37.767 21799 31062 D FTPC : Upload sendBytes m_totalWrite : 60723200 // m_remainSize : 2038496
10-25 15:07:37.767 21799 31062 D FTPC : Upload sendBytes m_totalWrite : 60727296 // m_remainSize : 1995468
10-25 15:07:37.767 21799 31062 D FTPC : Upload sendBytes m_totalWrite : 60731392 // m_remainSize : 1985284
10-25 15:07:37.768 21799 31062 D FTPC : Upload sendBytes m_totalWrite : 60735488 // m_remainSize : 1942256
10-25 15:07:37.768 21799 31062 D FTPC : Upload sendBytes m_totalWrite : 60739584 // m_remainSize : 1926360
10-25 15:07:37.768 21799 31062 D FTPC : Upload sendBytes m_totalWrite : 60743680 // m_remainSize : 1930456
10-25 15:07:37.768 21799 31062 D FTPC : Upload sendBytes m_totalWrite : 60747776 // m_remainSize : 1934552
10-25 15:07:37.768 21799 31062 D FTPC : Upload sendBytes m_totalWrite : 60751872 // m_remainSize : 1938648
10-25 15:07:37.768 21799 31062 D FTPC : Upload sendBytes m_totalWrite : 60755968 // m_remainSize : 1942744
10-25 15:07:37.768 21799 31062 D FTPC : Upload sendBytes m_totalWrite : 60760064 // m_remainSize : 1946840
10-25 15:07:37.768 21799 31062 D FTPC : Upload sendBytes m_totalWrite : 60764160 // m_remainSize : 1950936
10-25 15:07:37.768 21799 31062 D FTPC : Upload sendBytes m_totalWrite : 60768256 // m_remainSize : 1955032
10-25 15:07:37.768 21799 31062 D FTPC : Upload sendBytes m_totalWrite : 60772352 // m_remainSize : 1950560
10-25 15:07:37.768 21799 31062 D FTPC : Upload sendBytes m_totalWrite : 60776448 // m_remainSize : 1937520
10-25 15:07:37.768 21799 31062 D FTPC : Upload sendBytes m_totalWrite : 60780544 // m_remainSize : 1938760
10-25 15:07:37.768 21799 31062 D FTPC : Upload sendBytes m_totalWrite : 60784640 // m_remainSize : 1942856
10-25 15:07:37.768 21799 31062 D FTPC : Upload sendBytes m_totalWrite : 60788736 // m_remainSize : 1946952
10-25 15:07:37.768 21799 31062 D FTPC : Upload sendBytes m_totalWrite : 60792832 // m_remainSize : 1951048
10-25 15:07:37.768 21799 31062 D FTPC : Upload sendBytes m_totalWrite : 60796928 // m_remainSize : 1955144
10-25 15:07:37.768 21799 31062 D FTPC : Upload sendBytes m_totalWrite : 60801024 // m_remainSize : 1959240
10-25 15:07:37.768 21799 31062 D FTPC : Upload sendBytes m_totalWrite : 60805120 // m_remainSize : 1941916
10-25 15:07:37.768 21799 31062 D FTPC : Upload sendBytes m_totalWrite : 60809216 // m_remainSize : 1946012
10-25 15:07:37.768 21799 31062 D FTPC : Upload sendBytes m_totalWrite : 60813312 // m_remainSize : 1950108
10-25 15:07:37.769 21799 31062 D FTPC : Upload sendBytes m_totalWrite : 60817408 // m_remainSize : 1954204
10-25 15:07:37.769 21799 31062 D FTPC : Upload sendBytes m_totalWrite : 60821504 // m_remainSize : 1958300
10-25 15:07:37.769 21799 31062 D FTPC : Upload sendBytes m_totalWrite : 60825600 // m_remainSize : 1962396
10-25 15:07:37.769 21799 31062 D FTPC : Upload sendBytes m_totalWrite : 60829696 // m_remainSize : 1966492
10-25 15:07:37.769 21799 31062 D FTPC : Upload sendBytes m_totalWrite : 60833792 // m_remainSize : 1970588
10-25 15:07:37.769 21799 31062 D FTPC : Upload sendBytes m_totalWrite : 60837888 // m_remainSize : 1974684
10-25 15:07:37.769 21799 31062 D FTPC : Upload sendBytes m_totalWrite : 60841984 // m_remainSize : 1978780
10-25 15:07:37.769 21799 31062 D FTPC : Upload sendBytes m_totalWrite : 60846080 // m_remainSize : 1982876
10-25 15:07:37.769 21799 31062 D FTPC : Upload sendBytes m_totalWrite : 60850176 // m_remainSize : 1986972
10-25 15:07:37.769 21799 31062 D FTPC : Upload sendBytes m_totalWrite : 60854272 // m_remainSize : 1991068
10-25 15:07:37.769 21799 31062 D FTPC : Upload sendBytes m_totalWrite : 60858368 // m_remainSize : 1995164
10-25 15:07:37.769 21799 31062 D FTPC : Upload sendBytes m_totalWrite : 60862464 // m_remainSize : 1999260
10-25 15:07:37.769 21799 31062 D FTPC : Upload sendBytes m_totalWrite : 60866560 // m_remainSize : 2003356
10-25 15:07:37.769 21799 31062 D FTPC : Upload sendBytes m_totalWrite : 60870656 // m_remainSize : 2007452
10-25 15:07:37.769 21799 31062 D FTPC : Upload sendBytes m_totalWrite : 60874752 // m_remainSize : 2011548
10-25 15:07:37.769 21799 31062 D FTPC : Upload sendBytes m_totalWrite : 60878848 // m_remainSize : 2015644
10-25 15:07:37.769 21799 31062 D FTPC : Upload sendBytes m_totalWrite : 60882944 // m_remainSize : 2019740
10-25 15:07:37.769 21799 31062 D FTPC : Upload sendBytes m_totalWrite : 60887040 // m_remainSize : 2023836
10-25 15:07:37.769 21799 31062 D FTPC : Upload sendBytes m_totalWrite : 60891136 // m_remainSize : 2027932
10-25 15:07:37.769 21799 31062 D FTPC : Upload sendBytes m_totalWrite : 60895232 // m_remainSize : 2032028
10-25 15:07:37.769 21799 31062 D FTPC : Upload sendBytes m_totalWrite : 60899328 // m_remainSize : 2036124
10-25 15:07:37.770 21799 31062 D FTPC : Upload sendBytes m_totalWrite : 60903424 // m_remainSize : 2040220
10-25 15:07:37.770 21799 31062 D FTPC : Upload sendBytes m_totalWrite : 60907520 // m_remainSize : 2044316
10-25 15:07:37.770 21799 31062 D FTPC : Upload sendBytes m_totalWrite : 60911616 // m_remainSize : 2048412
10-25 15:07:37.770 21799 31062 D FTPC : Upload sendBytes m_totalWrite : 60915712 // m_remainSize : 2052508
