08-09 17:06:25.347 D/DCT-C-1 ( 2286): isSprSim: failed to get SIM operator
08-09 17:06:25.348 D/DCT-C-1 ( 2286): isValidForEpdg: retValue=false
08-09 17:06:25.348 D/DCT-C-1 ( 2286): shouldRestrictDataForEcbm: isInEcm=false isInImsEcm=false
08-09 17:06:25.350 D/DCT-C-1 ( 2286): isSprSim: failed to get SIM operator
08-09 17:06:25.351 D/DCT-C-1 ( 2286): isValidForEpdg: retValue=false
08-09 17:06:25.351 D/DCT-C-1 ( 2286): shouldRestrictDataForEcbm: isInEcm=false isInImsEcm=false
08-09 17:06:25.360 D/DCT-C-1 ( 2286): isSprSim: failed to get SIM operator
08-09 17:06:25.361 D/DCT-C-1 ( 2286): isValidForEpdg: retValue=false
08-09 17:06:25.361 D/DCT-C-1 ( 2286): shouldRestrictDataForEcbm: isInEcm=false isInImsEcm=false
08-09 17:06:25.365 D/DCT-C-1 ( 2286): isSprSim: failed to get SIM operator
08-09 17:06:25.366 I/service_manager_slow( 2668): [22,bluetooth_manager]
08-09 17:06:25.366 D/DCT-C-1 ( 2286): isValidForEpdg: retValue=false
08-09 17:06:25.366 D/DCT-C-1 ( 2286): shouldRestrictDataForEcbm: isInEcm=false isInImsEcm=false
08-09 17:06:25.371 D/DCT-C-1 ( 2286): isSprSim: failed to get SIM operator
08-09 17:06:25.373 D/DCT-C-1 ( 2286): isValidForEpdg: retValue=false
08-09 17:06:25.373 D/DCT-C-1 ( 2286): shouldRestrictDataForEcbm: isInEcm=false isInImsEcm=false
08-09 17:06:25.376 D/DCT-C-1 ( 2286): isSprSim: failed to get SIM operator
08-09 17:06:25.376 D/DCT-C-1 ( 2286): isValidForEpdg: retValue=false
08-09 17:06:25.377 D/DCT-C-1 ( 2286): shouldRestrictDataForEcbm: isInEcm=false isInImsEcm=false
08-09 17:06:25.388 D/DCT-C-1 ( 2286): isSprSim: failed to get SIM operator
08-09 17:06:25.389 D/DCT-C-1 ( 2286): isValidForEpdg: retValue=false
08-09 17:06:25.390 D/DCT-C-1 ( 2286): shouldRestrictDataForEcbm: isInEcm=false isInImsEcm=false
08-09 17:06:25.409 D/DCT-C-1 ( 2286): isSprSim: failed to get SIM operator
08-09 17:06:25.410 D/DCT-C-1 ( 2286): isValidForEpdg: retValue=false
08-09 17:06:25.410 D/DCT-C-1 ( 2286): shouldRestrictDataForEcbm: isInEcm=false isInImsEcm=false
08-09 17:06:25.411 I/notification_cancel( 1319): [1000,1319,android,17,Vpn,0,0,0,8,NULL]
08-09 17:06:25.414 D/DCT-C-1 ( 2286): isSprSim: failed to get SIM operator
08-09 17:06:25.415 D/DCT-C-1 ( 2286): isValidForEpdg: retValue=false
08-09 17:06:25.415 D/DCT-C-1 ( 2286): shouldRestrictDataForEcbm: isInEcm=false isInImsEcm=false
08-09 17:06:25.422 D/DCT-C-1 ( 2286): isSprSim: failed to get SIM operator
08-09 17:06:25.422 D/DCT-C-1 ( 2286): isValidForEpdg: retValue=false
08-09 17:06:25.422 D/DCT-C-1 ( 2286): shouldRestrictDataForEcbm: isInEcm=false isInImsEcm=false
08-09 17:06:25.424 D/DCT-C-1 ( 2286): isSprSim: failed to get SIM operator
08-09 17:06:25.424 D/DCT-C-1 ( 2286): isValidForEpdg: retValue=false
08-09 17:06:25.425 D/DCT-C-1 ( 2286): shouldRestrictDataForEcbm: isInEcm=false isInImsEcm=false
08-09 17:06:25.425 I/notification_cancel_all( 1319): [1000,1319,com.samsung.android.cmfa.framework,0,0,0,5,NULL]
08-09 17:06:25.426 I/notification_cancel_all( 1319): [1000,1319,com.samsung.cmfa.AuthTouch,0,0,0,5,NULL]
08-09 17:06:25.426 D/DCT-C-1 ( 2286): isSprSim: failed to get SIM operator
08-09 17:06:25.426 D/DCT-C-1 ( 2286): onRadioAvailable
08-09 17:06:25.426 I/notification_cancel_all( 1319): [1000,1319,com.samsung.android.peripheral.framework,0,0,0,5,NULL]
08-09 17:06:25.426 D/DCT-C-1 ( 2286): onRadioOffOrNotAvailable: is off and clean up all connections
08-09 17:06:25.426 D/DCT-C-1 ( 2286): cleanUpAllConnectionsInternal: detach=false reason=radioTurnedOff
08-09 17:06:25.426 I/notification_cancel_all( 1319): [1000,1319,android,0,0,0,20,NULL]
08-09 17:06:25.426 D/DCT-C-1 ( 2286): keepConnectionForEpdg: retValue=false
08-09 17:06:25.426 D/DCT-C-1 ( 2286): cleanUpConnectionInternal: X detach=false reason=radioTurnedOff apnContext={mApnType=xcap mState=IDLE mWaitingApns={[] priority=3} mApnSetting={null} mReason=radioTurnedOff mNeedDisconnectByDdsChange=false mDataEnabled=false} dc=null
08-09 17:06:25.426 D/DCT-C-1 ( 2286): keepConnectionForEpdg: retValue=false
08-09 17:06:25.426 D/DCT-C-1 ( 2286): cleanUpConnectionInternal: X detach=false reason=radioTurnedOff apnContext={mApnType=mcx mState=IDLE mWaitingApns={[] priority=3} mApnSetting={null} mReason=radioTurnedOff mNeedDisconnectByDdsChange=false mDataEnabled=false} dc=null
08-09 17:06:25.426 D/DCT-C-1 ( 2286): keepConnectionForEpdg: retValue=false
08-09 17:06:25.427 D/DCT-C-1 ( 2286): cleanUpConnectionInternal: X detach=false reason=radioTurnedOff apnContext={mApnType=rcs mState=IDLE mWaitingApns={[] priority=2} mApnSetting={null} mReason=radioTurnedOff mNeedDisconnectByDdsChange=false mDataEnabled=false} dc=null
08-09 17:06:25.427 D/DCT-C-1 ( 2286): keepConnectionForEpdg: retValue=false
08-09 17:06:25.427 D/DCT-C-1 ( 2286): cleanUpConnectionInternal: X detach=false reason=radioTurnedOff apnContext={mApnType=enterprise mState=IDLE mWaitingApns={[] priority=0} mApnSetting={null} mReason=radioTurnedOff mNeedDisconnectByDdsChange=false mDataEnabled=false} dc=null
08-09 17:06:25.427 D/DCT-C-1 ( 2286): keepConnectionForEpdg: retValue=false
08-09 17:06:25.427 D/DCT-C-1 ( 2286): cleanUpConnectionInternal: X detach=false reason=radioTurnedOff apnContext={mApnType=fota mState=IDLE mWaitingApns={[] priority=2} mApnSetting={null} mReason=radioTurnedOff mNeedDisconnectByDdsChange=false mDataEnabled=false} dc=null
08-09 17:06:25.427 D/DCT-C-1 ( 2286): keepConnectionForEpdg: retValue=false
08-09 17:06:25.427 D/DCT-C-1 ( 2286): cleanUpConnectionInternal: X detach=false reason=radioTurnedOff apnContext={mApnType=bip mState=IDLE mWaitingApns={[] priority=2} mApnSetting={null} mReason=radioTurnedOff mNeedDisconnectByDdsChange=false mDataEnabled=false} dc=null
08-09 17:06:25.427 D/DCT-C-1 ( 2286): keepConnectionForEpdg: retValue=false
08-09 17:06:25.427 D/DCT-C-1 ( 2286): cleanUpConnectionInternal: X detach=false reason=radioTurnedOff apnContext={mApnType=supl mState=IDLE mWaitingApns={[] priority=2} mApnSetting={null} mReason=radioTurnedOff mNeedDisconnectByDdsChange=false mDataEnabled=false} dc=null
08-09 17:06:25.427 D/DCT-C-1 ( 2286): keepConnectionForEpdg: retValue=false
08-09 17:06:25.427 D/DCT-C-1 ( 2286): cleanUpConnectionInternal: X detach=false reason=radioTurnedOff apnContext={mApnType=emergency mState=IDLE mWaitingApns={[] priority=2} mApnSetting={null} mReason=radioTurnedOff mNeedDisconnectByDdsChange=false mDataEnabled=false} dc=null
08-09 17:06:25.427 D/DCT-C-1 ( 2286): keepConnectionForEpdg: retValue=false
08-09 17:06:25.427 D/DCT-C-1 ( 2286): cleanUpConnectionInternal: X detach=false reason=radioTurnedOff apnContext={mApnType=hipri mState=IDLE mWaitingApns={[] priority=3} mApnSetting={null} mReason=radioTurnedOff mNeedDisconnectByDdsChange=false mDataEnabled=false} dc=null
08-09 17:06:25.427 D/DCT-C-1 ( 2286): keepConnectionForEpdg: retValue=false
08-09 17:06:25.427 D/DCT-C-1 ( 2286): cleanUpConnectionInternal: X detach=false reason=radioTurnedOff apnContext={mApnType=ims mState=IDLE mWaitingApns={[] priority=2} mApnSetting={null} mReason=radioTurnedOff mNeedDisconnectByDdsChange=false mDataEnabled=false} dc=null
08-09 17:06:25.427 D/DCT-C-1 ( 2286): keepConnectionForEpdg: retValue=false
08-09 17:06:25.427 D/DCT-C-1 ( 2286): cleanUpConnectionInternal: X detach=false reason=radioTurnedOff apnContext={mApnType=mms mState=IDLE mWaitingApns={[] priority=2} mApnSetting={null} mReason=radioTurnedOff mNeedDisconnectByDdsChange=false mDataEnabled=false} dc=null
08-09 17:06:25.427 D/DCT-C-1 ( 2286): keepConnectionForEpdg: retValue=false
08-09 17:06:25.427 D/DCT-C-1 ( 2286): cleanUpConnectionInternal: X detach=false reason=radioTurnedOff apnContext={mApnType=default mState=IDLE mWaitingApns={[] priority=1} mApnSetting={null} mReason=radioTurnedOff mNeedDisconnectByDdsChange=false mDataEnabled=false} dc=null
08-09 17:06:25.427 D/DCT-C-1 ( 2286): keepConnectionForEpdg: retValue=false
08-09 17:06:25.428 D/DCT-C-1 ( 2286): cleanUpConnectionInternal: X detach=false reason=radioTurnedOff apnContext={mApnType=cbs mState=IDLE mWaitingApns={[] priority=2} mApnSetting={null} mReason=radioTurnedOff mNeedDisconnectByDdsChange=false mDataEnabled=false} dc=null
08-09 17:06:25.428 D/DCT-C-1 ( 2286): keepConnectionForEpdg: retValue=false
08-09 17:06:25.428 D/DCT-C-1 ( 2286): cleanUpConnectionInternal: X detach=false reason=radioTurnedOff apnContext={mApnType=ia mState=IDLE mWaitingApns={[] priority=2} mApnSetting={null} mReason=radioTurnedOff mNeedDisconnectByDdsChange=false mDataEnabled=false} dc=null
08-09 17:06:25.428 D/DCT-C-1 ( 2286): keepConnectionForEpdg: retValue=false
08-09 17:06:25.428 D/DCT-C-1 ( 2286): cleanUpConnectionInternal: X detach=false reason=radioTurnedOff apnContext={mApnType=dun mState=IDLE mWaitingApns={[] priority=2} mApnSetting={null} mReason=radioTurnedOff mNeedDisconnectByDdsChange=false mDataEnabled=false} dc=null
08-09 17:06:25.428 D/DCT-C-1 ( 2286): stopNetStatPoll
08-09 17:06:25.428 D/DCT-C-1 ( 2286): stopDataStallAlarm: current tag=20789 mDataStallAlarmIntent=null
08-09 17:06:25.428 D/DCT-C-1 ( 2286): notify all data disconnected
08-09 17:06:25.428 D/DCT-C-1 ( 2286): onDataConnectionDetached: stop polling and notify detached
08-09 17:06:25.428 D/DCT-C-1 ( 2286): stopNetStatPoll
08-09 17:06:25.428 D/DCT-C-1 ( 2286): stopDataStallAlarm: current tag=20790 mDataStallAlarmIntent=null
08-09 17:06:25.428 D/DCT-C-1 ( 2286): onDataRoamingOff
08-09 17:06:25.431 D/DCT-C-1 ( 2286): setDataProfilesAsNeeded
08-09 17:06:25.432 E/DCT-C-1 ( 2286): getPreferredApnSetId: cursor is null
08-09 17:06:25.433 E/DCT-C-1 ( 2286): getPreferredApnSetId: cursor is null
08-09 17:06:25.433 D/DCT-C-1 ( 2286): setInitialAttachApn: Allowed APN types=ia,default
08-09 17:06:25.433 D/DCT-C-1 ( 2286): setInitialAttachApn: X There in no available apn.
08-09 17:06:25.434 D/DCT-C-1 ( 2286): setupDataOnAllConnectableApns: roamingOff mcx:[state=IDLE,enabled=false] xcap:[state=IDLE,enabled=false] hipri:[state=IDLE,enabled=false] ims:[state=IDLE,enabled=false] cbs:[state=IDLE,enabled=false] ia:[state=IDLE,enabled=false] emergency:[state=IDLE,enabled=false] bip:[state=IDLE,enabled=false] mms:[state=IDLE,enabled=false] rcs:[state=IDLE,enabled=false] supl:[state=IDLE,enabled=false] dun:[state=IDLE,enabled=false] fota:[state=IDLE,enabled=false] default:[state=IDLE,enabled=false] enterprise:[state=IDLE,enabled=false]
08-09 17:06:25.434 D/CarrierResolver( 2286): handleMessage: 2
08-09 17:06:25.435 D/CarrierResolver( 2286): handleMessage: 2
08-09 17:06:25.533 W/TelephonyRegistry( 1319): Pid 1319 has exceeded half the number of permissible registered listeners. Now at 33
08-09 17:06:25.535 W/TelephonyRegistry( 1319): Pid 1319 has exceeded half the number of permissible registered listeners. Now at 34
08-09 17:06:25.597 I/am_wtf ( 1319): [0,1319,system_server,-1,ActivityManager,Sending non-protected broadcast com.samsung.server.telecom.ACTION_OPEN_PLATFORM_ALLOW_LIST_CHANGED from system 1319:system/1000 pkg android]
08-09 17:06:25.614 I/am_proc_died( 1319): [0,2390,com.samsung.android.themecenter,0,10,2603,2789]
08-09 17:06:25.618 I/notification_cancel( 1319): [1001,2286,com.android.phone,-1,PrefNetworkNotification,0,0,1088,8,NULL]
08-09 17:06:25.618 I/notification_cancel( 1319): [1001,2286,com.android.phone,-1,EmergencyNetworkNotification,0,0,1088,8,NULL]
08-09 17:06:25.621 I/notification_cancel( 1319): [1001,2286,com.android.phone,-1,PrefNetworkNotification,0,0,1088,8,NULL]
08-09 17:06:25.621 I/notification_cancel( 1319): [1001,2286,com.android.phone,-1,EmergencyNetworkNotification,0,0,1088,8,NULL]
08-09 17:06:25.640 D/TelephonyRegistry( 1319): notifyCellLocationForSubscriber: subId=2147483647 cellIdentity=null
08-09 17:06:25.640 D/TelephonyRegistry( 1319): notifyCellLocationForSubscriber: subId=2147483647 cellIdentity=null
08-09 17:06:25.641 I/configuration_changed( 1319): 4194304
08-09 17:06:25.644 E/DCT-C-0 ( 2286): getPreferredApnSetId: cursor is null
08-09 17:06:25.644 D/DCT-C-0 ( 2286): hasMatchedTetherApnSetting: APNs=[]
08-09 17:06:25.780 I/notification_cancel( 1319): [10039,2306,com.android.systemui,2131233921,noti_DoNotDisturb,-1,0,1088,8,NULL]
08-09 17:06:25.823 I/notification_cancel_all( 1319): [1000,1319,com.android.systemui,0,0,0,20,NULL]
08-09 17:06:25.823 I/notification_cancel_all( 1319): [1000,1319,com.android.systemui,0,0,0,20,NULL]
08-09 17:06:25.824 I/notification_cancel_all( 1319): [1000,1319,com.android.systemui,0,0,0,20,NULL]
08-09 17:06:25.824 I/notification_cancel_all( 1319): [1000,1319,com.android.systemui,0,0,0,20,NULL]
08-09 17:06:25.838 D/GsmCdmaPhone( 2286): [1] onVoiceRegStateOrRatChanged
08-09 17:06:25.838 D/GsmCdmaPhone( 2286): [1] getCsCallRadioTech, current vrs=1, vrat=0
08-09 17:06:25.838 D/GsmCdmaPhone( 2286): [1] getCsCallRadioTech, result calcVrat=0
08-09 17:06:25.838 D/VCT ( 2286): [1] EVENT_INIT_GET_VENDOR_CONFIGURATION: set framework ready
08-09 17:06:25.839 I/power_partial_wake_state( 1319): [CHG,1,*telephony-sem-radio*:com.android.phone]
08-09 17:06:25.839 D/SEM_RILJ( 2286): [0099]> SET_VENDOR_CONFIGURATION [PHONE1]
08-09 17:06:25.840 D/DCT-C-0 ( 2286): onDataEnabledChanged: enable=true, enabledChangedReason=0
08-09 17:06:25.840 D/DCT-C-0 ( 2286): setupDataOnAllConnectableApns: dataEnabled mcx:[state=IDLE,enabled=false] xcap:[state=IDLE,enabled=false] hipri:[state=IDLE,enabled=false] ims:[state=IDLE,enabled=false] cbs:[state=IDLE,enabled=false] ia:[state=IDLE,enabled=false] emergency:[state=IDLE,enabled=false] bip:[state=IDLE,enabled=false] mms:[state=IDLE,enabled=false] rcs:[state=IDLE,enabled=false] supl:[state=IDLE,enabled=false] dun:[state=IDLE,enabled=false] fota:[state=IDLE,enabled=false] default:[state=IDLE,enabled=false] enterprise:[state=IDLE,enabled=false]
08-09 17:06:25.840 D/ImsPhoneCallTracker( 2286): [0] handleMessage what=23
08-09 17:06:25.840 D/ImsPhoneCallTracker( 2286): [0] onDataEnabledChanged: enabled=true, reason=0
08-09 17:06:25.840 D/SEM_RILJ( 2286): [0099]< SET_VENDOR_CONFIGURATION [PHONE1]
08-09 17:06:25.840 D/ImsPhoneCallTracker( 2286): [0] Ignore data enabled - carrier policy indicates that data is not metered for ViLTE calls.
08-09 17:06:25.840 D/IPF ( 2286): [IPCT]> connect {}
08-09 17:06:25.840 E/ImsManager [0]( 2286): associate null
08-09 17:06:25.840 I/power_partial_wake_state( 1319): [CHG,1,*telephony-sem-radio*:com.android.phone]
08-09 17:06:25.841 D/ImsPhone( 2286): [0] handleMessage what=71
08-09 17:06:25.841 I/power_partial_wake_state( 1319): [REL,0,*telephony-sem-radio*:com.android.phone]
08-09 17:06:25.841 D/ImsPhone( 2286): [0] EVENT_DEFAULT_PHONE_DATA_STATE_CHANGED
08-09 17:06:25.841 D/ImsPhone( 2286): [0] updateDataServiceState: defSs = {mVoiceRegState=1(OUT_OF_SERVICE), mDataRegState=1(OUT_OF_SERVICE), mChannelNumber=-1, duplexMode()=0, mCellBandwidths=[], mOperatorAlphaLong=null, mOperatorAlphaShort=null, isManualNetworkSelection=false(automatic), getRilVoiceRadioTechnology=0(Unknown), getRilDataRadioTechnology=0(Unknown), mCssIndicator=unsupported, mNetworkId=*1, mSystemId=*1, mCdmaRoamingIndicator=-1, mCdmaDefaultRoamingIndicator=-1, VoiceRegType=0, Snap=0, MobileData=OUT_OF_SERVICE, MobileDataRoamingType=home, MobileDataRat=Unknown, PsOnly=false, FemtocellInd=0, SprDisplayRoam=false, OptRadioTech=0, MsimSubmode=0, mIsEmergencyOnly=false, isUsingCarrierAggregation=false, mArfcnRsrpBoost=0, mNetworkRegistrationInfos=[NetworkRegistrationInfo{ domain=CS transportType=WWAN registrationState=UNKNOWN roamingType=NOT_ROAMING accessNetworkTechnology=UNKNOWN rejectCause=0 emergencyEnabled=false availableServices=[] cellIdentity=null voiceSpecificInfo=null dataSpecificInfo=null nrState=**** rRplmn= isUsingCarrierAggregation=false}, NetworkRegistrationInfo{ domain=PS transportType=WWAN registrationState=UNKNOWN roamingType=NOT_ROAMING accessNetworkTechnology=UNKNOWN rejectCause=0 emergencyEnabled=false availableServices=[] cellIdentity=null voiceSpecificInfo=null dataSpecificInfo=null nrState=**** rRplmn= isUsingCarrierAggregation=false}], mNrFrequencyRange=0, mOperatorAlphaLongRaw=null, mOperatorAlphaShortRaw=null, mIsDataRoamingFromRegistration=false, mIsIwlanPreferred=false} imsSs = {mVoiceRegState=1(OUT_OF_SERVICE), mDataRegState=1(OUT_OF_SERVICE), mChannelNumber=-1, duplexMode()=0, mCellBandwidths=[], mOperatorAlphaLong=null, mOperatorAlphaShort=null, isManualNetworkSelection=false(automatic), getRilVoiceRadioTechnology=0(Unknown), getRilDataRadioTechnology=0(Unknown), mCssIndicator=unsupported, mNetworkId=*1, mSystemId=*1, mCdmaRoamingIndicator=-1, mCdmaDefaultRoamingIndicator=-1, VoiceRegType=0, Snap=0, MobileData=OUT_OF_SERVICE, MobileDataRoamingType=home, MobileDataRat=Unknown, PsOnly=false, FemtocellInd=0, SprDisplayRoam=false, OptRadioTech=0, MsimSubmode=0, mIsEmergencyOnly=false, isUsingCarrierAggregation=false, mArfcnRsrpBoost=0, mNetworkRegistrationInfos=[NetworkRegistrationInfo{ domain=CS transportType=WWAN registrationState=UNKNOWN roamingType=NOT_ROAMING accessNetworkTechnology=UNKNOWN rejectCause=0 emergencyEnabled=false availableServices=[] cellIdentity=null voiceSpecificInfo=null dataSpecificInfo=null nrState=**** rRplmn= isUsingCarrierAggregation=false}, NetworkRegistrationInfo{ domain=PS transportType=WWAN registrationState=UNKNOWN roamingType=NOT_ROAMING accessNetworkTechnology=UNKNOWN rejectCause=0 emergencyEnabled=false availableServices=[] cellIdentity=null voiceSpecificInfo=null dataSpecificInfo=null nrState=**** rRplmn= isUsingCarrierAggregation=false}], mNrFrequencyRange=0, mOperatorAlphaLongRaw=null, mOperatorAlphaShortRaw=null, mIsDataRoamingFromRegistration=false, mIsIwlanPreferred=false}
08-09 17:06:25.841 E/rild ( 1413): currentEmergencyNumberList: invalid response
08-09 17:06:25.842 D/DCT-C-1 ( 2286): onDataEnabledChanged: enable=true, enabledChangedReason=0
08-09 17:06:25.842 D/SEM_RILJ( 2286): [UNSL]< UNSOL_OEM_FIVEG_STATUS_CHANGED 1 [PHONE1]
08-09 17:06:25.842 D/DCT-C-1 ( 2286): setupDataOnAllConnectableApns: dataEnabled mcx:[state=IDLE,enabled=false] xcap:[state=IDLE,enabled=false] hipri:[state=IDLE,enabled=false] ims:[state=IDLE,enabled=false] cbs:[state=IDLE,enabled=false] ia:[state=IDLE,enabled=false] emergency:[state=IDLE,enabled=false] bip:[state=IDLE,enabled=false] mms:[state=IDLE,enabled=false] rcs:[state=IDLE,enabled=false] supl:[state=IDLE,enabled=false] dun:[state=IDLE,enabled=false] fota:[state=IDLE,enabled=false] default:[state=IDLE,enabled=false] enterprise:[state=IDLE,enabled=false]
08-09 17:06:25.842 D/ImsPhoneCallTracker( 2286): [1] handleMessage what=23
08-09 17:06:25.842 D/ImsPhoneCallTracker( 2286): [1] onDataEnabledChanged: enabled=true, reason=0
08-09 17:06:25.842 D/ImsPhoneCallTracker( 2286): [1] Ignore data enabled - carrier policy indicates that data is not metered for ViLTE calls.
08-09 17:06:25.842 D/IPF ( 2286): [IPCT2]> connect {}
08-09 17:06:25.842 D/SEM_RILJ( 2286): [UNSL]< UNSOL_OEM_RRC_STATE_CHANGED {.rat = LTE, .state = 0} [PHONE1]
08-09 17:06:25.842 E/ImsManager [1]( 2286): associate null
08-09 17:06:25.842 D/Dcc-C-1 ( 2286): DccDefaultState hal2_0 - RRC Status: rat = 14, state = 0, mDcListActiveByCid = {}
08-09 17:06:25.842 D/ImsPhone( 2286): [1] handleMessage what=71
08-09 17:06:25.842 D/ImsPhone( 2286): [1] EVENT_DEFAULT_PHONE_DATA_STATE_CHANGED
08-09 17:06:25.843 D/ImsPhone( 2286): [1] updateDataServiceState: defSs = {mVoiceRegState=1(OUT_OF_SERVICE), mDataRegState=1(OUT_OF_SERVICE), mChannelNumber=-1, duplexMode()=0, mCellBandwidths=[], mOperatorAlphaLong=null, mOperatorAlphaShort=null, isManualNetworkSelection=false(automatic), getRilVoiceRadioTechnology=0(Unknown), getRilDataRadioTechnology=0(Unknown), mCssIndicator=unsupported, mNetworkId=*1, mSystemId=*1, mCdmaRoamingIndicator=-1, mCdmaDefaultRoamingIndicator=-1, VoiceRegType=0, Snap=0, MobileData=OUT_OF_SERVICE, MobileDataRoamingType=home, MobileDataRat=Unknown, PsOnly=false, FemtocellInd=0, SprDisplayRoam=false, OptRadioTech=0, MsimSubmode=0, mIsEmergencyOnly=false, isUsingCarrierAggregation=false, mArfcnRsrpBoost=0, mNetworkRegistrationInfos=[NetworkRegistrationInfo{ domain=CS transportType=WWAN registrationState=UNKNOWN roamingType=NOT_ROAMING accessNetworkTechnology=UNKNOWN rejectCause=0 emergencyEnabled=false availableServices=[] cellIdentity=null voiceSpecificInfo=null dataSpecificInfo=null nrState=**** rRplmn= isUsingCarrierAggregation=false}, NetworkRegistrationInfo{ domain=PS transportType=WWAN registrationState=UNKNOWN roamingType=NOT_ROAMING accessNetworkTechnology=UNKNOWN rejectCause=0 emergencyEnabled=false availableServices=[] cellIdentity=null voiceSpecificInfo=null dataSpecificInfo=null nrState=**** rRplmn= isUsingCarrierAggregation=false}], mNrFrequencyRange=0, mOperatorAlphaLongRaw=null, mOperatorAlphaShortRaw=null, mIsDataRoamingFromRegistration=false, mIsIwlanPreferred=false} imsSs = {mVoiceRegState=1(OUT_OF_SERVICE), mDataRegState=1(OUT_OF_SERVICE), mChannelNumber=-1, duplexMode()=0, mCellBandwidths=[], mOperatorAlphaLong=null, mOperatorAlphaShort=null, isManualNetworkSelection=false(automatic), getRilVoiceRadioTechnology=0(Unknown), getRilDataRadioTechnology=0(Unknown), mCssIndicator=unsupported, mNetworkId=*1, mSystemId=*1, mCdmaRoamingIndicator=-1, mCdmaDefaultRoamingIndicator=-1, VoiceRegType=0, Snap=0, MobileData=OUT_OF_SERVICE, MobileDataRoamingType=home, MobileDataRat=Unknown, PsOnly=false, FemtocellInd=0, SprDisplayRoam=false, OptRadioTech=0, MsimSubmode=0, mIsEmergencyOnly=false, isUsingCarrierAggregation=false, mArfcnRsrpBoost=0, mNetworkRegistrationInfos=[NetworkRegistrationInfo{ domain=CS transportType=WWAN registrationState=UNKNOWN roamingType=NOT_ROAMING accessNetworkTechnology=UNKNOWN rejectCause=0 emergencyEnabled=false availableServices=[] cellIdentity=null voiceSpecificInfo=null dataSpecificInfo=null nrState=**** rRplmn= isUsingCarrierAggregation=false}, NetworkRegistrationInfo{ domain=PS transportType=WWAN registrationState=UNKNOWN roamingType=NOT_ROAMING accessNetworkTechnology=UNKNOWN rejectCause=0 emergencyEnabled=false availableServices=[] cellIdentity=null voiceSpecificInfo=null dataSpecificInfo=null nrState=**** rRplmn= isUsingCarrierAggregation=false}], mNrFrequencyRange=0, mOperatorAlphaLongRaw=null, mOperatorAlphaShortRaw=null, mIsDataRoamingFromRegistration=false, mIsIwlanPreferred=false}
08-09 17:06:25.843 D/PhoneCfgMgr( 2286): Received EVENT_RADIO_AVAILABLE/EVENT_RADIO_ON
08-09 17:06:25.843 E/RILD2 ( 1413): [WARNING] Request is invalid(seems to be already completed).
08-09 17:06:25.844 I/power_partial_wake_state( 1319): [CHG,1,*telephony-radio*:com.android.phone]
08-09 17:06:25.844 D/RILJ ( 2286): [0100]> GET_MODEM_STATUS [PHONE0]
08-09 17:06:25.844 D/PhoneCfgMgr( 2286): getStaticPhoneCapability: sending the request for getting PhoneCapability
08-09 17:06:25.844 D/RadioConfig( 2286): [0101]> GET_PHONE_CAPABILITY
08-09 17:06:25.844 E/RILD2 ( 1413): RxGetRfBandInfo:
08-09 17:06:25.844 D/PhoneCfgMgr( 2286): getStaticPhoneCapability: mStaticCapability mMaxActiveVoiceSubscriptions=1 mMaxActiveDataSubscriptions=1 mNetworkValidationBeforeSwitchSupported=false mDeviceNrCapability []
08-09 17:06:25.845 D/PhoneCfgMgr( 2286): Received EVENT_RADIO_AVAILABLE/EVENT_RADIO_ON
08-09 17:06:25.846 D/SEM_RILJ( 2286): [UNSL]< UNSOL_OEM_FIVEG_STATUS_CHANGED 1 [PHONE1]
08-09 17:06:25.847 I/power_partial_wake_state( 1319): [CHG,1,*telephony-radio*:com.android.phone]
08-09 17:06:25.847 D/RILJ ( 2286): [0102]> GET_MODEM_STATUS [PHONE1]
08-09 17:06:25.847 D/PhoneCfgMgr( 2286): getStaticPhoneCapability: sending the request for getting PhoneCapability
08-09 17:06:25.847 D/RadioConfig( 2286): [0103]> GET_PHONE_CAPABILITY
08-09 17:06:25.847 D/PhoneCfgMgr( 2286): getStaticPhoneCapability: mStaticCapability mMaxActiveVoiceSubscriptions=1 mMaxActiveDataSubscriptions=1 mNetworkValidationBeforeSwitchSupported=false mDeviceNrCapability []
08-09 17:06:25.847 D/DCT-C-0 ( 2286): onDataEnabledChanged: enable=true, enabledChangedReason=0
08-09 17:06:25.847 D/DCT-C-0 ( 2286): setupDataOnAllConnectableApns: dataEnabled mcx:[state=IDLE,enabled=false] xcap:[state=IDLE,enabled=false] hipri:[state=IDLE,enabled=false] ims:[state=IDLE,enabled=false] cbs:[state=IDLE,enabled=false] ia:[state=IDLE,enabled=false] emergency:[state=IDLE,enabled=false] bip:[state=IDLE,enabled=false] mms:[state=IDLE,enabled=false] rcs:[state=IDLE,enabled=false] supl:[state=IDLE,enabled=false] dun:[state=IDLE,enabled=false] fota:[state=IDLE,enabled=false] default:[state=IDLE,enabled=false] enterprise:[state=IDLE,enabled=false]
08-09 17:06:25.848 D/ImsPhoneCallTracker( 2286): [0] handleMessage what=23
08-09 17:06:25.848 D/ImsPhoneCallTracker( 2286): [0] onDataEnabledChanged: enabled=true, reason=0
08-09 17:06:25.848 D/ImsPhoneCallTracker( 2286): [0] Ignore data enabled - carrier policy indicates that data is not metered for ViLTE calls.
08-09 17:06:25.848 D/DDS-SemPhoneSwitcher( 2286): handleMessage msg={ when=-1s983ms what=114 obj=android.os.AsyncResult@6e20afa target=com.android.internal.telephony.data.SemPhoneSwitcher }
08-09 17:06:25.848 D/DDS-SemPhoneSwitcher( 2286): check whether UI DDS occured or not during Override state.
08-09 17:06:25.849 D/DDS-SemPhoneSwitcher( 2286): getRequestOverride : mPrioritizedDcRequests.size() == 0
08-09 17:06:25.849 D/DDS-SemPhoneSwitcher( 2286): getRequestOverride : RequestOverride(mState = NONE, mPhoneId = -1, mDelayReason = NONE)
08-09 17:06:25.850 D/DDS-SemPhoneSwitcher( 2286): subId is not valid
08-09 17:06:25.850 D/DDS-SemPhoneSwitcher( 2286): No need to perform auto dds
08-09 17:06:25.850 D/DDS-SemPhoneSwitcher( 2286): No active subscriptions: resetting preferred phone to 0 for emergency
08-09 17:06:25.850 D/DDS-SemPhoneSwitcher( 2286): transitionToEmergencyPhone: mPreferredDataPhoneId = 0(NOCARD)
08-09 17:06:25.850 D/DDS-SemPhoneSwitcher( 2286): onEvaluate : mSendRiLCommandReason = PRIMARY_DATA_CHANGED -> NONE
08-09 17:06:25.850 D/DDS-SemPhoneSwitcher( 2286): evaluating due to EVENT_DATA_ENABLED_CHANGED mPrimaryDataSubId -1->4 phone[0] 0->-1 phone[1] 0->-1
08-09 17:06:25.851 D/RadioConfig( 2286): [0104]> SET_PREFERRED_DATA_MODEM
08-09 17:06:25.851 D/DDS-SemPhoneSwitcher( 2286): notifyPreferredDataSubIdChanged to -1
08-09 17:06:25.851 D/rild ( 1413): setPreferredDataModem: modemId=0
08-09 17:06:25.851 D/TelephonyRegistry( 1319): notifyActiveDataSubIdChanged: activeDataSubId=-1
08-09 17:06:25.852 D/DDS-SemPhoneSwitcher( 2286): Data switch event. subId=-1, state=START, reason=IN_CALL
08-09 17:06:25.853 D/RILJ ( 2286): [0102]< GET_MODEM_STATUS false [PHONE1]
08-09 17:06:25.854 I/power_partial_wake_state( 1319): [CHG,7,*telephony-radio*:com.android.phone]
08-09 17:06:25.854 I/power_partial_wake_state( 1319): [REL,0,*telephony-radio*:com.android.phone]
08-09 17:06:25.855 D/DCT-C-1 ( 2286): onDataEnabledChanged: enable=true, enabledChangedReason=0
08-09 17:06:25.855 D/DCT-C-1 ( 2286): setupDataOnAllConnectableApns: dataEnabled mcx:[state=IDLE,enabled=false] xcap:[state=IDLE,enabled=false] hipri:[state=IDLE,enabled=false] ims:[state=IDLE,enabled=false] cbs:[state=IDLE,enabled=false] ia:[state=IDLE,enabled=false] emergency:[state=IDLE,enabled=false] bip:[state=IDLE,enabled=false] mms:[state=IDLE,enabled=false] rcs:[state=IDLE,enabled=false] supl:[state=IDLE,enabled=false] dun:[state=IDLE,enabled=false] fota:[state=IDLE,enabled=false] default:[state=IDLE,enabled=false] enterprise:[state=IDLE,enabled=false]
08-09 17:06:25.855 D/ImsPhoneCallTracker( 2286): [1] handleMessage what=23
08-09 17:06:25.855 D/ImsPhoneCallTracker( 2286): [1] onDataEnabledChanged: enabled=true, reason=0
08-09 17:06:25.855 D/ImsPhoneCallTracker( 2286): [1] Ignore data enabled - carrier policy indicates that data is not metered for ViLTE calls.
08-09 17:06:25.855 D/DDS-SemPhoneSwitcher( 2286): handleMessage msg={ when=-1s987ms what=114 obj=android.os.AsyncResult@4f308ab target=com.android.internal.telephony.data.SemPhoneSwitcher }
08-09 17:06:25.855 D/DDS-SemPhoneSwitcher( 2286): onEvaluate aborted due to during dds changing. mEverRequestChanged=0
08-09 17:06:25.864 D/DDS-TelephonyNetworkFactory[0]( 2286): handleMessage msg={ when=-1s978ms what=1 obj=android.os.AsyncResult@760fb08 target=com.android.internal.telephony.data.TelephonyNetworkFactory$InternalHandler }
08-09 17:06:25.864 D/DDS-TelephonyNetworkFactory[0]( 2286): onActivePhoneSwitch
08-09 17:06:25.865 D/DDS-TelephonyNetworkFactory[1]( 2286): handleMessage msg={ when=-1s976ms what=1 obj=android.os.AsyncResult@f782a1 target=com.android.internal.telephony.data.TelephonyNetworkFactory$InternalHandler }
08-09 17:06:25.865 D/DDS-TelephonyNetworkFactory[1]( 2286): onActivePhoneSwitch
08-09 17:06:25.865 D/DebugService( 2286): DebugService DebugService:
08-09 17:06:25.866 D/UiccController( 2286): handleMessage: Received GET_SLOT_STATUS_DONE for phoneId 0
08-09 17:06:25.866 D/UiccController( 2286): Received EVENT_SLOT_STATUS_CHANGED or EVENT_GET_SLOT_STATUS_DONE
08-09 17:06:25.866 D/UiccController( 2286): onGetSlotStatusDone: request not supported; marking mIsSlotStatusSupported to false
08-09 17:06:25.867 D/UiccController( 2286): handleMessage: Received GET_ICC_STATUS_DONE for phoneId 0
08-09 17:06:25.867 D/UiccController( 2286): Received EVENT_GET_ICC_STATUS_DONE
08-09 17:06:25.868 D/UiccController( 2286): onGetIccCardStatusDone: phoneId 0 IccCardStatus: IccCardState {CARDSTATE_PRESENT,PINSTATE_UNKNOWN,num_apps=2,gsm_id=0{APPTYPE_USIM,APPSTATE_READY,pin1=PINSTATE_DISABLED,pin2=PINSTATE_ENABLED_NOT_VERIFIED-10/10/10/10},cdma_id=-1,ims_id=1{APPTYPE_ISIM,APPSTATE_READY,pin1=PINSTATE_DISABLED,pin2=PINSTATE_ENABLED_NOT_VERIFIED-10/10/10/10},atr=3B9E96801FC78031E073FE211B66D0025544150006,iccid=899187404[****],eid=,SlotPortMapping={physicalSlotIndex=0, portIndex=0}}
08-09 17:06:25.868 D/UiccSlot( 2286): Creating
08-09 17:06:25.871 D/UiccSlot( 2286): cardStatus update: IccCardState {CARDSTATE_PRESENT,PINSTATE_UNKNOWN,num_apps=2,gsm_id=0{APPTYPE_USIM,APPSTATE_READY,pin1=PINSTATE_DISABLED,pin2=PINSTATE_ENABLED_NOT_VERIFIED-10/10/10/10},cdma_id=-1,ims_id=1{APPTYPE_ISIM,APPSTATE_READY,pin1=PINSTATE_DISABLED,pin2=PINSTATE_ENABLED_NOT_VERIFIED-10/10/10/10},atr=3B9E96801FC78031E073FE211B66D0025544150006,iccid=899187404[****],eid=,SlotPortMapping={physicalSlotIndex=0, portIndex=0}}
08-09 17:06:25.871 D/RILJ ( 2286): [0100]< GET_MODEM_STATUS true [PHONE0]
08-09 17:06:25.871 I/power_partial_wake_state( 1319): [CHG,28,*telephony-radio*:com.android.phone]
08-09 17:06:25.872 D/AnswerToReset( 2286): Successfully parsed the ATR string 3B9E96801FC78031E073FE211B66D0025544150006 into AnswerToReset:{mConventionByte=3B,mFormatByte=9E,mInterfaceBytes={{TA=96,TB=null,TC=null,TD=80}{TA=null,TB=null,TC=null,TD=1F}{TA=C7,TB=null,TC=null,TD=null}},mHistoricalBytes={80,31,E0,73,FE,21,1B,66,D0,02,55,44,15,00,},mCheckByte=06}
08-09 17:06:25.872 D/UiccSlot( 2286): checkIsEuiccSupported : false
08-09 17:06:25.872 D/UiccSlot0( 2286): update: radioState=1 mLastRadioState={}
08-09 17:06:25.872 I/power_partial_wake_state( 1319): [REL,0,*telephony-radio*:com.android.phone]
08-09 17:06:25.872 D/UiccCard( 2286): Creating
08-09 17:06:25.872 D/UiccPort( 2286): Creating
08-09 17:06:25.873 D/UiccProfile0( 2286): Creating profile
08-09 17:06:25.873 D/UiccProfile0( 2286): 2 applications
08-09 17:06:25.873 D/UiccCardApplication0( 2286): Creating UiccApp: {APPTYPE_USIM,APPSTATE_READY,pin1=PINSTATE_DISABLED,pin2=PINSTATE_ENABLED_NOT_VERIFIED-10/10/10/10}
08-09 17:06:25.873 D/CarrierTestOverride( 2286): File path : /user_de/0/com.android.phone/files/carrier_test_conf_sim0.xml
08-09 17:06:25.873 D/RadioConfigResponse( 2286): [0101]< GET_PHONE_CAPABILITY mMaxActiveVoiceSubscriptions=0 mMaxActiveDataSubscriptions=2 mNetworkValidationBeforeSwitchSupported=false mDeviceNrCapability []
08-09 17:06:25.873 D/RadioConfigResponse( 2286): [0104]< SET_PREFERRED_DATA_MODEM
08-09 17:06:25.873 W/CarrierTestOverride( 2286): Can not open /data/user_de/0/com.android.phone/files/carrier_test_conf_sim0.xml
08-09 17:06:25.874 D/UiccCardApplication0( 2286): Notifying 1 registrant: READY
08-09 17:06:25.874 E/VoiceMailConstants( 2286): [Voicemail] loadVoiceMail
08-09 17:06:25.875 W/VoiceMailConstants( 2286): Can't open /data/misc/radio/voicemail-conf.xml
08-09 17:06:25.876 D/SIMRecords( 2286): [SIMRecords-0] setting0 mMncLength-1
08-09 17:06:25.877 D/SIMRecords( 2286): [SIMRecords-0] SIMRecords: onRadioOffOrNotAvailable set 'gsm.sim.operator.numeric' to operator=null
08-09 17:06:25.877 D/SIMRecords( 2286): [SIMRecords-0] update icc_operator_numeric=null
08-09 17:06:25.879 I/sysui_multi_action( 2306): [757,213,758,4,759,2]
08-09 17:06:25.894 D/SIMRecords( 2286): [SIMRecords-0] SIMRecords X ctor this=xxx
08-09 17:06:25.895 D/RadioConfigResponse( 2286): [0103]< GET_PHONE_CAPABILITY mMaxActiveVoiceSubscriptions=0 mMaxActiveDataSubscriptions=2 mNetworkValidationBeforeSwitchSupported=false mDeviceNrCapability []
08-09 17:06:25.895 I/power_partial_wake_state( 1319): [CHG,0,*telephony-radio*:com.android.phone]
08-09 17:06:25.896 D/RILJ ( 2286): [0105]> QUERY_FACILITY_LOCK facility = FD serviceClass = 7 appId = A0000000871002FFFFFFFF8903010000 [PHONE0]
08-09 17:06:25.897 D/RILJ ( 2286): [0106]> QUERY_FACILITY_LOCK facility = SC serviceClass = 7 appId = A0000000871002FFFFFFFF8903010000 [PHONE0]
08-09 17:06:25.897 D/UiccCardApplication0( 2286): Creating UiccApp: {APPTYPE_ISIM,APPSTATE_READY,pin1=PINSTATE_DISABLED,pin2=PINSTATE_ENABLED_NOT_VERIFIED-10/10/10/10}
08-09 17:06:25.897 D/CarrierTestOverride( 2286): File path : /user_de/0/com.android.phone/files/carrier_test_conf_sim0.xml
08-09 17:06:25.897 W/CarrierTestOverride( 2286): Can not open /data/user_de/0/com.android.phone/files/carrier_test_conf_sim0.xml
08-09 17:06:25.897 D/UiccCardApplication0( 2286): Notifying 1 registrant: READY
08-09 17:06:25.897 D/IsimUiccRecords( 2286): [ISIM-0] IsimUiccRecords X ctor this=IsimUiccRecords: xxx mIsimImpi=xxx mIsimDomain=xxx mIsimImpu=xxx mIsimIst=xxx mIsimPcscf=xxx
08-09 17:06:25.898 D/RILJ ( 2286): [0105]< QUERY_FACILITY_LOCK {0} [PHONE0]
08-09 17:06:25.898 D/RILJ ( 2286): [0107]> QUERY_FACILITY_LOCK facility = FD serviceClass = 7 appId = A0000000871004FFFFFFFF89 [PHONE0]
08-09 17:06:25.898 D/RILJ ( 2286): [0106]< QUERY_FACILITY_LOCK {0} [PHONE0]
08-09 17:06:25.899 D/RILJ ( 2286): [0108]> QUERY_FACILITY_LOCK facility = SC serviceClass = 7 appId = A0000000871004FFFFFFFF89 [PHONE0]
08-09 17:06:25.899 D/CAT ( 2286): CatService: mImsPhone is maked
08-09 17:06:25.901 D/RILJ ( 2286): [0107]< QUERY_FACILITY_LOCK {0} [PHONE0]
08-09 17:06:25.901 D/RILJ ( 2286): [0108]< QUERY_FACILITY_LOCK {0} [PHONE0]
08-09 17:06:25.902 I/power_partial_wake_state( 1319): [CHG,6,*telephony-radio*:com.android.phone]
08-09 17:06:25.903 D/CAT ( 2286): CatService: registerForRecordsLoaded slotid=0 instance:Handler (com.android.internal.telephony.cat.CatService) {bcce4d9}
08-09 17:06:25.903 D/UiccCardApplication0( 2286): Notifying 1 registrant: READY
08-09 17:06:25.903 D/CAT ( 2286): CatBIPManager: Inside CatBIPManager
08-09 17:06:25.903 D/CAT ( 2286): CatBIPManager: disableBipApn
08-09 17:06:25.904 I/power_partial_wake_state( 1319): [REL,2,*telephony-radio*:com.android.phone]
08-09 17:06:25.904 D/CAT ( 2286): CatService: Running CAT service on Slotid: 0. STK app installed:true
08-09 17:06:25.904 D/UiccProfile0( 2286): Before privilege rules: null : CARDSTATE_PRESENT
08-09 17:06:25.904 D/AnswerToReset( 2286): Successfully parsed the ATR string 3B9E96801FC78031E073FE211B66D0025544150006 into AnswerToReset:{mConventionByte=3B,mFormatByte=9E,mInterfaceBytes={{TA=96,TB=null,TC=null,TD=80}{TA=null,TB=null,TC=null,TD=1F}{TA=C7,TB=null,TC=null,TD=null}},mHistoricalBytes={80,31,E0,73,FE,21,1B,66,D0,02,55,44,15,00,},mCheckByte=06}
08-09 17:06:25.905 D/UiccProfile0( 2286): isEuiccAbsent: false
08-09 17:06:25.905 D/UiccProfile( 2286): iccOpenLogicalChannel: ***** , 0
08-09 17:06:25.906 I/power_partial_wake_state( 1319): [CHG,1,*telephony-radio*:com.android.phone]
08-09 17:06:25.906 D/RILJ ( 2286): [0109]> SIM_OPEN_CHANNEL [PHONE0]
08-09 17:06:25.907 E/RILD ( 1413): TxUiccOpenChannel: P2 value:0, file_control_information: 2
08-09 17:06:25.907 D/UiccCardApplication0( 2286): Notifying 1 registrant: READY
08-09 17:06:25.907 D/UiccCardApplication0( 2286): Notifying 1 registrant: READY
08-09 17:06:25.907 D/UiccProfile0( 2286): Icc changed. Reregistering.
08-09 17:06:25.907 D/UiccProfile0( 2286): mInvalidSimNotiDisplayed is false
08-09 17:06:25.907 D/UiccProfile0( 2286): get Ecc list mExternalState is :READY
08-09 17:06:25.907 D/UiccProfile0( 2286): getEccListFromSim, family = 1
08-09 17:06:25.909 D/RILJ ( 2286): [0110]> iccIO: SIM_IO [PHONE0]
08-09 17:06:25.909 D/UiccProfile0( 2286): setExternalState: set mPhoneId=0 mExternalState=READY
08-09 17:06:25.910 D/SubscriptionInfoUpdater( 2286): updateInternalIccState to simStatus READY reason null phoneId 0
08-09 17:06:25.910 D/UiccProfile0( 2286): update icc_operator_numeric=
08-09 17:06:25.913 D/UiccController( 2286): Notifying IccChangedRegistrants slot 0 IccChangedRegistrants
08-09 17:06:25.913 D/UiccController( 2286): handleMessage: Received GET_ICC_STATUS_DONE for phoneId 1
08-09 17:06:25.913 D/UiccController( 2286): Received EVENT_GET_ICC_STATUS_DONE
08-09 17:06:25.913 D/UiccController( 2286): onGetIccCardStatusDone: phoneId 1 IccCardStatus: IccCardState {CARDSTATE_ABSENT,PINSTATE_UNKNOWN,num_apps=0,gsm_id=-1,cdma_id=-1,ims_id=-1,atr=,iccid=,eid=,SlotPortMapping={physicalSlotIndex=1, portIndex=0}}
08-09 17:06:25.913 D/UiccSlot( 2286): Creating
08-09 17:06:25.914 D/UiccSlot( 2286): cardStatus update: IccCardState {CARDSTATE_ABSENT,PINSTATE_UNKNOWN,num_apps=0,gsm_id=-1,cdma_id=-1,ims_id=-1,atr=,iccid=,eid=,SlotPortMapping={physicalSlotIndex=1, portIndex=0}}
08-09 17:06:25.914 E/AnswerToReset( 2286): Valid ATR string must at least contains TS and T0.
08-09 17:06:25.914 D/UiccSlot1( 2286): update: radioState=1 mLastRadioState={}
08-09 17:06:25.914 D/UiccSlot1( 2286): update: oldIsEuicc = false, mIsEuicc = false
08-09 17:06:25.914 D/SubscriptionInfoUpdater( 2286): updateInternalIccState to simStatus ABSENT reason null phoneId 1
08-09 17:06:25.915 D/UiccController( 2286): mUiccSlots[1] has no card. Notifying IccChangedRegistrants
08-09 17:06:25.916 D/SmsDispatchersController( 2286): RilSmsc = "917021075009",145 smsc = +917021075009
08-09 17:06:25.917 E/SmsDispatchersController( 2286): smsc = +917021075009
08-09 17:06:25.917 I/SmsConfig( 2286): [0] sms_show_hidden_menu_sms_pref_mode = false
08-09 17:06:25.917 D/SmsDomainSelector( 2286): phoneId = 0 operator = 00000 dataNetworkType = Unknown
08-09 17:06:25.917 D/SmsDomainSelector( 2286): isSmsIpRegistered[0] = false SIM = unknown
08-09 17:06:25.917 D/SmsDomainSelector( 2286): selected domain = SMS_DOMAIN_CS_PREFERRED
08-09 17:06:25.917 D/ImsSmsDispatcher( 2286): DomainSelector : domain = SMS_DOMAIN_CS_PREFERRED
08-09 17:06:25.917 D/ImsSmsDispatcher( 2286): isAvailable: up= false, reg= false, cap= false, smsOverImsOnly = false
08-09 17:06:25.917 D/SmsDispatchersController( 2286): [lteStatus] : 0
08-09 17:06:25.918 D/ImsSmsDispatcher( 2286): isImsforNonLegacyImsSms: reg= false, cap= false, smsOverImsOnly = false
08-09 17:06:25.918 D/SmsDispatchersController( 2286): isIms : false mPrevVolteRegi : false
08-09 17:06:25.918 D/SmsDispatchersController( 2286): datareg : 1 imsreg : false
08-09 17:06:25.918 D/SmsDispatchersController( 2286): ps is no service
08-09 17:06:25.918 D/SubscriptionManager( 2286): putPhoneIdAndSubIdExtra: no valid subs
08-09 17:06:25.919 D/Phone ( 2286): config LCE service failed: com.android.internal.telephony.CommandException: REQUEST_NOT_SUPPORTED
08-09 17:06:25.919 D/GsmCdmaPhone( 2286): EVENT_GET_RADIO_CAPABILITY: phone rc: {mPhoneId = 0 mVersion=1 mSession=0 mPhase=4 mRadioAccessFamily=840583 mLogicModemId=0 mStatus=1}
08-09 17:06:25.919 D/IccSmsInterfaceManager( 2286): EVENT_RADIO_OFF_OR_NOT_AVAILABLE
08-09 17:06:25.919 D/GsmCdmaPhone( 2286): [0] Baseband version: A736BXXU3CWB7
08-09 17:06:25.920 E/RILD ( 1413): Failed to open channel
08-09 17:06:25.920 E/RILC ( 1413): iccOpenLogicalChannelResponse Invalid response: NULL
08-09 17:06:25.921 D/RILJ ( 2286): [0109]< SIM_OPEN_CHANNEL error 17 [PHONE0]
08-09 17:06:25.921 D/RilRequest( 2286): [0109]< SIM_OPEN_CHANNEL error: com.android.internal.telephony.CommandException: NO_SUCH_ELEMENT ret= result={ when=-23s44ms what=8 obj={ when=-23s44ms what=1 target=com.android.internal.telephony.uicc.UiccCarrierPrivilegeRules } target=com.android.internal.telephony.uicc.UiccProfile$4 }
08-09 17:06:25.924 D/SemGsmCdmaPhone( 2286): [0] EVENT_QUERY_SUPPORT_VONR_DONE Received. mIsVonrSupported: false
08-09 17:06:25.925 D/SST ( 2286): [1] SubscriptionListener.onSubscriptionInfoChanged
08-09 17:06:25.925 D/SST-SEM ( 2286): [1] onSubscriptionInfoChanged - subId: -1
08-09 17:06:25.925 D/SST ( 2286): [0] SubscriptionListener.onSubscriptionInfoChanged
08-09 17:06:25.925 D/ImsProvisioningController( 2286): MmTelFeatureListener[0] subId is not changed
08-09 17:06:25.925 D/ImsProvisioningController( 2286): MmTelFeatureListener[1] subId is not changed
08-09 17:06:25.925 D/ImsProvisioningController( 2286): RcsFeatureListener[0] subId is not changed
08-09 17:06:25.925 D/ImsProvisioningController( 2286): RcsFeatureListener[1] subId is not changed
08-09 17:06:25.925 D/ImsProvisioningController( 2286): ProvisioningCallbackManager[0] subId is not changed
08-09 17:06:25.925 D/ImsProvisioningController( 2286): ProvisioningCallbackManager[1] subId is not changed
08-09 17:06:25.927 D/SST-SEM ( 2286): [0] onSubscriptionInfoChanged - subId: -1
08-09 17:06:25.944 I/am_proc_start( 1319): [0,3076,1000,com.samsung.android.mdecservice,content provider,{com.samsung.android.mdecservice/com.samsung.android.mdecservice.mdec.api.contentprovider.SettingsInternalApi}]
08-09 17:06:25.945 I/am_wtf ( 1319): [0,1319,system_server,-1,ActivityManager,Sending non-protected broadcast com.sec.android.nfc.AUTH_READY from system 2668:com.android.nfc/1027 pkg com.android.nfc]
08-09 17:06:25.945 I/am_wtf ( 1319): [0,1319,system_server,-1,ActivityManager,Sending non-protected broadcast com.sec.android.nfc.AUTH_READY from system 2668:com.android.nfc/1027 pkg com.android.nfc]
08-09 17:06:25.949 D/RILJ ( 2286): [0110]< SIM_IO IccIoResult xx xx [PHONE0]
08-09 17:06:25.949 I/power_partial_wake_state( 1319): [CHG,43,*telephony-radio*:com.android.phone]
08-09 17:06:25.950 I/power_partial_wake_state( 1319): [REL,0,*telephony-radio*:com.android.phone]
08-09 17:06:25.979 I/am_proc_bound( 1319): [0,3076,com.samsung.android.mdecservice]
08-09 17:06:26.056 I/commit_sys_config_file( 1319): [settings-0-0,4]
08-09 17:06:26.107 I/wm_wallpaper_surface( 1319): [0,1]
08-09 17:06:26.187 E/PhoneSubInfoController( 2286): getLine1Number phone is null for Subscription:-1
08-09 17:06:26.191 E/PhoneSubInfoController( 2286): getMsisdn phone is null for Subscription:-1
08-09 17:06:26.240 D/ImsManagerIM [0]( 2286): ImsService not up yet - timeout waiting for connection.
08-09 17:06:26.250 E/PhoneSubInfoController( 2286): getMsisdn phone is null for Subscription:-1
08-09 17:06:26.268 D/SubscriptionController( 2286): [phoneAccountIsRegistered]
08-09 17:06:26.271 D/NRM-C-1 ( 2286): service ComponentInfo{com.android.phone/com.android.internal.telephony.CellularNetworkService} for transport WWAN is now connected.
08-09 17:06:26.271 D/SST ( 2286): [1] pollState: modemTriggered=true, radioState=1
08-09 17:06:26.272 I/power_partial_wake_state( 1319): [CHG,0,*telephony-radio*:com.android.phone]
08-09 17:06:26.272 D/RILJ ( 2286): [0111]> OPERATOR [PHONE1]
08-09 17:06:26.273 E/RILD2 ( 1413): GetOperatorName: fetch sys info
08-09 17:06:26.273 D/RILJ ( 2286): [0112]> QUERY_NETWORK_SELECTION_MODE [PHONE1]
08-09 17:06:26.274 E/RILD2 ( 1413): UpdateVoiceRte: [CS] 1x reg [0], gsm reg [2], wcdma reg [2], lte reg [2], hdr reg [0], Td reg [0], 5G reg [2]
08-09 17:06:26.274 E/RILD2 ( 1413): UpdateVoiceRte: mVoiceRte(0), Confidence(4), mReportedLteSmsStatus(0)
08-09 17:06:26.274 E/RILD2 ( 1413): SetDataRteRegStatus: [PS] 1x reg [0], gsm reg [2], wcdma reg [2], lte reg [2], hdr reg [0], Td reg [0], nr5g reg [2] pref_data_tech(0), radio_tech_flag(2)
08-09 17:06:26.274 E/RILD2 ( 1413): UpdateDataRte: mDataRte(0), Confidence(4)
08-09 17:06:26.274 E/RILD2 ( 1413): UpdateImsRte: mImsRte(0), Confidence(4)
08-09 17:06:26.275 D/NRM-C-0 ( 2286): service ComponentInfo{com.android.phone/com.android.internal.telephony.CellularNetworkService} for transport WWAN is now connected.
08-09 17:06:26.275 D/RILJ ( 2286): [0111]< OPERATOR [PHONE1]
08-09 17:06:26.275 D/SST ( 2286): [0] pollState: modemTriggered=true, radioState=1
08-09 17:06:26.275 D/RILJ ( 2286): [0113]> DATA_REGISTRATION_STATE [PHONE1]
08-09 17:06:26.275 D/RILJ ( 2286): getDataRegistrationState: overrideHalVersion=null [PHONE1]
08-09 17:06:26.276 D/RILJ ( 2286): [0112]< QUERY_NETWORK_SELECTION_MODE {0} [PHONE1]
08-09 17:06:26.276 E/RILD2 ( 1413): UpdateVoiceRte: [CS] 1x reg [0], gsm reg [2], wcdma reg [2], lte reg [2], hdr reg [0], Td reg [0], 5G reg [2]
08-09 17:06:26.276 E/RILD2 ( 1413): UpdateVoiceRte: mVoiceRte(0), Confidence(4), mReportedLteSmsStatus(0)
08-09 17:06:26.276 E/RILD2 ( 1413): SetDataRteRegStatus: [PS] 1x reg [0], gsm reg [2], wcdma reg [2], lte reg [2], hdr reg [0], Td reg [0], nr5g reg [2] pref_data_tech(0), radio_tech_flag(2)
08-09 17:06:26.276 E/RILD2 ( 1413): UpdateDataRte: mDataRte(0), Confidence(4)
08-09 17:06:26.276 E/RILD2 ( 1413): UpdateImsRte: mImsRte(0), Confidence(4)
08-09 17:06:26.276 E/RILD2 ( 1413): HalIoChannel::Write: mSehChannelImpl->mSehChannelCallback == null [epdgd2]
08-09 17:06:26.276 E/RILD2 ( 1413): IO channel write error.
08-09 17:06:26.276 E/RILD2 ( 1413): DataNetRegStateHandler - Can't read ePDG state
08-09 17:06:26.276 E/RILD2 ( 1413): DataNetRegStateHandler - Delete message
08-09 17:06:26.278 D/RILJ ( 2286): [0115]> VOICE_REGISTRATION_STATE [PHONE1]
08-09 17:06:26.278 D/RILJ ( 2286): getVoiceRegistrationState: overrideHalVersion=null [PHONE1]
08-09 17:06:26.279 I/power_partial_wake_state( 1319): [CHG,1,*telephony-radio*:com.android.phone]
08-09 17:06:26.280 D/RILJ ( 2286): [0114]> OPERATOR [PHONE0]
08-09 17:06:26.281 D/RILJ ( 2286): Unsol response received; Sending ack to ril.cpp [PHONE1]
08-09 17:06:26.281 D/RILJ ( 2286): [UNSL]< UNSOL_RESPONSE_NETWORK_STATE_CHANGED [PHONE1]
08-09 17:06:26.282 D/RILJ ( 2286): [0117]> QUERY_NETWORK_SELECTION_MODE [PHONE0]
08-09 17:06:26.282 D/SmsDispatchersController( 2286): handleRadioStateChanged: 1
08-09 17:06:26.282 D/GsmCdmaPhone( 2286): [0] EVENT EVENT_RADIO_STATE_CHANGED
08-09 17:06:26.282 D/GsmCdmaPhone( 2286): handleRadioPowerStateChange, state= 1
08-09 17:06:26.282 D/RILJ ( 2286): [0113]< DATA_REGISTRATION_STATE {.regState = NOT_REG_MT_SEARCHING_OP, .rat = UNKNOWN, .reasonForDenial = NONE, .cellIdentity = {.noinit = {}}, .registeredPlmn = , .accessTechnologySpecificInfo = {.noinit = {}}} [PHONE1]
08-09 17:06:26.282 D/RILJ ( 2286): [0114]< OPERATOR [PHONE0]
08-09 17:06:26.282 D/RILJ ( 2286): [0117]< QUERY_NETWORK_SELECTION_MODE {0} [PHONE0]
08-09 17:06:26.284 E/RILD2 ( 1413): UpdateVoiceRte: [CS] 1x reg [0], gsm reg [2], wcdma reg [2], lte reg [2], hdr reg [0], Td reg [0], 5G reg [2]
08-09 17:06:26.284 E/RILD2 ( 1413): UpdateVoiceRte: mVoiceRte(0), Confidence(4), mReportedLteSmsStatus(0)
08-09 17:06:26.284 E/RILD2 ( 1413): SetDataRteRegStatus: [PS] 1x reg [0], gsm reg [2], wcdma reg [2], lte reg [2], hdr reg [0], Td reg [0], nr5g reg [2] pref_data_tech(0), radio_tech_flag(2)
08-09 17:06:26.284 E/RILD2 ( 1413): UpdateDataRte: mDataRte(0), Confidence(4)
08-09 17:06:26.284 E/RILD2 ( 1413): UpdateImsRte: mImsRte(0), Confidence(4)
08-09 17:06:26.284 I/power_partial_wake_state( 1319): [CHG,5,*telephony-radio*:com.android.phone]
08-09 17:06:26.284 D/SST ( 2286): [0] setPowerStateToDesired: mDeviceShuttingDown=false, mDesiredPowerState=true, getRadioState=1, mRadioDisabledByCarrier=false, IMS reg state=false, phoneId=0, airplaneMode=false, pending radio off=false
08-09 17:06:26.285 I/power_partial_wake_state( 1319): [REL,1,*telephony-radio*:com.android.phone]
08-09 17:06:26.290 I/power_partial_wake_state( 1319): [CHG,1,*telephony-radio*:com.android.phone]
08-09 17:06:26.291 D/RILJ ( 2286): [0118]> DATA_REGISTRATION_STATE [PHONE0]
08-09 17:06:26.291 D/RILJ ( 2286): getDataRegistrationState: overrideHalVersion=null [PHONE0]
08-09 17:06:26.292 E/RILD ( 1413): HalIoChannel::Write: mSehChannelImpl->mSehChannelCallback == null [epdgd]
08-09 17:06:26.292 E/RILD ( 1413): IO channel write error.
08-09 17:06:26.292 E/RILD ( 1413): DataNetRegStateHandler - Can't read ePDG state
08-09 17:06:26.292 E/RILD ( 1413): DataNetRegStateHandler - Delete message
08-09 17:06:26.294 D/RILJ ( 2286): Unsol response received; Sending ack to ril.cpp [PHONE1]
08-09 17:06:26.294 D/RILJ ( 2286): [UNSL]< UNSOL_RESPONSE_IMS_NETWORK_STATE_CHANGED [PHONE1]
08-09 17:06:26.294 D/SEM_RILJ( 2286): [UNSL]< UNSOL_IMS_PREFERENCE_CHANGED {1, 1, 0, 3, 0, 0, 2, 0, 1, 0, 0, 1, 1} [PHONE1]
08-09 17:06:26.295 D/RILJ ( 2286): [0119]> VOICE_REGISTRATION_STATE [PHONE0]
08-09 17:06:26.295 D/RILJ ( 2286): getVoiceRegistrationState: overrideHalVersion=null [PHONE0]
08-09 17:06:26.295 E/RILD ( 1413): Serving cell rsrp: -792. rsrq: -149. rssi: -503. srxlev: 0. signal Strength: 31
08-09 17:06:26.295 D/CellularNetworkService( 2286): No access tech specific info passes for RegStateResult
08-09 17:06:26.295 D/NRM-C-1 ( 2286): onRequestNetworkRegistrationInfoComplete result: 0, info: NetworkRegistrationInfo{ domain=PS transportType=WWAN registrationState=NOT_REG_SEARCHING roamingType=NOT_ROAMING accessNetworkTechnology=UNKNOWN rejectCause=0 emergencyEnabled=false availableServices=[] cellIdentity=null voiceSpecificInfo=null dataSpecificInfo=android.telephony.DataSpecificRegistrationInfo :{ maxDataCalls = 16 isDcNrRestricted = false isNrAvailable = false isEnDcAvailable = false LteVopsSupportInfo : mVopsSupport = 1 mEmcBearerSupport = 1 } nrState=**** rRplmn= isUsingCarrierAggregation=false}
08-09 17:06:26.295 D/NRM-C-1 ( 2286): onNetworkStateChanged
08-09 17:06:26.296 D/RILJ ( 2286): Unsol response received; Sending ack to ril.cpp [PHONE0]
08-09 17:06:26.296 D/RILJ ( 2286): [UNSL]< UNSOL_RESPONSE_NETWORK_STATE_CHANGED [PHONE0]
