08-09 17:06:26.990 I/power_partial_wake_state( 1319): [REL,2,*telephony-sem-radio*:com.android.phone]
08-09 17:06:26.990 D/GsmCdmaPhone( 2286): [0] EVENT_SUBSCRIPTIONS_CHANGED
08-09 17:06:26.990 E/Phone ( 2286): [0] Usage Setting is Supported but Preferred Setting Unknown!
08-09 17:06:26.990 D/GsmCdmaPhone( 2286): [1] EVENT_SUBSCRIPTIONS_CHANGED
08-09 17:06:26.990 D/DDS-TelephonyNetworkFactory[0]( 2286): handleMessage msg={ when=-536ms what=2 target=com.android.internal.telephony.data.TelephonyNetworkFactory$InternalHandler }
08-09 17:06:26.990 D/DDS-SemPhoneSwitcher( 2286): handleMessage msg={ when=-536ms what=102 target=com.android.internal.telephony.data.SemPhoneSwitcher }
08-09 17:06:26.991 D/DDS-SemPhoneSwitcher( 2286): onEvaluate aborted due to during dds changing. mEverRequestChanged=0
08-09 17:06:26.992 D/DDS-TelephonyNetworkFactory[1]( 2286): handleMessage msg={ when=-538ms what=2 target=com.android.internal.telephony.data.TelephonyNetworkFactory$InternalHandler }
08-09 17:06:26.992 I/power_partial_wake_state( 1319): [REL,1896,RILJ_ACK_WL:com.android.phone]
08-09 17:06:26.993 I/power_partial_wake_state( 1319): [REL,2851,RILJ_ACK_WL:com.android.phone]
08-09 17:06:26.993 D/SST ( 2286): [1] EVENT_POLL_STATE_NETWORK_SELECTION_MODE
08-09 17:06:26.994 D/RILJ ( 2286): [0173]< SIM_IO IccIoResult xx xx [PHONE0]
08-09 17:06:26.994 I/power_partial_wake_state( 1319): [CHG,0,*telephony-radio*:com.android.phone]
08-09 17:06:26.996 D/RILJ ( 2286): [0196]> SET_SIGNAL_STRENGTH_REPORTING_CRITERIA [PHONE1]
08-09 17:06:26.997 D/RILJ ( 2286): [0196]< SET_SIGNAL_STRENGTH_REPORTING_CRITERIA [PHONE1]
08-09 17:06:26.997 D/SSCtr ( 2286): setSignalStrengthReportingCriteria consolidatedSignalThresholdInfos=[SignalThresholdInfo{mRan=1 mSignalMeasurementType=1 mHysteresisMs=3000 mHysteresisDb=2 mThresholds=[-107, -103, -97, -89] mIsEnabled=true}, SignalThresholdInfo{mRan=2 mSignalMeasurementType=2 mHysteresisMs=3000 mHysteresisDb=2 mThresholds=[-115, -105, -95, -85] mIsEnabled=true}, SignalThresholdInfo{mRan=3 mSignalMeasurementType=3 mHysteresisMs=3000 mHysteresisDb=2 mThresholds=[-128, -118, -108, -98] mIsEnabled=true}, SignalThresholdInfo{mRan=3 mSignalMeasurementType=4 mHysteresisMs=3000 mHysteresisDb=2 mThresholds=[] mIsEnabled=false}, SignalThresholdInfo{mRan=3 mSignalMeasurementType=5 mHysteresisMs=3000 mHysteresisDb=2 mThresholds=[] mIsEnabled=false}, SignalThresholdInfo{mRan=6 mSignalMeasurementType=6 mHysteresisMs=3000 mHysteresisDb=2 mThresholds=[-110, -90, -80, -65] mIsEnabled=true}, SignalThresholdInfo{mRan=6 mSignalMeasurementType=7 mHysteresisMs=3000 mHysteresisDb=2 mThresholds=[] mIsEnabled=false}, SignalThresholdInfo{mRan=6 mSignalMeasurementType=8 mHysteresisMs=3000 mHysteresisDb=2 mThresholds=[] mIsEnabled=false}]
08-09 17:06:26.997 I/power_partial_wake_state( 1319): [CHG,2,*telephony-radio*:com.android.phone]
08-09 17:06:26.997 D/SmsDispatchersController( 2286): IMS registration state: false format: 3gpp
08-09 17:06:26.998 D/SST ( 2286): [1] EVENT_GET_EXTENDED_REGISTRATION_STATE
08-09 17:06:26.998 D/GsmCdmaCallTracker( 2286): Event EVENT_POLL_CALLS_RESULT Received
08-09 17:06:26.998 D/GsmCdmaCallTracker( 2286): [1] handle EVENT_POLL_CALL_RESULT: set needsPoll=F
08-09 17:06:26.998 D/GsmCdmaCallTracker( 2286): [1] poll: conn[i=0]=null, dc=null
08-09 17:06:26.998 D/GsmCdmaCallTracker( 2286): [1] poll: conn[i=1]=null, dc=null
08-09 17:06:26.998 D/GsmCdmaCallTracker( 2286): [1] poll: conn[i=2]=null, dc=null
08-09 17:06:26.998 D/GsmCdmaCallTracker( 2286): [1] calltrackerDump: handlePollCalls
08-09 17:06:26.998 D/GsmCdmaCallTracker( 2286): [1] updatePhoneState oldState=IDLE, newState=IDLE
08-09 17:06:26.998 D/GsmCdmaPhone( 2286): [1] EVENT_REQUEST_VOICE_RADIO_TECH_DONE: newVoiceTech=3
08-09 17:06:26.998 D/GsmCdmaPhone( 2286): [1] phoneObjectUpdater: newVoiceRadioTech=3
08-09 17:06:26.998 D/GsmCdmaPhone( 2286): [1] phoneObjectUpdater: No change ignore, newVoiceRadioTech=3 mActivePhone=GSM
08-09 17:06:26.998 D/GsmCdmaPhone( 2286): [1] Event BarringInfoChanged Received - barringInfo: BarringInfo {mCellIdentity=null, mBarringServiceInfos={0={isBarred: false (type: 0, isConditionally: false), factor: 0, timeseconds: 0}, 1={isBarred: false (type: 0, isConditionally: false), factor: 0, timeseconds: 0}, 2={isBarred: false (type: 0, isConditionally: false), factor: 0, timeseconds: 0}, 3={isBarred: false (type: 0, isConditionally: false), factor: 0, timeseconds: 0}, 4={isBarred: false (type: 0, isConditionally: false), factor: 0, timeseconds: 0}, 5={isBarred: false (type: 0, isConditionally: false), factor: 0, timeseconds: 0}, 6={isBarred: false (type: 0, isConditionally: false), factor: 0, timeseconds: 0}, 7={isBarred: false (type: 0, isConditionally: false), factor: 0, timeseconds: 0}, 8={isBarred: false (type: 0, isConditionally: false), factor: 0, timeseconds: 0}, 9={isBarred: false (type: 0, isConditionally: false), factor: 0, timeseconds: 0}}}
08-09 17:06:26.998 I/power_partial_wake_state( 1319): [REL,0,*telephony-radio*:com.android.phone]
08-09 17:06:26.999 E/RILJ ( 2286): processResponse: Unexpected response! serial: 196 ,error: 0
08-09 17:06:26.999 D/SmsDispatchersController( 2286): RilSmsc = "917021075009",145 smsc = +917021075009
08-09 17:06:26.999 E/RILJ ( 2286): processResponse: Unexpected response! serial: 196 ,error: 0
08-09 17:06:26.999 E/RILJ ( 2286): processResponse: Unexpected response! serial: 196 ,error: 0
08-09 17:06:26.999 E/RILJ ( 2286): processResponse: Unexpected response! serial: 196 ,error: 0
08-09 17:06:26.999 E/RILJ ( 2286): processResponse: Unexpected response! serial: 196 ,error: 0
08-09 17:06:26.999 E/RILJ ( 2286): processResponse: Unexpected response! serial: 196 ,error: 0
08-09 17:06:26.999 E/RILJ ( 2286): processResponse: Unexpected response! serial: 196 ,error: 0
08-09 17:06:26.999 E/SmsDispatchersController( 2286): smsc = +917021075009
08-09 17:06:26.999 I/SmsConfig( 2286): [0] sms_show_hidden_menu_sms_pref_mode = false
08-09 17:06:26.999 D/SmsDomainSelector( 2286): phoneId = 0 operator = 00000 dataNetworkType = Unknown
08-09 17:06:26.999 D/SmsDomainSelector( 2286): isSmsIpRegistered[0] = false SIM = unknown
08-09 17:06:26.999 D/SmsDomainSelector( 2286): selected domain = SMS_DOMAIN_CS_PREFERRED
08-09 17:06:26.999 D/ImsSmsDispatcher( 2286): DomainSelector : domain = SMS_DOMAIN_CS_PREFERRED
08-09 17:06:26.999 D/ImsSmsDispatcher( 2286): isAvailable: up= false, reg= false, cap= false, smsOverImsOnly = false
08-09 17:06:26.999 D/SmsDispatchersController( 2286): [lteStatus] : 0
08-09 17:06:26.999 D/ImsSmsDispatcher( 2286): isImsforNonLegacyImsSms: reg= false, cap= false, smsOverImsOnly = false
08-09 17:06:26.999 D/SmsDispatchersController( 2286): isIms : false mPrevVolteRegi : false
08-09 17:06:26.999 D/SmsDispatchersController( 2286): datareg : 1 imsreg : false
08-09 17:06:26.999 D/SmsDispatchersController( 2286): ps is no service
08-09 17:06:27.002 I/power_partial_wake_state( 1319): [CHG,0,*telephony-sem-radio*:com.android.phone]
08-09 17:06:27.003 D/SEM_RILJ( 2286): [0197]> OEM_HOOK_RAW[1182000D010000000000000400] [PHONE0]
08-09 17:06:27.004 I/power_partial_wake_state( 1319): [CHG,0,*telephony-sem-radio*:com.android.phone]
08-09 17:06:27.004 D/SEM_RILJ( 2286): [0198]> OEM_HOOK_RAW[1182000D010000000000000400] [PHONE1]
08-09 17:06:27.005 D/SEM_RILJ( 2286): [0197]< OEM_HOOK_RAW [B@bb93d72 [PHONE0]
08-09 17:06:27.005 I/power_partial_wake_state( 1319): [CHG,2,*telephony-sem-radio*:com.android.phone]
08-09 17:06:27.005 I/power_partial_wake_state( 1319): [REL,0,*telephony-sem-radio*:com.android.phone]
08-09 17:06:27.007 D/RILJ ( 2286): [0199]> iccIO: SIM_IO [PHONE0]
08-09 17:06:27.007 D/SEM_RILJ( 2286): [0198]< OEM_HOOK_RAW [B@6c415c3 [PHONE1]
08-09 17:06:27.007 D/DDS-TelephonyNetworkFactory[0]( 2286): handleMessage msg={ when=-395ms what=3 obj=NetworkRequest [ REQUEST id=93, [ Capabilities: INTERNET&NOT_RESTRICTED&TRUSTED&NOT_VCN_MANAGED Uid: 10039 RequestorUid: 10039 RequestorPkg: com.android.systemui UnderlyingNetworks: Null] ] target=com.android.internal.telephony.data.TelephonyNetworkFactory$InternalHandler }
08-09 17:06:27.008 I/power_partial_wake_state( 1319): [CHG,4,*telephony-sem-radio*:com.android.phone]
08-09 17:06:27.008 D/DDS-TelephonyNetworkFactory[0]( 2286): onNeedNetworkFor: ddsProgressing : true, needSyncDisconnect : false
08-09 17:06:27.008 D/DDS-TelephonyNetworkFactory[0]( 2286): onNeedNetworkFor [NetworkRequest [ REQUEST id=93, [ Capabilities: INTERNET&NOT_RESTRICTED&TRUSTED&NOT_VCN_MANAGED Uid: 10039 RequestorUid: 10039 RequestorPkg: com.android.systemui UnderlyingNetworks: Null] ], mPriority=0, state=UNSATISFIED, mAttachedDataNetwork=null, isMetered=false, created time=17:06:27.008, evaluation result=null] shouldApply false
08-09 17:06:27.008 I/power_partial_wake_state( 1319): [REL,0,*telephony-sem-radio*:com.android.phone]
08-09 17:06:27.008 D/DDS-TelephonyNetworkFactory[0]( 2286): handleMessage msg={ when=-396ms what=3 obj=NetworkRequest [ REQUEST id=27, [ Capabilities: INTERNET&NOT_RESTRICTED&TRUSTED&NOT_VCN_MANAGED Uid: 10358 RequestorUid: 1000 RequestorPkg: android UnderlyingNetworks: Null] ] target=com.android.internal.telephony.data.TelephonyNetworkFactory$InternalHandler }
08-09 17:06:27.008 D/DDS-TelephonyNetworkFactory[0]( 2286): onNeedNetworkFor: ddsProgressing : true, needSyncDisconnect : false
08-09 17:06:27.009 D/DDS-TelephonyNetworkFactory[0]( 2286): onNeedNetworkFor [NetworkRequest [ REQUEST id=27, [ Capabilities: INTERNET&NOT_RESTRICTED&TRUSTED&NOT_VCN_MANAGED Uid: 10358 RequestorUid: 1000 RequestorPkg: android UnderlyingNetworks: Null] ], mPriority=0, state=UNSATISFIED, mAttachedDataNetwork=null, isMetered=false, created time=17:06:27.008, evaluation result=null] shouldApply false
08-09 17:06:27.009 D/DDS-TelephonyNetworkFactory[0]( 2286): handleMessage msg={ when=-397ms what=3 obj=NetworkRequest [ REQUEST id=85, [ Capabilities: INTERNET&NOT_RESTRICTED&TRUSTED&NOT_VCN_MANAGED Uid: 1073 RequestorUid: 1073 RequestorPkg: com.google.android.networkstack UnderlyingNetworks: Null] ] target=com.android.internal.telephony.data.TelephonyNetworkFactory$InternalHandler }
08-09 17:06:27.009 D/DDS-TelephonyNetworkFactory[0]( 2286): onNeedNetworkFor: ddsProgressing : true, needSyncDisconnect : false
08-09 17:06:27.009 D/DDS-TelephonyNetworkFactory[0]( 2286): onNeedNetworkFor [NetworkRequest [ REQUEST id=85, [ Capabilities: INTERNET&NOT_RESTRICTED&TRUSTED&NOT_VCN_MANAGED Uid: 1073 RequestorUid: 1073 RequestorPkg: com.google.android.networkstack UnderlyingNetworks: Null] ], mPriority=0, state=UNSATISFIED, mAttachedDataNetwork=null, isMetered=false, created time=17:06:27.009, evaluation result=null] shouldApply false
08-09 17:06:27.009 D/DDS-TelephonyNetworkFactory[0]( 2286): handleMessage msg={ when=-397ms what=3 obj=NetworkRequest [ REQUEST id=56, [ Capabilities: INTERNET&NOT_RESTRICTED&TRUSTED&NOT_VCN_MANAGED Uid: 10132 RequestorUid: 1000 RequestorPkg: android UnderlyingNetworks: Null] ] target=com.android.internal.telephony.data.TelephonyNetworkFactory$InternalHandler }
08-09 17:06:27.009 D/DDS-TelephonyNetworkFactory[0]( 2286): onNeedNetworkFor: ddsProgressing : true, needSyncDisconnect : false
08-09 17:06:27.009 D/DDS-TelephonyNetworkFactory[0]( 2286): onNeedNetworkFor [NetworkRequest [ REQUEST id=56, [ Capabilities: INTERNET&NOT_RESTRICTED&TRUSTED&NOT_VCN_MANAGED Uid: 10132 RequestorUid: 1000 RequestorPkg: android UnderlyingNetworks: Null] ], mPriority=0, state=UNSATISFIED, mAttachedDataNetwork=null, isMetered=false, created time=17:06:27.009, evaluation result=null] shouldApply false
08-09 17:06:27.009 D/DDS-TelephonyNetworkFactory[0]( 2286): handleMessage msg={ when=-397ms what=3 obj=NetworkRequest [ REQUEST id=35, [ Capabilities: INTERNET&NOT_RESTRICTED&TRUSTED&NOT_VCN_MANAGED Uid: 10306 RequestorUid: 1000 RequestorPkg: android UnderlyingNetworks: Null] ] target=com.android.internal.telephony.data.TelephonyNetworkFactory$InternalHandler }
08-09 17:06:27.009 D/DDS-TelephonyNetworkFactory[0]( 2286): onNeedNetworkFor: ddsProgressing : true, needSyncDisconnect : false
08-09 17:06:27.010 D/DDS-TelephonyNetworkFactory[0]( 2286): onNeedNetworkFor [NetworkRequest [ REQUEST id=35, [ Capabilities: INTERNET&NOT_RESTRICTED&TRUSTED&NOT_VCN_MANAGED Uid: 10306 RequestorUid: 1000 RequestorPkg: android UnderlyingNetworks: Null] ], mPriority=0, state=UNSATISFIED, mAttachedDataNetwork=null, isMetered=false, created time=17:06:27.009, evaluation result=null] shouldApply false
08-09 17:06:27.010 D/DDS-TelephonyNetworkFactory[0]( 2286): handleMessage msg={ when=-398ms what=3 obj=NetworkRequest [ REQUEST id=70, [ Capabilities: INTERNET&NOT_RESTRICTED&TRUSTED&NOT_VCN_MANAGED Uid: 5026 RequestorUid: 1000 RequestorPkg: android UnderlyingNetworks: Null] ] target=com.android.internal.telephony.data.TelephonyNetworkFactory$InternalHandler }
08-09 17:06:27.011 D/DDS-TelephonyNetworkFactory[0]( 2286): onNeedNetworkFor: ddsProgressing : true, needSyncDisconnect : false
08-09 17:06:27.011 D/DDS-TelephonyNetworkFactory[0]( 2286): onNeedNetworkFor [NetworkRequest [ REQUEST id=70, [ Capabilities: INTERNET&NOT_RESTRICTED&TRUSTED&NOT_VCN_MANAGED Uid: 5026 RequestorUid: 1000 RequestorPkg: android UnderlyingNetworks: Null] ], mPriority=0, state=UNSATISFIED, mAttachedDataNetwork=null, isMetered=false, created time=17:06:27.010, evaluation result=null] shouldApply false
08-09 17:06:27.011 D/DDS-TelephonyNetworkFactory[0]( 2286): handleMessage msg={ when=-399ms what=3 obj=NetworkRequest [ REQUEST id=1, [ Capabilities: INTERNET&NOT_RESTRICTED&TRUSTED&NOT_VPN&NOT_VCN_MANAGED RequestorUid: 1000 RequestorPkg: android UnderlyingNetworks: Null] ] target=com.android.internal.telephony.data.TelephonyNetworkFactory$InternalHandler }
08-09 17:06:27.011 D/DDS-TelephonyNetworkFactory[0]( 2286): onNeedNetworkFor: ddsProgressing : true, needSyncDisconnect : false
08-09 17:06:27.012 D/DDS-TelephonyNetworkFactory[0]( 2286): onNeedNetworkFor [NetworkRequest [ REQUEST id=1, [ Capabilities: INTERNET&NOT_RESTRICTED&TRUSTED&NOT_VPN&NOT_VCN_MANAGED RequestorUid: 1000 RequestorPkg: android UnderlyingNetworks: Null] ], mPriority=0, state=UNSATISFIED, mAttachedDataNetwork=null, isMetered=false, created time=17:06:27.010, evaluation result=null] shouldApply false
08-09 17:06:27.012 D/DDS-TelephonyNetworkFactory[0]( 2286): handleMessage msg={ when=-400ms what=3 obj=NetworkRequest [ REQUEST id=33, [ Capabilities: INTERNET&NOT_RESTRICTED&TRUSTED&NOT_VCN_MANAGED Uid: 10308 RequestorUid: 1000 RequestorPkg: android UnderlyingNetworks: Null] ] target=com.android.internal.telephony.data.TelephonyNetworkFactory$InternalHandler }
08-09 17:06:27.012 D/DDS-TelephonyNetworkFactory[0]( 2286): onNeedNetworkFor: ddsProgressing : true, needSyncDisconnect : false
08-09 17:06:27.012 D/DDS-TelephonyNetworkFactory[0]( 2286): onNeedNetworkFor [NetworkRequest [ REQUEST id=33, [ Capabilities: INTERNET&NOT_RESTRICTED&TRUSTED&NOT_VCN_MANAGED Uid: 10308 RequestorUid: 1000 RequestorPkg: android UnderlyingNetworks: Null] ], mPriority=0, state=UNSATISFIED, mAttachedDataNetwork=null, isMetered=false, created time=17:06:27.012, evaluation result=null] shouldApply false
08-09 17:06:27.012 D/RILJ ( 2286): [0174]< SIM_IO IccIoResult xx xx [PHONE0]
08-09 17:06:27.012 D/DDS-TelephonyNetworkFactory[0]( 2286): handleMessage msg={ when=-400ms what=3 obj=NetworkRequest [ REQUEST id=66, [ Capabilities: INTERNET&NOT_RESTRICTED&TRUSTED&NOT_VCN_MANAGED Uid: 10062 RequestorUid: 1000 RequestorPkg: android UnderlyingNetworks: Null] ] target=com.android.internal.telephony.data.TelephonyNetworkFactory$InternalHandler }
08-09 17:06:27.012 D/DDS-TelephonyNetworkFactory[0]( 2286): onNeedNetworkFor: ddsProgressing : true, needSyncDisconnect : false
08-09 17:06:27.012 D/DDS-TelephonyNetworkFactory[0]( 2286): onNeedNetworkFor [NetworkRequest [ REQUEST id=66, [ Capabilities: INTERNET&NOT_RESTRICTED&TRUSTED&NOT_VCN_MANAGED Uid: 10062 RequestorUid: 1000 RequestorPkg: android UnderlyingNetworks: Null] ], mPriority=0, state=UNSATISFIED, mAttachedDataNetwork=null, isMetered=false, created time=17:06:27.012, evaluation result=null] shouldApply false
08-09 17:06:27.012 D/DDS-TelephonyNetworkFactory[0]( 2286): handleMessage msg={ when=-400ms what=3 obj=NetworkRequest [ REQUEST id=58, [ Capabilities: INTERNET&NOT_RESTRICTED&TRUSTED&NOT_VCN_MANAGED Uid: 10125 RequestorUid: 1000 RequestorPkg: android UnderlyingNetworks: Null] ] target=com.android.internal.telephony.data.TelephonyNetworkFactory$InternalHandler }
08-09 17:06:27.012 D/DDS-TelephonyNetworkFactory[0]( 2286): onNeedNetworkFor: ddsProgressing : true, needSyncDisconnect : false
08-09 17:06:27.013 D/DDS-TelephonyNetworkFactory[0]( 2286): onNeedNetworkFor [NetworkRequest [ REQUEST id=58, [ Capabilities: INTERNET&NOT_RESTRICTED&TRUSTED&NOT_VCN_MANAGED Uid: 10125 RequestorUid: 1000 RequestorPkg: android UnderlyingNetworks: Null] ], mPriority=0, state=UNSATISFIED, mAttachedDataNetwork=null, isMetered=false, created time=17:06:27.012, evaluation result=null] shouldApply false
08-09 17:06:27.013 D/DDS-TelephonyNetworkFactory[0]( 2286): handleMessage msg={ when=-401ms what=3 obj=NetworkRequest [ REQUEST id=74, [ Capabilities: INTERNET&NOT_RESTRICTED&TRUSTED&NOT_VCN_MANAGED Uid: 1000 RequestorUid: 1000 RequestorPkg: android UnderlyingNetworks: Null] ] target=com.android.internal.telephony.data.TelephonyNetworkFactory$InternalHandler }
08-09 17:06:27.013 D/DDS-TelephonyNetworkFactory[0]( 2286): onNeedNetworkFor: ddsProgressing : true, needSyncDisconnect : false
08-09 17:06:27.013 D/DDS-TelephonyNetworkFactory[0]( 2286): onNeedNetworkFor [NetworkRequest [ REQUEST id=74, [ Capabilities: INTERNET&NOT_RESTRICTED&TRUSTED&NOT_VCN_MANAGED Uid: 1000 RequestorUid: 1000 RequestorPkg: android UnderlyingNetworks: Null] ], mPriority=0, state=UNSATISFIED, mAttachedDataNetwork=null, isMetered=false, created time=17:06:27.013, evaluation result=null] shouldApply false
08-09 17:06:27.014 D/DDS-TelephonyNetworkFactory[0]( 2286): handleMessage msg={ when=-401ms what=3 obj=NetworkRequest [ REQUEST id=80, [ Capabilities: INTERNET&NOT_RESTRICTED&TRUSTED&NOT_VCN_MANAGED Uid: 1001 RequestorUid: 1001 RequestorPkg: com.android.phone UnderlyingNetworks: Null] ] target=com.android.internal.telephony.data.TelephonyNetworkFactory$InternalHandler }
08-09 17:06:27.014 D/DDS-TelephonyNetworkFactory[0]( 2286): onNeedNetworkFor: ddsProgressing : true, needSyncDisconnect : false
08-09 17:06:27.014 D/DDS-TelephonyNetworkFactory[0]( 2286): onNeedNetworkFor [NetworkRequest [ REQUEST id=80, [ Capabilities: INTERNET&NOT_RESTRICTED&TRUSTED&NOT_VCN_MANAGED Uid: 1001 RequestorUid: 1001 RequestorPkg: com.android.phone UnderlyingNetworks: Null] ], mPriority=0, state=UNSATISFIED, mAttachedDataNetwork=null, isMetered=false, created time=17:06:27.014, evaluation result=null] shouldApply false
08-09 17:06:27.014 D/DDS-TelephonyNetworkFactory[0]( 2286): handleMessage msg={ when=-402ms what=3 obj=NetworkRequest [ REQUEST id=54, [ Capabilities: INTERNET&NOT_RESTRICTED&TRUSTED&NOT_VCN_MANAGED Uid: 10133 RequestorUid: 1000 RequestorPkg: android UnderlyingNetworks: Null] ] target=com.android.internal.telephony.data.TelephonyNetworkFactory$InternalHandler }
08-09 17:06:27.015 D/DDS-TelephonyNetworkFactory[0]( 2286): onNeedNetworkFor: ddsProgressing : true, needSyncDisconnect : false
08-09 17:06:27.015 D/DDS-TelephonyNetworkFactory[0]( 2286): onNeedNetworkFor [NetworkRequest [ REQUEST id=54, [ Capabilities: INTERNET&NOT_RESTRICTED&TRUSTED&NOT_VCN_MANAGED Uid: 10133 RequestorUid: 1000 RequestorPkg: android UnderlyingNetworks: Null] ], mPriority=0, state=UNSATISFIED, mAttachedDataNetwork=null, isMetered=false, created time=17:06:27.014, evaluation result=null] shouldApply false
08-09 17:06:27.015 D/DDS-TelephonyNetworkFactory[0]( 2286): handleMessage msg={ when=-403ms what=3 obj=NetworkRequest [ REQUEST id=29, [ Capabilities: INTERNET&NOT_RESTRICTED&TRUSTED&NOT_VCN_MANAGED Uid: 10345 RequestorUid: 1000 RequestorPkg: android UnderlyingNetworks: Null] ] target=com.android.internal.telephony.data.TelephonyNetworkFactory$InternalHandler }
08-09 17:06:27.015 D/DDS-TelephonyNetworkFactory[0]( 2286): onNeedNetworkFor: ddsProgressing : true, needSyncDisconnect : false
08-09 17:06:27.015 D/DDS-TelephonyNetworkFactory[0]( 2286): onNeedNetworkFor [NetworkRequest [ REQUEST id=29, [ Capabilities: INTERNET&NOT_RESTRICTED&TRUSTED&NOT_VCN_MANAGED Uid: 10345 RequestorUid: 1000 RequestorPkg: android UnderlyingNetworks: Null] ], mPriority=0, state=UNSATISFIED, mAttachedDataNetwork=null, isMetered=false, created time=17:06:27.015, evaluation result=null] shouldApply false
08-09 17:06:27.015 D/DDS-TelephonyNetworkFactory[0]( 2286): handleMessage msg={ when=-402ms what=3 obj=NetworkRequest [ REQUEST id=15, [ Capabilities: INTERNET&NOT_RESTRICTED&TRUSTED&NOT_VCN_MANAGED Uid: 1000 RequestorUid: 1000 RequestorPkg: android UnderlyingNetworks: Null] ] target=com.android.internal.telephony.data.TelephonyNetworkFactory$InternalHandler }
08-09 17:06:27.015 D/DDS-TelephonyNetworkFactory[0]( 2286): onNeedNetworkFor: ddsProgressing : true, needSyncDisconnect : false
08-09 17:06:27.015 D/DDS-TelephonyNetworkFactory[0]( 2286): onNeedNetworkFor [NetworkRequest [ REQUEST id=15, [ Capabilities: INTERNET&NOT_RESTRICTED&TRUSTED&NOT_VCN_MANAGED Uid: 1000 RequestorUid: 1000 RequestorPkg: android UnderlyingNetworks: Null] ], mPriority=0, state=UNSATISFIED, mAttachedDataNetwork=null, isMetered=false, created time=17:06:27.015, evaluation result=null] shouldApply false
08-09 17:06:27.015 D/DDS-TelephonyNetworkFactory[0]( 2286): handleMessage msg={ when=-402ms what=3 obj=NetworkRequest [ REQUEST id=82, [ Capabilities: INTERNET&NOT_RESTRICTED&TRUSTED&NOT_VCN_MANAGED Uid: 1000 RequestorUid: 1000 RequestorPkg: android UnderlyingNetworks: Null] ] target=com.android.internal.telephony.data.TelephonyNetworkFactory$InternalHandler }
08-09 17:06:27.015 D/DDS-TelephonyNetworkFactory[0]( 2286): onNeedNetworkFor: ddsProgressing : true, needSyncDisconnect : false
08-09 17:06:27.016 D/DDS-TelephonyNetworkFactory[0]( 2286): onNeedNetworkFor [NetworkRequest [ REQUEST id=82, [ Capabilities: INTERNET&NOT_RESTRICTED&TRUSTED&NOT_VCN_MANAGED Uid: 1000 RequestorUid: 1000 RequestorPkg: android UnderlyingNetworks: Null] ], mPriority=0, state=UNSATISFIED, mAttachedDataNetwork=null, isMetered=false, created time=17:06:27.016, evaluation result=null] shouldApply false
08-09 17:06:27.016 D/DDS-TelephonyNetworkFactory[0]( 2286): handleMessage msg={ when=-403ms what=3 obj=NetworkRequest [ REQUEST id=51, [ Capabilities: INTERNET&NOT_RESTRICTED&TRUSTED&NOT_VCN_MANAGED Uid: 10160 RequestorUid: 1000 RequestorPkg: android UnderlyingNetworks: Null] ] target=com.android.internal.telephony.data.TelephonyNetworkFactory$InternalHandler }
08-09 17:06:27.016 D/DDS-TelephonyNetworkFactory[0]( 2286): onNeedNetworkFor: ddsProgressing : true, needSyncDisconnect : false
08-09 17:06:27.017 D/DDS-TelephonyNetworkFactory[0]( 2286): onNeedNetworkFor [NetworkRequest [ REQUEST id=51, [ Capabilities: INTERNET&NOT_RESTRICTED&TRUSTED&NOT_VCN_MANAGED Uid: 10160 RequestorUid: 1000 RequestorPkg: android UnderlyingNetworks: Null] ], mPriority=0, state=UNSATISFIED, mAttachedDataNetwork=null, isMetered=false, created time=17:06:27.016, evaluation result=null] shouldApply false
08-09 17:06:27.017 D/DDS-TelephonyNetworkFactory[0]( 2286): handleMessage msg={ when=-404ms what=3 obj=NetworkRequest [ REQUEST id=47, [ Capabilities: INTERNET&NOT_RESTRICTED&TRUSTED&NOT_VCN_MANAGED Uid: 10225 RequestorUid: 1000 RequestorPkg: android UnderlyingNetworks: Null] ] target=com.android.internal.telephony.data.TelephonyNetworkFactory$InternalHandler }
08-09 17:06:27.017 D/DDS-TelephonyNetworkFactory[0]( 2286): onNeedNetworkFor: ddsProgressing : true, needSyncDisconnect : false
08-09 17:06:27.017 D/DDS-TelephonyNetworkFactory[0]( 2286): onNeedNetworkFor [NetworkRequest [ REQUEST id=47, [ Capabilities: INTERNET&NOT_RESTRICTED&TRUSTED&NOT_VCN_MANAGED Uid: 10225 RequestorUid: 1000 RequestorPkg: android UnderlyingNetworks: Null] ], mPriority=0, state=UNSATISFIED, mAttachedDataNetwork=null, isMetered=false, created time=17:06:27.017, evaluation result=null] shouldApply false
08-09 17:06:27.017 D/DDS-TelephonyNetworkFactory[0]( 2286): handleMessage msg={ when=-404ms what=3 obj=NetworkRequest [ REQUEST id=45, [ Capabilities: INTERNET&NOT_RESTRICTED&TRUSTED&NOT_VCN_MANAGED Uid: 10227 RequestorUid: 1000 RequestorPkg: android UnderlyingNetworks: Null] ] target=com.android.internal.telephony.data.TelephonyNetworkFactory$InternalHandler }
08-09 17:06:27.017 D/DDS-TelephonyNetworkFactory[0]( 2286): onNeedNetworkFor: ddsProgressing : true, needSyncDisconnect : false
08-09 17:06:27.017 D/DDS-TelephonyNetworkFactory[0]( 2286): onNeedNetworkFor [NetworkRequest [ REQUEST id=45, [ Capabilities: INTERNET&NOT_RESTRICTED&TRUSTED&NOT_VCN_MANAGED Uid: 10227 RequestorUid: 1000 RequestorPkg: android UnderlyingNetworks: Null] ], mPriority=0, state=UNSATISFIED, mAttachedDataNetwork=null, isMetered=false, created time=17:06:27.017, evaluation result=null] shouldApply false
08-09 17:06:27.017 D/DDS-TelephonyNetworkFactory[0]( 2286): handleMessage msg={ when=-404ms what=3 obj=NetworkRequest [ REQUEST id=31, [ Capabilities: INTERNET&NOT_RESTRICTED&TRUSTED&NOT_VCN_MANAGED Uid: 10311 RequestorUid: 1000 RequestorPkg: android UnderlyingNetworks: Null] ] target=com.android.internal.telephony.data.TelephonyNetworkFactory$InternalHandler }
08-09 17:06:27.017 D/DDS-TelephonyNetworkFactory[0]( 2286): onNeedNetworkFor: ddsProgressing : true, needSyncDisconnect : false
08-09 17:06:27.017 D/DDS-TelephonyNetworkFactory[0]( 2286): onNeedNetworkFor [NetworkRequest [ REQUEST id=31, [ Capabilities: INTERNET&NOT_RESTRICTED&TRUSTED&NOT_VCN_MANAGED Uid: 10311 RequestorUid: 1000 RequestorPkg: android UnderlyingNetworks: Null] ], mPriority=0, state=UNSATISFIED, mAttachedDataNetwork=null, isMetered=false, created time=17:06:27.017, evaluation result=null] shouldApply false
08-09 17:06:27.017 D/DDS-TelephonyNetworkFactory[0]( 2286): handleMessage msg={ when=-405ms what=3 obj=NetworkRequest [ REQUEST id=78, [ Capabilities: INTERNET&NOT_RESTRICTED&TRUSTED&NOT_VCN_MANAGED Uid: 1000 RequestorUid: 1000 RequestorPkg: android UnderlyingNetworks: Null] ] target=com.android.internal.telephony.data.TelephonyNetworkFactory$InternalHandler }
08-09 17:06:27.018 D/DDS-TelephonyNetworkFactory[0]( 2286): onNeedNetworkFor: ddsProgressing : true, needSyncDisconnect : false
08-09 17:06:27.018 D/DDS-TelephonyNetworkFactory[0]( 2286): onNeedNetworkFor [NetworkRequest [ REQUEST id=78, [ Capabilities: INTERNET&NOT_RESTRICTED&TRUSTED&NOT_VCN_MANAGED Uid: 1000 RequestorUid: 1000 RequestorPkg: android UnderlyingNetworks: Null] ], mPriority=0, state=UNSATISFIED, mAttachedDataNetwork=null, isMetered=false, created time=17:06:27.018, evaluation result=null] shouldApply false
08-09 17:06:27.018 D/DDS-TelephonyNetworkFactory[0]( 2286): handleMessage msg={ when=-405ms what=3 obj=NetworkRequest [ REQUEST id=95, [ Capabilities: INTERNET&NOT_RESTRICTED&TRUSTED&NOT_VCN_MANAGED Uid: 10039 RequestorUid: 10039 RequestorPkg: com.android.systemui UnderlyingNetworks: Null] ] target=com.android.internal.telephony.data.TelephonyNetworkFactory$InternalHandler }
08-09 17:06:27.018 D/DDS-TelephonyNetworkFactory[0]( 2286): onNeedNetworkFor: ddsProgressing : true, needSyncDisconnect : false
08-09 17:06:27.018 D/DDS-TelephonyNetworkFactory[0]( 2286): onNeedNetworkFor [NetworkRequest [ REQUEST id=95, [ Capabilities: INTERNET&NOT_RESTRICTED&TRUSTED&NOT_VCN_MANAGED Uid: 10039 RequestorUid: 10039 RequestorPkg: com.android.systemui UnderlyingNetworks: Null] ], mPriority=0, state=UNSATISFIED, mAttachedDataNetwork=null, isMetered=false, created time=17:06:27.018, evaluation result=null] shouldApply false
08-09 17:06:27.018 D/DDS-TelephonyNetworkFactory[0]( 2286): handleMessage msg={ when=-405ms what=3 obj=NetworkRequest [ REQUEST id=60, [ Capabilities: INTERNET&NOT_RESTRICTED&TRUSTED&NOT_VCN_MANAGED Uid: 10098 RequestorUid: 1000 RequestorPkg: android UnderlyingNetworks: Null] ] target=com.android.internal.telephony.data.TelephonyNetworkFactory$InternalHandler }
08-09 17:06:27.018 D/DDS-TelephonyNetworkFactory[0]( 2286): onNeedNetworkFor: ddsProgressing : true, needSyncDisconnect : false
08-09 17:06:27.018 D/DDS-TelephonyNetworkFactory[0]( 2286): onNeedNetworkFor [NetworkRequest [ REQUEST id=60, [ Capabilities: INTERNET&NOT_RESTRICTED&TRUSTED&NOT_VCN_MANAGED Uid: 10098 RequestorUid: 1000 RequestorPkg: android UnderlyingNetworks: Null] ], mPriority=0, state=UNSATISFIED, mAttachedDataNetwork=null, isMetered=false, created time=17:06:27.018, evaluation result=null] shouldApply false
08-09 17:06:27.019 D/DDS-TelephonyNetworkFactory[0]( 2286): handleMessage msg={ when=-406ms what=3 obj=NetworkRequest [ REQUEST id=62, [ Capabilities: INTERNET&NOT_RESTRICTED&TRUSTED&NOT_VCN_MANAGED Uid: 10096 RequestorUid: 1000 RequestorPkg: android UnderlyingNetworks: Null] ] target=com.android.internal.telephony.data.TelephonyNetworkFactory$InternalHandler }
08-09 17:06:27.019 D/DDS-TelephonyNetworkFactory[0]( 2286): onNeedNetworkFor: ddsProgressing : true, needSyncDisconnect : false
08-09 17:06:27.020 D/DDS-TelephonyNetworkFactory[0]( 2286): onNeedNetworkFor [NetworkRequest [ REQUEST id=62, [ Capabilities: INTERNET&NOT_RESTRICTED&TRUSTED&NOT_VCN_MANAGED Uid: 10096 RequestorUid: 1000 RequestorPkg: android UnderlyingNetworks: Null] ], mPriority=0, state=UNSATISFIED, mAttachedDataNetwork=null, isMetered=false, created time=17:06:27.019, evaluation result=null] shouldApply false
08-09 17:06:27.020 D/DDS-TelephonyNetworkFactory[0]( 2286): handleMessage msg={ when=-407ms what=3 obj=NetworkRequest [ REQUEST id=39, [ Capabilities: INTERNET&NOT_RESTRICTED&TRUSTED&NOT_VCN_MANAGED Uid: 10242 RequestorUid: 1000 RequestorPkg: android UnderlyingNetworks: Null] ] target=com.android.internal.telephony.data.TelephonyNetworkFactory$InternalHandler }
08-09 17:06:27.020 D/DDS-TelephonyNetworkFactory[0]( 2286): onNeedNetworkFor: ddsProgressing : true, needSyncDisconnect : false
08-09 17:06:27.021 D/DDS-TelephonyNetworkFactory[0]( 2286): onNeedNetworkFor [NetworkRequest [ REQUEST id=39, [ Capabilities: INTERNET&NOT_RESTRICTED&TRUSTED&NOT_VCN_MANAGED Uid: 10242 RequestorUid: 1000 RequestorPkg: android UnderlyingNetworks: Null] ], mPriority=0, state=UNSATISFIED, mAttachedDataNetwork=null, isMetered=false, created time=17:06:27.020, evaluation result=null] shouldApply false
08-09 17:06:27.021 D/DDS-TelephonyNetworkFactory[0]( 2286): handleMessage msg={ when=-408ms what=3 obj=NetworkRequest [ REQUEST id=64, [ Capabilities: INTERNET&NOT_RESTRICTED&TRUSTED&NOT_VCN_MANAGED Uid: 10070 RequestorUid: 1000 RequestorPkg: android UnderlyingNetworks: Null] ] target=com.android.internal.telephony.data.TelephonyNetworkFactory$InternalHandler }
08-09 17:06:27.021 D/DDS-TelephonyNetworkFactory[0]( 2286): onNeedNetworkFor: ddsProgressing : true, needSyncDisconnect : false
08-09 17:06:27.022 D/DDS-TelephonyNetworkFactory[0]( 2286): onNeedNetworkFor [NetworkRequest [ REQUEST id=64, [ Capabilities: INTERNET&NOT_RESTRICTED&TRUSTED&NOT_VCN_MANAGED Uid: 10070 RequestorUid: 1000 RequestorPkg: android UnderlyingNetworks: Null] ], mPriority=0, state=UNSATISFIED, mAttachedDataNetwork=null, isMetered=false, created time=17:06:27.020, evaluation result=null] shouldApply false
08-09 17:06:27.022 D/DDS-TelephonyNetworkFactory[0]( 2286): handleMessage msg={ when=-409ms what=3 obj=NetworkRequest [ REQUEST id=100, [ Capabilities: INTERNET&NOT_RESTRICTED&TRUSTED&NOT_VCN_MANAGED Uid: 1000 RequestorUid: 1000 RequestorPkg: com.sec.imsservice UnderlyingNetworks: Null] ] target=com.android.internal.telephony.data.TelephonyNetworkFactory$InternalHandler }
08-09 17:06:27.022 D/DDS-TelephonyNetworkFactory[0]( 2286): onNeedNetworkFor: ddsProgressing : true, needSyncDisconnect : false
08-09 17:06:27.022 D/DDS-TelephonyNetworkFactory[0]( 2286): onNeedNetworkFor [NetworkRequest [ REQUEST id=100, [ Capabilities: INTERNET&NOT_RESTRICTED&TRUSTED&NOT_VCN_MANAGED Uid: 1000 RequestorUid: 1000 RequestorPkg: com.sec.imsservice UnderlyingNetworks: Null] ], mPriority=0, state=UNSATISFIED, mAttachedDataNetwork=null, isMetered=false, created time=17:06:27.022, evaluation result=null] shouldApply false
08-09 17:06:27.022 D/DDS-TelephonyNetworkFactory[0]( 2286): handleMessage msg={ when=-409ms what=3 obj=NetworkRequest [ REQUEST id=12, [ Capabilities: INTERNET&NOT_RESTRICTED&TRUSTED&NOT_VCN_MANAGED Uid: 1000 RequestorUid: 1000 RequestorPkg: android UnderlyingNetworks: Null] ] target=com.android.internal.telephony.data.TelephonyNetworkFactory$InternalHandler }
08-09 17:06:27.022 D/DDS-TelephonyNetworkFactory[0]( 2286): onNeedNetworkFor: ddsProgressing : true, needSyncDisconnect : false
08-09 17:06:27.022 D/DDS-TelephonyNetworkFactory[0]( 2286): onNeedNetworkFor [NetworkRequest [ REQUEST id=12, [ Capabilities: INTERNET&NOT_RESTRICTED&TRUSTED&NOT_VCN_MANAGED Uid: 1000 RequestorUid: 1000 RequestorPkg: android UnderlyingNetworks: Null] ], mPriority=0, state=UNSATISFIED, mAttachedDataNetwork=null, isMetered=false, created time=17:06:27.022, evaluation result=null] shouldApply false
08-09 17:06:27.023 D/DDS-TelephonyNetworkFactory[0]( 2286): handleMessage msg={ when=-410ms what=3 obj=NetworkRequest [ REQUEST id=72, [ Capabilities: INTERNET&NOT_RESTRICTED&TRUSTED&NOT_VCN_MANAGED Uid: 10368 RequestorUid: 1000 RequestorPkg: android UnderlyingNetworks: Null] ] target=com.android.internal.telephony.data.TelephonyNetworkFactory$InternalHandler }
08-09 17:06:27.023 D/DDS-TelephonyNetworkFactory[0]( 2286): onNeedNetworkFor: ddsProgressing : true, needSyncDisconnect : false
08-09 17:06:27.023 D/DDS-TelephonyNetworkFactory[0]( 2286): onNeedNetworkFor [NetworkRequest [ REQUEST id=72, [ Capabilities: INTERNET&NOT_RESTRICTED&TRUSTED&NOT_VCN_MANAGED Uid: 10368 RequestorUid: 1000 RequestorPkg: android UnderlyingNetworks: Null] ], mPriority=0, state=UNSATISFIED, mAttachedDataNetwork=null, isMetered=false, created time=17:06:27.023, evaluation result=null] shouldApply false
08-09 17:06:27.023 D/DDS-TelephonyNetworkFactory[0]( 2286): handleMessage msg={ when=-410ms what=3 obj=NetworkRequest [ REQUEST id=105, [ Capabilities: INTERNET&NOT_RESTRICTED&TRUSTED&NOT_VCN_MANAGED Uid: 1001 RequestorUid: 1001 RequestorPkg: com.android.phone UnderlyingNetworks: Null] ] target=com.android.internal.telephony.data.TelephonyNetworkFactory$InternalHandler }
08-09 17:06:27.023 D/DDS-TelephonyNetworkFactory[0]( 2286): onNeedNetworkFor: ddsProgressing : true, needSyncDisconnect : false
08-09 17:06:27.023 D/DDS-TelephonyNetworkFactory[0]( 2286): onNeedNetworkFor [NetworkRequest [ REQUEST id=105, [ Capabilities: INTERNET&NOT_RESTRICTED&TRUSTED&NOT_VCN_MANAGED Uid: 1001 RequestorUid: 1001 RequestorPkg: com.android.phone UnderlyingNetworks: Null] ], mPriority=0, state=UNSATISFIED, mAttachedDataNetwork=null, isMetered=false, created time=17:06:27.023, evaluation result=null] shouldApply false
08-09 17:06:27.023 D/DDS-TelephonyNetworkFactory[0]( 2286): handleMessage msg={ when=-410ms what=3 obj=NetworkRequest [ REQUEST id=9, [ Capabilities: INTERNET&NOT_RESTRICTED&TRUSTED&NOT_VCN_MANAGED Uid: 1000 RequestorUid: 1000 RequestorPkg: android UnderlyingNetworks: Null] ] target=com.android.internal.telephony.data.TelephonyNetworkFactory$InternalHandler }
08-09 17:06:27.023 D/DDS-TelephonyNetworkFactory[0]( 2286): onNeedNetworkFor: ddsProgressing : true, needSyncDisconnect : false
08-09 17:06:27.023 D/DDS-TelephonyNetworkFactory[0]( 2286): onNeedNetworkFor [NetworkRequest [ REQUEST id=9, [ Capabilities: INTERNET&NOT_RESTRICTED&TRUSTED&NOT_VCN_MANAGED Uid: 1000 RequestorUid: 1000 RequestorPkg: android UnderlyingNetworks: Null] ], mPriority=0, state=UNSATISFIED, mAttachedDataNetwork=null, isMetered=false, created time=17:06:27.023, evaluation result=null] shouldApply false
08-09 17:06:27.024 D/DDS-TelephonyNetworkFactory[0]( 2286): handleMessage msg={ when=-411ms what=3 obj=NetworkRequest [ REQUEST id=37, [ Capabilities: INTERNET&NOT_RESTRICTED&TRUSTED&NOT_VCN_MANAGED Uid: 10245 RequestorUid: 1000 RequestorPkg: android UnderlyingNetworks: Null] ] target=com.android.internal.telephony.data.TelephonyNetworkFactory$InternalHandler }
08-09 17:06:27.024 D/DDS-TelephonyNetworkFactory[0]( 2286): onNeedNetworkFor: ddsProgressing : true, needSyncDisconnect : false
08-09 17:06:27.024 D/DDS-TelephonyNetworkFactory[0]( 2286): onNeedNetworkFor [NetworkRequest [ REQUEST id=37, [ Capabilities: INTERNET&NOT_RESTRICTED&TRUSTED&NOT_VCN_MANAGED Uid: 10245 RequestorUid: 1000 RequestorPkg: android UnderlyingNetworks: Null] ], mPriority=0, state=UNSATISFIED, mAttachedDataNetwork=null, isMetered=false, created time=17:06:27.024, evaluation result=null] shouldApply false
08-09 17:06:27.024 D/DDS-TelephonyNetworkFactory[0]( 2286): handleMessage msg={ when=-411ms what=3 obj=NetworkRequest [ REQUEST id=41, [ Capabilities: INTERNET&NOT_RESTRICTED&TRUSTED&NOT_VCN_MANAGED Uid: 10241 RequestorUid: 1000 RequestorPkg: android UnderlyingNetworks: Null] ] target=com.android.internal.telephony.data.TelephonyNetworkFactory$InternalHandler }
08-09 17:06:27.024 D/DDS-TelephonyNetworkFactory[0]( 2286): onNeedNetworkFor: ddsProgressing : true, needSyncDisconnect : false
08-09 17:06:27.024 D/DDS-TelephonyNetworkFactory[0]( 2286): onNeedNetworkFor [NetworkRequest [ REQUEST id=41, [ Capabilities: INTERNET&NOT_RESTRICTED&TRUSTED&NOT_VCN_MANAGED Uid: 10241 RequestorUid: 1000 RequestorPkg: android UnderlyingNetworks: Null] ], mPriority=0, state=UNSATISFIED, mAttachedDataNetwork=null, isMetered=false, created time=17:06:27.024, evaluation result=null] shouldApply false
08-09 17:06:27.024 D/DDS-TelephonyNetworkFactory[0]( 2286): handleMessage msg={ when=-411ms what=3 obj=NetworkRequest [ REQUEST id=49, [ Capabilities: INTERNET&NOT_RESTRICTED&TRUSTED&NOT_VCN_MANAGED Uid: 10172 RequestorUid: 1000 RequestorPkg: android UnderlyingNetworks: Null] ] target=com.android.internal.telephony.data.TelephonyNetworkFactory$InternalHandler }
08-09 17:06:27.024 D/DDS-TelephonyNetworkFactory[0]( 2286): onNeedNetworkFor: ddsProgressing : true, needSyncDisconnect : false
08-09 17:06:27.024 D/DDS-TelephonyNetworkFactory[0]( 2286): onNeedNetworkFor [NetworkRequest [ REQUEST id=49, [ Capabilities: INTERNET&NOT_RESTRICTED&TRUSTED&NOT_VCN_MANAGED Uid: 10172 RequestorUid: 1000 RequestorPkg: android UnderlyingNetworks: Null] ], mPriority=0, state=UNSATISFIED, mAttachedDataNetwork=null, isMetered=false, created time=17:06:27.024, evaluation result=null] shouldApply false
08-09 17:06:27.024 D/DDS-TelephonyNetworkFactory[0]( 2286): handleMessage msg={ when=-410ms what=3 obj=NetworkRequest [ REQUEST id=68, [ Capabilities: INTERNET&NOT_RESTRICTED&TRUSTED&NOT_VCN_MANAGED Uid: 10059 RequestorUid: 1000 RequestorPkg: android UnderlyingNetworks: Null] ] target=com.android.internal.telephony.data.TelephonyNetworkFactory$InternalHandler }
08-09 17:06:27.024 D/DDS-TelephonyNetworkFactory[0]( 2286): onNeedNetworkFor: ddsProgressing : true, needSyncDisconnect : false
08-09 17:06:27.025 D/DDS-TelephonyNetworkFactory[0]( 2286): onNeedNetworkFor [NetworkRequest [ REQUEST id=68, [ Capabilities: INTERNET&NOT_RESTRICTED&TRUSTED&NOT_VCN_MANAGED Uid: 10059 RequestorUid: 1000 RequestorPkg: android UnderlyingNetworks: Null] ], mPriority=0, state=UNSATISFIED, mAttachedDataNetwork=null, isMetered=false, created time=17:06:27.024, evaluation result=null] shouldApply false
08-09 17:06:27.025 D/DDS-TelephonyNetworkFactory[0]( 2286): handleMessage msg={ when=-411ms what=3 obj=NetworkRequest [ REQUEST id=43, [ Capabilities: INTERNET&NOT_RESTRICTED&TRUSTED&NOT_VCN_MANAGED Uid: 10231 RequestorUid: 1000 RequestorPkg: android UnderlyingNetworks: Null] ] target=com.android.internal.telephony.data.TelephonyNetworkFactory$InternalHandler }
08-09 17:06:27.025 D/DDS-TelephonyNetworkFactory[0]( 2286): onNeedNetworkFor: ddsProgressing : true, needSyncDisconnect : false
08-09 17:06:27.025 D/DDS-TelephonyNetworkFactory[0]( 2286): onNeedNetworkFor [NetworkRequest [ REQUEST id=43, [ Capabilities: INTERNET&NOT_RESTRICTED&TRUSTED&NOT_VCN_MANAGED Uid: 10231 RequestorUid: 1000 RequestorPkg: android UnderlyingNetworks: Null] ], mPriority=0, state=UNSATISFIED, mAttachedDataNetwork=null, isMetered=false, created time=17:06:27.025, evaluation result=null] shouldApply false
08-09 17:06:27.025 D/DDS-TelephonyNetworkFactory[1]( 2286): handleMessage msg={ when=-411ms what=3 obj=NetworkRequest [ REQUEST id=93, [ Capabilities: INTERNET&NOT_RESTRICTED&TRUSTED&NOT_VCN_MANAGED Uid: 10039 RequestorUid: 10039 RequestorPkg: com.android.systemui UnderlyingNetworks: Null] ] target=com.android.internal.telephony.data.TelephonyNetworkFactory$InternalHandler }
08-09 17:06:27.025 D/DDS-TelephonyNetworkFactory[1]( 2286): onNeedNetworkFor: preferredDataPhoneId isn't update. apnId : 17, wait onActivePhoneSwitch, needDdsChange : false
08-09 17:06:27.025 D/DDS-TelephonyNetworkFactory[1]( 2286): onNeedNetworkFor [NetworkRequest [ REQUEST id=93, [ Capabilities: INTERNET&NOT_RESTRICTED&TRUSTED&NOT_VCN_MANAGED Uid: 10039 RequestorUid: 10039 RequestorPkg: com.android.systemui UnderlyingNetworks: Null] ], mPriority=0, state=UNSATISFIED, mAttachedDataNetwork=null, isMetered=false, created time=17:06:27.025, evaluation result=null] shouldApply false
08-09 17:06:27.025 D/DDS-TelephonyNetworkFactory[1]( 2286): handleMessage msg={ when=-411ms what=3 obj=NetworkRequest [ REQUEST id=27, [ Capabilities: INTERNET&NOT_RESTRICTED&TRUSTED&NOT_VCN_MANAGED Uid: 10358 RequestorUid: 1000 RequestorPkg: android UnderlyingNetworks: Null] ] target=com.android.internal.telephony.data.TelephonyNetworkFactory$InternalHandler }
08-09 17:06:27.025 D/DDS-TelephonyNetworkFactory[1]( 2286): onNeedNetworkFor: preferredDataPhoneId isn't update. apnId : 17, wait onActivePhoneSwitch, needDdsChange : false
08-09 17:06:27.025 D/DDS-TelephonyNetworkFactory[1]( 2286): onNeedNetworkFor [NetworkRequest [ REQUEST id=27, [ Capabilities: INTERNET&NOT_RESTRICTED&TRUSTED&NOT_VCN_MANAGED Uid: 10358 RequestorUid: 1000 RequestorPkg: android UnderlyingNetworks: Null] ], mPriority=0, state=UNSATISFIED, mAttachedDataNetwork=null, isMetered=false, created time=17:06:27.025, evaluation result=null] shouldApply false
08-09 17:06:27.025 D/DDS-TelephonyNetworkFactory[0]( 2286): handleMessage msg={ when=-411ms what=3 obj=NetworkRequest [ REQUEST id=103, [ Capabilities: INTERNET&NOT_RESTRICTED&TRUSTED&NOT_VCN_MANAGED Uid: 1000 RequestorUid: 1000 RequestorPkg: com.sec.imsservice UnderlyingNetworks: Null] ] target=com.android.internal.telephony.data.TelephonyNetworkFactory$InternalHandler }
08-09 17:06:27.026 D/DDS-TelephonyNetworkFactory[0]( 2286): onNeedNetworkFor: ddsProgressing : true, needSyncDisconnect : false
08-09 17:06:27.026 D/DDS-TelephonyNetworkFactory[0]( 2286): onNeedNetworkFor [NetworkRequest [ REQUEST id=103, [ Capabilities: INTERNET&NOT_RESTRICTED&TRUSTED&NOT_VCN_MANAGED Uid: 1000 RequestorUid: 1000 RequestorPkg: com.sec.imsservice UnderlyingNetworks: Null] ], mPriority=0, state=UNSATISFIED, mAttachedDataNetwork=null, isMetered=false, created time=17:06:27.026, evaluation result=null] shouldApply false
08-09 17:06:27.026 D/DDS-TelephonyNetworkFactory[1]( 2286): handleMessage msg={ when=-412ms what=3 obj=NetworkRequest [ REQUEST id=85, [ Capabilities: INTERNET&NOT_RESTRICTED&TRUSTED&NOT_VCN_MANAGED Uid: 1073 RequestorUid: 1073 RequestorPkg: com.google.android.networkstack UnderlyingNetworks: Null] ] target=com.android.internal.telephony.data.TelephonyNetworkFactory$InternalHandler }
08-09 17:06:27.026 D/DDS-TelephonyNetworkFactory[1]( 2286): onNeedNetworkFor: preferredDataPhoneId isn't update. apnId : 17, wait onActivePhoneSwitch, needDdsChange : false
08-09 17:06:27.026 D/DDS-TelephonyNetworkFactory[1]( 2286): onNeedNetworkFor [NetworkRequest [ REQUEST id=85, [ Capabilities: INTERNET&NOT_RESTRICTED&TRUSTED&NOT_VCN_MANAGED Uid: 1073 RequestorUid: 1073 RequestorPkg: com.google.android.networkstack UnderlyingNetworks: Null] ], mPriority=0, state=UNSATISFIED, mAttachedDataNetwork=null, isMetered=false, created time=17:06:27.026, evaluation result=null] shouldApply false
08-09 17:06:27.026 D/DDS-TelephonyNetworkFactory[0]( 2286): handleMessage msg={ when=-412ms what=3 obj=NetworkRequest [ REQUEST id=89, [ Capabilities: INTERNET&NOT_RESTRICTED&TRUSTED&NOT_VCN_MANAGED Uid: 1001 RequestorUid: 1001 RequestorPkg: com.android.phone UnderlyingNetworks: Null] ] target=com.android.internal.telephony.data.TelephonyNetworkFactory$InternalHandler }
08-09 17:06:27.026 D/DDS-TelephonyNetworkFactory[0]( 2286): onNeedNetworkFor: ddsProgressing : true, needSyncDisconnect : false
08-09 17:06:27.026 D/DDS-TelephonyNetworkFactory[0]( 2286): onNeedNetworkFor [NetworkRequest [ REQUEST id=89, [ Capabilities: INTERNET&NOT_RESTRICTED&TRUSTED&NOT_VCN_MANAGED Uid: 1001 RequestorUid: 1001 RequestorPkg: com.android.phone UnderlyingNetworks: Null] ], mPriority=0, state=UNSATISFIED, mAttachedDataNetwork=null, isMetered=false, created time=17:06:27.026, evaluation result=null] shouldApply false
08-09 17:06:27.026 D/DDS-TelephonyNetworkFactory[0]( 2286): handleMessage msg={ when=-413ms what=3 obj=NetworkRequest [ REQUEST id=76, [ Capabilities: INTERNET&NOT_RESTRICTED&TRUSTED&NOT_VCN_MANAGED Uid: 10364 RequestorUid: 1000 RequestorPkg: android UnderlyingNetworks: Null] ] target=com.android.internal.telephony.data.TelephonyNetworkFactory$InternalHandler }
08-09 17:06:27.027 D/DDS-TelephonyNetworkFactory[0]( 2286): onNeedNetworkFor: ddsProgressing : true, needSyncDisconnect : false
08-09 17:06:27.027 D/DDS-TelephonyNetworkFactory[0]( 2286): onNeedNetworkFor [NetworkRequest [ REQUEST id=76, [ Capabilities: INTERNET&NOT_RESTRICTED&TRUSTED&NOT_VCN_MANAGED Uid: 10364 RequestorUid: 1000 RequestorPkg: android UnderlyingNetworks: Null] ], mPriority=0, state=UNSATISFIED, mAttachedDataNetwork=null, isMetered=false, created time=17:06:27.027, evaluation result=null] shouldApply false
08-09 17:06:27.027 D/DDS-TelephonyNetworkFactory[1]( 2286): handleMessage msg={ when=-413ms what=3 obj=NetworkRequest [ REQUEST id=56, [ Capabilities: INTERNET&NOT_RESTRICTED&TRUSTED&NOT_VCN_MANAGED Uid: 10132 RequestorUid: 1000 RequestorPkg: android UnderlyingNetworks: Null] ] target=com.android.internal.telephony.data.TelephonyNetworkFactory$InternalHandler }
08-09 17:06:27.027 D/DDS-TelephonyNetworkFactory[1]( 2286): onNeedNetworkFor: preferredDataPhoneId isn't update. apnId : 17, wait onActivePhoneSwitch, needDdsChange : false
08-09 17:06:27.027 D/DDS-TelephonyNetworkFactory[1]( 2286): onNeedNetworkFor [NetworkRequest [ REQUEST id=56, [ Capabilities: INTERNET&NOT_RESTRICTED&TRUSTED&NOT_VCN_MANAGED Uid: 10132 RequestorUid: 1000 RequestorPkg: android UnderlyingNetworks: Null] ], mPriority=0, state=UNSATISFIED, mAttachedDataNetwork=null, isMetered=false, created time=17:06:27.027, evaluation result=null] shouldApply false
08-09 17:06:27.027 D/DDS-TelephonyNetworkFactory[1]( 2286): handleMessage msg={ when=-413ms what=3 obj=NetworkRequest [ REQUEST id=35, [ Capabilities: INTERNET&NOT_RESTRICTED&TRUSTED&NOT_VCN_MANAGED Uid: 10306 RequestorUid: 1000 RequestorPkg: android UnderlyingNetworks: Null] ] target=com.android.internal.telephony.data.TelephonyNetworkFactory$InternalHandler }
08-09 17:06:27.027 D/DDS-TelephonyNetworkFactory[1]( 2286): onNeedNetworkFor: preferredDataPhoneId isn't update. apnId : 17, wait onActivePhoneSwitch, needDdsChange : false
08-09 17:06:27.027 D/DDS-TelephonyNetworkFactory[1]( 2286): onNeedNetworkFor [NetworkRequest [ REQUEST id=35, [ Capabilities: INTERNET&NOT_RESTRICTED&TRUSTED&NOT_VCN_MANAGED Uid: 10306 RequestorUid: 1000 RequestorPkg: android UnderlyingNetworks: Null] ], mPriority=0, state=UNSATISFIED, mAttachedDataNetwork=null, isMetered=false, created time=17:06:27.027, evaluation result=null] shouldApply false
08-09 17:06:27.027 D/DDS-TelephonyNetworkFactory[1]( 2286): handleMessage msg={ when=-413ms what=3 obj=NetworkRequest [ REQUEST id=70, [ Capabilities: INTERNET&NOT_RESTRICTED&TRUSTED&NOT_VCN_MANAGED Uid: 5026 RequestorUid: 1000 RequestorPkg: android UnderlyingNetworks: Null] ] target=com.android.internal.telephony.data.TelephonyNetworkFactory$InternalHandler }
08-09 17:06:27.027 D/DDS-TelephonyNetworkFactory[1]( 2286): onNeedNetworkFor: preferredDataPhoneId isn't update. apnId : 17, wait onActivePhoneSwitch, needDdsChange : false
08-09 17:06:27.027 D/DDS-TelephonyNetworkFactory[1]( 2286): onNeedNetworkFor [NetworkRequest [ REQUEST id=70, [ Capabilities: INTERNET&NOT_RESTRICTED&TRUSTED&NOT_VCN_MANAGED Uid: 5026 RequestorUid: 1000 RequestorPkg: android UnderlyingNetworks: Null] ], mPriority=0, state=UNSATISFIED, mAttachedDataNetwork=null, isMetered=false, created time=17:06:27.027, evaluation result=null] shouldApply false
08-09 17:06:27.027 D/DDS-TelephonyNetworkFactory[1]( 2286): handleMessage msg={ when=-413ms what=3 obj=NetworkRequest [ REQUEST id=1, [ Capabilities: INTERNET&NOT_RESTRICTED&TRUSTED&NOT_VPN&NOT_VCN_MANAGED RequestorUid: 1000 RequestorPkg: android UnderlyingNetworks: Null] ] target=com.android.internal.telephony.data.TelephonyNetworkFactory$InternalHandler }
08-09 17:06:27.027 D/DDS-TelephonyNetworkFactory[1]( 2286): onNeedNetworkFor: preferredDataPhoneId isn't update. apnId : 17, wait onActivePhoneSwitch, needDdsChange : false
08-09 17:06:27.028 D/DDS-TelephonyNetworkFactory[1]( 2286): onNeedNetworkFor [NetworkRequest [ REQUEST id=1, [ Capabilities: INTERNET&NOT_RESTRICTED&TRUSTED&NOT_VPN&NOT_VCN_MANAGED RequestorUid: 1000 RequestorPkg: android UnderlyingNetworks: Null] ], mPriority=0, state=UNSATISFIED, mAttachedDataNetwork=null, isMetered=false, created time=17:06:27.026, evaluation result=null] shouldApply false
08-09 17:06:27.028 D/DDS-TelephonyNetworkFactory[1]( 2286): handleMessage msg={ when=-413ms what=3 obj=NetworkRequest [ REQUEST id=33, [ Capabilities: INTERNET&NOT_RESTRICTED&TRUSTED&NOT_VCN_MANAGED Uid: 10308 RequestorUid: 1000 RequestorPkg: android UnderlyingNetworks: Null] ] target=com.android.internal.telephony.data.TelephonyNetworkFactory$InternalHandler }
