08-09 17:06:40.735 I/power_partial_wake_state( 1319): [CHG,3,*telephony-radio*:com.android.phone]
08-09 17:06:40.735 D/SmsManager( 3604): enableCellBroadcastRange: succeeded at calling enableCellBroadcastRangeForSubscriber. subId = 4
08-09 17:06:40.735 I/power_partial_wake_state( 1319): [REL,1,*telephony-radio*:com.android.phone]
08-09 17:06:40.742 I/am_proc_died( 1319): [0,3475,com.samsung.attribution,999,19,131,3953]
08-09 17:06:40.743 I/am_uid_stopped( 1319): 10042
08-09 17:06:40.745 D/SEM_RILJ( 2286): [0447]< GET_PHONEBOOK_ENTRY com.android.internal.telephony.uicc.SimPBEntryResult@58aa390 [PHONE0]
08-09 17:06:40.746 I/power_partial_wake_state( 1319): [CHG,19,*telephony-sem-radio*:com.android.phone]
08-09 17:06:40.747 D/UsimFH ( 2286): pblc EFID = 28474record number = 1total record = 0Used Record = 6count record = 1
08-09 17:06:40.748 I/power_partial_wake_state( 1319): [REL,2,*telephony-sem-radio*:com.android.phone]
08-09 17:06:40.751 I/power_partial_wake_state( 1319): [CHG,1,*telephony-sem-radio*:com.android.phone]
08-09 17:06:40.751 D/SEM_RILJ( 2286): [0449]> GET_PHONEBOOK_ENTRY, command = 178, fileid = 28474, index = 2, pin2 = xxxx [PHONE0]
08-09 17:06:40.751 D/RILC ( 1413): iccIOForApp: fileid 28474 index 2
08-09 17:06:40.752 I/power_partial_wake_state( 1319): [REL,5215,VK_WakeLock:android]
08-09 17:06:40.757 D/SEM_RILJ( 2286): [0449]< GET_PHONEBOOK_ENTRY com.android.internal.telephony.uicc.SimPBEntryResult@b3db489 [PHONE0]
08-09 17:06:40.757 D/UsimFH ( 2286): pblc EFID = 28474record number = 2total record = 0Used Record = 6count record = 2
08-09 17:06:40.757 I/power_partial_wake_state( 1319): [CHG,6,*telephony-sem-radio*:com.android.phone]
08-09 17:06:40.758 I/power_partial_wake_state( 1319): [REL,0,*telephony-sem-radio*:com.android.phone]
08-09 17:06:40.763 I/power_partial_wake_state( 1319): [CHG,1,*telephony-sem-radio*:com.android.phone]
08-09 17:06:40.763 D/SEM_RILJ( 2286): [0450]> GET_PHONEBOOK_ENTRY, command = 178, fileid = 28474, index = 3, pin2 = xxxx [PHONE0]
08-09 17:06:40.765 D/RILC ( 1413): iccIOForApp: fileid 28474 index 3
08-09 17:06:40.766 I/service_manager_stats( 1319): [234,415,5034]
08-09 17:06:40.773 D/SmsDispatchersController( 2286): EVENT_GET_SMSC_DONE_EXTEND
08-09 17:06:40.776 I/am_kill ( 1319): [0,2694,com.android.settings,999,empty #33]
08-09 17:06:40.780 D/SEM_RILJ( 2286): [0450]< GET_PHONEBOOK_ENTRY com.android.internal.telephony.uicc.SimPBEntryResult@13dcc8e [PHONE0]
08-09 17:06:40.776 I/power_partial_wake_state( 1319): [CHG,1,*telephony-radio*:com.android.phone]
08-09 17:06:40.782 I/power_partial_wake_state( 1319): [CHG,19,*telephony-sem-radio*:com.android.phone]
08-09 17:06:40.782 I/power_partial_wake_state( 1319): [REL,0,*telephony-sem-radio*:com.android.phone]
08-09 17:06:40.782 D/RILJ ( 2286): [0451]> GET_SMSC_ADDRESS [PHONE1]
08-09 17:06:40.782 E/SmsDispatchersController( 2286): retryGetSmsc count = 5
08-09 17:06:40.782 D/UsimFH ( 2286): pblc EFID = 28474record number = 3total record = 0Used Record = 6count record = 3
08-09 17:06:40.785 E/RILD2 ( 1413): QMI_WMS_GET_SMSC_ADDRESS_RESP received with error 52
08-09 17:06:40.785 E/RILD2 ( 1413): OnGetSmscAddressDone: failed. (7)
08-09 17:06:40.786 D/RILJ ( 2286): [0451]< GET_SMSC_ADDRESS error 38 [PHONE1]
08-09 17:06:40.786 D/RilRequest( 2286): [0451]< GET_SMSC_ADDRESS error: com.android.internal.telephony.CommandException: INTERNAL_ERR ret= result={ when=-38s682ms what=19 target=com.android.internal.telephony.SmsDispatchersController }
08-09 17:06:40.789 I/power_partial_wake_state( 1319): [CHG,2,*telephony-sem-radio*:com.android.phone]
08-09 17:06:40.790 D/SEM_RILJ( 2286): [0452]> GET_PHONEBOOK_ENTRY, command = 178, fileid = 28474, index = 4, pin2 = xxxx [PHONE0]
08-09 17:06:40.790 D/RILC ( 1413): iccIOForApp: fileid 28474 index 4
08-09 17:06:40.790 I/power_partial_wake_state( 1319): [CHG,8,*telephony-radio*:com.android.phone]
08-09 17:06:40.790 I/power_partial_wake_state( 1319): [REL,1,*telephony-radio*:com.android.phone]
08-09 17:06:40.792 D/SEM_RILJ( 2286): [0452]< GET_PHONEBOOK_ENTRY com.android.internal.telephony.uicc.SimPBEntryResult@f778caf [PHONE0]
08-09 17:06:40.792 D/UsimFH ( 2286): pblc EFID = 28474record number = 4total record = 0Used Record = 6count record = 4
08-09 17:06:40.792 I/power_partial_wake_state( 1319): [CHG,4,*telephony-sem-radio*:com.android.phone]
08-09 17:06:40.793 I/power_partial_wake_state( 1319): [REL,1,*telephony-sem-radio*:com.android.phone]
08-09 17:06:40.795 I/power_partial_wake_state( 1319): [CHG,0,*telephony-sem-radio*:com.android.phone]
08-09 17:06:40.796 D/SEM_RILJ( 2286): [0453]> GET_PHONEBOOK_ENTRY, command = 178, fileid = 28474, index = 5, pin2 = xxxx [PHONE0]
08-09 17:06:40.796 D/RILC ( 1413): iccIOForApp: fileid 28474 index 5
08-09 17:06:40.799 D/SEM_RILJ( 2286): [0453]< GET_PHONEBOOK_ENTRY com.android.internal.telephony.uicc.SimPBEntryResult@11e68bc [PHONE0]
08-09 17:06:40.799 I/power_partial_wake_state( 1319): [CHG,3,*telephony-sem-radio*:com.android.phone]
08-09 17:06:40.799 D/UsimFH ( 2286): pblc EFID = 28474record number = 5total record = 0Used Record = 6count record = 5
08-09 17:06:40.799 I/power_partial_wake_state( 1319): [REL,1,*telephony-sem-radio*:com.android.phone]
08-09 17:06:40.801 I/power_partial_wake_state( 1319): [CHG,0,*telephony-sem-radio*:com.android.phone]
08-09 17:06:40.801 D/SEM_RILJ( 2286): [0454]> GET_PHONEBOOK_ENTRY, command = 178, fileid = 28474, index = 6, pin2 = xxxx [PHONE0]
08-09 17:06:40.801 D/RILC ( 1413): iccIOForApp: fileid 28474 index 6
08-09 17:06:40.803 D/SEM_RILJ( 2286): [0454]< GET_PHONEBOOK_ENTRY com.android.internal.telephony.uicc.SimPBEntryResult@b441045 [PHONE0]
08-09 17:06:40.803 D/UsimFH ( 2286): pblc EFID = 28474record number = 6total record = 0Used Record = 6count record = 6
08-09 17:06:40.803 I/AdnRecordLoader( 2286): EVENT_PB_ENTRY_LOAD_ALL_DONE
08-09 17:06:40.804 I/am_uid_running( 1319): 10087
08-09 17:06:40.804 D/IccProvider( 2286): [IccProvider] adnRecords.size=6
08-09 17:06:40.804 I/power_partial_wake_state( 1319): [CHG,3,*telephony-sem-radio*:com.android.phone]
08-09 17:06:40.804 D/IccProvider( 2286): [IccProvider] loadRecord: Police, [****]
08-09 17:06:40.804 D/IccProvider( 2286): [IccProvider] Adding email:
08-09 17:06:40.804 D/IccProvider( 2286): [IccProvider] Adding anr:
08-09 17:06:40.804 D/IccProvider( 2286): [IccProvider] Adding anr:
08-09 17:06:40.804 D/IccProvider( 2286): [IccProvider] Adding anr:
08-09 17:06:40.804 D/IccProvider( 2286): [IccProvider] Adding anr:
08-09 17:06:40.804 D/IccProvider( 2286): [IccProvider] loadRecord: Fire, [****]
08-09 17:06:40.804 D/IccProvider( 2286): [IccProvider] Adding email:
08-09 17:06:40.804 D/IccProvider( 2286): [IccProvider] Adding anr:
08-09 17:06:40.804 D/IccProvider( 2286): [IccProvider] Adding anr:
08-09 17:06:40.804 D/IccProvider( 2286): [IccProvider] Adding anr:
08-09 17:06:40.804 D/IccProvider( 2286): [IccProvider] Adding anr:
08-09 17:06:40.804 D/IccProvider( 2286): [IccProvider] loadRecord: Ambulance, [****]
08-09 17:06:40.804 D/IccProvider( 2286): [IccProvider] Adding email:
08-09 17:06:40.804 D/IccProvider( 2286): [IccProvider] Adding anr:
08-09 17:06:40.804 D/IccProvider( 2286): [IccProvider] Adding anr:
08-09 17:06:40.804 D/IccProvider( 2286): [IccProvider] Adding anr:
08-09 17:06:40.804 D/IccProvider( 2286): [IccProvider] Adding anr:
08-09 17:06:40.804 D/IccProvider( 2286): [IccProvider] loadRecord: Railways, [****]
08-09 17:06:40.804 D/IccProvider( 2286): [IccProvider] Adding email:
08-09 17:06:40.804 D/IccProvider( 2286): [IccProvider] Adding anr:
08-09 17:06:40.804 D/IccProvider( 2286): [IccProvider] Adding anr:
08-09 17:06:40.804 D/IccProvider( 2286): [IccProvider] Adding anr:
08-09 17:06:40.804 D/IccProvider( 2286): [IccProvider] Adding anr:
08-09 17:06:40.804 D/IccProvider( 2286): [IccProvider] loadRecord: JioHelpline, [****]
08-09 17:06:40.805 D/IccProvider( 2286): [IccProvider] Adding email:
08-09 17:06:40.805 D/IccProvider( 2286): [IccProvider] Adding anr:
08-09 17:06:40.805 D/IccProvider( 2286): [IccProvider] Adding anr:
08-09 17:06:40.805 D/IccProvider( 2286): [IccProvider] Adding anr:
08-09 17:06:40.805 D/IccProvider( 2286): [IccProvider] Adding anr:
08-09 17:06:40.805 D/IccProvider( 2286): [IccProvider] loadRecord: Jio-Tele-verification Helpline, [****]
08-09 17:06:40.805 D/IccProvider( 2286): [IccProvider] Adding email:
08-09 17:06:40.805 I/power_partial_wake_state( 1319): [REL,1,*telephony-sem-radio*:com.android.phone]
08-09 17:06:40.805 D/IccProvider( 2286): [IccProvider] Adding anr:
08-09 17:06:40.805 D/IccProvider( 2286): [IccProvider] Adding anr:
08-09 17:06:40.805 D/IccProvider( 2286): [IccProvider] Adding anr:
08-09 17:06:40.805 D/IccProvider( 2286): [IccProvider] Adding anr:
08-09 17:06:40.812 D/IccProvider( 2286): [IccProvider] query
08-09 17:06:40.812 D/IccProvider( 2286): [IccProvider] getRequestSubId url: content://icc/adn/subId/4
08-09 17:06:40.812 D/IccProvider( 2286): [IccProvider] loadFromEf: efType=0x6F3A, subscription=4
08-09 17:06:40.820 D/IccProvider( 2286): [IccProvider] adnRecords.size=6
08-09 17:06:40.820 D/IccProvider( 2286): [IccProvider] loadRecord: Police, [****]
08-09 17:06:40.820 D/IccProvider( 2286): [IccProvider] Adding email:
08-09 17:06:40.820 D/IccProvider( 2286): [IccProvider] Adding anr:
08-09 17:06:40.820 D/IccProvider( 2286): [IccProvider] Adding anr:
08-09 17:06:40.820 D/IccProvider( 2286): [IccProvider] Adding anr:
08-09 17:06:40.820 D/IccProvider( 2286): [IccProvider] Adding anr:
08-09 17:06:40.820 D/IccProvider( 2286): [IccProvider] loadRecord: Fire, [****]
08-09 17:06:40.820 D/IccProvider( 2286): [IccProvider] Adding email:
08-09 17:06:40.820 D/IccProvider( 2286): [IccProvider] Adding anr:
08-09 17:06:40.820 D/IccProvider( 2286): [IccProvider] Adding anr:
08-09 17:06:40.821 D/IccProvider( 2286): [IccProvider] Adding anr:
08-09 17:06:40.821 D/IccProvider( 2286): [IccProvider] Adding anr:
08-09 17:06:40.821 D/IccProvider( 2286): [IccProvider] loadRecord: Ambulance, [****]
08-09 17:06:40.821 D/IccProvider( 2286): [IccProvider] Adding email:
08-09 17:06:40.821 D/IccProvider( 2286): [IccProvider] Adding anr:
08-09 17:06:40.821 D/IccProvider( 2286): [IccProvider] Adding anr:
08-09 17:06:40.821 D/IccProvider( 2286): [IccProvider] Adding anr:
08-09 17:06:40.821 D/IccProvider( 2286): [IccProvider] Adding anr:
08-09 17:06:40.821 D/IccProvider( 2286): [IccProvider] loadRecord: Railways, [****]
08-09 17:06:40.821 D/IccProvider( 2286): [IccProvider] Adding email:
08-09 17:06:40.821 D/IccProvider( 2286): [IccProvider] Adding anr:
08-09 17:06:40.821 D/IccProvider( 2286): [IccProvider] Adding anr:
08-09 17:06:40.821 D/IccProvider( 2286): [IccProvider] Adding anr:
08-09 17:06:40.821 D/IccProvider( 2286): [IccProvider] Adding anr:
08-09 17:06:40.821 D/IccProvider( 2286): [IccProvider] loadRecord: JioHelpline, [****]
08-09 17:06:40.821 D/IccProvider( 2286): [IccProvider] Adding email:
08-09 17:06:40.821 D/IccProvider( 2286): [IccProvider] Adding anr:
08-09 17:06:40.821 D/IccProvider( 2286): [IccProvider] Adding anr:
08-09 17:06:40.821 D/IccProvider( 2286): [IccProvider] Adding anr:
08-09 17:06:40.821 D/IccProvider( 2286): [IccProvider] Adding anr:
08-09 17:06:40.821 D/IccProvider( 2286): [IccProvider] loadRecord: Jio-Tele-verification Helpline, [****]
08-09 17:06:40.821 D/IccProvider( 2286): [IccProvider] Adding email:
08-09 17:06:40.821 D/IccProvider( 2286): [IccProvider] Adding anr:
08-09 17:06:40.821 D/IccProvider( 2286): [IccProvider] Adding anr:
08-09 17:06:40.821 D/IccProvider( 2286): [IccProvider] Adding anr:
08-09 17:06:40.821 D/IccProvider( 2286): [IccProvider] Adding anr:
08-09 17:06:40.823 I/am_proc_start( 1319): [0,7281,10087,com.samsung.android.rubin.app,content provider,{com.samsung.android.rubin.app/com.samsung.android.rubin.persona.providers.SleepPatternProvider}]
08-09 17:06:40.835 D/SubscriptionController( 2286): [getActiveSubscriptionInfoForSimSlotIndex]+ slotIndex=0 subId={id=4 iccId= simSlotIndex=0 carrierId=2018 displayName=Jio carrierName=JIO 4G | Jio nameSource=1 iconTint=-16746133 number= dataRoaming=0 iconBitmap=null mcc=405 mnc=874 countryIso=in isEmbedded=false nativeAccessRules=null cardString= cardId=3 portIndex=0 isOpportunistic=false groupUUID=null isGroupDisabled=false profileClass=-1 ehplmns=null hplmns=null subscriptionType=0 groupOwner=null carrierConfigAccessRules=null areUiccApplicationsEnabled=true usageSetting=0}
08-09 17:06:40.844 I/am_proc_start( 1319): [0,7282,1000,com.samsung.android.uds,broadcast,{com.samsung.android.uds/com.samsung.android.uds.ui.uds.UDSReceiver}]
08-09 17:06:40.844 D/IccProvider( 2286): [IccProvider] query
08-09 17:06:40.844 D/IccProvider( 2286): [IccProvider] getRequestSubId url: content://icc/adn/emails/subId/4
08-09 17:06:40.844 D/IccProvider( 2286): [IccProvider] loadFromEf: efType=0x6F3A, subscription=4
08-09 17:06:40.848 D/IccProvider( 2286): [IccProvider] adnRecords.size=6
08-09 17:06:40.865 D/SubscriptionController( 2286): [getActiveSubscriptionInfoForSimSlotIndex]+ slotIndex=0 subId={id=4 iccId= simSlotIndex=0 carrierId=2018 displayName=Jio carrierName=JIO 4G | Jio nameSource=1 iconTint=-16746133 number= dataRoaming=0 iconBitmap=null mcc=405 mnc=874 countryIso=in isEmbedded=false nativeAccessRules=null cardString= cardId=3 portIndex=0 isOpportunistic=false groupUUID=null isGroupDisabled=false profileClass=-1 ehplmns=null hplmns=null subscriptionType=0 groupOwner=null carrierConfigAccessRules=null areUiccApplicationsEnabled=true usageSetting=0}
08-09 17:06:40.868 I/am_proc_bound( 1319): [0,7281,com.samsung.android.rubin.app]
08-09 17:06:40.874 D/SubscriptionController( 2286): [getActiveSubscriptionInfoForSimSlotIndex]+ slotIndex=0 subId={id=4 iccId= simSlotIndex=0 carrierId=2018 displayName=Jio carrierName=JIO 4G | Jio nameSource=1 iconTint=-16746133 number= dataRoaming=0 iconBitmap=null mcc=405 mnc=874 countryIso=in isEmbedded=false nativeAccessRules=null cardString= cardId=3 portIndex=0 isOpportunistic=false groupUUID=null isGroupDisabled=false profileClass=-1 ehplmns=null hplmns=null subscriptionType=0 groupOwner=null carrierConfigAccessRules=null areUiccApplicationsEnabled=true usageSetting=0}
08-09 17:06:40.876 E/SemTelephonyController( 2286): FdnEnabled? false
08-09 17:06:40.893 D/SubscriptionController( 2286): [getActiveSubscriptionInfoForSimSlotIndex]+ slotIndex=0 subId={id=4 iccId= simSlotIndex=0 carrierId=2018 displayName=Jio carrierName=JIO 4G | Jio nameSource=1 iconTint=-16746133 number= dataRoaming=0 iconBitmap=null mcc=405 mnc=874 countryIso=in isEmbedded=false nativeAccessRules=null cardString= cardId=3 portIndex=0 isOpportunistic=false groupUUID=null isGroupDisabled=false profileClass=-1 ehplmns=null hplmns=null subscriptionType=0 groupOwner=null carrierConfigAccessRules=null areUiccApplicationsEnabled=true usageSetting=0}
08-09 17:06:40.896 I/am_proc_bound( 1319): [0,7282,com.samsung.android.uds]
08-09 17:06:40.897 I/commit_sys_config_file( 1319): [settings-0-0,33]
08-09 17:06:40.898 D/SubscriptionController( 2286): [getActiveSubscriptionInfoForSimSlotIndex]+ slotIndex=0 subId={id=4 iccId= simSlotIndex=0 carrierId=2018 displayName=Jio carrierName=JIO 4G | Jio nameSource=1 iconTint=-16746133 number= dataRoaming=0 iconBitmap=null mcc=405 mnc=874 countryIso=in isEmbedded=false nativeAccessRules=null cardString= cardId=3 portIndex=0 isOpportunistic=false groupUUID=null isGroupDisabled=false profileClass=-1 ehplmns=null hplmns=null subscriptionType=0 groupOwner=null carrierConfigAccessRules=null areUiccApplicationsEnabled=true usageSetting=0}
08-09 17:06:40.903 I/am_proc_died( 1319): [0,2694,com.android.settings,999,19,176,3965]
08-09 17:06:40.905 D/IccProvider( 2286): [IccProvider] query
08-09 17:06:40.905 D/IccProvider( 2286): [IccProvider] getRequestSubId url: content://icc/adn/subId/4
08-09 17:06:40.905 D/IccProvider( 2286): [IccProvider] loadFromEf: efType=0x6F3A, subscription=4
08-09 17:06:40.909 D/IccProvider( 2286): [IccProvider] adnRecords.size=6
08-09 17:06:40.909 D/IccProvider( 2286): [IccProvider] loadRecord: Police, [****]
08-09 17:06:40.909 D/IccProvider( 2286): [IccProvider] Adding email:
08-09 17:06:40.909 D/IccProvider( 2286): [IccProvider] Adding anr:
08-09 17:06:40.909 D/IccProvider( 2286): [IccProvider] Adding anr:
08-09 17:06:40.909 D/IccProvider( 2286): [IccProvider] Adding anr:
08-09 17:06:40.909 D/IccProvider( 2286): [IccProvider] Adding anr:
08-09 17:06:40.909 D/IccProvider( 2286): [IccProvider] loadRecord: Fire, [****]
08-09 17:06:40.909 D/IccProvider( 2286): [IccProvider] Adding email:
08-09 17:06:40.909 D/IccProvider( 2286): [IccProvider] Adding anr:
08-09 17:06:40.909 D/IccProvider( 2286): [IccProvider] Adding anr:
08-09 17:06:40.909 D/IccProvider( 2286): [IccProvider] Adding anr:
08-09 17:06:40.909 D/IccProvider( 2286): [IccProvider] Adding anr:
08-09 17:06:40.909 D/IccProvider( 2286): [IccProvider] loadRecord: Ambulance, [****]
08-09 17:06:40.909 D/IccProvider( 2286): [IccProvider] Adding email:
08-09 17:06:40.909 D/IccProvider( 2286): [IccProvider] Adding anr:
08-09 17:06:40.909 D/IccProvider( 2286): [IccProvider] Adding anr:
08-09 17:06:40.909 D/IccProvider( 2286): [IccProvider] Adding anr:
08-09 17:06:40.909 D/IccProvider( 2286): [IccProvider] Adding anr:
08-09 17:06:40.909 D/IccProvider( 2286): [IccProvider] loadRecord: Railways, [****]
08-09 17:06:40.909 D/IccProvider( 2286): [IccProvider] Adding email:
08-09 17:06:40.909 D/IccProvider( 2286): [IccProvider] Adding anr:
08-09 17:06:40.909 D/IccProvider( 2286): [IccProvider] Adding anr:
08-09 17:06:40.909 D/IccProvider( 2286): [IccProvider] Adding anr:
08-09 17:06:40.909 D/IccProvider( 2286): [IccProvider] Adding anr:
08-09 17:06:40.909 D/IccProvider( 2286): [IccProvider] loadRecord: JioHelpline, [****]
08-09 17:06:40.909 D/IccProvider( 2286): [IccProvider] Adding email:
08-09 17:06:40.909 D/IccProvider( 2286): [IccProvider] Adding anr:
08-09 17:06:40.909 D/IccProvider( 2286): [IccProvider] Adding anr:
08-09 17:06:40.909 D/IccProvider( 2286): [IccProvider] Adding anr:
08-09 17:06:40.909 D/IccProvider( 2286): [IccProvider] Adding anr:
08-09 17:06:40.909 D/IccProvider( 2286): [IccProvider] loadRecord: Jio-Tele-verification Helpline, [****]
08-09 17:06:40.909 D/IccProvider( 2286): [IccProvider] Adding email:
08-09 17:06:40.909 D/IccProvider( 2286): [IccProvider] Adding anr:
08-09 17:06:40.909 D/IccProvider( 2286): [IccProvider] Adding anr:
08-09 17:06:40.909 D/IccProvider( 2286): [IccProvider] Adding anr:
08-09 17:06:40.909 D/IccProvider( 2286): [IccProvider] Adding anr:
08-09 17:06:40.917 D/IccProvider( 2286): [IccProvider] query
08-09 17:06:40.917 D/IccProvider( 2286): [IccProvider] getRequestSubId url: content://icc/adn/subId/4
08-09 17:06:40.917 D/IccProvider( 2286): [IccProvider] loadFromEf: efType=0x6F3A, subscription=4
08-09 17:06:40.919 D/IccProvider( 2286): [IccProvider] adnRecords.size=6
08-09 17:06:40.919 D/IccProvider( 2286): [IccProvider] loadRecord: Police, [****]
08-09 17:06:40.919 D/IccProvider( 2286): [IccProvider] Adding email:
08-09 17:06:40.919 D/IccProvider( 2286): [IccProvider] Adding anr:
08-09 17:06:40.919 D/IccProvider( 2286): [IccProvider] Adding anr:
08-09 17:06:40.919 D/IccProvider( 2286): [IccProvider] Adding anr:
08-09 17:06:40.919 D/IccProvider( 2286): [IccProvider] Adding anr:
08-09 17:06:40.919 D/IccProvider( 2286): [IccProvider] loadRecord: Fire, [****]
08-09 17:06:40.919 D/IccProvider( 2286): [IccProvider] Adding email:
08-09 17:06:40.919 D/IccProvider( 2286): [IccProvider] Adding anr:
08-09 17:06:40.919 D/IccProvider( 2286): [IccProvider] Adding anr:
08-09 17:06:40.919 D/IccProvider( 2286): [IccProvider] Adding anr:
08-09 17:06:40.919 D/IccProvider( 2286): [IccProvider] Adding anr:
08-09 17:06:40.919 D/IccProvider( 2286): [IccProvider] loadRecord: Ambulance, [****]
08-09 17:06:40.919 D/IccProvider( 2286): [IccProvider] Adding email:
08-09 17:06:40.919 D/IccProvider( 2286): [IccProvider] Adding anr:
08-09 17:06:40.919 D/IccProvider( 2286): [IccProvider] Adding anr:
08-09 17:06:40.919 D/IccProvider( 2286): [IccProvider] Adding anr:
08-09 17:06:40.919 D/IccProvider( 2286): [IccProvider] Adding anr:
08-09 17:06:40.919 D/IccProvider( 2286): [IccProvider] loadRecord: Railways, [****]
08-09 17:06:40.919 D/IccProvider( 2286): [IccProvider] Adding email:
08-09 17:06:40.919 D/IccProvider( 2286): [IccProvider] Adding anr:
08-09 17:06:40.919 D/IccProvider( 2286): [IccProvider] Adding anr:
08-09 17:06:40.919 D/IccProvider( 2286): [IccProvider] Adding anr:
08-09 17:06:40.919 D/IccProvider( 2286): [IccProvider] Adding anr:
08-09 17:06:40.919 D/IccProvider( 2286): [IccProvider] loadRecord: JioHelpline, [****]
08-09 17:06:40.919 D/IccProvider( 2286): [IccProvider] Adding email:
08-09 17:06:40.919 D/IccProvider( 2286): [IccProvider] Adding anr:
08-09 17:06:40.919 D/IccProvider( 2286): [IccProvider] Adding anr:
08-09 17:06:40.919 D/IccProvider( 2286): [IccProvider] Adding anr:
08-09 17:06:40.919 D/IccProvider( 2286): [IccProvider] Adding anr:
08-09 17:06:40.919 D/IccProvider( 2286): [IccProvider] loadRecord: Jio-Tele-verification Helpline, [****]
08-09 17:06:40.919 D/IccProvider( 2286): [IccProvider] Adding email:
08-09 17:06:40.919 D/IccProvider( 2286): [IccProvider] Adding anr:
08-09 17:06:40.919 D/IccProvider( 2286): [IccProvider] Adding anr:
08-09 17:06:40.919 D/IccProvider( 2286): [IccProvider] Adding anr:
08-09 17:06:40.919 D/IccProvider( 2286): [IccProvider] Adding anr:
08-09 17:06:40.921 D/SubscriptionController( 2286): [getActiveSubscriptionInfoForSimSlotIndex]+ slotIndex=0 subId={id=4 iccId= simSlotIndex=0 carrierId=2018 displayName=Jio carrierName=JIO 4G | Jio nameSource=1 iconTint=-16746133 number= dataRoaming=0 iconBitmap=null mcc=405 mnc=874 countryIso=in isEmbedded=false nativeAccessRules=null cardString= cardId=3 portIndex=0 isOpportunistic=false groupUUID=null isGroupDisabled=false profileClass=-1 ehplmns=null hplmns=null subscriptionType=0 groupOwner=null carrierConfigAccessRules=null areUiccApplicationsEnabled=true usageSetting=0}
08-09 17:06:40.930 D/IccProvider( 2286): [IccProvider] query
08-09 17:06:40.930 D/IccProvider( 2286): [IccProvider] getRequestSubId url: content://icc/adn/emails/subId/4
08-09 17:06:40.930 D/IccProvider( 2286): [IccProvider] loadFromEf: efType=0x6F3A, subscription=4
08-09 17:06:40.932 D/IccProvider( 2286): [IccProvider] adnRecords.size=6
08-09 17:06:40.943 I/power_partial_wake_state( 1319): [REL,356,*job*/com.samsung.android.app.contacts/com.samsung.android.dialtacts.model.component.service.makesimdbservice.MakeSimDBService:android]
08-09 17:06:40.951 I/am_kill ( 1319): [0,3148,com.sec.epdg,999,empty #33]
08-09 17:06:40.960 I/am_proc_died( 1319): [0,3148,com.sec.epdg,999,19,172,3973]
08-09 17:06:41.016 I/am_uid_running( 1319): 10119
08-09 17:06:41.019 I/am_kill ( 1319): [0,4336,com.google.android.projection.gearhead:projection,965,empty #33]
08-09 17:06:41.033 I/am_proc_died( 1319): [0,4336,com.google.android.projection.gearhead:projection,965,19,164,3981]
08-09 17:06:41.045 I/am_proc_start( 1319): [0,7337,10119,com.samsung.android.visualars,broadcast,{com.samsung.android.visualars/com.samsung.android.visualars.receiver.SimChangedReceiver}]
08-09 17:06:41.080 I/am_proc_bound( 1319): [0,7337,com.samsung.android.visualars]
08-09 17:06:41.103 D/ARGOS ( 3432): argos: argos_monitor: UFS - Mbps:1231 prev_tput:1192
08-09 17:06:41.142 I/commit_sys_config_file( 1319): [notification-policy,20686]
08-09 17:06:41.143 I/power_partial_wake_state( 1319): [REL,7,*job*/com.samsung.android.scs/androidx.work.impl.background.systemjob.SystemJobService:android]
08-09 17:06:41.155 I/c2dm ( 3758): [19,com.samsung.android.knox.pushmanager:233013044,0,0]
08-09 17:06:41.185 I/am_kill ( 1319): [0,4555,com.samsung.android.themestore,975,empty #33]
08-09 17:06:41.187 I/am_kill ( 1319): [0,4995,com.android.localtransport,999,empty #34]
08-09 17:06:41.220 I/am_proc_died( 1319): [0,4995,com.android.localtransport,999,19,143,3983]
08-09 17:06:41.226 I/am_proc_died( 1319): [0,4555,com.samsung.android.themestore,975,19,143,3983]
08-09 17:06:41.226 I/am_uid_stopped( 1319): 10125
08-09 17:06:41.244 I/am_uid_active( 1319): 10120
08-09 17:06:41.248 D/SmsDispatchersController( 2286): EVENT_GET_SMSC_DONE_EXTEND
08-09 17:06:41.249 I/power_partial_wake_state( 1319): [CHG,1,*telephony-radio*:com.android.phone]
08-09 17:06:41.250 D/RILJ ( 2286): [0455]> GET_SMSC_ADDRESS [PHONE1]
08-09 17:06:41.250 E/SmsDispatchersController( 2286): retryGetSmsc count = 6
08-09 17:06:41.251 I/am_wtf ( 1319): [0,1319,system_server,-1,ActivityManager,Sending non-protected broadcast com.samsung.intent.action.SEARCH_MANAGER_READY from system 1319:system/1000 pkg android]
08-09 17:06:41.252 E/RILD2 ( 1413): QMI_WMS_GET_SMSC_ADDRESS_RESP received with error 52
08-09 17:06:41.253 E/RILD2 ( 1413): OnGetSmscAddressDone: failed. (7)
08-09 17:06:41.254 D/RILJ ( 2286): [0455]< GET_SMSC_ADDRESS error 38 [PHONE1]
08-09 17:06:41.254 D/RilRequest( 2286): [0455]< GET_SMSC_ADDRESS error: com.android.internal.telephony.CommandException: INTERNAL_ERR ret= result={ when=-39s150ms what=19 target=com.android.internal.telephony.SmsDispatchersController }
08-09 17:06:41.255 I/power_partial_wake_state( 1319): [CHG,5,*telephony-radio*:com.android.phone]
08-09 17:06:41.258 I/power_partial_wake_state( 1319): [REL,3,*telephony-radio*:com.android.phone]
08-09 17:06:41.259 I/am_wtf ( 1319): [0,1319,system_server,-1,BootReceiver,open failed: ENOENT (No such file or directory)]
08-09 17:06:41.307 I/am_proc_start( 1319): [0,7401,1000,com.samsung.android.da.daagent,broadcast,{com.samsung.android.da.daagent/com.samsung.android.da.daagent.receiver.DualAppIntentReceiver}]
08-09 17:06:41.317 I/power_partial_wake_state( 1319): [REL,24,IntentOp:.common.broadcast.BackgroundBroadcastReceiverSupport$PersistentReceiverIntentOperation:com.google.android.gms]
08-09 17:06:41.318 I/dropbox_file_copy( 1319): [/proc/last_kmsg,-65536,SYSTEM_LAST_KMSG_-1_20230809_170641_RP]
08-09 17:06:41.326 I/dropbox_file_copy( 1319): [/sys/fs/pstore/console-ramoops-0,-65536,SYSTEM_LAST_KMSG_-1_20230809_170641_RP]
08-09 17:06:41.363 I/power_partial_wake_state( 1319): [REL,19,IntentOp:.common.broadcast.BackgroundBroadcastReceiverSupport$PersistentReceiverIntentOperation:com.google.android.gms]
08-09 17:06:41.376 I/power_partial_wake_state( 1319): [REL,19,IntentOp:.common.broadcast.BackgroundBroadcastReceiverSupport$PersistentReceiverIntentOperation:com.google.android.gms]
08-09 17:06:41.377 I/am_proc_bound( 1319): [0,7401,com.samsung.android.da.daagent]
08-09 17:06:41.390 I/am_kill ( 1319): [0,4031,com.android.keychain,999,empty #33]
08-09 17:06:41.406 I/power_partial_wake_state( 1319): [REL,48,IntentOp:.common.broadcast.BackgroundBroadcastReceiverSupport$PersistentReceiverIntentOperation:com.google.android.gms]
08-09 17:06:41.420 I/am_proc_start( 1319): [0,7423,1000,com.sec.automation,broadcast,{com.sec.automation/com.sec.automation.PortFwdBroadcastReceiver}]
08-09 17:06:41.442 I/power_partial_wake_state( 1319): [REL,1,*job*/com.samsung.android.scs/androidx.work.impl.background.systemjob.SystemJobService:android]
08-09 17:06:41.447 I/am_proc_died( 1319): [0,4031,com.android.keychain,999,19,127,3991]
08-09 17:06:41.477 I/am_proc_bound( 1319): [0,7423,com.sec.automation]
08-09 17:06:41.498 I/power_partial_wake_state( 1319): [REL,57,*job*/com.samsung.android.scs/androidx.work.impl.background.systemjob.SystemJobService:android]
08-09 17:06:41.539 I/am_uid_running( 1319): 10354
08-09 17:06:41.556 I/am_proc_start( 1319): [0,7451,10354,com.facebook.orca,content provider,{com.facebook.orca/com.facebook.messenger.app.MessengerLoggedInUserProvider}]
08-09 17:06:41.560 I/am_uid_running( 1319): 10343
08-09 17:06:41.577 I/am_proc_start( 1319): [0,7452,10343,org.smssecure.smssecure,broadcast,{org.smssecure.smssecure/org.smssecure.smssecure.util.dualsim.SimChangedReceiver}]
08-09 17:06:41.588 I/power_partial_wake_state( 1319): [REL,3,*job*/com.sec.unifiedwfc/androidx.work.impl.background.systemjob.SystemJobService:android]
08-09 17:06:41.597 I/am_proc_bound( 1319): [0,7451,com.facebook.orca]
08-09 17:06:41.608 I/am_uid_active( 1319): 10354
08-09 17:06:41.627 D/SubscriptionController( 2286): [getActiveSubscriptionInfoForSimSlotIndex]+ slotIndex=0 subId={id=4 iccId= simSlotIndex=0 carrierId=2018 displayName=Jio carrierName=JIO 4G | Jio nameSource=1 iconTint=-16746133 number= dataRoaming=0 iconBitmap=null mcc=405 mnc=874 countryIso=in isEmbedded=false nativeAccessRules=null cardString= cardId=3 portIndex=0 isOpportunistic=false groupUUID=null isGroupDisabled=false profileClass=-1 ehplmns=null hplmns=null subscriptionType=0 groupOwner=null carrierConfigAccessRules=null areUiccApplicationsEnabled=true usageSetting=0}
08-09 17:06:41.633 D/SubscriptionController( 2286): [getActiveSubscriptionInfoForSimSlotIndex]+ slotIndex=0 subId={id=4 iccId= simSlotIndex=0 carrierId=2018 displayName=Jio carrierName=JIO 4G | Jio nameSource=1 iconTint=-16746133 number= dataRoaming=0 iconBitmap=null mcc=405 mnc=874 countryIso=in isEmbedded=false nativeAccessRules=null cardString= cardId=3 portIndex=0 isOpportunistic=false groupUUID=null isGroupDisabled=false profileClass=-1 ehplmns=null hplmns=null subscriptionType=0 groupOwner=null carrierConfigAccessRules=null areUiccApplicationsEnabled=true usageSetting=0}
08-09 17:06:41.635 D/SubscriptionController( 2286): [getActiveSubscriptionInfoForSimSlotIndex]+ slotIndex=0 subId={id=4 iccId= simSlotIndex=0 carrierId=2018 displayName=Jio carrierName=JIO 4G | Jio nameSource=1 iconTint=-16746133 number= dataRoaming=0 iconBitmap=null mcc=405 mnc=874 countryIso=in isEmbedded=false nativeAccessRules=null cardString= cardId=3 portIndex=0 isOpportunistic=false groupUUID=null isGroupDisabled=false profileClass=-1 ehplmns=null hplmns=null subscriptionType=0 groupOwner=null carrierConfigAccessRules=null areUiccApplicationsEnabled=true usageSetting=0}
08-09 17:06:41.639 I/power_partial_wake_state( 1319): [REL,10,*job*/com.samsung.android.rubin.app/androidx.work.impl.background.systemjob.SystemJobService:android]
08-09 17:06:41.653 I/power_partial_wake_state( 1319): [REL,67,*job*/com.sec.unifiedwfc/androidx.work.impl.background.systemjob.SystemJobService:android]
08-09 17:06:41.659 I/am_proc_start( 1319): [0,7489,1000,com.sec.epdg,content provider,{com.sec.epdg/com.sec.epdg.IWlanContentProvider.IWlanContentProvider}]
08-09 17:06:41.663 I/am_proc_bound( 1319): [0,7452,org.smssecure.smssecure]
08-09 17:06:41.738 I/am_proc_bound( 1319): [0,7489,com.sec.epdg]
08-09 17:06:41.797 I/am_kill ( 1319): [0,5519,com.android.printspooler,999,empty #33]
08-09 17:06:41.802 I/am_kill ( 1319): [0,5516,com.google.android.apps.carrier.carrierwifi,975,empty #34]
08-09 17:06:41.829 I/power_partial_wake_state( 1319): [REL,12,*job*/com.samsung.android.stickercenter/.service.preload.PreloadJobService:android]
08-09 17:06:41.830 I/am_uid_running( 1319): 10125
08-09 17:06:41.835 I/am_proc_died( 1319): [0,5516,com.google.android.apps.carrier.carrierwifi,975,19,155,3937]
08-09 17:06:41.835 I/am_uid_stopped( 1319): 10213
08-09 17:06:41.847 I/am_uid_active( 1319): 10125
08-09 17:06:41.850 I/am_proc_died( 1319): [0,5519,com.android.printspooler,999,19,152,3939]
08-09 17:06:41.850 I/am_uid_stopped( 1319): 10182
08-09 17:06:41.852 I/power_partial_wake_state( 1319): [REL,223,*job*/com.samsung.android.rubin.app/androidx.work.impl.background.systemjob.SystemJobService:android]
08-09 17:06:41.855 I/am_proc_start( 1319): [0,7533,10125,com.samsung.android.themestore,broadcast,{com.samsung.android.themestore/com.samsung.android.themestore.receiver.BootCompletedReceiver}]
08-09 17:06:41.856 I/am_wtf ( 1319): [0,1319,system_server,-1,JobScheduler.Quota,<0>com.samsung.android.themestore has 0 EJ quota without running anything]
08-09 17:06:41.856 I/am_wtf ( 1319): [0,1319,system_server,-1,JobScheduler.Quota,<0>com.samsung.android.themestore has 0 EJ quota without running anything]
08-09 17:06:41.857 I/am_wtf ( 1319): [0,1319,system_server,-1,JobScheduler.Quota,<0>com.samsung.android.themestore has 0 EJ quota without running anything]
08-09 17:06:41.865 I/power_partial_wake_state( 1319): [REL,47,*job*/com.samsung.android.stickercenter/.service.preload.PreloadJobService:android]
08-09 17:06:41.883 I/am_proc_bound( 1319): [0,7533,com.samsung.android.themestore]
08-09 17:06:41.902 D/SubscriptionController( 2286): [getActiveSubscriptionInfoForSimSlotIndex]+ slotIndex=0 subId={id=4 iccId= simSlotIndex=0 carrierId=2018 displayName=Jio carrierName=JIO 4G | Jio nameSource=1 iconTint=-16746133 number= dataRoaming=0 iconBitmap=null mcc=405 mnc=874 countryIso=in isEmbedded=false nativeAccessRules=null cardString= cardId=3 portIndex=0 isOpportunistic=false groupUUID=null isGroupDisabled=false profileClass=-1 ehplmns=null hplmns=null subscriptionType=0 groupOwner=null carrierConfigAccessRules=null areUiccApplicationsEnabled=true usageSetting=0}
08-09 17:06:41.927 I/notification_cancel_all( 1319): [10200,5943,com.sec.unifiedwfc,0,0,64,9,NULL]
08-09 17:06:41.946 I/commit_sys_config_file( 1319): [jobs,22]
08-09 17:06:41.961 I/am_uid_active( 1319): 10200
08-09 17:06:41.972 I/notification_cancel( 1319): [10039,2306,com.android.systemui,4660,Flashlight,-1,0,1088,8,NULL]
08-09 17:06:42.008 I/notification_cancel( 1319): [10039,2306,com.android.systemui,4660,Flashlight,-1,0,1088,8,NULL]
08-09 17:06:42.036 E/TelephonyManager( 2306): isDataEnabled Bindcalling pid : 2306, uid : 10039
08-09 17:06:42.054 D/SubscriptionController( 2286): [getActiveSubscriptionInfoForSimSlotIndex]+ slotIndex=0 subId={id=4 iccId= simSlotIndex=0 carrierId=2018 displayName=Jio carrierName=JIO 4G | Jio nameSource=1 iconTint=-16746133 number= dataRoaming=0 iconBitmap=null mcc=405 mnc=874 countryIso=in isEmbedded=false nativeAccessRules=null cardString= cardId=3 portIndex=0 isOpportunistic=false groupUUID=null isGroupDisabled=false profileClass=-1 ehplmns=null hplmns=null subscriptionType=0 groupOwner=null carrierConfigAccessRules=null areUiccApplicationsEnabled=true usageSetting=0}
08-09 17:06:42.077 I/gms_unknown( 4545): 2369
08-09 17:06:42.077 I/gms_unknown( 4545): 47106
08-09 17:06:42.105 D/ARGOS ( 3432): argos: argos_monitor: UFS - Mbps:1454 prev_tput:1231
08-09 17:06:42.110 I/gms_unknown( 4545): [CheckinTask:duration,0]
08-09 17:06:42.115 I/power_partial_wake_state( 1319): [REL,5,Checkin Service:com.google.android.gms]
08-09 17:06:42.117 I/power_partial_wake_state( 1319): [REL,34,wake:com.google.android.gms/.chimera.GmsIntentOperationService - 913:com.google.android.gms]
08-09 17:06:42.122 I/power_partial_wake_state( 1319): [REL,12,*job*/com.samsung.android.app.contacts/com.samsung.android.dialtacts.model.component.service.makesimdbservice.MakeSimDBService:android]
08-09 17:06:42.129 I/dvm_lock_sample( 7451): [com.facebook.orca,0,AppInit6,45,,21,java.lang.Object X.13Q.A04(X.137, java.lang.Object, int),-,97,java.lang.Object X.13Q.A04(X.137, java.lang.Object, int),9]
08-09 17:06:42.132 I/power_partial_wake_state( 1319): [REL,4,*job*/com.google.android.apps.tachyon/androidx.work.impl.background.systemjob.SystemJobService:android]
08-09 17:06:42.144 D/SubscriptionController( 2286): [getActiveSubscriptionInfoForSimSlotIndex]+ slotIndex=0 subId={id=4 iccId= simSlotIndex=0 carrierId=2018 displayName=Jio carrierName=JIO 4G | Jio nameSource=1 iconTint=-16746133 number= dataRoaming=0 iconBitmap=null mcc=405 mnc=874 countryIso=in isEmbedded=false nativeAccessRules=null cardString= cardId=3 portIndex=0 isOpportunistic=false groupUUID=null isGroupDisabled=false profileClass=-1 ehplmns=null hplmns=null subscriptionType=0 groupOwner=null carrierConfigAccessRules=null areUiccApplicationsEnabled=true usageSetting=0}
08-09 17:06:42.155 I/am_wtf ( 1319): [0,1319,system_server,-1,JobScheduler.JobStatus,App com.samsung.android.themestore became active but still in NEVER bucket]
08-09 17:06:42.163 I/power_partial_wake_state( 1319): [REL,8,*job*/com.samsung.android.themestore/com.samsung.android.sdk.smp.SmpJobService:android]
08-09 17:06:42.169 I/commit_sys_config_file( 1319): [settings-2-0,32]
08-09 17:06:42.190 I/power_partial_wake_state( 1319): [REL,61,*job*/com.google.android.apps.tachyon/androidx.work.impl.background.systemjob.SystemJobService:android]
08-09 17:06:42.191 I/c2dm ( 3758): [-19,SUCCESSFUL,0,0]
08-09 17:06:42.202 I/power_partial_wake_state( 1319): [REL,92,*job*/com.samsung.android.app.contacts/com.samsung.android.dialtacts.model.component.service.makesimdbservice.MakeSimDBService:android]
08-09 17:06:42.213 I/power_partial_wake_state( 1319): [REL,1642,fiid-sync:com.samsung.android.knox.pushmanager]
08-09 17:06:42.219 I/dvm_lock_sample( 1319): [system_server,0,main,15,ContentObserverController.java,232,void com.android.server.job.controllers.ContentObserverController$ObserverInstance.onChange(boolean, android.net.Uri),JobSchedulerService.java,3445,boolean com.android.server.job.JobSchedulerService.isBatteryCharging(),3]
08-09 17:06:42.224 I/am_proc_start( 1319): [0,7641,1000,com.samsung.logwriter,broadcast,{com.samsung.logwriter/com.samsung.logwriter.receiver.LogWriterReceiver}]
08-09 17:06:42.234 I/power_partial_wake_state( 1319): [REL,14,*job*/com.android.vending/com.google.android.finsky.scheduler.process.mainimpl.PhoneskyJobServiceMain:android]
08-09 17:06:42.236 I/power_partial_wake_state( 1319): [REL,80,*job*/com.samsung.android.themestore/com.samsung.android.sdk.smp.SmpJobService:android]
08-09 17:06:42.271 I/am_proc_bound( 1319): [0,7641,com.samsung.logwriter]
08-09 17:06:42.302 I/power_partial_wake_state( 1319): [REL,28,*job*/com.sec.unifiedwfc/androidx.work.impl.background.systemjob.SystemJobService:android]
08-09 17:06:42.314 I/dvm_lock_sample( 1319): [system_server,0,binder:1319_D,33,ActivityManagerService.java,15067,void com.android.server.am.ActivityManagerService.serviceDoneExecuting(android.os.IBinder, int, int, int),,0,null,6]
08-09 17:06:42.319 I/dvm_lock_sample( 1319): [system_server,1,binder:1319_F,26,ActivityManagerService.java,15487,android.content.Intent com.android.server.am.ActivityManagerService.registerReceiverWithFeature(android.app.IApplicationThread, java.lang.String, java.lang.String, java.lang.String, android.content.IIntentReceiver, android.content.IntentFilter, java.lang.String, int, int),,0,null,5]
08-09 17:06:42.326 I/commit_sys_config_file( 1319): [notification-policy,21869]
08-09 17:06:42.331 I/power_partial_wake_state( 1319): [REL,111,*job*/com.android.vending/com.google.android.finsky.scheduler.process.mainimpl.PhoneskyJobServiceMain:android]
08-09 17:06:42.334 D/SubscriptionController( 2286): [getActiveSubscriptionInfoForSimSlotIndex]+ slotIndex=0 subId={id=4 iccId= simSlotIndex=0 carrierId=2018 displayName=Jio carrierName=JIO 4G | Jio nameSource=1 iconTint=-16746133 number= dataRoaming=0 iconBitmap=null mcc=405 mnc=874 countryIso=in isEmbedded=false nativeAccessRules=null cardString= cardId=3 portIndex=0 isOpportunistic=false groupUUID=null isGroupDisabled=false profileClass=-1 ehplmns=null hplmns=null subscriptionType=0 groupOwner=null carrierConfigAccessRules=null areUiccApplicationsEnabled=true usageSetting=0}
08-09 17:06:42.353 I/sysui_multi_action( 1319): [757,804,799,shutdown_activity_manager,801,393,802,1]
08-09 17:06:42.353 I/sysui_multi_action( 1319): [757,804,799,shutdown_radios,801,738,802,1]
08-09 17:06:42.353 I/sysui_multi_action( 1319): [757,804,799,shutdown_radio,801,723,802,1]
08-09 17:06:42.353 I/sysui_multi_action( 1319): [757,804,799,shutdown_send_shutdown_broadcast,801,430,802,1]
08-09 17:06:42.353 I/sysui_multi_action( 1319): [757,804,799,shutdown_system_server,801,1662,802,1]
08-09 17:06:42.353 I/sysui_multi_action( 1319): [757,804,799,shutdown_package_manager,801,58,802,1]
08-09 17:06:42.356 I/commit_sys_config_file( 1319): [log-files,20997]
08-09 17:06:42.362 I/power_partial_wake_state( 1319): [REL,87,*job*/com.sec.unifiedwfc/androidx.work.impl.background.systemjob.SystemJobService:android]
08-09 17:06:42.374 I/am_kill ( 1319): [0,5655,com.samsung.android.calendar,999,empty #33]
08-09 17:06:42.382 I/am_uid_running( 1319): 10062
08-09 17:06:42.384 I/am_kill ( 1319): [0,5958,com.samsung.android.game.gametools,999,empty #33]
08-09 17:06:42.402 I/am_proc_start( 1319): [0,7682,10062,com.facebook.services,broadcast,{com.facebook.services/com.facebook.oxygen.services.fbns.RegisteredMqttSystemBroadcastReceiver}]
08-09 17:06:42.419 I/am_proc_died( 1319): [0,5958,com.samsung.android.game.gametools,999,19,138,3921]
08-09 17:06:42.419 I/am_uid_stopped( 1319): 10066
08-09 17:06:42.433 I/am_proc_died( 1319): [0,5655,com.samsung.android.calendar,999,19,145,3913]
08-09 17:06:42.434 I/am_uid_stopped( 1319): 10197
08-09 17:06:42.451 I/am_proc_bound( 1319): [0,7682,com.facebook.services]
08-09 17:06:42.482 D/DDS-TelephonyNetworkFactory[0]( 2286): got request NetworkRequest [ REQUEST id=149, [ Capabilities: INTERNET&NOT_RESTRICTED&TRUSTED&NOT_VCN_MANAGED Uid: 10273 RequestorUid: 1000 RequestorPkg: android UnderlyingNetworks: Null] ]
08-09 17:06:42.482 D/DDS-TelephonyNetworkFactory[0]( 2286): handleMessage msg={ when=0 what=3 obj=NetworkRequest [ REQUEST id=149, [ Capabilities: INTERNET&NOT_RESTRICTED&TRUSTED&NOT_VCN_MANAGED Uid: 10273 RequestorUid: 1000 RequestorPkg: android UnderlyingNetworks: Null] ] target=com.android.internal.telephony.data.TelephonyNetworkFactory$InternalHandler }
08-09 17:06:42.484 D/DDS-TelephonyNetworkFactory[0]( 2286): onNeedNetworkFor [NetworkRequest [ REQUEST id=149, [ Capabilities: INTERNET&NOT_RESTRICTED&TRUSTED&NOT_VCN_MANAGED Uid: 10273 RequestorUid: 1000 RequestorPkg: android UnderlyingNetworks: Null] ], mPriority=0, state=UNSATISFIED, mAttachedDataNetwork=null, isMetered=false, created time=17:06:42.483, evaluation result=null] shouldApply true
08-09 17:06:42.485 D/DCT-C-0 ( 2286): DDS-DcTracker.requestNetwork for NetworkRequest [ REQUEST id=149, [ Capabilities: INTERNET&NOT_RESTRICTED&TRUSTED&NOT_VCN_MANAGED Uid: 10273 RequestorUid: 1000 RequestorPkg: android UnderlyingNetworks: Null] ] found {mApnType=default mState=CONNECTED mWaitingApns={[[ApnSetting] Jio 4G, 6085, 405874, jionet, , null, , null, null, 0, supl | hipri | default | xcap, IPV4V6, IPV4V6, true, 0, false, 20, 0, 300, 0, 0, null, , false, UNKNOWN, UNKNOWN, 0, -1, -1, false] priority=1} mApnSetting={[ApnSetting] Jio 4G, 6085, 405874, jionet, , null, , null, null, 0, supl | hipri | default | xcap, IPV4V6, IPV4V6, true, 0, false, 20, 0, 300, 0, 0, null, , false, UNKNOWN, UNKNOWN, 0, -1, -1, false} mReason=connected mNeedDisconnectByDdsChange=false mDataEnabled=true}, type=NORMAL
08-09 17:06:42.485 D/DC-C-1 ( 2286): reevaluate data connection properties
08-09 17:06:42.485 D/DCT-C-0 ( 2286): onEnableApn: apnType=default, request type=NORMAL
08-09 17:06:42.486 D/DCT-C-0 ( 2286): onEnableApn: APN in CONNECTED state. Exit now.
08-09 17:06:42.536 I/am_kill ( 1319): [0,3818,com.samsung.android.messaging,999,empty #33]
08-09 17:06:42.558 I/am_proc_died( 1319): [0,3818,com.samsung.android.messaging,999,19,160,3908]
08-09 17:06:42.560 I/am_uid_stopped( 1319): 10104
08-09 17:06:42.570 I/am_proc_start( 1319): [0,7714,1000,com.skms.android.agent,broadcast,{com.skms.android.agent/com.skms.android.agent.eSEFraReceiver}]
08-09 17:06:42.624 I/am_proc_bound( 1319): [0,7714,com.skms.android.agent]
08-09 17:06:42.720 I/power_partial_wake_state( 1319): [CHG,8,Icing:com.google.android.gms]
08-09 17:06:42.730 I/power_partial_wake_state( 1319): [CHG,11,Icing:com.google.android.gms]
08-09 17:06:42.733 I/power_partial_wake_state( 1319): [REL,13,*job*/com.samsung.android.scs/androidx.work.impl.background.systemjob.SystemJobService:android]
08-09 17:06:42.735 I/power_partial_wake_state( 1319): [REL,1,nearby:ENWearableDeviceManager:com.google.android.gms]
08-09 17:06:42.743 I/power_partial_wake_state( 1319): [REL,10,Icing:com.google.android.gms]
08-09 17:06:42.751 I/notification_cancel( 1319): [10224,3758,com.google.android.gms,56933,NULL,0,0,1088,8,NULL]
08-09 17:06:42.766 D/SST-SEM ( 2286): [1] requestAllCellInfo - UID: 1001, PID: 2286
08-09 17:06:42.769 I/power_partial_wake_state( 1319): [CHG,2,*telephony-radio*:com.android.phone]
08-09 17:06:42.770 D/RILJ ( 2286): [0456]> GET_CELL_INFO_LIST [PHONE1]
08-09 17:06:42.773 E/rild ( 1413): getCellInfoListResponse: Invalid response
08-09 17:06:42.774 I/notification_cancel( 1319): [10224,3758,com.google.android.gms,56932,NULL,0,0,1088,8,NULL]
08-09 17:06:42.774 D/RILJ ( 2286): [0456]< GET_CELL_INFO_LIST error 63 [PHONE1]
08-09 17:06:42.774 D/RilRequest( 2286): [0456]< GET_CELL_INFO_LIST error: com.android.internal.telephony.CommandException: NO_NETWORK_FOUND ret= result={ when=-40s670ms what=43 target=com.android.internal.telephony.SemServiceStateTracker }
08-09 17:06:42.775 D/SST ( 2286): [1] EVENT_GET_CELL_INFO_LIST: error ret null, e=com.android.internal.telephony.CommandException: NO_NETWORK_FOUND
08-09 17:06:42.775 D/LocaleTracker-1( 2286): Can't get cell info. Try again in 16 secs.
08-09 17:06:42.775 I/power_partial_wake_state( 1319): [CHG,6,*telephony-radio*:com.android.phone]
08-09 17:06:42.775 I/power_partial_wake_state( 1319): [REL,0,*telephony-radio*:com.android.phone]
08-09 17:06:42.777 I/notification_cancel( 1319): [10224,3758,com.google.android.gms,56935,NULL,0,0,1088,8,NULL]
08-09 17:06:42.784 I/am_kill ( 1319): [0,6147,com.samsung.android.app.routines:RoutineUIProcess,965,empty #33]
08-09 17:06:42.784 I/notification_cancel( 1319): [10224,3758,com.google.android.gms,115357,NULL,0,0,1088,8,NULL]
08-09 17:06:42.819 I/power_partial_wake_state( 1319): [REL,98,*job*/com.samsung.android.scs/androidx.work.impl.background.systemjob.SystemJobService:android]
08-09 17:06:42.821 I/am_proc_died( 1319): [0,6147,com.samsung.android.app.routines:RoutineUIProcess,965,19,133,3899]
08-09 17:06:42.825 I/notification_cancel( 1319): [10224,3758,com.google.android.gms,115356,NULL,0,0,1088,8,NULL]
08-09 17:06:42.825 I/notification_cancel( 1319): [10224,3758,com.google.android.gms,115358,NULL,0,0,1088,8,NULL]
08-09 17:06:42.850 D/CAT ( 2286): STK: [ACTION_BOOT_COMPLETED]
08-09 17:06:42.853 D/CAT ( 2286): StkAppService: onCreate()+
08-09 17:06:42.856 I/sysui_multi_action( 1319): [757,856,758,1,806,com.android.stk,857,mobileServiceMessages,858,4]
08-09 17:06:42.861 D/CAT ( 2286): StkAppService: onStartCommand)
08-09 17:06:42.861 D/CAT ( 2286): StkAppService: Before SendMessage to ServiceHandler)
08-09 17:06:42.861 D/CAT ( 2286): StkAppService: After SendMessage to ServiceHandler)
08-09 17:06:42.861 D/CAT ( 2286): StkAppService: handleMessage opcode[5], sim id[0]
08-09 17:06:42.862 D/CAT ( 2286): StkAppService: OP_BOOT_COMPLETED
08-09 17:06:42.866 I/notification_enqueue( 1319): [1000,6160,com.wssyncmldm,3,NULL,0,Notification(channel=IDM_NOTIFICATION_CHANNEL_NO_SOUND_NO_VIBRATION shortcut=null contentView=null vibrate=null sound=null defaults=0x0 flags=0x2 color=0xff8c96aa vis=PRIVATE semFlags=0x0 semPriority=0 semMissedCount=0),0,NULL]
08-09 17:06:42.881 I/wm_task_created( 1319): [97,-1]
08-09 17:06:42.881 I/wm_task_windowing_mode_changed( 1319): [97,0,1]
08-09 17:06:42.889 I/wm_task_moved( 1319): [97,1,3]
08-09 17:06:42.889 I/wm_task_to_front( 1319): [0,97]
08-09 17:06:42.890 I/wm_create_task( 1319): [0,97,1]
08-09 17:06:42.890 I/wm_create_activity( 1319): [0,13934991,97,com.wssyncmldm/com.idm.fotaagent.enabler.ui.downloadprogress.DownloadProgressActivity,2429,NULL,NULL,881065984,startActivityAsUser:com.wssyncmldm:-1]
08-09 17:06:42.890 I/wm_on_top_resumed_lost_called( 2775): [109097444,com.sec.android.app.launcher.activities.LauncherActivity,topStateChangedWhenResumed]
08-09 17:06:42.890 I/wm_task_moved( 1319): [97,1,3]
08-09 17:06:42.892 I/wm_pause_activity( 1319): [0,109097444,com.sec.android.app.launcher/.activities.LauncherActivity,userLeaving=false,pauseBackTasks]
08-09 17:06:42.904 I/dvm_lock_sample( 1319): [system_server,1,android.display,23,RootWindowContainer.java,4229,void com.android.server.wm.RootWindowContainer$RankTaskLayersRunnable.run(),AppTaskImpl.java,112,android.app.ActivityManager$RecentTaskInfo com.android.server.wm.AppTaskImpl.getTaskInfo(),4]
08-09 17:06:42.906 D/CAT ( 2286): STK2: [ACTION_BOOT_COMPLETED]
08-09 17:06:42.911 I/wm_on_paused_called( 2775): [109097444,com.sec.android.app.launcher.activities.LauncherActivity,performPause]
08-09 17:06:42.912 I/wm_add_to_stopping( 1319): [0,109097444,com.sec.android.app.launcher/.activities.LauncherActivity,makeInvisible]
08-09 17:06:42.915 I/wm_restart_activity( 1319): [0,13934991,97,com.wssyncmldm/com.idm.fotaagent.enabler.ui.downloadprogress.DownloadProgressActivity]
08-09 17:06:42.918 I/wm_set_resumed_activity( 1319): [0,com.wssyncmldm/com.idm.fotaagent.enabler.ui.downloadprogress.DownloadProgressActivity,minimalResumeActivityLocked]
08-09 17:06:42.920 I/sysui_multi_action( 1319): [757,803,799,window_time_0,802,14]
08-09 17:06:42.924 I/input_focus( 1319): [Requesting to set focus to null window,reason=UpdateInputWindows]
08-09 17:06:42.933 I/input_focus( 1319): [Focus leaving c4278c1 com.sec.android.app.launcher/com.sec.android.app.launcher.activities.LauncherActivity (server),reason=Waiting for window because NOT_FOCUSABLE]
08-09 17:06:42.934 D/CAT ( 2286): StkAppService: onCreate()+
08-09 17:06:42.938 I/sysui_multi_action( 1319): [757,856,758,1,806,com.android.stk2,857,stk2,858,4]
08-09 17:06:42.962 I/am_proc_start( 1319): [0,7792,10194,com.samsung.android.app.smartcapture,broadcast,{com.samsung.android.app.smartcapture/com.samsung.android.app.SmartCaptureReceiver}]
08-09 17:06:42.965 I/service_manager_slow( 2286): [24,thermalservice]
08-09 17:06:42.965 D/CAT ( 2286): StkAppService: onStartCommand)
08-09 17:06:42.965 D/CAT ( 2286): StkAppService: onStartCommand mStkService == null
08-09 17:06:42.974 D/CAT ( 2286): StkAppService: isRunningStk
08-09 17:06:42.980 I/am_proc_start( 1319): [0,7796,5009,com.samsung.android.scloud,content provider,{com.samsung.android.scloud/com.samsung.android.scloud.app.manifest.SCloudStatusProvider}]
