--------- beginning of events
01-02 12:13:08.161 I/snet_event_log( 633): [121035042,-1,]
01-02 12:13:08.164 I/snet_event_log( 631): [121035042,-1,]
01-02 12:13:08.168 I/auditd ( 631): Multiple same specifications for vendor.samsung.frameworks.codecsolution.ISehCodecSolution/default.
01-02 12:13:08.169 I/auditd ( 631): SELinux: Loaded service_contexts from:
01-02 12:13:08.169 I/auditd ( 631): /system/etc/selinux/plat_service_contexts
01-02 12:13:08.169 I/auditd ( 631): /system_ext/etc/selinux/system_ext_service_contexts
01-02 12:13:08.169 I/auditd ( 631): /product/etc/selinux/product_service_contexts
01-02 12:13:08.169 I/auditd ( 631): /vendor/etc/selinux/vendor_service_contexts --------- beginning of radio
01-02 12:13:08.483 D/SEC_CONFIG( 686): secril_config_service starts
01-02 12:13:08.483 D/SIM_CONFIG( 686): getModelType() 0
01-02 12:13:08.484 D/SIM_CONFIG( 686): setSimConfig() slot count : 2
01-02 12:13:08.688 I/auditd ( 693): SELinux: Loaded keystore2_key_contexts from:
01-02 12:13:08.688 I/auditd ( 693): /system/etc/selinux/plat_keystore2_key_contexts
01-02 12:13:09.998 E/RILClient( 878): Connect_RILD_Internal: Connecting failed. Connection refused(111)
01-02 12:13:10.009 D/SEC_CONFIG( 882): secril_config_service starts
01-02 12:13:10.009 D/SEC_CONFIG( 882): NetworkConfig: NetworkConfig()
01-02 12:13:10.009 D/SEC_CONFIG( 882): NetworkConfig: ro.csc.sales_code - INS
01-02 12:13:10.009 D/SEC_CONFIG( 882): NetworkConfig: isDecideNetworkMode()
01-02 12:13:10.010 D/SEC_CONFIG( 882): NetworkConfig: after checkNetworkMode() - 26
01-02 12:13:10.011 D/SEC_CONFIG( 882): NetworkConfig: trying to set mode: 26
01-02 12:13:10.011 D/SEC_CONFIG( 882): NetworkConfig: NetworkConfig Done
01-02 12:13:10.011 D/SEC_CONFIG( 882): NetworkConfig: supportVoiceCapable - 0
08-09 17:06:11.792 E/RILClient( 879): Connect_RILD_Internal: Connecting failed. Connection refused(111)
08-09 17:06:11.843 E/RILClient( 879): Connect_RILD_Internal: Connecting failed. Connection refused(111)
08-09 17:06:11.863 I/boot_progress_start( 925): 8986
08-09 17:06:11.893 E/RILClient( 879): Connect_RILD_Internal: Connecting failed. Connection refused(111)
08-09 17:06:11.943 E/RILClient( 879): Connect_RILD_Internal: Connecting failed. Connection refused(111)
08-09 17:06:11.993 E/RILClient( 879): Connect_RILD_Internal: Connecting failed. Connection refused(111)
08-09 17:06:12.044 E/RILClient( 879): Connect_RILD_Internal: Connecting failed. Connection refused(111)
08-09 17:06:12.094 E/RILClient( 879): Connect_RILD_Internal: Connecting failed. Connection refused(111)
08-09 17:06:12.145 E/RILClient( 879): Connect_RILD_Internal: Connecting failed. Connection refused(111)
08-09 17:06:12.173 E/RILClient( 878): Connect_RILD_Internal: Connecting failed. Connection refused(111)
08-09 17:06:12.195 E/RILClient( 879): Connect_RILD_Internal: Connecting failed. Connection refused(111)
08-09 17:06:12.245 E/RILClient( 879): Connect_RILD_Internal: Connecting failed. Connection refused(111)
08-09 17:06:12.296 E/RILClient( 879): Connect_RILD_Internal: Connecting failed. Connection refused(111)
08-09 17:06:12.346 E/RILClient( 879): Connect_RILD_Internal: Connecting failed. Connection refused(111)
08-09 17:06:12.396 E/RILClient( 879): Connect_RILD_Internal: Connecting failed. Connection refused(111)
08-09 17:06:12.415 I/snet_event_log( 925): [200284993,-1,]
08-09 17:06:12.444 I/snet_event_log( 926): [200284993,-1,]
08-09 17:06:12.447 E/RILClient( 879): Connect_RILD_Internal: Connecting failed. Connection refused(111)
08-09 17:06:12.497 E/RILClient( 879): Connect_RILD_Internal: Connecting failed. Connection refused(111)
08-09 17:06:12.537 I/boot_progress_preload_start( 925): 9660
08-09 17:06:12.547 E/RILClient( 879): Connect_RILD_Internal: Connecting failed. Connection refused(111)
08-09 17:06:12.558 I/liblog ( 1034): 1
08-09 17:06:12.558 I/liblog ( 1034): 1
08-09 17:06:12.558 I/liblog ( 1034): 1
08-09 17:06:12.558 I/liblog ( 1034): 2
08-09 17:06:12.558 I/liblog ( 1034): 1
08-09 17:06:12.558 I/liblog ( 1034): 1
08-09 17:06:12.558 I/liblog ( 1034): 2
08-09 17:06:12.558 I/liblog ( 1034): 1
08-09 17:06:12.558 I/liblog ( 1034): 1
08-09 17:06:12.558 I/liblog ( 1034): 1
08-09 17:06:12.598 E/RILClient( 879): Connect_RILD_Internal: Connecting failed. Connection refused(111)
08-09 17:06:12.648 E/RILClient( 879): Connect_RILD_Internal: Connecting failed. Connection refused(111)
08-09 17:06:12.698 E/RILClient( 879): Connect_RILD_Internal: Connecting failed. Connection refused(111)
08-09 17:06:12.723 W/SubscriptionManager( 925): Failed to recompute cache key for cache_key.telephony.get_default_sms_sub_id
08-09 17:06:12.749 E/RILClient( 879): Connect_RILD_Internal: Connecting failed. Connection refused(111)
08-09 17:06:12.799 E/RILClient( 879): Connect_RILD_Internal: Connecting failed. Connection refused(111)
08-09 17:06:12.865 E/RILClient( 879): Connect_RILD_Internal: Connecting failed. Connection refused(111)
08-09 17:06:12.917 E/RILClient( 879): Connect_RILD_Internal: Connecting failed. Connection refused(111)
08-09 17:06:12.967 E/RILClient( 879): Connect_RILD_Internal: Connecting failed. Connection refused(111)
08-09 17:06:13.018 E/RILClient( 879): Connect_RILD_Internal: Connecting failed. Connection refused(111)
08-09 17:06:13.068 E/RILClient( 879): Connect_RILD_Internal: Connecting failed. Connection refused(111)
08-09 17:06:13.119 E/RILClient( 879): Connect_RILD_Internal: Connecting failed. Connection refused(111)
08-09 17:06:13.169 E/RILClient( 879): Connect_RILD_Internal: Connecting failed. Connection refused(111)
08-09 17:06:13.176 E/RILClient( 878): Connect_RILD_Internal: Connecting failed. Connection refused(111)
08-09 17:06:13.220 E/RILClient( 879): Connect_RILD_Internal: Connecting failed. Connection refused(111)
08-09 17:06:13.225 I/dvm_lock_sample( 925): [zygote64,0,0 ~ 5411 (preloading: android.app.SystemServiceRegistry),443,Resources.java,286,android.content.res.Resources android.content.res.Resources.getSystem(),-,292,android.content.res.Resources android.content.res.Resources.getSystem(),88]
08-09 17:06:13.270 E/RILClient( 879): Connect_RILD_Internal: Connecting failed. Connection refused(111)
08-09 17:06:13.321 E/RILClient( 879): Connect_RILD_Internal: Connecting failed. Connection refused(111)
08-09 17:06:13.371 E/RILClient( 879): Connect_RILD_Internal: Connecting failed. Connection refused(111)
08-09 17:06:13.422 E/RILClient( 879): Connect_RILD_Internal: Connecting failed. Connection refused(111)
08-09 17:06:13.472 E/RILClient( 879): Connect_RILD_Internal: Connecting failed. Connection refused(111)
08-09 17:06:13.523 E/RILClient( 879): Connect_RILD_Internal: Connecting failed. Connection refused(111)
08-09 17:06:13.573 E/RILClient( 879): Connect_RILD_Internal: Connecting failed. Connection refused(111)
08-09 17:06:13.623 E/RILClient( 879): Connect_RILD_Internal: Connecting failed. Connection refused(111)
08-09 17:06:13.668 I/boot_progress_preload_end( 925): 10791
08-09 17:06:13.673 E/RILClient( 879): Connect_RILD_Internal: Connecting failed. Connection refused(111)
08-09 17:06:13.724 E/RILClient( 879): Connect_RILD_Internal: Connecting failed. Connection refused(111)
08-09 17:06:13.774 E/RILClient( 879): Connect_RILD_Internal: Connecting failed. Connection refused(111)
08-09 17:06:13.824 E/RILClient( 879): Connect_RILD_Internal: Connecting failed. Connection refused(111)
08-09 17:06:13.874 E/RILClient( 879): Connect_RILD_Internal: Connecting failed. Connection refused(111)
08-09 17:06:13.925 E/RILClient( 879): Connect_RILD_Internal: Connecting failed. Connection refused(111)
08-09 17:06:13.975 E/RILClient( 879): Connect_RILD_Internal: Connecting failed. Connection refused(111)
08-09 17:06:14.025 E/RILClient( 879): Connect_RILD_Internal: Connecting failed. Connection refused(111)
08-09 17:06:14.076 E/RILClient( 879): Connect_RILD_Internal: Connecting failed. Connection refused(111)
08-09 17:06:14.128 E/RILClient( 879): Connect_RILD_Internal: Connecting failed. Connection refused(111)
08-09 17:06:14.177 E/RILClient( 878): Connect_RILD_Internal: Connecting failed. Connection refused(111)
08-09 17:06:14.178 E/RILClient( 879): Connect_RILD_Internal: Connecting failed. Connection refused(111)
08-09 17:06:14.229 E/RILClient( 879): Connect_RILD_Internal: Connecting failed. Connection refused(111)
08-09 17:06:14.279 E/RILClient( 879): Connect_RILD_Internal: Connecting failed. Connection refused(111)
08-09 17:06:14.330 E/RILClient( 879): Connect_RILD_Internal: Connecting failed. Connection refused(111)
08-09 17:06:14.381 E/RILClient( 879): Connect_RILD_Internal: Connecting failed. Connection refused(111)
08-09 17:06:14.431 E/RILClient( 879): Connect_RILD_Internal: Connecting failed. Connection refused(111)
08-09 17:06:14.481 E/RILClient( 879): Connect_RILD_Internal: Connecting failed. Connection refused(111)
08-09 17:06:14.532 E/RILClient( 879): Connect_RILD_Internal: Connecting failed. Connection refused(111)
08-09 17:06:14.582 E/RILClient( 879): Connect_RILD_Internal: Connecting failed. Connection refused(111)
08-09 17:06:14.632 E/RILClient( 879): Connect_RILD_Internal: Connecting failed. Connection refused(111)
08-09 17:06:14.682 E/RILClient( 879): Connect_RILD_Internal: Connecting failed. Connection refused(111)
08-09 17:06:14.733 E/RILClient( 879): Connect_RILD_Internal: Connecting failed. Connection refused(111)
08-09 17:06:14.783 E/RILClient( 879): Connect_RILD_Internal: Connecting failed. Connection refused(111)
08-09 17:06:14.804 I/liblog ( 1000): 129
08-09 17:06:14.814 I/system_server_start( 1319): [1,11930,11930]
08-09 17:06:14.814 I/boot_progress_system_run( 1319): 11937
08-09 17:06:14.833 E/RILClient( 879): Connect_RILD_Internal: Connecting failed. Connection refused(111)
08-09 17:06:14.883 E/RILClient( 879): Connect_RILD_Internal: Connecting failed. Connection refused(111)
08-09 17:06:14.889 D/RILD ( 1413): **RIL Daemon Started**
08-09 17:06:14.889 D/RILD ( 1413): **RILd param count=1**
08-09 17:06:14.892 D/RILD ( 1413): rilLibPath = /vendor/lib64/libsec-ril.so
08-09 17:06:14.934 E/RILClient( 879): Connect_RILD_Internal: Connecting failed. Connection refused(111)
08-09 17:06:14.984 E/RILClient( 879): Connect_RILD_Internal: Connecting failed. Connection refused(111)
08-09 17:06:15.001 D/ATD ( 1495): setProdCode sales code INS
08-09 17:06:15.002 D/ATD ( 1495): gUartPath = /dev/ttyHS8
08-09 17:06:15.003 D/ATD ( 1495): UART ttyHS8 is not used by console
08-09 17:06:15.003 D/ATD ( 1495): MakeLocalServer(): AirCmdService Communication: Server_socket 5
08-09 17:06:15.003 D/ATD ( 1495): InitSocketAcceptHandler(): AirCmdService, id(6), fd(5)
08-09 17:06:15.003 D/ATD ( 1495): MakeLocalServer(): FactoryClientRecv Communication: Server_socket 6
08-09 17:06:15.003 D/ATD ( 1495): InitSocketAcceptHandler(): FactoryClientRecv, id(0), fd(6)
08-09 17:06:15.003 D/ATD ( 1495): MakeLocalServer(): FactoryClientSend Communication: Server_socket 7
08-09 17:06:15.003 D/ATD ( 1495): InitSocketAcceptHandler(): FactoryClientSend, id(1), fd(7)
08-09 17:06:15.003 D/ATD ( 1495): MakeLocalServer(): ATDMultiClient Communication: Server_socket 8
08-09 17:06:15.003 D/ATD ( 1495): InitSocketAcceptHandler(): ATDMultiClient, id(5), fd(8)
08-09 17:06:15.003 D/ATD ( 1495): MakeLocalServer(): SatsService Communication: Server_socket 9
08-09 17:06:15.003 D/ATD ( 1495): InitSocketAcceptHandler(): SatsService, id(8), fd(9)
08-09 17:06:15.003 D/ATD ( 1495): MakeLocalServer(): DiagApp Communication: Server_socket 10
08-09 17:06:15.003 D/ATD ( 1495): InitSocketAcceptHandler(): DiagApp, id(2), fd(10)
08-09 17:06:15.034 E/RILClient( 879): Connect_RILD_Internal: Connecting failed. Connection refused(111)
08-09 17:06:15.085 E/RILClient( 879): Connect_RILD_Internal: Connecting failed. Connection refused(111)
08-09 17:06:15.089 D/RILD ( 1413): RIL_Init argc = 3 simSlotCount = 2
08-09 17:06:15.089 D/RILD ( 1413): RIL_Init argc = 5 clientId = 0
08-09 17:06:15.103 D/RILD ( 1413): RIL_Init: SimCount: 2
08-09 17:06:15.103 D/RILD ( 1413): RIL_Init: Initialize XML Parser once
08-09 17:06:15.108 D/RILD ( 1413): SetQmiConfiguration: [lahaina]
08-09 17:06:15.135 E/RILClient( 879): Connect_RILD_Internal: Connecting failed. Connection refused(111)
08-09 17:06:15.178 E/RILClient( 878): Connect_RILD_Internal: Connecting failed. Connection refused(111)
08-09 17:06:15.184 D/RILD ( 1413): SetQmiConfiguration: cfgdb_ret = [0]
08-09 17:06:15.186 E/RILClient( 879): Connect_RILD_Internal: Connecting failed. Connection refused(111)
08-09 17:06:15.192 D/RILD ( 1413): ReadPhysNetDev: cfgdb_ret = [0]
08-09 17:06:15.192 D/RILD ( 1413): ReadSingleQmuxChConnIdStr: cfgdb_ret = [0]
08-09 17:06:15.192 E/RILD ( 1413): Error reading property [netmgr_config.lahaina.ep_type] Err[-4]. Default[4]
08-09 17:06:15.192 E/RILD ( 1413): ReadClatRpsMask: Error reading property [netmgr_config.lahaina.clat_rps_mask] Err[-4]
08-09 17:06:15.192 E/RILD ( 1413): ReadNetdevBudget: Error reading property [netmgr_config.lahaina.netdev_budget] Err[-4]
08-09 17:06:15.192 E/RILD ( 1413): ReadTcUlParameters: Error reading property [netmgr_config.lahaina.tc_ul_baserate] Err[-4]
08-09 17:06:15.192 E/RILD ( 1413): ReadTcUlParameters: Error reading property [netmgr_config.lahaina.dynamic_tc_ul_baserate] Err[-4]
08-09 17:06:15.192 E/RILD ( 1413): ReadTcUlParameters: Error reading property [netmgr_config.lahaina.tc_ul_burst] Err[-4]
08-09 17:06:15.192 E/RILD ( 1413): ReadQosEnabled: Error reading property [netmgr_config.lahaina.qos_disabled] Err[-4]
08-09 17:06:15.192 E/RILD ( 1413): ReadDataFormatParameters: Error reading property [netmgr_config.lahaina.dataformat_num_mux_channels] Err[-4]
08-09 17:06:15.192 E/RILD ( 1413): ReadMhip: Error reading property [netmgr_config.lahaina.mhip] Err[-4]; Setting to 0
08-09 17:06:15.192 E/RILD ( 1413): ReadLowLatencyFilters: Error reading property [netmgr_config.lahaina.low_latency_filters] Err[-4]; Setting to 0
08-09 17:06:15.192 E/RILD ( 1413): ReadRmnetPerf: Error reading property [netmgr_config.lahaina.rmnet_perf] Err[-4]; Setting to 0
08-09 17:06:15.192 D/RILD ( 1413): ReadKfcQmap: cfgdb_ret = [0]
08-09 17:06:15.192 E/RILD ( 1413): ReadHidtInfoParameters: Error reading property [netmgr_config.lahaina.idle_timer_detection.hidt_enabled] Err[-4]; Setting to 0
08-09 17:06:15.192 E/RILD ( 1413): ReadHidtInfoParameters: Error reading property [netmgr_config.lahaina.idle_timer_detection.hidt_timeout] Err[-4]; Setting to 0
08-09 17:06:15.192 E/RILD ( 1413): ReadHidtInfoParameters: Error reading property [netmgr_config.lahaina.idle_timer_detection.hidt_tcp_port] Err[-4]; Setting to 0
08-09 17:06:15.192 E/RILD ( 1413): ReadHidtInfoParameters: Error reading property [netmgr_config.lahaina.idle_timer_detection.hidt_udp_port] Err[-4]; Setting to 0
08-09 17:06:15.192 D/RILD ( 1413): ReadHidtInfoParameters: cfgdb_ret = [-4]
08-09 17:06:15.192 E/RILD ( 1413): Error reading property [netmgr_config.lahaina.ep_config_ext_ioctl_v2] Err[-4]
08-09 17:06:15.192 E/RILD ( 1413): Error reading property [netmgr_config.lahaina.phy_gso_max_size] Err[-4]; Setting to 0
08-09 17:06:15.192 D/RILD ( 1413): RIL_Init[0]: phy intf: rmnet_ipa0, gsm net prefix: rmnet_data
08-09 17:06:15.192 D/RILD ( 1413): RIL_Init[1]: phy intf: rmnet_ipa0, gsm net prefix: rmnet_data
08-09 17:06:15.192 E/RILD ( 1413): ==== DumpQmiConfig ====
08-09 17:06:15.192 E/RILD ( 1413): ..dpm_enabled : [1]
08-09 17:06:15.192 E/RILD ( 1413): ..dpm_retry_timeout : [10000]
08-09 17:06:15.192 E/RILD ( 1413): ..wda_data_format_enabled: [1]
08-09 17:06:15.192 E/RILD ( 1413): ..qos_enabled : [1]
08-09 17:06:15.192 E/RILD ( 1413): ..ep_type : [4]
08-09 17:06:15.192 E/RILD ( 1413): ..single_qmux_ch_enabled : [1]
08-09 17:06:15.192 E/RILD ( 1413): ..single_qmux_ch_name : [rmnet0]
08-09 17:06:15.192 E/RILD ( 1413): ..single_qmux_ch_id : [DATA5_CNTL]
08-09 17:06:15.192 E/RILD ( 1413): ..phys_net_dev : [rmnet_ipa0]
08-09 17:06:15.192 E/RILD ( 1413): ..dl_agg_size : [64844]
08-09 17:06:15.192 E/RILD ( 1413): ..dl_agg_cnt : [63]
08-09 17:06:15.192 E/RILD ( 1413): ..dl_agg_mode : [9]
08-09 17:06:15.192 E/RILD ( 1413): ..ul_agg_size : [16384]
08-09 17:06:15.192 E/RILD ( 1413): ..ul_agg_cnt : [32]
08-09 17:06:15.192 E/RILD ( 1413): ..ul_agg_mode : [9]
08-09 17:06:15.192 E/RILD ( 1413): ..ul_agg_time : [1000000]
08-09 17:06:15.192 E/RILD ( 1413): ..ul_agg_features : [1]
08-09 17:06:15.192 E/RILD ( 1413): ..dl_gro_enabled : [1]
08-09 17:06:15.192 E/RILD ( 1413): ..ul_gso_enabled : [1]
08-09 17:06:15.192 E/RILD ( 1413): ..num_mux_channels : [8]
08-09 17:06:15.192 E/RILD ( 1413): ..vnd_rps_mask : [125]
08-09 17:06:15.192 E/RILD ( 1413): ..pnd_rps_mask : [2]
08-09 17:06:15.192 E/RILD ( 1413): ..clat_rps_mask : [0]
08-09 17:06:15.192 E/RILD ( 1413): ..netdev_budget : [0]
08-09 17:06:15.192 E/RILD ( 1413): ..rtm_rmnet_enabled : [1]
08-09 17:06:15.192 E/RILD ( 1413): ..dl_marker : [2]
08-09 17:06:15.192 E/RILD ( 1413): ..num_data_ports : [11]
08-09 17:06:15.192 E/RILD ( 1413): ..kernel flow control : [4]
08-09 17:06:15.192 E/RILD ( 1413): ..qmi_pc : [1]
08-09 17:06:15.192 E/RILD ( 1413): ..tc_ul_baserate : [0]
08-09 17:06:15.192 E/RILD ( 1413): ..tc_ul_ceiling_mbps : [800]
08-09 17:06:15.192 E/RILD ( 1413): ..dynamic_tc_ul_baserate : [0]
08-09 17:06:15.192 E/RILD ( 1413): ..qos_via_idl : [1]
08-09 17:06:15.192 E/RILD ( 1413): ..xlat_txcsum_disabled : [0]
08-09 17:06:15.192 E/RILD ( 1413): ..nr_fusion_target : [0]
08-09 17:06:15.192 E/RILD ( 1413): ..rsc : [1]
08-09 17:06:15.192 E/RILD ( 1413): ..rsb : [1]
08-09 17:06:15.192 E/RILD ( 1413): ..mhip : [0]
08-09 17:06:15.192 E/RILD ( 1413): ..low_latency_filters : [0]
08-09 17:06:15.192 E/RILD ( 1413): ..rmnet_perf : [0]
08-09 17:06:15.192 E/RILD ( 1413): ..rmnet_offload : [1]
08-09 17:06:15.192 E/RILD ( 1413): ..rmnet_shs : [1]
08-09 17:06:15.192 E/RILD ( 1413): ..kfc_qmap : [1]
08-09 17:06:15.192 E/RILD ( 1413): ..hidt feature_enabled : [0]
08-09 17:06:15.192 E/RILD ( 1413): ..hidt timeout : [0]
08-09 17:06:15.192 E/RILD ( 1413): ..hidt tcp_port : [0]
08-09 17:06:15.192 E/RILD ( 1413): ..hidt udp_port : [0]
08-09 17:06:15.192 E/RILD ( 1413): ..lpm_ref_count : [1]
08-09 17:06:15.192 E/RILD ( 1413): ..modem_ssr_state : [0]
08-09 17:06:15.192 E/RILD ( 1413): ..dfc_ps_ext : [0]
08-09 17:06:15.192 E/RILD ( 1413): ..llc.enabled : [0]
08-09 17:06:15.192 E/RILD ( 1413): ..llc.epid : [0]
08-09 17:06:15.192 E/RILD ( 1413): ..llc.consumer_pipe : [0]
08-09 17:06:15.192 E/RILD ( 1413): ..llc.producer_pipe : [0]
08-09 17:06:15.192 E/RILD ( 1413): ..llc.ul_agg_cnt : [0]
08-09 17:06:15.192 E/RILD ( 1413): ..llc.ul_agg_size : [0]
08-09 17:06:15.192 E/RILD ( 1413): ..llc.ul_agg_time : [0]
08-09 17:06:15.192 E/RILD ( 1413): ..llc.ul_agg_features : [0]
08-09 17:06:15.192 E/RILD ( 1413): ..llc.dl_agg_cnt : [0]
08-09 17:06:15.192 E/RILD ( 1413): ..llc.dl_agg_size : [0]
08-09 17:06:15.192 E/RILD ( 1413): ..llc.pnd_rps_mask : [0]
08-09 17:06:15.197 E/RILD ( 1413): create Thread[IPM]
08-09 17:06:15.199 E/RILD2 ( 1413): create Thread[IPM2]
08-09 17:06:15.213 E/RILD2 ( 1413): create Thread[TT2]
08-09 17:06:15.214 E/RILD2 ( 1413): create Thread[QAR2]
08-09 17:06:15.214 E/RILD2 ( 1413): Debug channel is not opened for ship build.
08-09 17:06:15.219 E/RILD2 ( 1413): Debug channel is not opened for ship build.
08-09 17:06:15.220 E/RILD2 ( 1413): Debug channel is not opened for ship build.
08-09 17:06:15.220 E/RILD2 ( 1413): Debug channel is not opened for ship build.
08-09 17:06:15.220 E/RILD2 ( 1413): create Thread[MTC2]
08-09 17:06:15.235 E/RILD2 ( 1413): NET-MGR - ModelType: 0 -> 1
08-09 17:06:15.235 E/RILD2 ( 1413): create Thread[ODEAR2]
08-09 17:06:15.235 E/RILD ( 1413): create Thread[TT]
08-09 17:06:15.236 E/RILD ( 1413): create Thread[QAR]
08-09 17:06:15.236 E/RILD ( 1413): Debug channel is not opened for ship build.
08-09 17:06:15.236 E/RILD ( 1413): Debug channel is not opened for ship build.
08-09 17:06:15.236 E/RILD ( 1413): Debug channel is not opened for ship build.
08-09 17:06:15.236 E/RILD ( 1413): Debug channel is not opened for ship build.
08-09 17:06:15.236 E/RILD ( 1413): create Thread[MTC]
08-09 17:06:15.236 E/RILClient( 879): Connect_RILD_Internal: Connecting failed. Connection refused(111)
08-09 17:06:15.239 E/RILD ( 1413): NET-MGR - ModelType: 0 -> 1
08-09 17:06:15.239 E/RILD ( 1413): create Thread[ODEAR]
08-09 17:06:15.268 E/RILD ( 1413): create Thread[SDBHAR]
08-09 17:06:15.268 E/RILD2 ( 1413): CALL-MGR - ModelType: 0 -> 1
08-09 17:06:15.268 E/RILD2 ( 1413): CALL-MGR - Make new CallManager (ModelType: 1)
08-09 17:06:15.278 E/RILD ( 1413): CALL-MGR - ModelType: 0 -> 1
08-09 17:06:15.278 E/RILD ( 1413): CALL-MGR - Make new CallManager (ModelType: 1)
08-09 17:06:15.289 E/RILClient( 879): Connect_RILD_Internal: Connecting failed. Connection refused(111)
08-09 17:06:15.313 E/RILD2 ( 1413): CreateDataCallList: Interface initialize failed, list size : 0
08-09 17:06:15.321 E/RILD ( 1413): CreateDataCallList: Interface initialize failed, list size : 0
08-09 17:06:15.339 E/RILClient( 879): Connect_RILD_Internal: Connecting failed. Connection refused(111)
08-09 17:06:15.374 E/RILD2 ( 1413): CreateDataCallList: Interface initialize failed, list size : 0
08-09 17:06:15.378 E/RILD ( 1413): CreateDataCallList: Interface initialize failed, list size : 0
08-09 17:06:15.383 E/RILD ( 1413): NetworkManager init start
08-09 17:06:15.383 E/RILD ( 1413): NetworkManager init end
08-09 17:06:15.383 E/RILD2 ( 1413): NetworkManager init start
08-09 17:06:15.383 E/RILD2 ( 1413): NetworkManager init end
08-09 17:06:15.383 E/RILD ( 1413): SelectE911RatDeterminer - Type: QMI_SRCH (Reason: PS domain)
08-09 17:06:15.384 E/RILD ( 1413): Start, NetlinkUtils thread Started
08-09 17:06:15.384 E/RILD ( 1413): create Thread[NU]
08-09 17:06:15.384 E/RILD2 ( 1413): SelectE911RatDeterminer - Type: QMI_SRCH (Reason: PS domain)
08-09 17:06:15.384 E/RILD2 ( 1413): Start, NetlinkUtils thread Started
08-09 17:06:15.384 E/RILD2 ( 1413): create Thread[NU2]
08-09 17:06:15.385 E/RILD2 ( 1413): Run(): NetlinkUtilsRunnable
08-09 17:06:15.388 E/RILD ( 1413): [C] Initialize(): Is initialized: 0
08-09 17:06:15.388 E/RILD ( 1413): [E] Initialize(): Is initialized: 0
08-09 17:06:15.389 E/RILClient( 879): Connect_RILD_Internal: Connecting failed. Connection refused(111)
08-09 17:06:15.389 E/RILD2 ( 1413): Run(): nlmsg_type = 16
08-09 17:06:15.391 E/RILD ( 1413): Run(): NetlinkUtilsRunnable
08-09 17:06:15.391 E/RILD2 ( 1413): [C] Initialize(): Is initialized: 0
08-09 17:06:15.391 E/RILD2 ( 1413): [E] Initialize(): Is initialized: 0
08-09 17:06:15.393 E/RILD2 ( 1413): Run(): nlmsg_type = 16
08-09 17:06:15.393 E/RILD ( 1413): Run(): nlmsg_type = 16
08-09 17:06:15.395 E/RILD2 ( 1413): Run(): nlmsg_type = 16
08-09 17:06:15.396 E/RILD2 ( 1413): Run(): nlmsg_type = 16
08-09 17:06:15.398 E/RILD2 ( 1413): Run(): nlmsg_type = 16
08-09 17:06:15.399 E/RILD ( 1413): Run(): nlmsg_type = 16
08-09 17:06:15.399 E/RILD ( 1413): Run(): nlmsg_type = 16
08-09 17:06:15.399 E/RILD ( 1413): Run(): nlmsg_type = 16
08-09 17:06:15.401 E/RILD2 ( 1413): Run(): nlmsg_type = 16
08-09 17:06:15.402 E/RILD ( 1413): Run(): nlmsg_type = 16
08-09 17:06:15.403 E/RILD2 ( 1413): Run(): nlmsg_type = 16
08-09 17:06:15.403 E/RILD ( 1413): Run(): nlmsg_type = 16
08-09 17:06:15.404 E/RILD2 ( 1413): Run(): nlmsg_type = 16
08-09 17:06:15.405 E/RILD ( 1413): Run(): nlmsg_type = 16
08-09 17:06:15.406 E/RILD ( 1413): Run(): nlmsg_type = 16
08-09 17:06:15.406 E/RILD2 ( 1413): Run(): nlmsg_type = 16
08-09 17:06:15.408 E/RILD2 ( 1413): create Thread[ESAR2]
08-09 17:06:15.409 E/RILD2 ( 1413): create Thread[RDAR2]
08-09 17:06:15.409 E/RILD2 ( 1413): create Thread[MBM2]
08-09 17:06:15.410 E/RILD2 ( 1413): OnDataCallStateChanged - data call is nullptr
08-09 17:06:15.418 E/RILD2 ( 1413): Run(): nlmsg_type = 16
08-09 17:06:15.418 E/RILD ( 1413): Run(): nlmsg_type = 16
08-09 17:06:15.419 E/RILD ( 1413): create Thread[ESAR]
08-09 17:06:15.420 E/RILD ( 1413): OnDataCallStateChanged - data call is nullptr
08-09 17:06:15.420 E/RILD ( 1413): create Thread[RDAR]
08-09 17:06:15.420 E/RILD ( 1413): create Thread[MBM]
08-09 17:06:15.430 D/RILD ( 1413): RIL_Init rilInit completed
08-09 17:06:15.430 I/RILC ( 1413): SIM_COUNT: 2
08-09 17:06:15.430 E/RILC ( 1413): RIL_register: RIL version 15
08-09 17:06:15.430 I/RILC ( 1413): s_registerCalled flag set, 1
08-09 17:06:15.430 D/RILC ( 1413): registerService: starting android::hardware::radio::V1_5::IRadio slot1
08-09 17:06:15.430 D/rild ( 1413): V1_5::registerAsService(slot1)
08-09 17:06:15.435 D/rild ( 1413): android.hardware.radio@1.5::IRadio,V1_5
08-09 17:06:15.435 D/RILC ( 1413): registerService: V1_5
08-09 17:06:15.435 D/RILC ( 1413): registerService: starting android::hardware::radio::V1_5::IRadio slot2
08-09 17:06:15.435 D/rild ( 1413): V1_5::registerAsService(slot2)
08-09 17:06:15.437 E/RILD ( 1413): QmiService::Init() : qmi_client_init_instance(0x714b37cef8) return(-3).
08-09 17:06:15.439 D/rild ( 1413): android.hardware.radio@1.5::IRadio,V1_5
08-09 17:06:15.439 D/RILC ( 1413): registerService: V1_5
08-09 17:06:15.439 I/RILC ( 1413): RILHIDL called registerService
08-09 17:06:15.440 E/RILClient( 879): Connect_RILD_Internal: Connecting failed. Connection refused(111)
08-09 17:06:15.440 D/RILC ( 1413): registerService: starting vendor::samsung::hardware::radio::V2_2::ISehRadio slot1
08-09 17:06:15.440 D/RILC ( 1413): V2_2::registerAsService(slot1)
08-09 17:06:15.441 D/RILC ( 1413): vendor.samsung.hardware.radio@2.2::ISehRadio,V2_2
08-09 17:06:15.441 D/RILC ( 1413): registerService: V2_2
08-09 17:06:15.441 D/RILC ( 1413): registerService: starting vendor::samsung::hardware::radio::V2_2::ISehRadio slot2
08-09 17:06:15.441 D/RILC ( 1413): V2_2::registerAsService(slot2)
08-09 17:06:15.442 E/RILD2 ( 1413): QmiService::Init() : qmi_client_init_instance(0x714b37cef8) return(-3).
08-09 17:06:15.443 D/RILC ( 1413): vendor.samsung.hardware.radio@2.2::ISehRadio,V2_2
08-09 17:06:15.443 D/RILC ( 1413): registerService: V2_2
08-09 17:06:15.443 D/rild ( 1413): I_RADIO_CONFIG_VERSION_1_2 created
08-09 17:06:15.443 D/RIL_CFG ( 1413): registerService: starting android::hardware::radio::config::V1_2::IRadioConfig
08-09 17:06:15.443 D/rild ( 1413): V1_2::registerAsService(default)
08-09 17:06:15.445 D/rild ( 1413): android.hardware.radio.config@1.1::IRadioConfig,V1_2
08-09 17:06:15.445 D/RIL_CFG ( 1413): registerService: V1_2
08-09 17:06:15.445 D/RILD ( 1413): RIL_Init RIL_register completed
08-09 17:06:15.445 D/RILD ( 1413): RIL_register_socket started
08-09 17:06:15.445 D/RIL_UIM_SOCKET( 1413): Adding socket with id: 0
08-09 17:06:15.445 D/RIL_UIM_SOCKET( 1413): Adding socket with id: 1
08-09 17:06:15.445 I/RILC ( 1413): RIL_register_socket: calling registerService
08-09 17:06:15.445 D/RIL_SAP ( 1413): registerService: starting ISap slot1 for slotId 0
08-09 17:06:15.446 D/RIL_SAP ( 1413): registerService: started ISap slot1 status 0
08-09 17:06:15.446 D/RIL_SAP ( 1413): registerService: starting ISap slot2 for slotId 1
08-09 17:06:15.447 D/RIL_SAP ( 1413): registerService: started ISap slot2 status 0
08-09 17:06:15.447 D/RILD ( 1413): RIL_register_socket completed
08-09 17:06:15.450 E/RILD ( 1413): [sqos] cmd fail : iptables -w -t mangle -D POSTROUTING -j qcom_qos_reset_POSTROUTING, 4
08-09 17:06:15.490 E/RILClient( 879): Connect_RILD_Internal: Connecting failed. Connection refused(111)
08-09 17:06:15.494 E/RILD ( 1413): [sqos] cmd fail : iptables -w -t mangle -F qcom_qos_reset_POSTROUTING, 4
08-09 17:06:15.540 E/RILClient( 879): Connect_RILD_Internal: Connecting failed. Connection refused(111)
08-09 17:06:15.545 E/RILD ( 1413): [sqos] cmd fail : iptables -w -t mangle -X qcom_qos_reset_POSTROUTING, 4
08-09 17:06:15.590 E/RILClient( 879): Connect_RILD_Internal: Connecting failed. Connection refused(111)
08-09 17:06:15.597 E/RILD ( 1413): [sqos] cmd fail : iptables -w -t mangle -D POSTROUTING -j qcom_qos_filter_POSTROUTING, 4
08-09 17:06:15.630 E/RILD ( 1413): [sqos] cmd fail : iptables -w -t mangle -F qcom_qos_filter_POSTROUTING, 4
08-09 17:06:15.641 E/RILClient( 879): Connect_RILD_Internal: Connecting failed. Connection refused(111)
08-09 17:06:15.677 E/RILD ( 1413): [sqos] cmd fail : iptables -w -t mangle -X qcom_qos_filter_POSTROUTING, 4
08-09 17:06:15.691 E/RILClient( 879): Connect_RILD_Internal: Connecting failed. Connection refused(111)
08-09 17:06:15.707 E/RILD ( 1413): [sqos] cmd fail : ip6tables -w -t mangle -D POSTROUTING -j qcom_qos_reset_POSTROUTING, 4
08-09 17:06:15.734 E/RILD ( 1413): [sqos] cmd fail : ip6tables -w -t mangle -F qcom_qos_reset_POSTROUTING, 4
08-09 17:06:15.741 E/RILClient( 879): Connect_RILD_Internal: Connecting failed. Connection refused(111)
08-09 17:06:15.765 E/RILD ( 1413): [sqos] cmd fail : ip6tables -w -t mangle -X qcom_qos_reset_POSTROUTING, 4
08-09 17:06:15.791 E/RILClient( 879): Connect_RILD_Internal: Connecting failed. Connection refused(111)
08-09 17:06:15.798 E/RILD ( 1413): [sqos] cmd fail : ip6tables -w -t mangle -D POSTROUTING -j qcom_qos_filter_POSTROUTING, 4
08-09 17:06:15.831 E/RILD ( 1413): [sqos] cmd fail : ip6tables -w -t mangle -F qcom_qos_filter_POSTROUTING, 4
08-09 17:06:15.842 E/RILClient( 879): Connect_RILD_Internal: Connecting failed. Connection refused(111)
08-09 17:06:15.861 E/RILD ( 1413): [sqos] cmd fail : ip6tables -w -t mangle -X qcom_qos_filter_POSTROUTING, 4
08-09 17:06:15.892 E/RILClient( 879): Connect_RILD_Internal: Connecting failed. Connection refused(111)
08-09 17:06:15.942 E/RILClient( 879): Connect_RILD_Internal: Connecting failed. Connection refused(111)
08-09 17:06:15.992 E/RILClient( 879): Connect_RILD_Internal: Connecting failed. Connection refused(111)
08-09 17:06:16.043 E/RILClient( 879): Connect_RILD_Internal: Connecting failed. Connection refused(111)
08-09 17:06:16.093 E/RILClient( 879): Connect_RILD_Internal: Connecting failed. Connection refused(111)
08-09 17:06:16.143 E/RILClient( 879): Connect_RILD_Internal: Connecting failed. Connection refused(111)
08-09 17:06:16.178 E/RILClient( 878): Connect_RILD_Internal: Connecting failed. Connection refused(111)
08-09 17:06:16.193 E/RILClient( 879): Connect_RILD_Internal: Connecting failed. Connection refused(111)
08-09 17:06:16.244 E/RILClient( 879): Connect_RILD_Internal: Connecting failed. Connection refused(111)
08-09 17:06:16.294 E/RILClient( 879): Connect_RILD_Internal: Connecting failed. Connection refused(111)
08-09 17:06:16.329 I/service_manager_stats( 1319): [100,12,13452]
08-09 17:06:16.344 E/RILClient( 879): Connect_RILD_Internal: Connecting failed. Connection refused(111)
08-09 17:06:16.394 E/RILClient( 879): Connect_RILD_Internal: Connecting failed. Connection refused(111)
08-09 17:06:16.435 I/commit_sys_config_file( 1319): [batterystats,10]
08-09 17:06:16.436 I/commit_sys_config_file( 1319): [batterystats,1]
08-09 17:06:16.441 E/RILD ( 1413): QmiService::Init() : qmi_client_init_instance(0x714b37cef8) return(-3).
08-09 17:06:16.444 E/RILClient( 879): Connect_RILD_Internal: Connecting failed. Connection refused(111)
08-09 17:06:16.447 E/RILD2 ( 1413): QmiService::Init() : qmi_client_init_instance(0x714b37cef8) return(-3).
08-09 17:06:16.493 I/rescue_note( 1319): [0,1,13614]
08-09 17:06:16.495 E/RILClient( 879): Connect_RILD_Internal: Connecting failed. Connection refused(111)
08-09 17:06:16.521 I/boot_progress_pms_start( 1319): 13644
08-09 17:06:16.545 E/RILClient( 879): Connect_RILD_Internal: Connecting failed. Connection refused(111)
08-09 17:06:16.595 E/RILClient( 879): Connect_RILD_Internal: Connecting failed. Connection refused(111)
08-09 17:06:16.645 E/RILClient( 879): Connect_RILD_Internal: Connecting failed. Connection refused(111)
08-09 17:06:16.667 I/pm_critical_info( 1319): Package com.google.android.networkstack.tethering was user id 0 but is now user SharedUserSetting{9bf97d8 android.uid.networkstack/1073} with id 1073; I am not changing its files so it will probably fail!
08-09 17:06:16.668 I/pm_critical_info( 1319): Package com.samsung.android.provider.filterprovider was user id 0 but is now user SharedUserSetting{3752397 android.uid.system/1000} with id 1000; I am not changing its files so it will probably fail!
08-09 17:06:16.668 I/pm_critical_info( 1319): Package com.samsung.android.smartswitchassistant was user id 0 but is now user SharedUserSetting{3752397 android.uid.system/1000} with id 1000; I am not changing its files so it will probably fail!
08-09 17:06:16.669 I/pm_critical_info( 1319): Package com.sec.location.nsflp2 was user id 0 but is now user SharedUserSetting{18d89f0 android.uid.nsflp/5013} with id 5013; I am not changing its files so it will probably fail!
08-09 17:06:16.669 I/pm_critical_info( 1319): Package com.samsung.android.app.aodservice was user id 0 but is now user SharedUserSetting{b92ee8f android.uid.systemui/10039} with id 10039; I am not changing its files so it will probably fail!
08-09 17:06:16.669 I/pm_critical_info( 1319): Package com.samsung.android.knox.mpos was user id 0 but is now user SharedUserSetting{3752397 android.uid.system/1000} with id 1000; I am not changing its files so it will probably fail!
08-09 17:06:16.669 I/pm_critical_info( 1319): Package com.android.providers.telephony was user id 0 but is now user SharedUserSetting{fb4a708 android.uid.phone/1001} with id 1001; I am not changing its files so it will probably fail!
08-09 17:06:16.669 I/pm_critical_info( 1319): Package com.sec.android.app.ve.vebgm was user id 0 but is now user SharedUserSetting{b502087 android.uid.ve/10141} with id 10141; I am not changing its files so it will probably fail!
08-09 17:06:16.669 I/pm_critical_info( 1319): Package com.sec.android.app.parser was user id 0 but is now user SharedUserSetting{3752397 android.uid.system/1000} with id 1000; I am not changing its files so it will probably fail!
08-09 17:06:16.670 I/pm_critical_info( 1319): Package com.android.dynsystem was user id 0 but is now user SharedUserSetting{3752397 android.uid.system/1000} with id 1000; I am not changing its files so it will probably fail!
08-09 17:06:16.670 I/pm_critical_info( 1319): Package com.sec.android.app.bluetoothagent was user id 0 but is now user SharedUserSetting{abcca9e android.uid.bluetooth/1002} with id 1002; I am not changing its files so it will probably fail!
08-09 17:06:16.670 I/pm_critical_info( 1319): Package com.google.android.cellbroadcastservice was user id 0 but is now user SharedUserSetting{9bf97d8 android.uid.networkstack/1073} with id 1073; I am not changing its files so it will probably fail!
08-09 17:06:16.670 I/pm_critical_info( 1319): Package com.android.providers.calendar was user id 0 but is now user SharedUserSetting{d014e9b android.uid.calendar/10093} with id 10093; I am not changing its files so it will probably fail!
08-09 17:06:16.670 I/pm_critical_info( 1319): Package com.samsung.android.emergency was user id 0 but is now user SharedUserSetting{3752397 android.uid.system/1000} with id 1000; I am not changing its files so it will probably fail!
08-09 17:06:16.670 I/pm_critical_info( 1319): Package com.samsung.clipboardsaveservice was user id 0 but is now user SharedUserSetting{3752397 android.uid.system/1000} with id 1000; I am not changing its files so it will probably fail!
08-09 17:06:16.671 I/pm_critical_info( 1319): Package com.sec.automation was user id 0 but is now user SharedUserSetting{3752397 android.uid.system/1000} with id 1000; I am not changing its files so it will probably fail!
08-09 17:06:16.671 I/pm_critical_info( 1319): Package com.android.providers.media was user id 0 but is now user SharedUserSetting{464c050 android.media/10054} with id 10054; I am not changing its files so it will probably fail!
08-09 17:06:16.671 I/pm_critical_info( 1319): Package com.samsung.android.keycustomizationinfobackupservice was user id 0 but is now user SharedUserSetting{3752397 android.uid.system/1000} with id 1000; I am not changing its files so it will probably fail!
08-09 17:06:16.671 I/pm_critical_info( 1319): Package com.skms.android.agent was user id 0 but is now user SharedUserSetting{3752397 android.uid.system/1000} with id 1000; I am not changing its files so it will probably fail!
08-09 17:06:16.671 I/pm_critical_info( 1319): Package com.sec.android.app.safetyassurance was user id 0 but is now user SharedUserSetting{f8f148b android.uid.sendhelpmessage/10112} with id 10112; I am not changing its files so it will probably fail!
08-09 17:06:16.671 I/pm_critical_info( 1319): Package com.samsung.android.incallui was user id 0 but is now user SharedUserSetting{fb4a708 android.uid.phone/1001} with id 1001; I am not changing its files so it will probably fail!
08-09 17:06:16.672 I/pm_critical_info( 1319): Package com.samsung.android.knox.containercore was user id 0 but is now user SharedUserSetting{4f49414 android.uid.knoxcore/5250} with id 5250; I am not changing its files so it will probably fail!
08-09 17:06:16.672 I/pm_critical_info( 1319): Package com.sec.factory.camera was user id 0 but is now user SharedUserSetting{3752397 android.uid.system/1000} with id 1000; I am not changing its files so it will probably fail!
08-09 17:06:16.672 I/pm_critical_info( 1319): Package com.sec.usbsettings was user id 0 but is now user SharedUserSetting{3752397 android.uid.system/1000} with id 1000; I am not changing its files so it will probably fail!
08-09 17:06:16.672 I/pm_critical_info( 1319): Package com.samsung.android.aware.service was user id 0 but is now user SharedUserSetting{79ac35f android.uid.asf_awareshare/10134} with id 10134; I am not changing its files so it will probably fail!
08-09 17:06:16.672 I/pm_critical_info( 1319): Package com.samsung.android.vtcamerasettings was user id 0 but is now user SharedUserSetting{3752397 android.uid.system/1000} with id 1000; I am not changing its files so it will probably fail!
08-09 17:06:16.672 I/pm_critical_info( 1319): Package com.android.mms.service was user id 0 but is now user SharedUserSetting{fb4a708 android.uid.phone/1001} with id 1001; I am not changing its files so it will probably fail!
08-09 17:06:16.673 I/pm_critical_info( 1319): Package com.samsung.android.rubin.app was user id 0 but is now user SharedUserSetting{9b600d6 android.uid.intelligenceservice/10087} with id 10087; I am not changing its files so it will probably fail!
08-09 17:06:16.673 I/pm_critical_info( 1319): Package com.android.providers.downloads was user id 0 but is now user SharedUserSetting{464c050 android.media/10054} with id 10054; I am not changing its files so it will probably fail!
08-09 17:06:16.673 I/pm_critical_info( 1319): Package vendor.qti.hardware.cacert.server was user id 0 but is now user SharedUserSetting{6daf9f3 com.qualcomm.qti.qtidataservices/10211} with id 10211; I am not changing its files so it will probably fail!
08-09 17:06:16.673 I/pm_critical_info( 1319): Package com.sec.android.iaft was user id 0 but is now user SharedUserSetting{3752397 android.uid.system/1000} with id 1000; I am not changing its files so it will probably fail!
08-09 17:06:16.673 I/pm_critical_info( 1319): Package com.samsung.faceservice was user id 0 but is now user SharedUserSetting{8f77ddc android.uid.cmhservice/5004} with id 5004; I am not changing its files so it will probably fail!
08-09 17:06:16.673 I/pm_critical_info( 1319): Package com.samsung.gpuwatchapp was user id 0 but is now user SharedUserSetting{3752397 android.uid.system/1000} with id 1000; I am not changing its files so it will probably fail!
08-09 17:06:16.674 I/pm_critical_info( 1319): Package com.samsung.android.knox.pushmanager was user id 0 but is now user SharedUserSetting{3752397 android.uid.system/1000} with id 1000; I am not changing its files so it will probably fail!
08-09 17:06:16.674 I/pm_critical_info( 1319): Package com.sec.android.app.factorykeystring was user id 0 but is now user SharedUserSetting{3752397 android.uid.system/1000} with id 1000; I am not changing its files so it will probably fail!
08-09 17:06:16.674 I/pm_critical_info( 1319): Package com.sec.android.app.wlantest was user id 0 but is now user SharedUserSetting{3752397 android.uid.system/1000} with id 1000; I am not changing its files so it will probably fail!
08-09 17:06:16.674 I/pm_critical_info( 1319): Package com.microsoft.office.excel was user id 0 but is now user SharedUserSetting{4b645e3 com.microsoft.office/10360} with id 10360; I am not changing its files so it will probably fail!
08-09 17:06:16.674 I/pm_critical_info( 1319): Package com.samsung.android.accessibility.talkback was user id 0 but is now user SharedUserSetting{70d455e com.samsung.android.marvin.feedback/10128} with id 10128; I am not changing its files so it will probably fail!
08-09 17:06:16.674 I/pm_critical_info( 1319): Package com.sec.android.smartfpsadjuster was user id 0 but is now user SharedUserSetting{3752397 android.uid.system/1000} with id 1000; I am not changing its files so it will probably fail!
08-09 17:06:16.674 I/pm_critical_info( 1319): Package com.samsung.android.app.settings.bixby was user id 0 but is now user SharedUserSetting{3752397 android.uid.system/1000} with id 1000; I am not changing its files so it will probably fail!
08-09 17:06:16.675 I/pm_critical_info( 1319): Package com.sec.sve was user id 0 but is now user SharedUserSetting{3752397 android.uid.system/1000} with id 1000; I am not changing its files so it will probably fail!
08-09 17:06:16.675 I/pm_critical_info( 1319): Package com.android.providers.downloads.ui was user id 0 but is now user SharedUserSetting{464c050 android.media/10054} with id 10054; I am not changing its files so it will probably fail!
08-09 17:06:16.675 I/pm_critical_info( 1319): Package com.samsung.android.knox.attestation was user id 0 but is now user SharedUserSetting{3752397 android.uid.system/1000} with id 1000; I am not changing its files so it will probably fail!
08-09 17:06:16.675 I/pm_critical_info( 1319): Package com.samsung.android.secsoundpicker was user id 0 but is now user SharedUserSetting{464c050 android.media/10054} with id 10054; I am not changing its files so it will probably fail!
08-09 17:06:16.675 I/pm_critical_info( 1319): Package com.samsung.android.sume.nn.service was user id 0 but is now user SharedUserSetting{3752397 android.uid.system/1000} with id 1000; I am not changing its files so it will probably fail!
08-09 17:06:16.675 I/pm_critical_info( 1319): Package com.samsung.SMT was user id 0 but is now user SharedUserSetting{3752397 android.uid.system/1000} with id 1000; I am not changing its files so it will probably fail!
08-09 17:06:16.676 I/pm_critical_info( 1319): Package com.samsung.cmh was user id 0 but is now user SharedUserSetting{8f77ddc android.uid.cmhservice/5004} with id 5004; I am not changing its files so it will probably fail!
08-09 17:06:16.676 I/pm_critical_info( 1319): Package com.samsung.rcs was user id 0 but is now user SharedUserSetting{3752397 android.uid.system/1000} with id 1000; I am not changing its files so it will probably fail!
08-09 17:06:16.676 I/pm_critical_info( 1319): Package android was user id 0 but is now user SharedUserSetting{3752397 android.uid.system/1000} with id 1000; I am not changing its files so it will probably fail!
08-09 17:06:16.676 I/pm_critical_info( 1319): Package com.samsung.android.sm.devicesecurity was user id 0 but is now user SharedUserSetting{7d65a27 android.uid.smds/5012} with id 5012; I am not changing its files so it will probably fail!
08-09 17:06:16.676 I/pm_critical_info( 1319): Package com.samsung.android.peripheral.framework was user id 0 but is now user SharedUserSetting{3752397 android.uid.system/1000} with id 1000; I am not changing its files so it will probably fail!
08-09 17:06:16.676 I/pm_critical_info( 1319): Package com.samsung.android.aircommandmanager was user id 0 but is now user SharedUserSetting{3752397 android.uid.system/1000} with id 1000; I am not changing its files so it will probably fail!
08-09 17:06:16.677 I/pm_critical_info( 1319): Package com.samsung.android.smartface was user id 0 but is now user SharedUserSetting{3752397 android.uid.system/1000} with id 1000; I am not changing its files so it will probably fail!
08-09 17:06:16.677 I/pm_critical_info( 1319): Package com.android.mtp was user id 0 but is now user SharedUserSetting{464c050 android.media/10054} with id 10054; I am not changing its files so it will probably fail!
08-09 17:06:16.677 I/pm_critical_info( 1319): Package com.android.nfc was user id 0 but is now user SharedUserSetting{444d4ca android.uid.nfc/1027} with id 1027; I am not changing its files so it will probably fail!
08-09 17:06:16.677 I/pm_critical_info( 1319): Package com.android.ons was user id 0 but is now user SharedUserSetting{fb4a708 android.uid.phone/1001} with id 1001; I am not changing its files so it will probably fail!
08-09 17:06:16.677 I/pm_critical_info( 1319): Package com.android.stk was user id 0 but is now user SharedUserSetting{fb4a708 android.uid.phone/1001} with id 1001; I am not changing its files so it will probably fail!
08-09 17:06:16.677 I/pm_critical_info( 1319): Package com.sec.android.app.SecSetupWizard was user id 0 but is now user SharedUserSetting{3752397 android.uid.system/1000} with id 1000; I am not changing its files so it will probably fail!
08-09 17:06:16.677 I/pm_critical_info( 1319): Package com.samsung.android.app.telephonyui was user id 0 but is now user SharedUserSetting{fb4a708 android.uid.phone/1001} with id 1001; I am not changing its files so it will probably fail!
08-09 17:06:16.678 I/pm_critical_info( 1319): Package com.samsung.android.samsungpositioning was user id 0 but is now user SharedUserSetting{f8646e9 android.uid.advmodem/5017} with id 5017; I am not changing its files so it will probably fail!
08-09 17:06:16.678 I/pm_critical_info( 1319): Package com.sec.android.app.hwmoduletest was user id 0 but is now user SharedUserSetting{3752397 android.uid.system/1000} with id 1000; I am not changing its files so it will probably fail!
08-09 17:06:16.678 I/pm_critical_info( 1319): Package com.sec.bcservice was user id 0 but is now user SharedUserSetting{3752397 android.uid.system/1000} with id 1000; I am not changing its files so it will probably fail!
08-09 17:06:16.678 I/pm_critical_info( 1319): Package com.sec.modem.settings was user id 0 but is now user SharedUserSetting{3752397 android.uid.system/1000} with id 1000; I am not changing its files so it will probably fail!
08-09 17:06:16.678 I/pm_critical_info( 1319): Package com.sec.android.app.servicemodeapp was user id 0 but is now user SharedUserSetting{3752397 android.uid.system/1000} with id 1000; I am not changing its files so it will probably fail!
08-09 17:06:16.678 I/pm_critical_info( 1319): Package com.android.providers.settings was user id 0 but is now user SharedUserSetting{3752397 android.uid.system/1000} with id 1000; I am not changing its files so it will probably fail!
08-09 17:06:16.678 I/pm_critical_info( 1319): Package com.samsung.accessibility was user id 0 but is now user SharedUserSetting{3752397 android.uid.system/1000} with id 1000; I am not changing its files so it will probably fail!
08-09 17:06:16.679 I/pm_critical_info( 1319): Package com.sec.imsservice was user id 0 but is now user SharedUserSetting{3752397 android.uid.system/1000} with id 1000; I am not changing its files so it will probably fail!
08-09 17:06:16.679 I/pm_critical_info( 1319): Package com.samsung.android.mdx.kit was user id 0 but is now user SharedUserSetting{5b6801e android.uid.mdxkit/5025} with id 5025; I am not changing its files so it will probably fail!
08-09 17:06:16.679 I/pm_critical_info( 1319): Package com.samsung.storyservice was user id 0 but is now user SharedUserSetting{8f77ddc android.uid.cmhservice/5004} with id 5004; I am not changing its files so it will probably fail!
08-09 17:06:16.679 I/pm_critical_info( 1319): Package com.android.se was user id 0 but is now user SharedUserSetting{b0d8e1b android.uid.se/1068} with id 1068; I am not changing its files so it will probably fail!
08-09 17:06:16.679 I/pm_critical_info( 1319): Package com.android.inputdevices was user id 0 but is now user SharedUserSetting{3752397 android.uid.system/1000} with id 1000; I am not changing its files so it will probably fail!
08-09 17:06:16.679 I/pm_critical_info( 1319): Package com.android.stk2 was user id 0 but is now user SharedUserSetting{fb4a708 android.uid.phone/1001} with id 1001; I am not changing its files so it will probably fail!
08-09 17:06:16.680 I/pm_critical_info( 1319): Package com.samsung.android.cmfa.framework was user id 0 but is now user SharedUserSetting{3752397 android.uid.system/1000} with id 1000; I am not changing its files so it will probably fail!
08-09 17:06:16.680 I/pm_critical_info( 1319): Package com.samsung.android.da.daagent was user id 0 but is now user SharedUserSetting{3752397 android.uid.system/1000} with id 1000; I am not changing its files so it will probably fail!
08-09 17:06:16.680 I/pm_critical_info( 1319): Package com.samsung.android.brightnessbackupservice was user id 0 but is now user SharedUserSetting{3752397 android.uid.system/1000} with id 1000; I am not changing its files so it will probably fail!
08-09 17:06:16.680 I/pm_critical_info( 1319): Package com.google.android.apps.maps was user id 0 but is now user SharedUserSetting{33762fc com.google.android.apps.maps/10242} with id 10242; I am not changing its files so it will probably fail!
08-09 17:06:16.680 I/pm_critical_info( 1319): Package com.sec.android.RilServiceModeApp was user id 0 but is now user SharedUserSetting{fb4a708 android.uid.phone/1001} with id 1001; I am not changing its files so it will probably fail!
08-09 17:06:16.680 I/pm_critical_info( 1319): Package com.samsung.android.mdecservice was user id 0 but is now user SharedUserSetting{3752397 android.uid.system/1000} with id 1000; I am not changing its files so it will probably fail!
08-09 17:06:16.680 I/pm_critical_info( 1319): Package com.google.android.networkstack was user id 0 but is now user SharedUserSetting{9bf97d8 android.uid.networkstack/1073} with id 1073; I am not changing its files so it will probably fail!
