08-09 17:06:36.753 D/SubscriptionController( 2286): [getActiveSubscriptionInfoForSimSlotIndex]+ slotIndex=0 subId={id=4 iccId= simSlotIndex=0 carrierId=2018 displayName=Jio carrierName=JIO 4G | Jio nameSource=1 iconTint=-16746133 number= dataRoaming=0 iconBitmap=null mcc=405 mnc=874 countryIso=in isEmbedded=false nativeAccessRules=null cardString= cardId=3 portIndex=0 isOpportunistic=false groupUUID=null isGroupDisabled=false profileClass=-1 ehplmns=null hplmns=null subscriptionType=0 groupOwner=null carrierConfigAccessRules=null areUiccApplicationsEnabled=true usageSetting=0}
08-09 17:06:36.758 D/SubscriptionController( 2286): [getActiveSubscriptionInfoForSimSlotIndex]+ slotIndex=0 subId={id=4 iccId= simSlotIndex=0 carrierId=2018 displayName=Jio carrierName=JIO 4G | Jio nameSource=1 iconTint=-16746133 number= dataRoaming=0 iconBitmap=null mcc=405 mnc=874 countryIso=in isEmbedded=false nativeAccessRules=null cardString= cardId=3 portIndex=0 isOpportunistic=false groupUUID=null isGroupDisabled=false profileClass=-1 ehplmns=null hplmns=null subscriptionType=0 groupOwner=null carrierConfigAccessRules=null areUiccApplicationsEnabled=true usageSetting=0}
08-09 17:06:36.761 I/am_proc_start( 1319): [0,6330,10041,com.samsung.android.app.appsedge,broadcast,{com.samsung.android.app.appsedge/com.samsung.android.app.appsedge.edgepanel.AppsEdgePanelProvider}]
08-09 17:06:36.767 D/SubscriptionController( 2286): [getActiveSubscriptionInfoForSimSlotIndex]+ slotIndex=0 subId={id=4 iccId= simSlotIndex=0 carrierId=2018 displayName=Jio carrierName=JIO 4G | Jio nameSource=1 iconTint=-16746133 number= dataRoaming=0 iconBitmap=null mcc=405 mnc=874 countryIso=in isEmbedded=false nativeAccessRules=null cardString= cardId=3 portIndex=0 isOpportunistic=false groupUUID=null isGroupDisabled=false profileClass=-1 ehplmns=null hplmns=null subscriptionType=0 groupOwner=null carrierConfigAccessRules=null areUiccApplicationsEnabled=true usageSetting=0}
08-09 17:06:36.772 I/dvm_lock_sample( 3758): [com.google.android.gms.persisten,0,netscheduler-queue-handler,182,:com.google.android.gms@233013044@23.30.13 (190400-552628474),9,int cdwb.l(cdvm, aryh),-,18,void cdwb.v(cdss, cdss, int),36]
08-09 17:06:36.790 I/sysui_multi_action( 1319): [757,856,758,2,806,com.samsung.android.app.routines,857,routine_channel_id,858,1]
08-09 17:06:36.795 I/sysui_multi_action( 1319): [757,856,758,1,806,com.samsung.android.app.routines,857,routine_channel_id,858,1]
08-09 17:06:36.810 I/power_partial_wake_state( 1319): [REL,220,*gms_scheduler*:internal:com.google.android.gms]
08-09 17:06:36.818 I/am_proc_bound( 1319): [0,6330,com.samsung.android.app.appsedge]
08-09 17:06:36.823 I/commit_sys_config_file( 1319): [settings-1-0,212]
08-09 17:06:36.827 D/SubscriptionController( 2286): [getActiveSubscriptionInfoForSimSlotIndex]+ slotIndex=0 subId={id=4 iccId= simSlotIndex=0 carrierId=2018 displayName=Jio carrierName=JIO 4G | Jio nameSource=1 iconTint=-16746133 number= dataRoaming=0 iconBitmap=null mcc=405 mnc=874 countryIso=in isEmbedded=false nativeAccessRules=null cardString= cardId=3 portIndex=0 isOpportunistic=false groupUUID=null isGroupDisabled=false profileClass=-1 ehplmns=null hplmns=null subscriptionType=0 groupOwner=null carrierConfigAccessRules=null areUiccApplicationsEnabled=true usageSetting=0}
08-09 17:06:36.866 D/SubscriptionController( 2286): [getActiveSubscriptionInfoForSimSlotIndex]+ slotIndex=0 subId={id=4 iccId= simSlotIndex=0 carrierId=2018 displayName=Jio carrierName=JIO 4G | Jio nameSource=1 iconTint=-16746133 number= dataRoaming=0 iconBitmap=null mcc=405 mnc=874 countryIso=in isEmbedded=false nativeAccessRules=null cardString= cardId=3 portIndex=0 isOpportunistic=false groupUUID=null isGroupDisabled=false profileClass=-1 ehplmns=null hplmns=null subscriptionType=0 groupOwner=null carrierConfigAccessRules=null areUiccApplicationsEnabled=true usageSetting=0}
08-09 17:06:36.869 D/SubscriptionController( 2286): [getActiveSubscriptionInfoForSimSlotIndex]+ slotIndex=0 subId={id=4 iccId= simSlotIndex=0 carrierId=2018 displayName=Jio carrierName=JIO 4G | Jio nameSource=1 iconTint=-16746133 number= dataRoaming=0 iconBitmap=null mcc=405 mnc=874 countryIso=in isEmbedded=false nativeAccessRules=null cardString= cardId=3 portIndex=0 isOpportunistic=false groupUUID=null isGroupDisabled=false profileClass=-1 ehplmns=null hplmns=null subscriptionType=0 groupOwner=null carrierConfigAccessRules=null areUiccApplicationsEnabled=true usageSetting=0}
08-09 17:06:36.874 D/SubscriptionController( 2286): [getActiveSubscriptionInfoForSimSlotIndex]+ slotIndex=0 subId={id=4 iccId= simSlotIndex=0 carrierId=2018 displayName=Jio carrierName=JIO 4G | Jio nameSource=1 iconTint=-16746133 number= dataRoaming=0 iconBitmap=null mcc=405 mnc=874 countryIso=in isEmbedded=false nativeAccessRules=null cardString= cardId=3 portIndex=0 isOpportunistic=false groupUUID=null isGroupDisabled=false profileClass=-1 ehplmns=null hplmns=null subscriptionType=0 groupOwner=null carrierConfigAccessRules=null areUiccApplicationsEnabled=true usageSetting=0}
08-09 17:06:36.917 I/commit_sys_config_file( 1319): [settings-2-0,93]
08-09 17:06:36.935 D/SEM_RILJ( 2286): [0411]< OEM_HOOK_RAW [B@7aaa1ce [PHONE0]
08-09 17:06:36.936 I/dvm_lock_sample( 1319): [system_server,1,ActivityManager,107,BroadcastQueue.java,284,void com.android.server.am.BroadcastQueue$BroadcastHandler.handleMessage(android.os.Message),,0,null,21]
08-09 17:06:36.936 D/RILJ ( 2286): [0410]< GSM_SET_BROADCAST_CONFIG [PHONE0]
08-09 17:06:36.940 I/power_partial_wake_state( 1319): [CHG,353,*telephony-radio*:com.android.phone]
08-09 17:06:36.940 I/power_partial_wake_state( 1319): [REL,260,*job*/com.sec.unifiedwfc/androidx.work.impl.background.systemjob.SystemJobService:android]
08-09 17:06:36.940 I/power_partial_wake_state( 1319): [REL,1,*telephony-radio*:com.android.phone]
08-09 17:06:36.942 D/SEM_RILJ( 2286): [0412]< OEM_HOOK_RAW [B@447d8ef [PHONE1]
08-09 17:06:36.942 D/SEM_RILJ( 2286): [0414]< OEM_HOOK_RAW [B@e8a5ffc [PHONE1]
08-09 17:06:36.942 I/power_partial_wake_state( 1319): [CHG,222,*telephony-sem-radio*:com.android.phone]
08-09 17:06:36.943 I/notification_cancel_all( 1319): [1000,1319,com.samsung.android.app.routines,0,0,0,20,NULL]
08-09 17:06:36.954 I/power_partial_wake_state( 1319): [REL,11,*telephony-sem-radio*:com.android.phone]
08-09 17:06:36.955 D/SEM_RILJ( 2286): [0413]< OEM_HOOK_RAW [B@311d685 [PHONE0]
08-09 17:06:36.955 I/power_partial_wake_state( 1319): [CHG,239,*telephony-sem-radio*:com.android.phone]
08-09 17:06:36.956 I/power_partial_wake_state( 1319): [REL,0,*telephony-sem-radio*:com.android.phone]
08-09 17:06:36.956 I/dvm_lock_sample( 1319): [system_server,0,binder:1319_9,99,ContentProviderHelper.java,863,void com.android.server.am.ContentProviderHelper.removeContentProvider(android.os.IBinder, boolean),,0,null,19]
08-09 17:06:36.966 I/IccSmsInterfaceManager( 2286): Added GSM cell broadcast subscription for MID range 4352 to 4354 from client com.google.android.cellbroadcastreceiver PhoneId : [0]
08-09 17:06:36.966 D/IccSmsInterfaceManager( 2286): Calling setCellBroadcastActivation(true)
08-09 17:06:36.967 I/power_partial_wake_state( 1319): [CHG,0,*telephony-radio*:com.android.phone]
08-09 17:06:36.968 D/RILJ ( 2286): [0415]> GSM_BROADCAST_ACTIVATION activate = true [PHONE0]
08-09 17:06:36.969 E/RILD ( 1413): DoGsmSetCBActivation: CBEnable: 1
08-09 17:06:36.969 E/RILD ( 1413): DoGsmSetCBActivation: enableCb: 1
08-09 17:06:36.971 D/RILJ ( 2286): [0415]< GSM_BROADCAST_ACTIVATION [PHONE0]
08-09 17:06:36.971 I/power_partial_wake_state( 1319): [CHG,4,*telephony-radio*:com.android.phone]
08-09 17:06:36.972 I/power_partial_wake_state( 1319): [REL,0,*telephony-radio*:com.android.phone]
08-09 17:06:36.978 I/am_uid_running( 1319): 10163
08-09 17:06:37.002 I/service_manager_slow( 1319): [30,gamemanager]
08-09 17:06:37.039 I/am_proc_start( 1319): [0,6403,10163,com.sec.android.app.clockpackage,broadcast,{com.sec.android.app.clockpackage/com.sec.android.app.clockpackage.receivers.SystemBroadcastReceiver}]
08-09 17:06:37.048 I/commit_sys_config_file( 1319): [notification-policy,16591]
08-09 17:06:37.066 I/am_proc_start( 1319): [0,6405,1000,com.samsung.android.forest,content provider,{com.samsung.android.forest/com.samsung.android.forest.common.database.provider.DwbContentProvider}]
08-09 17:06:37.090 D/ARGOS ( 3432): argos: argos_monitor: UFS - Mbps:1112 prev_tput:666
08-09 17:06:37.101 I/am_proc_start( 1319): [0,6425,1000,com.sec.modem.settings,broadcast,{com.sec.modem.settings/com.sec.modem.settings.cplogging.SilentLogReceiver}]
08-09 17:06:37.104 I/am_proc_bound( 1319): [0,6403,com.sec.android.app.clockpackage]
08-09 17:06:37.107 I/am_uid_active( 1319): 10163
08-09 17:06:37.115 I/service_manager_slow( 1319): [53,gamemanager]
08-09 17:06:37.156 I/power_partial_wake_state( 1319): [REL,272,*gms_scheduler*:internal:com.google.android.gms]
08-09 17:06:37.177 I/service_manager_slow( 6160): [23,isub]
08-09 17:06:37.195 I/am_proc_bound( 1319): [0,6425,com.sec.modem.settings]
08-09 17:06:37.200 I/am_proc_bound( 1319): [0,6405,com.samsung.android.forest]
08-09 17:06:37.268 I/power_partial_wake_state( 1319): [REL,110,*gms_scheduler*:internal:com.google.android.gms]
08-09 17:06:37.325 I/dvm_lock_sample( 2306): [com.android.systemui,0,pool-13-thread-1,925,ActivityThread.java,7861,android.content.IContentProvider android.app.ActivityThread.acquireProvider(android.content.Context, java.lang.String, int, boolean),-,7885,android.content.IContentProvider android.app.ActivityThread.acquireProvider(android.content.Context, java.lang.String, int, boolean),100]
08-09 17:06:37.342 I/dvm_lock_sample( 2306): [com.android.systemui,0,pool-13-thread-4,928,ActivityThread.java,7861,android.content.IContentProvider android.app.ActivityThread.acquireProvider(android.content.Context, java.lang.String, int, boolean),-,7885,android.content.IContentProvider android.app.ActivityThread.acquireProvider(android.content.Context, java.lang.String, int, boolean),100]
08-09 17:06:37.343 I/dvm_lock_sample( 2306): [com.android.systemui,0,pool-13-thread-3,872,ActivityThread.java,7861,android.content.IContentProvider android.app.ActivityThread.acquireProvider(android.content.Context, java.lang.String, int, boolean),-,7885,android.content.IContentProvider android.app.ActivityThread.acquireProvider(android.content.Context, java.lang.String, int, boolean),100]
08-09 17:06:37.347 I/dvm_lock_sample( 2306): [com.android.systemui,0,pool-13-thread-5,868,ActivityThread.java,7861,android.content.IContentProvider android.app.ActivityThread.acquireProvider(android.content.Context, java.lang.String, int, boolean),-,7885,android.content.IContentProvider android.app.ActivityThread.acquireProvider(android.content.Context, java.lang.String, int, boolean),100]
08-09 17:06:37.348 I/dvm_lock_sample( 2306): [com.android.systemui,1,main,855,ActivityThread.java,7861,android.content.IContentProvider android.app.ActivityThread.acquireProvider(android.content.Context, java.lang.String, int, boolean),-,7885,android.content.IContentProvider android.app.ActivityThread.acquireProvider(android.content.Context, java.lang.String, int, boolean),100]
08-09 17:06:37.360 D/SmsManager( 3604): enableCellBroadcastRange: succeeded at calling enableCellBroadcastRangeForSubscriber. subId = 4
08-09 17:06:37.360 I/SmsConfig( 2286): [0] sms_not_receive_cmas_without_sim = false
08-09 17:06:37.360 I/am_uid_running( 1319): 10225
08-09 17:06:37.360 D/IccSmsInterfaceManager( 2286): [enableGsmBroadcastRange] startMessageId : 4356, endMessageId : 4356
08-09 17:06:37.360 D/IccSmsInterfaceManager( 2286): Calling setGsmBroadcastConfig with 4 configurations
08-09 17:06:37.362 I/power_partial_wake_state( 1319): [CHG,2,*telephony-radio*:com.android.phone]
08-09 17:06:37.363 D/RILJ ( 2286): [0416]> GSM_SET_BROADCAST_CONFIG with 4 configs : [PHONE0]
08-09 17:06:37.363 D/RILJ ( 2286): SmsBroadcastConfigInfo: Id [4352,4354] Code [0,255] ENABLED [PHONE0]
08-09 17:06:37.363 D/RILJ ( 2286): SmsBroadcastConfigInfo: Id [4370,4379] Code [0,255] ENABLED [PHONE0]
08-09 17:06:37.363 D/RILJ ( 2286): SmsBroadcastConfigInfo: Id [4383,4392] Code [0,255] ENABLED [PHONE0]
08-09 17:06:37.363 D/RILJ ( 2286): SmsBroadcastConfigInfo: Id [4356,4356] Code [0,255] ENABLED [PHONE0]
08-09 17:06:37.364 E/RILD ( 1413): GetBroadcastSmsConfig: selectedId 0x80 msgIdCount 24
08-09 17:06:37.365 E/RILD ( 1413): enableCb: 1, cbSelectionId: 0x80
08-09 17:06:37.373 I/dvm_lock_sample( 5467): [com.samsung.android.honeyboard,0,DefaultDispatcher-worker-1,11,ApkAssets.java,412,boolean android.content.res.ApkAssets.isUpToDate(),-,351,java.lang.CharSequence android.content.res.ApkAssets.getStringFromPool(int),2]
08-09 17:06:37.373 I/am_proc_start( 1319): [0,6512,10225,com.android.vending,broadcast,{com.android.vending/com.google.android.finsky.simhandler.SimStateReceiver}]
08-09 17:06:37.423 I/notification_cancel( 1319): [1000,4134,com.samsung.android.lool,2004,NULL,0,0,0,8,NULL]
08-09 17:06:37.432 I/am_proc_bound( 1319): [0,6512,com.android.vending]
08-09 17:06:37.468 I/c2dm ( 3758): [19,com.wssyncmldm:233013044,0,0]
08-09 17:06:37.498 I/notification_cancel_all( 1319): [1000,1319,com.sec.android.app.clockpackage,0,0,0,20,NULL]
08-09 17:06:37.542 I/power_partial_wake_state( 1319): [REL,3,*job*/com.samsung.android.dynamiclock/glance.internal.sdk.commons.job.GlanceJobService:android]
08-09 17:06:37.556 I/power_partial_wake_state( 1319): [REL,6,*job*/com.samsung.android.dynamiclock/glance.internal.sdk.commons.job.GlanceJobService:android]
08-09 17:06:37.560 I/power_partial_wake_state( 1319): [REL,2,*job*/com.samsung.android.dynamiclock/glance.internal.sdk.commons.job.GlanceJobService:android]
08-09 17:06:37.569 I/power_partial_wake_state( 1319): [REL,2,*job*/com.samsung.android.dynamiclock/glance.internal.sdk.commons.job.GlanceJobService:android]
08-09 17:06:37.588 I/power_partial_wake_state( 1319): [REL,21,*job*/com.samsung.android.dynamiclock/glance.internal.sdk.commons.job.GlanceJobService:android]
08-09 17:06:37.604 I/power_partial_wake_state( 1319): [REL,1,*job*/com.samsung.android.dynamiclock/glance.internal.sdk.commons.job.GlanceJobService:android]
08-09 17:06:37.609 D/RILJ ( 2286): [0416]< GSM_SET_BROADCAST_CONFIG [PHONE0]
08-09 17:06:37.610 I/IccSmsInterfaceManager( 2286): Added GSM cell broadcast subscription for MID range 4356 to 4356 from client com.google.android.cellbroadcastreceiver PhoneId : [0]
08-09 17:06:37.610 I/power_partial_wake_state( 1319): [CHG,247,*telephony-radio*:com.android.phone]
08-09 17:06:37.610 D/IccSmsInterfaceManager( 2286): Calling setCellBroadcastActivation(true)
08-09 17:06:37.611 I/power_partial_wake_state( 1319): [REL,1,*telephony-radio*:com.android.phone]
08-09 17:06:37.614 I/power_partial_wake_state( 1319): [CHG,1,*telephony-radio*:com.android.phone]
08-09 17:06:37.614 I/sysui_multi_action( 1319): [757,1717,758,1,759,0]
08-09 17:06:37.614 I/sysui_multi_action( 1319): [757,1717,758,2,759,9]
08-09 17:06:37.614 I/sysui_multi_action( 1319): [757,1717,758,3,759,13]
08-09 17:06:37.614 I/notification_cancel( 1319): [10163,6403,com.sec.android.app.clockpackage,268468224,NULL,0,0,1088,8,NULL]
08-09 17:06:37.616 D/RILJ ( 2286): [0417]> GSM_BROADCAST_ACTIVATION activate = true [PHONE0]
08-09 17:06:37.618 E/RILD ( 1413): DoGsmSetCBActivation: CBEnable: 1
08-09 17:06:37.618 E/RILD ( 1413): DoGsmSetCBActivation: enableCb: 1
08-09 17:06:37.619 D/RILJ ( 2286): [0417]< GSM_BROADCAST_ACTIVATION [PHONE0]
08-09 17:06:37.619 D/SmsManager( 3604): enableCellBroadcastRange: succeeded at calling enableCellBroadcastRangeForSubscriber. subId = 4
08-09 17:06:37.620 I/SmsConfig( 2286): [0] sms_not_receive_cmas_without_sim = false
08-09 17:06:37.620 I/power_partial_wake_state( 1319): [CHG,5,*telephony-radio*:com.android.phone]
08-09 17:06:37.620 D/IccSmsInterfaceManager( 2286): [disableGsmBroadcastRange] startMessageId : 4355, endMessageId : 4355
08-09 17:06:37.620 I/power_partial_wake_state( 1319): [REL,0,*telephony-radio*:com.android.phone]
08-09 17:06:37.620 I/IccSmsInterfaceManager_FAIL( 2286): Failed to remove GSM cell broadcast subscription for MID range 4355 to 4355 from client com.google.android.cellbroadcastreceiver PhoneId : [0]
08-09 17:06:37.621 D/SmsManager( 3604): disableCellBroadcastRange: failed at calling disableCellBroadcastRangeForSubscriber. subId = 4
08-09 17:06:37.621 I/SmsConfig( 2286): [0] sms_not_receive_cmas_without_sim = false
08-09 17:06:37.621 D/IccSmsInterfaceManager( 2286): [enableGsmBroadcastRange] startMessageId : 60, endMessageId : 60
08-09 17:06:37.622 I/IntRangeManager( 2286): [enableRange] add mCBRRanges. from 60 to 60. client= com.google.android.cellbroadcastreceiver
08-09 17:06:37.622 D/IccSmsInterfaceManager( 2286): Calling setGsmBroadcastConfig with 5 configurations
08-09 17:06:37.624 I/power_partial_wake_state( 1319): [CHG,1,*telephony-radio*:com.android.phone]
08-09 17:06:37.624 D/RILJ ( 2286): [0418]> GSM_SET_BROADCAST_CONFIG with 5 configs : [PHONE0]
08-09 17:06:37.624 D/RILJ ( 2286): SmsBroadcastConfigInfo: Id [4352,4354] Code [0,255] ENABLED [PHONE0]
08-09 17:06:37.624 D/RILJ ( 2286): SmsBroadcastConfigInfo: Id [4356,4356] Code [0,255] ENABLED [PHONE0]
08-09 17:06:37.624 D/RILJ ( 2286): SmsBroadcastConfigInfo: Id [4370,4379] Code [0,255] ENABLED [PHONE0]
08-09 17:06:37.624 D/RILJ ( 2286): SmsBroadcastConfigInfo: Id [4383,4392] Code [0,255] ENABLED [PHONE0]
08-09 17:06:37.624 D/RILJ ( 2286): SmsBroadcastConfigInfo: Id [60,60] Code [0,255] ENABLED [PHONE0]
08-09 17:06:37.625 E/RILD ( 1413): GetBroadcastSmsConfig: selectedId 0x80 msgIdCount 25
08-09 17:06:37.625 E/RILD ( 1413): enableCb: 1, cbSelectionId: 0x80
08-09 17:06:37.643 I/power_partial_wake_state( 1319): [REL,40,*job*/com.samsung.android.dynamiclock/glance.internal.sdk.commons.job.GlanceJobService:android]
08-09 17:06:37.661 I/power_partial_wake_state( 1319): [REL,7,*job*/com.samsung.android.dynamiclock/glance.internal.sdk.commons.job.GlanceJobService:android]
08-09 17:06:37.688 I/power_partial_wake_state( 1319): [REL,2305,GOOGLE_C2DM:com.google.android.gms]
08-09 17:06:37.703 I/power_partial_wake_state( 1319): [REL,48,*job*/com.samsung.android.dynamiclock/glance.internal.sdk.commons.job.GlanceJobService:android]
08-09 17:06:37.712 I/power_partial_wake_state( 1319): [REL,8,*job*/com.samsung.android.dynamiclock/glance.internal.sdk.commons.job.GlanceJobService:android]
08-09 17:06:37.713 I/power_partial_wake_state( 1319): [REL,175,*job*/com.samsung.android.dynamiclock/glance.internal.sdk.commons.job.GlanceJobService:android]
08-09 17:06:37.725 I/power_partial_wake_state( 1319): [REL,10,*job*/com.samsung.android.dynamiclock/glance.internal.sdk.commons.job.GlanceJobService:android]
08-09 17:06:37.746 I/power_partial_wake_state( 1319): [REL,15,IntentOp:.common.broadcast.BackgroundBroadcastReceiverSupport$PersistentReceiverIntentOperation:com.google.android.gms]
08-09 17:06:37.751 I/commit_sys_config_file( 1319): [notification-policy,17294]
08-09 17:06:37.763 I/am_uid_active( 1319): 10112
08-09 17:06:37.785 I/power_partial_wake_state( 1319): [REL,11,SafetyAssuranceApp.mSAWakeLock:com.sec.android.app.safetyassurance]
08-09 17:06:37.786 I/am_uid_running( 1319): 10090
08-09 17:06:37.802 I/am_proc_start( 1319): [0,6641,10090,com.sec.spp.push,broadcast,{com.sec.spp.push/com.sec.spp.push.monitor.SystemStateMonitor}]
08-09 17:06:37.849 I/am_proc_bound( 1319): [0,6641,com.sec.spp.push]
08-09 17:06:37.851 I/am_uid_active( 1319): 10090
08-09 17:06:37.878 D/RILJ ( 2286): [0418]< GSM_SET_BROADCAST_CONFIG [PHONE0]
08-09 17:06:37.879 I/IccSmsInterfaceManager( 2286): Added GSM cell broadcast subscription for MID range 60 to 60 from client com.google.android.cellbroadcastreceiver PhoneId : [0]
08-09 17:06:37.879 I/power_partial_wake_state( 1319): [CHG,255,*telephony-radio*:com.android.phone]
08-09 17:06:37.880 I/power_partial_wake_state( 1319): [REL,0,*telephony-radio*:com.android.phone]
08-09 17:06:37.880 D/IccSmsInterfaceManager( 2286): Calling setCellBroadcastActivation(true)
08-09 17:06:37.887 I/power_partial_wake_state( 1319): [CHG,7,*telephony-radio*:com.android.phone]
08-09 17:06:37.888 D/RILJ ( 2286): [0419]> GSM_BROADCAST_ACTIVATION activate = true [PHONE0]
08-09 17:06:37.889 E/RILD ( 1413): DoGsmSetCBActivation: CBEnable: 1
08-09 17:06:37.889 E/RILD ( 1413): DoGsmSetCBActivation: enableCb: 1
08-09 17:06:37.891 D/RILJ ( 2286): [0419]< GSM_BROADCAST_ACTIVATION [PHONE0]
08-09 17:06:37.891 D/SmsManager( 3604): enableCellBroadcastRange: succeeded at calling enableCellBroadcastRangeForSubscriber. subId = 4
08-09 17:06:37.893 D/IccSmsInterfaceManager( 2286): Cell broadcast ranges reset.
08-09 17:06:37.894 I/SmsConfig( 2286): [0] sms_not_receive_cmas_without_sim = false
08-09 17:06:37.894 D/IccSmsInterfaceManager( 2286): [enableGsmBroadcastRange] startMessageId : 4370, endMessageId : 4370
08-09 17:06:37.894 I/power_partial_wake_state( 1319): [CHG,6,*telephony-radio*:com.android.phone]
08-09 17:06:37.894 I/power_partial_wake_state( 1319): [REL,1,*telephony-radio*:com.android.phone]
08-09 17:06:37.895 D/IccSmsInterfaceManager( 2286): Calling setGsmBroadcastConfig with 1 configurations
08-09 17:06:37.896 I/power_partial_wake_state( 1319): [CHG,0,*telephony-radio*:com.android.phone]
08-09 17:06:37.896 D/RILJ ( 2286): [0420]> GSM_SET_BROADCAST_CONFIG with 1 configs : [PHONE0]
08-09 17:06:37.896 D/RILJ ( 2286): SmsBroadcastConfigInfo: Id [4370,4370] Code [0,255] ENABLED [PHONE0]
08-09 17:06:37.897 E/RILD ( 1413): GetBroadcastSmsConfig: selectedId 0x80 msgIdCount 1
08-09 17:06:37.897 E/RILD ( 1413): enableCb: 1, cbSelectionId: 0x80
08-09 17:06:37.900 I/commit_sys_config_file( 1319): [settings-2-0,96]
08-09 17:06:38.025 I/power_partial_wake_state( 1319): [REL,3037,Calendar notification wake:1:com.samsung.android.calendar]
08-09 17:06:38.092 D/ARGOS ( 3432): argos: argos_monitor: UFS - Mbps:980 prev_tput:1112
08-09 17:06:38.126 I/dvm_lock_sample( 6242): [com.samsung.android.dynamiclock,0,b0-TaskPool-1,533,SourceFile,1,java.util.List i.c.c.c.a.r.m.a(int),-,5,void i.c.c.c.a.r.m.h(),100]
08-09 17:06:38.127 I/power_partial_wake_state( 1319): [REL,569,*job*/com.samsung.android.dynamiclock/glance.internal.sdk.commons.job.GlanceJobService:android]
08-09 17:06:38.135 D/RILJ ( 2286): [0420]< GSM_SET_BROADCAST_CONFIG [PHONE0]
08-09 17:06:38.136 I/IccSmsInterfaceManager( 2286): Added GSM cell broadcast subscription for MID range 4370 to 4370 from client com.google.android.cellbroadcastreceiver PhoneId : [0]
08-09 17:06:38.136 D/IccSmsInterfaceManager( 2286): Calling setCellBroadcastActivation(true)
08-09 17:06:38.136 I/power_partial_wake_state( 1319): [CHG,240,*telephony-radio*:com.android.phone]
08-09 17:06:38.137 I/power_partial_wake_state( 1319): [REL,0,*telephony-radio*:com.android.phone]
08-09 17:06:38.138 I/power_partial_wake_state( 1319): [CHG,0,*telephony-radio*:com.android.phone]
08-09 17:06:38.138 D/RILJ ( 2286): [0421]> GSM_BROADCAST_ACTIVATION activate = true [PHONE0]
08-09 17:06:38.138 E/RILD ( 1413): DoGsmSetCBActivation: CBEnable: 1
08-09 17:06:38.138 E/RILD ( 1413): DoGsmSetCBActivation: enableCb: 1
08-09 17:06:38.140 D/RILJ ( 2286): [0421]< GSM_BROADCAST_ACTIVATION [PHONE0]
08-09 17:06:38.140 I/power_partial_wake_state( 1319): [CHG,2,*telephony-radio*:com.android.phone]
08-09 17:06:38.140 D/SmsManager( 3604): enableCellBroadcastRange: succeeded at calling enableCellBroadcastRangeForSubscriber. subId = 4
08-09 17:06:38.140 I/SmsConfig( 2286): [0] sms_not_receive_cmas_without_sim = false
08-09 17:06:38.141 D/IccSmsInterfaceManager( 2286): enableCdmaBroadcastRange
08-09 17:06:38.141 I/power_partial_wake_state( 1319): [REL,1,*telephony-radio*:com.android.phone]
08-09 17:06:38.142 D/IccSmsInterfaceManager( 2286): Calling setCdmaBroadcastConfig with 1 configurations
08-09 17:06:38.142 I/power_partial_wake_state( 1319): [CHG,1,*telephony-radio*:com.android.phone]
08-09 17:06:38.143 D/RILJ ( 2286): [0422]> CDMA_SET_BROADCAST_CONFIG with 1 configs : [PHONE0]
08-09 17:06:38.143 D/RILJ ( 2286): CdmaSmsBroadcastConfigInfo: Id [4096, 4096] ENABLED [PHONE0]
08-09 17:06:38.143 D/RILJ ( 2286): [0422]< CDMA_SET_BROADCAST_CONFIG error 6 [PHONE0]
08-09 17:06:38.143 D/RilRequest( 2286): [0422]< CDMA_SET_BROADCAST_CONFIG error: com.android.internal.telephony.CommandException: REQUEST_NOT_SUPPORTED ret= result={ when=-36s40ms what=4 obj=com.android.internal.telephony.IccSmsInterfaceManager$Request@4c6dbdf target=com.android.internal.telephony.IccSmsInterfaceManager$1 }
08-09 17:06:38.144 I/power_partial_wake_state( 1319): [CHG,1,*telephony-radio*:com.android.phone]
08-09 17:06:38.144 I/power_partial_wake_state( 1319): [REL,0,*telephony-radio*:com.android.phone]
08-09 17:06:38.145 I/IccSmsInterfaceManager_FAIL( 2286): Failed to add cdma broadcast subscription for MID range 4096 to 4096 from client com.google.android.cellbroadcastreceiver PhoneId : [0]
08-09 17:06:38.145 D/SmsManager( 3604): enableCellBroadcastRange: failed at calling enableCellBroadcastRangeForSubscriber. subId = 4
08-09 17:06:38.145 I/SmsConfig( 2286): [0] sms_not_receive_cmas_without_sim = false
08-09 17:06:38.145 D/IccSmsInterfaceManager( 2286): [enableGsmBroadcastRange] startMessageId : 4383, endMessageId : 4383
08-09 17:06:38.146 D/IccSmsInterfaceManager( 2286): Calling setGsmBroadcastConfig with 2 configurations
08-09 17:06:38.147 I/power_partial_wake_state( 1319): [CHG,1,*telephony-radio*:com.android.phone]
08-09 17:06:38.147 D/RILJ ( 2286): [0423]> GSM_SET_BROADCAST_CONFIG with 2 configs : [PHONE0]
08-09 17:06:38.147 D/RILJ ( 2286): SmsBroadcastConfigInfo: Id [4370,4370] Code [0,255] ENABLED [PHONE0]
08-09 17:06:38.147 D/RILJ ( 2286): SmsBroadcastConfigInfo: Id [4383,4383] Code [0,255] ENABLED [PHONE0]
08-09 17:06:38.147 E/RILD ( 1413): GetBroadcastSmsConfig: selectedId 0x80 msgIdCount 2
08-09 17:06:38.148 E/RILD ( 1413): enableCb: 1, cbSelectionId: 0x80
08-09 17:06:38.171 I/power_partial_wake_state( 1319): [REL,5,*job*/com.samsung.android.dynamiclock/glance.internal.sdk.commons.job.GlanceJobService:android]
08-09 17:06:38.189 I/power_partial_wake_state( 1319): [REL,22,*job*/com.samsung.android.dynamiclock/glance.internal.sdk.commons.job.GlanceJobService:android]
08-09 17:06:38.203 I/power_partial_wake_state( 1319): [REL,12,*job*/com.samsung.android.dynamiclock/glance.internal.sdk.commons.job.GlanceJobService:android]
08-09 17:06:38.209 I/dvm_lock_sample( 1319): [system_server,0,main,14,JobSchedulerService.java,2091,void com.android.server.job.JobSchedulerService$JobHandler.handleMessage(android.os.Message),QuotaController.java,2173,void com.android.server.job.controllers.QuotaController$Timer.stopTrackingJob(com.android.server.job.controllers.JobStatus),2]
08-09 17:06:38.214 I/power_partial_wake_state( 1319): [REL,22,*job*/com.samsung.android.dynamiclock/glance.internal.sdk.commons.job.GlanceJobService:android]
08-09 17:06:38.215 I/power_partial_wake_state( 1319): [REL,2,NlpWakeLock:com.google.android.gms]
08-09 17:06:38.220 I/power_partial_wake_state( 1319): [REL,4,*job*/com.samsung.android.dynamiclock/glance.internal.sdk.commons.job.GlanceJobService:android]
08-09 17:06:38.222 I/power_partial_wake_state( 1319): [REL,2,NlpWakeLock:com.google.android.gms]
08-09 17:06:38.223 I/power_partial_wake_state( 1319): [REL,7,*job*/com.samsung.android.dynamiclock/glance.internal.sdk.commons.job.GlanceJobService:android]
08-09 17:06:38.304 I/am_uid_running( 1319): 10201
08-09 17:06:38.367 D/RILJ ( 2286): [0423]< GSM_SET_BROADCAST_CONFIG [PHONE0]
08-09 17:06:38.368 I/power_partial_wake_state( 1319): [REL,40,*job*/com.samsung.android.providers.media/.sync.MediaSyncManager$SyncService:android]
08-09 17:06:38.371 I/IccSmsInterfaceManager( 2286): Added GSM cell broadcast subscription for MID range 4383 to 4383 from client com.google.android.cellbroadcastreceiver PhoneId : [0]
08-09 17:06:38.372 D/IccSmsInterfaceManager( 2286): Calling setCellBroadcastActivation(true)
08-09 17:06:38.372 I/am_proc_start( 1319): [0,6718,10201,com.android.traceur,broadcast,{com.android.traceur/com.android.traceur.Receiver}]
08-09 17:06:38.373 I/power_partial_wake_state( 1319): [CHG,226,*telephony-radio*:com.android.phone]
08-09 17:06:38.373 I/power_partial_wake_state( 1319): [REL,0,*telephony-radio*:com.android.phone]
08-09 17:06:38.375 I/power_partial_wake_state( 1319): [CHG,1,*telephony-radio*:com.android.phone]
08-09 17:06:38.375 D/RILJ ( 2286): [0424]> GSM_BROADCAST_ACTIVATION activate = true [PHONE0]
08-09 17:06:38.376 E/RILD ( 1413): DoGsmSetCBActivation: CBEnable: 1
08-09 17:06:38.376 E/RILD ( 1413): DoGsmSetCBActivation: enableCb: 1
08-09 17:06:38.378 D/RILJ ( 2286): [0424]< GSM_BROADCAST_ACTIVATION [PHONE0]
08-09 17:06:38.379 I/power_partial_wake_state( 1319): [CHG,4,*telephony-radio*:com.android.phone]
08-09 17:06:38.380 I/power_partial_wake_state( 1319): [REL,0,*telephony-radio*:com.android.phone]
08-09 17:06:38.382 D/SmsManager( 3604): enableCellBroadcastRange: succeeded at calling enableCellBroadcastRangeForSubscriber. subId = 4
08-09 17:06:38.382 I/SmsConfig( 2286): [0] sms_not_receive_cmas_without_sim = false
08-09 17:06:38.382 D/IccSmsInterfaceManager( 2286): [enableGsmBroadcastRange] startMessageId : 4371, endMessageId : 4372
08-09 17:06:38.382 I/power_partial_wake_state( 1319): [REL,53,*job*/com.samsung.android.providers.media/.sync.MediaSyncManager$SyncService:android]
08-09 17:06:38.385 D/IccSmsInterfaceManager( 2286): Calling setGsmBroadcastConfig with 3 configurations
08-09 17:06:38.386 I/power_partial_wake_state( 1319): [CHG,1,*telephony-radio*:com.android.phone]
08-09 17:06:38.387 D/RILJ ( 2286): [0425]> GSM_SET_BROADCAST_CONFIG with 3 configs : [PHONE0]
08-09 17:06:38.387 D/RILJ ( 2286): SmsBroadcastConfigInfo: Id [4370,4370] Code [0,255] ENABLED [PHONE0]
08-09 17:06:38.387 D/RILJ ( 2286): SmsBroadcastConfigInfo: Id [4383,4383] Code [0,255] ENABLED [PHONE0]
08-09 17:06:38.387 D/RILJ ( 2286): SmsBroadcastConfigInfo: Id [4371,4372] Code [0,255] ENABLED [PHONE0]
08-09 17:06:38.387 E/RILD ( 1413): GetBroadcastSmsConfig: selectedId 0x80 msgIdCount 4
08-09 17:06:38.387 E/RILD ( 1413): enableCb: 1, cbSelectionId: 0x80
08-09 17:06:38.392 I/am_proc_bound( 1319): [0,6718,com.android.traceur]
08-09 17:06:38.396 I/am_uid_active( 1319): 10201
08-09 17:06:38.401 I/power_partial_wake_state( 1319): [REL,10,*job*/com.samsung.android.scs/androidx.work.impl.background.systemjob.SystemJobService:android]
08-09 17:06:38.413 D/DDS-TelephonyNetworkFactory[0]( 2286): got request NetworkRequest [ REQUEST id=137, [ Capabilities: INTERNET&NOT_RESTRICTED&TRUSTED&NOT_VCN_MANAGED Uid: 10225 RequestorUid: 10225 RequestorPkg: com.android.vending UnderlyingNetworks: Null] ]
08-09 17:06:38.414 D/DDS-TelephonyNetworkFactory[0]( 2286): handleMessage msg={ when=0 what=3 obj=NetworkRequest [ REQUEST id=137, [ Capabilities: INTERNET&NOT_RESTRICTED&TRUSTED&NOT_VCN_MANAGED Uid: 10225 RequestorUid: 10225 RequestorPkg: com.android.vending UnderlyingNetworks: Null] ] target=com.android.internal.telephony.data.TelephonyNetworkFactory$InternalHandler }
08-09 17:06:38.414 D/DDS-TelephonyNetworkFactory[0]( 2286): onNeedNetworkFor [NetworkRequest [ REQUEST id=137, [ Capabilities: INTERNET&NOT_RESTRICTED&TRUSTED&NOT_VCN_MANAGED Uid: 10225 RequestorUid: 10225 RequestorPkg: com.android.vending UnderlyingNetworks: Null] ], mPriority=0, state=UNSATISFIED, mAttachedDataNetwork=null, isMetered=false, created time=17:06:38.414, evaluation result=null] shouldApply true
08-09 17:06:38.415 D/DCT-C-0 ( 2286): DDS-DcTracker.requestNetwork for NetworkRequest [ REQUEST id=137, [ Capabilities: INTERNET&NOT_RESTRICTED&TRUSTED&NOT_VCN_MANAGED Uid: 10225 RequestorUid: 10225 RequestorPkg: com.android.vending UnderlyingNetworks: Null] ] found {mApnType=default mState=CONNECTED mWaitingApns={[[ApnSetting] Jio 4G, 6085, 405874, jionet, , null, , null, null, 0, supl | hipri | default | xcap, IPV4V6, IPV4V6, true, 0, false, 20, 0, 300, 0, 0, null, , false, UNKNOWN, UNKNOWN, 0, -1, -1, false] priority=1} mApnSetting={[ApnSetting] Jio 4G, 6085, 405874, jionet, , null, , null, null, 0, supl | hipri | default | xcap, IPV4V6, IPV4V6, true, 0, false, 20, 0, 300, 0, 0, null, , false, UNKNOWN, UNKNOWN, 0, -1, -1, false} mReason=connected mNeedDisconnectByDdsChange=false mDataEnabled=true}, type=NORMAL
08-09 17:06:38.415 D/DC-C-1 ( 2286): reevaluate data connection properties
08-09 17:06:38.415 D/DCT-C-0 ( 2286): onEnableApn: apnType=default, request type=NORMAL
08-09 17:06:38.415 D/DCT-C-0 ( 2286): onEnableApn: APN in CONNECTED state. Exit now.
08-09 17:06:38.530 I/power_partial_wake_state( 1319): [REL,139,*job*/com.samsung.android.scs/androidx.work.impl.background.systemjob.SystemJobService:android]
08-09 17:06:38.530 D/TelephonyManager( 1319): getAllCellInfo - caller PID: 1319, UID: 1000, TID: 2483
08-09 17:06:38.531 I/power_partial_wake_state( 1319): [REL,6,*location*:android]
08-09 17:06:38.564 I/notification_cancel( 1319): [10225,6512,com.android.vending,-1050172287,NULL,0,0,1088,8,NULL]
08-09 17:06:38.582 I/power_partial_wake_state( 1319): [REL,13,NlpWakeLock:com.google.android.gms]
08-09 17:06:38.585 I/power_partial_wake_state( 1319): [REL,3,GCoreFlp:com.google.android.gms]
08-09 17:06:38.593 I/power_partial_wake_state( 1319): [REL,2331,NlpWakeLock:com.google.android.gms]
08-09 17:06:38.602 I/power_partial_wake_state( 1319): [REL,4,NlpWakeLock:com.google.android.gms]
08-09 17:06:38.609 I/power_partial_wake_state( 1319): [REL,5,GCoreFlp:com.google.android.gms]
08-09 17:06:38.613 I/power_partial_wake_state( 1319): [REL,29,GCoreFlp:com.google.android.gms]
08-09 17:06:38.617 D/RILJ ( 2286): [0425]< GSM_SET_BROADCAST_CONFIG [PHONE0]
08-09 17:06:38.619 I/IccSmsInterfaceManager( 2286): Added GSM cell broadcast subscription for MID range 4371 to 4372 from client com.google.android.cellbroadcastreceiver PhoneId : [0]
08-09 17:06:38.620 I/power_partial_wake_state( 1319): [CHG,233,*telephony-radio*:com.android.phone]
08-09 17:06:38.620 D/IccSmsInterfaceManager( 2286): Calling setCellBroadcastActivation(true)
08-09 17:06:38.620 I/power_partial_wake_state( 1319): [REL,0,*telephony-radio*:com.android.phone]
08-09 17:06:38.625 I/power_partial_wake_state( 1319): [CHG,0,*telephony-radio*:com.android.phone]
08-09 17:06:38.625 D/RILJ ( 2286): [0426]> GSM_BROADCAST_ACTIVATION activate = true [PHONE0]
08-09 17:06:38.626 E/RILD ( 1413): DoGsmSetCBActivation: CBEnable: 1
08-09 17:06:38.626 E/RILD ( 1413): DoGsmSetCBActivation: enableCb: 1
08-09 17:06:38.627 D/RILJ ( 2286): [0426]< GSM_BROADCAST_ACTIVATION [PHONE0]
08-09 17:06:38.628 I/power_partial_wake_state( 1319): [CHG,3,*telephony-radio*:com.android.phone]
08-09 17:06:38.628 D/SmsManager( 3604): enableCellBroadcastRange: succeeded at calling enableCellBroadcastRangeForSubscriber. subId = 4
08-09 17:06:38.628 I/power_partial_wake_state( 1319): [REL,0,*telephony-radio*:com.android.phone]
08-09 17:06:38.628 I/SmsConfig( 2286): [0] sms_not_receive_cmas_without_sim = false
08-09 17:06:38.628 D/IccSmsInterfaceManager( 2286): enableCdmaBroadcastRange
08-09 17:06:38.628 D/IccSmsInterfaceManager( 2286): Calling setCdmaBroadcastConfig with 1 configurations
08-09 17:06:38.628 I/power_partial_wake_state( 1319): [REL,10,NlpWakeLock:com.google.android.gms]
08-09 17:06:38.629 I/power_partial_wake_state( 1319): [CHG,0,*telephony-radio*:com.android.phone]
08-09 17:06:38.629 I/power_partial_wake_state( 1319): [REL,406,NlpWakeLock:com.google.android.gms]
08-09 17:06:38.629 D/RILJ ( 2286): [0427]> CDMA_SET_BROADCAST_CONFIG with 1 configs : [PHONE0]
08-09 17:06:38.629 D/RILJ ( 2286): CdmaSmsBroadcastConfigInfo: Id [4097, 4097] ENABLED [PHONE0]
08-09 17:06:38.630 D/RILJ ( 2286): [0427]< CDMA_SET_BROADCAST_CONFIG error 6 [PHONE0]
08-09 17:06:38.630 D/RilRequest( 2286): [0427]< CDMA_SET_BROADCAST_CONFIG error: com.android.internal.telephony.CommandException: REQUEST_NOT_SUPPORTED ret= result={ when=-36s527ms what=4 obj=com.android.internal.telephony.IccSmsInterfaceManager$Request@589e260 target=com.android.internal.telephony.IccSmsInterfaceManager$1 }
08-09 17:06:38.631 I/IccSmsInterfaceManager_FAIL( 2286): Failed to add cdma broadcast subscription for MID range 4097 to 4097 from client com.google.android.cellbroadcastreceiver PhoneId : [0]
08-09 17:06:38.631 I/power_partial_wake_state( 1319): [CHG,2,*telephony-radio*:com.android.phone]
08-09 17:06:38.631 D/SmsManager( 3604): enableCellBroadcastRange: failed at calling enableCellBroadcastRangeForSubscriber. subId = 4
08-09 17:06:38.631 I/SmsConfig( 2286): [0] sms_not_receive_cmas_without_sim = false
08-09 17:06:38.631 D/IccSmsInterfaceManager( 2286): [enableGsmBroadcastRange] startMessageId : 4384, endMessageId : 4385
08-09 17:06:38.632 D/IccSmsInterfaceManager( 2286): Calling setGsmBroadcastConfig with 3 configurations
08-09 17:06:38.632 I/power_partial_wake_state( 1319): [REL,1,*telephony-radio*:com.android.phone]
08-09 17:06:38.633 I/power_partial_wake_state( 1319): [CHG,0,*telephony-radio*:com.android.phone]
08-09 17:06:38.634 D/RILJ ( 2286): [0428]> GSM_SET_BROADCAST_CONFIG with 3 configs : [PHONE0]
08-09 17:06:38.634 D/RILJ ( 2286): SmsBroadcastConfigInfo: Id [4370,4372] Code [0,255] ENABLED [PHONE0]
08-09 17:06:38.634 D/RILJ ( 2286): SmsBroadcastConfigInfo: Id [4383,4383] Code [0,255] ENABLED [PHONE0]
08-09 17:06:38.634 D/RILJ ( 2286): SmsBroadcastConfigInfo: Id [4384,4385] Code [0,255] ENABLED [PHONE0]
08-09 17:06:38.634 E/RILD ( 1413): GetBroadcastSmsConfig: selectedId 0x80 msgIdCount 6
08-09 17:06:38.634 E/RILD ( 1413): enableCb: 1, cbSelectionId: 0x80
08-09 17:06:38.706 I/am_uid_running( 1319): 10228
08-09 17:06:38.726 I/am_proc_start( 1319): [0,6816,10228,com.google.android.apps.tachyon,broadcast,{com.google.android.apps.tachyon/com.google.android.apps.tachyon.simdetection.SimStateBroadcastReceiver}]
08-09 17:06:38.774 I/am_proc_bound( 1319): [0,6816,com.google.android.apps.tachyon]
08-09 17:06:38.830 I/am_uid_running( 1319): 99000
08-09 17:06:38.857 I/power_partial_wake_state( 1319): [REL,16,*job*/com.android.vending/com.google.android.finsky.scheduler.process.mainimpl.PhoneskyJobServiceMain:android]
08-09 17:06:38.878 I/power_partial_wake_state( 1319): [REL,27,*gms_scheduler*:internal:com.google.android.gms]
08-09 17:06:38.882 D/RILJ ( 2286): [0428]< GSM_SET_BROADCAST_CONFIG [PHONE0]
08-09 17:06:38.882 I/IccSmsInterfaceManager( 2286): Added GSM cell broadcast subscription for MID range 4384 to 4385 from client com.google.android.cellbroadcastreceiver PhoneId : [0]
08-09 17:06:38.882 D/IccSmsInterfaceManager( 2286): Calling setCellBroadcastActivation(true)
08-09 17:06:38.882 I/power_partial_wake_state( 1319): [CHG,249,*telephony-radio*:com.android.phone]
08-09 17:06:38.883 I/power_partial_wake_state( 1319): [REL,0,*telephony-radio*:com.android.phone]
08-09 17:06:38.884 I/power_partial_wake_state( 1319): [CHG,1,*telephony-radio*:com.android.phone]
08-09 17:06:38.884 D/RILJ ( 2286): [0429]> GSM_BROADCAST_ACTIVATION activate = true [PHONE0]
08-09 17:06:38.884 E/RILD ( 1413): DoGsmSetCBActivation: CBEnable: 1
08-09 17:06:38.884 E/RILD ( 1413): DoGsmSetCBActivation: enableCb: 1
08-09 17:06:38.885 D/RILJ ( 2286): [0429]< GSM_BROADCAST_ACTIVATION [PHONE0]
08-09 17:06:38.886 I/power_partial_wake_state( 1319): [CHG,2,*telephony-radio*:com.android.phone]
08-09 17:06:38.886 I/power_partial_wake_state( 1319): [REL,0,*telephony-radio*:com.android.phone]
08-09 17:06:38.888 I/c2dm ( 3758): [-19,SUCCESSFUL,0,0]
08-09 17:06:38.889 D/SmsManager( 3604): enableCellBroadcastRange: succeeded at calling enableCellBroadcastRangeForSubscriber. subId = 4
08-09 17:06:38.890 I/SmsConfig( 2286): [0] sms_not_receive_cmas_without_sim = false
08-09 17:06:38.890 D/IccSmsInterfaceManager( 2286): [enableGsmBroadcastRange] startMessageId : 4373, endMessageId : 4378
08-09 17:06:38.890 D/IccSmsInterfaceManager( 2286): Calling setGsmBroadcastConfig with 3 configurations
08-09 17:06:38.891 I/power_partial_wake_state( 1319): [CHG,0,*telephony-radio*:com.android.phone]
08-09 17:06:38.891 D/RILJ ( 2286): [0430]> GSM_SET_BROADCAST_CONFIG with 3 configs : [PHONE0]
08-09 17:06:38.891 D/RILJ ( 2286): SmsBroadcastConfigInfo: Id [4370,4372] Code [0,255] ENABLED [PHONE0]
08-09 17:06:38.891 D/RILJ ( 2286): SmsBroadcastConfigInfo: Id [4383,4385] Code [0,255] ENABLED [PHONE0]
08-09 17:06:38.891 D/RILJ ( 2286): SmsBroadcastConfigInfo: Id [4373,4378] Code [0,255] ENABLED [PHONE0]
08-09 17:06:38.896 E/RILD ( 1413): GetBroadcastSmsConfig: selectedId 0x80 msgIdCount 12
08-09 17:06:38.896 E/RILD ( 1413): enableCb: 1, cbSelectionId: 0x80
08-09 17:06:38.916 I/am_proc_start( 1319): [0,6848,99000,com.google.android.webview:sandboxed_process0:org.chromium.content.app.SandboxedProcessService0:0,,{com.samsung.android.dynamiclock/org.chromium.content.app.SandboxedProcessService0:0}]
08-09 17:06:38.918 I/power_partial_wake_state( 1319): [REL,2096,fiid-sync:com.wssyncmldm]
08-09 17:06:38.967 I/power_partial_wake_state( 1319): [REL,1849,*gms_scheduler*/com.google.android.gms/.mdisync.service.MdiSyncBackgroundTaskService:com.google.android.gms]
08-09 17:06:38.986 I/am_proc_bound( 1319): [0,6848,com.google.android.webview:sandboxed_process0:org.chromium.content.app.SandboxedProcessService0:0]
08-09 17:06:38.990 I/am_uid_active( 1319): 99000
08-09 17:06:39.067 I/power_partial_wake_state( 1319): [REL,87,*gms_scheduler*:internal:com.google.android.gms]
08-09 17:06:39.083 I/power_partial_wake_state( 1319): [REL,10,*gms_scheduler*:internal:com.google.android.gms]
08-09 17:06:39.096 D/ARGOS ( 3432): argos: argos_monitor: UFS - Mbps:1329 prev_tput:980
08-09 17:06:39.115 I/power_partial_wake_state( 1319): [REL,273,*job*/com.android.vending/com.google.android.finsky.scheduler.process.mainimpl.PhoneskyJobServiceMain:android]
08-09 17:06:39.134 D/RILJ ( 2286): [0430]< GSM_SET_BROADCAST_CONFIG [PHONE0]
08-09 17:06:39.134 I/IccSmsInterfaceManager( 2286): Added GSM cell broadcast subscription for MID range 4373 to 4378 from client com.google.android.cellbroadcastreceiver PhoneId : [0]
08-09 17:06:39.135 D/IccSmsInterfaceManager( 2286): Calling setCellBroadcastActivation(true)
08-09 17:06:39.135 I/power_partial_wake_state( 1319): [CHG,244,*telephony-radio*:com.android.phone]
08-09 17:06:39.136 I/power_partial_wake_state( 1319): [REL,1,*telephony-radio*:com.android.phone]
08-09 17:06:39.138 I/power_partial_wake_state( 1319): [CHG,0,*telephony-radio*:com.android.phone]
08-09 17:06:39.138 D/RILJ ( 2286): [0431]> GSM_BROADCAST_ACTIVATION activate = true [PHONE0]
08-09 17:06:39.139 E/RILD ( 1413): DoGsmSetCBActivation: CBEnable: 1
08-09 17:06:39.139 E/RILD ( 1413): DoGsmSetCBActivation: enableCb: 1
08-09 17:06:39.141 D/RILJ ( 2286): [0431]< GSM_BROADCAST_ACTIVATION [PHONE0]
08-09 17:06:39.141 I/power_partial_wake_state( 1319): [CHG,4,*telephony-radio*:com.android.phone]
08-09 17:06:39.142 D/SmsManager( 3604): enableCellBroadcastRange: succeeded at calling enableCellBroadcastRangeForSubscriber. subId = 4
08-09 17:06:39.142 I/SmsConfig( 2286): [0] sms_not_receive_cmas_without_sim = false
08-09 17:06:39.142 D/IccSmsInterfaceManager( 2286): enableCdmaBroadcastRange
08-09 17:06:39.143 I/power_partial_wake_state( 1319): [REL,1,*telephony-radio*:com.android.phone]
08-09 17:06:39.143 D/IccSmsInterfaceManager( 2286): Calling setCdmaBroadcastConfig with 1 configurations
08-09 17:06:39.147 I/power_partial_wake_state( 1319): [CHG,2,*telephony-radio*:com.android.phone]
08-09 17:06:39.147 D/RILJ ( 2286): [0432]> CDMA_SET_BROADCAST_CONFIG with 1 configs : [PHONE0]
08-09 17:06:39.148 D/RILJ ( 2286): CdmaSmsBroadcastConfigInfo: Id [4098, 4098] ENABLED [PHONE0]
08-09 17:06:39.149 D/RILJ ( 2286): [0432]< CDMA_SET_BROADCAST_CONFIG error 6 [PHONE0]
08-09 17:06:39.149 D/RilRequest( 2286): [0432]< CDMA_SET_BROADCAST_CONFIG error: com.android.internal.telephony.CommandException: REQUEST_NOT_SUPPORTED ret= result={ when=-37s45ms what=4 obj=com.android.internal.telephony.IccSmsInterfaceManager$Request@baaebea target=com.android.internal.telephony.IccSmsInterfaceManager$1 }
08-09 17:06:39.149 I/am_proc_start( 1319): [0,6890,10225,com.android.vending:background,service,{com.android.vending/com.google.android.finsky.ipcservers.background.BackgroundGrpcServerAndroidService}]
08-09 17:06:39.150 I/power_partial_wake_state( 1319): [CHG,3040,Icing:com.google.android.gms]
08-09 17:06:39.150 I/IccSmsInterfaceManager_FAIL( 2286): Failed to add cdma broadcast subscription for MID range 4098 to 4098 from client com.google.android.cellbroadcastreceiver PhoneId : [0]
08-09 17:06:39.151 D/SmsManager( 3604): enableCellBroadcastRange: failed at calling enableCellBroadcastRangeForSubscriber. subId = 4
08-09 17:06:39.151 I/SmsConfig( 2286): [0] sms_not_receive_cmas_without_sim = false
08-09 17:06:39.152 D/IccSmsInterfaceManager( 2286): [enableGsmBroadcastRange] startMessageId : 4386, endMessageId : 4391
08-09 17:06:39.152 D/IccSmsInterfaceManager( 2286): Calling setGsmBroadcastConfig with 3 configurations
08-09 17:06:39.156 I/power_partial_wake_state( 1319): [CHG,9,*telephony-radio*:com.android.phone]
08-09 17:06:39.157 I/power_partial_wake_state( 1319): [REL,1,*telephony-radio*:com.android.phone]
08-09 17:06:39.158 I/power_partial_wake_state( 1319): [CHG,1,*telephony-radio*:com.android.phone]
08-09 17:06:39.159 D/RILJ ( 2286): [0433]> GSM_SET_BROADCAST_CONFIG with 3 configs : [PHONE0]
08-09 17:06:39.159 D/RILJ ( 2286): SmsBroadcastConfigInfo: Id [4370,4378] Code [0,255] ENABLED [PHONE0]
08-09 17:06:39.159 D/RILJ ( 2286): SmsBroadcastConfigInfo: Id [4383,4385] Code [0,255] ENABLED [PHONE0]
08-09 17:06:39.159 D/RILJ ( 2286): SmsBroadcastConfigInfo: Id [4386,4391] Code [0,255] ENABLED [PHONE0]
08-09 17:06:39.160 E/RILD ( 1413): GetBroadcastSmsConfig: selectedId 0x80 msgIdCount 18
08-09 17:06:39.160 E/RILD ( 1413): enableCb: 1, cbSelectionId: 0x80
08-09 17:06:39.183 I/am_uid_running( 1319): 10237
08-09 17:06:39.197 I/am_proc_start( 1319): [0,6902,10237,com.google.android.webview:webview_service,service,{com.google.android.webview/org.chromium.android_webview.services.ComponentsProviderService}]
08-09 17:06:39.205 I/am_proc_bound( 1319): [0,6890,com.android.vending:background]
08-09 17:06:39.214 I/dvm_lock_sample( 4545): [com.google.android.gms,0,[com.google.android.gms.chimera.container.intentoperation.GmsIntentOperationChimeraService-Executor] processing com.google.android.gms.icing.proxy.UpdateIcingCorporaIntentOperation for action com.google.android.gms.icing.proxy.ACTION_UPDATE,2954,:com.google.android.gms@233013044@23.30.13 (190400-552628474),39,void izw.run(),-,73,void izw.run(),100]
08-09 17:06:39.214 I/dvm_lock_sample( 6242): [com.samsung.android.dynamiclock,0,b0-TaskPool-3,503,chromium-TrichromeWebViewGoogle6432.aab-stable-579013833,5,android.webkit.WebViewFactoryProvider$Statics com.android.webview.chromium.WebViewChromiumFactoryProvider.getStatics(),-,11,void WV.IB0.run(),100]
08-09 17:06:39.230 I/power_partial_wake_state( 1319): [CHG,80,Icing:com.google.android.gms]
08-09 17:06:39.242 I/power_partial_wake_state( 1319): [CHG,12,Icing:com.google.android.gms]
08-09 17:06:39.263 I/power_partial_wake_state( 1319): [REL,4,nearby:ENWearableDeviceManager:com.google.android.gms]
08-09 17:06:39.280 I/am_proc_bound( 1319): [0,6902,com.google.android.webview:webview_service]
08-09 17:06:39.282 I/am_uid_active( 1319): 10237
08-09 17:06:39.312 I/power_partial_wake_state( 1319): [CHG,70,Icing:com.google.android.gms]
08-09 17:06:39.331 I/power_partial_wake_state( 1319): [REL,7,*job*/com.android.vending/com.google.android.finsky.scheduler.process.mainimpl.PhoneskyJobServiceMain:android]
08-09 17:06:39.381 I/am_meminfo( 1319): [3005820928,138989568,7671808,665468928,712582144]
08-09 17:06:39.397 I/IccSmsInterfaceManager( 2286): Added GSM cell broadcast subscription for MID range 4386 to 4391 from client com.google.android.cellbroadcastreceiver PhoneId : [0]
08-09 17:06:39.397 D/RILJ ( 2286): [0433]< GSM_SET_BROADCAST_CONFIG [PHONE0]
08-09 17:06:39.398 D/IccSmsInterfaceManager( 2286): Calling setCellBroadcastActivation(true)
08-09 17:06:39.398 I/power_partial_wake_state( 1319): [CHG,240,*telephony-radio*:com.android.phone]
08-09 17:06:39.399 I/power_partial_wake_state( 1319): [REL,1,*telephony-radio*:com.android.phone]
08-09 17:06:39.402 I/power_partial_wake_state( 1319): [CHG,1,*telephony-radio*:com.android.phone]
08-09 17:06:39.403 D/RILJ ( 2286): [0434]> GSM_BROADCAST_ACTIVATION activate = true [PHONE0]
08-09 17:06:39.403 E/RILD ( 1413): DoGsmSetCBActivation: CBEnable: 1
08-09 17:06:39.404 E/RILD ( 1413): DoGsmSetCBActivation: enableCb: 1
08-09 17:06:39.405 D/RILJ ( 2286): [0434]< GSM_BROADCAST_ACTIVATION [PHONE0]
08-09 17:06:39.406 D/SmsManager( 3604): enableCellBroadcastRange: succeeded at calling enableCellBroadcastRangeForSubscriber. subId = 4
08-09 17:06:39.406 I/SmsConfig( 2286): [0] sms_not_receive_cmas_without_sim = false
08-09 17:06:39.407 D/IccSmsInterfaceManager( 2286): [enableGsmBroadcastRange] startMessageId : 4379, endMessageId : 4379
08-09 17:06:39.407 D/IccSmsInterfaceManager( 2286): Calling setGsmBroadcastConfig with 3 configurations
08-09 17:06:39.412 I/power_partial_wake_state( 1319): [CHG,9,*telephony-radio*:com.android.phone]
08-09 17:06:39.417 I/power_partial_wake_state( 1319): [REL,5,*telephony-radio*:com.android.phone]
08-09 17:06:39.419 I/power_partial_wake_state( 1319): [CHG,1,*telephony-radio*:com.android.phone]
08-09 17:06:39.419 D/RILJ ( 2286): [0435]> GSM_SET_BROADCAST_CONFIG with 3 configs : [PHONE0]
08-09 17:06:39.419 D/RILJ ( 2286): SmsBroadcastConfigInfo: Id [4370,4378] Code [0,255] ENABLED [PHONE0]
08-09 17:06:39.419 D/RILJ ( 2286): SmsBroadcastConfigInfo: Id [4383,4391] Code [0,255] ENABLED [PHONE0]
08-09 17:06:39.419 D/RILJ ( 2286): SmsBroadcastConfigInfo: Id [4379,4379] Code [0,255] ENABLED [PHONE0]
08-09 17:06:39.420 E/RILD ( 1413): GetBroadcastSmsConfig: selectedId 0x80 msgIdCount 19
08-09 17:06:39.420 E/RILD ( 1413): enableCb: 1, cbSelectionId: 0x80
08-09 17:06:39.427 I/power_partial_wake_state( 1319): [REL,3,nearby:ENWearableDeviceManager:com.google.android.gms]
