08-09 17:06:48.408 I/dvm_lock_sample( 1319): [system_server,1,binder:1319_1B,34,ActivityManagerService.java,15047,void com.android.server.am.ActivityManagerService.publishService(android.os.IBinder, android.content.Intent, android.os.IBinder),,0,null,6]
08-09 17:06:48.418 I/am_uid_running( 1319): 10220
08-09 17:06:48.421 I/am_kill ( 1319): [0,7423,com.sec.automation,999,empty #33]
08-09 17:06:48.432 I/am_proc_start( 1319): [0,8938,10210,com.qualcomm.timeservice,broadcast,{com.qualcomm.timeservice/com.qualcomm.timeservice.TimeServiceBroadcastReceiver}]
08-09 17:06:48.434 I/power_partial_wake_state( 1319): [REL,0,nearby:ENWearableDeviceManager:com.google.android.gms]
08-09 17:06:48.440 I/notification_cancel( 1319): [10224,3758,com.google.android.gms,56933,NULL,0,0,1088,8,NULL]
08-09 17:06:48.446 I/service_manager_slow( 8920): [10,activity]
08-09 17:06:48.453 I/notification_cancel( 1319): [10224,3758,com.google.android.gms,56932,NULL,0,0,1088,8,NULL]
08-09 17:06:48.459 I/notification_cancel( 1319): [10224,3758,com.google.android.gms,56935,NULL,0,0,1088,8,NULL]
08-09 17:06:48.461 I/notification_cancel( 1319): [10224,3758,com.google.android.gms,115357,NULL,0,0,1088,8,NULL]
08-09 17:06:48.462 I/am_proc_bound( 1319): [0,8920,com.android.dynsystem:dynsystem]
08-09 17:06:48.462 I/notification_cancel( 1319): [10224,3758,com.google.android.gms,115356,NULL,0,0,1088,8,NULL]
08-09 17:06:48.462 I/notification_cancel( 1319): [10224,3758,com.google.android.gms,115358,NULL,0,0,1088,8,NULL]
08-09 17:06:48.465 I/am_proc_start( 1319): [0,8946,10220,com.android.hotwordenrollment.okgoogle,broadcast,{com.android.hotwordenrollment.okgoogle/com.android.hotwordenrollment.okgoogle.StartupReceiver}]
08-09 17:06:48.475 I/am_proc_bound( 1319): [0,8938,com.qualcomm.timeservice]
08-09 17:06:48.478 I/am_uid_active( 1319): 10210
08-09 17:06:48.521 I/am_uid_active( 1319): 10220
08-09 17:06:48.523 I/am_proc_died( 1319): [0,7423,com.sec.automation,999,19,101,3731]
08-09 17:06:48.535 I/power_partial_wake_state( 1319): [REL,4,*job*/com.whatsapp/.push.RegistrationIntentService:android]
08-09 17:06:48.540 I/power_partial_wake_state( 1319): [REL,3005,AlarmReceiver:com.sec.android.app.clockpackage]
08-09 17:06:48.551 I/power_partial_wake_state( 1319): [REL,200,*job*/com.facebook.orca/com.facebook.messaging.livelocation.bindings.MessengerLiveLocationBooterService:android]
08-09 17:06:48.555 I/am_proc_bound( 1319): [0,8946,com.android.hotwordenrollment.okgoogle]
08-09 17:06:48.562 I/power_partial_wake_state( 1319): [REL,30,*job*/com.whatsapp/.push.RegistrationIntentService:android]
08-09 17:06:48.575 I/am_kill ( 1319): [0,7533,com.samsung.android.themestore,935,empty #33]
08-09 17:06:48.579 I/am_uid_active( 1319): 10368
08-09 17:06:48.640 I/power_partial_wake_state( 1319): [REL,54,TimeService:com.qualcomm.timeservice]
08-09 17:06:48.643 I/power_partial_wake_state( 1319): [REL,8,*job*/com.google.android.apps.carrier.carrierwifi/androidx.work.impl.background.systemjob.SystemJobService:android]
08-09 17:06:48.656 I/power_partial_wake_state( 1319): [DIS,46552,skype:bgexec:ConvCounts:com.skype.raider(disabled: nocached)]
08-09 17:06:48.658 I/power_partial_wake_state( 1319): [DIS,46554,skype:bgexec:Notifications:conv:com.skype.raider(disabled: nocached)]
08-09 17:06:48.728 I/wm_task_moved( 1319): [98,1,3]
08-09 17:06:48.728 I/wm_set_resumed_activity( 1319): [0,com.innowireless.xcal.mobile5/.ui.intro.Launch_Activity,positionChildAt]
08-09 17:06:48.728 I/wm_create_activity( 1319): [0,165434331,98,com.innowireless.xcal.mobile5/.ui.Main_Activity,NULL,NULL,NULL,268435456,startActivityAsUser:com.innowireless.xcal.mobile5:-1]
08-09 17:06:48.731 I/wm_pause_activity( 1319): [0,194422734,com.innowireless.xcal.mobile5/.ui.intro.Launch_Activity,userLeaving=true,resumeTopActivity]
08-09 17:06:48.755 I/am_proc_start( 1319): [0,9025,1000,com.android.settings,broadcast,{com.android.settings/com.samsung.android.settings.autopoweronoff.AutoPowerOnOffReceiver}]
08-09 17:06:48.761 I/am_uid_running( 1319): 10237
08-09 17:06:48.790 I/service_manager_slow( 8946): [73,vpn_management]
08-09 17:06:48.807 I/am_proc_bound( 1319): [0,9025,com.android.settings]
08-09 17:06:48.811 I/wm_add_to_stopping( 1319): [0,194422734,com.innowireless.xcal.mobile5/.ui.intro.Launch_Activity,makeInvisible]
08-09 17:06:48.812 I/wm_add_to_stopping( 1319): [0,109097444,com.sec.android.app.launcher/.activities.LauncherActivity,makeInvisible]
08-09 17:06:48.843 I/power_partial_wake_state( 1319): [REL,207,*job*/com.google.android.apps.carrier.carrierwifi/androidx.work.impl.background.systemjob.SystemJobService:android]
08-09 17:06:48.887 D/DDS-TelephonyNetworkFactory[0]( 2286): handleMessage msg={ when=-1ms what=4 obj=NetworkRequest [ REQUEST id=142, [ Capabilities: INTERNET&NOT_RESTRICTED&TRUSTED&NOT_VCN_MANAGED Uid: 10228 RequestorUid: 10228 RequestorPkg: com.google.android.apps.tachyon UnderlyingNetworks: Null] ] target=com.android.internal.telephony.data.TelephonyNetworkFactory$InternalHandler }
08-09 17:06:48.888 D/DDS-TelephonyNetworkFactory[0]( 2286): onReleaseNetworkFor [NetworkRequest [ REQUEST id=142, [ Capabilities: INTERNET&NOT_RESTRICTED&TRUSTED&NOT_VCN_MANAGED Uid: 10228 RequestorUid: 10228 RequestorPkg: com.google.android.apps.tachyon UnderlyingNetworks: Null] ], mPriority=0, state=UNSATISFIED, mAttachedDataNetwork=null, isMetered=false, created time=17:06:48.888, evaluation result=null] applied true
08-09 17:06:48.888 D/DCT-C-0 ( 2286): DDS-DcTracker.releaseNetwork for NetworkRequest [ REQUEST id=142, [ Capabilities: INTERNET&NOT_RESTRICTED&TRUSTED&NOT_VCN_MANAGED Uid: 10228 RequestorUid: 10228 RequestorPkg: com.google.android.apps.tachyon UnderlyingNetworks: Null] ] found {mApnType=default mState=CONNECTED mWaitingApns={[[ApnSetting] Jio 4G, 6085, 405874, jionet, , null, , null, null, 0, supl | hipri | default | xcap, IPV4V6, IPV4V6, true, 0, false, 20, 0, 300, 0, 0, null, , false, UNKNOWN, UNKNOWN, 0, -1, -1, false] priority=1} mApnSetting={[ApnSetting] Jio 4G, 6085, 405874, jionet, , null, , null, null, 0, supl | hipri | default | xcap, IPV4V6, IPV4V6, true, 0, false, 20, 0, 300, 0, 0, null, , false, UNKNOWN, UNKNOWN, 0, -1, -1, false} mReason=connected mNeedDisconnectByDdsChange=false mDataEnabled=true}, type=NORMAL
08-09 17:06:48.888 D/DC-C-1 ( 2286): reevaluate data connection properties
08-09 17:06:48.889 I/am_proc_start( 1319): [0,9057,10237,com.google.android.webview:webview_service,service,{com.google.android.webview/org.chromium.android_webview.services.VariationsSeedServer}]
08-09 17:06:48.898 I/am_proc_died( 1319): [0,6816,com.google.android.apps.tachyon,945,19,78,3735]
08-09 17:06:48.899 I/am_uid_stopped( 1319): 10228
08-09 17:06:48.902 I/am_proc_died( 1319): [0,7533,com.samsung.android.themestore,935,19,79,3734]
08-09 17:06:48.903 I/am_uid_stopped( 1319): 10125
08-09 17:06:48.917 I/power_partial_wake_state( 1319): [REL,8,*job*/com.google.android.apps.carrier.carrierwifi/androidx.work.impl.background.systemjob.SystemJobService:android]
08-09 17:06:48.931 I/wm_on_top_resumed_lost_called( 4285): [194422734,com.innowireless.xcal.mobile5.ui.intro.Launch_Activity,topStateChangedWhenResumed]
08-09 17:06:48.933 I/wm_on_paused_called( 4285): [194422734,com.innowireless.xcal.mobile5.ui.intro.Launch_Activity,performPause]
08-09 17:06:48.939 I/wm_restart_activity( 1319): [0,165434331,98,com.innowireless.xcal.mobile5/.ui.Main_Activity]
08-09 17:06:48.946 I/wm_set_resumed_activity( 1319): [0,com.innowireless.xcal.mobile5/.ui.Main_Activity,minimalResumeActivityLocked]
08-09 17:06:48.948 I/sysui_multi_action( 1319): [757,803,799,window_time_0,802,1]
08-09 17:06:48.955 I/input_focus( 1319): [Requesting to set focus to null window,reason=UpdateInputWindows]
08-09 17:06:48.962 I/input_focus( 1319): [Focus leaving 6a6f159 com.innowireless.xcal.mobile5/com.innowireless.xcal.mobile5.ui.intro.Launch_Activity (server),reason=Waiting for window because NOT_FOCUSABLE]
08-09 17:06:48.967 I/wm_finish_activity( 1319): [0,194422734,98,com.innowireless.xcal.mobile5/.ui.intro.Launch_Activity,app-request]
08-09 17:06:48.980 I/power_partial_wake_state( 1319): [REL,71,*job*/com.google.android.apps.carrier.carrierwifi/androidx.work.impl.background.systemjob.SystemJobService:android]
08-09 17:06:48.987 I/am_proc_bound( 1319): [0,9057,com.google.android.webview:webview_service]
08-09 17:06:49.016 I/dvm_lock_sample( 1319): [system_server,0,binder:1319_5,22,ContentProviderHelper.java,863,void com.android.server.am.ContentProviderHelper.removeContentProvider(android.os.IBinder, boolean),ActivityManagerService.java,5945,void com.android.server.am.ActivityManagerService.attachApplication(android.app.IApplicationThread, long),4]
08-09 17:06:49.019 I/am_uid_running( 1319): 10219
08-09 17:06:49.026 I/am_kill ( 1319): [0,7641,com.samsung.logwriter,999,empty #33]
08-09 17:06:49.034 I/am_proc_start( 1319): [0,9088,10219,com.android.hotwordenrollment.xgoogle,broadcast,{com.android.hotwordenrollment.xgoogle/com.android.hotwordenrollment.xgoogle.StartupReceiver}]
08-09 17:06:49.038 I/am_kill ( 1319): [0,7452,org.smssecure.smssecure,999,empty #33]
08-09 17:06:49.036 I/service_manager_slow( 9025): [14,vpn_management]
08-09 17:06:49.097 I/am_proc_died( 1319): [0,7452,org.smssecure.smssecure,999,19,95,3755]
08-09 17:06:49.108 I/am_uid_stopped( 1319): 10343
08-09 17:06:49.115 I/am_uid_active( 1319): 10219
08-09 17:06:49.118 I/am_proc_died( 1319): [0,7641,com.samsung.logwriter,999,19,94,3753]
08-09 17:06:49.120 I/am_kill ( 1319): [0,6512,com.android.vending,999,empty #33]
08-09 17:06:49.121 I/wm_requested_orientation( 1319): [1,com.innowireless.xcal.mobile5]
08-09 17:06:49.124 I/am_proc_bound( 1319): [0,9088,com.android.hotwordenrollment.xgoogle]
08-09 17:06:49.150 D/ARGOS ( 3432): argos: argos_monitor: UFS - Mbps:652 prev_tput:533
08-09 17:06:49.220 I/am_kill ( 1319): [0,6890,com.android.vending:background,999,empty #33]
08-09 17:06:49.241 I/am_proc_died( 1319): [0,6512,com.android.vending,999,19,135,3734]
08-09 17:06:49.242 D/DDS-TelephonyNetworkFactory[0]( 2286): handleMessage msg={ when=0 what=4 obj=NetworkRequest [ REQUEST id=137, [ Capabilities: INTERNET&NOT_RESTRICTED&TRUSTED&NOT_VCN_MANAGED Uid: 10225 RequestorUid: 10225 RequestorPkg: com.android.vending UnderlyingNetworks: Null] ] target=com.android.internal.telephony.data.TelephonyNetworkFactory$InternalHandler }
08-09 17:06:49.242 D/DDS-TelephonyNetworkFactory[0]( 2286): onReleaseNetworkFor [NetworkRequest [ REQUEST id=137, [ Capabilities: INTERNET&NOT_RESTRICTED&TRUSTED&NOT_VCN_MANAGED Uid: 10225 RequestorUid: 10225 RequestorPkg: com.android.vending UnderlyingNetworks: Null] ], mPriority=0, state=UNSATISFIED, mAttachedDataNetwork=null, isMetered=false, created time=17:06:49.242, evaluation result=null] applied true
08-09 17:06:49.242 D/DCT-C-0 ( 2286): DDS-DcTracker.releaseNetwork for NetworkRequest [ REQUEST id=137, [ Capabilities: INTERNET&NOT_RESTRICTED&TRUSTED&NOT_VCN_MANAGED Uid: 10225 RequestorUid: 10225 RequestorPkg: com.android.vending UnderlyingNetworks: Null] ] found {mApnType=default mState=CONNECTED mWaitingApns={[[ApnSetting] Jio 4G, 6085, 405874, jionet, , null, , null, null, 0, supl | hipri | default | xcap, IPV4V6, IPV4V6, true, 0, false, 20, 0, 300, 0, 0, null, , false, UNKNOWN, UNKNOWN, 0, -1, -1, false] priority=1} mApnSetting={[ApnSetting] Jio 4G, 6085, 405874, jionet, , null, , null, null, 0, supl | hipri | default | xcap, IPV4V6, IPV4V6, true, 0, false, 20, 0, 300, 0, 0, null, , false, UNKNOWN, UNKNOWN, 0, -1, -1, false} mReason=connected mNeedDisconnectByDdsChange=false mDataEnabled=true}, type=NORMAL
08-09 17:06:49.242 D/DC-C-1 ( 2286): reevaluate data connection properties
08-09 17:06:49.270 I/am_proc_died( 1319): [0,6890,com.android.vending:background,999,19,153,3732]
08-09 17:06:49.270 D/DDS-TelephonyNetworkFactory[0]( 2286): handleMessage msg={ when=0 what=4 obj=NetworkRequest [ REQUEST id=140, [ Capabilities: INTERNET&NOT_RESTRICTED&TRUSTED&NOT_VCN_MANAGED Uid: 10225 RequestorUid: 10225 RequestorPkg: com.android.vending UnderlyingNetworks: Null] ] target=com.android.internal.telephony.data.TelephonyNetworkFactory$InternalHandler }
08-09 17:06:49.271 D/DDS-TelephonyNetworkFactory[0]( 2286): onReleaseNetworkFor [NetworkRequest [ REQUEST id=140, [ Capabilities: INTERNET&NOT_RESTRICTED&TRUSTED&NOT_VCN_MANAGED Uid: 10225 RequestorUid: 10225 RequestorPkg: com.android.vending UnderlyingNetworks: Null] ], mPriority=0, state=UNSATISFIED, mAttachedDataNetwork=null, isMetered=false, created time=17:06:49.270, evaluation result=null] applied true
08-09 17:06:49.271 D/DCT-C-0 ( 2286): DDS-DcTracker.releaseNetwork for NetworkRequest [ REQUEST id=140, [ Capabilities: INTERNET&NOT_RESTRICTED&TRUSTED&NOT_VCN_MANAGED Uid: 10225 RequestorUid: 10225 RequestorPkg: com.android.vending UnderlyingNetworks: Null] ] found {mApnType=default mState=CONNECTED mWaitingApns={[[ApnSetting] Jio 4G, 6085, 405874, jionet, , null, , null, null, 0, supl | hipri | default | xcap, IPV4V6, IPV4V6, true, 0, false, 20, 0, 300, 0, 0, null, , false, UNKNOWN, UNKNOWN, 0, -1, -1, false] priority=1} mApnSetting={[ApnSetting] Jio 4G, 6085, 405874, jionet, , null, , null, null, 0, supl | hipri | default | xcap, IPV4V6, IPV4V6, true, 0, false, 20, 0, 300, 0, 0, null, , false, UNKNOWN, UNKNOWN, 0, -1, -1, false} mReason=connected mNeedDisconnectByDdsChange=false mDataEnabled=true}, type=NORMAL
08-09 17:06:49.271 D/DC-C-1 ( 2286): reevaluate data connection properties
08-09 17:06:49.284 I/am_uid_running( 1319): 10077
08-09 17:06:49.290 I/am_kill ( 1319): [0,7714,com.skms.android.agent,999,empty #33]
08-09 17:06:49.295 I/am_proc_start( 1319): [0,9147,10225,com.android.vending,service,{com.android.vending/com.google.android.finsky.integrityservice.IntegrityService}]
08-09 17:06:49.312 I/am_proc_bound( 1319): [0,9147,com.android.vending]
08-09 17:06:49.317 I/am_proc_start( 1319): [0,9162,10077,com.android.managedprovisioning,broadcast,{com.android.managedprovisioning/com.android.managedprovisioning.BootReminder}]
08-09 17:06:49.323 I/am_proc_died( 1319): [0,7714,com.skms.android.agent,999,19,160,3709]
08-09 17:06:49.327 I/am_uid_active( 1319): 10077
08-09 17:06:49.354 I/am_proc_start( 1319): [0,9175,10224,com.google.android.gms.unstable,service,{com.google.android.gms/com.google.android.gms.droidguard.DroidGuardService}]
08-09 17:06:49.357 I/am_proc_bound( 1319): [0,9162,com.android.managedprovisioning]
08-09 17:06:49.390 I/am_proc_bound( 1319): [0,9175,com.google.android.gms.unstable]
08-09 17:06:49.573 D/DDS-TelephonyNetworkFactory[0]( 2286): got request NetworkRequest [ REQUEST id=175, [ Capabilities: INTERNET&NOT_RESTRICTED&TRUSTED&NOT_VCN_MANAGED Uid: 10225 RequestorUid: 10225 RequestorPkg: com.android.vending UnderlyingNetworks: Null] ]
08-09 17:06:49.574 D/DDS-TelephonyNetworkFactory[0]( 2286): handleMessage msg={ when=0 what=3 obj=NetworkRequest [ REQUEST id=175, [ Capabilities: INTERNET&NOT_RESTRICTED&TRUSTED&NOT_VCN_MANAGED Uid: 10225 RequestorUid: 10225 RequestorPkg: com.android.vending UnderlyingNetworks: Null] ] target=com.android.internal.telephony.data.TelephonyNetworkFactory$InternalHandler }
08-09 17:06:49.575 D/DDS-TelephonyNetworkFactory[0]( 2286): onNeedNetworkFor [NetworkRequest [ REQUEST id=175, [ Capabilities: INTERNET&NOT_RESTRICTED&TRUSTED&NOT_VCN_MANAGED Uid: 10225 RequestorUid: 10225 RequestorPkg: com.android.vending UnderlyingNetworks: Null] ], mPriority=0, state=UNSATISFIED, mAttachedDataNetwork=null, isMetered=false, created time=17:06:49.574, evaluation result=null] shouldApply true
08-09 17:06:49.575 D/DCT-C-0 ( 2286): DDS-DcTracker.requestNetwork for NetworkRequest [ REQUEST id=175, [ Capabilities: INTERNET&NOT_RESTRICTED&TRUSTED&NOT_VCN_MANAGED Uid: 10225 RequestorUid: 10225 RequestorPkg: com.android.vending UnderlyingNetworks: Null] ] found {mApnType=default mState=CONNECTED mWaitingApns={[[ApnSetting] Jio 4G, 6085, 405874, jionet, , null, , null, null, 0, supl | hipri | default | xcap, IPV4V6, IPV4V6, true, 0, false, 20, 0, 300, 0, 0, null, , false, UNKNOWN, UNKNOWN, 0, -1, -1, false] priority=1} mApnSetting={[ApnSetting] Jio 4G, 6085, 405874, jionet, , null, , null, null, 0, supl | hipri | default | xcap, IPV4V6, IPV4V6, true, 0, false, 20, 0, 300, 0, 0, null, , false, UNKNOWN, UNKNOWN, 0, -1, -1, false} mReason=connected mNeedDisconnectByDdsChange=false mDataEnabled=true}, type=NORMAL
08-09 17:06:49.576 D/DC-C-1 ( 2286): reevaluate data connection properties
08-09 17:06:49.576 D/DCT-C-0 ( 2286): onEnableApn: apnType=default, request type=NORMAL
08-09 17:06:49.576 D/DCT-C-0 ( 2286): onEnableApn: APN in CONNECTED state. Exit now.
08-09 17:06:49.654 I/notification_cancel( 1319): [10224,9175,com.google.android.gms,10436,NOT_MNC,0,0,1088,8,NULL]
08-09 17:06:49.654 I/notification_cancel( 1319): [10224,9175,com.google.android.gms,39789,NOT_MNC,0,0,1088,8,NULL]
08-09 17:06:49.675 I/am_kill ( 1319): [0,7792,com.samsung.android.app.smartcapture,999,empty #33]
08-09 17:06:49.685 I/notification_cancel( 1319): [10225,9147,com.android.vending,-1050172287,NULL,0,0,1088,8,NULL]
08-09 17:06:49.700 I/am_proc_died( 1319): [0,7792,com.samsung.android.app.smartcapture,999,19,87,3636]
08-09 17:06:49.750 I/am_kill ( 1319): [0,7903,com.samsung.android.calendar,999,empty #33]
08-09 17:06:49.781 D/DDS-TelephonyNetworkFactory[0]( 2286): got request NetworkRequest [ REQUEST id=178, [ Capabilities: INTERNET&NOT_RESTRICTED&TRUSTED&NOT_VCN_MANAGED Uid: 10226 RequestorUid: 1000 RequestorPkg: android UnderlyingNetworks: Null] ]
08-09 17:06:49.781 D/DDS-TelephonyNetworkFactory[0]( 2286): handleMessage msg={ when=0 what=3 obj=NetworkRequest [ REQUEST id=178, [ Capabilities: INTERNET&NOT_RESTRICTED&TRUSTED&NOT_VCN_MANAGED Uid: 10226 RequestorUid: 1000 RequestorPkg: android UnderlyingNetworks: Null] ] target=com.android.internal.telephony.data.TelephonyNetworkFactory$InternalHandler }
08-09 17:06:49.782 D/DDS-TelephonyNetworkFactory[0]( 2286): onNeedNetworkFor [NetworkRequest [ REQUEST id=178, [ Capabilities: INTERNET&NOT_RESTRICTED&TRUSTED&NOT_VCN_MANAGED Uid: 10226 RequestorUid: 1000 RequestorPkg: android UnderlyingNetworks: Null] ], mPriority=0, state=UNSATISFIED, mAttachedDataNetwork=null, isMetered=false, created time=17:06:49.782, evaluation result=null] shouldApply true
08-09 17:06:49.783 D/DCT-C-0 ( 2286): DDS-DcTracker.requestNetwork for NetworkRequest [ REQUEST id=178, [ Capabilities: INTERNET&NOT_RESTRICTED&TRUSTED&NOT_VCN_MANAGED Uid: 10226 RequestorUid: 1000 RequestorPkg: android UnderlyingNetworks: Null] ] found {mApnType=default mState=CONNECTED mWaitingApns={[[ApnSetting] Jio 4G, 6085, 405874, jionet, , null, , null, null, 0, supl | hipri | default | xcap, IPV4V6, IPV4V6, true, 0, false, 20, 0, 300, 0, 0, null, , false, UNKNOWN, UNKNOWN, 0, -1, -1, false] priority=1} mApnSetting={[ApnSetting] Jio 4G, 6085, 405874, jionet, , null, , null, null, 0, supl | hipri | default | xcap, IPV4V6, IPV4V6, true, 0, false, 20, 0, 300, 0, 0, null, , false, UNKNOWN, UNKNOWN, 0, -1, -1, false} mReason=connected mNeedDisconnectByDdsChange=false mDataEnabled=true}, type=NORMAL
08-09 17:06:49.790 D/DC-C-1 ( 2286): reevaluate data connection properties
08-09 17:06:49.790 D/DCT-C-0 ( 2286): onEnableApn: apnType=default, request type=NORMAL
08-09 17:06:49.790 D/DCT-C-0 ( 2286): onEnableApn: APN in CONNECTED state. Exit now.
08-09 17:06:49.807 I/power_partial_wake_state( 1319): [REL,39,CalendarReceiver_Provider:com.android.providers.calendar]
08-09 17:06:49.826 I/am_proc_died( 1319): [0,7903,com.samsung.android.calendar,999,19,173,3600]
08-09 17:06:49.826 I/am_uid_stopped( 1319): 10197
08-09 17:06:49.849 I/am_uid_running( 1319): 10228
08-09 17:06:49.863 I/am_proc_start( 1319): [0,9346,10228,com.google.android.apps.tachyon,broadcast,{com.google.android.apps.tachyon/androidx.work.impl.background.systemalarm.RescheduleReceiver}]
08-09 17:06:49.893 D/DDS-TelephonyNetworkFactory[0]( 2286): got request NetworkRequest [ REQUEST id=180, [ Capabilities: INTERNET&NOT_RESTRICTED&TRUSTED&NOT_VCN_MANAGED Uid: 10226 RequestorUid: 10226 RequestorPkg: com.google.android.apps.messaging UnderlyingNetworks: Null] ]
08-09 17:06:49.893 D/DDS-TelephonyNetworkFactory[0]( 2286): handleMessage msg={ when=0 what=3 obj=NetworkRequest [ REQUEST id=180, [ Capabilities: INTERNET&NOT_RESTRICTED&TRUSTED&NOT_VCN_MANAGED Uid: 10226 RequestorUid: 10226 RequestorPkg: com.google.android.apps.messaging UnderlyingNetworks: Null] ] target=com.android.internal.telephony.data.TelephonyNetworkFactory$InternalHandler }
08-09 17:06:49.893 D/DDS-TelephonyNetworkFactory[0]( 2286): onNeedNetworkFor [NetworkRequest [ REQUEST id=180, [ Capabilities: INTERNET&NOT_RESTRICTED&TRUSTED&NOT_VCN_MANAGED Uid: 10226 RequestorUid: 10226 RequestorPkg: com.google.android.apps.messaging UnderlyingNetworks: Null] ], mPriority=0, state=UNSATISFIED, mAttachedDataNetwork=null, isMetered=false, created time=17:06:49.892, evaluation result=null] shouldApply true
08-09 17:06:49.894 D/DCT-C-0 ( 2286): DDS-DcTracker.requestNetwork for NetworkRequest [ REQUEST id=180, [ Capabilities: INTERNET&NOT_RESTRICTED&TRUSTED&NOT_VCN_MANAGED Uid: 10226 RequestorUid: 10226 RequestorPkg: com.google.android.apps.messaging UnderlyingNetworks: Null] ] found {mApnType=default mState=CONNECTED mWaitingApns={[[ApnSetting] Jio 4G, 6085, 405874, jionet, , null, , null, null, 0, supl | hipri | default | xcap, IPV4V6, IPV4V6, true, 0, false, 20, 0, 300, 0, 0, null, , false, UNKNOWN, UNKNOWN, 0, -1, -1, false] priority=1} mApnSetting={[ApnSetting] Jio 4G, 6085, 405874, jionet, , null, , null, null, 0, supl | hipri | default | xcap, IPV4V6, IPV4V6, true, 0, false, 20, 0, 300, 0, 0, null, , false, UNKNOWN, UNKNOWN, 0, -1, -1, false} mReason=connected mNeedDisconnectByDdsChange=false mDataEnabled=true}, type=NORMAL
08-09 17:06:49.894 D/DC-C-1 ( 2286): reevaluate data connection properties
08-09 17:06:49.894 D/DCT-C-0 ( 2286): onEnableApn: apnType=default, request type=NORMAL
08-09 17:06:49.894 D/DCT-C-0 ( 2286): onEnableApn: APN in CONNECTED state. Exit now.
08-09 17:06:49.911 D/DDS-TelephonyNetworkFactory[0]( 2286): got request NetworkRequest [ REQUEST id=182, [ Capabilities: INTERNET&NOT_RESTRICTED&TRUSTED&NOT_VCN_MANAGED Uid: 10224 RequestorUid: 10224 RequestorPkg: com.google.android.gms UnderlyingNetworks: Null] ]
08-09 17:06:49.911 D/DDS-TelephonyNetworkFactory[0]( 2286): handleMessage msg={ when=0 what=3 obj=NetworkRequest [ REQUEST id=182, [ Capabilities: INTERNET&NOT_RESTRICTED&TRUSTED&NOT_VCN_MANAGED Uid: 10224 RequestorUid: 10224 RequestorPkg: com.google.android.gms UnderlyingNetworks: Null] ] target=com.android.internal.telephony.data.TelephonyNetworkFactory$InternalHandler }
08-09 17:06:49.911 D/DDS-TelephonyNetworkFactory[0]( 2286): onNeedNetworkFor [NetworkRequest [ REQUEST id=182, [ Capabilities: INTERNET&NOT_RESTRICTED&TRUSTED&NOT_VCN_MANAGED Uid: 10224 RequestorUid: 10224 RequestorPkg: com.google.android.gms UnderlyingNetworks: Null] ], mPriority=0, state=UNSATISFIED, mAttachedDataNetwork=null, isMetered=false, created time=17:06:49.911, evaluation result=null] shouldApply true
08-09 17:06:49.911 D/DCT-C-0 ( 2286): DDS-DcTracker.requestNetwork for NetworkRequest [ REQUEST id=182, [ Capabilities: INTERNET&NOT_RESTRICTED&TRUSTED&NOT_VCN_MANAGED Uid: 10224 RequestorUid: 10224 RequestorPkg: com.google.android.gms UnderlyingNetworks: Null] ] found {mApnType=default mState=CONNECTED mWaitingApns={[[ApnSetting] Jio 4G, 6085, 405874, jionet, , null, , null, null, 0, supl | hipri | default | xcap, IPV4V6, IPV4V6, true, 0, false, 20, 0, 300, 0, 0, null, , false, UNKNOWN, UNKNOWN, 0, -1, -1, false] priority=1} mApnSetting={[ApnSetting] Jio 4G, 6085, 405874, jionet, , null, , null, null, 0, supl | hipri | default | xcap, IPV4V6, IPV4V6, true, 0, false, 20, 0, 300, 0, 0, null, , false, UNKNOWN, UNKNOWN, 0, -1, -1, false} mReason=connected mNeedDisconnectByDdsChange=false mDataEnabled=true}, type=NORMAL
08-09 17:06:49.911 D/DC-C-1 ( 2286): reevaluate data connection properties
08-09 17:06:49.912 D/DCT-C-0 ( 2286): onEnableApn: apnType=default, request type=NORMAL
08-09 17:06:49.912 D/DCT-C-0 ( 2286): onEnableApn: APN in CONNECTED state. Exit now.
08-09 17:06:49.925 I/am_proc_start( 1319): [0,9372,10225,com.android.vending:background,service,{com.android.vending/com.google.android.finsky.ipcservers.background.BackgroundGrpcServerAndroidService}]
08-09 17:06:49.931 I/am_proc_bound( 1319): [0,9346,com.google.android.apps.tachyon]
08-09 17:06:49.933 I/am_uid_active( 1319): 10228
08-09 17:06:49.982 I/am_proc_bound( 1319): [0,9372,com.android.vending:background]
08-09 17:06:50.022 I/am_uid_running( 1319): 2000
08-09 17:06:50.030 I/am_kill ( 1319): [0,8116,com.samsung.android.mateagent,999,empty #33]
08-09 17:06:50.036 I/am_proc_start( 1319): [0,9413,2000,com.android.shell,broadcast,{com.android.shell/com.android.shell.HeapDumpReceiver}]
08-09 17:06:50.074 I/am_proc_died( 1319): [0,8116,com.samsung.android.mateagent,999,19,173,3573]
08-09 17:06:50.076 I/am_uid_active( 1319): 2000
08-09 17:06:50.084 I/am_proc_bound( 1319): [0,9413,com.android.shell]
08-09 17:06:50.127 I/service_manager_slow( 9025): [21,edm_proxy]
08-09 17:06:50.154 D/ARGOS ( 3432): argos: argos_monitor: UFS - Mbps:579 prev_tput:652
08-09 17:06:50.177 D/DDS-TelephonyNetworkFactory[0]( 2286): got request NetworkRequest [ REQUEST id=185, [ Capabilities: INTERNET&NOT_RESTRICTED&TRUSTED&NOT_VCN_MANAGED Uid: 10228 RequestorUid: 10228 RequestorPkg: com.google.android.apps.tachyon UnderlyingNetworks: Null] ]
08-09 17:06:50.177 D/DDS-TelephonyNetworkFactory[0]( 2286): handleMessage msg={ when=0 what=3 obj=NetworkRequest [ REQUEST id=185, [ Capabilities: INTERNET&NOT_RESTRICTED&TRUSTED&NOT_VCN_MANAGED Uid: 10228 RequestorUid: 10228 RequestorPkg: com.google.android.apps.tachyon UnderlyingNetworks: Null] ] target=com.android.internal.telephony.data.TelephonyNetworkFactory$InternalHandler }
08-09 17:06:50.178 D/DDS-TelephonyNetworkFactory[0]( 2286): onNeedNetworkFor [NetworkRequest [ REQUEST id=185, [ Capabilities: INTERNET&NOT_RESTRICTED&TRUSTED&NOT_VCN_MANAGED Uid: 10228 RequestorUid: 10228 RequestorPkg: com.google.android.apps.tachyon UnderlyingNetworks: Null] ], mPriority=0, state=UNSATISFIED, mAttachedDataNetwork=null, isMetered=false, created time=17:06:50.177, evaluation result=null] shouldApply true
08-09 17:06:50.178 D/DCT-C-0 ( 2286): DDS-DcTracker.requestNetwork for NetworkRequest [ REQUEST id=185, [ Capabilities: INTERNET&NOT_RESTRICTED&TRUSTED&NOT_VCN_MANAGED Uid: 10228 RequestorUid: 10228 RequestorPkg: com.google.android.apps.tachyon UnderlyingNetworks: Null] ] found {mApnType=default mState=CONNECTED mWaitingApns={[[ApnSetting] Jio 4G, 6085, 405874, jionet, , null, , null, null, 0, supl | hipri | default | xcap, IPV4V6, IPV4V6, true, 0, false, 20, 0, 300, 0, 0, null, , false, UNKNOWN, UNKNOWN, 0, -1, -1, false] priority=1} mApnSetting={[ApnSetting] Jio 4G, 6085, 405874, jionet, , null, , null, null, 0, supl | hipri | default | xcap, IPV4V6, IPV4V6, true, 0, false, 20, 0, 300, 0, 0, null, , false, UNKNOWN, UNKNOWN, 0, -1, -1, false} mReason=connected mNeedDisconnectByDdsChange=false mDataEnabled=true}, type=NORMAL
08-09 17:06:50.178 D/DC-C-1 ( 2286): reevaluate data connection properties
08-09 17:06:50.178 D/DCT-C-0 ( 2286): onEnableApn: apnType=default, request type=NORMAL
08-09 17:06:50.178 D/DCT-C-0 ( 2286): onEnableApn: APN in CONNECTED state. Exit now.
08-09 17:06:50.179 I/am_kill ( 1319): [0,7973,com.samsung.android.mateagent:service,999,empty #33]
08-09 17:06:50.197 I/commit_sys_config_file( 1319): [package-user-0,15]
08-09 17:06:50.206 I/notification_cancel( 1319): [10354,7451,com.facebook.orca,983563,NULL,0,0,1088,8,NULL]
08-09 17:06:50.221 I/am_proc_died( 1319): [0,7973,com.samsung.android.mateagent:service,999,19,147,3587]
08-09 17:06:50.224 I/am_uid_stopped( 1319): 10079
08-09 17:06:50.231 I/am_proc_start( 1319): [0,9482,10039,com.android.systemui:edgelighting,broadcast,{com.android.systemui/com.android.systemui.edgelighting.EdgeLightingReceiver}]
08-09 17:06:50.246 I/notification_cancel_all( 1319): [1000,1319,com.android.vending,0,0,0,20,NULL]
08-09 17:06:50.249 I/wm_on_create_called( 4285): [165434331,com.innowireless.xcal.mobile5.ui.Main_Activity,performCreate]
08-09 17:06:50.251 I/notification_cancel_all( 1319): [1000,1319,com.android.vending,0,0,0,20,NULL]
08-09 17:06:50.263 I/notification_cancel_all( 1319): [1000,1319,com.android.vending,0,0,0,20,NULL]
08-09 17:06:50.267 I/notification_cancel_all( 1319): [1000,1319,com.android.vending,0,0,0,20,NULL]
08-09 17:06:50.268 I/notification_cancel_all( 1319): [1000,1319,com.android.vending,0,0,0,20,NULL]
08-09 17:06:50.275 I/wm_on_start_called( 4285): [165434331,com.innowireless.xcal.mobile5.ui.Main_Activity,handleStartActivity]
08-09 17:06:50.280 I/wm_on_resume_called( 4285): [165434331,com.innowireless.xcal.mobile5.ui.Main_Activity,RESUME_ACTIVITY]
08-09 17:06:50.282 D/DDS-TelephonyNetworkFactory[0]( 2286): got request NetworkRequest [ REQUEST id=188, [ Capabilities: INTERNET&NOT_RESTRICTED&TRUSTED&NOT_VCN_MANAGED Uid: 10225 RequestorUid: 10225 RequestorPkg: com.android.vending UnderlyingNetworks: Null] ]
08-09 17:06:50.283 D/DDS-TelephonyNetworkFactory[0]( 2286): handleMessage msg={ when=0 what=3 obj=NetworkRequest [ REQUEST id=188, [ Capabilities: INTERNET&NOT_RESTRICTED&TRUSTED&NOT_VCN_MANAGED Uid: 10225 RequestorUid: 10225 RequestorPkg: com.android.vending UnderlyingNetworks: Null] ] target=com.android.internal.telephony.data.TelephonyNetworkFactory$InternalHandler }
08-09 17:06:50.284 D/DDS-TelephonyNetworkFactory[0]( 2286): onNeedNetworkFor [NetworkRequest [ REQUEST id=188, [ Capabilities: INTERNET&NOT_RESTRICTED&TRUSTED&NOT_VCN_MANAGED Uid: 10225 RequestorUid: 10225 RequestorPkg: com.android.vending UnderlyingNetworks: Null] ], mPriority=0, state=UNSATISFIED, mAttachedDataNetwork=null, isMetered=false, created time=17:06:50.283, evaluation result=null] shouldApply true
08-09 17:06:50.285 D/DCT-C-0 ( 2286): DDS-DcTracker.requestNetwork for NetworkRequest [ REQUEST id=188, [ Capabilities: INTERNET&NOT_RESTRICTED&TRUSTED&NOT_VCN_MANAGED Uid: 10225 RequestorUid: 10225 RequestorPkg: com.android.vending UnderlyingNetworks: Null] ] found {mApnType=default mState=CONNECTED mWaitingApns={[[ApnSetting] Jio 4G, 6085, 405874, jionet, , null, , null, null, 0, supl | hipri | default | xcap, IPV4V6, IPV4V6, true, 0, false, 20, 0, 300, 0, 0, null, , false, UNKNOWN, UNKNOWN, 0, -1, -1, false] priority=1} mApnSetting={[ApnSetting] Jio 4G, 6085, 405874, jionet, , null, , null, null, 0, supl | hipri | default | xcap, IPV4V6, IPV4V6, true, 0, false, 20, 0, 300, 0, 0, null, , false, UNKNOWN, UNKNOWN, 0, -1, -1, false} mReason=connected mNeedDisconnectByDdsChange=false mDataEnabled=true}, type=NORMAL
08-09 17:06:50.286 D/DC-C-1 ( 2286): reevaluate data connection properties
08-09 17:06:50.286 D/DCT-C-0 ( 2286): onEnableApn: apnType=default, request type=NORMAL
08-09 17:06:50.288 D/DCT-C-0 ( 2286): onEnableApn: APN in CONNECTED state. Exit now.
08-09 17:06:50.298 I/am_kill ( 1319): [0,8203,com.sec.android.app.SecSetupWizard,999,empty #33]
08-09 17:06:50.305 I/am_proc_bound( 1319): [0,9482,com.android.systemui:edgelighting]
08-09 17:06:50.309 I/wm_on_top_resumed_gained_called( 4285): [165434331,com.innowireless.xcal.mobile5.ui.Main_Activity,topStateChangedWhenResumed]
08-09 17:06:50.344 I/input_focus( 1319): [Focus request 3e2e5de com.innowireless.xcal.mobile5/com.innowireless.xcal.mobile5.ui.Main_Activity,reason=UpdateInputWindows]
08-09 17:06:50.357 I/am_proc_died( 1319): [0,8203,com.sec.android.app.SecSetupWizard,999,19,128,3573]
08-09 17:06:50.470 I/am_uid_running( 1319): 10223
08-09 17:06:50.473 I/am_kill ( 1319): [0,6425,com.sec.modem.settings,999,empty #33]
08-09 17:06:50.484 I/wm_on_idle_called( 4285): {com.innowireless.xcal.mobile5/com.innowireless.xcal.mobile5.ui.Main_Activity}
08-09 17:06:50.503 I/wm_activity_launch_time( 1319): [0,165434331,com.innowireless.xcal.mobile5/.ui.Main_Activity,1782]
08-09 17:06:50.506 I/wm_idle_activity( 1319): [0,165434331,com.innowireless.xcal.mobile5/.ui.Main_Activity]
08-09 17:06:50.507 I/power_partial_wake_state( 1319): [REL,1776,*launch*:android]
08-09 17:06:50.528 I/commit_sys_config_file( 1319): [notification-policy,30071]
08-09 17:06:50.541 I/am_proc_died( 1319): [0,6425,com.sec.modem.settings,999,19,120,3539]
08-09 17:06:50.561 I/dvm_lock_sample( 1319): [system_server,1,android.display,36,AccessibilityWindowsPopulator.java,190,java.util.HashMap com.android.server.wm.AccessibilityWindowsPopulator.getWindowsTransformMatrix(java.util.List),SurfaceAnimationRunner.java,272,void com.android.server.wm.SurfaceAnimationRunner.lambda$startAnimation$2(android.view.SurfaceControl, com.android.server.wm.LocalAnimationAdapter$AnimationSpec, com.android.server.wm.SurfaceAnimationRunner$RunningAnimation),7]
08-09 17:06:50.562 I/dvm_lock_sample( 1319): [system_server,1,binder:1319_1E,55,ActivityTaskManagerService.java,2642,android.app.ActivityTaskManager$RootTaskInfo com.android.server.wm.ActivityTaskManagerService.getFocusedRootTaskInfo(),,0,null,11]
08-09 17:06:50.581 I/am_uid_active( 1319): 10223
08-09 17:06:50.585 I/am_proc_start( 1319): [0,9569,10223,com.google.android.apps.turbo:aab,broadcast,{com.google.android.apps.turbo/com.google.android.libraries.smartbattery.appusage.features.TimeChangedReceiver}]
08-09 17:06:50.585 I/am_proc_bound( 1319): [0,9569,com.google.android.apps.turbo:aab]
08-09 17:06:50.593 I/input_focus( 1319): [Focus entering 3e2e5de com.innowireless.xcal.mobile5/com.innowireless.xcal.mobile5.ui.Main_Activity (server),reason=Window became focusable. Previous reason: NOT_VISIBLE]
08-09 17:06:50.601 I/am_kill ( 1319): [0,8160,com.samsung.android.svcagent,999,empty #33]
08-09 17:06:50.602 I/am_uid_active( 1319): 10225
08-09 17:06:50.636 I/power_partial_wake_state( 1319): [REL,38,*job*/com.samsung.android.app.contacts/com.samsung.android.contacts.scpm.ScpmPolicyService:android]
08-09 17:06:50.664 I/am_uid_running( 1319): 10245
08-09 17:06:50.675 I/am_proc_start( 1319): [0,9608,10245,com.aura.oobe.samsung,broadcast,{com.aura.oobe.samsung/com.ironsource.appmanager.receivers.SystemEventsBroadcastReceiver}]
08-09 17:06:50.676 I/am_proc_died( 1319): [0,8160,com.samsung.android.svcagent,999,19,140,3542]
08-09 17:06:50.677 I/am_uid_active( 1319): 10245
08-09 17:06:50.744 I/am_proc_bound( 1319): [0,9608,com.aura.oobe.samsung]
08-09 17:06:50.746 I/power_partial_wake_state( 1319): [REL,147,*job*/com.samsung.android.app.contacts/com.samsung.android.contacts.scpm.ScpmPolicyService:android]
08-09 17:06:50.898 D/RILJ ( 2286): Unsol response received; Sending ack to ril.cpp [PHONE0]
08-09 17:06:50.900 D/RILJ ( 2286): [UNSL]< UNSOL_LCE_INFO_RECV [{mType=2, mDownlinkCapacityKbps=2805, mUplinkCapacityKbps=183}] [PHONE0]
08-09 17:06:50.900 D/GsmCdmaPhone( 2286): [0] updateLinkCapacityEstimate: lce list=[{mType=2, mDownlinkCapacityKbps=2805, mUplinkCapacityKbps=183}]
08-09 17:06:50.984 I/wm_stop_activity( 1319): [0,109097444,com.sec.android.app.launcher/.activities.LauncherActivity]
08-09 17:06:50.985 I/wm_destroy_activity( 1319): [0,194422734,98,com.innowireless.xcal.mobile5/.ui.intro.Launch_Activity,finish-imm:idle]
08-09 17:06:50.986 I/wm_wallpaper_surface( 1319): [0,0]
08-09 17:06:50.995 I/am_kill ( 1319): [0,8281,com.samsung.accessibility,999,empty #33]
08-09 17:06:50.998 I/wm_on_stop_called( 4285): [194422734,com.innowireless.xcal.mobile5.ui.intro.Launch_Activity,LIFECYCLER_STOP_ACTIVITY]
08-09 17:06:51.001 I/wm_on_destroy_called( 4285): [194422734,com.innowireless.xcal.mobile5.ui.intro.Launch_Activity,performDestroy]
08-09 17:06:51.002 I/dvm_lock_sample( 1319): [system_server,1,binder:1319_11,8,ActivityManagerService.java,16958,int com.android.server.am.ActivityManagerService.broadcastIntentWithFeature(android.app.IApplicationThread, java.lang.String, android.content.Intent, java.lang.String, android.content.IIntentReceiver, int, java.lang.String, android.os.Bundle, java.lang.String[], java.lang.String[], java.lang.String[], int, android.os.Bundle, boolean, boolean, int),-,17120,void com.android.server.am.ActivityManagerService.finishReceiver(android.os.IBinder, int, java.lang.String, android.os.Bundle, boolean, int),1]
08-09 17:06:51.027 I/wm_on_stop_called( 2775): [109097444,com.sec.android.app.launcher.activities.LauncherActivity,STOP_ACTIVITY_ITEM]
08-09 17:06:51.029 I/am_proc_start( 1319): [0,9655,10223,com.google.android.apps.turbo,broadcast,{com.google.android.apps.turbo/androidx.work.impl.background.systemalarm.RescheduleReceiver}]
08-09 17:06:51.076 I/am_proc_died( 1319): [0,8281,com.samsung.accessibility,999,19,174,3525]
08-09 17:06:51.099 I/power_partial_wake_state( 1319): [REL,201,RILJ_ACK_WL:com.android.phone]
08-09 17:06:51.106 I/am_proc_bound( 1319): [0,9655,com.google.android.apps.turbo]
08-09 17:06:51.159 D/ARGOS ( 3432): argos: argos_monitor: UFS - Mbps:514 prev_tput:579
08-09 17:06:51.192 I/power_partial_wake_state( 1319): [REL,9,*job*/com.aura.oobe.samsung/com.ironsource.appmanager.services.PrepareAppJobService:android]
08-09 17:06:51.211 I/power_partial_wake_state( 1319): [REL,17,*job*/com.android.vending/com.google.android.finsky.scheduler.process.mainimpl.PhoneskyJobServiceMain:android]
08-09 17:06:51.225 I/power_partial_wake_state( 1319): [REL,9,*job*/com.android.vending/com.google.android.finsky.scheduler.process.mainimpl.PhoneskyJobServiceMain:android]
08-09 17:06:51.340 D/DDS-TelephonyNetworkFactory[0]( 2286): got request NetworkRequest [ REQUEST id=190, [ Capabilities: INTERNET&NOT_RESTRICTED&TRUSTED&NOT_VCN_MANAGED Uid: 10223 RequestorUid: 1000 RequestorPkg: android UnderlyingNetworks: Null] ]
08-09 17:06:51.340 D/DDS-TelephonyNetworkFactory[0]( 2286): handleMessage msg={ when=0 what=3 obj=NetworkRequest [ REQUEST id=190, [ Capabilities: INTERNET&NOT_RESTRICTED&TRUSTED&NOT_VCN_MANAGED Uid: 10223 RequestorUid: 1000 RequestorPkg: android UnderlyingNetworks: Null] ] target=com.android.internal.telephony.data.TelephonyNetworkFactory$InternalHandler }
08-09 17:06:51.341 D/DDS-TelephonyNetworkFactory[0]( 2286): onNeedNetworkFor [NetworkRequest [ REQUEST id=190, [ Capabilities: INTERNET&NOT_RESTRICTED&TRUSTED&NOT_VCN_MANAGED Uid: 10223 RequestorUid: 1000 RequestorPkg: android UnderlyingNetworks: Null] ], mPriority=0, state=UNSATISFIED, mAttachedDataNetwork=null, isMetered=false, created time=17:06:51.339, evaluation result=null] shouldApply true
08-09 17:06:51.341 D/DCT-C-0 ( 2286): DDS-DcTracker.requestNetwork for NetworkRequest [ REQUEST id=190, [ Capabilities: INTERNET&NOT_RESTRICTED&TRUSTED&NOT_VCN_MANAGED Uid: 10223 RequestorUid: 1000 RequestorPkg: android UnderlyingNetworks: Null] ] found {mApnType=default mState=CONNECTED mWaitingApns={[[ApnSetting] Jio 4G, 6085, 405874, jionet, , null, , null, null, 0, supl | hipri | default | xcap, IPV4V6, IPV4V6, true, 0, false, 20, 0, 300, 0, 0, null, , false, UNKNOWN, UNKNOWN, 0, -1, -1, false] priority=1} mApnSetting={[ApnSetting] Jio 4G, 6085, 405874, jionet, , null, , null, null, 0, supl | hipri | default | xcap, IPV4V6, IPV4V6, true, 0, false, 20, 0, 300, 0, 0, null, , false, UNKNOWN, UNKNOWN, 0, -1, -1, false} mReason=connected mNeedDisconnectByDdsChange=false mDataEnabled=true}, type=NORMAL
08-09 17:06:51.341 D/DC-C-1 ( 2286): reevaluate data connection properties
08-09 17:06:51.341 D/DCT-C-0 ( 2286): onEnableApn: apnType=default, request type=NORMAL
08-09 17:06:51.341 D/DCT-C-0 ( 2286): onEnableApn: APN in CONNECTED state. Exit now.
08-09 17:06:51.350 I/am_uid_running( 1319): 10241
08-09 17:06:51.366 I/am_proc_start( 1319): [0,9706,10241,com.google.android.gm,broadcast,{com.google.android.gm/androidx.work.impl.background.systemalarm.RescheduleReceiver}]
08-09 17:06:51.394 I/power_partial_wake_state( 1319): [REL,3,*job*/com.aura.oobe.samsung/com.ironsource.aura.sdk.feature.delivery.apk.ApkDeliveryJobService:android]
08-09 17:06:51.413 I/am_proc_bound( 1319): [0,9706,com.google.android.gm]
08-09 17:06:51.426 I/am_uid_active( 1319): 10241
08-09 17:06:51.652 I/power_partial_wake_state( 1319): [REL,3003,ClockAlarmWidget_Provider:com.sec.android.app.clockpackage]
08-09 17:06:51.656 I/power_partial_wake_state( 1319): [REL,3001,DigitalClockWidgetProvider:com.sec.android.app.clockpackage]
08-09 17:06:51.660 D/DDS-TelephonyNetworkFactory[0]( 2286): got request NetworkRequest [ REQUEST id=192, [ Capabilities: INTERNET&NOT_RESTRICTED&TRUSTED&NOT_VCN_MANAGED Uid: 10224 RequestorUid: 10224 RequestorPkg: com.google.android.gms UnderlyingNetworks: Null] ]
08-09 17:06:51.660 D/DDS-TelephonyNetworkFactory[0]( 2286): handleMessage msg={ when=0 what=3 obj=NetworkRequest [ REQUEST id=192, [ Capabilities: INTERNET&NOT_RESTRICTED&TRUSTED&NOT_VCN_MANAGED Uid: 10224 RequestorUid: 10224 RequestorPkg: com.google.android.gms UnderlyingNetworks: Null] ] target=com.android.internal.telephony.data.TelephonyNetworkFactory$InternalHandler }
08-09 17:06:51.661 D/DDS-TelephonyNetworkFactory[0]( 2286): onNeedNetworkFor [NetworkRequest [ REQUEST id=192, [ Capabilities: INTERNET&NOT_RESTRICTED&TRUSTED&NOT_VCN_MANAGED Uid: 10224 RequestorUid: 10224 RequestorPkg: com.google.android.gms UnderlyingNetworks: Null] ], mPriority=0, state=UNSATISFIED, mAttachedDataNetwork=null, isMetered=false, created time=17:06:51.661, evaluation result=null] shouldApply true
08-09 17:06:51.661 D/DCT-C-0 ( 2286): DDS-DcTracker.requestNetwork for NetworkRequest [ REQUEST id=192, [ Capabilities: INTERNET&NOT_RESTRICTED&TRUSTED&NOT_VCN_MANAGED Uid: 10224 RequestorUid: 10224 RequestorPkg: com.google.android.gms UnderlyingNetworks: Null] ] found {mApnType=default mState=CONNECTED mWaitingApns={[[ApnSetting] Jio 4G, 6085, 405874, jionet, , null, , null, null, 0, supl | hipri | default | xcap, IPV4V6, IPV4V6, true, 0, false, 20, 0, 300, 0, 0, null, , false, UNKNOWN, UNKNOWN, 0, -1, -1, false] priority=1} mApnSetting={[ApnSetting] Jio 4G, 6085, 405874, jionet, , null, , null, null, 0, supl | hipri | default | xcap, IPV4V6, IPV4V6, true, 0, false, 20, 0, 300, 0, 0, null, , false, UNKNOWN, UNKNOWN, 0, -1, -1, false} mReason=connected mNeedDisconnectByDdsChange=false mDataEnabled=true}, type=NORMAL
08-09 17:06:51.661 D/DC-C-1 ( 2286): reevaluate data connection properties
08-09 17:06:51.661 D/DCT-C-0 ( 2286): onEnableApn: apnType=default, request type=NORMAL
08-09 17:06:51.661 D/DCT-C-0 ( 2286): onEnableApn: APN in CONNECTED state. Exit now.
08-09 17:06:51.677 I/power_partial_wake_state( 1319): [REL,3012,DualClockDigitalWidgetProvider:com.sec.android.app.clockpackage]
08-09 17:06:51.680 I/power_partial_wake_state( 1319): [REL,3000,AnalogClockWidgetProvider:com.sec.android.app.clockpackage]
08-09 17:06:51.987 I/service_manager_stats( 1319): [100,185,6209]
08-09 17:06:52.052 I/power_partial_wake_state( 1319): [REL,868,*job*/com.aura.oobe.samsung/com.ironsource.appmanager.services.PrepareAppJobService:android]
08-09 17:06:52.055 I/power_partial_wake_state( 1319): [REL,664,*job*/com.aura.oobe.samsung/com.ironsource.aura.sdk.feature.delivery.apk.ApkDeliveryJobService:android]
08-09 17:06:52.065 I/power_partial_wake_state( 1319): [REL,847,*job*/com.android.vending/com.google.android.finsky.scheduler.process.mainimpl.PhoneskyJobServiceMain:android]
08-09 17:06:52.075 I/am_uid_running( 1319): 10160
08-09 17:06:52.084 I/power_partial_wake_state( 1319): [REL,887,*job*/com.android.vending/com.google.android.finsky.scheduler.process.mainimpl.PhoneskyJobServiceMain:android]
08-09 17:06:52.093 I/am_proc_start( 1319): [0,9804,10160,com.facebook.appmanager,broadcast,{com.facebook.appmanager/com.facebook.oxygen.common.boot.OnBootCompleteReceiver}]
08-09 17:06:52.097 I/SemTelephonyHandlerHelper( 2286): handleMessage - message code: 92
08-09 17:06:52.100 I/power_partial_wake_state( 1319): [CHG,0,*telephony-radio*:com.android.phone]
08-09 17:06:52.100 D/RILJ ( 2286): [0474]> GET_ACTIVITY_INFO [PHONE0]
08-09 17:06:52.101 I/am_kill ( 1319): [0,8424,com.skype.raider,955,empty #33]
08-09 17:06:52.102 I/SemTelephonyHandlerHelper( 2286): handleMessage - message code: 93
08-09 17:06:52.102 D/RILJ ( 2286): [0474]< GET_ACTIVITY_INFO ModemActivityInfo{ mTimestamp=49998 mSleepTimeMs=0 mIdleTimeMs=5 mActivityStatsTechSpecificInfo=[{mRat=UNKNOWN,mFrequencyRange=UNKNOWN,mTxTimeMs[]=[523, 505, 367, 223, 72],mRxTimeMs=3378}]} [PHONE0]
08-09 17:06:52.103 I/power_partial_wake_state( 1319): [CHG,3,*telephony-radio*:com.android.phone]
08-09 17:06:52.103 I/power_partial_wake_state( 1319): [REL,0,*telephony-radio*:com.android.phone]
08-09 17:06:52.106 I/am_kill ( 1319): [0,8482,com.sec.phone,999,empty #34]
08-09 17:06:52.133 I/am_proc_bound( 1319): [0,9804,com.facebook.appmanager]
08-09 17:06:52.137 I/am_uid_active( 1319): 10160
08-09 17:06:52.144 I/am_proc_died( 1319): [0,8424,com.skype.raider,955,19,215,3550]
08-09 17:06:52.144 I/am_uid_stopped( 1319): 10364
08-09 17:06:52.153 D/DDS-TelephonyNetworkFactory[0]( 2286): handleMessage msg={ when=0 what=4 obj=NetworkRequest [ REQUEST id=160, [ Capabilities: INTERNET&NOT_RESTRICTED&TRUSTED&NOT_VCN_MANAGED Uid: 10364 RequestorUid: 10364 RequestorPkg: com.skype.raider UnderlyingNetworks: Null] ] target=com.android.internal.telephony.data.TelephonyNetworkFactory$InternalHandler }
08-09 17:06:52.153 D/DDS-TelephonyNetworkFactory[0]( 2286): onReleaseNetworkFor [NetworkRequest [ REQUEST id=160, [ Capabilities: INTERNET&NOT_RESTRICTED&TRUSTED&NOT_VCN_MANAGED Uid: 10364 RequestorUid: 10364 RequestorPkg: com.skype.raider UnderlyingNetworks: Null] ], mPriority=0, state=UNSATISFIED, mAttachedDataNetwork=null, isMetered=false, created time=17:06:52.153, evaluation result=null] applied true
08-09 17:06:52.153 D/DCT-C-0 ( 2286): DDS-DcTracker.releaseNetwork for NetworkRequest [ REQUEST id=160, [ Capabilities: INTERNET&NOT_RESTRICTED&TRUSTED&NOT_VCN_MANAGED Uid: 10364 RequestorUid: 10364 RequestorPkg: com.skype.raider UnderlyingNetworks: Null] ] found {mApnType=default mState=CONNECTED mWaitingApns={[[ApnSetting] Jio 4G, 6085, 405874, jionet, , null, , null, null, 0, supl | hipri | default | xcap, IPV4V6, IPV4V6, true, 0, false, 20, 0, 300, 0, 0, null, , false, UNKNOWN, UNKNOWN, 0, -1, -1, false] priority=1} mApnSetting={[ApnSetting] Jio 4G, 6085, 405874, jionet, , null, , null, null, 0, supl | hipri | default | xcap, IPV4V6, IPV4V6, true, 0, false, 20, 0, 300, 0, 0, null, , false, UNKNOWN, UNKNOWN, 0, -1, -1, false} mReason=connected mNeedDisconnectByDdsChange=false mDataEnabled=true}, type=NORMAL
08-09 17:06:52.153 D/DC-C-1 ( 2286): reevaluate data connection properties
08-09 17:06:52.160 I/am_proc_died( 1319): [0,8482,com.sec.phone,999,19,217,3550]
08-09 17:06:52.160 D/ARGOS ( 3432): argos: argos_monitor: UFS - Mbps:1399 prev_tput:514
08-09 17:06:52.331 I/am_kill ( 1319): [0,7798,com.android.externalstorage,999,empty #33]
08-09 17:06:52.351 D/SubscriptionController( 2286): [getActiveSubscriptionInfoForSimSlotIndex]+ slotIndex=0 subId={id=4 iccId= simSlotIndex=0 carrierId=2018 displayName=Jio carrierName=JIO 4G | Jio nameSource=1 iconTint=-16746133 number= dataRoaming=0 iconBitmap=android.graphics.Bitmap@2e9201e mcc=405 mnc=874 countryIso=in isEmbedded=false nativeAccessRules=null cardString= cardId=3 portIndex=0 isOpportunistic=false groupUUID=null isGroupDisabled=false profileClass=-1 ehplmns=null hplmns=null subscriptionType=0 groupOwner=null carrierConfigAccessRules=null areUiccApplicationsEnabled=true usageSetting=0}
08-09 17:06:52.358 D/SubscriptionController( 2286): [getActiveSubscriptionInfoForSimSlotIndex]+ slotIndex=0 subId={id=4 iccId= simSlotIndex=0 carrierId=2018 displayName=Jio carrierName=JIO 4G | Jio nameSource=1 iconTint=-16746133 number= dataRoaming=0 iconBitmap=android.graphics.Bitmap@2e9201e mcc=405 mnc=874 countryIso=in isEmbedded=false nativeAccessRules=null cardString= cardId=3 portIndex=0 isOpportunistic=false groupUUID=null isGroupDisabled=false profileClass=-1 ehplmns=null hplmns=null subscriptionType=0 groupOwner=null carrierConfigAccessRules=null areUiccApplicationsEnabled=true usageSetting=0}
08-09 17:06:52.360 I/am_proc_died( 1319): [0,7798,com.android.externalstorage,999,19,165,3595]
08-09 17:06:52.361 I/am_uid_stopped( 1319): 10060
08-09 17:06:52.382 I/power_partial_wake_state( 1319): [REL,38,IntentOp:com.google.android.gms/.chimera.GmsIntentOperationService:com.google.android.gms]
08-09 17:06:52.403 I/power_partial_wake_state( 1319): [REL,20,*job*/com.facebook.appmanager/com.facebook.oxygen.common.jobqueue.JobQueueService:android]
08-09 17:06:52.438 I/am_uid_active( 1319): 10062
08-09 17:06:52.443 I/power_partial_wake_state( 1319): [REL,92,IntentOp:.reminders.notification.RefreshNotificationsIntentOperation:com.google.android.gms]
08-09 17:06:52.461 I/power_partial_wake_state( 1319): [REL,10,IntentOp:.update.execution.InstallationIntentOperation:com.google.android.gms]
08-09 17:06:52.469 I/power_partial_wake_state( 1319): [REL,6,*job*/com.facebook.services/com.facebook.oxygen.common.jobqueue.JobQueueService:android]
08-09 17:06:52.470 I/power_partial_wake_state( 1319): [REL,26,IntentOp:.reminders.notification.ScheduleTimeRemindersIntentOperation:com.google.android.gms]
08-09 17:06:52.471 I/am_uid_active( 1319): 10213
08-09 17:06:52.480 I/power_partial_wake_state( 1319): [REL,16,*job*/com.facebook.services/com.facebook.oxygen.common.jobqueue.JobQueueService:android]
08-09 17:06:52.490 I/power_partial_wake_state( 1319): [REL,2,*job*/com.google.android.apps.messaging/com.google.android.libraries.internal.growth.growthkit.internal.jobs.impl.GrowthKitJobService:android]
08-09 17:06:52.495 I/power_partial_wake_state( 1319): [REL,3,*job*/com.google.android.apps.messaging/com.google.android.libraries.internal.growth.growthkit.internal.jobs.impl.GrowthKitJobService:android]
08-09 17:06:52.500 I/power_partial_wake_state( 1319): [REL,4,*job*/com.google.android.apps.carrier.carrierwifi/androidx.work.impl.background.systemjob.SystemJobService:android]
08-09 17:06:52.505 I/power_partial_wake_state( 1319): [REL,4,*job*/com.google.android.apps.messaging/com.google.android.libraries.internal.growth.growthkit.internal.jobs.impl.GrowthKitJobService:android]
