08-09 17:06:35.101 D/DDS-TelephonyNetworkFactory[0]( 2286): onReleaseNetworkFor [NetworkRequest [ REQUEST id=127, [ Capabilities: INTERNET&NOT_RESTRICTED&TRUSTED&NOT_VCN_MANAGED Uid: 10098 RequestorUid: 10098 RequestorPkg: com.samsung.android.mobileservice UnderlyingNetworks: Null] ], mPriority=0, state=UNSATISFIED, mAttachedDataNetwork=null, isMetered=false, created time=17:06:35.101, evaluation result=null] applied true
08-09 17:06:35.102 D/DCT-C-0 ( 2286): DDS-DcTracker.releaseNetwork for NetworkRequest [ REQUEST id=127, [ Capabilities: INTERNET&NOT_RESTRICTED&TRUSTED&NOT_VCN_MANAGED Uid: 10098 RequestorUid: 10098 RequestorPkg: com.samsung.android.mobileservice UnderlyingNetworks: Null] ] found {mApnType=default mState=CONNECTED mWaitingApns={[[ApnSetting] Jio 4G, 6085, 405874, jionet, , null, , null, null, 0, supl | hipri | default | xcap, IPV4V6, IPV4V6, true, 0, false, 20, 0, 300, 0, 0, null, , false, UNKNOWN, UNKNOWN, 0, -1, -1, false] priority=1} mApnSetting={[ApnSetting] Jio 4G, 6085, 405874, jionet, , null, , null, null, 0, supl | hipri | default | xcap, IPV4V6, IPV4V6, true, 0, false, 20, 0, 300, 0, 0, null, , false, UNKNOWN, UNKNOWN, 0, -1, -1, false} mReason=connected mNeedDisconnectByDdsChange=false mDataEnabled=true}, type=NORMAL
08-09 17:06:35.102 D/DC-C-1 ( 2286): reevaluate data connection properties
08-09 17:06:35.111 I/am_proc_bound( 1319): [0,5832,com.samsung.android.sdm.config]
08-09 17:06:35.113 I/am_uid_active( 1319): 10088
08-09 17:06:35.217 I/dvm_lock_sample( 5414): [com.facebook.katana,0,CreateDelegate,254,,2,void X.0wc.A03(),-,849,void X.0wc.A03(),50]
08-09 17:06:35.237 D/RILJ ( 2286): [0392]< GSM_SET_BROADCAST_CONFIG [PHONE0]
08-09 17:06:35.237 I/IccSmsInterfaceManager( 2286): Added GSM cell broadcast subscription for MID range 4371 to 4372 from client com.google.android.cellbroadcastreceiver PhoneId : [0]
08-09 17:06:35.238 D/IccSmsInterfaceManager( 2286): Calling setCellBroadcastActivation(true)
08-09 17:06:35.238 I/power_partial_wake_state( 1319): [CHG,232,*telephony-radio*:com.android.phone]
08-09 17:06:35.238 I/power_partial_wake_state( 1319): [REL,1,*telephony-radio*:com.android.phone]
08-09 17:06:35.245 I/power_partial_wake_state( 1319): [CHG,4,*telephony-radio*:com.android.phone]
08-09 17:06:35.246 D/RILJ ( 2286): [0393]> GSM_BROADCAST_ACTIVATION activate = true [PHONE0]
08-09 17:06:35.246 E/RILD ( 1413): DoGsmSetCBActivation: CBEnable: 1
08-09 17:06:35.246 E/RILD ( 1413): DoGsmSetCBActivation: enableCb: 1
08-09 17:06:35.247 D/RILJ ( 2286): [0393]< GSM_BROADCAST_ACTIVATION [PHONE0]
08-09 17:06:35.248 I/power_partial_wake_state( 1319): [CHG,3,*telephony-radio*:com.android.phone]
08-09 17:06:35.249 I/power_partial_wake_state( 1319): [REL,1,*telephony-radio*:com.android.phone]
08-09 17:06:35.250 D/SmsManager( 3604): enableCellBroadcastRange: succeeded at calling enableCellBroadcastRangeForSubscriber. subId = 4
08-09 17:06:35.250 I/SmsConfig( 2286): [0] sms_not_receive_cmas_without_sim = false
08-09 17:06:35.250 D/IccSmsInterfaceManager( 2286): enableCdmaBroadcastRange
08-09 17:06:35.251 D/IccSmsInterfaceManager( 2286): Calling setCdmaBroadcastConfig with 1 configurations
08-09 17:06:35.252 I/power_partial_wake_state( 1319): [CHG,1,*telephony-radio*:com.android.phone]
08-09 17:06:35.252 D/RILJ ( 2286): [0394]> CDMA_SET_BROADCAST_CONFIG with 1 configs : [PHONE0]
08-09 17:06:35.252 D/RILJ ( 2286): CdmaSmsBroadcastConfigInfo: Id [4097, 4097] ENABLED [PHONE0]
08-09 17:06:35.253 D/RILJ ( 2286): [0394]< CDMA_SET_BROADCAST_CONFIG error 6 [PHONE0]
08-09 17:06:35.253 D/RilRequest( 2286): [0394]< CDMA_SET_BROADCAST_CONFIG error: com.android.internal.telephony.CommandException: REQUEST_NOT_SUPPORTED ret= result={ when=-33s149ms what=4 obj=com.android.internal.telephony.IccSmsInterfaceManager$Request@cd8b51e target=com.android.internal.telephony.IccSmsInterfaceManager$1 }
08-09 17:06:35.253 I/power_partial_wake_state( 1319): [CHG,2,*telephony-radio*:com.android.phone]
08-09 17:06:35.254 I/power_partial_wake_state( 1319): [REL,0,*telephony-radio*:com.android.phone]
08-09 17:06:35.254 I/IccSmsInterfaceManager_FAIL( 2286): Failed to add cdma broadcast subscription for MID range 4097 to 4097 from client com.google.android.cellbroadcastreceiver PhoneId : [0]
08-09 17:06:35.256 D/SmsManager( 3604): enableCellBroadcastRange: failed at calling enableCellBroadcastRangeForSubscriber. subId = 4
08-09 17:06:35.256 I/SmsConfig( 2286): [0] sms_not_receive_cmas_without_sim = false
08-09 17:06:35.256 D/IccSmsInterfaceManager( 2286): [enableGsmBroadcastRange] startMessageId : 4384, endMessageId : 4385
08-09 17:06:35.257 D/IccSmsInterfaceManager( 2286): Calling setGsmBroadcastConfig with 3 configurations
08-09 17:06:35.258 I/power_partial_wake_state( 1319): [CHG,1,*telephony-radio*:com.android.phone]
08-09 17:06:35.258 D/RILJ ( 2286): [0395]> GSM_SET_BROADCAST_CONFIG with 3 configs : [PHONE0]
08-09 17:06:35.258 D/RILJ ( 2286): SmsBroadcastConfigInfo: Id [4370,4372] Code [0,255] ENABLED [PHONE0]
08-09 17:06:35.258 D/RILJ ( 2286): SmsBroadcastConfigInfo: Id [4383,4383] Code [0,255] ENABLED [PHONE0]
08-09 17:06:35.258 D/RILJ ( 2286): SmsBroadcastConfigInfo: Id [4384,4385] Code [0,255] ENABLED [PHONE0]
08-09 17:06:35.259 E/RILD ( 1413): GetBroadcastSmsConfig: selectedId 0x80 msgIdCount 6
08-09 17:06:35.259 E/RILD ( 1413): enableCb: 1, cbSelectionId: 0x80
08-09 17:06:35.308 D/DDS-TelephonyNetworkFactory[0]( 2286): got request NetworkRequest [ REQUEST id=129, [ Capabilities: INTERNET&NOT_RESTRICTED&TRUSTED&NOT_VCN_MANAGED Uid: 10227 RequestorUid: 10227 RequestorPkg: com.google.android.googlequicksearchbox UnderlyingNetworks: Null] ]
08-09 17:06:35.308 D/DDS-TelephonyNetworkFactory[0]( 2286): handleMessage msg={ when=0 what=3 obj=NetworkRequest [ REQUEST id=129, [ Capabilities: INTERNET&NOT_RESTRICTED&TRUSTED&NOT_VCN_MANAGED Uid: 10227 RequestorUid: 10227 RequestorPkg: com.google.android.googlequicksearchbox UnderlyingNetworks: Null] ] target=com.android.internal.telephony.data.TelephonyNetworkFactory$InternalHandler }
08-09 17:06:35.309 D/DDS-TelephonyNetworkFactory[0]( 2286): onNeedNetworkFor [NetworkRequest [ REQUEST id=129, [ Capabilities: INTERNET&NOT_RESTRICTED&TRUSTED&NOT_VCN_MANAGED Uid: 10227 RequestorUid: 10227 RequestorPkg: com.google.android.googlequicksearchbox UnderlyingNetworks: Null] ], mPriority=0, state=UNSATISFIED, mAttachedDataNetwork=null, isMetered=false, created time=17:06:35.309, evaluation result=null] shouldApply true
08-09 17:06:35.309 D/DCT-C-0 ( 2286): DDS-DcTracker.requestNetwork for NetworkRequest [ REQUEST id=129, [ Capabilities: INTERNET&NOT_RESTRICTED&TRUSTED&NOT_VCN_MANAGED Uid: 10227 RequestorUid: 10227 RequestorPkg: com.google.android.googlequicksearchbox UnderlyingNetworks: Null] ] found {mApnType=default mState=CONNECTED mWaitingApns={[[ApnSetting] Jio 4G, 6085, 405874, jionet, , null, , null, null, 0, supl | hipri | default | xcap, IPV4V6, IPV4V6, true, 0, false, 20, 0, 300, 0, 0, null, , false, UNKNOWN, UNKNOWN, 0, -1, -1, false] priority=1} mApnSetting={[ApnSetting] Jio 4G, 6085, 405874, jionet, , null, , null, null, 0, supl | hipri | default | xcap, IPV4V6, IPV4V6, true, 0, false, 20, 0, 300, 0, 0, null, , false, UNKNOWN, UNKNOWN, 0, -1, -1, false} mReason=connected mNeedDisconnectByDdsChange=false mDataEnabled=true}, type=NORMAL
08-09 17:06:35.309 D/DC-C-1 ( 2286): reevaluate data connection properties
08-09 17:06:35.309 D/DCT-C-0 ( 2286): onEnableApn: apnType=default, request type=NORMAL
08-09 17:06:35.309 D/DCT-C-0 ( 2286): onEnableApn: APN in CONNECTED state. Exit now.
08-09 17:06:35.349 W/TelephonyRegistry( 1319): Pid 1319 has exceeded half the number of permissible registered listeners. Now at 44
08-09 17:06:35.364 D/DDS-TelephonyNetworkFactory[0]( 2286): got request NetworkRequest [ REQUEST id=131, [ Capabilities: INTERNET&NOT_RESTRICTED&TRUSTED&NOT_VCN_MANAGED Uid: 10224 RequestorUid: 10224 RequestorPkg: com.google.android.gms UnderlyingNetworks: Null] ]
08-09 17:06:35.364 D/DDS-TelephonyNetworkFactory[0]( 2286): handleMessage msg={ when=0 what=3 obj=NetworkRequest [ REQUEST id=131, [ Capabilities: INTERNET&NOT_RESTRICTED&TRUSTED&NOT_VCN_MANAGED Uid: 10224 RequestorUid: 10224 RequestorPkg: com.google.android.gms UnderlyingNetworks: Null] ] target=com.android.internal.telephony.data.TelephonyNetworkFactory$InternalHandler }
08-09 17:06:35.364 D/DDS-TelephonyNetworkFactory[0]( 2286): onNeedNetworkFor [NetworkRequest [ REQUEST id=131, [ Capabilities: INTERNET&NOT_RESTRICTED&TRUSTED&NOT_VCN_MANAGED Uid: 10224 RequestorUid: 10224 RequestorPkg: com.google.android.gms UnderlyingNetworks: Null] ], mPriority=0, state=UNSATISFIED, mAttachedDataNetwork=null, isMetered=false, created time=17:06:35.364, evaluation result=null] shouldApply true
08-09 17:06:35.364 D/DCT-C-0 ( 2286): DDS-DcTracker.requestNetwork for NetworkRequest [ REQUEST id=131, [ Capabilities: INTERNET&NOT_RESTRICTED&TRUSTED&NOT_VCN_MANAGED Uid: 10224 RequestorUid: 10224 RequestorPkg: com.google.android.gms UnderlyingNetworks: Null] ] found {mApnType=default mState=CONNECTED mWaitingApns={[[ApnSetting] Jio 4G, 6085, 405874, jionet, , null, , null, null, 0, supl | hipri | default | xcap, IPV4V6, IPV4V6, true, 0, false, 20, 0, 300, 0, 0, null, , false, UNKNOWN, UNKNOWN, 0, -1, -1, false] priority=1} mApnSetting={[ApnSetting] Jio 4G, 6085, 405874, jionet, , null, , null, null, 0, supl | hipri | default | xcap, IPV4V6, IPV4V6, true, 0, false, 20, 0, 300, 0, 0, null, , false, UNKNOWN, UNKNOWN, 0, -1, -1, false} mReason=connected mNeedDisconnectByDdsChange=false mDataEnabled=true}, type=NORMAL
08-09 17:06:35.365 D/DC-C-1 ( 2286): reevaluate data connection properties
08-09 17:06:35.365 D/DCT-C-0 ( 2286): onEnableApn: apnType=default, request type=NORMAL
08-09 17:06:35.365 D/DCT-C-0 ( 2286): onEnableApn: APN in CONNECTED state. Exit now.
08-09 17:06:35.366 I/am_uid_running( 1319): 10200
08-09 17:06:35.377 I/am_proc_start( 1319): [0,5943,10200,com.sec.unifiedwfc,broadcast,{com.sec.unifiedwfc/com.sec.unifiedwfc.EpdgEventReceiver}]
08-09 17:06:35.404 I/am_uid_running( 1319): 10066
08-09 17:06:35.404 I/dvm_lock_sample( 3758): [com.google.android.gms.persisten,0,highpool[4],487,:com.google.android.gms@233013044@23.30.13 (190400-552628474),3,dgkg dgkg.b(android.content.Context),-,74,dgkg dgkg.b(android.content.Context),97]
08-09 17:06:35.407 D/DDS-TelephonyNetworkFactory[0]( 2286): got request NetworkRequest [ REQUEST id=133, [ Capabilities: INTERNET&NOT_RESTRICTED&TRUSTED&NOT_VCN_MANAGED Uid: 10130 RequestorUid: 1000 RequestorPkg: android UnderlyingNetworks: Null] ]
08-09 17:06:35.407 D/DDS-TelephonyNetworkFactory[0]( 2286): handleMessage msg={ when=0 what=3 obj=NetworkRequest [ REQUEST id=133, [ Capabilities: INTERNET&NOT_RESTRICTED&TRUSTED&NOT_VCN_MANAGED Uid: 10130 RequestorUid: 1000 RequestorPkg: android UnderlyingNetworks: Null] ] target=com.android.internal.telephony.data.TelephonyNetworkFactory$InternalHandler }
08-09 17:06:35.407 D/DDS-TelephonyNetworkFactory[0]( 2286): onNeedNetworkFor [NetworkRequest [ REQUEST id=133, [ Capabilities: INTERNET&NOT_RESTRICTED&TRUSTED&NOT_VCN_MANAGED Uid: 10130 RequestorUid: 1000 RequestorPkg: android UnderlyingNetworks: Null] ], mPriority=0, state=UNSATISFIED, mAttachedDataNetwork=null, isMetered=false, created time=17:06:35.407, evaluation result=null] shouldApply true
08-09 17:06:35.408 D/DCT-C-0 ( 2286): DDS-DcTracker.requestNetwork for NetworkRequest [ REQUEST id=133, [ Capabilities: INTERNET&NOT_RESTRICTED&TRUSTED&NOT_VCN_MANAGED Uid: 10130 RequestorUid: 1000 RequestorPkg: android UnderlyingNetworks: Null] ] found {mApnType=default mState=CONNECTED mWaitingApns={[[ApnSetting] Jio 4G, 6085, 405874, jionet, , null, , null, null, 0, supl | hipri | default | xcap, IPV4V6, IPV4V6, true, 0, false, 20, 0, 300, 0, 0, null, , false, UNKNOWN, UNKNOWN, 0, -1, -1, false] priority=1} mApnSetting={[ApnSetting] Jio 4G, 6085, 405874, jionet, , null, , null, null, 0, supl | hipri | default | xcap, IPV4V6, IPV4V6, true, 0, false, 20, 0, 300, 0, 0, null, , false, UNKNOWN, UNKNOWN, 0, -1, -1, false} mReason=connected mNeedDisconnectByDdsChange=false mDataEnabled=true}, type=NORMAL
08-09 17:06:35.408 D/DC-C-1 ( 2286): reevaluate data connection properties
08-09 17:06:35.408 D/DCT-C-0 ( 2286): onEnableApn: apnType=default, request type=NORMAL
08-09 17:06:35.408 D/DCT-C-0 ( 2286): onEnableApn: APN in CONNECTED state. Exit now.
08-09 17:06:35.417 I/dvm_lock_sample( 5414): [com.facebook.katana,1,binder:5414_1,447,,0,X.09B X.14O.A00(X.14O),-,97,X.09B X.14O.A00(X.14O),89]
08-09 17:06:35.418 I/dvm_lock_sample( 5414): [com.facebook.katana,1,binder:5414_4,427,,0,X.09B X.14O.A00(X.14O),-,97,X.09B X.14O.A00(X.14O),85]
08-09 17:06:35.420 I/am_proc_start( 1319): [0,5958,10066,com.samsung.android.game.gametools,broadcast,{com.samsung.android.game.gametools/com.samsung.android.game.gametools.floatingui.receiver.GameBoosterBootCompleteReceiver}]
08-09 17:06:35.482 I/am_uid_running( 1319): 10120
08-09 17:06:35.501 D/RILJ ( 2286): [0395]< GSM_SET_BROADCAST_CONFIG [PHONE0]
08-09 17:06:35.502 I/IccSmsInterfaceManager( 2286): Added GSM cell broadcast subscription for MID range 4384 to 4385 from client com.google.android.cellbroadcastreceiver PhoneId : [0]
08-09 17:06:35.502 I/power_partial_wake_state( 1319): [CHG,244,*telephony-radio*:com.android.phone]
08-09 17:06:35.502 D/IccSmsInterfaceManager( 2286): Calling setCellBroadcastActivation(true)
08-09 17:06:35.503 I/power_partial_wake_state( 1319): [REL,0,*telephony-radio*:com.android.phone]
08-09 17:06:35.506 I/power_partial_wake_state( 1319): [CHG,1,*telephony-radio*:com.android.phone]
08-09 17:06:35.506 D/RILJ ( 2286): [0396]> GSM_BROADCAST_ACTIVATION activate = true [PHONE0]
08-09 17:06:35.507 E/RILD ( 1413): DoGsmSetCBActivation: CBEnable: 1
08-09 17:06:35.507 E/RILD ( 1413): DoGsmSetCBActivation: enableCb: 1
08-09 17:06:35.508 D/RILJ ( 2286): [0396]< GSM_BROADCAST_ACTIVATION [PHONE0]
08-09 17:06:35.508 D/SmsManager( 3604): enableCellBroadcastRange: succeeded at calling enableCellBroadcastRangeForSubscriber. subId = 4
08-09 17:06:35.509 I/SmsConfig( 2286): [0] sms_not_receive_cmas_without_sim = false
08-09 17:06:35.509 I/power_partial_wake_state( 1319): [CHG,3,*telephony-radio*:com.android.phone]
08-09 17:06:35.509 D/IccSmsInterfaceManager( 2286): [enableGsmBroadcastRange] startMessageId : 4373, endMessageId : 4378
08-09 17:06:35.509 I/power_partial_wake_state( 1319): [REL,0,*telephony-radio*:com.android.phone]
08-09 17:06:35.510 D/IccSmsInterfaceManager( 2286): Calling setGsmBroadcastConfig with 3 configurations
08-09 17:06:35.511 I/power_partial_wake_state( 1319): [CHG,0,*telephony-radio*:com.android.phone]
08-09 17:06:35.511 D/RILJ ( 2286): [0397]> GSM_SET_BROADCAST_CONFIG with 3 configs : [PHONE0]
08-09 17:06:35.511 D/RILJ ( 2286): SmsBroadcastConfigInfo: Id [4370,4372] Code [0,255] ENABLED [PHONE0]
08-09 17:06:35.511 D/RILJ ( 2286): SmsBroadcastConfigInfo: Id [4383,4385] Code [0,255] ENABLED [PHONE0]
08-09 17:06:35.511 D/RILJ ( 2286): SmsBroadcastConfigInfo: Id [4373,4378] Code [0,255] ENABLED [PHONE0]
08-09 17:06:35.512 E/RILD ( 1413): GetBroadcastSmsConfig: selectedId 0x80 msgIdCount 12
08-09 17:06:35.512 E/RILD ( 1413): enableCb: 1, cbSelectionId: 0x80
08-09 17:06:35.513 I/am_proc_bound( 1319): [0,5943,com.sec.unifiedwfc]
08-09 17:06:35.515 I/power_partial_wake_state( 1319): [CHG,1,UlrDispSvcFastWL:com.google.android.gms]
08-09 17:06:35.525 I/power_partial_wake_state( 1319): [REL,43,*job*/com.samsung.android.sdm.config/androidx.work.impl.background.systemjob.SystemJobService:android]
08-09 17:06:35.526 I/am_proc_start( 1319): [0,6021,10120,com.samsung.ssu,broadcast,{com.samsung.ssu/com.samsung.ssu.SsuEventReceiver}]
08-09 17:06:35.535 I/am_proc_bound( 1319): [0,5958,com.samsung.android.game.gametools]
08-09 17:06:35.537 I/am_uid_active( 1319): 10066
08-09 17:06:35.556 I/power_partial_wake_state( 1319): [REL,11,Wakeful StateMachine: GeofencerStateMachine:com.google.android.gms]
08-09 17:06:35.560 I/dvm_lock_sample( 1319): [system_server,1,binder:1319_18,5,ActivityManagerService.java,15487,android.content.Intent com.android.server.am.ActivityManagerService.registerReceiverWithFeature(android.app.IApplicationThread, java.lang.String, java.lang.String, java.lang.String, android.content.IIntentReceiver, android.content.IntentFilter, java.lang.String, int, int),ContentProviderHelper.java,836,void com.android.server.am.ContentProviderHelper.publishContentProviders(android.app.IApplicationThread, java.util.List),1]
08-09 17:06:35.569 I/power_partial_wake_state( 1319): [REL,54,UlrDispSvcFastWL:com.google.android.gms]
08-09 17:06:35.577 I/am_proc_bound( 1319): [0,6021,com.samsung.ssu]
08-09 17:06:35.638 I/power_partial_wake_state( 1319): [REL,97,GCM_WORK:com.google.android.gms]
08-09 17:06:35.661 I/am_uid_running( 1319): 10109
08-09 17:06:35.686 I/am_proc_start( 1319): [0,6062,10109,com.android.settings.intelligence,content provider,{com.android.settings.intelligence/com.samsung.android.settings.intelligence.search.provider.SettingSearchProvider}]
08-09 17:06:35.698 I/power_partial_wake_state( 1319): [REL,88,UlrDispSvcFastWL:com.google.android.gms]
08-09 17:06:35.704 I/power_partial_wake_state( 1319): [REL,220,*job*/com.samsung.android.sdm.config/androidx.work.impl.background.systemjob.SystemJobService:android]
08-09 17:06:35.732 I/service_manager_stats( 1319): [137,277,5029]
08-09 17:06:35.756 I/am_proc_bound( 1319): [0,6062,com.android.settings.intelligence]
08-09 17:06:35.759 D/RILJ ( 2286): [0397]< GSM_SET_BROADCAST_CONFIG [PHONE0]
08-09 17:06:35.759 D/SmsDispatchersController( 2286): EVENT_GET_SMSC_DONE_EXTEND
08-09 17:06:35.762 I/power_partial_wake_state( 1319): [CHG,3,*telephony-radio*:com.android.phone]
08-09 17:06:35.763 D/RILJ ( 2286): [0398]> GET_SMSC_ADDRESS [PHONE1]
08-09 17:06:35.763 E/SmsDispatchersController( 2286): retryGetSmsc count = 3
08-09 17:06:35.763 I/IccSmsInterfaceManager( 2286): Added GSM cell broadcast subscription for MID range 4373 to 4378 from client com.google.android.cellbroadcastreceiver PhoneId : [0]
08-09 17:06:35.764 D/IccSmsInterfaceManager( 2286): Calling setCellBroadcastActivation(true)
08-09 17:06:35.764 E/RILD2 ( 1413): QMI_WMS_GET_SMSC_ADDRESS_RESP received with error 52
08-09 17:06:35.764 E/RILD2 ( 1413): OnGetSmscAddressDone: failed. (7)
08-09 17:06:35.771 I/power_partial_wake_state( 1319): [CHG,260,*telephony-radio*:com.android.phone]
08-09 17:06:35.772 I/power_partial_wake_state( 1319): [REL,0,*telephony-radio*:com.android.phone]
08-09 17:06:35.773 D/RILJ ( 2286): [0398]< GET_SMSC_ADDRESS error 38 [PHONE1]
08-09 17:06:35.773 D/RilRequest( 2286): [0398]< GET_SMSC_ADDRESS error: com.android.internal.telephony.CommandException: INTERNAL_ERR ret= result={ when=-33s669ms what=19 target=com.android.internal.telephony.SmsDispatchersController }
08-09 17:06:35.774 I/power_partial_wake_state( 1319): [CHG,11,*telephony-radio*:com.android.phone]
08-09 17:06:35.774 I/power_partial_wake_state( 1319): [REL,1,*telephony-radio*:com.android.phone]
08-09 17:06:35.776 I/power_partial_wake_state( 1319): [CHG,1,*telephony-radio*:com.android.phone]
08-09 17:06:35.776 D/RILJ ( 2286): [0399]> GSM_BROADCAST_ACTIVATION activate = true [PHONE0]
08-09 17:06:35.776 E/RILD ( 1413): DoGsmSetCBActivation: CBEnable: 1
08-09 17:06:35.776 E/RILD ( 1413): DoGsmSetCBActivation: enableCb: 1
08-09 17:06:35.778 D/RILJ ( 2286): [0399]< GSM_BROADCAST_ACTIVATION [PHONE0]
08-09 17:06:35.778 I/power_partial_wake_state( 1319): [CHG,2,*telephony-radio*:com.android.phone]
08-09 17:06:35.778 D/SmsManager( 3604): enableCellBroadcastRange: succeeded at calling enableCellBroadcastRangeForSubscriber. subId = 4
08-09 17:06:35.779 I/power_partial_wake_state( 1319): [REL,0,*telephony-radio*:com.android.phone]
08-09 17:06:35.779 I/SmsConfig( 2286): [0] sms_not_receive_cmas_without_sim = false
08-09 17:06:35.786 D/IccSmsInterfaceManager( 2286): enableCdmaBroadcastRange
08-09 17:06:35.786 D/IccSmsInterfaceManager( 2286): Calling setCdmaBroadcastConfig with 1 configurations
08-09 17:06:35.786 I/power_partial_wake_state( 1319): [REL,63,UlrDispSvcFastWL:com.google.android.gms]
08-09 17:06:35.787 I/power_partial_wake_state( 1319): [CHG,0,*telephony-radio*:com.android.phone]
08-09 17:06:35.788 D/RILJ ( 2286): [0400]> CDMA_SET_BROADCAST_CONFIG with 1 configs : [PHONE0]
08-09 17:06:35.788 D/RILJ ( 2286): CdmaSmsBroadcastConfigInfo: Id [4098, 4098] ENABLED [PHONE0]
08-09 17:06:35.788 D/RILJ ( 2286): [0400]< CDMA_SET_BROADCAST_CONFIG error 6 [PHONE0]
08-09 17:06:35.788 D/RilRequest( 2286): [0400]< CDMA_SET_BROADCAST_CONFIG error: com.android.internal.telephony.CommandException: REQUEST_NOT_SUPPORTED ret= result={ when=-33s685ms what=4 obj=com.android.internal.telephony.IccSmsInterfaceManager$Request@2a871ff target=com.android.internal.telephony.IccSmsInterfaceManager$1 }
08-09 17:06:35.789 I/IccSmsInterfaceManager_FAIL( 2286): Failed to add cdma broadcast subscription for MID range 4098 to 4098 from client com.google.android.cellbroadcastreceiver PhoneId : [0]
08-09 17:06:35.790 D/SmsManager( 3604): enableCellBroadcastRange: failed at calling enableCellBroadcastRangeForSubscriber. subId = 4
08-09 17:06:35.790 I/power_partial_wake_state( 1319): [CHG,2,*telephony-radio*:com.android.phone]
08-09 17:06:35.791 I/SmsConfig( 2286): [0] sms_not_receive_cmas_without_sim = false
08-09 17:06:35.791 D/IccSmsInterfaceManager( 2286): [enableGsmBroadcastRange] startMessageId : 4386, endMessageId : 4391
08-09 17:06:35.791 D/IccSmsInterfaceManager( 2286): Calling setGsmBroadcastConfig with 3 configurations
08-09 17:06:35.791 I/power_partial_wake_state( 1319): [REL,1,*telephony-radio*:com.android.phone]
08-09 17:06:35.792 I/power_partial_wake_state( 1319): [CHG,1,*telephony-radio*:com.android.phone]
08-09 17:06:35.793 D/RILJ ( 2286): [0401]> GSM_SET_BROADCAST_CONFIG with 3 configs : [PHONE0]
08-09 17:06:35.793 D/RILJ ( 2286): SmsBroadcastConfigInfo: Id [4370,4378] Code [0,255] ENABLED [PHONE0]
08-09 17:06:35.793 D/RILJ ( 2286): SmsBroadcastConfigInfo: Id [4383,4385] Code [0,255] ENABLED [PHONE0]
08-09 17:06:35.793 D/RILJ ( 2286): SmsBroadcastConfigInfo: Id [4386,4391] Code [0,255] ENABLED [PHONE0]
08-09 17:06:35.793 E/RILD ( 1413): GetBroadcastSmsConfig: selectedId 0x80 msgIdCount 18
08-09 17:06:35.793 E/RILD ( 1413): enableCb: 1, cbSelectionId: 0x80
08-09 17:06:35.840 I/commit_sys_config_file( 1319): [notification-policy,15383]
08-09 17:06:35.845 D/SmsApplication( 2286): onPackageChanged: run
08-09 17:06:35.870 I/service_manager_slow( 1319): [22,application_policy]
08-09 17:06:35.916 D/SmsApplication( 2286): onPackageChanged: end
08-09 17:06:35.916 D/SmsApplication( 2286): onPackageChanged: run
08-09 17:06:35.952 I/notification_cancel_all( 1319): [10066,5958,com.samsung.android.game.gametools,0,0,64,9,NULL]
08-09 17:06:35.969 I/dvm_lock_sample( 5414): [com.facebook.katana,1,binder:5414_1,551,,0,android.database.Cursor com.facebook.katana.provider.AttributionIdProvider$Impl.A0S(android.net.Uri, java.lang.String[], java.lang.String, java.lang.String[], java.lang.String),-,66,java.lang.String[] com.facebook.katana.provider.AttributionIdProvider$Impl.doQueryGMSWithAttributionId(),100]
08-09 17:06:35.978 I/service_manager_slow( 5414): [51,telephony.registry]
08-09 17:06:35.999 I/dvm_lock_sample( 5414): [com.facebook.katana,1,binder:5414_4,581,,0,android.database.Cursor com.facebook.katana.provider.AttributionIdProvider$Impl.A0S(android.net.Uri, java.lang.String[], java.lang.String, java.lang.String[], java.lang.String),-,66,java.lang.String[] com.facebook.katana.provider.AttributionIdProvider$Impl.doQueryGMSWithAttributionId(),100]
08-09 17:06:36.003 I/power_partial_wake_state( 1319): [REL,37,IntentOp:.common.broadcast.BackgroundBroadcastReceiverSupport$PersistentReceiverIntentOperation:com.google.android.gms]
08-09 17:06:36.024 I/power_partial_wake_state( 1319): [REL,55,IntentOp:.common.broadcast.BackgroundBroadcastReceiverSupport$PersistentReceiverIntentOperation:com.google.android.gms]
08-09 17:06:36.031 D/RILJ ( 2286): [0401]< GSM_SET_BROADCAST_CONFIG [PHONE0]
08-09 17:06:36.032 I/power_partial_wake_state( 1319): [CHG,239,*telephony-radio*:com.android.phone]
08-09 17:06:36.032 I/power_partial_wake_state( 1319): [REL,0,*telephony-radio*:com.android.phone]
08-09 17:06:36.039 I/power_partial_wake_state( 1319): [REL,54,IntentOp:.common.broadcast.BackgroundBroadcastReceiverSupport$PersistentReceiverIntentOperation:com.google.android.gms]
08-09 17:06:36.046 D/SmsApplication( 2286): onPackageChanged: end
08-09 17:06:36.046 D/SmsApplication( 2286): onPackageChanged: run
08-09 17:06:36.048 I/IccSmsInterfaceManager( 2286): Added GSM cell broadcast subscription for MID range 4386 to 4391 from client com.google.android.cellbroadcastreceiver PhoneId : [0]
08-09 17:06:36.048 D/IccSmsInterfaceManager( 2286): Calling setCellBroadcastActivation(true)
08-09 17:06:36.052 I/power_partial_wake_state( 1319): [CHG,2,*telephony-radio*:com.android.phone]
08-09 17:06:36.052 D/RILJ ( 2286): [0402]> GSM_BROADCAST_ACTIVATION activate = true [PHONE0]
08-09 17:06:36.053 E/RILD ( 1413): DoGsmSetCBActivation: CBEnable: 1
08-09 17:06:36.053 E/RILD ( 1413): DoGsmSetCBActivation: enableCb: 1
08-09 17:06:36.054 D/RILJ ( 2286): [0402]< GSM_BROADCAST_ACTIVATION [PHONE0]
08-09 17:06:36.054 I/power_partial_wake_state( 1319): [CHG,2,*telephony-radio*:com.android.phone]
08-09 17:06:36.056 I/power_partial_wake_state( 1319): [REL,3,*telephony-radio*:com.android.phone]
08-09 17:06:36.057 D/SmsManager( 3604): enableCellBroadcastRange: succeeded at calling enableCellBroadcastRangeForSubscriber. subId = 4
08-09 17:06:36.057 I/service_manager_slow( 6062): [132,vpn_management]
08-09 17:06:36.058 I/SmsConfig( 2286): [0] sms_not_receive_cmas_without_sim = false
08-09 17:06:36.058 D/IccSmsInterfaceManager( 2286): [enableGsmBroadcastRange] startMessageId : 4379, endMessageId : 4379
08-09 17:06:36.067 D/IccSmsInterfaceManager( 2286): Calling setGsmBroadcastConfig with 3 configurations
08-09 17:06:36.068 I/power_partial_wake_state( 1319): [CHG,0,*telephony-radio*:com.android.phone]
08-09 17:06:36.068 D/RILJ ( 2286): [0403]> GSM_SET_BROADCAST_CONFIG with 3 configs : [PHONE0]
08-09 17:06:36.068 D/RILJ ( 2286): SmsBroadcastConfigInfo: Id [4370,4378] Code [0,255] ENABLED [PHONE0]
08-09 17:06:36.068 D/RILJ ( 2286): SmsBroadcastConfigInfo: Id [4383,4391] Code [0,255] ENABLED [PHONE0]
08-09 17:06:36.068 D/RILJ ( 2286): SmsBroadcastConfigInfo: Id [4379,4379] Code [0,255] ENABLED [PHONE0]
08-09 17:06:36.069 E/RILD ( 1413): GetBroadcastSmsConfig: selectedId 0x80 msgIdCount 19
08-09 17:06:36.069 E/RILD ( 1413): enableCb: 1, cbSelectionId: 0x80
08-09 17:06:36.084 D/SmsApplication( 2286): onPackageChanged: end
08-09 17:06:36.087 I/am_proc_start( 1319): [0,6147,10039,com.samsung.android.app.routines:RoutineUIProcess,broadcast,{com.samsung.android.app.routines/com.samsung.android.app.routines.ui.lockscreen.RoutineFaceWidgetProvider}]
08-09 17:06:36.089 D/ARGOS ( 3432): argos: argos_monitor: UFS - Mbps:666 prev_tput:998
08-09 17:06:36.181 I/am_proc_start( 1319): [0,6160,1000,com.wssyncmldm,broadcast,{com.wssyncmldm/com.samsung.android.fotaagent.receiver.GenericBroadcastReceiver}]
08-09 17:06:36.182 I/c2dm ( 3758): [-2,,1,1]
08-09 17:06:36.185 I/power_partial_wake_state( 1319): [REL,170,GCM_WORK:com.google.android.gms]
08-09 17:06:36.192 I/am_uid_running( 1319): 10045
08-09 17:06:36.199 I/power_partial_wake_state( 1319): [REL,3003,AudioMix:audioserver]
08-09 17:06:36.202 I/am_proc_bound( 1319): [0,6147,com.samsung.android.app.routines:RoutineUIProcess]
08-09 17:06:36.204 I/power_partial_wake_state( 1319): [REL,3003,AudioMix:audioserver]
08-09 17:06:36.207 I/power_partial_wake_state( 1319): [REL,3007,AudioMix:audioserver]
08-09 17:06:36.207 I/power_partial_wake_state( 1319): [REL,3007,AudioMix:audioserver]
08-09 17:06:36.209 I/power_partial_wake_state( 1319): [REL,3009,AudioMix:audioserver]
08-09 17:06:36.211 I/am_proc_start( 1319): [0,6177,10045,com.sec.android.provider.badge,content provider,{com.sec.android.provider.badge/com.sec.android.provider.badge.BadgeProvider}]
08-09 17:06:36.212 I/am_uid_running( 1319): 10071
08-09 17:06:36.224 I/am_proc_start( 1319): [0,6180,10071,com.samsung.klmsagent,broadcast,{com.samsung.klmsagent/com.samsung.klmsagent.listner.SystemIntentReceiver}]
08-09 17:06:36.224 D/SmsDispatchersController( 2286): EVENT_GET_SMSC_DONE_EXTEND
08-09 17:06:36.245 I/power_partial_wake_state( 1319): [CHG,1,*telephony-radio*:com.android.phone]
08-09 17:06:36.246 I/power_partial_wake_state( 1319): [REL,1346,NlpWakeLock:com.google.android.gms]
08-09 17:06:36.246 D/RILJ ( 2286): [0404]> GET_SMSC_ADDRESS [PHONE1]
08-09 17:06:36.246 E/SmsDispatchersController( 2286): retryGetSmsc count = 4
08-09 17:06:36.247 E/RILD2 ( 1413): QMI_WMS_GET_SMSC_ADDRESS_RESP received with error 52
08-09 17:06:36.247 E/RILD2 ( 1413): OnGetSmscAddressDone: failed. (7)
08-09 17:06:36.248 D/RILJ ( 2286): [0404]< GET_SMSC_ADDRESS error 38 [PHONE1]
08-09 17:06:36.248 D/RilRequest( 2286): [0404]< GET_SMSC_ADDRESS error: com.android.internal.telephony.CommandException: INTERNAL_ERR ret= result={ when=-34s144ms what=19 target=com.android.internal.telephony.SmsDispatchersController }
08-09 17:06:36.257 I/power_partial_wake_state( 1319): [REL,6,nearby:ENWearableDeviceManager:com.google.android.gms]
08-09 17:06:36.259 I/power_partial_wake_state( 1319): [CHG,13,*telephony-radio*:com.android.phone]
08-09 17:06:36.259 I/power_partial_wake_state( 1319): [REL,0,*telephony-radio*:com.android.phone]
08-09 17:06:36.260 I/power_partial_wake_state( 1319): [REL,14,GCM_READ:com.google.android.gms]
08-09 17:06:36.263 I/power_partial_wake_state( 1319): [REL,1,GCM_READ:com.google.android.gms]
08-09 17:06:36.267 I/am_proc_bound( 1319): [0,6177,com.sec.android.provider.badge]
08-09 17:06:36.269 I/am_uid_active( 1319): 10045
08-09 17:06:36.281 D/TelephonyManager( 3758): requestCellInfoUpdate - caller PID: 3758, UID: 10224, TID: 5451
08-09 17:06:36.281 I/gtalk_heartbeat_reset( 3758): [240,[2404:6800:4003:c03::bc]:5228]
08-09 17:06:36.283 I/power_partial_wake_state( 1319): [REL,743,GCM_CONN_ALARM:com.google.android.gms]
08-09 17:06:36.284 I/gtalk_connection( 3758): 0
08-09 17:06:36.295 I/am_proc_bound( 1319): [0,6160,com.wssyncmldm]
08-09 17:06:36.298 D/SST-SEM ( 2286): [0] requestAllCellInfo - UID: 1001, PID: 2286
08-09 17:06:36.299 I/power_partial_wake_state( 1319): [CHG,231,*telephony-radio*:com.android.phone]
08-09 17:06:36.300 D/RILJ ( 2286): [0405]> GET_CELL_INFO_LIST [PHONE0]
08-09 17:06:36.301 I/power_partial_wake_state( 1319): [REL,38,NlpWakeLock:com.google.android.gms]
08-09 17:06:36.301 E/RILD ( 1413): Serving cell rsrp: -793. rsrq: -158. rssi: -468. srxlev: 0. signal Strength: 31
08-09 17:06:36.304 D/RILJ ( 2286): [0405]< GET_CELL_INFO_LIST [PHONE0]
08-09 17:06:36.305 I/power_partial_wake_state( 1319): [CHG,6,*telephony-radio*:com.android.phone]
08-09 17:06:36.305 D/RILJ ( 2286): [0403]< GSM_SET_BROADCAST_CONFIG [PHONE0]
08-09 17:06:36.306 I/power_partial_wake_state( 1319): [CHG,1,*telephony-radio*:com.android.phone]
08-09 17:06:36.307 I/power_partial_wake_state( 1319): [REL,1,*telephony-radio*:com.android.phone]
08-09 17:06:36.309 D/LocaleTracker-0( 2286): processCellInfo: cell info=[CellInfoLte:{mRegistered=YES mTimeStamp=34200730453ns mCellConnectionStatus=0 CellIdentityLte:{ mCi=7***30 mPci=149 mTac=*3 mEarfcn=2450 mBands=[5] mBandwidth=2147483647 mMcc=405 mMnc=874 mAlphaLong=JIO 4G mAlphaShort=JIO 4G mAdditionalPlmns={} mCsgInfo=null} CellSignalStrengthLte: rssi=-51 rsrp=-79 rsrq=-15 rssnr=2147483647 cqiTableIndex=2147483647 cqi=2147483647 ta=1 level=4 parametersUseForLevel=1 android.telephony.CellConfigLte :{ isEndcAvailable = false }}, CellInfoLte:{mRegistered=NO mTimeStamp=34200730453ns mCellConnectionStatus=0 CellIdentityLte:{ mCi=2147483647 mPci=503 mTac=2147483647 mEarfcn=2450 mBands=[5] mBandwidth=2147483647 mMcc=null mMnc=null mAlphaLong= mAlphaShort= mAdditionalPlmns={} mCsgInfo=null} CellSignalStrengthLte: rssi=-55 rsrp=-83 rsrq=-16 rssnr=2147483647 cqiTableIndex=2147483647 cqi=2147483647 ta=1 level=4 parametersUseForLevel=1 android.telephony.CellConfigLte :{ isEndcAvailable = false }}, CellInfoLte:{mRegistered=NO mTimeStamp=34200730453ns mCellConnectionStatus=0 CellIdentityLte:{ mCi=2147483647 mPci=315 mTac=2147483647 mEarfcn=38750 mBands=[40] mBandwidth=2147483647 mMcc=null mMnc=null mAlphaLong= mAlphaShort= mAdditionalPlmns={} mCsgInfo=null} CellSignalStrengthLte: rssi=-55 rsrp=-94 rsrq=-17 rssnr=2147483647 cqiTableIndex=2147483647 cqi=2147483647 ta=1 level=3 parametersUseForLevel=1 android.telephony.CellConfigLte :{ isEndcAvailable = false }}, CellInfoLte:{mRegistered=NO mTimeStamp=34200730453ns mCellConnectionStatus=0 CellIdentityLte:{ mCi=2147483647 mPci=186 mTac=2147483647 mEarfcn=38750 mBands=[40] mBandwidth=2147483647 mMcc=null mMnc=null mAlphaLong= mAlphaShort= mAdditionalPlmns={} mCsgInfo=null} CellSignalStrengthLte: rssi=-69 rsrp=-98 rsrq=-19 rssnr=2147483647 cqiTableIndex=2147483647 cqi=2147483647 ta=1 level=2 parametersUseForLevel=1 android.telephony.CellConfigLte :{ isEndcAvailable = false }}, CellInfoLte:{mRegistered=NO mTimeStamp=34200730453ns mCellConnectionStatus=0 CellIdentityLte:{ mCi=2147483647 mPci=275 mTac=2147483647 mEarfcn=2525 mBands=[5] mBandwidth=2147483647 mMcc=null mMnc=null mAlphaLong= mAlphaShort= mAdditionalPlmns={} mCsgInfo=null} CellSignalStrengthLte: rssi=-57 rsrp=-81 rsrq=-14 rssnr=2147483647 cqiTableIndex=2147483647 cqi=2147483647 ta=1 level=4 parametersUseForLevel=1 android.telephony.CellConfigLte :{ isEndcAvailable = false }}, CellInfoLte:{mRegistered=NO mTimeStamp=34200730453ns mCellConnectionStatus=0 CellIdentityLte:{ mCi=2147483647 mPci=26 mTac=2147483647 mEarfcn=2525 mBands=[5] mBandwidth=2147483647 mMcc=null mMnc=null mAlphaLong= mAlphaShort= mAdditionalPlmns={} mCsgInfo=null} CellSignalStrengthLte: rssi=-57 rsrp=-83 rsrq=-17 rssnr=2147483647 cqiTableIndex=2147483647 cqi=2147483647 ta=1 level=4 parametersUseForLevel=1 android.telephony.CellConfigLte :{ isEndcAvailable = false }}]
08-09 17:06:36.309 D/LocaleTracker-0( 2286): updateLocale: countryIso = in, countryIsoDebugInfo = OperatorNumeric(405874): MccTable.countryCodeForMcc("405")
08-09 17:06:36.309 D/LocaleTracker-0( 2286): updateLocale: timeZoneCountryIso = in, timeZoneCountryIsoDebugInfo = OperatorNumeric: MccTable.geoCountryCodeForMccMnc(MccMnc{mcc='405', mnc='874'})
08-09 17:06:36.309 D/NitzStateMachineImpl( 2286): handleCountryDetected: countryIsoCode=in, mLatestNitzSignal=NitzSignal{mReceiptElapsedMillis=PT17.552S, mNitzData=NitzData{mOriginalString=23/08/09,11:36:19+22,00, mZoneOffset=19800000, mDstOffset=0, mCurrentTimeMillis=1691580979000, mEmulatorHostTimeZone=null}, mAgeMillis=0}
08-09 17:06:36.309 I/IccSmsInterfaceManager( 2286): Added GSM cell broadcast subscription for MID range 4379 to 4379 from client com.google.android.cellbroadcastreceiver PhoneId : [0]
08-09 17:06:36.310 D/IccSmsInterfaceManager( 2286): Calling setCellBroadcastActivation(true)
08-09 17:06:36.310 I/power_partial_wake_state( 1319): [CHG,1,*telephony-radio*:com.android.phone]
08-09 17:06:36.311 D/RILJ ( 2286): [0406]> GSM_BROADCAST_ACTIVATION activate = true [PHONE0]
08-09 17:06:36.312 I/power_partial_wake_state( 1319): [REL,2,NlpWakeLock:com.google.android.gms]
08-09 17:06:36.312 E/RILD ( 1413): DoGsmSetCBActivation: CBEnable: 1
08-09 17:06:36.312 E/RILD ( 1413): DoGsmSetCBActivation: enableCb: 1
08-09 17:06:36.313 D/RILJ ( 2286): [0406]< GSM_BROADCAST_ACTIVATION [PHONE0]
08-09 17:06:36.314 D/SmsManager( 3604): enableCellBroadcastRange: succeeded at calling enableCellBroadcastRangeForSubscriber. subId = 4
08-09 17:06:36.314 I/power_partial_wake_state( 1319): [CHG,3,*telephony-radio*:com.android.phone]
08-09 17:06:36.314 I/SmsConfig( 2286): [0] sms_not_receive_cmas_without_sim = false
08-09 17:06:36.314 D/IccSmsInterfaceManager( 2286): enableCdmaBroadcastRange
08-09 17:06:36.314 I/power_partial_wake_state( 1319): [REL,1,*telephony-radio*:com.android.phone]
08-09 17:06:36.315 D/IccSmsInterfaceManager( 2286): Calling setCdmaBroadcastConfig with 1 configurations
08-09 17:06:36.316 I/power_partial_wake_state( 1319): [CHG,0,*telephony-radio*:com.android.phone]
08-09 17:06:36.316 D/RILJ ( 2286): [0407]> CDMA_SET_BROADCAST_CONFIG with 1 configs : [PHONE0]
08-09 17:06:36.316 D/RILJ ( 2286): CdmaSmsBroadcastConfigInfo: Id [4099, 4099] ENABLED [PHONE0]
08-09 17:06:36.317 D/RILJ ( 2286): [0407]< CDMA_SET_BROADCAST_CONFIG error 6 [PHONE0]
08-09 17:06:36.317 D/RilRequest( 2286): [0407]< CDMA_SET_BROADCAST_CONFIG error: com.android.internal.telephony.CommandException: REQUEST_NOT_SUPPORTED ret= result={ when=-34s213ms what=4 obj=com.android.internal.telephony.IccSmsInterfaceManager$Request@eae6bcc target=com.android.internal.telephony.IccSmsInterfaceManager$1 }
08-09 17:06:36.317 I/IccSmsInterfaceManager_FAIL( 2286): Failed to add cdma broadcast subscription for MID range 4099 to 4099 from client com.google.android.cellbroadcastreceiver PhoneId : [0]
08-09 17:06:36.317 I/power_partial_wake_state( 1319): [CHG,1,*telephony-radio*:com.android.phone]
08-09 17:06:36.317 D/SmsManager( 3604): enableCellBroadcastRange: failed at calling enableCellBroadcastRangeForSubscriber. subId = 4
08-09 17:06:36.318 I/SmsConfig( 2286): [0] sms_not_receive_cmas_without_sim = false
08-09 17:06:36.318 D/IccSmsInterfaceManager( 2286): [enableGsmBroadcastRange] startMessageId : 4392, endMessageId : 4392
08-09 17:06:36.318 I/power_partial_wake_state( 1319): [REL,0,*telephony-radio*:com.android.phone]
08-09 17:06:36.319 D/IccSmsInterfaceManager( 2286): Calling setGsmBroadcastConfig with 3 configurations
08-09 17:06:36.321 I/power_partial_wake_state( 1319): [CHG,1,*telephony-radio*:com.android.phone]
08-09 17:06:36.321 D/RILJ ( 2286): [0408]> GSM_SET_BROADCAST_CONFIG with 3 configs : [PHONE0]
08-09 17:06:36.321 D/RILJ ( 2286): SmsBroadcastConfigInfo: Id [4370,4379] Code [0,255] ENABLED [PHONE0]
08-09 17:06:36.321 D/RILJ ( 2286): SmsBroadcastConfigInfo: Id [4383,4391] Code [0,255] ENABLED [PHONE0]
08-09 17:06:36.321 D/RILJ ( 2286): SmsBroadcastConfigInfo: Id [4392,4392] Code [0,255] ENABLED [PHONE0]
08-09 17:06:36.321 E/RILD ( 1413): GetBroadcastSmsConfig: selectedId 0x80 msgIdCount 20
08-09 17:06:36.322 E/RILD ( 1413): enableCb: 1, cbSelectionId: 0x80
08-09 17:06:36.332 I/am_proc_bound( 1319): [0,6180,com.samsung.klmsagent]
08-09 17:06:36.334 I/am_uid_active( 1319): 10071
08-09 17:06:36.338 I/power_partial_wake_state( 1319): [REL,78,GCM_WORK:com.google.android.gms]
08-09 17:06:36.339 I/power_partial_wake_state( 1319): [REL,1406,*job*/com.samsung.android.cidmanager/.modules.cidupdater.CarrierFeatureJobIntentService:android]
08-09 17:06:36.355 I/am_uid_running( 1319): 10059
08-09 17:06:36.387 I/am_proc_start( 1319): [0,6242,10059,com.samsung.android.dynamiclock,content provider,{com.samsung.android.dynamiclock/com.samsung.android.dynamiclock.data.provider.DynamicLockProvider}]
08-09 17:06:36.397 I/notification_cancel( 1319): [10224,3758,com.google.android.gms,56933,NULL,0,0,1088,8,NULL]
08-09 17:06:36.466 I/am_proc_bound( 1319): [0,6242,com.samsung.android.dynamiclock]
08-09 17:06:36.468 I/am_uid_active( 1319): 10059
08-09 17:06:36.488 I/commit_sys_config_file( 1319): [settings-1-0,194]
08-09 17:06:36.532 I/notification_cancel( 1319): [10224,3758,com.google.android.gms,56932,NULL,0,0,1088,8,NULL]
08-09 17:06:36.532 I/notification_cancel( 1319): [10224,3758,com.google.android.gms,56935,NULL,0,0,1088,8,NULL]
08-09 17:06:36.533 I/notification_cancel( 1319): [10224,3758,com.google.android.gms,115357,NULL,0,0,1088,8,NULL]
08-09 17:06:36.535 I/notification_cancel( 1319): [10224,3758,com.google.android.gms,115356,NULL,0,0,1088,8,NULL]
08-09 17:06:36.535 I/notification_cancel( 1319): [10224,3758,com.google.android.gms,115358,NULL,0,0,1088,8,NULL]
08-09 17:06:36.557 D/RILJ ( 2286): [0408]< GSM_SET_BROADCAST_CONFIG [PHONE0]
08-09 17:06:36.558 I/power_partial_wake_state( 1319): [CHG,238,*telephony-radio*:com.android.phone]
08-09 17:06:36.559 I/power_partial_wake_state( 1319): [REL,0,*telephony-radio*:com.android.phone]
08-09 17:06:36.560 I/power_partial_wake_state( 1319): [REL,8,*job*/com.samsung.android.app.routines/.domainmodel.core.service.RoutineFaceWidgetJobService:android]
08-09 17:06:36.564 I/IccSmsInterfaceManager( 2286): Added GSM cell broadcast subscription for MID range 4392 to 4392 from client com.google.android.cellbroadcastreceiver PhoneId : [0]
08-09 17:06:36.564 D/IccSmsInterfaceManager( 2286): Calling setCellBroadcastActivation(true)
08-09 17:06:36.572 I/power_partial_wake_state( 1319): [CHG,7,*telephony-radio*:com.android.phone]
08-09 17:06:36.573 D/RILJ ( 2286): [0409]> GSM_BROADCAST_ACTIVATION activate = true [PHONE0]
08-09 17:06:36.573 I/power_partial_wake_state( 1319): [REL,21,*job*/com.samsung.android.app.routines/.domainmodel.core.service.RoutineFaceWidgetJobService:android]
08-09 17:06:36.574 E/RILD ( 1413): DoGsmSetCBActivation: CBEnable: 1
08-09 17:06:36.574 E/RILD ( 1413): DoGsmSetCBActivation: enableCb: 1
08-09 17:06:36.575 D/RILJ ( 2286): [0409]< GSM_BROADCAST_ACTIVATION [PHONE0]
08-09 17:06:36.575 D/SmsManager( 3604): enableCellBroadcastRange: succeeded at calling enableCellBroadcastRangeForSubscriber. subId = 4
08-09 17:06:36.575 I/power_partial_wake_state( 1319): [CHG,3,*telephony-radio*:com.android.phone]
08-09 17:06:36.576 I/SmsConfig( 2286): [0] sms_not_receive_cmas_without_sim = false
08-09 17:06:36.576 D/IccSmsInterfaceManager( 2286): [disableGsmBroadcastRange] startMessageId : 4380, endMessageId : 4380
08-09 17:06:36.577 I/power_partial_wake_state( 1319): [REL,0,*telephony-radio*:com.android.phone]
08-09 17:06:36.579 I/IccSmsInterfaceManager_FAIL( 2286): Failed to remove GSM cell broadcast subscription for MID range 4380 to 4380 from client com.google.android.cellbroadcastreceiver PhoneId : [0]
08-09 17:06:36.580 D/SmsManager( 3604): disableCellBroadcastRange: failed at calling disableCellBroadcastRangeForSubscriber. subId = 4
08-09 17:06:36.580 I/SmsConfig( 2286): [0] sms_not_receive_cmas_without_sim = false
08-09 17:06:36.580 D/IccSmsInterfaceManager( 2286): disableCdmaBroadcastRange
08-09 17:06:36.580 I/IccSmsInterfaceManager_FAIL( 2286): Failed to remove cdma broadcast subscription for MID range 4100 to 4100 from client com.google.android.cellbroadcastreceiver PhoneId : [0]
08-09 17:06:36.581 D/SmsManager( 3604): disableCellBroadcastRange: failed at calling disableCellBroadcastRangeForSubscriber. subId = 4
08-09 17:06:36.581 I/SmsConfig( 2286): [0] sms_not_receive_cmas_without_sim = false
08-09 17:06:36.581 D/IccSmsInterfaceManager( 2286): [disableGsmBroadcastRange] startMessageId : 4393, endMessageId : 4393
08-09 17:06:36.582 I/IccSmsInterfaceManager_FAIL( 2286): Failed to remove GSM cell broadcast subscription for MID range 4393 to 4393 from client com.google.android.cellbroadcastreceiver PhoneId : [0]
08-09 17:06:36.582 D/SmsManager( 3604): disableCellBroadcastRange: failed at calling disableCellBroadcastRangeForSubscriber. subId = 4
08-09 17:06:36.583 I/SmsConfig( 2286): [0] sms_not_receive_cmas_without_sim = false
08-09 17:06:36.583 D/IccSmsInterfaceManager( 2286): [disableGsmBroadcastRange] startMessageId : 4381, endMessageId : 4381
08-09 17:06:36.583 I/IccSmsInterfaceManager_FAIL( 2286): Failed to remove GSM cell broadcast subscription for MID range 4381 to 4381 from client com.google.android.cellbroadcastreceiver PhoneId : [0]
08-09 17:06:36.583 D/SmsManager( 3604): disableCellBroadcastRange: failed at calling disableCellBroadcastRangeForSubscriber. subId = 4
08-09 17:06:36.584 I/SmsConfig( 2286): [0] sms_not_receive_cmas_without_sim = false
08-09 17:06:36.584 D/IccSmsInterfaceManager( 2286): [disableGsmBroadcastRange] startMessageId : 4394, endMessageId : 4394
08-09 17:06:36.584 I/IccSmsInterfaceManager_FAIL( 2286): Failed to remove GSM cell broadcast subscription for MID range 4394 to 4394 from client com.google.android.cellbroadcastreceiver PhoneId : [0]
08-09 17:06:36.584 D/SmsManager( 3604): disableCellBroadcastRange: failed at calling disableCellBroadcastRangeForSubscriber. subId = 4
08-09 17:06:36.584 I/SmsConfig( 2286): [0] sms_not_receive_cmas_without_sim = false
08-09 17:06:36.585 D/IccSmsInterfaceManager( 2286): [disableGsmBroadcastRange] startMessageId : 4382, endMessageId : 4382
08-09 17:06:36.585 I/IccSmsInterfaceManager_FAIL( 2286): Failed to remove GSM cell broadcast subscription for MID range 4382 to 4382 from client com.google.android.cellbroadcastreceiver PhoneId : [0]
08-09 17:06:36.585 D/SmsManager( 3604): disableCellBroadcastRange: failed at calling disableCellBroadcastRangeForSubscriber. subId = 4
08-09 17:06:36.585 I/SmsConfig( 2286): [0] sms_not_receive_cmas_without_sim = false
08-09 17:06:36.585 D/IccSmsInterfaceManager( 2286): [disableGsmBroadcastRange] startMessageId : 4395, endMessageId : 4395
08-09 17:06:36.586 I/IccSmsInterfaceManager_FAIL( 2286): Failed to remove GSM cell broadcast subscription for MID range 4395 to 4395 from client com.google.android.cellbroadcastreceiver PhoneId : [0]
08-09 17:06:36.586 D/SmsManager( 3604): disableCellBroadcastRange: failed at calling disableCellBroadcastRangeForSubscriber. subId = 4
08-09 17:06:36.586 I/SmsConfig( 2286): [0] sms_not_receive_cmas_without_sim = false
08-09 17:06:36.586 D/IccSmsInterfaceManager( 2286): [enableGsmBroadcastRange] startMessageId : 4352, endMessageId : 4354
08-09 17:06:36.586 D/IccSmsInterfaceManager( 2286): Calling setGsmBroadcastConfig with 3 configurations
08-09 17:06:36.587 I/power_partial_wake_state( 1319): [CHG,0,*telephony-radio*:com.android.phone]
08-09 17:06:36.587 D/RILJ ( 2286): [0410]> GSM_SET_BROADCAST_CONFIG with 3 configs : [PHONE0]
08-09 17:06:36.587 D/RILJ ( 2286): SmsBroadcastConfigInfo: Id [4370,4379] Code [0,255] ENABLED [PHONE0]
08-09 17:06:36.587 D/RILJ ( 2286): SmsBroadcastConfigInfo: Id [4383,4392] Code [0,255] ENABLED [PHONE0]
08-09 17:06:36.587 D/RILJ ( 2286): SmsBroadcastConfigInfo: Id [4352,4354] Code [0,255] ENABLED [PHONE0]
08-09 17:06:36.588 E/RILD ( 1413): GetBroadcastSmsConfig: selectedId 0x80 msgIdCount 23
08-09 17:06:36.588 E/RILD ( 1413): enableCb: 1, cbSelectionId: 0x80
08-09 17:06:36.589 I/power_partial_wake_state( 1319): [REL,210,*gms_scheduler*:internal:com.google.android.gms]
08-09 17:06:36.602 I/power_partial_wake_state( 1319): [REL,3,*job*/com.samsung.android.app.routines/.domainmodel.core.service.RoutineFaceWidgetJobService:android]
08-09 17:06:36.614 D/SubscriptionController( 2286): [getActiveSubscriptionInfoForSimSlotIndex]+ slotIndex=0 subId={id=4 iccId= simSlotIndex=0 carrierId=2018 displayName=Jio carrierName=JIO 4G | Jio nameSource=1 iconTint=-16746133 number= dataRoaming=0 iconBitmap=null mcc=405 mnc=874 countryIso=in isEmbedded=false nativeAccessRules=null cardString= cardId=3 portIndex=0 isOpportunistic=false groupUUID=null isGroupDisabled=false profileClass=-1 ehplmns=null hplmns=null subscriptionType=0 groupOwner=null carrierConfigAccessRules=null areUiccApplicationsEnabled=true usageSetting=0}
08-09 17:06:36.619 D/SubscriptionController( 2286): [getActiveSubscriptionInfoForSimSlotIndex]+ slotIndex=0 subId={id=4 iccId= simSlotIndex=0 carrierId=2018 displayName=Jio carrierName=JIO 4G | Jio nameSource=1 iconTint=-16746133 number= dataRoaming=0 iconBitmap=null mcc=405 mnc=874 countryIso=in isEmbedded=false nativeAccessRules=null cardString= cardId=3 portIndex=0 isOpportunistic=false groupUUID=null isGroupDisabled=false profileClass=-1 ehplmns=null hplmns=null subscriptionType=0 groupOwner=null carrierConfigAccessRules=null areUiccApplicationsEnabled=true usageSetting=0}
08-09 17:06:36.624 D/SubscriptionController( 2286): [getActiveSubscriptionInfoForSimSlotIndex]+ slotIndex=0 subId={id=4 iccId= simSlotIndex=0 carrierId=2018 displayName=Jio carrierName=JIO 4G | Jio nameSource=1 iconTint=-16746133 number= dataRoaming=0 iconBitmap=null mcc=405 mnc=874 countryIso=in isEmbedded=false nativeAccessRules=null cardString= cardId=3 portIndex=0 isOpportunistic=false groupUUID=null isGroupDisabled=false profileClass=-1 ehplmns=null hplmns=null subscriptionType=0 groupOwner=null carrierConfigAccessRules=null areUiccApplicationsEnabled=true usageSetting=0}
08-09 17:06:36.644 I/power_partial_wake_state( 1319): [REL,44,*job*/com.samsung.android.app.routines/.domainmodel.core.service.RoutineFaceWidgetJobService:android]
08-09 17:06:36.701 I/power_partial_wake_state( 1319): [REL,22,*job*/com.sec.unifiedwfc/androidx.work.impl.background.systemjob.SystemJobService:android]
08-09 17:06:36.716 I/power_partial_wake_state( 1319): [CHG,1,*telephony-sem-radio*:com.android.phone]
08-09 17:06:36.716 D/SEM_RILJ( 2286): [0411]> OEM_HOOK_RAW[118200090100000001] [PHONE0]
08-09 17:06:36.719 I/power_partial_wake_state( 1319): [CHG,1,*telephony-sem-radio*:com.android.phone]
08-09 17:06:36.720 D/SEM_RILJ( 2286): [0412]> OEM_HOOK_RAW[118200090100000001] [PHONE1]
08-09 17:06:36.721 D/SEM_RILJ( 2286): [0413]> OEM_HOOK_RAW[1182000D000000000200000000] [PHONE0]
08-09 17:06:36.723 D/SEM_RILJ( 2286): [0414]> OEM_HOOK_RAW[1182000D000000000200000000] [PHONE1]
08-09 17:06:36.737 I/am_uid_running( 1319): 10041
08-09 17:06:36.749 D/SubscriptionController( 2286): [getActiveSubscriptionInfoForSimSlotIndex]+ slotIndex=0 subId={id=4 iccId= simSlotIndex=0 carrierId=2018 displayName=Jio carrierName=JIO 4G | Jio nameSource=1 iconTint=-16746133 number= dataRoaming=0 iconBitmap=null mcc=405 mnc=874 countryIso=in isEmbedded=false nativeAccessRules=null cardString= cardId=3 portIndex=0 isOpportunistic=false groupUUID=null isGroupDisabled=false profileClass=-1 ehplmns=null hplmns=null subscriptionType=0 groupOwner=null carrierConfigAccessRules=null areUiccApplicationsEnabled=true usageSetting=0}
