08-09 17:06:23.778 D/TelephonyRegistry( 1319): listen oscl: mHasNotifySubscriptionInfoChangedOccurred==false no callback
08-09 17:06:23.779 D/GsmCdmaPhone( 2286): [1] GsmCdmaPhone: constructor: sub = 1
08-09 17:06:23.780 D/RILJ ( 2286): [0013]< SET_TTY_MODE [PHONE1]
08-09 17:06:23.780 I/power_partial_wake_state( 1319): [CHG,4,*telephony-radio*:com.android.phone]
08-09 17:06:23.781 I/power_partial_wake_state( 1319): [CHG,1,*telephony-sem-radio*:com.android.phone]
08-09 17:06:23.782 I/power_partial_wake_state( 1319): [REL,1,*telephony-radio*:com.android.phone]
08-09 17:06:23.782 D/SEM_RILJ( 2286): [0014]> GET_VENDOR_CONFIGURATION [PHONE1]
08-09 17:06:23.783 D/GsmCdmaPhone( 2286): new GsmCdmaPhone
08-09 17:06:23.783 D/SEM_RILJ( 2286): [0014]< GET_VENDOR_CONFIGURATION [{ mConfigurationName = FW_READY, mConfigurationValue = 0}, { mConfigurationName = EGPRS_SUPPORT, mConfigurationValue = 0}, { mConfigurationName = SUPPORTED_RAT, mConfigurationValue = 105}, { mConfigurationName = IS_CTC, mConfigurationValue = 0}, { mConfigurationName = VOLTE_911_CALL, mConfigurationValue = 0}, { mConfigurationName = CA_ENABLED, mConfigurationValue = 0}, { mConfigurationName = LTE_CS_CAPA, mConfigurationValue = 0}, { mConfigurationName = MSIM_SUBMODE, mConfigurationValue = 0}, { mConfigurationName = SUPPORTED_NRCA, mConfigurationValue = 1}, { mConfigurationName = SUPPORT_LTE_CAPA_OPTION_C, mConfigurationValue = 0}] [PHONE1]
08-09 17:06:23.784 I/power_partial_wake_state( 1319): [CHG,3,*telephony-sem-radio*:com.android.phone]
08-09 17:06:23.784 I/power_partial_wake_state( 1319): [REL,0,*telephony-sem-radio*:com.android.phone]
08-09 17:06:23.788 D/SemChameleonParser( 2286): [1] Chameleon feature doesn't support
08-09 17:06:23.789 D/SemGsmCdmaPhone( 2286): makeSmsConfig on phone
08-09 17:06:23.789 D/SmsConfig( 2286): makeSmsConfig
08-09 17:06:23.791 D/SemGsmCdmaPhone( 2286): [1] initFdnList()
08-09 17:06:23.791 E/SemGsmCdmaPhone( 2286): [1] sim contact is not ready
08-09 17:06:23.813 I/am_proc_bound( 1319): [0,2560,com.samsung.android.app.aodservice:provider]
08-09 17:06:23.820 I/PhoneFactory( 2286): defaultSmsApplication: org.smssecure.smssecure
08-09 17:06:23.826 I/PhoneFactory( 2286): Creating SubInfoRecordUpdater
08-09 17:06:23.827 D/SubscriptionInfoUpdater( 2286): Constructor invoked
08-09 17:06:23.828 D/PreferredNetworkUpdater( 2286): Constructor invoked
08-09 17:06:23.844 D/Phone ( 2286): mDoesRilSendMultipleCallRing=false
08-09 17:06:23.844 D/Phone ( 2286): mCallRingDelay=3000
08-09 17:06:23.846 W/CarrierConfigManager( 2286): Error getting config for subId -1 ICarrierConfigLoader is null
08-09 17:06:23.846 E/ImsPhoneCallTracker( 2286): [0] getCarrierConfigBundle: carrier config is null, skipping.
08-09 17:06:23.846 E/ImsPhoneCallTracker( 2286): [0] updateCarrierConfiguration: carrier config is null, skipping.
08-09 17:06:23.848 D/SemPhoneInternal( 2286): postInit. phoneId: 2147483647 -> 0, semCi: null -> com.android.internal.telephony.SemRIL@5075721
08-09 17:06:23.848 E/ImsManager [0]( 2286): associate null
08-09 17:06:23.849 D/FeatureConnector( 2286): [InstanceManager, 0] imsFeatureRemoved: reason=3
08-09 17:06:23.850 I/ImsManagerIM [0]( 2286): connectionUnavailable, reason: 3
08-09 17:06:23.853 D/ImsPhone( 2286): [0] updateDataServiceState: defSs = {mVoiceRegState=1(OUT_OF_SERVICE), mDataRegState=1(OUT_OF_SERVICE), mChannelNumber=-1, duplexMode()=0, mCellBandwidths=[], mOperatorAlphaLong=null, mOperatorAlphaShort=null, isManualNetworkSelection=false(automatic), getRilVoiceRadioTechnology=0(Unknown), getRilDataRadioTechnology=0(Unknown), mCssIndicator=unsupported, mNetworkId=*1, mSystemId=*1, mCdmaRoamingIndicator=-1, mCdmaDefaultRoamingIndicator=-1, VoiceRegType=0, Snap=0, MobileData=OUT_OF_SERVICE, MobileDataRoamingType=home, MobileDataRat=Unknown, PsOnly=false, FemtocellInd=0, SprDisplayRoam=false, OptRadioTech=0, MsimSubmode=0, mIsEmergencyOnly=false, isUsingCarrierAggregation=false, mArfcnRsrpBoost=0, mNetworkRegistrationInfos=[NetworkRegistrationInfo{ domain=CS transportType=WWAN registrationState=UNKNOWN roamingType=NOT_ROAMING accessNetworkTechnology=UNKNOWN rejectCause=0 emergencyEnabled=false availableServices=[] cellIdentity=null voiceSpecificInfo=null dataSpecificInfo=null nrState=**** rRplmn= isUsingCarrierAggregation=false}, NetworkRegistrationInfo{ domain=PS transportType=WWAN registrationState=UNKNOWN roamingType=NOT_ROAMING accessNetworkTechnology=UNKNOWN rejectCause=0 emergencyEnabled=false availableServices=[] cellIdentity=null voiceSpecificInfo=null dataSpecificInfo=null nrState=**** rRplmn= isUsingCarrierAggregation=false}], mNrFrequencyRange=0, mOperatorAlphaLongRaw=null, mOperatorAlphaShortRaw=null, mIsDataRoamingFromRegistration=false, mIsIwlanPreferred=false} imsSs = {mVoiceRegState=1(OUT_OF_SERVICE), mDataRegState=1(OUT_OF_SERVICE), mChannelNumber=-1, duplexMode()=0, mCellBandwidths=[], mOperatorAlphaLong=null, mOperatorAlphaShort=null, isManualNetworkSelection=false(automatic), getRilVoiceRadioTechnology=0(Unknown), getRilDataRadioTechnology=0(Unknown), mCssIndicator=unsupported, mNetworkId=*1, mSystemId=*1, mCdmaRoamingIndicator=-1, mCdmaDefaultRoamingIndicator=-1, VoiceRegType=0, Snap=0, MobileData=OUT_OF_SERVICE, MobileDataRoamingType=home, MobileDataRat=Unknown, PsOnly=false, FemtocellInd=0, SprDisplayRoam=false, OptRadioTech=0, MsimSubmode=0, mIsEmergencyOnly=false, isUsingCarrierAggregation=false, mArfcnRsrpBoost=0, mNetworkRegistrationInfos=[NetworkRegistrationInfo{ domain=CS transportType=WWAN registrationState=UNKNOWN roamingType=NOT_ROAMING accessNetworkTechnology=UNKNOWN rejectCause=0 emergencyEnabled=false availableServices=[] cellIdentity=null voiceSpecificInfo=null dataSpecificInfo=null nrState=**** rRplmn= isUsingCarrierAggregation=false}, NetworkRegistrationInfo{ domain=PS transportType=WWAN registrationState=UNKNOWN roamingType=NOT_ROAMING accessNetworkTechnology=UNKNOWN rejectCause=0 emergencyEnabled=false availableServices=[] cellIdentity=null voiceSpecificInfo=null dataSpecificInfo=null nrState=**** rRplmn= isUsingCarrierAggregation=false}], mNrFrequencyRange=0, mOperatorAlphaLongRaw=null, mOperatorAlphaShortRaw=null, mIsDataRoamingFromRegistration=false, mIsIwlanPreferred=false}
08-09 17:06:23.853 D/IPF ( 2286): [IP]- ImsPhone: constructor {0}
08-09 17:06:23.853 D/CallManager( 2286): registerPhone(ImsPhone Handler (com.android.internal.telephony.imsphone.ImsPhone) {30ca92b})
08-09 17:06:23.854 D/Phone ( 2286): mDoesRilSendMultipleCallRing=false
08-09 17:06:23.854 D/Phone ( 2286): mCallRingDelay=3000
08-09 17:06:23.856 W/CarrierConfigManager( 2286): Error getting config for subId -1 ICarrierConfigLoader is null
08-09 17:06:23.856 E/ImsPhoneCallTracker( 2286): [1] getCarrierConfigBundle: carrier config is null, skipping.
08-09 17:06:23.857 E/ImsPhoneCallTracker( 2286): [1] updateCarrierConfiguration: carrier config is null, skipping.
08-09 17:06:23.858 D/SemPhoneInternal( 2286): postInit. phoneId: 2147483647 -> 1, semCi: null -> com.android.internal.telephony.SemRIL@8e1445d
08-09 17:06:23.858 E/ImsManager [1]( 2286): associate null
08-09 17:06:23.859 D/FeatureConnector( 2286): [InstanceManager, 1] imsFeatureRemoved: reason=3
08-09 17:06:23.859 I/ImsManagerIM [1]( 2286): connectionUnavailable, reason: 3
08-09 17:06:23.860 D/ImsPhone( 2286): [1] updateDataServiceState: defSs = {mVoiceRegState=1(OUT_OF_SERVICE), mDataRegState=1(OUT_OF_SERVICE), mChannelNumber=-1, duplexMode()=0, mCellBandwidths=[], mOperatorAlphaLong=null, mOperatorAlphaShort=null, isManualNetworkSelection=false(automatic), getRilVoiceRadioTechnology=0(Unknown), getRilDataRadioTechnology=0(Unknown), mCssIndicator=unsupported, mNetworkId=*1, mSystemId=*1, mCdmaRoamingIndicator=-1, mCdmaDefaultRoamingIndicator=-1, VoiceRegType=0, Snap=0, MobileData=OUT_OF_SERVICE, MobileDataRoamingType=home, MobileDataRat=Unknown, PsOnly=false, FemtocellInd=0, SprDisplayRoam=false, OptRadioTech=0, MsimSubmode=0, mIsEmergencyOnly=false, isUsingCarrierAggregation=false, mArfcnRsrpBoost=0, mNetworkRegistrationInfos=[NetworkRegistrationInfo{ domain=CS transportType=WWAN registrationState=UNKNOWN roamingType=NOT_ROAMING accessNetworkTechnology=UNKNOWN rejectCause=0 emergencyEnabled=false availableServices=[] cellIdentity=null voiceSpecificInfo=null dataSpecificInfo=null nrState=**** rRplmn= isUsingCarrierAggregation=false}, NetworkRegistrationInfo{ domain=PS transportType=WWAN registrationState=UNKNOWN roamingType=NOT_ROAMING accessNetworkTechnology=UNKNOWN rejectCause=0 emergencyEnabled=false availableServices=[] cellIdentity=null voiceSpecificInfo=null dataSpecificInfo=null nrState=**** rRplmn= isUsingCarrierAggregation=false}], mNrFrequencyRange=0, mOperatorAlphaLongRaw=null, mOperatorAlphaShortRaw=null, mIsDataRoamingFromRegistration=false, mIsIwlanPreferred=false} imsSs = {mVoiceRegState=1(OUT_OF_SERVICE), mDataRegState=1(OUT_OF_SERVICE), mChannelNumber=-1, duplexMode()=0, mCellBandwidths=[], mOperatorAlphaLong=null, mOperatorAlphaShort=null, isManualNetworkSelection=false(automatic), getRilVoiceRadioTechnology=0(Unknown), getRilDataRadioTechnology=0(Unknown), mCssIndicator=unsupported, mNetworkId=*1, mSystemId=*1, mCdmaRoamingIndicator=-1, mCdmaDefaultRoamingIndicator=-1, VoiceRegType=0, Snap=0, MobileData=OUT_OF_SERVICE, MobileDataRoamingType=home, MobileDataRat=Unknown, PsOnly=false, FemtocellInd=0, SprDisplayRoam=false, OptRadioTech=0, MsimSubmode=0, mIsEmergencyOnly=false, isUsingCarrierAggregation=false, mArfcnRsrpBoost=0, mNetworkRegistrationInfos=[NetworkRegistrationInfo{ domain=CS transportType=WWAN registrationState=UNKNOWN roamingType=NOT_ROAMING accessNetworkTechnology=UNKNOWN rejectCause=0 emergencyEnabled=false availableServices=[] cellIdentity=null voiceSpecificInfo=null dataSpecificInfo=null nrState=**** rRplmn= isUsingCarrierAggregation=false}, NetworkRegistrationInfo{ domain=PS transportType=WWAN registrationState=UNKNOWN roamingType=NOT_ROAMING accessNetworkTechnology=UNKNOWN rejectCause=0 emergencyEnabled=false availableServices=[] cellIdentity=null voiceSpecificInfo=null dataSpecificInfo=null nrState=**** rRplmn= isUsingCarrierAggregation=false}], mNrFrequencyRange=0, mOperatorAlphaLongRaw=null, mOperatorAlphaShortRaw=null, mIsDataRoamingFromRegistration=false, mIsIwlanPreferred=false}
08-09 17:06:23.860 D/IPF ( 2286): [IP2]- ImsPhone: constructor {1}
08-09 17:06:23.860 D/CallManager( 2286): registerPhone(ImsPhone Handler (com.android.internal.telephony.imsphone.ImsPhone) {32aad07})
08-09 17:06:23.861 D/SemPhoneSubInfoController( 2286): add ISemPhoneSubInfo
08-09 17:06:23.862 D/SemTelephonyController( 2286): SemTelephonyController start
08-09 17:06:23.863 I/SemPhoneFactory( 2286): Creating SemTelephonyDatabaseHelper
08-09 17:06:23.864 D/SemPhoneFactory( 2286): SemPhoneFactory init done
08-09 17:06:23.867 D/FeatureConnector( 2286): [InstanceManager, 0] imsFeatureRemoved: reason=3
08-09 17:06:23.867 I/ImsManagerIM [0]( 2286): connectionUnavailable, reason: 3
08-09 17:06:23.868 D/FeatureConnector( 2286): [InstanceManager, 1] imsFeatureRemoved: reason=3
08-09 17:06:23.869 I/ImsManagerIM [1]( 2286): connectionUnavailable, reason: 3
08-09 17:06:23.870 D/TelephonyRegistry( 1319): listen oscl: mHasNotifySubscriptionInfoChangedOccurred==false no callback
08-09 17:06:23.871 D/DDS-SemPhoneSwitcher( 2286): PhoneSwitcher started
08-09 17:06:23.878 D/ProxyController( 2286): Constructor - Enter
08-09 17:06:23.880 D/ProxyController( 2286): clearTransaction
08-09 17:06:23.880 D/ProxyController( 2286): clearTransaction: phoneId=0 status=IDLE
08-09 17:06:23.880 D/ProxyController( 2286): clearTransaction: phoneId=1 status=IDLE
08-09 17:06:23.880 D/ProxyController( 2286): Constructor - Exit
08-09 17:06:23.886 D/TelephonyRegistry( 1319): listen oscl: mHasNotifySubscriptionInfoChangedOccurred==false no callback
08-09 17:06:23.888 D/DDS-TelephonyNetworkFactory[0]( 2286): Registering NetworkFactory
08-09 17:06:23.890 D/TelephonyRegistry( 1319): listen oscl: mHasNotifySubscriptionInfoChangedOccurred==false no callback
08-09 17:06:23.890 D/DDS-TelephonyNetworkFactory[1]( 2286): Registering NetworkFactory
08-09 17:06:23.892 I/dvm_lock_sample( 2286): [com.android.phone,1,binder:2286_1,351,PhoneFactory.java,377,com.android.internal.telephony.Phone com.android.internal.telephony.PhoneFactory.getPhone(int),-,534,com.android.internal.telephony.SemCommandsInterface[] com.android.internal.telephony.PhoneFactory.getSemCommandsInterfaces(),70]
08-09 17:06:23.898 W/CarrierConfigManager( 2286): Error getting config for subId -1 ICarrierConfigLoader is null
08-09 17:06:23.898 W/CarrierConfigManager( 2286): Error getting config for subId -1 ICarrierConfigLoader is null
08-09 17:06:23.898 D/RcsProvisioningMonitor( 2286): RcsProvisioningMonitor created.
08-09 17:06:23.899 D/RcsStats( 2286): RcsStats created.
08-09 17:06:23.900 D/RcsProvisioningMonitor( 2286): init.
08-09 17:06:23.901 D/TelephonyRegistry( 1319): listen oscl: mHasNotifySubscriptionInfoChangedOccurred==false no callback
08-09 17:06:23.967 D/ImsStateCallbackController( 2286): ImsStateCallbackController created
08-09 17:06:23.968 D/ImsStateCallbackController( 2286): updateFeatures: oldSlots=0, newNumSlots=2
08-09 17:06:23.968 E/ImsManager [0]( 2286): associate null
08-09 17:06:23.969 E/ImsManager [1]( 2286): associate null
08-09 17:06:23.970 D/TelephonyRegistry( 1319): listen oscl: mHasNotifySubscriptionInfoChangedOccurred==false no callback
08-09 17:06:23.971 D/RcsStats( 2286): created Callback
08-09 17:06:23.971 D/RcsStats( 2286): UceStatsWriterCallback created.
08-09 17:06:23.972 D/ImsStateCallbackController( 2286): onExternalRcsStateChanged slotId=0, state=UNAVAILABLE, reason=NO_IMS_SERVICE_CONFIGURED
08-09 17:06:23.972 D/ImsStateCallbackController( 2286): onExternalRcsStateChanged slotId=1, state=UNAVAILABLE, reason=NO_IMS_SERVICE_CONFIGURED
08-09 17:06:23.972 I/ImsProvisioningController( 2286): ImsProvisioningController created
08-09 17:06:23.973 D/ImsProvisioningController( 2286): ImsProvisioningController
08-09 17:06:23.973 D/TelephonyRegistry( 1319): listen oscl: mHasNotifySubscriptionInfoChangedOccurred==false no callback
08-09 17:06:23.973 D/ImsProvisioningController( 2286): MmTelFeatureListener[0] created
08-09 17:06:23.973 E/ImsManager [0]( 2286): associate null
08-09 17:06:23.975 D/ImsProvisioningController( 2286): RcsFeatureListener[0] created
08-09 17:06:23.976 D/ImsProvisioningController( 2286): ProvisioningCallbackManager[0] ProvisioningCallbackManager create
08-09 17:06:23.976 D/ImsProvisioningController( 2286): MmTelFeatureListener[1] created
08-09 17:06:23.976 E/ImsManager [1]( 2286): associate null
08-09 17:06:23.976 D/ImsProvisioningController( 2286): RcsFeatureListener[1] created
08-09 17:06:23.977 D/ImsProvisioningController( 2286): ProvisioningCallbackManager[1] ProvisioningCallbackManager create
08-09 17:06:23.978 W/TelephonyRegistry( 1319): Pid 2286 has exceeded half the number of permissible registered listeners. Now at 25
08-09 17:06:23.983 W/TelephonyRegistry( 1319): Pid 2286 has exceeded half the number of permissible registered listeners. Now at 26
08-09 17:06:23.983 D/TelephonyRegistry( 1319): listen oscl: mHasNotifySubscriptionInfoChangedOccurred==false no callback
08-09 17:06:23.983 D/CallManager( 2286): registerForMmiComplete
08-09 17:06:23.984 D/NitzStateMachineImpl( 2286): handleAirplaneModeChanged(false): mLatestNitzSignal was already null. Nothing to do.
08-09 17:06:23.984 D/NitzStateMachineImpl( 2286): handleAirplaneModeChanged(false): mLatestNitzSignal was already null. Nothing to do.
08-09 17:06:23.986 W/TelephonyRegistry( 1319): Pid 2286 has exceeded half the number of permissible registered listeners. Now at 27
08-09 17:06:23.986 W/TelephonyRegistry( 1319): Pid 2286 has exceeded half the number of permissible registered listeners. Now at 28
08-09 17:06:24.037 W/TelephonyRegistry( 1319): Pid 2286 has exceeded half the number of permissible registered listeners. Now at 29
08-09 17:06:24.037 D/TelephonyRegistry( 1319): listen oscl: mHasNotifySubscriptionInfoChangedOccurred==false no callback
08-09 17:06:24.038 W/TelephonyRegistry( 1319): Pid 2286 has exceeded half the number of permissible registered listeners. Now at 30
08-09 17:06:24.049 D/UiccController( 2286): handleMessage: Received RADIO_AVAILABLE for phoneId 0
08-09 17:06:24.049 D/UiccController( 2286): Received EVENT_RADIO_AVAILABLE/EVENT_RADIO_ON, calling getIccCardStatus
08-09 17:06:24.051 I/power_partial_wake_state( 1319): [CHG,0,*telephony-sem-radio*:com.android.phone]
08-09 17:06:24.052 D/SEM_RILJ( 2286): [0015]> GET_SIM_STATUS [PHONE0]
08-09 17:06:24.052 D/UiccController( 2286): Received EVENT_RADIO_AVAILABLE/EVENT_RADIO_ON for phoneId 0, calling getIccSlotsStatus
08-09 17:06:24.053 D/RadioConfig( 2286): [0016]> GET_SLOT_STATUS
08-09 17:06:24.053 D/UiccController( 2286): handleMessage: Received UNKNOWN(102) for phoneId 0
08-09 17:06:24.053 D/UiccController( 2286): Received EVENT_RIL_CONNECTED
08-09 17:06:24.053 D/UiccController( 2286): handleMessage: Received RADIO_AVAILABLE for phoneId 1
08-09 17:06:24.053 D/UiccController( 2286): Received EVENT_RADIO_AVAILABLE/EVENT_RADIO_ON, calling getIccCardStatus
08-09 17:06:24.054 D/RilRequest( 2286): [0016]< GET_SLOT_STATUS error: com.android.internal.telephony.CommandException: REQUEST_NOT_SUPPORTED ret=[] result={ when=-21s177ms what=4 obj=0 target=com.android.internal.telephony.uicc.UiccController }
08-09 17:06:24.054 E/RadioConfigResponse( 2286): [0016]< GET_SLOT_STATUS error 6
08-09 17:06:24.055 I/power_partial_wake_state( 1319): [CHG,1,*telephony-sem-radio*:com.android.phone]
08-09 17:06:24.056 D/SEM_RILJ( 2286): [0017]> GET_SIM_STATUS [PHONE1]
08-09 17:06:24.056 D/UiccController( 2286): handleMessage: Received UNKNOWN(102) for phoneId 1
08-09 17:06:24.056 D/UiccController( 2286): Received EVENT_RIL_CONNECTED
08-09 17:06:24.056 D/UiccHqmController( 2286): Intent : com.samsung.intent.action.UICC_HQM_TIME_UP
08-09 17:06:24.056 D/SEM_RILJ( 2286): responseIccCardStatus: from HIDL: IccCardState {CARDSTATE_PRESENT,PINSTATE_UNKNOWN,num_apps=2,gsm_id=0{APPTYPE_USIM,APPSTATE_READY,pin1=PINSTATE_DISABLED,pin2=PINSTATE_ENABLED_NOT_VERIFIED-10/10/10/10},cdma_id=-1,ims_id=1{APPTYPE_ISIM,APPSTATE_READY,pin1=PINSTATE_DISABLED,pin2=PINSTATE_ENABLED_NOT_VERIFIED-10/10/10/10},atr=3B9E96801FC78031E073FE211B66D0025544150006,iccid=899187404[****],eid=,SlotPortMapping={physicalSlotIndex=0, portIndex=0}} [PHONE0]
08-09 17:06:24.056 D/UiccHqmController( 2286): feature : 0
08-09 17:06:24.056 D/SEM_RILJ( 2286): [0015]< GET_SIM_STATUS IccCardState {CARDSTATE_PRESENT,PINSTATE_UNKNOWN,num_apps=2,gsm_id=0{APPTYPE_USIM,APPSTATE_READY,pin1=PINSTATE_DISABLED,pin2=PINSTATE_ENABLED_NOT_VERIFIED-10/10/10/10},cdma_id=-1,ims_id=1{APPTYPE_ISIM,APPSTATE_READY,pin1=PINSTATE_DISABLED,pin2=PINSTATE_ENABLED_NOT_VERIFIED-10/10/10/10},atr=3B9E96801FC78031E073FE211B66D0025544150006,iccid=899187404[****],eid=,SlotPortMapping={physicalSlotIndex=0, portIndex=0}} [PHONE0]
08-09 17:06:24.056 E/RILD2 ( 1413): SIM CARD ERROR cause : 3
08-09 17:06:24.056 E/RILD2 ( 1413): Invalid appState for setting overal PinState.
08-09 17:06:24.056 E/RILD2 ( 1413): Invalid appState for updateRetryCounts.
08-09 17:06:24.056 D/Phone ( 2286): config LCE service failed: com.android.internal.telephony.CommandException: REQUEST_NOT_SUPPORTED
08-09 17:06:24.057 E/ImsManager [0]( 2286): associate null
08-09 17:06:24.057 I/power_partial_wake_state( 1319): [CHG,5,*telephony-sem-radio*:com.android.phone]
08-09 17:06:24.058 D/ImsSmsDispatcher( 2286): Radio state is OFF, mPrevVolteRegi = false
08-09 17:06:24.058 D/GsmSMSDispatcher( 2286): GsmSMSDispatcher: subId = -1 slotId = 0
08-09 17:06:24.058 D/SmsDispatchersController( 2286): Radio state is OFF, mPrevVolteRegi = false
08-09 17:06:24.058 D/SmsDispatchersController( 2286): handleRadioStateChanged: 0
08-09 17:06:24.059 D/SmsDispatchersController( 2286): get smsc because mSmsc is null
08-09 17:06:24.059 I/power_partial_wake_state( 1319): [REL,2,*telephony-sem-radio*:com.android.phone]
08-09 17:06:24.060 D/SEM_RILJ( 2286): responseIccCardStatus: from HIDL: IccCardState {CARDSTATE_ABSENT,PINSTATE_UNKNOWN,num_apps=0,gsm_id=-1,cdma_id=-1,ims_id=-1,atr=,iccid=,eid=,SlotPortMapping={physicalSlotIndex=1, portIndex=0}} [PHONE1]
08-09 17:06:24.060 D/SEM_RILJ( 2286): [0017]< GET_SIM_STATUS IccCardState {CARDSTATE_ABSENT,PINSTATE_UNKNOWN,num_apps=0,gsm_id=-1,cdma_id=-1,ims_id=-1,atr=,iccid=,eid=,SlotPortMapping={physicalSlotIndex=1, portIndex=0}} [PHONE1]
08-09 17:06:24.061 I/power_partial_wake_state( 1319): [CHG,6,*telephony-sem-radio*:com.android.phone]
08-09 17:06:24.061 I/power_partial_wake_state( 1319): [CHG,1,*telephony-radio*:com.android.phone]
08-09 17:06:24.061 I/power_partial_wake_state( 1319): [REL,0,*telephony-sem-radio*:com.android.phone]
08-09 17:06:24.061 D/RILJ ( 2286): [0018]> GET_SMSC_ADDRESS [PHONE0]
08-09 17:06:24.062 D/SmsDispatchersController( 2286): PhoneId SIM off is 0
08-09 17:06:24.062 I/netstats_mobile_sample( 1319): [0,0,0,0,0,0,0,0,0,0,0,0,1691580984062]
08-09 17:06:24.062 I/netstats_wifi_sample( 1319): [0,0,0,0,0,0,0,0,0,0,0,0,1691580984062]
08-09 17:06:24.062 I/power_partial_wake_state( 1319): [REL,4,NetworkStats:android]
08-09 17:06:24.063 D/RILJ ( 2286): [0019]> BASEBAND_VERSION [PHONE0]
08-09 17:06:24.063 D/RILJ ( 2286): [0018]< GET_SMSC_ADDRESS "917021075009",145 [PHONE0]
08-09 17:06:24.065 D/RILJ ( 2286): [0020]> DEVICE_IDENTITY [PHONE0]
08-09 17:06:24.065 E/RILD ( 1413): IpcRxSimEonsInfo, eons_type(1), eons_total_num(22), eons_len(8)
08-09 17:06:24.065 E/RILD ( 1413): IpcRxSimEonsInfo, eons_type(2), eons_total_num(1), eons_len(40)
08-09 17:06:24.065 E/RILD ( 1413): IpcRxSimEonsInfo, eons_type(3), eons_total_num(22), eons_len(10)
08-09 17:06:24.066 E/RILD ( 1413): update prop from cp sim count
08-09 17:06:24.066 D/RILJ ( 2286): [0021]> GET_RADIO_CAPABILITY [PHONE0]
08-09 17:06:24.068 D/RILJ ( 2286): [0022]> GET_UICC_APPLICATIONS_ENABLEMENT [PHONE0]
08-09 17:06:24.068 D/RILJ ( 2286): startLceService: REQUEST_NOT_SUPPORTED
08-09 17:06:24.068 D/SemGsmCdmaPhone( 2286): [0] EVENT_RADIO_AVAILABLE Received
08-09 17:06:24.069 D/RILJ ( 2286): convertHalRadioCapability: session=0, phase=4, rat=840583, logicModemUuid=0, status=1, rcRil.raf=1691150 [PHONE0]
08-09 17:06:24.069 D/RILJ ( 2286): [0021]< GET_RADIO_CAPABILITY {mPhoneId = 0 mVersion=1 mSession=0 mPhase=4 mRadioAccessFamily=840583 mLogicModemId=0 mStatus=1} [PHONE0]
08-09 17:06:24.071 I/power_partial_wake_state( 1319): [CHG,3,*telephony-sem-radio*:com.android.phone]
08-09 17:06:24.072 E/RILD ( 1413): isEsimSlotSwitchModel(): no need to update prop
08-09 17:06:24.072 D/SEM_RILJ( 2286): [0023]> GET_VENDOR_CONFIGURATION [PHONE0]
08-09 17:06:24.073 D/SEM_RILJ( 2286): [0024]> OEM_HOOK_RAW[02870004] [PHONE0]
08-09 17:06:24.074 D/GsmCdmaPhone( 2286): [0] Event EVENT_RADIO_OFF_OR_NOT_AVAILABLE Received
08-09 17:06:24.074 D/GsmCdmaPhone( 2286): [0] EVENT EVENT_RADIO_STATE_CHANGED
08-09 17:06:24.074 D/GsmCdmaPhone( 2286): handleRadioPowerStateChange, state= 0
08-09 17:06:24.078 D/RILJ ( 2286): [0025]> SET_SIGNAL_STRENGTH_REPORTING_CRITERIA [PHONE0]
08-09 17:06:24.079 D/SSCtr ( 2286): setSignalStrengthReportingCriteria consolidatedSignalThresholdInfos=[SignalThresholdInfo{mRan=1 mSignalMeasurementType=1 mHysteresisMs=3000 mHysteresisDb=2 mThresholds=[] mIsEnabled=true}, SignalThresholdInfo{mRan=2 mSignalMeasurementType=2 mHysteresisMs=3000 mHysteresisDb=2 mThresholds=[] mIsEnabled=true}, SignalThresholdInfo{mRan=3 mSignalMeasurementType=3 mHysteresisMs=3000 mHysteresisDb=2 mThresholds=[] mIsEnabled=true}, SignalThresholdInfo{mRan=4 mSignalMeasurementType=1 mHysteresisMs=3000 mHysteresisDb=2 mThresholds=[] mIsEnabled=true}, SignalThresholdInfo{mRan=3 mSignalMeasurementType=4 mHysteresisMs=3000 mHysteresisDb=2 mThresholds=[] mIsEnabled=false}, SignalThresholdInfo{mRan=3 mSignalMeasurementType=5 mHysteresisMs=3000 mHysteresisDb=2 mThresholds=[] mIsEnabled=true}, SignalThresholdInfo{mRan=6 mSignalMeasurementType=6 mHysteresisMs=3000 mHysteresisDb=2 mThresholds=[] mIsEnabled=true}, SignalThresholdInfo{mRan=6 mSignalMeasurementType=7 mHysteresisMs=3000 mHysteresisDb=2 mThresholds=[] mIsEnabled=false}, SignalThresholdInfo{mRan=6 mSignalMeasurementType=8 mHysteresisMs=3000 mHysteresisDb=2 mThresholds=[] mIsEnabled=false}]
08-09 17:06:24.081 D/RILJ ( 2286): [0026]> SET_SIGNAL_STRENGTH_REPORTING_CRITERIA [PHONE0]
08-09 17:06:24.082 D/RILJ ( 2286): [0025]< SET_SIGNAL_STRENGTH_REPORTING_CRITERIA error 1 [PHONE0]
08-09 17:06:24.082 D/RilRequest( 2286): [0025]< SET_SIGNAL_STRENGTH_REPORTING_CRITERIA error: com.android.internal.telephony.CommandException: RADIO_NOT_AVAILABLE ret= result=null
08-09 17:06:24.082 E/RILJ ( 2286): processResponse: Unexpected response! serial: 25 ,error: 1
08-09 17:06:24.082 E/RILJ ( 2286): processResponse: Unexpected response! serial: 25 ,error: 1
08-09 17:06:24.083 E/RILJ ( 2286): processResponse: Unexpected response! serial: 25 ,error: 1
08-09 17:06:24.083 E/RILJ ( 2286): processResponse: Unexpected response! serial: 25 ,error: 1
08-09 17:06:24.083 E/RILJ ( 2286): processResponse: Unexpected response! serial: 25 ,error: 1
08-09 17:06:24.083 E/RILJ ( 2286): processResponse: Unexpected response! serial: 25 ,error: 1
08-09 17:06:24.083 E/RILJ ( 2286): processResponse: Unexpected response! serial: 25 ,error: 1
08-09 17:06:24.083 D/SSCtr ( 2286): setSignalStrengthReportingCriteria consolidatedSignalThresholdInfos=[SignalThresholdInfo{mRan=1 mSignalMeasurementType=1 mHysteresisMs=3000 mHysteresisDb=2 mThresholds=[] mIsEnabled=true}, SignalThresholdInfo{mRan=2 mSignalMeasurementType=2 mHysteresisMs=3000 mHysteresisDb=2 mThresholds=[] mIsEnabled=true}, SignalThresholdInfo{mRan=3 mSignalMeasurementType=3 mHysteresisMs=3000 mHysteresisDb=2 mThresholds=[] mIsEnabled=true}, SignalThresholdInfo{mRan=4 mSignalMeasurementType=1 mHysteresisMs=3000 mHysteresisDb=2 mThresholds=[] mIsEnabled=true}, SignalThresholdInfo{mRan=3 mSignalMeasurementType=4 mHysteresisMs=3000 mHysteresisDb=2 mThresholds=[] mIsEnabled=false}, SignalThresholdInfo{mRan=3 mSignalMeasurementType=5 mHysteresisMs=3000 mHysteresisDb=2 mThresholds=[] mIsEnabled=true}, SignalThresholdInfo{mRan=6 mSignalMeasurementType=6 mHysteresisMs=3000 mHysteresisDb=2 mThresholds=[] mIsEnabled=true}, SignalThresholdInfo{mRan=6 mSignalMeasurementType=7 mHysteresisMs=3000 mHysteresisDb=2 mThresholds=[] mIsEnabled=false}, SignalThresholdInfo{mRan=6 mSignalMeasurementType=8 mHysteresisMs=3000 mHysteresisDb=2 mThresholds=[] mIsEnabled=false}]
08-09 17:06:24.083 E/RILJ ( 2286): processResponse: Unexpected response! serial: 25 ,error: 1
08-09 17:06:24.084 D/RILJ ( 2286): [0026]< SET_SIGNAL_STRENGTH_REPORTING_CRITERIA error 1 [PHONE0]
08-09 17:06:24.084 D/RilRequest( 2286): [0026]< SET_SIGNAL_STRENGTH_REPORTING_CRITERIA error: com.android.internal.telephony.CommandException: RADIO_NOT_AVAILABLE ret= result=null
08-09 17:06:24.084 D/SST ( 2286): [0] EVENT_ICC_CHANGED: SIM absent
08-09 17:06:24.084 D/SST ( 2286): [0] cancelAllNotifications: mPrevSubId=-1
08-09 17:06:24.084 E/RILJ ( 2286): processResponse: Unexpected response! serial: 26 ,error: 1
08-09 17:06:24.084 E/RILJ ( 2286): processResponse: Unexpected response! serial: 26 ,error: 1
08-09 17:06:24.085 E/RILJ ( 2286): processResponse: Unexpected response! serial: 26 ,error: 1
08-09 17:06:24.085 E/RILJ ( 2286): processResponse: Unexpected response! serial: 26 ,error: 1
08-09 17:06:24.085 E/RILJ ( 2286): processResponse: Unexpected response! serial: 26 ,error: 1
08-09 17:06:24.086 E/RILD ( 1413): ProcessSingleIpcMessageReceived() - There is no IpcHistoryRecord
08-09 17:06:24.086 E/RILJ ( 2286): processResponse: Unexpected response! serial: 26 ,error: 1
08-09 17:06:24.086 E/RILJ ( 2286): processResponse: Unexpected response! serial: 26 ,error: 1
08-09 17:06:24.087 E/RILJ ( 2286): processResponse: Unexpected response! serial: 26 ,error: 1
08-09 17:06:24.087 D/RILJ ( 2286): [0019]< BASEBAND_VERSION A736BXXU3CWB7 [PHONE0]
08-09 17:06:24.090 D/RILJ ( 2286): [0022]< GET_UICC_APPLICATIONS_ENABLEMENT true [PHONE0]
08-09 17:06:24.090 D/SEM_RILJ( 2286): [0024]< OEM_HOOK_RAW [B@57f388c [PHONE0]
08-09 17:06:24.090 D/SST ( 2286): [0] getCarrierNameDisplayBitmask - SHOW_PLMN (No ServiceProviderName)
08-09 17:06:24.096 D/RILJ ( 2286): [0020]< DEVICE_IDENTITY {[****], 01, 80FDB24A, 35295355368354} [PHONE0]
08-09 17:06:24.096 I/power_partial_wake_state( 1319): [CHG,35,*telephony-radio*:com.android.phone]
08-09 17:06:24.097 I/power_partial_wake_state( 1319): [REL,1,*telephony-radio*:com.android.phone]
08-09 17:06:24.103 D/SST ( 2286): [0] getStringForRejectCause - isEmergencyOnly: false, isRadioOn: false, mSS.getState: 1, RejectCode: 0, plmn: No service
08-09 17:06:24.103 D/SST ( 2286): [0] updateSpnDisplay: radio is on but out of service, set plmn='No service'
08-09 17:06:24.103 D/SST ( 2286): [0] updateSpnDisplay: rawSpn = , wfcVoiceSpnFormat = null, wfcDataSpnFormat = null
08-09 17:06:24.104 D/SST ( 2286): [0] getCarrierNameDisplayBitmask - SHOW_PLMN (No ServiceProviderName)
08-09 17:06:24.104 D/SST ( 2286): [0] updateSpnDisplay: changed sending intent, rule=2, showPlmn='true', plmn='No service', showSpn='false', spn='', dataSpn='', showEpdg='false', EONS: '', subId='-1'
08-09 17:06:24.104 D/SubscriptionManager( 2286): putPhoneIdAndSubIdExtra: no valid subs
08-09 17:06:24.105 D/TelephonyRegistry( 1319): notifySubscriptionInfoChanged: first invocation mRecords.size=65
08-09 17:06:24.110 W/TelephonyRegistry( 1319): Pid 1319 has exceeded half the number of permissible registered listeners. Now at 31
08-09 17:06:24.111 W/TelephonyRegistry( 1319): Pid 1319 has exceeded half the number of permissible registered listeners. Now at 32
08-09 17:06:24.111 I/power_partial_wake_state( 1319): [REL,1234,RILJ_ACK_WL:com.android.phone]
08-09 17:06:24.112 I/power_partial_wake_state( 1319): [REL,1209,RILJ_ACK_WL:com.android.phone]
08-09 17:06:24.115 D/NetworkService( 2286): network service created
08-09 17:06:24.120 D/SST ( 2286): [0] setPowerStateToDesired: mDeviceShuttingDown=false, mDesiredPowerState=true, getRadioState=0, mRadioDisabledByCarrier=false, IMS reg state=false, phoneId=0, airplaneMode=false, pending radio off=false
08-09 17:06:24.124 I/power_partial_wake_state( 1319): [CHG,2,*telephony-radio*:com.android.phone]
08-09 17:06:24.125 I/RILJ ( 2286): !@Boot_SVC : setRadioPower on
08-09 17:06:24.125 D/RILJ ( 2286): [0027]> RADIO_POWER on = true forEmergencyCall= false preferredForEmergencyCall=false [PHONE0][GCCT0]
08-09 17:06:24.125 D/rild ( 1413): setRadioPower: serial 27 on 1
08-09 17:06:24.139 D/RILJ ( 2286): [0027]< RADIO_POWER [PHONE0]
08-09 17:06:24.139 I/power_partial_wake_state( 1319): [CHG,14,*telephony-radio*:com.android.phone]
08-09 17:06:24.140 D/RILC ( 1413): radioStateChangedInd: radioState 10
08-09 17:06:24.141 I/power_partial_wake_state( 1319): [REL,2,*telephony-radio*:com.android.phone]
08-09 17:06:24.143 D/RILJ ( 2286): Unsol response received; Sending ack to ril.cpp [PHONE0]
08-09 17:06:24.143 D/RILJ ( 2286): [UNSL]< UNSOL_RESPONSE_RADIO_STATE_CHANGED radioStateChanged: 1 [PHONE0]
08-09 17:06:24.145 D/SEM_RILJ( 2286): [0023]< GET_VENDOR_CONFIGURATION [{ mConfigurationName = FW_READY, mConfigurationValue = 0}, { mConfigurationName = EGPRS_SUPPORT, mConfigurationValue = 0}, { mConfigurationName = SUPPORTED_RAT, mConfigurationValue = 105}, { mConfigurationName = IS_CTC, mConfigurationValue = 0}, { mConfigurationName = VOLTE_911_CALL, mConfigurationValue = 0}, { mConfigurationName = CA_ENABLED, mConfigurationValue = 0}, { mConfigurationName = LTE_CS_CAPA, mConfigurationValue = 0}, { mConfigurationName = MSIM_SUBMODE, mConfigurationValue = 0}, { mConfigurationName = SUPPORTED_NRCA, mConfigurationValue = 1}, { mConfigurationName = SUPPORT_LTE_CAPA_OPTION_C, mConfigurationValue = 0}] [PHONE0]
08-09 17:06:24.145 I/power_partial_wake_state( 1319): [CHG,75,*telephony-sem-radio*:com.android.phone]
08-09 17:06:24.146 I/power_partial_wake_state( 1319): [REL,0,*telephony-sem-radio*:com.android.phone]
08-09 17:06:24.177 D/ImsManagerIM [0]( 2286): ImsService not up yet - timeout waiting for connection.
08-09 17:06:24.178 D/SST ( 2286): [0] pollState: modemTriggered=true, radioState=1
08-09 17:06:24.178 D/SST ( 2286): NITZ: 23/08/09,11:36:19+22,00,17552, ageMs=0 start=21301 delay=3749
08-09 17:06:24.179 I/power_partial_wake_state( 1319): [REL,0,NitzSignalInputFilterPredicateFactory:com.android.phone]
08-09 17:06:24.180 D/NitzStateMachineImpl( 2286): runDetection: reason=handleNitzReceived(NitzSignal{mReceiptElapsedMillis=PT17.552S, mNitzData=NitzData{mOriginalString=23/08/09,11:36:19+22,00, mZoneOffset=19800000, mDstOffset=0, mCurrentTimeMillis=1691580979000, mEmulatorHostTimeZone=null}, mAgeMillis=0}), countryIsoCode=null, nitzSignal=NitzSignal{mReceiptElapsedMillis=PT17.552S, mNitzData=NitzData{mOriginalString=23/08/09,11:36:19+22,00, mZoneOffset=19800000, mDstOffset=0, mCurrentTimeMillis=1691580979000, mEmulatorHostTimeZone=null}, mAgeMillis=0}
08-09 17:06:24.180 D/NitzStateMachineImpl( 2286): doTimeZoneDetection: countryIsoCode=null, nitzSignal=NitzSignal{mReceiptElapsedMillis=PT17.552S, mNitzData=NitzData{mOriginalString=23/08/09,11:36:19+22,00, mZoneOffset=19800000, mDstOffset=0, mCurrentTimeMillis=1691580979000, mEmulatorHostTimeZone=null}, mAgeMillis=0}, suggestion=TelephonyTimeZoneSuggestion{mSlotIndex=0, mZoneId='null', mMatchType=0, mQuality=0, mDebugInfo=[getTimeZoneSuggestion: nitzSignal=NitzSignal{mReceiptElapsedMillis=PT17.552S, mNitzData=NitzData{mOriginalString=23/08/09,11:36:19+22,00, mZoneOffset=19800000, mDstOffset=0, mCurrentTimeMillis=1691580979000, mEmulatorHostTimeZone=null}, mAgeMillis=0}, countryIsoCode=null, Detection reason=handleNitzReceived(NitzSignal{mReceiptElapsedMillis=PT17.552S, mNitzData=NitzData{mOriginalString=23/08/09,11:36:19+22,00, mZoneOffset=19800000, mDstOffset=0, mCurrentTimeMillis=1691580979000, mEmulatorHostTimeZone=null}, mAgeMillis=0})]}, reason=handleNitzReceived(NitzSignal{mReceiptElapsedMillis=PT17.552S, mNitzData=NitzData{mOriginalString=23/08/09,11:36:19+22,00, mZoneOffset=19800000, mDstOffset=0, mCurrentTimeMillis=1691580979000, mEmulatorHostTimeZone=null}, mAgeMillis=0})
08-09 17:06:24.183 I/power_partial_wake_state( 1319): [REL,1,time_detector:android]
08-09 17:06:24.183 I/power_partial_wake_state( 1319): [REL,0,NitzSignalInputFilterPredicateFactory:com.android.phone]
08-09 17:06:24.183 D/SemNitzStateMachineImpl( 2286): [0] checkDetectedTimezone - timezond id: null, quality: 0
08-09 17:06:24.183 D/SemCallTrackerHelper( 2286): setTimezoneId: null
08-09 17:06:24.183 D/SemCallTrackerHelper( 2286): setLastNitzSignal: NitzSignal{mReceiptElapsedMillis=PT17.552S, mNitzData=NitzData{mOriginalString=23/08/09,11:36:19+22,00, mZoneOffset=19800000, mDstOffset=0, mCurrentTimeMillis=1691580979000, mEmulatorHostTimeZone=null}, mAgeMillis=0}
08-09 17:06:24.184 D/SST ( 2286): NITZ: end=21307 dur=6
08-09 17:06:24.185 D/SST-SEM ( 2286): [0] EVENT_PHONE_TYPE_SWITCHED
08-09 17:06:24.185 D/SST ( 2286): [0] setPowerStateToDesired: mDeviceShuttingDown=false, mDesiredPowerState=true, getRadioState=1, mRadioDisabledByCarrier=false, IMS reg state=false, phoneId=0, airplaneMode=false, pending radio off=false
08-09 17:06:24.235 D/ImsManagerIM [0]( 2286): ImsService not up yet - timeout waiting for connection.
08-09 17:06:24.235 D/SST ( 2286): [0] pollState: modemTriggered=true, radioState=1
08-09 17:06:24.235 D/SSCtr ( 2286): [0] onSignalStrengthResult() Exception from RIL : com.android.internal.telephony.CommandException: RADIO_NOT_AVAILABLE
08-09 17:06:24.236 D/Phone ( 2286): [0] SubId-1,get allowed network types user: value = GPRS|EDGE|UMTS|HSDPA|HSUPA|HSPA|LTE|HSPA+|GSM|LTE_CA|NR
08-09 17:06:24.236 D/PhoneFactory( 2286): calculatePreferredNetworkType: phoneId = 0 networkType = 840583
08-09 17:06:24.238 D/Phone ( 2286): [0] SubId-1,get allowed network types carrier: value = GPRS|EDGE|UMTS|HSDPA|HSUPA|HSPA|LTE|HSPA+|GSM|LTE_CA|NR
08-09 17:06:24.238 I/CSST ( 2286): isNrSupported: carrierConfigEnabled: true, AccessFamilySupported: false, isNrNetworkTypeAllowed: true
08-09 17:06:24.238 I/CSST ( 2286): PrefNetworkNotification: sendMessage() w/values: ,false,-1,false,true
08-09 17:06:24.238 I/CSST ( 2286): canceling notifications: 1000
08-09 17:06:24.238 D/CSST ( 2286): isPhoneRegisteredForWifiCalling: false
08-09 17:06:24.238 I/CSST ( 2286): EmergencyNetworkNotification: sendMessage() w/values: ,-1,false,true
08-09 17:06:24.239 I/CSST ( 2286): canceling notifications: 1001
08-09 17:06:24.239 D/Phone ( 2286): [0] SubId-1,get allowed network types user: value = GPRS|EDGE|UMTS|HSDPA|HSUPA|HSPA|LTE|HSPA+|GSM|LTE_CA|NR
08-09 17:06:24.239 D/PhoneFactory( 2286): calculatePreferredNetworkType: phoneId = 0 networkType = 840583
08-09 17:06:24.240 D/Phone ( 2286): [0] SubId-1,get allowed network types carrier: value = GPRS|EDGE|UMTS|HSDPA|HSUPA|HSPA|LTE|HSPA+|GSM|LTE_CA|NR
08-09 17:06:24.240 I/CSST ( 2286): isNrSupported: carrierConfigEnabled: true, AccessFamilySupported: false, isNrNetworkTypeAllowed: true
08-09 17:06:24.240 I/CSST ( 2286): PrefNetworkNotification: sendMessage() w/values: ,false,-1,false,true
08-09 17:06:24.240 I/CSST ( 2286): canceling notifications: 1000
08-09 17:06:24.240 D/CSST ( 2286): isPhoneRegisteredForWifiCalling: false
08-09 17:06:24.240 I/CSST ( 2286): EmergencyNetworkNotification: sendMessage() w/values: ,-1,false,true
08-09 17:06:24.241 I/CSST ( 2286): canceling notifications: 1001
08-09 17:06:24.241 I/power_partial_wake_state( 1319): [CHG,1,*telephony-sem-radio*:com.android.phone]
08-09 17:06:24.242 D/SEM_RILJ( 2286): [0029]> OEM_HOOK_RAW[11020004] [PHONE0]
08-09 17:06:24.242 D/SemEmergencyNumberTracker( 2286): [0] EVENT_UNSOL_EMERGENCY_NUMBER_LIST: 0
08-09 17:06:24.242 D/SemEmergencyNumberTracker( 2286): [0] getMergedEmergencyNumberListFromRadio - RADIO: 0, (SIM: 0, RIL: 0)
08-09 17:06:24.242 D/EmergencyNumberTracker( 2286): updateRadioEmergencyNumberListAndNotify(): receiving []
08-09 17:06:24.242 D/SemDeviceStateMonitor( 2286): onReset
08-09 17:06:24.242 D/SEM_RILJ( 2286): [0029]< OEM_HOOK_RAW error 38 [PHONE0]
08-09 17:06:24.242 D/RilRequest( 2286): [0029]< OEM_HOOK_RAW error: com.android.internal.telephony.CommandException: INTERNAL_ERR ret=[B@364b0b6 result=null
08-09 17:06:24.243 D/SEM_RILJ( 2286): [0030]> OEM_HOOK_RAW[1182000D010000000010000000] [PHONE0]
08-09 17:06:24.244 I/power_partial_wake_state( 1319): [CHG,0,*telephony-radio*:com.android.phone]
08-09 17:06:24.245 D/RILJ ( 2286): [0031]> SEND_DEVICE_STATE 1:true [PHONE0]
08-09 17:06:24.245 D/SEM_RILJ( 2286): [0030]< OEM_HOOK_RAW [B@9a20d24 [PHONE0]
08-09 17:06:24.245 E/RILD ( 1413): UpdateVoiceRte: [CS] 1x reg [0], gsm reg [2], wcdma reg [2], lte reg [1], hdr reg [0], Td reg [0], 5G reg [2]
08-09 17:06:24.245 E/RILD ( 1413): UpdateVoiceRte: mVoiceRte(5), Confidence(1), mReportedLteSmsStatus(4)
08-09 17:06:24.245 E/RILD ( 1413): SetDataRteRegStatus: [PS] 1x reg [0], gsm reg [2], wcdma reg [2], lte reg [1], hdr reg [0], Td reg [0], nr5g reg [2] pref_data_tech(6), radio_tech_flag(1)
08-09 17:06:24.245 E/RILD ( 1413): UpdateDataRte: mDataRte(5), Confidence(1)
08-09 17:06:24.245 E/RILD ( 1413): UpdateImsRte: mImsRte(0), Confidence(4)
08-09 17:06:24.245 I/power_partial_wake_state( 1319): [CHG,3,*telephony-sem-radio*:com.android.phone]
08-09 17:06:24.246 I/power_partial_wake_state( 1319): [REL,1,*telephony-sem-radio*:com.android.phone]
08-09 17:06:24.248 D/RILJ ( 2286): [0032]> SEND_DEVICE_STATE 2:false [PHONE0]
08-09 17:06:24.248 D/RILJ ( 2286): Unsol response received; Sending ack to ril.cpp [PHONE0]
08-09 17:06:24.249 D/RILJ ( 2286): [UNSL]< UNSOL_RESPONSE_NETWORK_STATE_CHANGED [PHONE0]
08-09 17:06:24.249 D/RILJ ( 2286): [0034]> SEND_DEVICE_STATE 0:false [PHONE0]
08-09 17:06:24.249 D/RILJ ( 2286): [0031]< SEND_DEVICE_STATE [PHONE0]
08-09 17:06:24.249 D/RILJ ( 2286): [0032]< SEND_DEVICE_STATE [PHONE0]
08-09 17:06:24.249 D/RILJ ( 2286): [0035]> SET_UNSOLICITED_RESPONSE_FILTER -1 [PHONE0]
08-09 17:06:24.250 D/RILJ ( 2286): [0034]< SEND_DEVICE_STATE [PHONE0]
08-09 17:06:24.250 D/RILJ ( 2286): [0036]> SET_LINK_CAPACITY_REPORTING_CRITERIA [PHONE0]
08-09 17:06:24.250 D/RILJ ( 2286): [0035]< SET_UNSOLICITED_RESPONSE_FILTER [PHONE0]
08-09 17:06:24.251 D/RILJ ( 2286): [0037]> SET_LINK_CAPACITY_REPORTING_CRITERIA [PHONE0]
08-09 17:06:24.253 D/RILJ ( 2286): [0038]> SET_LINK_CAPACITY_REPORTING_CRITERIA [PHONE0]
08-09 17:06:24.255 D/RILJ ( 2286): [0036]< SET_LINK_CAPACITY_REPORTING_CRITERIA [PHONE0]
08-09 17:06:24.255 D/RILJ ( 2286): [0039]> SET_LINK_CAPACITY_REPORTING_CRITERIA [PHONE0]
08-09 17:06:24.255 D/RILJ ( 2286): [0037]< SET_LINK_CAPACITY_REPORTING_CRITERIA [PHONE0]
08-09 17:06:24.256 D/RILJ ( 2286): [0040]> SET_LINK_CAPACITY_REPORTING_CRITERIA [PHONE0]
08-09 17:06:24.256 D/SemDeviceStateMonitor( 2286): onReset
08-09 17:06:24.257 I/power_partial_wake_state( 1319): [CHG,0,*telephony-sem-radio*:com.android.phone]
08-09 17:06:24.257 D/SEM_RILJ( 2286): [0041]> OEM_HOOK_RAW[1182000D010000000010000000] [PHONE0]
08-09 17:06:24.257 D/RILJ ( 2286): [0038]< SET_LINK_CAPACITY_REPORTING_CRITERIA [PHONE0]
08-09 17:06:24.258 D/RILJ ( 2286): [0039]< SET_LINK_CAPACITY_REPORTING_CRITERIA [PHONE0]
08-09 17:06:24.258 D/RILJ ( 2286): [0042]> SEND_DEVICE_STATE 1:true [PHONE0]
08-09 17:06:24.259 D/RILJ ( 2286): [0043]> SEND_DEVICE_STATE 2:false [PHONE0]
08-09 17:06:24.259 D/RILJ ( 2286): [0044]> SEND_DEVICE_STATE 0:false [PHONE0]
08-09 17:06:24.259 D/RILJ ( 2286): [0045]> SET_UNSOLICITED_RESPONSE_FILTER -1 [PHONE0]
08-09 17:06:24.260 D/RILJ ( 2286): [0040]< SET_LINK_CAPACITY_REPORTING_CRITERIA [PHONE0]
08-09 17:06:24.260 D/RILJ ( 2286): [0046]> SET_LINK_CAPACITY_REPORTING_CRITERIA [PHONE0]
08-09 17:06:24.260 I/commit_sys_config_file( 1319): [notification-policy,3030]
08-09 17:06:24.261 D/RILJ ( 2286): [0047]> SET_LINK_CAPACITY_REPORTING_CRITERIA [PHONE0]
08-09 17:06:24.261 D/SEM_RILJ( 2286): [0041]< OEM_HOOK_RAW [B@c032242 [PHONE0]
08-09 17:06:24.261 I/power_partial_wake_state( 1319): [CHG,5,*telephony-sem-radio*:com.android.phone]
08-09 17:06:24.262 I/power_partial_wake_state( 1319): [REL,0,*telephony-sem-radio*:com.android.phone]
08-09 17:06:24.262 D/RILJ ( 2286): [0048]> SET_LINK_CAPACITY_REPORTING_CRITERIA [PHONE0]
08-09 17:06:24.263 D/RILJ ( 2286): [0042]< SEND_DEVICE_STATE [PHONE0]
08-09 17:06:24.264 D/RILJ ( 2286): [0049]> SET_LINK_CAPACITY_REPORTING_CRITERIA [PHONE0]
08-09 17:06:24.265 D/RILJ ( 2286): [0043]< SEND_DEVICE_STATE [PHONE0]
08-09 17:06:24.265 D/RILJ ( 2286): [0050]> SET_LINK_CAPACITY_REPORTING_CRITERIA [PHONE0]
08-09 17:06:24.265 D/RILJ ( 2286): [0044]< SEND_DEVICE_STATE [PHONE0]
08-09 17:06:24.265 D/NetworkTypeController( 2286): [0] DefaultState: process EVENT_INITIALIZE
08-09 17:06:24.265 D/RILJ ( 2286): [0045]< SET_UNSOLICITED_RESPONSE_FILTER [PHONE0]
08-09 17:06:24.266 D/RILJ ( 2286): [0046]< SET_LINK_CAPACITY_REPORTING_CRITERIA [PHONE0]
08-09 17:06:24.267 E/RILD ( 1413): UpdateVoiceRte: [CS] 1x reg [0], gsm reg [2], wcdma reg [2], lte reg [1], hdr reg [0], Td reg [0], 5G reg [2]
08-09 17:06:24.267 E/RILD ( 1413): UpdateVoiceRte: mVoiceRte(5), Confidence(1), mReportedLteSmsStatus(4)
08-09 17:06:24.267 E/RILD ( 1413): SetDataRteRegStatus: [PS] 1x reg [0], gsm reg [2], wcdma reg [2], lte reg [1], hdr reg [0], Td reg [0], nr5g reg [2] pref_data_tech(6), radio_tech_flag(1)
08-09 17:06:24.267 E/RILD ( 1413): UpdateDataRte: mDataRte(5), Confidence(1)
08-09 17:06:24.267 E/RILD ( 1413): UpdateImsRte: mImsRte(0), Confidence(4)
08-09 17:06:24.267 D/NetworkTypeController( 2286): [0] EUR: isLatinSubOperator: false
08-09 17:06:24.267 D/NetworkTypeController( 2286): [0] Use Feature, mCfgNrIconConfiguration: connected_mmwave:5G,connected:5G,not_restricted_rrc_idle:5G,not_restricted_rrc_con:5G
08-09 17:06:24.267 D/NetworkTypeController( 2286): [0] getServerConfigValues: [30, 30, 0]
08-09 17:06:24.267 D/NetworkTypeController( 2286): [0] mOverrideTimerRules: {connected={mState=connected, mOverrideType=NR_NSA, mPrimaryTimers={}, mSecondaryTimers={}}, not_restricted_rrc_con={mState=not_restricted_rrc_con, mOverrideType=NR_NSA, mPrimaryTimers={}, mSecondaryTimers={}}, legacy={mState=legacy, mOverrideType=NONE, mPrimaryTimers={}, mSecondaryTimers={}}, not_restricted_rrc_idle={mState=not_restricted_rrc_idle, mOverrideType=NR_NSA, mPrimaryTimers={}, mSecondaryTimers={}}, restricted={mState=restricted, mOverrideType=NONE, mPrimaryTimers={}, mSecondaryTimers={}}, connected_mmwave={mState=connected_mmwave, mOverrideType=NR_NSA, mPrimaryTimers={}, mSecondaryTimers={}}}
08-09 17:06:24.267 D/NetworkTypeController( 2286): [0] 5G UC: getCidFromCellIdentity cid:-1
08-09 17:06:24.267 D/NetworkTypeController( 2286): [0] DefaultState: process EVENT_UPDATE
08-09 17:06:24.267 D/NetworkTypeController( 2286): [0] Reset timers since preferred network mode changed.
08-09 17:06:24.267 D/NetworkTypeController( 2286): [0] Entering LegacyState
08-09 17:06:24.267 D/NetworkTypeController( 2286): [0] Remove primary timer! rat: 0, currentState: legacy
08-09 17:06:24.267 D/NetworkTypeController( 2286): [0] is5gAvailable: false, 0, 0
08-09 17:06:24.268 D/DIC-0 ( 2286): TelephonyDisplayInfo changed from null to TelephonyDisplayInfo {network=UNKNOWN, override=NONE}, is5gAvailable=false, NetworkTypeController.ovrrNtwkType=0, NrState=0
08-09 17:06:24.268 D/RILJ ( 2286): Unsol response received; Sending ack to ril.cpp [PHONE0]
08-09 17:06:24.269 D/RILJ ( 2286): [UNSL]< UNSOL_RESPONSE_NETWORK_STATE_CHANGED [PHONE0]
08-09 17:06:24.270 D/RILJ ( 2286): [0047]< SET_LINK_CAPACITY_REPORTING_CRITERIA [PHONE0]
08-09 17:06:24.271 D/RILJ ( 2286): [0048]< SET_LINK_CAPACITY_REPORTING_CRITERIA [PHONE0]
08-09 17:06:24.272 D/RILJ ( 2286): [0049]< SET_LINK_CAPACITY_REPORTING_CRITERIA [PHONE0]
08-09 17:06:24.274 D/RILJ ( 2286): [0050]< SET_LINK_CAPACITY_REPORTING_CRITERIA [PHONE0]
08-09 17:06:24.274 I/power_partial_wake_state( 1319): [CHG,30,*telephony-radio*:com.android.phone]
08-09 17:06:24.275 I/power_partial_wake_state( 1319): [REL,1,*telephony-radio*:com.android.phone]
08-09 17:06:24.278 D/DCT-C-0 ( 2286): onDataEnabledChanged: enable=true, enabledChangedReason=0
08-09 17:06:24.278 D/DCT-C-0 ( 2286): setupDataOnAllConnectableApns: dataEnabled mcx:[state=IDLE,enabled=false] xcap:[state=IDLE,enabled=false] hipri:[state=IDLE,enabled=false] ims:[state=IDLE,enabled=false] cbs:[state=IDLE,enabled=false] ia:[state=IDLE,enabled=false] emergency:[state=IDLE,enabled=false] bip:[state=IDLE,enabled=false] mms:[state=IDLE,enabled=false] rcs:[state=IDLE,enabled=false] supl:[state=IDLE,enabled=false] dun:[state=IDLE,enabled=false] fota:[state=IDLE,enabled=false] default:[state=IDLE,enabled=false] enterprise:[state=IDLE,enabled=false]
08-09 17:06:24.279 D/DCT-C-0 ( 2286): onDataEnabledOverrideRulesChanged
08-09 17:06:24.280 D/DCT-C-0 ( 2286): isValidForEpdg: retValue=false
08-09 17:06:24.281 D/DCT-C-0 ( 2286): shouldRestrictDataForEcbm: isInEcm=false isInImsEcm=false
08-09 17:06:24.284 D/DCT-C-0 ( 2286): isSprSim: failed to get SIM operator
08-09 17:06:24.284 D/DCT-C-0 ( 2286): isValidForEpdg: retValue=false
08-09 17:06:24.284 D/DCT-C-0 ( 2286): shouldRestrictDataForEcbm: isInEcm=false isInImsEcm=false
08-09 17:06:24.287 D/DCT-C-0 ( 2286): isSprSim: failed to get SIM operator
08-09 17:06:24.287 D/DCT-C-0 ( 2286): isValidForEpdg: retValue=false
08-09 17:06:24.287 D/DCT-C-0 ( 2286): shouldRestrictDataForEcbm: isInEcm=false isInImsEcm=false
08-09 17:06:24.289 D/DCT-C-0 ( 2286): isSprSim: failed to get SIM operator
08-09 17:06:24.290 I/service_manager_stats( 2286): [100,53,21413]
08-09 17:06:24.290 D/DCT-C-0 ( 2286): isValidForEpdg: retValue=false
08-09 17:06:24.290 D/DCT-C-0 ( 2286): shouldRestrictDataForEcbm: isInEcm=false isInImsEcm=false
08-09 17:06:24.292 D/DCT-C-0 ( 2286): isSprSim: failed to get SIM operator
08-09 17:06:24.293 D/DCT-C-0 ( 2286): isValidForEpdg: retValue=false
08-09 17:06:24.293 D/DCT-C-0 ( 2286): shouldRestrictDataForEcbm: isInEcm=false isInImsEcm=false
08-09 17:06:24.295 D/DCT-C-0 ( 2286): isSprSim: failed to get SIM operator
08-09 17:06:24.295 D/DCT-C-0 ( 2286): isValidForEpdg: retValue=false
08-09 17:06:24.295 D/DCT-C-0 ( 2286): shouldRestrictDataForEcbm: isInEcm=false isInImsEcm=false
08-09 17:06:24.298 D/DCT-C-0 ( 2286): isSprSim: failed to get SIM operator
08-09 17:06:24.303 D/DCT-C-0 ( 2286): isValidForEpdg: retValue=false
08-09 17:06:24.303 D/DCT-C-0 ( 2286): shouldRestrictDataForEcbm: isInEcm=false isInImsEcm=false
08-09 17:06:24.305 D/DCT-C-0 ( 2286): isSprSim: failed to get SIM operator
08-09 17:06:24.307 D/DCT-C-0 ( 2286): isValidForEpdg: retValue=false
08-09 17:06:24.307 D/DCT-C-0 ( 2286): shouldRestrictDataForEcbm: isInEcm=false isInImsEcm=false
08-09 17:06:24.313 D/DCT-C-0 ( 2286): isSprSim: failed to get SIM operator
08-09 17:06:24.314 D/DCT-C-0 ( 2286): isValidForEpdg: retValue=false
08-09 17:06:24.314 D/DCT-C-0 ( 2286): shouldRestrictDataForEcbm: isInEcm=false isInImsEcm=false
08-09 17:06:24.323 D/DCT-C-0 ( 2286): isSprSim: failed to get SIM operator
08-09 17:06:24.324 D/DCT-C-0 ( 2286): isValidForEpdg: retValue=false
08-09 17:06:24.324 D/DCT-C-0 ( 2286): shouldRestrictDataForEcbm: isInEcm=false isInImsEcm=false
08-09 17:06:24.330 D/DCT-C-0 ( 2286): isSprSim: failed to get SIM operator
08-09 17:06:24.331 D/DCT-C-0 ( 2286): isValidForEpdg: retValue=false
08-09 17:06:24.331 D/DCT-C-0 ( 2286): shouldRestrictDataForEcbm: isInEcm=false isInImsEcm=false
08-09 17:06:24.334 I/am_uid_running( 1319): 1002
08-09 17:06:24.345 D/DCT-C-0 ( 2286): isSprSim: failed to get SIM operator
08-09 17:06:24.348 I/am_proc_start( 1319): [0,2609,1002,com.android.bluetooth,service,{com.android.bluetooth/com.android.bluetooth.btservice.AdapterService}]
08-09 17:06:24.348 D/DCT-C-0 ( 2286): isValidForEpdg: retValue=false
08-09 17:06:24.348 D/DCT-C-0 ( 2286): shouldRestrictDataForEcbm: isInEcm=false isInImsEcm=false
08-09 17:06:24.351 D/DCT-C-0 ( 2286): isSprSim: failed to get SIM operator
08-09 17:06:24.352 D/DCT-C-0 ( 2286): isValidForEpdg: retValue=false
