08-09 17:06:16.681 I/pm_critical_info( 1319): Package com.android.server.telecom was user id 0 but is now user SharedUserSetting{3752397 android.uid.system/1000} with id 1000; I am not changing its files so it will probably fail!
08-09 17:06:16.681 I/pm_critical_info( 1319): Package com.samsung.crane was user id 0 but is now user SharedUserSetting{fb4a708 android.uid.phone/1001} with id 1001; I am not changing its files so it will probably fail!
08-09 17:06:16.681 I/pm_critical_info( 1319): Package com.sec.imslogger was user id 0 but is now user SharedUserSetting{3752397 android.uid.system/1000} with id 1000; I am not changing its files so it will probably fail!
08-09 17:06:16.681 I/pm_critical_info( 1319): Package com.android.keychain was user id 0 but is now user SharedUserSetting{3752397 android.uid.system/1000} with id 1000; I am not changing its files so it will probably fail!
08-09 17:06:16.681 I/pm_critical_info( 1319): Package com.qti.snapdragon.qdcm_ff was user id 0 but is now user SharedUserSetting{3752397 android.uid.system/1000} with id 1000; I am not changing its files so it will probably fail!
08-09 17:06:16.681 I/pm_critical_info( 1319): Package com.samsung.android.ipsgeofence was user id 0 but is now user SharedUserSetting{6f435fb android.uid.ipsgeofence/5022} with id 5022; I am not changing its files so it will probably fail!
08-09 17:06:16.682 I/pm_critical_info( 1319): Package com.samsung.android.themecenter was user id 0 but is now user SharedUserSetting{3752397 android.uid.system/1000} with id 1000; I am not changing its files so it will probably fail!
08-09 17:06:16.682 I/pm_critical_info( 1319): Package com.google.android.gms was user id 0 but is now user SharedUserSetting{e50bc4 com.google.uid.shared/10224} with id 10224; I am not changing its files so it will probably fail!
08-09 17:06:16.682 I/pm_critical_info( 1319): Package com.google.android.gsf was user id 0 but is now user SharedUserSetting{e50bc4 com.google.uid.shared/10224} with id 10224; I am not changing its files so it will probably fail!
08-09 17:06:16.682 I/pm_critical_info( 1319): Package com.android.calllogbackup was user id 0 but is now user SharedUserSetting{1d184a9 android.uid.shared/10046} with id 10046; I am not changing its files so it will probably fail!
08-09 17:06:16.682 I/pm_critical_info( 1319): Package com.sec.android.diagmonagent was user id 0 but is now user SharedUserSetting{3752397 android.uid.system/1000} with id 1000; I am not changing its files so it will probably fail!
08-09 17:06:16.682 I/pm_critical_info( 1319): Package com.android.localtransport was user id 0 but is now user SharedUserSetting{3752397 android.uid.system/1000} with id 1000; I am not changing its files so it will probably fail!
08-09 17:06:16.682 I/pm_critical_info( 1319): Package com.samsung.android.biometrics.app.setting was user id 0 but is now user SharedUserSetting{3752397 android.uid.system/1000} with id 1000; I am not changing its files so it will probably fail!
08-09 17:06:16.683 I/pm_critical_info( 1319): Package com.samsung.android.allshare.service.fileshare was user id 0 but is now user SharedUserSetting{1ce5106 android.uid.asf_fileshare/10136} with id 10136; I am not changing its files so it will probably fail!
08-09 17:06:16.683 I/pm_critical_info( 1319): Package com.samsung.android.app.routines was user id 0 but is now user SharedUserSetting{b92ee8f android.uid.systemui/10039} with id 10039; I am not changing its files so it will probably fail!
08-09 17:06:16.683 I/pm_critical_info( 1319): Package com.sec.android.mimage.photoretouching was user id 0 but is now user SharedUserSetting{9639563 com.sec.android.mimage.uid.photoretouching/10094} with id 10094; I am not changing its files so it will probably fail!
08-09 17:06:16.683 I/pm_critical_info( 1319): Package com.sec.android.app.apex was user id 0 but is now user SharedUserSetting{3752397 android.uid.system/1000} with id 1000; I am not changing its files so it will probably fail!
08-09 17:06:16.683 I/pm_critical_info( 1319): Package com.google.android.syncadapters.calendar was user id 0 but is now user SharedUserSetting{ac078c com.google.android.calendar.uid.shared/10231} with id 10231; I am not changing its files so it will probably fail!
08-09 17:06:16.683 I/pm_critical_info( 1319): Package com.samsung.android.authfw was user id 0 but is now user SharedUserSetting{58c4ddb android.uid.spass/5278} with id 5278; I am not changing its files so it will probably fail!
08-09 17:06:16.683 I/pm_critical_info( 1319): Package com.samsung.android.dialer was user id 0 but is now user SharedUserSetting{5307b6 com.samsung.android.uid.dialer/10101} with id 10101; I am not changing its files so it will probably fail!
08-09 17:06:16.684 I/pm_critical_info( 1319): Package com.samsung.android.dqagent was user id 0 but is now user SharedUserSetting{3752397 android.uid.system/1000} with id 1000; I am not changing its files so it will probably fail!
08-09 17:06:16.684 I/pm_critical_info( 1319): Package com.samsung.android.forest was user id 0 but is now user SharedUserSetting{3752397 android.uid.system/1000} with id 1000; I am not changing its files so it will probably fail!
08-09 17:06:16.684 I/pm_critical_info( 1319): Package com.sec.android.app.vepreload was user id 0 but is now user SharedUserSetting{b502087 android.uid.ve/10141} with id 10141; I am not changing its files so it will probably fail!
08-09 17:06:16.684 I/pm_critical_info( 1319): Package com.samsung.android.hdmapp was user id 0 but is now user SharedUserSetting{3752397 android.uid.system/1000} with id 1000; I am not changing its files so it will probably fail!
08-09 17:06:16.684 I/pm_critical_info( 1319): Package com.samsung.android.beaconmanager was user id 0 but is now user SharedUserSetting{2f75745 android.uid.bcmgr/5006} with id 5006; I am not changing its files so it will probably fail!
08-09 17:06:16.684 I/pm_critical_info( 1319): Package com.sec.enterprise.mdm.services.simpin was user id 0 but is now user SharedUserSetting{3752397 android.uid.system/1000} with id 1000; I am not changing its files so it will probably fail!
08-09 17:06:16.685 I/pm_critical_info( 1319): Package com.samsung.android.stickercenter was user id 0 but is now user SharedUserSetting{3752397 android.uid.system/1000} with id 1000; I am not changing its files so it will probably fail!
08-09 17:06:16.685 I/pm_critical_info( 1319): Package com.samsung.android.providers.media was user id 0 but is now user SharedUserSetting{464c050 android.media/10054} with id 10054; I am not changing its files so it will probably fail!
08-09 17:06:16.685 I/pm_critical_info( 1319): Package com.sec.android.soagent was user id 0 but is now user SharedUserSetting{3752397 android.uid.system/1000} with id 1000; I am not changing its files so it will probably fail!
08-09 17:06:16.685 I/pm_critical_info( 1319): Package com.sec.android.CcInfo was user id 0 but is now user SharedUserSetting{3752397 android.uid.system/1000} with id 1000; I am not changing its files so it will probably fail!
08-09 17:06:16.685 I/pm_critical_info( 1319): Package com.sec.android.app.quicktool was user id 0 but is now user SharedUserSetting{3752397 android.uid.system/1000} with id 1000; I am not changing its files so it will probably fail!
08-09 17:06:16.685 I/pm_critical_info( 1319): Package com.samsung.android.fmm was user id 0 but is now user SharedUserSetting{3752397 android.uid.system/1000} with id 1000; I am not changing its files so it will probably fail!
08-09 17:06:16.686 I/pm_critical_info( 1319): Package com.samsung.android.mtp was user id 0 but is now user SharedUserSetting{464c050 android.media/10054} with id 10054; I am not changing its files so it will probably fail!
08-09 17:06:16.686 I/pm_critical_info( 1319): Package com.samsung.android.uds was user id 0 but is now user SharedUserSetting{3752397 android.uid.system/1000} with id 1000; I am not changing its files so it will probably fail!
08-09 17:06:16.686 I/pm_critical_info( 1319): Package com.sec.phone was user id 0 but is now user SharedUserSetting{fb4a708 android.uid.phone/1001} with id 1001; I am not changing its files so it will probably fail!
08-09 17:06:16.686 I/pm_critical_info( 1319): Package com.samsung.android.audiomirroring was user id 0 but is now user SharedUserSetting{3752397 android.uid.system/1000} with id 1000; I am not changing its files so it will probably fail!
08-09 17:06:16.686 I/pm_critical_info( 1319): Package com.samsung.android.bixby.wakeup was user id 0 but is now user SharedUserSetting{3752397 android.uid.system/1000} with id 1000; I am not changing its files so it will probably fail!
08-09 17:06:16.686 I/pm_critical_info( 1319): Package com.samsung.android.honeyboard was user id 0 but is now user SharedUserSetting{c727cf0 android.uid.honeyboard/10173} with id 10173; I am not changing its files so it will probably fail!
08-09 17:06:16.686 I/pm_critical_info( 1319): Package com.samsung.android.scloud was user id 0 but is now user SharedUserSetting{8e6bd8f android.uid.samsungcloud/5009} with id 5009; I am not changing its files so it will probably fail!
08-09 17:06:16.687 I/pm_critical_info( 1319): Package com.samsung.android.app.sharelive was user id 0 but is now user SharedUserSetting{43031fa android.uid.sharelive/5026} with id 5026; I am not changing its files so it will probably fail!
08-09 17:06:16.687 I/pm_critical_info( 1319): Package com.sec.app.RilErrorNotifier was user id 0 but is now user SharedUserSetting{3752397 android.uid.system/1000} with id 1000; I am not changing its files so it will probably fail!
08-09 17:06:16.687 I/pm_critical_info( 1319): Package com.samsung.android.spayfw was user id 0 but is now user SharedUserSetting{76ecf87 android.uid.spay/5279} with id 5279; I am not changing its files so it will probably fail!
08-09 17:06:16.687 I/pm_critical_info( 1319): Package com.android.settings was user id 0 but is now user SharedUserSetting{3752397 android.uid.system/1000} with id 1000; I am not changing its files so it will probably fail!
08-09 17:06:16.687 I/pm_critical_info( 1319): Package com.samsung.android.lool was user id 0 but is now user SharedUserSetting{3752397 android.uid.system/1000} with id 1000; I am not changing its files so it will probably fail!
08-09 17:06:16.687 I/pm_critical_info( 1319): Package com.samsung.android.scpm was user id 0 but is now user SharedUserSetting{8e6bd8f android.uid.samsungcloud/5009} with id 5009; I am not changing its files so it will probably fail!
08-09 17:06:16.687 I/pm_critical_info( 1319): Package com.sec.android.sdhms was user id 0 but is now user SharedUserSetting{3752397 android.uid.system/1000} with id 1000; I am not changing its files so it will probably fail!
08-09 17:06:16.688 I/pm_critical_info( 1319): Package com.sec.android.mimage.avatarstickers was user id 0 but is now user SharedUserSetting{9f90daa com.sec.android.mimage.avatarstickers/10052} with id 10052; I am not changing its files so it will probably fail!
08-09 17:06:16.688 I/pm_critical_info( 1319): Package com.sec.android.emergencylauncher was user id 0 but is now user SharedUserSetting{3752397 android.uid.system/1000} with id 1000; I am not changing its files so it will probably fail!
08-09 17:06:16.688 I/pm_critical_info( 1319): Package com.samsung.android.localeoverlaymanager was user id 0 but is now user SharedUserSetting{3752397 android.uid.system/1000} with id 1000; I am not changing its files so it will probably fail!
08-09 17:06:16.688 I/pm_critical_info( 1319): Package com.google.android.projection.gearhead was user id 0 but is now user SharedUserSetting{22ac54d com.google.android.projection.gearhead/10214} with id 10214; I am not changing its files so it will probably fail!
08-09 17:06:16.688 I/pm_critical_info( 1319): Package com.samsung.android.bbc.bbcagent was user id 0 but is now user SharedUserSetting{3752397 android.uid.system/1000} with id 1000; I am not changing its files so it will probably fail!
08-09 17:06:16.688 I/pm_critical_info( 1319): Package com.samsung.android.callbgprovider was user id 0 but is now user SharedUserSetting{fb4a708 android.uid.phone/1001} with id 1001; I am not changing its files so it will probably fail!
08-09 17:06:16.688 I/pm_critical_info( 1319): Package com.knox.vpn.proxyhandler was user id 0 but is now user SharedUserSetting{abcca9e android.uid.bluetooth/1002} with id 1002; I am not changing its files so it will probably fail!
08-09 17:06:16.689 I/pm_critical_info( 1319): Package com.android.cts.ctsshim was user id 0 but is now user SharedUserSetting{d48355a com.android.cts.ctsshim/10269} with id 10269; I am not changing its files so it will probably fail!
08-09 17:06:16.689 I/pm_critical_info( 1319): Package com.samsung.android.svcagent was user id 0 but is now user SharedUserSetting{3752397 android.uid.system/1000} with id 1000; I am not changing its files so it will probably fail!
08-09 17:06:16.689 I/pm_critical_info( 1319): Package com.sec.mhs.smarttethering was user id 0 but is now user SharedUserSetting{3752397 android.uid.system/1000} with id 1000; I am not changing its files so it will probably fail!
08-09 17:06:16.689 I/pm_critical_info( 1319): Package com.samsung.android.svoiceime was user id 0 but is now user SharedUserSetting{4049bbd com.samsung.svoice/10091} with id 10091; I am not changing its files so it will probably fail!
08-09 17:06:16.689 I/pm_critical_info( 1319): Package com.samsung.android.photoremasterservice was user id 0 but is now user SharedUserSetting{3752397 android.uid.system/1000} with id 1000; I am not changing its files so it will probably fail!
08-09 17:06:16.689 I/pm_critical_info( 1319): Package com.samsung.android.networkdiagnostic was user id 0 but is now user SharedUserSetting{f6ddafe android.uid.networkdiagnostic/5023} with id 5023; I am not changing its files so it will probably fail!
08-09 17:06:16.690 I/pm_critical_info( 1319): Package com.samsung.android.shortcutbackupservice was user id 0 but is now user SharedUserSetting{3752397 android.uid.system/1000} with id 1000; I am not changing its files so it will probably fail!
08-09 17:06:16.690 I/pm_critical_info( 1319): Package com.samsung.memorysaver was user id 0 but is now user SharedUserSetting{3752397 android.uid.system/1000} with id 1000; I am not changing its files so it will probably fail!
08-09 17:06:16.690 I/pm_critical_info( 1319): Package com.sec.facatfunction was user id 0 but is now user SharedUserSetting{3752397 android.uid.system/1000} with id 1000; I am not changing its files so it will probably fail!
08-09 17:06:16.690 I/pm_critical_info( 1319): Package com.samsung.android.providers.contacts was user id 0 but is now user SharedUserSetting{1d184a9 android.uid.shared/10046} with id 10046; I am not changing its files so it will probably fail!
08-09 17:06:16.690 I/pm_critical_info( 1319): Package com.android.phone was user id 0 but is now user SharedUserSetting{fb4a708 android.uid.phone/1001} with id 1001; I am not changing its files so it will probably fail!
08-09 17:06:16.690 I/pm_critical_info( 1319): Package com.android.shell was user id 0 but is now user SharedUserSetting{8b6d8f3 android.uid.shell/2000} with id 2000; I am not changing its files so it will probably fail!
08-09 17:06:16.690 I/pm_critical_info( 1319): Package com.samsung.cmfa.AuthTouch was user id 0 but is now user SharedUserSetting{3752397 android.uid.system/1000} with id 1000; I am not changing its files so it will probably fail!
08-09 17:06:16.691 I/pm_critical_info( 1319): Package com.android.wallpaperbackup was user id 0 but is now user SharedUserSetting{3752397 android.uid.system/1000} with id 1000; I am not changing its files so it will probably fail!
08-09 17:06:16.691 I/pm_critical_info( 1319): Package com.android.providers.blockednumber was user id 0 but is now user SharedUserSetting{1d184a9 android.uid.shared/10046} with id 10046; I am not changing its files so it will probably fail!
08-09 17:06:16.691 I/pm_critical_info( 1319): Package com.samsung.android.app.omcagent was user id 0 but is now user SharedUserSetting{3752397 android.uid.system/1000} with id 1000; I am not changing its files so it will probably fail!
08-09 17:06:16.691 I/pm_critical_info( 1319): Package com.android.providers.userdictionary was user id 0 but is now user SharedUserSetting{1d184a9 android.uid.shared/10046} with id 10046; I am not changing its files so it will probably fail!
08-09 17:06:16.691 I/pm_critical_info( 1319): Package com.wssyncmldm was user id 0 but is now user SharedUserSetting{3752397 android.uid.system/1000} with id 1000; I am not changing its files so it will probably fail!
08-09 17:06:16.691 I/pm_critical_info( 1319): Package com.samsung.android.dck.timesync was user id 0 but is now user SharedUserSetting{3752397 android.uid.system/1000} with id 1000; I am not changing its files so it will probably fail!
08-09 17:06:16.691 I/pm_critical_info( 1319): Package com.android.location.fused was user id 0 but is now user SharedUserSetting{3752397 android.uid.system/1000} with id 1000; I am not changing its files so it will probably fail!
08-09 17:06:16.692 I/pm_critical_info( 1319): Package com.sec.epdg was user id 0 but is now user SharedUserSetting{3752397 android.uid.system/1000} with id 1000; I am not changing its files so it will probably fail!
08-09 17:06:16.692 I/pm_critical_info( 1319): Package com.android.systemui was user id 0 but is now user SharedUserSetting{b92ee8f android.uid.systemui/10039} with id 10039; I am not changing its files so it will probably fail!
08-09 17:06:16.692 I/pm_critical_info( 1319): Package com.sec.android.app.personalization was user id 0 but is now user SharedUserSetting{3752397 android.uid.system/1000} with id 1000; I am not changing its files so it will probably fail!
08-09 17:06:16.692 I/pm_critical_info( 1319): Package com.samsung.sait.sohservice was user id 0 but is now user SharedUserSetting{3752397 android.uid.system/1000} with id 1000; I am not changing its files so it will probably fail!
08-09 17:06:16.692 I/pm_critical_info( 1319): Package com.samsung.aasaservice was user id 0 but is now user SharedUserSetting{3752397 android.uid.system/1000} with id 1000; I am not changing its files so it will probably fail!
08-09 17:06:16.692 I/pm_critical_info( 1319): Package com.samsung.android.allshare.service.mediashare was user id 0 but is now user SharedUserSetting{2b95da4 android.uid.asf_mediashare/10138} with id 10138; I am not changing its files so it will probably fail!
08-09 17:06:16.693 I/pm_critical_info( 1319): Package com.samsung.logwriter was user id 0 but is now user SharedUserSetting{3752397 android.uid.system/1000} with id 1000; I am not changing its files so it will probably fail!
08-09 17:06:16.693 I/pm_critical_info( 1319): Package com.samsung.android.providers.factory was user id 0 but is now user SharedUserSetting{3752397 android.uid.system/1000} with id 1000; I am not changing its files so it will probably fail!
08-09 17:06:16.693 I/pm_critical_info( 1319): Package com.samsung.android.cameraxservice was user id 0 but is now user SharedUserSetting{3752397 android.uid.system/1000} with id 1000; I am not changing its files so it will probably fail!
08-09 17:06:16.693 I/pm_critical_info( 1319): Package com.sec.android.app.applinker was user id 0 but is now user SharedUserSetting{3752397 android.uid.system/1000} with id 1000; I am not changing its files so it will probably fail!
08-09 17:06:16.693 I/pm_critical_info( 1319): Package com.samsung.android.cidmanager was user id 0 but is now user SharedUserSetting{fb4a708 android.uid.phone/1001} with id 1001; I am not changing its files so it will probably fail!
08-09 17:06:16.693 I/pm_critical_info( 1319): Package com.android.bluetooth was user id 0 but is now user SharedUserSetting{abcca9e android.uid.bluetooth/1002} with id 1002; I am not changing its files so it will probably fail!
08-09 17:06:16.694 I/pm_critical_info( 1319): Package com.samsung.ipservice was user id 0 but is now user SharedUserSetting{8f77ddc android.uid.cmhservice/5004} with id 5004; I am not changing its files so it will probably fail!
08-09 17:06:16.694 I/pm_critical_info( 1319): Package com.samsung.sec.android.application.csc was user id 0 but is now user SharedUserSetting{fb4a708 android.uid.phone/1001} with id 1001; I am not changing its files so it will probably fail!
08-09 17:06:16.694 I/pm_critical_info( 1319): Package com.samsung.android.app.dressroom was user id 0 but is now user SharedUserSetting{3752397 android.uid.system/1000} with id 1000; I am not changing its files so it will probably fail!
08-09 17:06:16.694 I/pm_critical_info( 1319): Package com.samsung.android.app.dofviewer was user id 0 but is now user SharedUserSetting{a0bc479 com.samsung.android.app.cameraspecialshootingmodeviewer/10055} with id 10055; I am not changing its files so it will probably fail!
08-09 17:06:16.694 I/pm_critical_info( 1319): Package com.samsung.android.video was user id 0 but is now user SharedUserSetting{4b3ed6c com.samsung.android.uid.video/10105} with id 10105; I am not changing its files so it will probably fail!
08-09 17:06:16.696 E/RILClient( 879): Connect_RILD_Internal: Connecting failed. Connection refused(111)
08-09 17:06:16.746 E/RILClient( 879): Connect_RILD_Internal: Connecting failed. Connection refused(111)
08-09 17:06:16.796 E/RILClient( 879): Connect_RILD_Internal: Connecting failed. Connection refused(111)
08-09 17:06:16.827 I/boot_progress_pms_system_scan_start( 1319): 13950
08-09 17:06:16.846 E/RILClient( 879): Connect_RILD_Internal: Connecting failed. Connection refused(111)
08-09 17:06:16.882 I/pm_critical_info( 1319): Failed to parse /system/framework/arm64: Missing base APK in /system/framework/arm64
08-09 17:06:16.883 I/pm_critical_info( 1319): Failed to parse /system/framework/oat: Missing base APK in /system/framework/oat
08-09 17:06:16.884 I/pm_critical_info( 1319): Failed to parse /system/framework/arm: Missing base APK in /system/framework/arm
08-09 17:06:16.896 E/RILClient( 879): Connect_RILD_Internal: Connecting failed. Connection refused(111)
08-09 17:06:16.947 E/RILClient( 879): Connect_RILD_Internal: Connecting failed. Connection refused(111)
08-09 17:06:16.951 I/pm_critical_info( 1319): Failed to scan /system/priv-app/DocumentsUIGoogle: Package com.google.android.documentsui at /system/priv-app/DocumentsUIGoogle ignored: updated version 330543000 better than this 330443060
08-09 17:06:16.959 I/pm_critical_info( 1319): Failed to scan /system/priv-app/DynamicLockscreen: Package com.samsung.android.dynamiclock at /system/priv-app/DynamicLockscreen ignored: updated version 330627000 better than this 330614200
08-09 17:06:16.964 I/pm_critical_info( 1319): Failed to scan /system/priv-app/FBInstaller_NS: Package com.facebook.system at /system/priv-app/FBInstaller_NS ignored: updated version 499012400 better than this 399718019
08-09 17:06:16.965 I/pm_critical_info( 1319): Failed to scan /system/priv-app/FBServices: Package com.facebook.services at /system/priv-app/FBServices ignored: updated version 499012440 better than this 399718100
08-09 17:06:16.975 I/pm_critical_info( 1319): Failed to scan /system/priv-app/GalaxyApps_OPEN: Package com.sec.android.app.samsungapps at /system/priv-app/GalaxyApps_OPEN ignored: updated version 661010110 better than this 454910140
08-09 17:06:16.977 I/liblog ( 1099): 6
08-09 17:06:16.997 E/RILClient( 879): Connect_RILD_Internal: Connecting failed. Connection refused(111)
08-09 17:06:17.035 I/pm_critical_info( 1319): Failed to scan /system/priv-app/NetworkStackGoogle: Package com.google.android.networkstack at /system/priv-app/NetworkStackGoogle ignored: updated version 331812010 better than this 331110060
08-09 17:06:17.041 I/pm_critical_info( 1319): Failed to scan /system/priv-app/OneDrive_Samsung_v3: Package com.microsoft.skydrive at /system/priv-app/OneDrive_Samsung_v3 ignored: updated version 2026850302 better than this 2026690501
08-09 17:06:17.047 E/RILClient( 879): Connect_RILD_Internal: Connecting failed. Connection refused(111)
08-09 17:06:17.060 I/pm_critical_info( 1319): Failed to scan /system/priv-app/SPPPushClient: Package com.sec.spp.push at /system/priv-app/SPPPushClient ignored: updated version 340601200 better than this 340300200
08-09 17:06:17.097 E/RILClient( 879): Connect_RILD_Internal: Connecting failed. Connection refused(111)
08-09 17:06:17.147 E/RILClient( 879): Connect_RILD_Internal: Connecting failed. Connection refused(111)
08-09 17:06:17.149 I/pm_critical_info( 1319): Failed to scan /system/priv-app/SmartManager_v5: Package com.samsung.android.lool at /system/priv-app/SmartManager_v5 ignored: updated version 1360604000 better than this 1360007000
08-09 17:06:17.178 I/pm_critical_info( 1319): Failed to scan /system/priv-app/YourPhone_P1_5: Package com.microsoft.appmanager at /system/priv-app/YourPhone_P1_5 ignored: updated version 4780744 better than this 3890148
08-09 17:06:17.178 E/RILClient( 878): Connect_RILD_Internal: Connecting failed. Connection refused(111)
08-09 17:06:17.190 I/pm_critical_info( 1319): Failed to scan /system/app/ARCore: Package com.google.ar.core at /system/app/ARCore ignored: updated version 231530493 better than this 0
08-09 17:06:17.198 E/RILClient( 879): Connect_RILD_Internal: Connecting failed. Connection refused(111)
08-09 17:06:17.215 I/pm_critical_info( 1319): Failed to scan /system/app/CaptivePortalLoginGoogle: Package com.google.android.captiveportallogin at /system/app/CaptivePortalLoginGoogle ignored: updated version 331610000 better than this 331110060
08-09 17:06:17.223 I/pm_critical_info( 1319): Failed to scan /system/app/ClockPackage: Package com.sec.android.app.clockpackage at /system/app/ClockPackage ignored: updated version 1220900000 better than this 1220520000
08-09 17:06:17.236 I/pm_critical_info( 1319): Failed to scan /system/app/FBAppManager_NS: Package com.facebook.appmanager at /system/app/FBAppManager_NS ignored: updated version 499012741 better than this 399718358
08-09 17:06:17.241 I/pm_critical_info( 1319): Failed to scan /system/app/FunModeSDK: Package com.snap.camerakit.plugin.v1 at /system/app/FunModeSDK ignored: updated version 210103456 better than this 210102473
08-09 17:06:17.248 E/RILClient( 879): Connect_RILD_Internal: Connecting failed. Connection refused(111)
08-09 17:06:17.256 I/pm_critical_info( 1319): Failed to scan /system/app/LiveTranscribe: Package com.google.audio.hearing.visualization.accessibility.scribe at /system/app/LiveTranscribe ignored: updated version 97328 better than this 93296
08-09 17:06:17.271 I/pm_critical_info( 1319): Failed to scan /system/app/PlayAutoInstallConfig: Package android.autoinstalls.config.samsung at /system/app/PlayAutoInstallConfig ignored: updated version 1004 better than this 1
08-09 17:06:17.278 I/pm_critical_info( 1319): Failed to scan /system/app/SamsungCalendar: Package com.samsung.android.calendar at /system/app/SamsungCalendar ignored: updated version 1240603000 better than this 1240209000
08-09 17:06:17.298 E/RILClient( 879): Connect_RILD_Internal: Connecting failed. Connection refused(111)
08-09 17:06:17.334 I/pm_critical_info( 1319): Failed to parse /vendor/app/CneApp: Missing base APK in /vendor/app/CneApp/lib/arm64
08-09 17:06:17.353 E/RILClient( 879): Connect_RILD_Internal: Connecting failed. Connection refused(111)
08-09 17:06:17.360 I/pm_critical_info( 1319): Failed to scan /product/priv-app/CarrierWifi: Package com.google.android.apps.carrier.carrierwifi at /product/priv-app/CarrierWifi ignored: updated version 74 better than this 33
08-09 17:06:17.361 I/pm_critical_info( 1319): Failed to scan /product/priv-app/AndroidAutoStub: Package com.google.android.projection.gearhead at /product/priv-app/AndroidAutoStub ignored: updated version 100632824 better than this 12526000
08-09 17:06:17.368 I/pm_critical_info( 1319): Failed to scan /product/priv-app/GoogleRestore: Package com.google.android.apps.restore at /product/priv-app/GoogleRestore ignored: updated version 310952 better than this 244940
08-09 17:06:17.369 I/pm_critical_info( 1319): Failed to scan /product/priv-app/PrivateComputeServices: Package com.google.android.as.oss at /product/priv-app/PrivateComputeServices ignored: updated version 25851 better than this 3723
08-09 17:06:17.370 I/pm_critical_info( 1319): Failed to scan /product/priv-app/Turbo: Package com.google.android.apps.turbo at /product/priv-app/Turbo ignored: updated version 10263001 better than this 10252957
08-09 17:06:17.371 I/pm_critical_info( 1319): Failed to scan /product/priv-app/Messages: Package com.google.android.apps.messaging at /product/priv-app/Messages ignored: updated version 192755900 better than this 157556900
08-09 17:06:17.372 I/pm_critical_info( 1319): Failed to scan /product/priv-app/Phonesky: Package com.android.vending at /product/priv-app/Phonesky ignored: updated version 83691620 better than this 83281810
08-09 17:06:17.373 I/pm_critical_info( 1319): Failed to scan /product/priv-app/Velvet: Package com.google.android.googlequicksearchbox at /product/priv-app/Velvet ignored: updated version 301251917 better than this 301206137
08-09 17:06:17.374 I/pm_critical_info( 1319): Failed to scan /product/priv-app/GmsCore: Package com.google.android.gms at /product/priv-app/GmsCore ignored: updated version 233013044 better than this 224617045
08-09 17:06:17.382 I/pm_critical_info( 1319): Failed to scan /product/app/Chrome: Package com.android.chrome at /product/app/Chrome ignored: updated version 579013933 better than this 524912633
08-09 17:06:17.384 I/pm_critical_info( 1319): Failed to scan /product/app/DuoStub: Package com.google.android.apps.tachyon at /product/app/DuoStub ignored: updated version 4431416 better than this 1
08-09 17:06:17.387 I/pm_critical_info( 1319): Failed to scan /product/app/Gmail2: Package com.google.android.gm at /product/app/Gmail2 ignored: updated version 64020751 better than this 63483937
08-09 17:06:17.394 I/pm_critical_info( 1319): Failed to scan /product/app/Maps: Package com.google.android.apps.maps at /product/app/Maps ignored: updated version 1066963710 better than this 1066743482
08-09 17:06:17.395 I/pm_critical_info( 1319): Failed to scan /product/app/SpeechServicesByGoogle: Package com.google.android.tts at /product/app/SpeechServicesByGoogle ignored: updated version 210437205 better than this 210395421
08-09 17:06:17.396 I/pm_critical_info( 1319): Failed to scan /product/app/WebViewGoogle: Package com.google.android.webview at /product/app/WebViewGoogle ignored: updated version 579013833 better than this 524912633
08-09 17:06:17.397 I/pm_critical_info( 1319): Failed to scan /product/app/com.google.android.modulemetadata: Package com.google.android.modulemetadata at /product/app/com.google.android.modulemetadata ignored: updated version 331851034 better than this 331148284
08-09 17:06:17.399 I/pm_critical_info( 1319): Failed to scan /product/app/com.google.mainline.adservices: Package com.google.mainline.adservices at /product/app/com.google.mainline.adservices ignored: updated version 331913000 better than this 331105000
08-09 17:06:17.400 I/pm_critical_info( 1319): Failed to scan /product/app/YouTube: Package com.google.android.youtube at /product/app/YouTube ignored: updated version 1539171776 better than this 1531049408
08-09 17:06:17.401 I/pm_critical_info( 1319): Failed to scan /product/app/com.google.mainline.telemetry: Package com.google.mainline.telemetry at /product/app/com.google.mainline.telemetry ignored: updated version 331901004 better than this 331102004
08-09 17:06:17.403 E/RILClient( 879): Connect_RILD_Internal: Connecting failed. Connection refused(111)
08-09 17:06:17.406 I/pm_critical_info( 1319): Failed to scan /prism/priv-app/appcloud_oobe: Package com.aura.oobe.samsung at /prism/priv-app/appcloud_oobe ignored: updated version 6035701 better than this 6010101
08-09 17:06:17.407 I/pm_critical_info( 1319): Failed to scan /prism/priv-app/SamsungShop: Package com.samsung.ecomm.global.in at /prism/priv-app/SamsungShop ignored: updated version 1600040048 better than this 1600030367
08-09 17:06:17.414 I/pm_critical_info( 1319): Failed to scan /prism/app/MyGalaxyWidget: Package com.samsung.android.mfi at /prism/app/MyGalaxyWidget ignored: updated version 400000007 better than this 300000027
08-09 17:06:17.443 E/RILD ( 1413): QmiService::Init() : qmi_client_init_instance(0x714b37cef8) return(0).
08-09 17:06:17.443 E/RILD ( 1413): Init() : QMI serive(0) is initialized.
08-09 17:06:17.445 E/RILD ( 1413): RxCallRelease(): Call End Failed - Error(102)
08-09 17:06:17.446 E/RILD ( 1413): QmiService::Init() : qmi_client_init_instance(0x714f262bd0) return(0).
08-09 17:06:17.446 E/RILD ( 1413): Init() : QMI serive(1) is initialized.
08-09 17:06:17.448 E/RILD ( 1413): QmiService::Init() : qmi_client_init_instance(0x714f262c40) return(0).
08-09 17:06:17.448 E/RILD ( 1413): Init() : QMI serive(2) is initialized.
08-09 17:06:17.449 E/RILD2 ( 1413): QmiService::Init() : qmi_client_init_instance(0x714b37cef8) return(0).
08-09 17:06:17.449 E/RILD2 ( 1413): Init() : QMI serive(0) is initialized.
08-09 17:06:17.450 E/RILD2 ( 1413): RxCallRelease(): Call End Failed - Error(102)
08-09 17:06:17.450 E/RILD ( 1413): QmiService::Init() : qmi_client_init_instance(0x714b37c7d8) return(0).
08-09 17:06:17.450 E/RILD ( 1413): Init() : QMI serive(3) is initialized.
08-09 17:06:17.451 E/RILD ( 1413): create Thread[QDR]
08-09 17:06:17.451 E/RILD ( 1413): Init(): RmnetEmbeddedConfig
08-09 17:06:17.451 E/RILD ( 1413): RmnetFlowStateDown(): Start 0x0
08-09 17:06:17.451 E/RILD ( 1413): RmnetFlowStateDown(): phys_net_dev = rmnet_ipa0, iface = rmnet_data0, index = 0
08-09 17:06:17.451 E/RILD ( 1413): RmnetFlowStateDown(): Success to rtrmnet rtrmnet flow state down
08-09 17:06:17.451 E/RILD ( 1413): RmnetFlowStateDown(): End
08-09 17:06:17.451 E/RILD ( 1413): RmnetRemoveEmbeddedLinks(): Start
08-09 17:06:17.451 E/RILD ( 1413): RmnetRemoveEmbeddedLinks(): rtrmnet del new vnd 0
08-09 17:06:17.451 E/RILD ( 1413): RmnetRemoveEmbeddedLinks(): rtrmnet del new vnd 1
08-09 17:06:17.451 E/RILD ( 1413): RmnetRemoveEmbeddedLinks(): rtrmnet del new vnd 2
08-09 17:06:17.451 E/RILD ( 1413): RmnetRemoveEmbeddedLinks(): rtrmnet del new vnd 3
08-09 17:06:17.451 E/RILD ( 1413): RmnetRemoveEmbeddedLinks(): rtrmnet del new vnd 4
08-09 17:06:17.451 E/RILD ( 1413): RmnetRemoveEmbeddedLinks(): rtrmnet del new vnd 5
08-09 17:06:17.451 E/RILD ( 1413): RmnetRemoveEmbeddedLinks(): rtrmnet del new vnd 6
08-09 17:06:17.451 E/RILD ( 1413): RmnetRemoveEmbeddedLinks(): rtrmnet del new vnd 7
08-09 17:06:17.451 E/RILD ( 1413): RmnetRemoveEmbeddedLinks(): rtrmnet del new vnd 8
08-09 17:06:17.451 E/RILD ( 1413): RmnetRemoveEmbeddedLinks(): rtrmnet del new vnd 9
08-09 17:06:17.451 E/RILD ( 1413): RmnetRemoveEmbeddedLinks(): rtrmnet del new vnd 10
08-09 17:06:17.451 E/RILD ( 1413): RmnetRemoveEmbeddedLinks(): End
08-09 17:06:17.451 E/RILD ( 1413): RmnetConfigureEmbeddedLinks(): Start: iface = rmnet_ipa0
08-09 17:06:17.451 E/RILD ( 1413): ConfigureEpParams(): (0) Got EP_PAIR c:2 p:16 for device rmnet_ipa0
08-09 17:06:17.454 E/RILClient( 879): Connect_RILD_Internal: Connecting failed. Connection refused(111)
08-09 17:06:17.462 E/RILD2 ( 1413): QmiService::Init() : qmi_client_init_instance(0x714f262bd0) return(0).
08-09 17:06:17.463 E/RILD2 ( 1413): Init() : QMI serive(1) is initialized.
08-09 17:06:17.463 E/RILD ( 1413): Run(): nlmsg_type = 16
08-09 17:06:17.463 E/RILD2 ( 1413): Run(): nlmsg_type = 16
08-09 17:06:17.464 E/RILD ( 1413): RmnetConfigureEmbeddedLinks(): rtrmnet created new vnd rmnet_data0
08-09 17:06:17.464 E/RILD ( 1413): ConfigureEpParams(): (0) Got EPID 1 for device rmnet_ipa0
08-09 17:06:17.467 E/RILD2 ( 1413): QmiService::Init() : qmi_client_init_instance(0x714f262c40) return(0).
08-09 17:06:17.467 E/RILD2 ( 1413): Init() : QMI serive(2) is initialized.
08-09 17:06:17.468 E/RILD2 ( 1413): QmiService::Init() : qmi_client_init_instance(0x714b37c7d8) return(0).
08-09 17:06:17.468 E/RILD2 ( 1413): Init() : QMI serive(3) is initialized.
08-09 17:06:17.468 E/RILD2 ( 1413): create Thread[QDR2]
08-09 17:06:17.468 E/RILD2 ( 1413): Init(): RmnetEmbeddedConfig
08-09 17:06:17.468 E/RILD2 ( 1413): RmnetFlowStateDown(): Start 0x0
08-09 17:06:17.468 E/RILD2 ( 1413): RmnetFlowStateDown(): RilIndex 1
08-09 17:06:17.468 E/RILD2 ( 1413): RmnetRemoveEmbeddedLinks(): RilIndex 1
08-09 17:06:17.468 E/RILD2 ( 1413): RmnetConfigureEmbeddedLinks(): RilIndex 1
08-09 17:06:17.470 E/RILD ( 1413): ProcessDpmModemCaps(): Exit ret[0]
08-09 17:06:17.471 E/RILD ( 1413): ProcessDpmPortOpen(): Shim supported!Not opening control ports
08-09 17:06:17.471 E/RILD ( 1413): ProcessDpmPortOpen(): ProcessWdsDpmPortOpen(): EXIT, rc 0
08-09 17:06:17.471 E/RILD ( 1413): InitWdsContextTable: mContextInited = 0, mWdsServiceStarted = 0, dpm_inited = 1
08-09 17:06:17.471 E/RILD ( 1413): InitDfcFlowState: mDfcFlowInited = 0, mWdsServiceStarted = 0, dpm_inited = 1
08-09 17:06:17.472 E/RILD ( 1413): RmnetConfigureEmbeddedLinks(): rtrmnet created new vnd rmnet_data1
08-09 17:06:17.472 E/RILD2 ( 1413): Run(): nlmsg_type = 16
08-09 17:06:17.472 E/RILD ( 1413): Run(): nlmsg_type = 16
08-09 17:06:17.473 E/RILD ( 1413): RmnetConfigureEmbeddedLinks(): rtrmnet created new vnd rmnet_data2
08-09 17:06:17.473 E/RILD ( 1413): Run(): nlmsg_type = 16
08-09 17:06:17.474 E/RILD2 ( 1413): Run(): nlmsg_type = 16
08-09 17:06:17.474 E/RILD2 ( 1413): ConfigureEpParams(): (0) Got EP_PAIR c:2 p:16 for device rmnet_ipa0
08-09 17:06:17.475 E/RILD ( 1413): RmnetConfigureEmbeddedLinks(): rtrmnet created new vnd rmnet_data3
08-09 17:06:17.475 E/RILD2 ( 1413): ConfigureEpParams(): (0) Got EPID 1 for device rmnet_ipa0
08-09 17:06:17.475 E/RILD ( 1413): Run(): nlmsg_type = 16
08-09 17:06:17.475 E/RILD2 ( 1413): Run(): nlmsg_type = 16
08-09 17:06:17.476 E/RILD ( 1413): RmnetConfigureEmbeddedLinks(): rtrmnet created new vnd rmnet_data4
08-09 17:06:17.476 E/RILD2 ( 1413): Run(): nlmsg_type = 16
08-09 17:06:17.476 E/RILD ( 1413): Run(): nlmsg_type = 16
08-09 17:06:17.477 E/RILD ( 1413): RmnetConfigureEmbeddedLinks(): rtrmnet created new vnd rmnet_data5
08-09 17:06:17.477 E/RILD2 ( 1413): Run(): nlmsg_type = 16
08-09 17:06:17.477 E/RILD ( 1413): RmnetConfigureEmbeddedLinks(): rtrmnet created new vnd rmnet_data6
08-09 17:06:17.477 E/RILD2 ( 1413): Run(): nlmsg_type = 16
08-09 17:06:17.478 E/RILD ( 1413): Run(): nlmsg_type = 16
08-09 17:06:17.478 E/RILD ( 1413): Run(): nlmsg_type = 16
08-09 17:06:17.478 E/RILD ( 1413): RmnetConfigureEmbeddedLinks(): rtrmnet created new vnd rmnet_data7
08-09 17:06:17.478 E/RILD ( 1413): Run(): nlmsg_type = 16
08-09 17:06:17.478 E/RILD2 ( 1413): Run(): nlmsg_type = 16
08-09 17:06:17.479 E/RILD ( 1413): RmnetConfigureEmbeddedLinks(): rtrmnet created new vnd rmnet_data8
08-09 17:06:17.479 E/RILD ( 1413): RmnetConfigureEmbeddedLinks(): rtrmnet created new vnd rmnet_data9
08-09 17:06:17.480 E/RILD2 ( 1413): Run(): nlmsg_type = 16
08-09 17:06:17.480 E/RILD ( 1413): RmnetConfigureEmbeddedLinks(): rtrmnet created new vnd rmnet_data10
08-09 17:06:17.480 E/RILD ( 1413): RmnetConfigureEmbeddedLinks(): End
08-09 17:06:17.480 E/RILD2 ( 1413): Run(): nlmsg_type = 16
08-09 17:06:17.481 E/RILD2 ( 1413): Run(): nlmsg_type = 16
08-09 17:06:17.481 E/RILD ( 1413): Run(): nlmsg_type = 16
08-09 17:06:17.481 E/RILD ( 1413): Run(): nlmsg_type = 16
08-09 17:06:17.481 E/RILD ( 1413): Run(): nlmsg_type = 16
08-09 17:06:17.483 E/RILD2 ( 1413): ProcessDpmModemCaps(): Exit ret[0]
08-09 17:06:17.484 E/RILD2 ( 1413): ProcessDpmPortOpen(): Shim supported!Not opening control ports
08-09 17:06:17.485 E/RILD2 ( 1413): ProcessDpmPortOpen(): ProcessWdsDpmPortOpen(): EXIT, rc 0
08-09 17:06:17.485 E/RILD2 ( 1413): InitWdsContextTable: mContextInited = 0, mWdsServiceStarted = 0, dpm_inited = 1
08-09 17:06:17.485 E/RILD2 ( 1413): InitDfcFlowState: mDfcFlowInited = 0, mWdsServiceStarted = 0, dpm_inited = 1
08-09 17:06:17.487 E/RILD2 ( 1413): InitWdsContextTable: mContextInited = 0, mWdsServiceStarted = 1, dpm_inited = 1
08-09 17:06:17.487 E/RILD2 ( 1413): WdsContextTable(): numWdsContex = 11
08-09 17:06:17.496 E/RILD2 ( 1413): Init(): Context initialized for rmnet_data0(IPv4 hndl(0xd), IPv6 handle(0xe))
08-09 17:06:17.499 E/RILD2 ( 1413): InitQmiQosService(): The qos client ip_family = 4 (handle(0xf))
08-09 17:06:17.502 E/RILD2 ( 1413): InitQmiQosService(): The qos client ip_family = 6 (handle(0x10))
08-09 17:06:17.503 E/RILD ( 1413): InitWdsContextTable: mContextInited = 0, mWdsServiceStarted = 1, dpm_inited = 1
08-09 17:06:17.503 E/RILD ( 1413): WdsContextTable(): numWdsContex = 11
08-09 17:06:17.509 E/RILClient( 879): Connect_RILD_Internal: Connecting failed. Connection refused(111)
08-09 17:06:17.518 E/RILD2 ( 1413): Init(): Context initialized for rmnet_data1(IPv4 hndl(0x11), IPv6 handle(0x13))
08-09 17:06:17.525 E/RILD2 ( 1413): InitQmiQosService(): The qos client ip_family = 4 (handle(0x14))
08-09 17:06:17.526 E/RILD ( 1413): Init(): Context initialized for rmnet_data0(IPv4 hndl(0x12), IPv6 handle(0x15))
08-09 17:06:17.528 E/RILD2 ( 1413): InitQmiQosService(): The qos client ip_family = 6 (handle(0x16))
08-09 17:06:17.529 E/RILD ( 1413): InitQmiQosService(): The qos client ip_family = 4 (handle(0x17))
08-09 17:06:17.532 E/RILD ( 1413): InitQmiQosService(): The qos client ip_family = 6 (handle(0x19))
08-09 17:06:17.535 E/RILD2 ( 1413): Init(): Context initialized for rmnet_data2(IPv4 hndl(0x18), IPv6 handle(0x1a))
08-09 17:06:17.540 E/RILD2 ( 1413): InitQmiQosService(): The qos client ip_family = 4 (handle(0x1c))
08-09 17:06:17.542 E/RILD ( 1413): Init(): Context initialized for rmnet_data1(IPv4 hndl(0x1b), IPv6 handle(0x1d))
08-09 17:06:17.543 E/RILD2 ( 1413): InitQmiQosService(): The qos client ip_family = 6 (handle(0x1e))
08-09 17:06:17.545 E/RILD ( 1413): InitQmiQosService(): The qos client ip_family = 4 (handle(0x1f))
08-09 17:06:17.550 E/RILD ( 1413): InitQmiQosService(): The qos client ip_family = 6 (handle(0x21))
08-09 17:06:17.553 E/RILD2 ( 1413): Init(): Context initialized for rmnet_data3(IPv4 hndl(0x20), IPv6 handle(0x22))
08-09 17:06:17.560 E/RILClient( 879): Connect_RILD_Internal: Connecting failed. Connection refused(111)
08-09 17:06:17.561 E/RILD2 ( 1413): InitQmiQosService(): The qos client ip_family = 4 (handle(0x24))
08-09 17:06:17.563 E/RILD2 ( 1413): InitQmiQosService(): The qos client ip_family = 6 (handle(0x26))
08-09 17:06:17.565 E/RILD ( 1413): Init(): Context initialized for rmnet_data2(IPv4 hndl(0x23), IPv6 handle(0x25))
08-09 17:06:17.571 E/RILD ( 1413): InitQmiQosService(): The qos client ip_family = 4 (handle(0x28))
08-09 17:06:17.575 E/RILD ( 1413): InitQmiQosService(): The qos client ip_family = 6 (handle(0x29))
08-09 17:06:17.580 E/RILD2 ( 1413): Init(): Context initialized for rmnet_data4(IPv4 hndl(0x27), IPv6 handle(0x2b))
08-09 17:06:17.584 E/RILD2 ( 1413): InitQmiQosService(): The qos client ip_family = 4 (handle(0x2d))
08-09 17:06:17.584 E/RILD ( 1413): Init(): Context initialized for rmnet_data3(IPv4 hndl(0x2a), IPv6 handle(0x2c))
08-09 17:06:17.587 E/RILD ( 1413): InitQmiQosService(): The qos client ip_family = 4 (handle(0x2f))
08-09 17:06:17.592 E/RILD2 ( 1413): InitQmiQosService(): The qos client ip_family = 6 (handle(0x2e))
08-09 17:06:17.594 E/RILD ( 1413): InitQmiQosService(): The qos client ip_family = 6 (handle(0x30))
08-09 17:06:17.598 E/RILD2 ( 1413): Init(): Context initialized for rmnet_data5(IPv4 hndl(0x31), IPv6 handle(0x33))
08-09 17:06:17.603 E/RILD ( 1413): Init(): Context initialized for rmnet_data4(IPv4 hndl(0x32), IPv6 handle(0x34))
08-09 17:06:17.606 E/RILD2 ( 1413): InitQmiQosService(): The qos client ip_family = 4 (handle(0x35))
08-09 17:06:17.609 E/RILD ( 1413): InitQmiQosService(): The qos client ip_family = 4 (handle(0x36))
08-09 17:06:17.610 E/RILClient( 879): Connect_RILD_Internal: Connecting failed. Connection refused(111)
08-09 17:06:17.611 E/RILD2 ( 1413): InitQmiQosService(): The qos client ip_family = 6 (handle(0x37))
08-09 17:06:17.611 E/RILD ( 1413): InitQmiQosService(): The qos client ip_family = 6 (handle(0x38))
08-09 17:06:17.619 E/RILD2 ( 1413): Init(): Context initialized for rmnet_data6(IPv4 hndl(0x39), IPv6 handle(0x3b))
08-09 17:06:17.625 E/RILD2 ( 1413): InitQmiQosService(): The qos client ip_family = 4 (handle(0x3c))
08-09 17:06:17.630 E/RILD2 ( 1413): InitQmiQosService(): The qos client ip_family = 6 (handle(0x3d))
08-09 17:06:17.635 E/RILD ( 1413): Init(): Context initialized for rmnet_data5(IPv4 hndl(0x3a), IPv6 handle(0x3e))
08-09 17:06:17.639 E/RILD ( 1413): InitQmiQosService(): The qos client ip_family = 4 (handle(0x41))
08-09 17:06:17.639 E/RILD2 ( 1413): Init(): Context initialized for rmnet_data7(IPv4 hndl(0x3f), IPv6 handle(0x40))
08-09 17:06:17.641 E/RILD ( 1413): InitQmiQosService(): The qos client ip_family = 6 (handle(0x42))
08-09 17:06:17.641 E/RILD2 ( 1413): InitQmiQosService(): The qos client ip_family = 4 (handle(0x43))
08-09 17:06:17.644 E/RILD2 ( 1413): InitQmiQosService(): The qos client ip_family = 6 (handle(0x44))
08-09 17:06:17.646 E/RILD ( 1413): Init(): Context initialized for rmnet_data6(IPv4 hndl(0x45), IPv6 handle(0x46))
08-09 17:06:17.650 E/RILD ( 1413): InitQmiQosService(): The qos client ip_family = 4 (handle(0x48))
08-09 17:06:17.652 E/RILD2 ( 1413): Init(): Context initialized for rmnet_data8(IPv4 hndl(0x47), IPv6 handle(0x49))
08-09 17:06:17.653 E/RILD ( 1413): InitQmiQosService(): The qos client ip_family = 6 (handle(0x4a))
08-09 17:06:17.657 E/RILD2 ( 1413): InitQmiQosService(): The qos client ip_family = 4 (handle(0x4b))
08-09 17:06:17.659 E/RILD2 ( 1413): InitQmiQosService(): The qos client ip_family = 6 (handle(0x4d))
08-09 17:06:17.660 E/RILD ( 1413): Init(): Context initialized for rmnet_data7(IPv4 hndl(0x4c), IPv6 handle(0x4e))
08-09 17:06:17.660 E/RILClient( 879): Connect_RILD_Internal: Connecting failed. Connection refused(111)
08-09 17:06:17.662 E/RILD ( 1413): InitQmiQosService(): The qos client ip_family = 4 (handle(0x50))
08-09 17:06:17.663 E/RILD ( 1413): InitQmiQosService(): The qos client ip_family = 6 (handle(0x51))
08-09 17:06:17.666 E/RILD2 ( 1413): Init(): Context initialized for rmnet_data9(IPv4 hndl(0x4f), IPv6 handle(0x52))
08-09 17:06:17.666 E/RILD ( 1413): Init(): Context initialized for rmnet_data8(IPv4 hndl(0x53), IPv6 handle(0x54))
08-09 17:06:17.668 E/RILD2 ( 1413): InitQmiQosService(): The qos client ip_family = 4 (handle(0x55))
08-09 17:06:17.668 E/RILD ( 1413): InitQmiQosService(): The qos client ip_family = 4 (handle(0x56))
08-09 17:06:17.670 E/RILD2 ( 1413): InitQmiQosService(): The qos client ip_family = 6 (handle(0x57))
08-09 17:06:17.670 E/RILD ( 1413): InitQmiQosService(): The qos client ip_family = 6 (handle(0x58))
08-09 17:06:17.674 E/RILD2 ( 1413): Init(): Context initialized for rmnet_data10(IPv4 hndl(0x59), IPv6 handle(0x5c))
08-09 17:06:17.675 E/RILD ( 1413): Init(): Context initialized for rmnet_data9(IPv4 hndl(0x5a), IPv6 handle(0x5b))
08-09 17:06:17.680 E/RILD2 ( 1413): InitQmiQosService(): The qos client ip_family = 4 (handle(0x5d))
08-09 17:06:17.680 E/RILD ( 1413): InitQmiQosService(): The qos client ip_family = 4 (handle(0x5e))
08-09 17:06:17.682 E/RILD ( 1413): InitQmiQosService(): The qos client ip_family = 6 (handle(0x60))
08-09 17:06:17.684 E/RILD2 ( 1413): InitQmiQosService(): The qos client ip_family = 6 (handle(0x5f))
08-09 17:06:17.684 E/RILD2 ( 1413): Init(): RilIndex 1
08-09 17:06:17.684 E/RILD2 ( 1413): InitWdsGlobalPort() : port = rmnet0
08-09 17:06:17.686 E/RILD2 ( 1413): InitWdsGlobalPort() : QMI WDS Initialized
08-09 17:06:17.686 E/RILD ( 1413): Init(): Context initialized for rmnet_data10(IPv4 hndl(0x61), IPv6 handle(0x62))
08-09 17:06:17.687 E/RILD2 ( 1413): InitDfcFlowState: mDfcFlowInited = 0, mWdsServiceStarted = 1, dpm_inited = 1
08-09 17:06:17.687 E/RILD2 ( 1413): InitDfcFlowState() : nr_fusion_target = 0
08-09 17:06:17.687 E/RILD2 ( 1413): RmnetFlowStateUp(): Start: 0x0
08-09 17:06:17.687 E/RILD2 ( 1413): RmnetFlowStateUp(): RilIndex 1
08-09 17:06:17.688 E/RILD2 ( 1413): QmiService::Init() : qmi_client_init_instance(0x714b37cb68) return(0).
08-09 17:06:17.688 E/RILD2 ( 1413): Init() : QMI serive(6) is initialized.
08-09 17:06:17.688 E/RILD ( 1413): InitQmiQosService(): The qos client ip_family = 4 (handle(0x64))
08-09 17:06:17.690 E/RILD2 ( 1413): QmiService::Init() : qmi_client_init_instance(0x714f262d50) return(0).
08-09 17:06:17.690 E/RILD2 ( 1413): Init() : QMI serive(7) is initialized.
08-09 17:06:17.691 E/RILD2 ( 1413): QmiService::Init() : qmi_client_init_instance(0x714f262cf8) return(0).
08-09 17:06:17.691 E/RILD2 ( 1413): Init() : QMI serive(8) is initialized.
08-09 17:06:17.692 E/RILD2 ( 1413): QmiService::Init() : qmi_client_init_instance(0x714b37cd38) return(0).
08-09 17:06:17.693 E/RILD2 ( 1413): Init() : QMI serive(9) is initialized.
08-09 17:06:17.694 E/RILD2 ( 1413): QmiService::Init() : qmi_client_init_instance(0x714b37cef8) return(0).
08-09 17:06:17.694 E/RILD2 ( 1413): Init() : QMI serive(11) is initialized.
08-09 17:06:17.694 E/RILD ( 1413): InitQmiQosService(): The qos client ip_family = 6 (handle(0x69))
08-09 17:06:17.695 E/RILD2 ( 1413): QmiService::Init() : qmi_client_init_instance(0x714f262ca0) return(0).
08-09 17:06:17.695 E/RILD2 ( 1413): Init() : QMI serive(12) is initialized.
08-09 17:06:17.696 E/RILD ( 1413): ProcessWdaSetDataFormat(): Set data format. Request with ll_prot=2, qos=0, ul=9, dl=9, dl_pkt=63, dl_size=64844, ul_pkt=32, ul_size=16384, qos_hdr=0, dl_pad=0, fc=1, tcp_coal=1, udp_coal=1
08-09 17:06:17.696 E/RILD ( 1413): ProcessWdaSetDataFormat(): Modem rejected data format. Responded with ll_prot=2, qos=0, ul=9, dl=9, dl_pkt=63, dl_size=63, ul_pkt=32, ul_size=16384, qos_hdr=0, dl_pad=0, fc=1, tcp_coal=1, udp_coal=1
08-09 17:06:17.696 E/RILD ( 1413): ProcessWdaReleaseQmiClient(): qmi_client_release of qmi_clnt_hndl returned 0
08-09 17:06:17.696 E/RILD ( 1413): SetDataFormat(): WDA Set Data Format Failed
