08-09 17:06:30.187 D/ImsPhoneCallTracker( 2286): [0] onReceive: caching carrier config until ImsService connects for subId: 4
08-09 17:06:30.187 D/ImsPhoneCallTracker( 2286): [1] onReceive: Skipping indication for other phoneId: 0
08-09 17:06:30.189 D/ImsStateCallbackController( 2286): onCarrierConfigChanged slotId=0
08-09 17:06:30.190 D/DCT-C-0 ( 2286): getPreferredApn: For APN type default found apnSetting [ApnSetting] Jio 4G, 6085, 405874, jionet, , null, , null, null, 0, supl | hipri | default | xcap, IPV4V6, IPV4V6, true, 0, false, 20, 0, 300, 0, 0, null, , false, UNKNOWN, UNKNOWN, 0, -1, -1, false
08-09 17:06:30.191 I/RcsProvisioningMonitor( 2286): notify default messaging app for sub:4 with capability:2
08-09 17:06:30.198 D/ImsStateCallbackController( 2286): onExternalRcsStateChanged slotId=0, state=UNAVAILABLE, reason=NO_IMS_SERVICE_CONFIGURED
08-09 17:06:30.200 D/DCT-C-0 ( 2286): shouldRestrictDataForEcbm: isInEcm=false isInImsEcm=false
08-09 17:06:30.214 I/ImsManager [0]( 2286): Trying to get MmTelFeature when it is still setting up, curr subId=4, target subId=-1
08-09 17:06:30.214 I/ImsManager [0]( 2286): Trying to get MmTelFeature when it is still setting up, curr subId=4, target subId=-1
08-09 17:06:30.214 I/ImsManager [0]( 2286): Trying to get MmTelFeature when it is still setting up, curr subId=4, target subId=-1
08-09 17:06:30.215 D/Phone ( 2286): getImsRegistrationTechnology =-1
08-09 17:06:30.222 D/SmsBroadcastUndelivered( 2286): Received broadcast android.intent.action.USER_UNLOCKED
08-09 17:06:30.223 D/SmsDispatchersController( 2286): Received broadcast android.intent.action.USER_UNLOCKED
08-09 17:06:30.223 D/SmsBroadcastUndelivered( 2286): Received broadcast android.intent.action.USER_UNLOCKED
08-09 17:06:30.223 D/SmsDispatchersController( 2286): Received broadcast android.intent.action.USER_UNLOCKED
08-09 17:06:30.227 D/SmsBroadcastUndelivered( 2286): scanning raw table for undelivered messages
08-09 17:06:30.227 D/SmsBroadcastUndelivered( 2286): scanning raw table for undelivered messages
08-09 17:06:30.228 D/SmsBroadcastUndelivered( 2286): scanRawTable:
08-09 17:06:30.229 D/SmsBroadcastUndelivered( 2286): scanRawTable:sim_slot = 0 AND deleted = 0
08-09 17:06:30.230 D/SmsBroadcastUndelivered( 2286): scanRawTable:
08-09 17:06:30.230 D/SmsBroadcastUndelivered( 2286): scanRawTable:sim_slot = 1 AND deleted = 0
08-09 17:06:30.235 D/SubscriptionController( 2286): [getActiveSubscriptionInfoForSimSlotIndex]+ slotIndex=0 subId={id=4 iccId= simSlotIndex=0 carrierId=2018 displayName=Jio carrierName=JIO 4G | Jio nameSource=1 iconTint=-16746133 number= dataRoaming=0 iconBitmap=android.graphics.Bitmap@e1c6cb mcc=405 mnc=874 countryIso=in isEmbedded=false nativeAccessRules=null cardString= cardId=3 portIndex=0 isOpportunistic=false groupUUID=null isGroupDisabled=false profileClass=-1 ehplmns=null hplmns=null subscriptionType=0 groupOwner=null carrierConfigAccessRules=null areUiccApplicationsEnabled=true usageSetting=0}
08-09 17:06:30.242 D/Dcc-C-0 ( 2286): removeActiveDcByCid removedDc=null dc={DC-C-1: State=DcInactiveState mApnSetting=null RefCount=0 mCid=-1 mCreateTime=0 mLastastFailTime=0 mLastFailCause=NONE(0x0) mTag=1 mLinkProperties={LinkAddresses: [ ] DnsAddresses: [ ] Domains: null MTU: 0 Routes: [ ]} linkCapabilities=[ Transports: CELLULAR Capabilities: SUPL&XCAP&INTERNET&NOT_RESTRICTED&TRUSTED&NOT_VPN&NOT_ROAMING&NOT_CONGESTED&NOT_SUSPENDED&NOT_VCN_MANAGED LinkUpBandwidth>=15000Kbps LinkDnBandwidth>=30000Kbps Specifier: SubscriptionIds: {0} UnderlyingNetworks: Null] mRestrictedNetworkOverride=false mApnContexts={}}
08-09 17:06:30.245 I/am_proc_start( 1319): [0,4134,1000,com.samsung.android.lool,service,{com.samsung.android.lool/com.samsung.android.sm.battery.ui.mode.BatteryModeTile}]
08-09 17:06:30.247 I/am_proc_bound( 1319): [0,4109,com.samsung.android.app.sharelive]
08-09 17:06:30.250 I/am_uid_active( 1319): 5026
08-09 17:06:30.257 I/am_uid_running( 1319): 10356
08-09 17:06:30.338 I/dvm_lock_sample( 1319): [system_server,1,binder:1319_1,161,ActivityManagerService.java,5939,void com.android.server.am.ActivityManagerService.attachApplication(android.app.IApplicationThread, long),,0,null,32]
08-09 17:06:30.338 I/commit_sys_config_file( 1319): [settings-1-0,77]
08-09 17:06:30.339 I/am_proc_bound( 1319): [0,4082,com.samsung.android.mdx]
08-09 17:06:30.343 I/am_uid_active( 1319): 10074
08-09 17:06:30.346 I/am_proc_bound( 1319): [0,4112,com.sec.android.app.camera:QrTileService]
08-09 17:06:30.348 I/am_uid_active( 1319): 10095
08-09 17:06:30.350 I/dvm_lock_sample( 1319): [system_server,1,binder:1319_F,159,ActivityManagerService.java,16958,int com.android.server.am.ActivityManagerService.broadcastIntentWithFeature(android.app.IApplicationThread, java.lang.String, android.content.Intent, java.lang.String, android.content.IIntentReceiver, int, java.lang.String, android.os.Bundle, java.lang.String[], java.lang.String[], java.lang.String[], int, android.os.Bundle, boolean, boolean, int),,0,null,31]
08-09 17:06:30.352 I/dvm_lock_sample( 1319): [system_server,1,binder:1319_5,161,ContentProviderHelper.java,187,android.app.ContentProviderHolder com.android.server.am.ContentProviderHelper.getContentProviderImpl(android.app.IApplicationThread, java.lang.String, android.os.IBinder, int, java.lang.String, java.lang.String, boolean, int, int),,0,null,32]
08-09 17:06:30.354 I/dvm_lock_sample( 1319): [system_server,1,binder:1319_4,162,ActivityManagerService.java,16958,int com.android.server.am.ActivityManagerService.broadcastIntentWithFeature(android.app.IApplicationThread, java.lang.String, android.content.Intent, java.lang.String, android.content.IIntentReceiver, int, java.lang.String, android.os.Bundle, java.lang.String[], java.lang.String[], java.lang.String[], int, android.os.Bundle, boolean, boolean, int),,0,null,32]
08-09 17:06:30.357 I/dvm_lock_sample( 1319): [system_server,1,binder:1319_8,133,ActivityManagerService.java,16958,int com.android.server.am.ActivityManagerService.broadcastIntentWithFeature(android.app.IApplicationThread, java.lang.String, android.content.Intent, java.lang.String, android.content.IIntentReceiver, int, java.lang.String, android.os.Bundle, java.lang.String[], java.lang.String[], java.lang.String[], int, android.os.Bundle, boolean, boolean, int),,0,null,26]
08-09 17:06:30.361 I/am_proc_bound( 1319): [0,4134,com.samsung.android.lool]
08-09 17:06:30.370 I/dvm_lock_sample( 1319): [system_server,1,binder:1319_11,137,ContentProviderHelper.java,754,void com.android.server.am.ContentProviderHelper.publishContentProviders(android.app.IApplicationThread, java.util.List),,0,null,27]
08-09 17:06:30.379 I/dvm_lock_sample( 1319): [system_server,1,ActivityManager,127,BroadcastQueue.java,1393,void com.android.server.am.BroadcastQueue.processNextBroadcast(boolean),,0,null,25]
08-09 17:06:30.384 I/am_proc_start( 1319): [0,4192,10193,com.samsung.android.smartmirroring,service,{com.samsung.android.smartmirroring/com.samsung.android.smartmirroring.tile.SmartMirroringTile}]
08-09 17:06:30.387 I/commit_sys_config_file( 1319): [notification-policy,9157]
08-09 17:06:30.387 I/dvm_lock_sample( 1319): [system_server,1,binder:1319_3,86,ActivityManagerService.java,5939,void com.android.server.am.ActivityManagerService.attachApplication(android.app.IApplicationThread, long),,0,null,17]
08-09 17:06:30.388 I/am_proc_bound( 1319): [0,4192,com.samsung.android.smartmirroring]
08-09 17:06:30.390 I/am_uid_active( 1319): 10193
08-09 17:06:30.400 I/am_uid_running( 1319): 10369
08-09 17:06:30.408 I/dvm_lock_sample( 1319): [system_server,1,ActivityManager,24,BroadcastQueue.java,1393,void com.android.server.am.BroadcastQueue.processNextBroadcast(boolean),,0,null,4]
08-09 17:06:30.410 D/TelephonyRegistry( 1319): notifyDataConnectionForSubscriber: phoneId=0 subId=4 state: DISCONNECTED, transport: WWAN, id: -1, network type: LTE, APN Setting: [ApnSetting] Jio 4G, 6085, 405874, jionet, , null, , null, null, 0, supl | hipri | default | xcap, IPV4V6, IPV4V6, true, 0, false, 20, 0, 300, 0, 0, null, , false, UNKNOWN, UNKNOWN, 0, -1, -1, false, link properties: {LinkAddresses: [ ] DnsAddresses: [ ] Domains: null MTU: 0 Routes: [ ]}, fail cause: NONE(0x0)
08-09 17:06:30.410 D/TelephonyRegistry( 1319): onDataConnectionStateChanged(DISCONNECTED, LTE) subId=4, phoneId=0
08-09 17:06:30.410 I/service_manager_slow( 4033): [14,vpn_management]
08-09 17:06:30.412 D/DC-C-1 ( 2286): clearSettings
08-09 17:06:30.412 D/DC-C-1 ( 2286): DcInactiveState not handled msg.what=EVENT_DATA_CONNECTION_DRS_OR_RAT_CHANGED
08-09 17:06:30.412 D/DC-C-1 ( 2286): DcDefault msg=EVENT_DATA_CONNECTION_DRS_OR_RAT_CHANGED RefCount=0
08-09 17:06:30.412 D/DC-C-1 ( 2286): updateTcpBufferSizes: lte
08-09 17:06:30.413 D/DC-C-1 ( 2286): DcDefaultState: EVENT_DATA_CONNECTION_DRS_OR_RAT_CHANGED regState=IN_SERVICE RAT=LTE
08-09 17:06:30.413 D/DC-C-1 ( 2286): DcInactiveState not handled msg.what=EVENT_DATA_CONNECTION_ROAM_OFF
08-09 17:06:30.413 D/DC-C-1 ( 2286): DcDefault msg=EVENT_DATA_CONNECTION_ROAM_OFF RefCount=0
08-09 17:06:30.413 D/DC-C-1 ( 2286): DcDefaultState: ignore msg.what=EVENT_DATA_CONNECTION_ROAM_OFF
08-09 17:06:30.413 D/DC-C-1 ( 2286): DcInactiveState: mag.what=EVENT_CONNECT
08-09 17:06:30.413 D/DC-C-1 ( 2286): initConnection: RefCount=1 mApnList={{mApnType=default mState=CONNECTING mWaitingApns={[[ApnSetting] Jio 4G, 6085, 405874, jionet, , null, , null, null, 0, supl | hipri | default | xcap, IPV4V6, IPV4V6, true, 0, false, 20, 0, 300, 0, 0, null, , false, UNKNOWN, UNKNOWN, 0, -1, -1, false] priority=1} mApnSetting={[ApnSetting] Jio 4G, 6085, 405874, jionet, , null, , null, null, 0, supl | hipri | default | xcap, IPV4V6, IPV4V6, true, 0, false, 20, 0, 300, 0, 0, null, , false, UNKNOWN, UNKNOWN, 0, -1, -1, false} mReason=carrierChange mNeedDisconnectByDdsChange=false mDataEnabled=true}={mTag=2 mApnContext={mApnType=default mState=CONNECTING mWaitingApns={[[ApnSetting] Jio 4G, 6085, 405874, jionet, , null, , null, null, 0, supl | hipri | default | xcap, IPV4V6, IPV4V6, true, 0, false, 20, 0, 300, 0, 0, null, , false, UNKNOWN, UNKNOWN, 0, -1, -1, false] priority=1} mApnSetting={[ApnSetting] Jio 4G, 6085, 405874, jionet, , null, , null, null, 0, supl | hipri | default | xcap, IPV4V6, IPV4V6, true, 0, false, 20, 0, 300, 0, 0, null, , false, UNKNOWN, UNKNOWN, 0, -1, -1, false} mReason=carrierChange mNeedDisconnectByDdsChange=false mDataEnabled=true} mProfileId=0 mRat=14 mOnCompletedMsg={what=0x42000 when=-27s536ms obj=Pair{{mApnType=default mState=CONNECTING mWaitingApns={[[ApnSetting] Jio 4G, 6085, 405874, jionet, , null, , null, null, 0, supl | hipri | default | xcap, IPV4V6, IPV4V6, true, 0, false, 20, 0, 300, 0, 0, null, , false, UNKNOWN, UNKNOWN, 0, -1, -1, false] priority=1} mApnSetting={[ApnSetting] Jio 4G, 6085, 405874, jionet, , null, , null, null, 0, supl | hipri | default | xcap, IPV4V6, IPV4V6, true, 0, false, 20, 0, 300, 0, 0, null, , false, UNKNOWN, UNKNOWN, 0, -1, -1, false} mReason=carrierChange mNeedDisconnectByDdsChange=false mDataEnabled=true} 1} target=Handler (com.android.internal.telephony.dataconnection.DcTracker) {36fee47} replyTo=null} mRequestType=NORMAL mSubId=4 mIsPreferredApn=true}} mConnectionParams={mTag=2 mApnContext={mApnType=default mState=CONNECTING mWaitingApns={[[ApnSetting] Jio 4G, 6085, 405874, jionet, , null, , null, null, 0, supl | hipri | default | xcap, IPV4V6, IPV4V6, true, 0, false, 20, 0, 300, 0, 0, null, , false, UNKNOWN, UNKNOWN, 0, -1, -1, false] priority=1} mApnSetting={[ApnSetting] Jio 4G, 6085, 405874, jionet, , null, , null, null, 0, supl | hipri | default | xcap, IPV4V6, IPV4V6, true, 0, false, 20, 0, 300, 0, 0, null, , false, UNKNOWN, UNKNOWN, 0, -1, -1, false} mReason=carrierChange mNeedDisconnectByDdsChange=false mDataEnabled=true} mProfileId=0 mRat=14 mOnCompletedMsg={what=0x42000 when=-27s536ms obj=Pair{{mApnType=default mState=CONNECTING mWaitingApns={[[ApnSetting] Jio 4G, 6085, 405874, jionet, , null, , null, null, 0, supl | hipri | default | xcap, IPV4V6, IPV4V6, true, 0, false, 20, 0, 300, 0, 0, null, , false, UNKNOWN, UNKNOWN, 0, -1, -1, false] priority=1} mApnSetting={[ApnSetting] Jio 4G, 6085, 405874, jionet, , null, , null, null, 0, supl | hipri | default | xcap, IPV4V6, IPV4V6, true, 0, false, 20, 0, 300, 0, 0, null, , false, UNKNOWN, UNKNOWN, 0, -1, -1, false} mReason=carrierChange mNeedDisconnectByDdsChange=false mDataEnabled=true} 1} target=Handler (com.android.internal.telephony.dataconnection.DcTracker) {36fee47} replyTo=null} mRequestType=NORMAL mSubId=4 mIsPreferredApn=true}
08-09 17:06:30.413 D/DC-C-1 ( 2286): connect: carrier='Jio 4G' APN='jionet' proxy='' port='-1'
08-09 17:06:30.425 D/DC-C-1 ( 2286): allowRoaming=false, mPhone.getDataRoamingEnabled()=false, isModemRoaming=false, mPhone.getServiceState().getDataRoaming()=false, isUnmeteredApnType=false, trafficDescriptor=TrafficDescriptor={mDnn=jionet, null}, matchAllRuleAllowed=true
08-09 17:06:30.425 D/DSM-C-0 ( 2286): setupDataCall
08-09 17:06:30.426 I/am_proc_start( 1319): [0,4218,10039,com.samsung.android.app.routines,service,{com.samsung.android.app.routines/com.samsung.android.app.routines.LifestyleModeTile}]
08-09 17:06:30.452 D/TelephonyRegistry( 1319): notifyDataConnectionForSubscriber: phoneId=0 subId=4 state: CONNECTING, transport: WWAN, id: -1, network type: LTE, APN Setting: [ApnSetting] Jio 4G, 6085, 405874, jionet, , null, , null, null, 0, supl | hipri | default | xcap, IPV4V6, IPV4V6, true, 0, false, 20, 0, 300, 0, 0, null, , false, UNKNOWN, UNKNOWN, 0, -1, -1, false, link properties: {LinkAddresses: [ ] DnsAddresses: [ ] Domains: null MTU: 0 TcpBufferSizes: 2097152,4194304,8388608,524288,1572864,2097152 Routes: [ ]}, fail cause: NONE(0x0)
08-09 17:06:30.452 D/TelephonyRegistry( 1319): onDataConnectionStateChanged(CONNECTING, LTE) subId=4, phoneId=0
08-09 17:06:30.453 I/am_proc_start( 1319): [0,4220,10194,com.samsung.android.app.smartcapture:tileservice,service,{com.samsung.android.app.smartcapture/com.samsung.android.app.screenrecorder.view.RecordScreenTile}]
08-09 17:06:30.457 E/PhoneSubInfoController( 2286): getGroupIdLevel1 phone is null for Subscription:-1
08-09 17:06:30.481 I/service_manager_slow( 4037): [10,vpn_management]
08-09 17:06:30.485 I/power_partial_wake_state( 1319): [CHG,35,*telephony-radio*:com.android.phone]
08-09 17:06:30.492 I/RILJ ( 2286): !@Boot_SVC : setupDataCall
08-09 17:06:30.492 I/RILJ ( 2286): !@Boot_EBS_N : setupDataCall [jionet]
08-09 17:06:30.493 D/RILJ ( 2286): [0318]> SETUP_DATA_CALL,reason=NORMAL,accessNetworkType=EUTRAN,dataProfile=[DataProfile=[ApnSetting] Jio 4G, 6085, 405874, jionet, , null, , null, null, 0, supl | hipri | default | xcap, IPV4V6, IPV4V6, true, 0, false, 20, 0, 300, 0, 0, null, , false, UNKNOWN, UNKNOWN, 0, -1, -1, false, null, preferred=true, cid=-1, profileId=0],isRoaming=false,allowRoaming=false,linkProperties=null,pduSessionId=0,sliceInfo=null,trafficDescriptor=TrafficDescriptor={mDnn=jionet, null},matchAllRuleAllowed=true [PHONE0]
08-09 17:06:30.549 I/am_proc_start( 1319): [0,4226,10356,com.accuver.vpn_capture,service,{com.accuver.vpn_capture/com.accuver.vpn_capture.service.TouchAccessibilityService}]
08-09 17:06:30.552 D/DCT-C-0 ( 2286): Intent.getAction() : android.net.conn.TETHER_STATE_CHANGED
08-09 17:06:30.552 D/DCT-C-0 ( 2286): onTetherStateChanged, tethered = 1, mTetherRequested = false
08-09 17:06:30.553 I/power_partial_wake_state( 1319): [CHG,0,*telephony-sem-radio*:com.android.phone]
08-09 17:06:30.554 D/SEM_RILJ( 2286): [0319]> OEM_HOOK_RAW[0914000501] [PHONE0]
08-09 17:06:30.554 D/DCT-C-0 ( 2286): Set tether state On
08-09 17:06:30.554 D/DCT-C-1 ( 2286): Intent.getAction() : android.net.conn.TETHER_STATE_CHANGED
08-09 17:06:30.554 D/DCT-C-1 ( 2286): onTetherStateChanged, tethered = 1, mTetherRequested = false
08-09 17:06:30.555 I/power_partial_wake_state( 1319): [CHG,0,*telephony-sem-radio*:com.android.phone]
08-09 17:06:30.556 D/SEM_RILJ( 2286): [0320]> OEM_HOOK_RAW[0914000501] [PHONE1]
08-09 17:06:30.556 D/DCT-C-1 ( 2286): Set tether state On
08-09 17:06:30.556 D/SSCtr ( 2286): [0] EVENT_SIGNAL_LEVEL_INFO_CHANGED - SignalBarInfo{ lteLevel=4 }
08-09 17:06:30.557 D/UiccProfile( 2286): handleMessage: Received OPEN_LOGICAL_CHANNEL_DONE for phoneId 0
08-09 17:06:30.557 D/GsmCdmaPhone( 2286): [0] EVENT_REQUEST_VOICE_RADIO_TECH_DONE: newVoiceTech=3
08-09 17:06:30.557 D/GsmCdmaPhone( 2286): [0] phoneObjectUpdater: newVoiceRadioTech=3
08-09 17:06:30.557 D/GsmCdmaPhone( 2286): [0] phoneObjectUpdater: No change ignore, newVoiceRadioTech=3 mActivePhone=GSM
08-09 17:06:30.557 D/SST ( 2286): [0] pollState: modemTriggered=true, radioState=1
08-09 17:06:30.559 D/DC-C-1 ( 2286): DcActivatingState: msg={what=EVENT_DATA_CONNECTION_T3346_STOP when=-374ms target=Handler (com.android.internal.telephony.StateMachine$SmHandler) {555f00c} replyTo=null}
08-09 17:06:30.559 E/RILD2 ( 1413): ProcessSingleIpcMessageReceived() - There is no IpcHistoryRecord
08-09 17:06:30.559 D/DC-C-1 ( 2286): DcActivatingState T3346 EVENT_DATA_CONNECTION_T3346 T3346_TIMER_STOP_V01
08-09 17:06:30.559 D/SEM_RILJ( 2286): [0320]< OEM_HOOK_RAW [B@b665f3f [PHONE1]
08-09 17:06:30.559 I/power_partial_wake_state( 1319): [CHG,3,*telephony-sem-radio*:com.android.phone]
08-09 17:06:30.560 I/power_partial_wake_state( 1319): [REL,0,*telephony-sem-radio*:com.android.phone]
08-09 17:06:30.562 D/RILJ ( 2286): [0321]> OPERATOR [PHONE0]
08-09 17:06:30.564 I/dvm_lock_sample( 1319): [system_server,1,binder:1319_11,139,ActivityManagerService.java,15036,boolean com.android.server.am.ActivityManagerService.unbindService(android.app.IServiceConnection),,0,null,27]
08-09 17:06:30.566 I/am_proc_bound( 1319): [0,4220,com.samsung.android.app.smartcapture:tileservice]
08-09 17:06:30.566 D/RILJ ( 2286): [0322]> QUERY_NETWORK_SELECTION_MODE [PHONE0]
08-09 17:06:30.567 E/Phone ( 2286): [0] Usage Setting is Supported but Preferred Setting Unknown!
08-09 17:06:30.567 D/GsmCdmaPhone( 2286): EVENT_GET_RADIO_CAPABILITY: phone rc: {mPhoneId = 0 mVersion=1 mSession=0 mPhase=4 mRadioAccessFamily=840583 mLogicModemId=0 mStatus=1}
08-09 17:06:30.567 D/SemGsmCdmaPhone( 2286): [0] EVENT_UPDATE_ALLOW_NETWORKTYPES_DONE Received
08-09 17:06:30.567 D/RILJ ( 2286): [0323]> DATA_REGISTRATION_STATE [PHONE0]
08-09 17:06:30.567 D/RILJ ( 2286): getDataRegistrationState: overrideHalVersion=null [PHONE0]
08-09 17:06:30.568 D/RILJ ( 2286): [0324]> VOICE_REGISTRATION_STATE [PHONE0]
08-09 17:06:30.568 D/RILJ ( 2286): getVoiceRegistrationState: overrideHalVersion=null [PHONE0]
08-09 17:06:30.574 I/am_uid_active( 1319): 10194
08-09 17:06:30.575 D/Phone ( 2286): getCallForwardingIndicatorFromSharedPref: for subId 4= 0. serviceClass: 0x1
08-09 17:06:30.575 D/SmsBroadcastUndelivered( 2286): finished scanning raw table in 345 ms
08-09 17:06:30.576 I/service_manager_slow( 4031): [27,netstats]
08-09 17:06:30.583 I/am_proc_bound( 1319): [0,4226,com.accuver.vpn_capture]
08-09 17:06:30.586 I/am_uid_active( 1319): 10356
08-09 17:06:30.591 I/am_proc_start( 1319): [0,4285,10369,com.innowireless.xcal.mobile5,service,{com.innowireless.xcal.mobile5/lib.dm.autocall.call.services.AccessService}]
08-09 17:06:30.594 D/SmsBroadcastUndelivered( 2286): finished scanning raw table in 366 ms
08-09 17:06:30.597 I/am_uid_running( 1319): 10353
08-09 17:06:30.604 I/dvm_lock_sample( 1319): [system_server,1,binder:1319_C,123,ContentProviderHelper.java,187,android.app.ContentProviderHolder com.android.server.am.ContentProviderHelper.getContentProviderImpl(android.app.IApplicationThread, java.lang.String, android.os.IBinder, int, java.lang.String, java.lang.String, boolean, int, int),,0,null,24]
08-09 17:06:30.605 D/Phone ( 2286): getCallForwardingIndicatorFromSharedPref: for subId 4= 0. serviceClass: 0x10
08-09 17:06:30.612 I/am_proc_bound( 1319): [0,4218,com.samsung.android.app.routines]
08-09 17:06:30.665 E/DCT-C-0 ( 2286): getPreferredApnSetId: cursor is null
08-09 17:06:30.669 D/DCT-C-0 ( 2286): hasMatchedTetherApnSetting: APNs=[]
08-09 17:06:30.675 E/DCT-C-0 ( 2286): getPreferredApnSetId: cursor is null
08-09 17:06:30.690 I/am_proc_start( 1319): [0,4292,10353,com.innowireless.xcal_messenger,service,{com.innowireless.xcal_messenger/com.innowireless.xcal_messenger.service.MyAccessibilityService}]
08-09 17:06:30.693 D/DCT-C-0 ( 2286): hasMatchedTetherApnSetting: APNs=[]
08-09 17:06:30.695 I/power_partial_wake_state( 1319): [REL,27,*job*/com.sec.android.diagmonagent/.dma.selflog.ExceptionService:android]
08-09 17:06:30.695 D/SST ( 2286): [0] EVENT_POLL_STATE_NETWORK_SELECTION_MODE
08-09 17:06:30.695 D/SST ( 2286): [0] pollState: modemTriggered=true, radioState=1
08-09 17:06:30.700 D/RILJ ( 2286): [0325]> OPERATOR [PHONE0]
08-09 17:06:30.709 I/am_uid_running( 1319): 10214
08-09 17:06:30.710 D/RILJ ( 2286): [0326]> QUERY_NETWORK_SELECTION_MODE [PHONE0]
08-09 17:06:30.711 D/RILJ ( 2286): [0327]> DATA_REGISTRATION_STATE [PHONE0]
08-09 17:06:30.711 D/RILJ ( 2286): getDataRegistrationState: overrideHalVersion=null [PHONE0]
08-09 17:06:30.712 D/RILJ ( 2286): [0328]> VOICE_REGISTRATION_STATE [PHONE0]
08-09 17:06:30.712 D/RILJ ( 2286): getVoiceRegistrationState: overrideHalVersion=null [PHONE0]
08-09 17:06:30.738 I/am_proc_start( 1319): [0,4336,10214,com.google.android.projection.gearhead:projection,service,{com.google.android.projection.gearhead/com.google.android.gearhead.notifications.SharedNotificationListenerManager$ListenerService}]
08-09 17:06:30.748 I/am_proc_bound( 1319): [0,4292,com.innowireless.xcal_messenger]
08-09 17:06:30.754 I/am_uid_active( 1319): 10353
08-09 17:06:30.770 I/am_proc_bound( 1319): [0,4285,com.innowireless.xcal.mobile5]
08-09 17:06:30.780 I/am_uid_active( 1319): 10369
08-09 17:06:30.789 I/am_proc_bound( 1319): [0,4336,com.google.android.projection.gearhead:projection]
08-09 17:06:30.791 D/SST ( 2286): [0] EVENT_GET_EXTENDED_REGISTRATION_STATE
08-09 17:06:30.791 I/IccSmsInterfaceManager( 2286): Added GSM cell broadcast subscription for MID range 4371 to 4372 from client com.google.android.cellbroadcastreceiver PhoneId : [0]
08-09 17:06:30.791 I/am_uid_active( 1319): 10214
08-09 17:06:30.792 D/IccSmsInterfaceManager( 2286): Calling setCellBroadcastActivation(true)
08-09 17:06:30.799 D/RILJ ( 2286): [0329]> GSM_BROADCAST_ACTIVATION activate = true [PHONE0]
08-09 17:06:30.800 I/power_partial_wake_state( 1319): [REL,1213,RILJ_ACK_WL:com.android.phone]
08-09 17:06:30.828 W/TelephonyRegistry( 1319): Pid 2286 has exceeded half the number of permissible registered listeners. Now at 34
08-09 17:06:30.830 I/wm_requested_orientation( 1319): [5,com.sec.android.app.launcher]
08-09 17:06:30.843 D/ARGOS ( 3432): argos: argos_monitor: UFS - Mbps:1584 prev_tput:1076
08-09 17:06:30.845 I/wm_on_create_called( 2775): [109097444,com.sec.android.app.launcher.activities.LauncherActivity,performCreate]
08-09 17:06:30.846 I/wm_on_start_called( 2775): [109097444,com.sec.android.app.launcher.activities.LauncherActivity,handleStartActivity]
08-09 17:06:30.849 I/wm_on_resume_called( 2775): [109097444,com.sec.android.app.launcher.activities.LauncherActivity,RESUME_ACTIVITY]
08-09 17:06:30.852 I/am_proc_start( 1319): [0,4392,10227,com.google.android.googlequicksearchbox:search,service,{com.google.android.googlequicksearchbox/com.google.android.apps.gsa.nowoverlayservice.DrawerOverlayService}]
08-09 17:06:30.866 I/wm_on_top_resumed_gained_called( 2775): [109097444,com.sec.android.app.launcher.activities.LauncherActivity,topStateChangedWhenResumed]
08-09 17:06:30.869 D/NetworkTypeController( 2286): [0] LegacyState: process EVENT_CARRIER_CONFIG_CHANGED
08-09 17:06:30.869 D/NetworkTypeController( 2286): [0] Reset timers since NR is not allowed.
08-09 17:06:30.869 D/NetworkTypeController( 2286): [0] DefaultState: process EVENT_CARRIER_CONFIG_CHANGED
08-09 17:06:30.869 I/service_manager_slow( 3965): [42,android.system.keystore2.IKeystoreService/default]
08-09 17:06:30.873 D/NetworkTypeController( 2286): [0] EUR: isLatinSubOperator: false
08-09 17:06:30.874 D/NetworkTypeController( 2286): [0] Use Feature, mCfgNrIconConfiguration: connected_mmwave:5G,connected:5G,not_restricted_rrc_idle:5G,not_restricted_rrc_con:5G
08-09 17:06:30.874 D/NetworkTypeController( 2286): [0] getServerConfigValues: [30, 30, 0]
08-09 17:06:30.874 D/NetworkTypeController( 2286): [0] mOverrideTimerRules: {connected={mState=connected, mOverrideType=NR_NSA, mPrimaryTimers={}, mSecondaryTimers={}}, not_restricted_rrc_con={mState=not_restricted_rrc_con, mOverrideType=NR_NSA, mPrimaryTimers={}, mSecondaryTimers={}}, legacy={mState=legacy, mOverrideType=NONE, mPrimaryTimers={}, mSecondaryTimers={}}, not_restricted_rrc_idle={mState=not_restricted_rrc_idle, mOverrideType=NR_NSA, mPrimaryTimers={}, mSecondaryTimers={}}, restricted={mState=restricted, mOverrideType=NONE, mPrimaryTimers={}, mSecondaryTimers={}}, connected_mmwave={mState=connected_mmwave, mOverrideType=NR_NSA, mPrimaryTimers={}, mSecondaryTimers={}}}
08-09 17:06:30.874 D/NetworkTypeController( 2286): [0] Reset timers since carrier configurations changed.
08-09 17:06:30.874 D/NetworkTypeController( 2286): [0] is5gAvailable: false, 0, 0
08-09 17:06:30.874 D/UiccProfile( 2286): handleMessage: Received CARRIER_CONFIG_CHANGED for phoneId 0
08-09 17:06:30.898 D/DDS-TelephonyNetworkFactory[0]( 2286): got request NetworkRequest [ REQUEST id=117, [ Transports: CELLULAR Capabilities: IMS&TRUSTED&NOT_VPN Specifier: Uid: 1000 RequestorUid: 1000 RequestorPkg: com.sec.imsservice UnderlyingNetworks: Null] ]
08-09 17:06:30.898 D/UiccHqmController( 2286): Intent : android.intent.action.SIM_STATE_CHANGED
08-09 17:06:30.898 D/UiccHqmController( 2286): feature : 0
08-09 17:06:30.898 D/UiccHqmController( 2286): pbstate[0] 2
08-09 17:06:30.898 D/UiccHqmController( 2286): pbstate[1] 1
08-09 17:06:30.898 D/SmsDispatchersController( 2286): [CB] sBootCompleted: false
08-09 17:06:30.898 D/SmsDispatchersController( 2286): [CB] SimState is on
08-09 17:06:30.898 D/SmsDispatchersController( 2286): [CB] MultiSIM device broadcastCbSettingsAvailable in SIM state-loaded
08-09 17:06:30.898 D/SmsDispatchersController( 2286): [CB] broadcastCbSettingsAvailable method
08-09 17:06:30.898 D/SmsDispatchersController( 2286): [CB] broadcastCbSettingsAvailable method with phoneId = 0
08-09 17:06:30.900 D/SST-SEM ( 2286): [0] onReceive - action: android.intent.action.SIM_STATE_CHANGED
08-09 17:06:30.900 D/SemEmergencyNumberTracker( 2286): [0] ACTION_SIM_STATE_CHANGED - Update EmergencyNumberList when SIM state is changed. phoneId: 0, subId: 4, state: LOADED, simState: 5
08-09 17:06:30.900 D/SemEmergencyNumberTracker( 2286): [0] updateEmergencyNumberListVendorDatabaseAndNotify
08-09 17:06:30.900 D/SemEmergencyNumberTracker( 2286): [0] cacheVendorEmergencyDatabase - withSim: true, operator: , simOperator: 405874
08-09 17:06:30.900 D/SemEmergencyNumberTracker( 2286): [0] cacheVendorEmergencyDatabase - ecclistFromDatabase: 112,911
08-09 17:06:30.907 D/SemEmergencyNumberTracker( 2286): [0] notifyEmergencyNumberList(): notified. VDB: 2, DB: 1, RADIO: 0, HIGH: 0, ALL: 112/0(oD), 911/0(oD)
08-09 17:06:30.908 D/SmsDispatchersController( 2286): [CB] sBootCompleted: false
08-09 17:06:30.908 D/SST-SEM ( 2286): [1] onReceive - action: android.intent.action.SIM_STATE_CHANGED
08-09 17:06:30.909 D/ONS ( 2286): SIM state changed
08-09 17:06:30.909 D/DC-C-1 ( 2286): DcActivatingState: msg={what=EVENT_CARRIER_PRIVILEGED_UIDS_CHANGED when=0 obj=android.os.AsyncResult@bf21c27 target=Handler (com.android.internal.telephony.StateMachine$SmHandler) {555f00c} replyTo=null}
08-09 17:06:30.909 D/UiccHqmController( 2286): Intent : android.intent.action.SIM_STATE_CHANGED
08-09 17:06:30.909 D/UiccHqmController( 2286): feature : 0
08-09 17:06:30.909 D/UiccHqmController( 2286): pbstate[0] 2
08-09 17:06:30.909 D/UiccHqmController( 2286): pbstate[1] 1
08-09 17:06:30.909 D/SAT ( 2286): [0]onSimAbsent, reset activation state to UNKNOWN
08-09 17:06:30.909 D/SAT ( 2286): [0]setVoiceActivationState=0
08-09 17:06:30.910 D/SAT ( 2286): [0]setDataActivationState=0
08-09 17:06:30.910 I/SmsConfig( 2286): [0] sms_not_receive_cmas_without_sim = false
08-09 17:06:30.910 D/SST-SEM ( 2286): [0] onReceive - action: android.intent.action.SIM_STATE_CHANGED
08-09 17:06:30.910 D/SST-SEM ( 2286): [0] isOtherSlotAbsent - Try Unblock IPC to send here in Absent. Other cases in other area
08-09 17:06:30.911 D/SAT ( 2286): [1]onSimAbsent, reset activation state to UNKNOWN
08-09 17:06:30.911 D/SAT ( 2286): [1]setVoiceActivationState=0
08-09 17:06:30.911 D/SAT ( 2286): [1]setDataActivationState=0
08-09 17:06:30.911 I/SmsConfig( 2286): [0] sms_not_receive_cmas_without_sim = false
08-09 17:06:30.911 D/SST-SEM ( 2286): [1] onReceive - action: android.intent.action.SIM_STATE_CHANGED
08-09 17:06:30.912 D/SST-SEM ( 2286): [1] isOtherSlotAbsent - Try Unblock IPC to send here in Absent. Other cases in other area
08-09 17:06:30.912 D/SemEmergencyNumberTracker( 2286): [1] ACTION_SIM_STATE_CHANGED - Update EmergencyNumberList when SIM state is changed. phoneId: 1, subId: 2147483647, state: ABSENT, simState: 1
08-09 17:06:30.912 D/SemEmergencyNumberTracker( 2286): [1] updateEmergencyNumberListVendorDatabaseAndNotify
08-09 17:06:30.912 D/SemEmergencyNumberTracker( 2286): [1] cacheVendorEmergencyDatabase - withSim: false, operator: , simOperator:
08-09 17:06:30.912 D/SemEmergencyNumberTracker( 2286): [1] cacheVendorEmergencyDatabase - ecclistFromDatabase: 112,911,999,000,08,110,118,119
08-09 17:06:30.913 D/SemEmergencyNumberTracker( 2286): [1] notifyEmergencyNumberList(): notified. VDB: 8, DB: 0, RADIO: 0, HIGH: 0, ALL: 000/0(oD), 08/0(oD), 110/0(oD), 112/0(oD), 118/0(oD), 119/0(oD), 911/0(oD), 999/0(oD)
08-09 17:06:30.927 I/input_focus( 1319): [Focus request c4278c1 com.sec.android.app.launcher/com.sec.android.app.launcher.activities.LauncherActivity,reason=UpdateInputWindows]
08-09 17:06:30.927 D/ONS ( 2286): SIM state changed
08-09 17:06:30.928 D/UiccPort( 2286): onLogicalChannelOpened: monitoring client OpenLogicalChannelRecord { mRequest=com.android.internal.telephony.IccLogicalChannelRequest{subId: 4, slotIndex: -1, portIndex: 0, callingPackage: com.android.se, aid: , p2: -1, channel: 2, binder: android.os.BinderProxy@7d40ed4}}
08-09 17:06:30.928 D/SST-SEM ( 2286): [1] requestAllCellInfo - UID: 1001, PID: 2286
08-09 17:06:30.930 I/power_partial_wake_state( 1319): [CHG,0,*telephony-radio*:com.android.phone]
08-09 17:06:30.930 D/RILJ ( 2286): [0330]> GET_CELL_INFO_LIST [PHONE1]
08-09 17:06:30.931 D/LocaleTracker-0( 2286): processCellInfo: cell info=[CellInfoLte:{mRegistered=YES mTimeStamp=26917558946ns mCellConnectionStatus=0 CellIdentityLte:{ mCi=7***30 mPci=149 mTac=*3 mEarfcn=2450 mBands=[5] mBandwidth=2147483647 mMcc=405 mMnc=874 mAlphaLong=JIO 4G mAlphaShort=JIO 4G mAdditionalPlmns={} mCsgInfo=null} CellSignalStrengthLte: rssi=-51 rsrp=-79 rsrq=-14 rssnr=2147483647 cqiTableIndex=2147483647 cqi=2147483647 ta=2147483647 level=4 parametersUseForLevel=1 android.telephony.CellConfigLte :{ isEndcAvailable = false }}, CellInfoLte:{mRegistered=NO mTimeStamp=26917558946ns mCellConnectionStatus=0 CellIdentityLte:{ mCi=2147483647 mPci=275 mTac=2147483647 mEarfcn=2525 mBands=[5] mBandwidth=2147483647 mMcc=null mMnc=null mAlphaLong= mAlphaShort= mAdditionalPlmns={} mCsgInfo=null} CellSignalStrengthLte: rssi=-51 rsrp=-79 rsrq=-15 rssnr=2147483647 cqiTableIndex=2147483647 cqi=2147483647 ta=2147483647 level=4 parametersUseForLevel=1 android.telephony.CellConfigLte :{ isEndcAvailable = false }}, CellInfoLte:{mRegistered=NO mTimeStamp=26917558946ns mCellConnectionStatus=0 CellIdentityLte:{ mCi=2147483647 mPci=315 mTac=2147483647 mEarfcn=38750 mBands=[40] mBandwidth=2147483647 mMcc=null mMnc=null mAlphaLong= mAlphaShort= mAdditionalPlmns={} mCsgInfo=null} CellSignalStrengthLte: rssi=-67 rsrp=-98 rsrq=-19 rssnr=2147483647 cqiTableIndex=2147483647 cqi=2147483647 ta=2147483647 level=2 parametersUseForLevel=1 android.telephony.CellConfigLte :{ isEndcAvailable = false }}, CellInfoLte:{mRegistered=NO mTimeStamp=26917558946ns mCellConnectionStatus=0 CellIdentityLte:{ mCi=2147483647 mPci=392 mTac=2147483647 mEarfcn=1251 mBands=[3] mBandwidth=2147483647 mMcc=null mMnc=null mAlphaLong= mAlphaShort= mAdditionalPlmns={} mCsgInfo=null} CellSignalStrengthLte: rssi=-63 rsrp=-89 rsrq=-16 rssnr=2147483647 cqiTableIndex=2147483647 cqi=2147483647 ta=2147483647 level=3 parametersUseForLevel=1 android.telephony.CellConfigLte :{ isEndcAvailable = false }}]
08-09 17:06:30.931 D/LocaleTracker-0( 2286): updateLocale: countryIso = in, countryIsoDebugInfo = OperatorNumeric(405874): MccTable.countryCodeForMcc("405")
08-09 17:06:30.931 D/LocaleTracker-0( 2286): updateLocale: timeZoneCountryIso = in, timeZoneCountryIsoDebugInfo = OperatorNumeric: MccTable.geoCountryCodeForMccMnc(MccMnc{mcc='405', mnc='874'})
08-09 17:06:30.931 D/NitzStateMachineImpl( 2286): handleCountryDetected: countryIsoCode=in, mLatestNitzSignal=NitzSignal{mReceiptElapsedMillis=PT17.552S, mNitzData=NitzData{mOriginalString=23/08/09,11:36:19+22,00, mZoneOffset=19800000, mDstOffset=0, mCurrentTimeMillis=1691580979000, mEmulatorHostTimeZone=null}, mAgeMillis=0}
08-09 17:06:30.931 D/FeatureConnector( 2286): [ImsStateCallbackController, 1] imsFeatureRemoved: reason=0
08-09 17:06:30.931 D/ImsStateCallbackController( 2286): [1, RCS] connectionUnavailable reason=DISCONNECTED
08-09 17:06:30.932 D/FeatureConnector( 2286): [ImsProvisioningController, 1] imsFeatureRemoved: reason=0
08-09 17:06:30.932 I/am_proc_bound( 1319): [0,4392,com.google.android.googlequicksearchbox:search]
08-09 17:06:30.932 D/FeatureConnector( 2286): [ImsStateCallbackController, 0] imsFeatureRemoved: reason=0
08-09 17:06:30.933 D/ImsStateCallbackController( 2286): [0, RCS] connectionUnavailable reason=DISCONNECTED
08-09 17:06:30.933 D/FeatureConnector( 2286): [ImsProvisioningController, 0] imsFeatureRemoved: reason=0
08-09 17:06:30.933 D/FeatureConnector( 2286): [RcsProvisioningMonitor, 0] imsFeatureRemoved: reason=0
08-09 17:06:30.933 D/ImsProvisioningController( 2286): RcsFeatureListener[1] connection unavailable
08-09 17:06:30.933 E/rild ( 1413): getCellInfoListResponse: Invalid response
08-09 17:06:30.933 D/FeatureConnector( 2286): [ImsStateCallbackController, 0] imsFeatureRemoved: reason=0
08-09 17:06:30.933 D/ImsProvisioningController( 2286): RcsFeatureListener[0] connection unavailable
08-09 17:06:30.933 D/ImsStateCallbackController( 2286): [0, MMTEL] connectionUnavailable reason=DISCONNECTED
08-09 17:06:30.934 D/RILJ ( 2286): [0330]< GET_CELL_INFO_LIST error 63 [PHONE1]
08-09 17:06:30.934 D/RilRequest( 2286): [0330]< GET_CELL_INFO_LIST error: com.android.internal.telephony.CommandException: NO_NETWORK_FOUND ret= result={ when=-28s57ms what=43 target=com.android.internal.telephony.SemServiceStateTracker }
08-09 17:06:30.934 I/power_partial_wake_state( 1319): [CHG,4,*telephony-radio*:com.android.phone]
08-09 17:06:30.935 I/power_partial_wake_state( 1319): [REL,1,*telephony-radio*:com.android.phone]
08-09 17:06:30.935 D/FeatureConnector( 2286): [ImsProvisioningController, 0] imsFeatureRemoved: reason=0
08-09 17:06:30.935 D/FeatureConnector( 2286): [ImsSmsDispatcher, 0] imsFeatureRemoved: reason=0
08-09 17:06:30.936 D/ImsProvisioningController( 2286): MmTelFeatureListener[0] connection unavailable 0
08-09 17:06:30.936 D/FeatureConnector( 2286): [InstanceManager, 0] imsFeatureRemoved: reason=0
08-09 17:06:30.936 D/FeatureConnector( 2286): [ImsPhoneCallTracker, 0] imsFeatureRemoved: reason=0
08-09 17:06:30.936 D/FeatureConnector( 2286): [ImsStateCallbackController, 0] imsFeatureCreated: FeatureContainer{imsFeature=android.telephony.ims.feature.MmTelFeature$1@e85f710, imsConfig=android.telephony.ims.aidl.IImsConfig$Stub$Proxy@6b14209, imsRegistration=android.telephony.ims.aidl.IImsRegistration$Stub$Proxy@78e0c0e, sipTransport=android.telephony.ims.aidl.ISipTransport$Stub$Proxy@ffb962f, state=READY, capabilities = capabilities={ EMERGENCY_OVER_MMTEL SIP_DELEGATE_CREATION }}, subId: 4
08-09 17:06:30.936 E/ImsManager [0]( 2286): associate FeatureContainer{imsFeature=android.telephony.ims.feature.MmTelFeature$1@e85f710, imsConfig=android.telephony.ims.aidl.IImsConfig$Stub$Proxy@6b14209, imsRegistration=android.telephony.ims.aidl.IImsRegistration$Stub$Proxy@78e0c0e, sipTransport=android.telephony.ims.aidl.ISipTransport$Stub$Proxy@ffb962f, state=READY, capabilities = capabilities={ EMERGENCY_OVER_MMTEL SIP_DELEGATE_CREATION }}
08-09 17:06:30.936 D/FeatureConnector( 2286): [ImsStateCallbackController, 0] imsStatusChanged: status=READY
08-09 17:06:30.936 D/FeatureConnector( 2286): [ImsProvisioningController, 0] imsFeatureCreated: FeatureContainer{imsFeature=android.telephony.ims.feature.MmTelFeature$1@e85f710, imsConfig=android.telephony.ims.aidl.IImsConfig$Stub$Proxy@6b14209, imsRegistration=android.telephony.ims.aidl.IImsRegistration$Stub$Proxy@78e0c0e, sipTransport=android.telephony.ims.aidl.ISipTransport$Stub$Proxy@ffb962f, state=READY, capabilities = capabilities={ EMERGENCY_OVER_MMTEL SIP_DELEGATE_CREATION }}, subId: 4
08-09 17:06:30.936 E/ImsManager [0]( 2286): associate FeatureContainer{imsFeature=android.telephony.ims.feature.MmTelFeature$1@e85f710, imsConfig=android.telephony.ims.aidl.IImsConfig$Stub$Proxy@6b14209, imsRegistration=android.telephony.ims.aidl.IImsRegistration$Stub$Proxy@78e0c0e, sipTransport=android.telephony.ims.aidl.ISipTransport$Stub$Proxy@ffb962f, state=READY, capabilities = capabilities={ EMERGENCY_OVER_MMTEL SIP_DELEGATE_CREATION }}
08-09 17:06:30.936 D/FeatureConnector( 2286): [ImsProvisioningController, 0] imsStatusChanged: status=READY
08-09 17:06:30.936 D/FeatureConnector( 2286): [ImsSmsDispatcher, 0] imsFeatureCreated: FeatureContainer{imsFeature=android.telephony.ims.feature.MmTelFeature$1@e85f710, imsConfig=android.telephony.ims.aidl.IImsConfig$Stub$Proxy@6b14209, imsRegistration=android.telephony.ims.aidl.IImsRegistration$Stub$Proxy@78e0c0e, sipTransport=android.telephony.ims.aidl.ISipTransport$Stub$Proxy@ffb962f, state=READY, capabilities = capabilities={ EMERGENCY_OVER_MMTEL SIP_DELEGATE_CREATION }}, subId: 4
08-09 17:06:30.936 I/ImsManagerIM [0]( 2286): connectionUnavailable, reason: 0
08-09 17:06:30.938 E/ImsManager [0]( 2286): associate FeatureContainer{imsFeature=android.telephony.ims.feature.MmTelFeature$1@e85f710, imsConfig=android.telephony.ims.aidl.IImsConfig$Stub$Proxy@6b14209, imsRegistration=android.telephony.ims.aidl.IImsRegistration$Stub$Proxy@78e0c0e, sipTransport=android.telephony.ims.aidl.ISipTransport$Stub$Proxy@ffb962f, state=READY, capabilities = capabilities={ EMERGENCY_OVER_MMTEL SIP_DELEGATE_CREATION }}
08-09 17:06:30.938 D/FeatureConnector( 2286): [ImsSmsDispatcher, 0] imsStatusChanged: status=READY
08-09 17:06:30.939 D/ImsProvisioningController( 2286): MmTelFeatureListener[0] connection ready
08-09 17:06:30.939 D/ImsProvisioningController( 2286): MmTelFeatureListener[0] onMmTelAvailable
08-09 17:06:30.940 D/FeatureConnector( 2286): [InstanceManager, 0] imsFeatureCreated: FeatureContainer{imsFeature=android.telephony.ims.feature.MmTelFeature$1@e85f710, imsConfig=android.telephony.ims.aidl.IImsConfig$Stub$Proxy@6b14209, imsRegistration=android.telephony.ims.aidl.IImsRegistration$Stub$Proxy@78e0c0e, sipTransport=android.telephony.ims.aidl.ISipTransport$Stub$Proxy@ffb962f, state=READY, capabilities = capabilities={ EMERGENCY_OVER_MMTEL SIP_DELEGATE_CREATION }}, subId: 4
08-09 17:06:30.940 E/ImsManagerIM [0]( 2286): associate FeatureContainer{imsFeature=android.telephony.ims.feature.MmTelFeature$1@e85f710, imsConfig=android.telephony.ims.aidl.IImsConfig$Stub$Proxy@6b14209, imsRegistration=android.telephony.ims.aidl.IImsRegistration$Stub$Proxy@78e0c0e, sipTransport=android.telephony.ims.aidl.ISipTransport$Stub$Proxy@ffb962f, state=READY, capabilities = capabilities={ EMERGENCY_OVER_MMTEL SIP_DELEGATE_CREATION }}
08-09 17:06:30.940 D/FeatureConnector( 2286): [InstanceManager, 0] imsStatusChanged: status=READY
08-09 17:06:30.940 D/FeatureConnector( 2286): [ImsPhoneCallTracker, 0] imsFeatureCreated: FeatureContainer{imsFeature=android.telephony.ims.feature.MmTelFeature$1@e85f710, imsConfig=android.telephony.ims.aidl.IImsConfig$Stub$Proxy@6b14209, imsRegistration=android.telephony.ims.aidl.IImsRegistration$Stub$Proxy@78e0c0e, sipTransport=android.telephony.ims.aidl.ISipTransport$Stub$Proxy@ffb962f, state=READY, capabilities = capabilities={ EMERGENCY_OVER_MMTEL SIP_DELEGATE_CREATION }}, subId: 4
08-09 17:06:30.940 I/ImsManagerIM [0]( 2286): connectionReady, subId: 4
08-09 17:06:30.940 E/ImsManager [0]( 2286): associate FeatureContainer{imsFeature=android.telephony.ims.feature.MmTelFeature$1@e85f710, imsConfig=android.telephony.ims.aidl.IImsConfig$Stub$Proxy@6b14209, imsRegistration=android.telephony.ims.aidl.IImsRegistration$Stub$Proxy@78e0c0e, sipTransport=android.telephony.ims.aidl.ISipTransport$Stub$Proxy@ffb962f, state=READY, capabilities = capabilities={ EMERGENCY_OVER_MMTEL SIP_DELEGATE_CREATION }}
08-09 17:06:30.940 D/ImsStateCallbackController( 2286): [0, MMTEL] connectionReady 4
08-09 17:06:30.941 D/FeatureConnector( 2286): [ImsPhoneCallTracker, 0] imsStatusChanged: status=READY
08-09 17:06:30.941 D/FeatureConnector( 2286): [ImsStateCallbackController, 1] updateCapabilities: capabilities=capabilities={ EMERGENCY_OVER_MMTEL SIP_DELEGATE_CREATION }
08-09 17:06:30.941 D/FeatureConnector( 2286): [ImsProvisioningController, 1] updateCapabilities: capabilities=capabilities={ EMERGENCY_OVER_MMTEL SIP_DELEGATE_CREATION }
08-09 17:06:30.941 D/FeatureConnector( 2286): [ImsSmsDispatcher, 1] updateCapabilities: capabilities=capabilities={ EMERGENCY_OVER_MMTEL SIP_DELEGATE_CREATION }
08-09 17:06:30.941 D/FeatureConnector( 2286): [InstanceManager, 1] updateCapabilities: capabilities=capabilities={ EMERGENCY_OVER_MMTEL SIP_DELEGATE_CREATION }
08-09 17:06:30.941 D/FeatureConnector( 2286): [ImsPhoneCallTracker, 1] updateCapabilities: capabilities=capabilities={ EMERGENCY_OVER_MMTEL SIP_DELEGATE_CREATION }
08-09 17:06:30.942 D/DCT-C-0 ( 2286): shouldRestrictDataForEcbm: isInEcm=false isInImsEcm=false
08-09 17:06:30.942 D/DDS-SemPhoneSwitcher( 2286): handleMessage msg={ when=-87ms what=111 target=com.android.internal.telephony.data.SemPhoneSwitcher }
08-09 17:06:30.943 W/ImsProvisioningController( 2286): isProvisioningRequired : getTechsFromCarrierConfig failed
08-09 17:06:30.948 D/ImsProvisioningController( 2286): isImsProvisioningRequiredForCapability capability 1 tech 0 return value false
08-09 17:06:30.948 D/ImsProvisioningController( 2286): MmTelFeatureListener[0] setInitialProvisioningKeys provisioning required(voice, lte) false
08-09 17:06:30.956 W/ImsProvisioningController( 2286): isProvisioningRequired : getTechsFromCarrierConfig failed
08-09 17:06:30.959 D/ImsProvisioningController( 2286): isImsProvisioningRequiredForCapability capability 2 tech 0 return value false
08-09 17:06:30.959 D/ImsProvisioningController( 2286): MmTelFeatureListener[0] setInitialProvisioningKeys provisioning required(video, lte) false
08-09 17:06:30.960 W/ImsProvisioningController( 2286): isProvisioningRequired : getTechsFromCarrierConfig failed
08-09 17:06:30.964 D/ImsProvisioningController( 2286): isImsProvisioningRequiredForCapability capability 1 tech 1 return value false
08-09 17:06:30.965 D/ImsProvisioningController( 2286): MmTelFeatureListener[0] setInitialProvisioningKeys provisioning required(voice, iwlan) false
08-09 17:06:31.009 D/DDS-SemPhoneSwitcher( 2286): handleMessage msg={ when=-111ms what=103 obj=NetworkRequest [ REQUEST id=117, [ Transports: CELLULAR Capabilities: IMS&TRUSTED&NOT_VPN Specifier: Uid: 1000 RequestorUid: 1000 RequestorPkg: com.sec.imsservice UnderlyingNetworks: Null] ] target=com.android.internal.telephony.data.SemPhoneSwitcher }
08-09 17:06:31.013 I/wm_on_idle_called( 2775): {com.sec.android.app.launcher/com.sec.android.app.launcher.activities.LauncherActivity}
08-09 17:06:31.013 I/wm_idle_activity( 1319): [0,109097444,com.sec.android.app.launcher/.activities.LauncherActivity]
08-09 17:06:31.013 I/power_partial_wake_state( 1319): [REL,1201,*launch*:android]
08-09 17:06:31.014 I/wm_destroy_activity( 1319): [0,83722493,6,com.android.settings/.FallbackHome,finish-idle]
08-09 17:06:31.017 I/wm_on_stop_called( 2694): [83722493,com.android.settings.FallbackHome,LIFECYCLER_STOP_ACTIVITY]
08-09 17:06:31.017 D/DcRequest( 2286): Cellular request confirmed: NetworkRequest [ REQUEST id=117, [ Transports: CELLULAR Capabilities: IMS&TRUSTED&NOT_VPN Specifier: Uid: 1000 RequestorUid: 1000 RequestorPkg: com.sec.imsservice UnderlyingNetworks: Null] ]
08-09 17:06:31.017 D/DDS-SemPhoneSwitcher( 2286): getRequestOverride : requestPhoneId = -1, mPreferredDataPhoneId = 0, mPrimaryDataSubId = 4, ddsSubId = 4
08-09 17:06:31.017 D/DDS-SemPhoneSwitcher( 2286): getRequestOverride : RequestOverride(mState = NONE, mPhoneId = -1, mDelayReason = NONE)
08-09 17:06:31.017 D/DDS-SemPhoneSwitcher( 2286): mAutoDdsPhoneId : -1, mPreferredDataPhoneId :0
08-09 17:06:31.017 D/DDS-SemPhoneSwitcher( 2286): updatePreferredDataPhoneId: mPreferredDataPhoneId = 0(PRIMARYDATA)
08-09 17:06:31.020 I/input_focus( 1319): [Focus entering c4278c1 com.sec.android.app.launcher/com.sec.android.app.launcher.activities.LauncherActivity (server),reason=Window became focusable. Previous reason: NOT_VISIBLE]
08-09 17:06:31.021 D/DDS-TelephonyNetworkFactory[0]( 2286): handleMessage msg={ when=-123ms what=3 obj=NetworkRequest [ REQUEST id=117, [ Transports: CELLULAR Capabilities: IMS&TRUSTED&NOT_VPN Specifier: Uid: 1000 RequestorUid: 1000 RequestorPkg: com.sec.imsservice UnderlyingNetworks: Null] ] target=com.android.internal.telephony.data.TelephonyNetworkFactory$InternalHandler }
08-09 17:06:31.021 D/DDS-TelephonyNetworkFactory[0]( 2286): onNeedNetworkFor [NetworkRequest [ REQUEST id=117, [ Transports: CELLULAR Capabilities: IMS&TRUSTED&NOT_VPN Specifier: Uid: 1000 RequestorUid: 1000 RequestorPkg: com.sec.imsservice UnderlyingNetworks: Null] ], mPriority=0, state=UNSATISFIED, mAttachedDataNetwork=null, isMetered=false, created time=17:06:31.021, evaluation result=null] shouldApply true
08-09 17:06:31.021 D/DCT-C-0 ( 2286): DDS-DcTracker.requestNetwork for NetworkRequest [ REQUEST id=117, [ Transports: CELLULAR Capabilities: IMS&TRUSTED&NOT_VPN Specifier: Uid: 1000 RequestorUid: 1000 RequestorPkg: com.sec.imsservice UnderlyingNetworks: Null] ] found {mApnType=ims mState=IDLE mWaitingApns={[] priority=2} mApnSetting={null} mReason=radioTurnedOff mNeedDisconnectByDdsChange=false mDataEnabled=false}, type=NORMAL
08-09 17:06:31.023 I/imf_force_reconnect_ime( 1319): [com.samsung.android.honeyboard/.service.HoneyBoardService,3614,0]
08-09 17:06:31.028 D/RILJ ( 2286): [0331]> SIM_TRANSMIT_APDU_CHANNEL [PHONE0]
08-09 17:06:31.028 D/SST ( 2286): [1] EVENT_GET_CELL_INFO_LIST: error ret null, e=com.android.internal.telephony.CommandException: NO_NETWORK_FOUND
08-09 17:06:31.028 D/ImsSmsDispatcher [0]( 2286): ImsManager: connection unavailable, reason=0
08-09 17:06:31.028 D/IPF ( 2286): [IPCT]< FeatureConnectorListener.connectionUnavailable {reason: 0, mImsManager: com.android.ims.SecImsManager@b8850f0}
08-09 17:06:31.028 I/ImsPhoneCallTracker( 2286): [0] connectionUnavailable: 0
08-09 17:06:31.028 D/ImsPhoneCallTracker( 2286): [0] stopListeningForCalls
08-09 17:06:31.028 D/ImsManager [0]( 2286): Registration callback removed.
08-09 17:06:31.029 D/ImsConfig( 2286): removeConfigCallback: android.telephony.ims.ProvisioningManager$Callback$CallbackBinder@162646c
08-09 17:06:31.031 D/ImsPhoneCallTracker( 2286): [0] Resetting Capabilities...
