08-09 17:06:29.204 I/SmsConfig( 2286): [0] sms_not_used_validity_period_format : false
08-09 17:06:29.204 I/SmsConfig( 2286): [0] sms_read_confirm : false
08-09 17:06:29.204 I/SmsConfig( 2286): [0] sms_show_hidden_menu_sms_pref_mode : false
08-09 17:06:29.204 I/SmsConfig( 2286): [0] sms_allow_email_sms_address : false
08-09 17:06:29.204 I/SmsConfig( 2286): [0] sms_support_ksc5601 : false
08-09 17:06:29.204 I/SmsConfig( 2286): [0] sms_support_reply_address : false
08-09 17:06:29.204 I/SmsConfig( 2286): [0] sms_disable_sms_voicemail : false
08-09 17:06:29.204 I/SmsConfig( 2286): [0] sms_mms_uap_build_id : false
08-09 17:06:29.204 I/SmsConfig( 2286): [0] sms_max_retries_one : false
08-09 17:06:29.204 I/SmsConfig( 2286): [0] sms_ecm_incoming_sms : false
08-09 17:06:29.204 I/SmsConfig( 2286): [0] sms_support_gsm_8bit_sms : false
08-09 17:06:29.204 I/SmsConfig( 2286): [0] sms_check_ecm_mode : false
08-09 17:06:29.204 I/SmsConfig( 2286): [0] sms_write_uicc_supported : false
08-09 17:06:29.204 I/SmsConfig( 2286): [0] sms_receive_sms_without_smscapable : false
08-09 17:06:29.204 I/SmsConfig( 2286): [0] sms_rp_smma_not_supported : false
08-09 17:06:29.204 I/SmsConfig( 2286): [0] sms_check_duplicate_port_omadm_wappush : false
08-09 17:06:29.204 I/SmsConfig( 2286): [0] sms_not_receive_cmas_without_sim : false
08-09 17:06:29.204 I/SmsConfig( 2286): [0] sms_nsri_security_solution : false
08-09 17:06:29.204 I/SmsConfig( 2286): [0] sms_networklock_allow_sms : false
08-09 17:06:29.204 I/SmsConfig( 2286): [0] sms_network_search_for_e911 : false
08-09 17:06:29.205 I/SmsConfig( 2286): [0] sms_error_class_retry : false
08-09 17:06:29.205 I/SmsConfig( 2286): [0] sms_max_retries_zero : false
08-09 17:06:29.205 I/SmsConfig( 2286): [0] sms_not_used_validity_period_format : false
08-09 17:06:29.205 I/SmsConfig( 2286): [0] sms_read_confirm : false
08-09 17:06:29.205 I/SmsConfig( 2286): [0] sms_show_hidden_menu_sms_pref_mode : false
08-09 17:06:29.205 I/SmsConfig( 2286): [0] sms_allow_email_sms_address : false
08-09 17:06:29.205 I/SmsConfig( 2286): [0] sms_support_ksc5601 : false
08-09 17:06:29.205 I/SmsConfig( 2286): [0] sms_support_reply_address : false
08-09 17:06:29.205 I/SmsConfig( 2286): [0] sms_disable_sms_voicemail : false
08-09 17:06:29.205 I/SmsConfig( 2286): [0] sms_mms_uap_build_id : false
08-09 17:06:29.205 I/SmsConfig( 2286): [0] sms_max_retries_one : false
08-09 17:06:29.205 I/SmsConfig( 2286): [0] sms_ecm_incoming_sms : false
08-09 17:06:29.205 I/SmsConfig( 2286): [0] sms_support_gsm_8bit_sms : false
08-09 17:06:29.205 I/SmsConfig( 2286): [0] sms_check_ecm_mode : false
08-09 17:06:29.205 I/SmsConfig( 2286): [0] sms_write_uicc_supported : false
08-09 17:06:29.205 I/SmsConfig( 2286): [0] sms_receive_sms_without_smscapable : false
08-09 17:06:29.205 I/SmsConfig( 2286): [0] sms_rp_smma_not_supported : false
08-09 17:06:29.205 I/SmsConfig( 2286): [0] sms_check_duplicate_port_omadm_wappush : false
08-09 17:06:29.205 I/SmsConfig( 2286): [0] sms_not_receive_cmas_without_sim : false
08-09 17:06:29.205 I/SmsConfig( 2286): [0] sms_nsri_security_solution : false
08-09 17:06:29.205 I/SmsConfig( 2286): [0] sms_networklock_allow_sms : false
08-09 17:06:29.205 I/SmsConfig( 2286): [0] sms_network_search_for_e911 : false
08-09 17:06:29.205 D/ImsProvisioningController( 2286): MmTelFeatureListener[0] subId is not changed
08-09 17:06:29.205 I/power_partial_wake_state( 1319): [CHG,11,*telephony-sem-radio*:com.android.phone]
08-09 17:06:29.205 E/ImsProvisioningController( 2286): Fail to retrieve slotId from subId
08-09 17:06:29.205 W/ImsProvisioningController( 2286): setInitialProvisioningKeys: KEY_VOLTE_PROVISIONING_STATUS failed for subId=-1, exception: subscribe id is invalid
08-09 17:06:29.205 D/ImsProvisioningController( 2286): MmTelFeatureListener[1] subId is not changed
08-09 17:06:29.205 D/ImsProvisioningController( 2286): RcsFeatureListener[0] subId is not changed
08-09 17:06:29.205 E/ImsProvisioningController( 2286): Fail to retrieve slotId from subId
08-09 17:06:29.205 W/ImsProvisioningController( 2286): setInitialProvisioningKeys: KEY_EAB_PROVISIONING_STATUS failed for subId=-1, exception: subscribe id is invalid
08-09 17:06:29.206 D/ImsProvisioningController( 2286): RcsFeatureListener[1] subId is not changed
08-09 17:06:29.206 I/power_partial_wake_state( 1319): [REL,1,*telephony-sem-radio*:com.android.phone]
08-09 17:06:29.206 D/ImsProvisioningController( 2286): ProvisioningCallbackManager[0] subId is not changed
08-09 17:06:29.206 D/ImsProvisioningController( 2286): ProvisioningCallbackManager[1] subId is not changed
08-09 17:06:29.206 D/SEM_RILJ( 2286): [0286]< OEM_HOOK_RAW error 38 [PHONE1]
08-09 17:06:29.206 D/RilRequest( 2286): [0286]< OEM_HOOK_RAW error: com.android.internal.telephony.CommandException: INTERNAL_ERR ret=[B@a92a2e0 result=null
08-09 17:06:29.207 D/SubscriptionController( 2286): [getActiveSubscriptionInfoForSimSlotIndex]+ slotIndex=0 subId={id=4 iccId= simSlotIndex=0 carrierId=2018 displayName=Jio carrierName=JIO 4G | Jio nameSource=1 iconTint=-16746133 number= dataRoaming=0 iconBitmap=null mcc=405 mnc=874 countryIso=in isEmbedded=false nativeAccessRules=null cardString= cardId=3 portIndex=0 isOpportunistic=false groupUUID=null isGroupDisabled=false profileClass=-1 ehplmns=null hplmns=null subscriptionType=0 groupOwner=null carrierConfigAccessRules=null areUiccApplicationsEnabled=true usageSetting=0}
08-09 17:06:29.208 D/SEM_RILJ( 2286): [0289]< OEM_HOOK_RAW error 38 [PHONE1]
08-09 17:06:29.208 D/RilRequest( 2286): [0289]< OEM_HOOK_RAW error: com.android.internal.telephony.CommandException: INTERNAL_ERR ret=[B@1bba45e result=null
08-09 17:06:29.208 I/power_partial_wake_state( 1319): [CHG,16,*telephony-sem-radio*:com.android.phone]
08-09 17:06:29.210 I/power_partial_wake_state( 1319): [REL,2,*telephony-sem-radio*:com.android.phone]
08-09 17:06:29.211 D/RILJ ( 2286): [0290]< GET_ACTIVITY_INFO ModemActivityInfo{ mTimestamp=26334 mSleepTimeMs=4150 mIdleTimeMs=1337 mActivityStatsTechSpecificInfo=[{mRat=UNKNOWN,mFrequencyRange=UNKNOWN,mTxTimeMs[]=[1, 21, 47, 36, 36],mRxTimeMs=4268}]} [PHONE0]
08-09 17:06:29.213 I/notification_cancel( 1319): [1001,2286,com.android.phone,4,4,0,0,1088,8,NULL]
08-09 17:06:29.214 I/am_proc_start( 1319): [0,3758,10224,com.google.android.gms.persistent,broadcast,{com.google.android.gms/com.google.android.gms.chimera.GmsIntentOperationService$PersistentTrustedReceiver}]
08-09 17:06:29.215 I/notification_cancel( 1319): [1001,2286,com.android.phone,3,NULL,0,0,1088,8,NULL]
08-09 17:06:29.217 I/notification_cancel( 1319): [1001,2286,com.android.phone,2,NULL,0,0,1088,8,NULL]
08-09 17:06:29.219 I/power_partial_wake_state( 1319): [CHG,21,*telephony-radio*:com.android.phone]
08-09 17:06:29.220 I/power_partial_wake_state( 1319): [REL,1,*telephony-radio*:com.android.phone]
08-09 17:06:29.221 D/SST ( 2286): [1] SubscriptionListener.onSubscriptionInfoChanged
08-09 17:06:29.221 D/SST-SEM ( 2286): [1] onSubscriptionInfoChanged - subId: -1
08-09 17:06:29.221 D/UiccHqmController( 2286): Intent : android.intent.action.SIM_STATE_CHANGED
08-09 17:06:29.221 D/UiccHqmController( 2286): feature : 0
08-09 17:06:29.221 D/UiccHqmController( 2286): pbstate[0] 2
08-09 17:06:29.221 D/UiccHqmController( 2286): pbstate[1] 1
08-09 17:06:29.221 D/UiccHqmController( 2286): next time 1692185789221
08-09 17:06:29.232 E/PhoneSubInfoController( 2286): getGroupIdLevel1 phone is null for Subscription:-1
08-09 17:06:29.236 I/am_proc_bound( 1319): [0,3758,com.google.android.gms.persistent]
08-09 17:06:29.268 I/am_uid_active( 1319): 10224
08-09 17:06:29.277 D/SmsDispatchersController( 2286): [CB] sBootCompleted: false
08-09 17:06:29.277 D/SmsDispatchersController( 2286): [CB] SimState is on
08-09 17:06:29.277 D/SmsDispatchersController( 2286): [CB] MultiSIM device broadcastCbSettingsAvailable in SIM state-loaded
08-09 17:06:29.278 D/SmsDispatchersController( 2286): [CB] broadcastCbSettingsAvailable method
08-09 17:06:29.278 D/SmsDispatchersController( 2286): [CB] broadcastCbSettingsAvailable method with phoneId = 0
08-09 17:06:29.279 D/UiccHqmController( 2286): sendUiccInfo()
08-09 17:06:29.279 D/Phone ( 2286): getIccFileHandler: fh=Handler (com.android.internal.telephony.uicc.UsimFileHandler) {6b9315b}
08-09 17:06:29.279 D/Phone ( 2286): getIccFileHandler: fh=Handler (com.android.internal.telephony.uicc.UsimFileHandler) {6b9315b}
08-09 17:06:29.280 I/power_partial_wake_state( 1319): [CHG,1,*telephony-sem-radio*:com.android.phone]
08-09 17:06:29.281 D/SST-SEM ( 2286): [0] onReceive - action: android.intent.action.SIM_STATE_CHANGED
08-09 17:06:29.281 D/SemEmergencyNumberTracker( 2286): [0] ACTION_SIM_STATE_CHANGED - Update EmergencyNumberList when SIM state is changed. phoneId: 0, subId: 4, state: LOADED, simState: 5
08-09 17:06:29.281 D/SemEmergencyNumberTracker( 2286): [0] updateEmergencyNumberListVendorDatabaseAndNotify
08-09 17:06:29.281 D/SemEmergencyNumberTracker( 2286): [0] cacheVendorEmergencyDatabase - withSim: true, operator: , simOperator: 405874
08-09 17:06:29.281 D/SemEmergencyNumberTracker( 2286): [0] cacheVendorEmergencyDatabase - ecclistFromDatabase: 112,911
08-09 17:06:29.283 D/SemEmergencyNumberTracker( 2286): [0] notifyEmergencyNumberList(): notified. VDB: 2, DB: 1, RADIO: 0, HIGH: 0, ALL: 112/0(oD), 911/0(oD)
08-09 17:06:29.283 D/SmsDispatchersController( 2286): [CB] sBootCompleted: false
08-09 17:06:29.283 D/SST-SEM ( 2286): [1] onReceive - action: android.intent.action.SIM_STATE_CHANGED
08-09 17:06:29.285 D/DCT-C-0 ( 2286): Intent.getAction() : android.telephony.action.SIM_APPLICATION_STATE_CHANGED
08-09 17:06:29.285 D/DCT-C-1 ( 2286): Intent.getAction() : android.telephony.action.SIM_APPLICATION_STATE_CHANGED
08-09 17:06:29.285 D/DDS-SemPhoneSwitcher( 2286): mSimStateIntentReceiver: slotIndex = 0 state = 10
08-09 17:06:29.285 D/SST-SEM ( 2286): [0] onReceive - action: android.telephony.action.SUBSCRIPTION_CARRIER_IDENTITY_CHANGED
08-09 17:06:29.285 D/SST-SEM ( 2286): [1] onReceive - action: android.telephony.action.SUBSCRIPTION_CARRIER_IDENTITY_CHANGED
08-09 17:06:29.285 D/UiccProfile( 2286): iccOpenLogicalChannel: ***** , -1
08-09 17:06:29.286 D/SEM_RILJ( 2286): [0291]> USIM_PB_CAPA [PHONE0]
08-09 17:06:29.286 I/power_partial_wake_state( 1319): [CHG,0,*telephony-radio*:com.android.phone]
08-09 17:06:29.287 D/RILJ ( 2286): [0292]> SIM_OPEN_CHANNEL [PHONE0]
08-09 17:06:29.287 E/RILD ( 1413): TxUiccOpenChannel: P2 value:0, file_control_information: 2
08-09 17:06:29.290 D/SEM_RILJ( 2286): [0291]< USIM_PB_CAPA {1, 250, 30, 6, 2, 250, 40, 6, 0, 0, 0, 0, 0, 0, 0, 0, 0, 0, 0, 0, 0, 0, 0, 0, 0, 0, 0, 0, 0, 0, 0, 0, 0, 0, 0, 0, 0, 0, 0, 0, 0, 0, 0, 0, 0, 0, 0, 0, 0, 0, 0, 0} [PHONE0]
08-09 17:06:29.291 D/SmsManager( 3604): enableCellBroadcastRange: succeeded at calling enableCellBroadcastRangeForSubscriber. subId = 4
08-09 17:06:29.291 I/power_partial_wake_state( 1319): [CHG,6,*telephony-sem-radio*:com.android.phone]
08-09 17:06:29.291 D/RILJ ( 2286): [0293]> GET_ALLOWED_NETWORK_TYPES_BITMAP [PHONE0]
08-09 17:06:29.292 I/SmsConfig( 2286): [0] sms_not_receive_cmas_without_sim = false
08-09 17:06:29.294 D/IccSmsInterfaceManager( 2286): enableCdmaBroadcastRange
08-09 17:06:29.295 D/IccSmsInterfaceManager( 2286): Calling setCdmaBroadcastConfig with 1 configurations
08-09 17:06:29.295 I/power_partial_wake_state( 1319): [REL,4,*telephony-sem-radio*:com.android.phone]
08-09 17:06:29.296 D/RILJ ( 2286): [0294]> CDMA_SET_BROADCAST_CONFIG with 1 configs : [PHONE0]
08-09 17:06:29.296 D/RILJ ( 2286): CdmaSmsBroadcastConfigInfo: Id [4096, 4096] ENABLED [PHONE0]
08-09 17:06:29.296 D/ONSNetworkScanCtlr( 2286): init called
08-09 17:06:29.296 D/RILJ ( 2286): [0293]< GET_ALLOWED_NETWORK_TYPES_BITMAP {316295} [PHONE0]
08-09 17:06:29.297 D/RILJ ( 2286): [0294]< CDMA_SET_BROADCAST_CONFIG error 6 [PHONE0]
08-09 17:06:29.297 D/RilRequest( 2286): [0294]< CDMA_SET_BROADCAST_CONFIG error: com.android.internal.telephony.CommandException: REQUEST_NOT_SUPPORTED ret= result={ when=-26s420ms what=4 obj=com.android.internal.telephony.IccSmsInterfaceManager$Request@a4f8837 target=com.android.internal.telephony.IccSmsInterfaceManager$1 }
08-09 17:06:29.301 W/TelephonyRegistry( 1319): Pid 2286 has exceeded half the number of permissible registered listeners. Now at 34
08-09 17:06:29.301 D/TelephonyRegistry( 1319): listen ooscl: hasNotifyOpptSubInfoChangedOccurred==false no callback
08-09 17:06:29.302 D/ONSProfileSelector( 2286): ONSProfileSelector init complete
08-09 17:06:29.304 D/ONS ( 2286): service is enable state true
08-09 17:06:29.311 E/RILD ( 1413): Failed to open channel
08-09 17:06:29.311 E/RILC ( 1413): iccOpenLogicalChannelResponse Invalid response: NULL
08-09 17:06:29.311 I/service_manager_stats( 2286): [205,189,5021]
08-09 17:06:29.311 D/RILJ ( 2286): [0292]< SIM_OPEN_CHANNEL error 17 [PHONE0]
08-09 17:06:29.311 D/RilRequest( 2286): [0292]< SIM_OPEN_CHANNEL error: com.android.internal.telephony.CommandException: NO_SUCH_ELEMENT ret= result={ when=-26s434ms what=8 obj={ when=-26s434ms what=10 obj=com.android.phone.PhoneInterfaceManager$MainThreadRequest@8848410 target=com.android.phone.PhoneInterfaceManager$MainThreadHandler } target=com.android.internal.telephony.uicc.UiccProfile$4 }
08-09 17:06:29.312 I/power_partial_wake_state( 1319): [CHG,26,*telephony-radio*:com.android.phone]
08-09 17:06:29.312 I/power_partial_wake_state( 1319): [REL,0,*telephony-radio*:com.android.phone]
08-09 17:06:29.313 D/DCT-C-0 ( 2286): mReceiver action: com.samsung.carrier.action.CARRIER_CHANGED
08-09 17:06:29.313 D/DCT-C-0 ( 2286): carrier feautre loaded: com.samsung.carrier.action.CARRIER_CHANGED
08-09 17:06:29.313 D/DCT-C-0 ( 2286): loadCarrierFeatures
08-09 17:06:29.317 D/DCT-C-0 ( 2286): setDefaultDataRoamingEnabled: useCarrierSpecificDefault true
08-09 17:06:29.319 D/SemGsmCdmaPhone( 2286): [0] VendorBroadcastReceiver - action: com.samsung.carrier.action.CARRIER_CHANGED
08-09 17:06:29.322 I/power_partial_wake_state( 1319): [CHG,1,*telephony-sem-radio*:com.android.phone]
08-09 17:06:29.322 D/SEM_RILJ( 2286): [0295]> SET_VENDOR_CONFIGURATION [PHONE0]
08-09 17:06:29.323 D/NetworkTypeController( 2286): [0] LegacyState: process EVENT_BANDWIDTH_CHANGED
08-09 17:06:29.323 D/NetworkTypeController( 2286): [0] Reset timers since NR is not allowed.
08-09 17:06:29.323 D/NetworkTypeController( 2286): [0] DefaultState: process EVENT_BANDWIDTH_CHANGED
08-09 17:06:29.323 D/NetworkTypeController( 2286): [0] is5gAvailable: false, 0, 0
08-09 17:06:29.323 D/SEM_RILJ( 2286): [0295]< SET_VENDOR_CONFIGURATION [PHONE0]
08-09 17:06:29.324 D/DCT-C-1 ( 2286): mReceiver action: com.samsung.carrier.action.CARRIER_CHANGED
08-09 17:06:29.324 D/DCT-C-1 ( 2286): carrier feautre loaded: com.samsung.carrier.action.CARRIER_CHANGED
08-09 17:06:29.324 D/DCT-C-1 ( 2286): loadCarrierFeatures
08-09 17:06:29.324 I/power_partial_wake_state( 1319): [CHG,2,*telephony-sem-radio*:com.android.phone]
08-09 17:06:29.325 I/power_partial_wake_state( 1319): [REL,0,*telephony-sem-radio*:com.android.phone]
08-09 17:06:29.327 D/DCT-C-1 ( 2286): isSubIdDdsId(): Non-DDS. subid: -1, ddsId: 4
08-09 17:06:29.327 D/SemGsmCdmaPhone( 2286): [1] VendorBroadcastReceiver - action: com.samsung.carrier.action.CARRIER_CHANGED
08-09 17:06:29.328 D/SST-SEM ( 2286): [0] onSubscriptionInfoChanged - subId: 4
08-09 17:06:29.328 D/SST ( 2286): [0] SubscriptionListener.onSubscriptionInfoChanged
08-09 17:06:29.328 D/SST-SEM ( 2286): [1] onSubscriptionInfoChanged - subId: -1
08-09 17:06:29.328 D/ImsProvisioningController( 2286): MmTelFeatureListener[0] subId is not changed
08-09 17:06:29.328 D/ImsProvisioningController( 2286): MmTelFeatureListener[1] subId is not changed
08-09 17:06:29.328 D/ImsProvisioningController( 2286): RcsFeatureListener[0] subId is not changed
08-09 17:06:29.329 D/ImsProvisioningController( 2286): RcsFeatureListener[1] subId is not changed
08-09 17:06:29.329 D/ImsProvisioningController( 2286): ProvisioningCallbackManager[0] subId is not changed
08-09 17:06:29.329 D/ImsProvisioningController( 2286): ProvisioningCallbackManager[1] subId is not changed
08-09 17:06:29.331 D/Phone ( 2286): getCallForwardingIndicatorFromSharedPref: for subId 4= 0. serviceClass: 0x1
08-09 17:06:29.333 D/Phone ( 2286): getCallForwardingIndicatorFromSharedPref: for subId 4= 0. serviceClass: 0x10
08-09 17:06:29.334 I/notification_cancel( 1319): [1001,2286,com.android.phone,4,4,0,0,1088,8,NULL]
08-09 17:06:29.344 I/boot_progress_ams_state( 1319): [0,1,1,finishUserUnlocking,End getUserManager().onBeforeUnlockUser]
08-09 17:06:29.344 I/am_user_state_changed( 1319): [0,2]
08-09 17:06:29.344 I/notification_cancel( 1319): [1001,2286,com.android.phone,3,NULL,0,0,1088,8,NULL]
08-09 17:06:29.345 I/boot_progress_ams_state( 1319): [0,2,1,finishUserUnlocking,sendToTarget USER_UNLOCK_MSG]
08-09 17:06:29.345 I/boot_progress_ams_state( 1319): [0,-1,0,SYSTEM_USER_UNLOCK_MSG,NULL]
08-09 17:06:29.346 I/ssm_user_unlocking( 1319): 0
08-09 17:06:29.350 I/notification_cancel( 1319): [1001,2286,com.android.phone,2,NULL,0,0,1088,8,NULL]
08-09 17:06:29.353 I/notification_enqueue( 1319): [1000,1319,android,32,NULL,-1,Notification(channel=USB shortcut=null contentView=null vibrate=null sound=null tick defaults=0x0 flags=0x2 color=0xff888fa2 vis=PUBLIC semFlags=0x0 semPriority=0 semMissedCount=0),0,NULL]
08-09 17:06:29.353 D/SST ( 2286): [1] SubscriptionListener.onSubscriptionInfoChanged
08-09 17:06:29.353 D/LocaleTracker-0( 2286): updateLocale: countryIso = in, countryIsoDebugInfo = OperatorNumeric(405874): MccTable.countryCodeForMcc("405")
08-09 17:06:29.353 D/LocaleTracker-0( 2286): updateLocale: timeZoneCountryIso = in, timeZoneCountryIsoDebugInfo = OperatorNumeric: MccTable.geoCountryCodeForMccMnc(MccMnc{mcc='405', mnc='874'})
08-09 17:06:29.353 D/NitzStateMachineImpl( 2286): handleCountryDetected: countryIsoCode=in, mLatestNitzSignal=NitzSignal{mReceiptElapsedMillis=PT17.552S, mNitzData=NitzData{mOriginalString=23/08/09,11:36:19+22,00, mZoneOffset=19800000, mDstOffset=0, mCurrentTimeMillis=1691580979000, mEmulatorHostTimeZone=null}, mAgeMillis=0}
08-09 17:06:29.353 D/SemGsmCdmaPhone( 2286): [0] Event EVENT_SERVICE_STATE_CHANGED Received
08-09 17:06:29.353 D/ImsPhone( 2286): [0] handleMessage what=72
08-09 17:06:29.353 D/DDS-SemPhoneSwitcher( 2286): handleMessage msg={ when=-180ms what=402 obj=android.os.AsyncResult@34a9324 target=com.android.internal.telephony.data.SemPhoneSwitcher }
08-09 17:06:29.353 D/DDS-SemPhoneSwitcher( 2286): ssChanged
08-09 17:06:29.353 D/DDS-SemPhoneSwitcher( 2286): subId is not valid
08-09 17:06:29.353 D/DDS-SemPhoneSwitcher( 2286): No need to perform auto dds
08-09 17:06:29.354 I/ImsManager [0]( 2286): Trying to get MmTelFeature when it is still setting up, curr subId=4, target subId=-1
08-09 17:06:29.354 I/ImsManager [0]( 2286): Trying to get MmTelFeature when it is still setting up, curr subId=4, target subId=-1
08-09 17:06:29.354 I/ImsManager [0]( 2286): Trying to get MmTelFeature when it is still setting up, curr subId=4, target subId=-1
08-09 17:06:29.355 D/Phone ( 2286): getImsRegistrationTechnology =-1
08-09 17:06:29.355 D/GsmCdmaPhone( 2286): [0] EVENT_SUBSCRIPTIONS_CHANGED
08-09 17:06:29.355 E/Phone ( 2286): [0] Usage Setting is Supported but Preferred Setting Unknown!
08-09 17:06:29.355 D/DDS-TelephonyNetworkFactory[1]( 2286): handleMessage msg={ when=-155ms what=2 target=com.android.internal.telephony.data.TelephonyNetworkFactory$InternalHandler }
08-09 17:06:29.356 I/SemTelephonyHandlerHelper( 2286): handleMessage - message code: 93
08-09 17:06:29.356 D/DDS-TelephonyNetworkFactory[0]( 2286): handleMessage msg={ when=-135ms what=2 target=com.android.internal.telephony.data.TelephonyNetworkFactory$InternalHandler }
08-09 17:06:29.356 D/GsmCdmaPhone( 2286): [1] EVENT_SUBSCRIPTIONS_CHANGED
08-09 17:06:29.356 D/DDS-SemPhoneSwitcher( 2286): handleMessage msg={ when=-135ms what=102 target=com.android.internal.telephony.data.SemPhoneSwitcher }
08-09 17:06:29.356 D/DDS-SemPhoneSwitcher( 2286): getRequestOverride : mPrioritizedDcRequests.size() == 0
08-09 17:06:29.357 D/DDS-SemPhoneSwitcher( 2286): getRequestOverride : RequestOverride(mState = NONE, mPhoneId = -1, mDelayReason = NONE)
08-09 17:06:29.357 D/DDS-SemPhoneSwitcher( 2286): mAutoDdsPhoneId : -1, mPreferredDataPhoneId :0
08-09 17:06:29.357 D/DDS-SemPhoneSwitcher( 2286): updatePreferredDataPhoneId: mPreferredDataPhoneId = 0(PRIMARYDATA)
08-09 17:06:29.358 E/CarrierActionAgent( 2286): [0]Unsupported action: 7
08-09 17:06:29.358 D/CarrierActionAgent( 2286): [0]EVENT_SIM_STATE_CHANGED status: LOADED
08-09 17:06:29.360 E/CarrierSignalAgent( 2286): [0]Carrier signal receivers are configured but unavailable: ComponentInfo{com.android.carrierdefaultapp/com.android.carrierdefaultapp.CarrierDefaultBroadcastReceiver}
08-09 17:06:29.361 E/CarrierActionAgent( 2286): [1]Unsupported action: 7
08-09 17:06:29.361 D/CarrierActionAgent( 2286): [1]EVENT_SIM_STATE_CHANGED status: LOADED
08-09 17:06:29.361 E/CarrierSignalAgent( 2286): [1]Carrier signal receivers are configured but unavailable: ComponentInfo{com.android.carrierdefaultapp/com.android.carrierdefaultapp.CarrierDefaultBroadcastReceiver}
08-09 17:06:29.363 D/PinStorage( 2286): SIM card/application changed[0]: LOADED
08-09 17:06:29.363 D/DCT-C-0 ( 2286): onSimStateUpdated: state=LOADED
08-09 17:06:29.363 D/DCT-C-0 ( 2286): onSimStateUpdated: config not ready yet.
08-09 17:06:29.363 D/DDS-SemPhoneSwitcher( 2286): handleMessage msg={ when=-79ms what=119 arg2=10 target=com.android.internal.telephony.data.SemPhoneSwitcher }
08-09 17:06:29.364 D/NetworkTypeController( 2286): [0] LegacyState: process EVENT_PREFERRED_NETWORK_MODE_CHANGED
08-09 17:06:29.364 D/NetworkTypeController( 2286): [0] Reset timers since NR is not allowed.
08-09 17:06:29.364 D/NetworkTypeController( 2286): [0] DefaultState: process EVENT_PREFERRED_NETWORK_MODE_CHANGED
08-09 17:06:29.364 D/NetworkTypeController( 2286): [0] Reset timers since preferred network mode changed.
08-09 17:06:29.364 D/NetworkTypeController( 2286): [0] is5gAvailable: false, 0, 0
08-09 17:06:29.364 I/IccSmsInterfaceManager_FAIL( 2286): Failed to add cdma broadcast subscription for MID range 4096 to 4096 from client com.google.android.cellbroadcastreceiver PhoneId : [0]
08-09 17:06:29.365 D/UiccProfile( 2286): handleMessage: Received OPEN_LOGICAL_CHANNEL_DONE for phoneId 0
08-09 17:06:29.365 D/UiccProfile( 2286): handleMessage: Error in SIM access with exception com.android.internal.telephony.CommandException: NO_SUCH_ELEMENT
08-09 17:06:29.365 D/NetworkTypeController( 2286): [0] LegacyState: process EVENT_CARRIER_CONFIG_CHANGED
08-09 17:06:29.365 D/NetworkTypeController( 2286): [0] Reset timers since NR is not allowed.
08-09 17:06:29.365 D/SmsManager( 3604): enableCellBroadcastRange: failed at calling enableCellBroadcastRangeForSubscriber. subId = 4
08-09 17:06:29.365 D/NetworkTypeController( 2286): [0] DefaultState: process EVENT_CARRIER_CONFIG_CHANGED
08-09 17:06:29.365 I/SmsConfig( 2286): [0] sms_not_receive_cmas_without_sim = false
08-09 17:06:29.365 D/IccSmsInterfaceManager( 2286): [enableGsmBroadcastRange] startMessageId : 4383, endMessageId : 4383
08-09 17:06:29.366 D/IccSmsInterfaceManager( 2286): Calling setGsmBroadcastConfig with 2 configurations
08-09 17:06:29.367 I/power_partial_wake_state( 1319): [CHG,1,*telephony-radio*:com.android.phone]
08-09 17:06:29.367 D/RILJ ( 2286): [0296]> GSM_SET_BROADCAST_CONFIG with 2 configs : [PHONE0]
08-09 17:06:29.367 D/RILJ ( 2286): SmsBroadcastConfigInfo: Id [4370,4370] Code [0,255] ENABLED [PHONE0]
08-09 17:06:29.367 D/RILJ ( 2286): SmsBroadcastConfigInfo: Id [4383,4383] Code [0,255] ENABLED [PHONE0]
08-09 17:06:29.368 E/RILD ( 1413): GetBroadcastSmsConfig: selectedId 0x80 msgIdCount 2
08-09 17:06:29.369 D/NetworkTypeController( 2286): [0] EUR: isLatinSubOperator: false
08-09 17:06:29.369 D/ONS ( 2286): SIM state changed
08-09 17:06:29.369 E/RILD ( 1413): enableCb: 1, cbSelectionId: 0x80
08-09 17:06:29.369 D/NetworkTypeController( 2286): [0] Use Feature, mCfgNrIconConfiguration: connected_mmwave:5G,connected:5G,not_restricted_rrc_idle:5G,not_restricted_rrc_con:5G
08-09 17:06:29.369 D/NetworkTypeController( 2286): [0] getServerConfigValues: [30, 30, 0]
08-09 17:06:29.369 D/NetworkTypeController( 2286): [0] mOverrideTimerRules: {connected={mState=connected, mOverrideType=NR_NSA, mPrimaryTimers={}, mSecondaryTimers={}}, not_restricted_rrc_con={mState=not_restricted_rrc_con, mOverrideType=NR_NSA, mPrimaryTimers={}, mSecondaryTimers={}}, legacy={mState=legacy, mOverrideType=NONE, mPrimaryTimers={}, mSecondaryTimers={}}, not_restricted_rrc_idle={mState=not_restricted_rrc_idle, mOverrideType=NR_NSA, mPrimaryTimers={}, mSecondaryTimers={}}, restricted={mState=restricted, mOverrideType=NONE, mPrimaryTimers={}, mSecondaryTimers={}}, connected_mmwave={mState=connected_mmwave, mOverrideType=NR_NSA, mPrimaryTimers={}, mSecondaryTimers={}}}
08-09 17:06:29.369 D/NetworkTypeController( 2286): [0] Reset timers since carrier configurations changed.
08-09 17:06:29.369 D/NetworkTypeController( 2286): [0] is5gAvailable: false, 0, 0
08-09 17:06:29.369 D/NetworkTypeController( 2286): [1] LegacyState: process EVENT_CARRIER_CONFIG_CHANGED
08-09 17:06:29.369 D/NetworkTypeController( 2286): [1] Remove primary timer! rat: 0, currentState: legacy
08-09 17:06:29.369 D/NetworkTypeController( 2286): [1] DefaultState: process EVENT_CARRIER_CONFIG_CHANGED
08-09 17:06:29.373 D/SubscriptionController( 2286): [getActiveSubscriptionInfoForSimSlotIndex]+ slotIndex=0 subId={id=4 iccId= simSlotIndex=0 carrierId=2018 displayName=Jio carrierName=JIO 4G | Jio nameSource=1 iconTint=-16746133 number= dataRoaming=0 iconBitmap=null mcc=405 mnc=874 countryIso=in isEmbedded=false nativeAccessRules=null cardString= cardId=3 portIndex=0 isOpportunistic=false groupUUID=null isGroupDisabled=false profileClass=-1 ehplmns=null hplmns=null subscriptionType=0 groupOwner=null carrierConfigAccessRules=null areUiccApplicationsEnabled=true usageSetting=0}
08-09 17:06:29.374 D/NetworkTypeController( 2286): [1] EUR: isLatinSubOperator: false
08-09 17:06:29.374 D/NetworkTypeController( 2286): [1] Use Feature, mCfgNrIconConfiguration: connected_mmwave:5G,connected:5G,not_restricted_rrc_idle:5G,not_restricted_rrc_con:5G
08-09 17:06:29.374 D/NetworkTypeController( 2286): [1] getServerConfigValues: [30, 30, 0]
08-09 17:06:29.374 D/NetworkTypeController( 2286): [1] mOverrideTimerRules: {connected={mState=connected, mOverrideType=NR_NSA, mPrimaryTimers={}, mSecondaryTimers={}}, not_restricted_rrc_con={mState=not_restricted_rrc_con, mOverrideType=NR_NSA, mPrimaryTimers={}, mSecondaryTimers={}}, legacy={mState=legacy, mOverrideType=NONE, mPrimaryTimers={}, mSecondaryTimers={}}, not_restricted_rrc_idle={mState=not_restricted_rrc_idle, mOverrideType=NR_NSA, mPrimaryTimers={}, mSecondaryTimers={}}, restricted={mState=restricted, mOverrideType=NONE, mPrimaryTimers={}, mSecondaryTimers={}}, connected_mmwave={mState=connected_mmwave, mOverrideType=NR_NSA, mPrimaryTimers={}, mSecondaryTimers={}}}
08-09 17:06:29.375 D/NetworkTypeController( 2286): [1] Reset timers since carrier configurations changed.
08-09 17:06:29.375 D/NetworkTypeController( 2286): [1] is5gAvailable: false, 0, 0
08-09 17:06:29.382 D/GsmCdmaPhone( 2286): [0] EVENT_SUBSCRIPTIONS_CHANGED
08-09 17:06:29.383 E/Phone ( 2286): [0] Usage Setting is Supported but Preferred Setting Unknown!
08-09 17:06:29.383 D/DDS-TelephonyNetworkFactory[1]( 2286): handleMessage msg={ when=-55ms what=2 target=com.android.internal.telephony.data.TelephonyNetworkFactory$InternalHandler }
08-09 17:06:29.385 D/GsmCdmaPhone( 2286): [1] EVENT_SUBSCRIPTIONS_CHANGED
08-09 17:06:29.385 D/DDS-TelephonyNetworkFactory[0]( 2286): handleMessage msg={ when=-32ms what=2 target=com.android.internal.telephony.data.TelephonyNetworkFactory$InternalHandler }
08-09 17:06:29.385 D/DDS-SemPhoneSwitcher( 2286): handleMessage msg={ when=-32ms what=102 target=com.android.internal.telephony.data.SemPhoneSwitcher }
08-09 17:06:29.385 D/DDS-SemPhoneSwitcher( 2286): getRequestOverride : mPrioritizedDcRequests.size() == 0
08-09 17:06:29.385 D/DDS-SemPhoneSwitcher( 2286): getRequestOverride : RequestOverride(mState = NONE, mPhoneId = -1, mDelayReason = NONE)
08-09 17:06:29.385 D/DDS-SemPhoneSwitcher( 2286): mAutoDdsPhoneId : -1, mPreferredDataPhoneId :0
08-09 17:06:29.385 D/DDS-SemPhoneSwitcher( 2286): updatePreferredDataPhoneId: mPreferredDataPhoneId = 0(PRIMARYDATA)
08-09 17:06:29.386 D/SubscriptionController( 2286): [getActiveSubscriptionInfoForSimSlotIndex]+ slotIndex=0 subId={id=4 iccId= simSlotIndex=0 carrierId=2018 displayName=Jio carrierName=JIO 4G | Jio nameSource=1 iconTint=-16746133 number= dataRoaming=0 iconBitmap=null mcc=405 mnc=874 countryIso=in isEmbedded=false nativeAccessRules=null cardString= cardId=3 portIndex=0 isOpportunistic=false groupUUID=null isGroupDisabled=false profileClass=-1 ehplmns=null hplmns=null subscriptionType=0 groupOwner=null carrierConfigAccessRules=null areUiccApplicationsEnabled=true usageSetting=0}
08-09 17:06:29.387 E/SubscriptionInfoUpdater( 2286): Cannot manage subId=4, carrierPackage=com.android.carrierconfig
08-09 17:06:29.387 E/SubscriptionInfoUpdater( 2286): Invalid usage setting!-1
08-09 17:06:29.387 D/SubscriptionInfoUpdater( 2286): UsageSetting unchanged, oldSetting=0 preferredSetting=-1 newSetting=0
08-09 17:06:29.388 D/SubscriptionController( 2286): [getActiveSubscriptionInfoForSimSlotIndex]+ slotIndex=0 subId={id=4 iccId= simSlotIndex=0 carrierId=2018 displayName=Jio carrierName=JIO 4G | Jio nameSource=1 iconTint=-16746133 number= dataRoaming=0 iconBitmap=null mcc=405 mnc=874 countryIso=in isEmbedded=false nativeAccessRules=null cardString= cardId=3 portIndex=0 isOpportunistic=false groupUUID=null isGroupDisabled=false profileClass=-1 ehplmns=null hplmns=null subscriptionType=0 groupOwner=null carrierConfigAccessRules=null areUiccApplicationsEnabled=true usageSetting=0}
08-09 17:06:29.390 I/am_uid_running( 1319): 10104
08-09 17:06:29.399 D/IccPhoneBookIM( 2286): [IccPbInterfaceManager] UsimPhonebookCapaInfo ar.result length = 52
08-09 17:06:29.400 D/Phone ( 2286): getIccFileHandler: uiccApplication == null, return null
08-09 17:06:29.400 D/Phone ( 2286): getIccFileHandler: fh=null
08-09 17:06:29.400 W/TelephonyRegistry( 1319): Pid 1319 has exceeded half the number of permissible registered listeners. Now at 42
08-09 17:06:29.401 D/TelephonyManager( 1319): getAllCellInfo - caller PID: 1319, UID: 1000, TID: 2483
08-09 17:06:29.407 D/Phone ( 2286): getImsRegistrationTechnology =-1
08-09 17:06:29.408 I/am_proc_start( 1319): [0,3818,10104,com.samsung.android.messaging,broadcast,{com.samsung.android.messaging/com.samsung.android.messaging.ui.receiver.cb.CbReceiver}]
08-09 17:06:29.408 D/UiccHqmAgent( 2286): sendHWParamToHQM: feature - UICC, custom_dataset - "SREV":"1","PLM1":"405874","PLM2":"","ESIM":"0","SWTS":"0","PIN2":"0","ESIC":"0","PIN1":"0","SPB1":"6","ESIE":"0","SPB2":"0","DSDS":"1"
08-09 17:06:29.409 E/TelephonyManager( 2306): isDataEnabled Bindcalling pid : 2306, uid : 10039
08-09 17:06:29.411 D/SubscriptionController( 2286): [getActiveSubscriptionInfoForSimSlotIndex]+ slotIndex=0 subId={id=4 iccId= simSlotIndex=0 carrierId=2018 displayName=Jio carrierName=JIO 4G | Jio nameSource=1 iconTint=-16746133 number= dataRoaming=0 iconBitmap=android.graphics.Bitmap@e1c6cb mcc=405 mnc=874 countryIso=in isEmbedded=false nativeAccessRules=null cardString= cardId=3 portIndex=0 isOpportunistic=false groupUUID=null isGroupDisabled=false profileClass=-1 ehplmns=null hplmns=null subscriptionType=0 groupOwner=null carrierConfigAccessRules=null areUiccApplicationsEnabled=true usageSetting=0}
08-09 17:06:29.423 D/SubscriptionController( 2286): [phoneAccountIsRegistered]
08-09 17:06:29.423 D/SubscriptionController( 2286): [phoneAccountIsRegistered] subId: 4, defaultVoiceSubId: 4
08-09 17:06:29.424 D/SubscriptionController( 2286): [setDefaultPhoneAccount] subId: 4, current phoneAccountHandle=ComponentInfo{com.android.phone/com.android.services.telephony.TelephonyConnectionService}, 4, UserHandle{0}
08-09 17:06:29.424 D/SubscriptionController( 2286): [setDefaultPhoneAccount] default phoneAccountHandle not changed.
08-09 17:06:29.428 D/RILJ ( 2286): [0297]> GET_ALLOWED_NETWORK_TYPES_BITMAP [PHONE0]
08-09 17:06:29.429 D/SemDeviceStateMonitor( 2286): onReceive - android.hardware.usb.action.USB_STATE
08-09 17:06:29.429 D/SemDeviceStateMonitor( 2286): onReceive - android.hardware.usb.action.USB_STATE
08-09 17:06:29.429 D/SemDeviceStateMonitor( 2286): onReceive - android.hardware.usb.action.USB_STATE
08-09 17:06:29.429 D/SemDeviceStateMonitor( 2286): checkUsbVersion - string from node: 0x0201
08-09 17:06:29.429 D/SemDeviceStateMonitor( 2286): onReceive - android.hardware.usb.action.USB_STATE
08-09 17:06:29.429 D/SemDeviceStateMonitor( 2286): checkUsbVersion - string from node: 0x0201
08-09 17:06:29.429 D/SST ( 2286): [0] SubscriptionListener.onSubscriptionInfoChanged
08-09 17:06:29.429 D/SST-SEM ( 2286): [0] onSubscriptionInfoChanged - subId: 4
08-09 17:06:29.429 D/SST ( 2286): [1] SubscriptionListener.onSubscriptionInfoChanged
08-09 17:06:29.431 D/SubscriptionController( 2286): [getActiveSubscriptionInfoForSimSlotIndex]+ slotIndex=0 subId={id=4 iccId= simSlotIndex=0 carrierId=2018 displayName=Jio carrierName=JIO 4G | Jio nameSource=1 iconTint=-16746133 number= dataRoaming=0 iconBitmap=android.graphics.Bitmap@e1c6cb mcc=405 mnc=874 countryIso=in isEmbedded=false nativeAccessRules=null cardString= cardId=3 portIndex=0 isOpportunistic=false groupUUID=null isGroupDisabled=false profileClass=-1 ehplmns=null hplmns=null subscriptionType=0 groupOwner=null carrierConfigAccessRules=null areUiccApplicationsEnabled=true usageSetting=0}
08-09 17:06:29.433 D/SubscriptionController( 2286): [getActiveSubscriptionInfoForSimSlotIndex]+ slotIndex=0 subId={id=4 iccId= simSlotIndex=0 carrierId=2018 displayName=Jio carrierName=JIO 4G | Jio nameSource=1 iconTint=-16746133 number= dataRoaming=0 iconBitmap=android.graphics.Bitmap@e1c6cb mcc=405 mnc=874 countryIso=in isEmbedded=false nativeAccessRules=null cardString= cardId=3 portIndex=0 isOpportunistic=false groupUUID=null isGroupDisabled=false profileClass=-1 ehplmns=null hplmns=null subscriptionType=0 groupOwner=null carrierConfigAccessRules=null areUiccApplicationsEnabled=true usageSetting=0}
08-09 17:06:29.436 D/SubscriptionController( 2286): [getActiveSubscriptionInfoForSimSlotIndex]+ slotIndex=0 subId={id=4 iccId= simSlotIndex=0 carrierId=2018 displayName=Jio carrierName=JIO 4G | Jio nameSource=1 iconTint=-16746133 number= dataRoaming=0 iconBitmap=android.graphics.Bitmap@e1c6cb mcc=405 mnc=874 countryIso=in isEmbedded=false nativeAccessRules=null cardString= cardId=3 portIndex=0 isOpportunistic=false groupUUID=null isGroupDisabled=false profileClass=-1 ehplmns=null hplmns=null subscriptionType=0 groupOwner=null carrierConfigAccessRules=null areUiccApplicationsEnabled=true usageSetting=0}
08-09 17:06:29.438 E/RILD ( 1413): Run(): nlmsg_type = 16
08-09 17:06:29.438 E/RILD2 ( 1413): Run(): nlmsg_type = 16
08-09 17:06:29.441 E/RILD2 ( 1413): Run(): nlmsg_type = 20
08-09 17:06:29.441 E/RILD ( 1413): Run(): nlmsg_type = 20
08-09 17:06:29.442 D/RILJ ( 2286): [0297]< GET_ALLOWED_NETWORK_TYPES_BITMAP {316295} [PHONE0]
08-09 17:06:29.446 D/SubscriptionController( 2286): [getActiveSubscriptionInfoForSimSlotIndex]+ slotIndex=0 subId={id=4 iccId= simSlotIndex=0 carrierId=2018 displayName=Jio carrierName=JIO 4G | Jio nameSource=1 iconTint=-16746133 number= dataRoaming=0 iconBitmap=android.graphics.Bitmap@e1c6cb mcc=405 mnc=874 countryIso=in isEmbedded=false nativeAccessRules=null cardString= cardId=3 portIndex=0 isOpportunistic=false groupUUID=null isGroupDisabled=false profileClass=-1 ehplmns=null hplmns=null subscriptionType=0 groupOwner=null carrierConfigAccessRules=null areUiccApplicationsEnabled=true usageSetting=0}
08-09 17:06:29.447 D/Phone ( 2286): getCallForwardingIndicatorFromSharedPref: for subId 4= 0. serviceClass: 0x1
08-09 17:06:29.452 D/SubscriptionController( 2286): [getActiveSubscriptionInfoForSimSlotIndex]+ slotIndex=0 subId={id=4 iccId= simSlotIndex=0 carrierId=2018 displayName=Jio carrierName=JIO 4G | Jio nameSource=1 iconTint=-16746133 number= dataRoaming=0 iconBitmap=android.graphics.Bitmap@e1c6cb mcc=405 mnc=874 countryIso=in isEmbedded=false nativeAccessRules=null cardString= cardId=3 portIndex=0 isOpportunistic=false groupUUID=null isGroupDisabled=false profileClass=-1 ehplmns=null hplmns=null subscriptionType=0 groupOwner=null carrierConfigAccessRules=null areUiccApplicationsEnabled=true usageSetting=0}
08-09 17:06:29.453 D/Phone ( 2286): getCallForwardingIndicatorFromSharedPref: for subId 4= 0. serviceClass: 0x10
08-09 17:06:29.454 D/SubscriptionController( 2286): [getActiveSubscriptionInfoForSimSlotIndex]+ slotIndex=0 subId={id=4 iccId= simSlotIndex=0 carrierId=2018 displayName=Jio carrierName=JIO 4G | Jio nameSource=1 iconTint=-16746133 number= dataRoaming=0 iconBitmap=android.graphics.Bitmap@e1c6cb mcc=405 mnc=874 countryIso=in isEmbedded=false nativeAccessRules=null cardString= cardId=3 portIndex=0 isOpportunistic=false groupUUID=null isGroupDisabled=false profileClass=-1 ehplmns=null hplmns=null subscriptionType=0 groupOwner=null carrierConfigAccessRules=null areUiccApplicationsEnabled=true usageSetting=0}
08-09 17:06:29.464 D/ImsPreference( 2286): [0] ImsSimMobility changed
08-09 17:06:29.465 D/ImsPreference( 2286): [1] ImsSimMobility changed
08-09 17:06:29.466 D/ImsProvisioningController( 2286): MmTelFeatureListener[0] subId is not changed
08-09 17:06:29.466 D/ImsProvisioningController( 2286): MmTelFeatureListener[1] subId is not changed
08-09 17:06:29.466 D/ImsProvisioningController( 2286): RcsFeatureListener[0] subId is not changed
08-09 17:06:29.466 D/ImsProvisioningController( 2286): RcsFeatureListener[1] subId is not changed
08-09 17:06:29.466 D/ImsProvisioningController( 2286): ProvisioningCallbackManager[0] subId is not changed
08-09 17:06:29.466 D/ImsProvisioningController( 2286): ProvisioningCallbackManager[1] subId is not changed
08-09 17:06:29.468 D/ImsPreference( 2286): [0] updateSimMobilityState - SIM mobility state: 0
08-09 17:06:29.468 D/SST-SEM ( 2286): [1] onSubscriptionInfoChanged - subId: -1
08-09 17:06:29.468 D/MultiSimSettingController( 2286): onSubscriptionGroupChanged
08-09 17:06:29.471 E/RILD ( 1413): Run(): nlmsg_type = 21
08-09 17:06:29.471 E/RILD2 ( 1413): Run(): nlmsg_type = 21
08-09 17:06:29.471 E/RILD2 ( 1413): Run(): nlmsg_type = 20
08-09 17:06:29.471 E/RILD ( 1413): Run(): nlmsg_type = 20
08-09 17:06:29.473 D/SubscriptionController( 2286): [getActiveSubscriptionInfoForSimSlotIndex]+ slotIndex=0 subId={id=4 iccId= simSlotIndex=0 carrierId=2018 displayName=Jio carrierName=JIO 4G | Jio nameSource=1 iconTint=-16746133 number= dataRoaming=0 iconBitmap=android.graphics.Bitmap@e1c6cb mcc=405 mnc=874 countryIso=in isEmbedded=false nativeAccessRules=null cardString= cardId=3 portIndex=0 isOpportunistic=false groupUUID=null isGroupDisabled=false profileClass=-1 ehplmns=null hplmns=null subscriptionType=0 groupOwner=null carrierConfigAccessRules=null areUiccApplicationsEnabled=true usageSetting=0}
08-09 17:06:29.473 D/ImsPreference( 2286): [1] updateSimMobilityState - SIM mobility state: 0
08-09 17:06:29.474 D/SubscriptionController( 2286): [getActiveSubscriptionInfoForSimSlotIndex]+ slotIndex=0 subId={id=4 iccId= simSlotIndex=0 carrierId=2018 displayName=Jio carrierName=JIO 4G | Jio nameSource=1 iconTint=-16746133 number= dataRoaming=0 iconBitmap=android.graphics.Bitmap@e1c6cb mcc=405 mnc=874 countryIso=in isEmbedded=false nativeAccessRules=null cardString= cardId=3 portIndex=0 isOpportunistic=false groupUUID=null isGroupDisabled=false profileClass=-1 ehplmns=null hplmns=null subscriptionType=0 groupOwner=null carrierConfigAccessRules=null areUiccApplicationsEnabled=true usageSetting=0}
08-09 17:06:29.486 D/GsmCdmaPhone( 2286): [0] EVENT_SUBSCRIPTIONS_CHANGED
08-09 17:06:29.487 E/Phone ( 2286): [0] Usage Setting is Supported but Preferred Setting Unknown!
08-09 17:06:29.487 D/DDS-SemPhoneSwitcher( 2286): handleMessage msg={ when=-57ms what=102 target=com.android.internal.telephony.data.SemPhoneSwitcher }
08-09 17:06:29.487 D/DDS-SemPhoneSwitcher( 2286): getRequestOverride : mPrioritizedDcRequests.size() == 0
08-09 17:06:29.487 D/DDS-SemPhoneSwitcher( 2286): getRequestOverride : RequestOverride(mState = NONE, mPhoneId = -1, mDelayReason = NONE)
08-09 17:06:29.487 D/DDS-SemPhoneSwitcher( 2286): mAutoDdsPhoneId : -1, mPreferredDataPhoneId :0
08-09 17:06:29.487 D/DDS-SemPhoneSwitcher( 2286): updatePreferredDataPhoneId: mPreferredDataPhoneId = 0(PRIMARYDATA)
08-09 17:06:29.488 D/DDS-TelephonyNetworkFactory[0]( 2286): handleMessage msg={ when=-58ms what=2 target=com.android.internal.telephony.data.TelephonyNetworkFactory$InternalHandler }
08-09 17:06:29.488 D/UiccProfile( 2286): iccOpenLogicalChannel: ***** , -1
08-09 17:06:29.490 D/RILJ ( 2286): [0298]> SIM_OPEN_CHANNEL [PHONE0]
08-09 17:06:29.490 D/GsmCdmaPhone( 2286): [1] EVENT_SUBSCRIPTIONS_CHANGED
08-09 17:06:29.490 E/RILD ( 1413): TxUiccOpenChannel: P2 value:0, file_control_information: 2
08-09 17:06:29.490 D/DDS-TelephonyNetworkFactory[1]( 2286): handleMessage msg={ when=-22ms what=2 target=com.android.internal.telephony.data.TelephonyNetworkFactory$InternalHandler }
08-09 17:06:29.494 I/am_uid_running( 1319): 10261
08-09 17:06:29.501 I/am_proc_bound( 1319): [0,3818,com.samsung.android.messaging]
08-09 17:06:29.520 I/am_proc_start( 1319): [0,3835,10261,com.google.android.providers.media.module,service,{com.google.android.providers.media.module/com.android.providers.media.fuse.ExternalStorageServiceImpl}]
08-09 17:06:29.530 I/am_uid_running( 1319): 10227
08-09 17:06:29.557 E/RILD ( 1413): Failed to open channel
08-09 17:06:29.557 E/RILC ( 1413): iccOpenLogicalChannelResponse Invalid response: NULL
08-09 17:06:29.557 D/RILJ ( 2286): [0298]< SIM_OPEN_CHANNEL error 17 [PHONE0]
08-09 17:06:29.557 D/RilRequest( 2286): [0298]< SIM_OPEN_CHANNEL error: com.android.internal.telephony.CommandException: NO_SUCH_ELEMENT ret= result={ when=-26s680ms what=8 obj={ when=-26s680ms what=10 obj=com.android.phone.PhoneInterfaceManager$MainThreadRequest@eaab2ec target=com.android.phone.PhoneInterfaceManager$MainThreadHandler } target=com.android.internal.telephony.uicc.UiccProfile$4 }
08-09 17:06:29.557 D/UiccProfile( 2286): handleMessage: Received OPEN_LOGICAL_CHANNEL_DONE for phoneId 0
08-09 17:06:29.558 D/UiccProfile( 2286): handleMessage: Error in SIM access with exception com.android.internal.telephony.CommandException: NO_SUCH_ELEMENT
08-09 17:06:29.560 E/RILD ( 1413): Run(): nlmsg_type = 16
08-09 17:06:29.560 E/RILD ( 1413): Run(): nlmsg_type = 16
08-09 17:06:29.560 E/RILD2 ( 1413): Run(): nlmsg_type = 16
08-09 17:06:29.560 E/RILD2 ( 1413): Run(): nlmsg_type = 16
08-09 17:06:29.561 I/dvm_lock_sample( 1319): [system_server,0,main,168,BatteryStatsImpl.java,7653,void com.android.internal.os.BatteryStatsImpl$3.onReceive(android.content.Context, android.content.Intent),-,16040,void com.android.internal.os.BatteryStatsImpl.addModemTxPowerToHistory(android.telephony.ModemActivityInfo, long, long),33]
08-09 17:06:29.568 D/UiccProfile( 2286): iccOpenLogicalChannel: ***** , -1
08-09 17:06:29.569 D/RILJ ( 2286): [0299]> SIM_OPEN_CHANNEL [PHONE0]
08-09 17:06:29.570 E/RILD ( 1413): TxUiccOpenChannel: P2 value:0, file_control_information: 2
08-09 17:06:29.571 I/notification_cancel( 1319): [1001,3221,com.samsung.android.app.telephonyui,307,NULL,0,0,1088,8,NULL]
08-09 17:06:29.571 I/notification_cancel( 1319): [1001,2286,com.android.phone,4,4,0,0,1088,8,NULL]
08-09 17:06:29.571 I/notification_cancel( 1319): [1001,2286,com.android.phone,3,NULL,0,0,1088,8,NULL]
08-09 17:06:29.571 I/notification_cancel( 1319): [1001,2286,com.android.phone,2,NULL,0,0,1088,8,NULL]
08-09 17:06:29.573 I/dvm_lock_sample( 1319): [system_server,1,binder:1319_6,5,ActivityManagerService.java,16958,int com.android.server.am.ActivityManagerService.broadcastIntentWithFeature(android.app.IApplicationThread, java.lang.String, android.content.Intent, java.lang.String, android.content.IIntentReceiver, int, java.lang.String, android.os.Bundle, java.lang.String[], java.lang.String[], java.lang.String[], int, android.os.Bundle, boolean, boolean, int),ContentProviderHelper.java,667,android.app.ContentProviderHolder com.android.server.am.ContentProviderHelper.getContentProviderImpl(android.app.IApplicationThread, java.lang.String, android.os.IBinder, int, java.lang.String, java.lang.String, boolean, int, int),1]
08-09 17:06:29.575 I/am_proc_bound( 1319): [0,3835,com.google.android.providers.media.module]
08-09 17:06:29.579 I/am_uid_active( 1319): 10261
08-09 17:06:29.587 D/RILJ ( 2286): Unsol response received; Sending ack to ril.cpp [PHONE0]
08-09 17:06:29.588 D/RILJ ( 2286): [UNSL]< UNSOL_RESPONSE_IMS_NETWORK_STATE_CHANGED [PHONE0]
08-09 17:06:29.588 D/SEM_RILJ( 2286): [UNSL]< UNSOL_IMS_PREFERENCE_CHANGED {1, 1, 0, 3, 0, 0, 2, 0, 1, 3, 0, 1, 17} [PHONE0]
08-09 17:06:29.588 D/RILJ ( 2286): [0301]> IMS_REGISTRATION_STATE [PHONE0]
08-09 17:06:29.589 D/RILJ ( 2286): [0302]> IMS_REGISTRATION_STATE [PHONE0]
08-09 17:06:29.589 D/DCT-C-0 ( 2286): EVENT_IMS_PREFERENCE_CHANGED
08-09 17:06:29.589 D/DCT-C-0 ( 2286): EVENT_IMS_PREFERENCE_CHANGED - mSupportVolteRoaming: true, supportVolteRoaming: true
08-09 17:06:29.589 D/SemGsmCdmaPhone( 2286): [0] EVENT_IMS_PREFERENCE_CHANGED Received
08-09 17:06:29.589 D/ImsPreference( 2286): [0] emergencyDomainPref: 0, imsSupportType: 3, supportVolteRoaming: true, smsFormat: 1, enableSms: true, enableSmsWriteUicc: false, volteEutranPref: 3, volteUtranPref: 0, ssDomainPref: 0, callWaitingPathPref: 17, supportSrvcc: false
08-09 17:06:29.592 D/RILJ ( 2286): [0301]< IMS_REGISTRATION_STATE {0, 1} [PHONE0]
08-09 17:06:29.592 D/SmsDispatchersController( 2286): IMS registration state: false format: 3gpp
08-09 17:06:29.593 D/RILJ ( 2286): [0302]< IMS_REGISTRATION_STATE {0, 1} [PHONE0]
08-09 17:06:29.593 D/SST ( 2286): [0] setImsRegistrationState: {registered=false mImsRegistrationOnOff=false}
08-09 17:06:29.593 I/am_proc_start( 1319): [0,3856,10227,com.google.android.googlequicksearchbox:interactor,service,{com.google.android.googlequicksearchbox/com.google.android.voiceinteraction.GsaVoiceInteractionService}]
08-09 17:06:29.601 I/am_uid_running( 1319): 10103
08-09 17:06:29.603 D/DDS-TelephonyNetworkFactory[0]( 2286): got request NetworkRequest [ REQUEST id=116, [ Capabilities: INTERNET&NOT_RESTRICTED&TRUSTED&NOT_VCN_MANAGED Uid: 1000 RequestorUid: 1000 RequestorPkg: com.sec.imsservice UnderlyingNetworks: Null] ]
08-09 17:06:29.604 D/DDS-TelephonyNetworkFactory[0]( 2286): handleMessage msg={ when=0 what=3 obj=NetworkRequest [ REQUEST id=116, [ Capabilities: INTERNET&NOT_RESTRICTED&TRUSTED&NOT_VCN_MANAGED Uid: 1000 RequestorUid: 1000 RequestorPkg: com.sec.imsservice UnderlyingNetworks: Null] ] target=com.android.internal.telephony.data.TelephonyNetworkFactory$InternalHandler }
08-09 17:06:29.605 D/DDS-TelephonyNetworkFactory[0]( 2286): onNeedNetworkFor [NetworkRequest [ REQUEST id=116, [ Capabilities: INTERNET&NOT_RESTRICTED&TRUSTED&NOT_VCN_MANAGED Uid: 1000 RequestorUid: 1000 RequestorPkg: com.sec.imsservice UnderlyingNetworks: Null] ], mPriority=0, state=UNSATISFIED, mAttachedDataNetwork=null, isMetered=false, created time=17:06:29.604, evaluation result=null] shouldApply true
08-09 17:06:29.605 D/DCT-C-0 ( 2286): DDS-DcTracker.requestNetwork for NetworkRequest [ REQUEST id=116, [ Capabilities: INTERNET&NOT_RESTRICTED&TRUSTED&NOT_VCN_MANAGED Uid: 1000 RequestorUid: 1000 RequestorPkg: com.sec.imsservice UnderlyingNetworks: Null] ] found {mApnType=default mState=IDLE mWaitingApns={[] priority=1} mApnSetting={null} mReason=dataEnabled mNeedDisconnectByDdsChange=false mDataEnabled=true}, type=NORMAL
08-09 17:06:29.606 D/DDS-TelephonyNetworkFactory[1]( 2286): got request NetworkRequest [ REQUEST id=116, [ Capabilities: INTERNET&NOT_RESTRICTED&TRUSTED&NOT_VCN_MANAGED Uid: 1000 RequestorUid: 1000 RequestorPkg: com.sec.imsservice UnderlyingNetworks: Null] ]
08-09 17:06:29.606 D/DCT-C-0 ( 2286): onEnableApn: apnType=default, request type=NORMAL
08-09 17:06:29.606 D/DCT-C-0 ( 2286): onEnableApn: config not ready yet.
08-09 17:06:29.606 D/DDS-TelephonyNetworkFactory[1]( 2286): handleMessage msg={ when=0 what=3 obj=NetworkRequest [ REQUEST id=116, [ Capabilities: INTERNET&NOT_RESTRICTED&TRUSTED&NOT_VCN_MANAGED Uid: 1000 RequestorUid: 1000 RequestorPkg: com.sec.imsservice UnderlyingNetworks: Null] ] target=com.android.internal.telephony.data.TelephonyNetworkFactory$InternalHandler }
08-09 17:06:29.607 D/DDS-TelephonyNetworkFactory[1]( 2286): onNeedNetworkFor: preferredDataPhoneId isn't update. apnId : 17, wait onActivePhoneSwitch, needDdsChange : false
08-09 17:06:29.608 D/DDS-TelephonyNetworkFactory[1]( 2286): onNeedNetworkFor [NetworkRequest [ REQUEST id=116, [ Capabilities: INTERNET&NOT_RESTRICTED&TRUSTED&NOT_VCN_MANAGED Uid: 1000 RequestorUid: 1000 RequestorPkg: com.sec.imsservice UnderlyingNetworks: Null] ], mPriority=0, state=UNSATISFIED, mAttachedDataNetwork=null, isMetered=false, created time=17:06:29.606, evaluation result=null] shouldApply false
08-09 17:06:29.611 D/RILJ ( 2286): [0296]< GSM_SET_BROADCAST_CONFIG [PHONE0]
08-09 17:06:29.613 I/IccSmsInterfaceManager( 2286): Added GSM cell broadcast subscription for MID range 4383 to 4383 from client com.google.android.cellbroadcastreceiver PhoneId : [0]
08-09 17:06:29.613 D/IccSmsInterfaceManager( 2286): Calling setCellBroadcastActivation(true)
08-09 17:06:29.615 D/RILJ ( 2286): [0303]> GSM_BROADCAST_ACTIVATION activate = true [PHONE0]
08-09 17:06:29.615 I/am_uid_running( 1319): 10217
08-09 17:06:29.616 E/RILD ( 1413): DoGsmSetCBActivation: CBEnable: 1
08-09 17:06:29.616 E/RILD ( 1413): DoGsmSetCBActivation: enableCb: 1
08-09 17:06:29.616 I/notification_cancel( 1319): [1000,1319,android,9,NULL,0,0,0,8,NULL]
