08-09 17:06:28.336 D/NetworkTypeController( 2286): [0] LegacyState: process EVENT_PHYSICAL_CHANNEL_CONFIG_CHANGED
08-09 17:06:28.336 D/NetworkTypeController( 2286): [0] is5gAvailable: false, 0, 0
08-09 17:06:28.336 D/GsmCdmaPhone( 2286): [0] updateLinkCapacityEstimate: lce list=[{mType=2, mDownlinkCapacityKbps=2147483647, mUplinkCapacityKbps=2147483647}]
08-09 17:06:28.337 D/GsmCdmaPhone( 2286): [0] updateLinkCapacityEstimate: lce list=[{mType=2, mDownlinkCapacityKbps=2147483647, mUplinkCapacityKbps=2147483647}]
08-09 17:06:28.337 D/DDS-SemPhoneSwitcher( 2286): handleMessage msg={ when=-365ms what=101 target=com.android.internal.telephony.data.SemPhoneSwitcher }
08-09 17:06:28.337 D/DDS-SemPhoneSwitcher( 2286): getRequestOverride : mPrioritizedDcRequests.size() == 0
08-09 17:06:28.338 D/DDS-SemPhoneSwitcher( 2286): getRequestOverride : RequestOverride(mState = NONE, mPhoneId = -1, mDelayReason = NONE)
08-09 17:06:28.338 D/DDS-SemPhoneSwitcher( 2286): mAutoDdsPhoneId : -1, mPreferredDataPhoneId :0
08-09 17:06:28.338 D/DDS-SemPhoneSwitcher( 2286): updatePreferredDataPhoneId: mPreferredDataPhoneId = 0(PRIMARYDATA)
08-09 17:06:28.341 D/SIMRecords( 2286): [SIMRecords-0] PSISMSC from modem: 801174656C3A2B393137303231303735303039FFFFFFFFFFFFFFFFFFFFFFFFFFFFFFFFFFFFFFFFFFFFFFFFFFFFFFFFFFFFFFFFFFFFFFFFFFFFFFFFFFFFFFFFFFFFFFFFFFFFFFFFFFFFFFFFFFFFFFFFFFFFFFFFFFFFFFFFFFFFFFFFFFFFFFFFFFFFFFFFFFFFFFFFFFFFFFFFFFFFFFFFFFFFFFFFFFFFFFFFFFFFFFFFFFFFFFFFFFFFFFFFFFFFFFFFFFFFFFFFFFFFFFFFFFFFFFFFFFFFFFFFFFFFFFFFFFFFFFFFFFFFFFFFFFFFFFFFFFFFFFFFFFFFFFFFFFFFFFFFFFFFFFFFFFFFFFFFFFFFFFFFFFFFFFFFFFFFFFFFFF
08-09 17:06:28.341 D/SIMRecords( 2286): [SIMRecords-0] PSISMSC to IMS: 74656C3A2B393137303231303735303039
08-09 17:06:28.341 D/SIMRecords( 2286): [SIMRecords-0] onRecordLoaded 9 requested: true
08-09 17:06:28.347 I/am_uid_running( 1319): 10260
08-09 17:06:28.357 I/am_proc_start( 1319): [0,3604,10260,com.google.android.cellbroadcastreceiver,broadcast,{com.google.android.cellbroadcastreceiver/com.android.cellbroadcastreceiver.CellBroadcastReceiver}]
08-09 17:06:28.361 E/DCT-C-0 ( 2286): getPreferredApnSetId: cursor is null
08-09 17:06:28.365 D/SST ( 2286): [0] onReceive - action: android.telephony.action.NETWORK_COUNTRY_CHANGED
08-09 17:06:28.365 D/SST ( 2286): [1] onReceive - action: android.telephony.action.NETWORK_COUNTRY_CHANGED
08-09 17:06:28.365 D/EmergencyNumberTracker( 2286): ACTION_NETWORK_COUNTRY_CHANGED: PhoneId: 1 CountryIso:
08-09 17:06:28.365 D/SIMRecords( 2286): [SIMRecords-0] EVENT_GET_EPSLOCI_DONE
08-09 17:06:28.365 D/SIMRecords( 2286): [SIMRecords-0] mEpsloci: 0BF6044578800309E4E2629E044578001700
08-09 17:06:28.365 D/SIMRecords( 2286): [SIMRecords-0] mTaiEps: 044578001700
08-09 17:06:28.365 D/SIMRecords( 2286): [SIMRecords-0] onRecordLoaded 8 requested: true
08-09 17:06:28.365 D/UiccPkcs15( 2286): Creating UiccPkcs15
08-09 17:06:28.365 D/UiccProfile( 2286): iccOpenLogicalChannel: ***** , 4
08-09 17:06:28.366 I/power_partial_wake_state( 1319): [CHG,0,*telephony-radio*:com.android.phone]
08-09 17:06:28.366 D/DCT-C-0 ( 2286): hasMatchedTetherApnSetting: APNs=[]
08-09 17:06:28.366 D/RILJ ( 2286): [0254]> SIM_OPEN_CHANNEL [PHONE0]
08-09 17:06:28.367 E/RILD ( 1413): TxUiccOpenChannel: P2 value:4, file_control_information: 1
08-09 17:06:28.371 D/SIMRecords( 2286): [SIMRecords-0] onRecordLoaded 7 requested: true
08-09 17:06:28.372 D/RILJ ( 2286): [0255]> iccIO: SIM_IO [PHONE0]
08-09 17:06:28.372 D/EmergencyNumberTracker( 2286): updateEmergencyNumberListDatabaseAndNotify(): receiving countryIso: in
08-09 17:06:28.375 D/RILJ ( 2286): [0255]< SIM_IO IccIoResult xx xx [PHONE0]
08-09 17:06:28.376 D/EmergencyNumberTracker( 2286): in asset emergency database is loaded. Ver: 1 Phone Id: 0
08-09 17:06:28.376 E/EmergencyNumberTracker( 2286): Cache ota emergency database IOException: java.io.FileNotFoundException: /data/misc/emergencynumberdb/emergency_number_db: open failed: ENOENT (No such file or directory)
08-09 17:06:28.376 D/EmergencyNumberTracker( 2286): Using Asset Emergency database. Version: 1
08-09 17:06:28.378 D/Phone ( 2286): [1] SubId-1,get allowed network types user: value = GPRS|EDGE|UMTS|HSDPA|HSUPA|HSPA|LTE|HSPA+|GSM|LTE_CA|NR
08-09 17:06:28.379 D/Phone ( 2286): [1] SubId-1,get allowed network types enable_2g: value = GPRS|EDGE|UMTS|HSDPA|HSUPA|HSPA|LTE|HSPA+|GSM|LTE_CA|NR
08-09 17:06:28.380 I/notification_cancel( 1319): [1002,2609,com.android.bluetooth,-1000007,NULL,0,0,1088,8,NULL]
08-09 17:06:28.380 I/notification_cancel( 1319): [1002,2609,com.android.bluetooth,-1000005,NULL,0,0,1088,8,NULL]
08-09 17:06:28.380 I/notification_cancel( 1319): [1002,2609,com.android.bluetooth,-1000008,NULL,0,0,1088,8,NULL]
08-09 17:06:28.381 I/notification_cancel( 1319): [1002,2609,com.android.bluetooth,-1000006,NULL,0,0,1088,8,NULL]
08-09 17:06:28.381 I/notification_cancel( 1319): [1001,2286,com.android.phone,4,PrefNetworkNotification,0,0,1088,8,NULL]
08-09 17:06:28.381 I/notification_cancel( 1319): [1001,2286,com.android.phone,4,EmergencyNetworkNotification,0,0,1088,8,NULL]
08-09 17:06:28.381 D/SemEmergencyNumberTracker( 2286): [0] notifyEmergencyNumberList(): notified. VDB: 2, DB: 1, RADIO: 0, HIGH: 0, ALL: 112/0(oD), 911/0(oD)
08-09 17:06:28.381 D/EmergencyNumberTracker( 2286): updateEmergencyNumberListDatabaseAndNotify(): receiving countryIso: in
08-09 17:06:28.382 D/EmergencyNumberTracker( 2286): in asset emergency database is loaded. Ver: 1 Phone Id: 1
08-09 17:06:28.383 E/EmergencyNumberTracker( 2286): Cache ota emergency database IOException: java.io.FileNotFoundException: /data/misc/emergencynumberdb/emergency_number_db: open failed: ENOENT (No such file or directory)
08-09 17:06:28.383 D/EmergencyNumberTracker( 2286): Using Asset Emergency database. Version: 1
08-09 17:06:28.384 D/SemEmergencyNumberTracker( 2286): [1] notifyEmergencyNumberList(): notified. VDB: 8, DB: 1, RADIO: 0, HIGH: 0, ALL: 000/0(oD), 08/0(oD), 110/0(oD), 112/0(oD), 118/0(oD), 119/0(oD), 911/0(oD), 999/0(oD)
08-09 17:06:28.384 D/SST-SEM ( 2286): [1] requestAllCellInfo - UID: 1001, PID: 2286
08-09 17:06:28.386 I/power_partial_wake_state( 1319): [CHG,1,*telephony-radio*:com.android.phone]
08-09 17:06:28.386 I/am_uid_running( 1319): 10046
08-09 17:06:28.388 D/RILJ ( 2286): [0256]> GET_CELL_INFO_LIST [PHONE1]
08-09 17:06:28.389 E/IsimUiccRecords( 2286): [ISIM-0] IsimUiccRecords: handleMessage { when=-382ms what=100 obj=android.os.AsyncResult@51afa18 target=com.android.internal.telephony.uicc.IsimUiccRecords }[100]
08-09 17:06:28.389 D/IsimUiccRecords( 2286): [ISIM-0] EF_ISIM_IMPI LOADED
08-09 17:06:28.389 D/IsimUiccRecords( 2286): [ISIM-0] onRecordLoaded 5 requested: true
08-09 17:06:28.389 E/IsimUiccRecords( 2286): [ISIM-0] IsimUiccRecords: handleMessage { when=-382ms what=100 obj=android.os.AsyncResult@b3ffc71 target=com.android.internal.telephony.uicc.IsimUiccRecords }[100]
08-09 17:06:28.389 D/IsimUiccRecords( 2286): [ISIM-0] EF_ISIM_GBABP LOADED
08-09 17:06:28.389 D/IsimUiccRecords( 2286): [ISIM-0] Failed to parse GBABP contents: java.lang.NegativeArraySizeException: -1
08-09 17:06:28.389 D/IsimUiccRecords( 2286): [ISIM-0] onRecordLoaded 4 requested: true
08-09 17:06:28.389 D/SmsDispatchersController( 2286): lte sms status is updated : 1
08-09 17:06:28.389 D/SST-SEM ( 2286): [0] onReceive - action: android.intent.action.CONFIGURATION_CHANGED
08-09 17:06:28.390 E/RILD ( 1413): Failed to open channel
08-09 17:06:28.391 E/RILC ( 1413): iccOpenLogicalChannelResponse Invalid response: NULL
08-09 17:06:28.391 D/RILJ ( 2286): [0254]< SIM_OPEN_CHANNEL error 17 [PHONE0]
08-09 17:06:28.392 E/rild ( 1413): getCellInfoListResponse: Invalid response
08-09 17:06:28.392 D/RilRequest( 2286): [0254]< SIM_OPEN_CHANNEL error: com.android.internal.telephony.CommandException: NO_SUCH_ELEMENT ret= result={ when=-25s515ms what=8 obj={ when=-25s515ms what=201 target=com.android.internal.telephony.uicc.UiccPkcs15$Pkcs15Selector } target=com.android.internal.telephony.uicc.UiccProfile$4 }
08-09 17:06:28.393 I/power_partial_wake_state( 1319): [CHG,27,*telephony-radio*:com.android.phone]
08-09 17:06:28.394 I/power_partial_wake_state( 1319): [REL,1,*telephony-radio*:com.android.phone]
08-09 17:06:28.394 D/RILJ ( 2286): [0256]< GET_CELL_INFO_LIST error 63 [PHONE1]
08-09 17:06:28.394 D/RilRequest( 2286): [0256]< GET_CELL_INFO_LIST error: com.android.internal.telephony.CommandException: NO_NETWORK_FOUND ret= result={ when=-25s518ms what=43 target=com.android.internal.telephony.SemServiceStateTracker }
08-09 17:06:28.395 I/power_partial_wake_state( 1319): [CHG,9,*telephony-radio*:com.android.phone]
08-09 17:06:28.396 I/power_partial_wake_state( 1319): [REL,1,*telephony-radio*:com.android.phone]
08-09 17:06:28.396 D/SST ( 2286): [0] getCarrierNameDisplayBitmask - rule: 3, isRoaming: false, SIM: 3
08-09 17:06:28.404 I/am_proc_start( 1319): [0,3607,10046,android.process.acore,content provider,{com.android.providers.blockednumber/com.android.providers.blockednumber.BlockedNumberProvider}]
08-09 17:06:28.405 D/SST ( 2286): [0] updateSpnDisplay: rawPlmn =
08-09 17:06:28.409 I/boot_progress_ams_state( 1319): [0,1,1,finishUserUnlocking,Start getUserManager().onBeforeUnlockUser]
08-09 17:06:28.411 D/SST ( 2286): [0] updateSpnDisplay: rawSpn = Jio, wfcVoiceSpnFormat = null, wfcDataSpnFormat = null
08-09 17:06:28.412 D/SST-SEM ( 2286): [1] onReceive - action: android.intent.action.CONFIGURATION_CHANGED
08-09 17:06:28.417 D/SST ( 2286): [1] getCarrierNameDisplayBitmask - SHOW_PLMN (No ServiceProviderName)
08-09 17:06:28.417 D/SST ( 2286): [1] getStringForRejectCause - isEmergencyOnly: false, isRadioOn: true, mSS.getState: 1, RejectCode: 0, plmn: No service
08-09 17:06:28.417 D/SST ( 2286): [1] updateSpnDisplay: radio is on but out of service, set plmn='No service'
08-09 17:06:28.417 I/am_proc_bound( 1319): [0,3604,com.google.android.cellbroadcastreceiver]
08-09 17:06:28.420 D/SST ( 2286): [1] updateSpnDisplay: rawSpn = , wfcVoiceSpnFormat = null, wfcDataSpnFormat = null
08-09 17:06:28.422 I/power_partial_wake_state( 1319): [CHG,1,*telephony-radio*:com.android.phone]
08-09 17:06:28.422 D/RILJ ( 2286): [0257]> iccIO: SIM_IO [PHONE0]
08-09 17:06:28.423 D/RILJ ( 2286): [0258]> iccIO: SIM_IO [PHONE0]
08-09 17:06:28.425 E/IsimUiccRecords( 2286): [ISIM-0] IsimUiccRecords: handleMessage { when=-351ms what=100 obj=android.os.AsyncResult@98f1a56 target=com.android.internal.telephony.uicc.IsimUiccRecords }[100]
08-09 17:06:28.425 D/IsimUiccRecords( 2286): [ISIM-0] EF_ISIM_DOMAIN LOADED
08-09 17:06:28.425 D/IsimUiccRecords( 2286): [ISIM-0] onRecordLoaded 3 requested: true
08-09 17:06:28.425 E/IsimUiccRecords( 2286): [ISIM-0] IsimUiccRecords: handleMessage { when=-351ms what=100 obj=android.os.AsyncResult@789ad7 target=com.android.internal.telephony.uicc.IsimUiccRecords }[100]
08-09 17:06:28.425 D/IsimUiccRecords( 2286): [ISIM-0] EF_ISIM_IST LOADED
08-09 17:06:28.425 D/IsimUiccRecords( 2286): [ISIM-0] EF_IST=**
08-09 17:06:28.425 D/IsimUiccRecords( 2286): [ISIM-0] mIsPcscfSupported=**
08-09 17:06:28.425 D/IsimUiccRecords( 2286): [ISIM-0] mIsGbaSupported=**
08-09 17:06:28.425 D/IsimUiccRecords( 2286): [ISIM-0] mIsSmoveripSupported=**
08-09 17:06:28.425 D/IsimUiccRecords( 2286): [ISIM-0] onRecordLoaded 2 requested: true
08-09 17:06:28.425 D/RILJ ( 2286): [0257]< SIM_IO IccIoResult xx xx [PHONE0]
08-09 17:06:28.425 E/SemGsmCdmaPhone( 2286): [0] FDN updated
08-09 17:06:28.426 D/RILJ ( 2286): [0259]> iccIO: SIM_IO [PHONE0]
08-09 17:06:28.426 D/SIMRecords( 2286): [SIMRecords-0] [handleMessage] EVENT_GET_OEM_OPL5G_DONE
08-09 17:06:28.426 D/SIMRecords( 2286): [SIMRecords-0] [handleOemOPL5G]
08-09 17:06:28.426 D/SIMRecords( 2286): [SIMRecords-0] [inputOPL5G] EF_OPL5G contains Data(Not Null)
08-09 17:06:28.426 I/IccUtils( 2286): [MccMncConvert] Convert Result :405857
08-09 17:06:28.426 D/SIMRecords( 2286): [SIMRecords-0] [inputOPL5G]Load OPL_MCCMNC[0]=405857, OPL_LAC1[0]=0, OPL_LAC2[0]=16777214, OPL_INDEX[0]=1
08-09 17:06:28.426 D/SIMRecords( 2286): [SIMRecords-0] [inputOPL5G] EF_OPL5G contains Data(Not Null)
08-09 17:06:28.426 I/IccUtils( 2286): [MccMncConvert] Convert Result :405874
08-09 17:06:28.427 D/SIMRecords( 2286): [SIMRecords-0] [inputOPL5G]Load OPL_MCCMNC[1]=405874, OPL_LAC1[1]=0, OPL_LAC2[1]=16777214, OPL_INDEX[1]=1
08-09 17:06:28.427 D/SIMRecords( 2286): [SIMRecords-0] [inputOPL5G] EF_OPL5G contains Data(Not Null)
08-09 17:06:28.427 I/IccUtils( 2286): [MccMncConvert] Convert Result :405840
08-09 17:06:28.427 D/SIMRecords( 2286): [SIMRecords-0] [inputOPL5G]Load OPL_MCCMNC[2]=405840, OPL_LAC1[2]=0, OPL_LAC2[2]=16777214, OPL_INDEX[2]=1
08-09 17:06:28.427 D/SIMRecords( 2286): [SIMRecords-0] [inputOPL5G] EF_OPL5G contains Data(Not Null)
08-09 17:06:28.427 I/IccUtils( 2286): [MccMncConvert] Convert Result :405854
08-09 17:06:28.427 D/SIMRecords( 2286): [SIMRecords-0] [inputOPL5G]Load OPL_MCCMNC[3]=405854, OPL_LAC1[3]=0, OPL_LAC2[3]=16777214, OPL_INDEX[3]=1
08-09 17:06:28.427 D/SIMRecords( 2286): [SIMRecords-0] [inputOPL5G] EF_OPL5G contains Data(Not Null)
08-09 17:06:28.427 I/IccUtils( 2286): [MccMncConvert] Convert Result :405855
08-09 17:06:28.427 D/SIMRecords( 2286): [SIMRecords-0] [inputOPL5G]Load OPL_MCCMNC[4]=405855, OPL_LAC1[4]=0, OPL_LAC2[4]=16777214, OPL_INDEX[4]=1
08-09 17:06:28.427 D/SIMRecords( 2286): [SIMRecords-0] [inputOPL5G] EF_OPL5G contains Data(Not Null)
08-09 17:06:28.427 I/IccUtils( 2286): [MccMncConvert] Convert Result :405856
08-09 17:06:28.427 D/SIMRecords( 2286): [SIMRecords-0] [inputOPL5G]Load OPL_MCCMNC[5]=405856, OPL_LAC1[5]=0, OPL_LAC2[5]=16777214, OPL_INDEX[5]=1
08-09 17:06:28.427 D/SIMRecords( 2286): [SIMRecords-0] [inputOPL5G] EF_OPL5G contains Data(Not Null)
08-09 17:06:28.427 I/IccUtils( 2286): [MccMncConvert] Convert Result :405858
08-09 17:06:28.427 D/SIMRecords( 2286): [SIMRecords-0] [inputOPL5G]Load OPL_MCCMNC[6]=405858, OPL_LAC1[6]=0, OPL_LAC2[6]=16777214, OPL_INDEX[6]=1
08-09 17:06:28.427 D/SIMRecords( 2286): [SIMRecords-0] [inputOPL5G] EF_OPL5G contains Data(Not Null)
08-09 17:06:28.427 I/IccUtils( 2286): [MccMncConvert] Convert Result :405859
08-09 17:06:28.427 D/SIMRecords( 2286): [SIMRecords-0] [inputOPL5G]Load OPL_MCCMNC[7]=405859, OPL_LAC1[7]=0, OPL_LAC2[7]=16777214, OPL_INDEX[7]=1
08-09 17:06:28.427 D/SIMRecords( 2286): [SIMRecords-0] [inputOPL5G] EF_OPL5G contains Data(Not Null)
08-09 17:06:28.427 I/IccUtils( 2286): [MccMncConvert] Convert Result :405860
08-09 17:06:28.427 D/SIMRecords( 2286): [SIMRecords-0] [inputOPL5G]Load OPL_MCCMNC[8]=405860, OPL_LAC1[8]=0, OPL_LAC2[8]=16777214, OPL_INDEX[8]=1
08-09 17:06:28.427 D/SIMRecords( 2286): [SIMRecords-0] [inputOPL5G] EF_OPL5G contains Data(Not Null)
08-09 17:06:28.427 I/IccUtils( 2286): [MccMncConvert] Convert Result :405861
08-09 17:06:28.427 D/SIMRecords( 2286): [SIMRecords-0] [inputOPL5G]Load OPL_MCCMNC[9]=405861, OPL_LAC1[9]=0, OPL_LAC2[9]=16777214, OPL_INDEX[9]=1
08-09 17:06:28.427 D/SIMRecords( 2286): [SIMRecords-0] [inputOPL5G] EF_OPL5G contains Data(Not Null)
08-09 17:06:28.427 I/IccUtils( 2286): [MccMncConvert] Convert Result :405862
08-09 17:06:28.427 D/SIMRecords( 2286): [SIMRecords-0] [inputOPL5G]Load OPL_MCCMNC[10]=405862, OPL_LAC1[10]=0, OPL_LAC2[10]=16777214, OPL_INDEX[10]=1
08-09 17:06:28.427 D/SIMRecords( 2286): [SIMRecords-0] [inputOPL5G] EF_OPL5G contains Data(Not Null)
08-09 17:06:28.427 I/IccUtils( 2286): [MccMncConvert] Convert Result :405863
08-09 17:06:28.427 D/SIMRecords( 2286): [SIMRecords-0] [inputOPL5G]Load OPL_MCCMNC[11]=405863, OPL_LAC1[11]=0, OPL_LAC2[11]=16777214, OPL_INDEX[11]=1
08-09 17:06:28.427 D/SIMRecords( 2286): [SIMRecords-0] [inputOPL5G] EF_OPL5G contains Data(Not Null)
08-09 17:06:28.427 I/IccUtils( 2286): [MccMncConvert] Convert Result :405864
08-09 17:06:28.427 D/SIMRecords( 2286): [SIMRecords-0] [inputOPL5G]Load OPL_MCCMNC[12]=405864, OPL_LAC1[12]=0, OPL_LAC2[12]=16777214, OPL_INDEX[12]=1
08-09 17:06:28.427 D/SIMRecords( 2286): [SIMRecords-0] [inputOPL5G] EF_OPL5G contains Data(Not Null)
08-09 17:06:28.427 I/IccUtils( 2286): [MccMncConvert] Convert Result :405865
08-09 17:06:28.427 D/SIMRecords( 2286): [SIMRecords-0] [inputOPL5G]Load OPL_MCCMNC[13]=405865, OPL_LAC1[13]=0, OPL_LAC2[13]=16777214, OPL_INDEX[13]=1
08-09 17:06:28.427 D/SIMRecords( 2286): [SIMRecords-0] [inputOPL5G] EF_OPL5G contains Data(Not Null)
08-09 17:06:28.427 I/IccUtils( 2286): [MccMncConvert] Convert Result :405866
08-09 17:06:28.427 D/SIMRecords( 2286): [SIMRecords-0] [inputOPL5G]Load OPL_MCCMNC[14]=405866, OPL_LAC1[14]=0, OPL_LAC2[14]=16777214, OPL_INDEX[14]=1
08-09 17:06:28.427 D/SIMRecords( 2286): [SIMRecords-0] [inputOPL5G] EF_OPL5G contains Data(Not Null)
08-09 17:06:28.427 I/IccUtils( 2286): [MccMncConvert] Convert Result :405867
08-09 17:06:28.427 D/SIMRecords( 2286): [SIMRecords-0] [inputOPL5G]Load OPL_MCCMNC[15]=405867, OPL_LAC1[15]=0, OPL_LAC2[15]=16777214, OPL_INDEX[15]=1
08-09 17:06:28.427 D/SIMRecords( 2286): [SIMRecords-0] [inputOPL5G] EF_OPL5G contains Data(Not Null)
08-09 17:06:28.427 I/IccUtils( 2286): [MccMncConvert] Convert Result :405868
08-09 17:06:28.427 D/SIMRecords( 2286): [SIMRecords-0] [inputOPL5G]Load OPL_MCCMNC[16]=405868, OPL_LAC1[16]=0, OPL_LAC2[16]=16777214, OPL_INDEX[16]=1
08-09 17:06:28.427 D/SIMRecords( 2286): [SIMRecords-0] [inputOPL5G] EF_OPL5G contains Data(Not Null)
08-09 17:06:28.427 I/IccUtils( 2286): [MccMncConvert] Convert Result :405869
08-09 17:06:28.427 D/SIMRecords( 2286): [SIMRecords-0] [inputOPL5G]Load OPL_MCCMNC[17]=405869, OPL_LAC1[17]=0, OPL_LAC2[17]=16777214, OPL_INDEX[17]=1
08-09 17:06:28.427 D/SIMRecords( 2286): [SIMRecords-0] [inputOPL5G] EF_OPL5G contains Data(Not Null)
08-09 17:06:28.427 I/IccUtils( 2286): [MccMncConvert] Convert Result :405870
08-09 17:06:28.427 D/SIMRecords( 2286): [SIMRecords-0] [inputOPL5G]Load OPL_MCCMNC[18]=405870, OPL_LAC1[18]=0, OPL_LAC2[18]=16777214, OPL_INDEX[18]=1
08-09 17:06:28.427 D/SIMRecords( 2286): [SIMRecords-0] [inputOPL5G] EF_OPL5G contains Data(Not Null)
08-09 17:06:28.427 I/IccUtils( 2286): [MccMncConvert] Convert Result :405871
08-09 17:06:28.427 D/SIMRecords( 2286): [SIMRecords-0] [inputOPL5G]Load OPL_MCCMNC[19]=405871, OPL_LAC1[19]=0, OPL_LAC2[19]=16777214, OPL_INDEX[19]=1
08-09 17:06:28.427 D/SIMRecords( 2286): [SIMRecords-0] [inputOPL5G] EF_OPL5G contains Data(Not Null)
08-09 17:06:28.427 I/IccUtils( 2286): [MccMncConvert] Convert Result :405872
08-09 17:06:28.427 D/SIMRecords( 2286): [SIMRecords-0] [inputOPL5G]Load OPL_MCCMNC[20]=405872, OPL_LAC1[20]=0, OPL_LAC2[20]=16777214, OPL_INDEX[20]=1
08-09 17:06:28.427 D/SIMRecords( 2286): [SIMRecords-0] [inputOPL5G] EF_OPL5G contains Data(Not Null)
08-09 17:06:28.427 I/IccUtils( 2286): [MccMncConvert] Convert Result :405873
08-09 17:06:28.427 D/SIMRecords( 2286): [SIMRecords-0] [inputOPL5G]Load OPL_MCCMNC[21]=405873, OPL_LAC1[21]=0, OPL_LAC2[21]=16777214, OPL_INDEX[21]=1
08-09 17:06:28.427 D/SIMRecords( 2286): [SIMRecords-0] onRecordLoaded 6 requested: true
08-09 17:06:28.427 D/DCT-C-0 ( 2286): reevaluateCongestedConnections
08-09 17:06:28.427 D/DCT-C-0 ( 2286): reevaluateUnmeteredConnections
08-09 17:06:28.427 D/DCT-C-0 ( 2286): isNetworkTypeUnmeteredViaSubscriptionPlan: networkType=20, isUnmetered=false
08-09 17:06:28.427 D/DCT-C-0 ( 2286): isNetworkTypeUnmeteredViaSubscriptionPlan: networkType=13, isUnmetered=false
08-09 17:06:28.427 D/GsmCdmaPhone( 2286): [0] EVENT_SUBSCRIPTIONS_CHANGED
08-09 17:06:28.427 E/Phone ( 2286): [0] Usage Setting is Supported but Preferred Setting Unknown!
08-09 17:06:28.428 D/GsmCdmaPhone( 2286): [1] EVENT_SUBSCRIPTIONS_CHANGED
08-09 17:06:28.428 D/DDS-TelephonyNetworkFactory[1]( 2286): handleMessage msg={ when=-322ms what=2 target=com.android.internal.telephony.data.TelephonyNetworkFactory$InternalHandler }
08-09 17:06:28.428 D/DDS-TelephonyNetworkFactory[0]( 2286): handleMessage msg={ when=-322ms what=2 target=com.android.internal.telephony.data.TelephonyNetworkFactory$InternalHandler }
08-09 17:06:28.428 D/DDS-SemPhoneSwitcher( 2286): handleMessage msg={ when=-322ms what=102 target=com.android.internal.telephony.data.SemPhoneSwitcher }
08-09 17:06:28.428 D/DDS-SemPhoneSwitcher( 2286): getRequestOverride : mPrioritizedDcRequests.size() == 0
08-09 17:06:28.428 D/DDS-SemPhoneSwitcher( 2286): getRequestOverride : RequestOverride(mState = NONE, mPhoneId = -1, mDelayReason = NONE)
08-09 17:06:28.428 D/DDS-SemPhoneSwitcher( 2286): mAutoDdsPhoneId : -1, mPreferredDataPhoneId :0
08-09 17:06:28.428 D/DDS-SemPhoneSwitcher( 2286): updatePreferredDataPhoneId: mPreferredDataPhoneId = 0(PRIMARYDATA)
08-09 17:06:28.435 D/RILJ ( 2286): [0260]> iccIO: SIM_IO [PHONE0]
08-09 17:06:28.435 I/power_partial_wake_state( 1319): [REL,513,RILJ_ACK_WL:com.android.phone]
08-09 17:06:28.436 D/SST ( 2286): [0] SubscriptionListener.onSubscriptionInfoChanged
08-09 17:06:28.436 D/SST-SEM ( 2286): [0] onSubscriptionInfoChanged - subId: 4
08-09 17:06:28.436 D/SST ( 2286): [1] SubscriptionListener.onSubscriptionInfoChanged
08-09 17:06:28.436 D/SST-SEM ( 2286): [1] onSubscriptionInfoChanged - subId: -1
08-09 17:06:28.438 D/Phone ( 2286): getCallForwardingIndicatorFromSharedPref: for subId 4= 0. serviceClass: 0x1
08-09 17:06:28.443 I/am_proc_bound( 1319): [0,3607,android.process.acore]
08-09 17:06:28.445 D/RILJ ( 2286): [0258]< SIM_IO IccIoResult xx xx [PHONE0]
08-09 17:06:28.449 I/am_uid_active( 1319): 10046
08-09 17:06:28.453 I/wm_wallpaper_surface( 1319): [0,1]
08-09 17:06:28.457 D/RILJ ( 2286): [0259]< SIM_IO IccIoResult xx xx [PHONE0]
08-09 17:06:28.463 D/ImsProvisioningController( 2286): MmTelFeatureListener[0] subId is not changed
08-09 17:06:28.464 D/ImsProvisioningController( 2286): MmTelFeatureListener[1] subId is not changed
08-09 17:06:28.464 D/ImsProvisioningController( 2286): RcsFeatureListener[0] subId is not changed
08-09 17:06:28.464 D/ImsProvisioningController( 2286): RcsFeatureListener[1] subId is not changed
08-09 17:06:28.464 D/ImsProvisioningController( 2286): ProvisioningCallbackManager[0] subId is not changed
08-09 17:06:28.464 D/ImsProvisioningController( 2286): ProvisioningCallbackManager[1] subId is not changed
08-09 17:06:28.467 D/RILJ ( 2286): [0261]> iccIO: SIM_IO [PHONE0]
08-09 17:06:28.468 D/RILJ ( 2286): [0262]> iccIO: SIM_IO [PHONE0]
08-09 17:06:28.469 D/RILJ ( 2286): [0263]> iccIO: SIM_IO [PHONE0]
08-09 17:06:28.470 D/GsmCdmaPhone( 2286): [0] mBroadcastReceiver: action android.telephony.action.CARRIER_CONFIG_CHANGED
08-09 17:06:28.470 D/CarrierSignalAgent( 2286): [0]CarrierSignalAgent receiver action: android.telephony.action.CARRIER_CONFIG_CHANGED
08-09 17:06:28.471 D/CarrierSignalAgent( 2286): [0]Loading carrier config: carrier_app_wake_signal_config
08-09 17:06:28.472 D/CarrierSignalAgent( 2286): [0]Loading carrier config: carrier_app_no_wake_signal_config
08-09 17:06:28.472 D/SST ( 2286): [0] onReceive - action: android.telephony.action.CARRIER_CONFIG_CHANGED
08-09 17:06:28.474 D/RILJ ( 2286): [0260]< SIM_IO IccIoResult xx xx [PHONE0]
08-09 17:06:28.477 I/CSST ( 2286): reading time to delay notification pref network: -1
08-09 17:06:28.477 I/CSST ( 2286): reading time to delay notification emergency: -1
08-09 17:06:28.478 D/Phone ( 2286): [0] SubId4,get allowed network types user: value = GPRS|EDGE|UMTS|HSDPA|HSUPA|HSPA|LTE|HSPA+|GSM|LTE_CA|NR
08-09 17:06:28.478 D/PhoneFactory( 2286): calculatePreferredNetworkType: phoneId = 0 networkType = 840583
08-09 17:06:28.479 D/Phone ( 2286): [0] SubId4,get allowed network types carrier: value = GPRS|EDGE|UMTS|HSDPA|HSUPA|HSPA|LTE|HSPA+|GSM|LTE_CA|NR
08-09 17:06:28.479 I/CSST ( 2286): isNrSupported: carrierConfigEnabled: true, AccessFamilySupported: true, isNrNetworkTypeAllowed: true
08-09 17:06:28.479 I/CSST ( 2286): PrefNetworkNotification: sendMessage() w/values: ,true,-1,false,true
08-09 17:06:28.479 I/CSST ( 2286): canceling notifications: 1000
08-09 17:06:28.479 D/CSST ( 2286): isPhoneRegisteredForWifiCalling: false
08-09 17:06:28.479 I/CSST ( 2286): EmergencyNetworkNotification: sendMessage() w/values: ,-1,false,true
08-09 17:06:28.480 I/CSST ( 2286): canceling notifications: 1001
08-09 17:06:28.480 D/DCT-C-0 ( 2286): Intent.getAction() : android.telephony.action.CARRIER_CONFIG_CHANGED
08-09 17:06:28.480 D/GsmCdmaPhone( 2286): [1] mBroadcastReceiver: action android.telephony.action.CARRIER_CONFIG_CHANGED
08-09 17:06:28.481 D/CarrierSignalAgent( 2286): [1]CarrierSignalAgent receiver action: android.telephony.action.CARRIER_CONFIG_CHANGED
08-09 17:06:28.481 D/CarrierSignalAgent( 2286): [1]Loading carrier config: carrier_app_wake_signal_config
08-09 17:06:28.482 D/CarrierSignalAgent( 2286): [1]Loading carrier config: carrier_app_no_wake_signal_config
08-09 17:06:28.483 D/NRM-C-1 ( 2286): Carrier config changed. Try to bind network service.
08-09 17:06:28.483 D/SST ( 2286): [1] onReceive - action: android.telephony.action.CARRIER_CONFIG_CHANGED
08-09 17:06:28.486 I/CSST ( 2286): reading time to delay notification pref network: -1
08-09 17:06:28.486 I/CSST ( 2286): reading time to delay notification emergency: -1
08-09 17:06:28.486 D/Phone ( 2286): [1] SubId-1,get allowed network types user: value = GPRS|EDGE|UMTS|HSDPA|HSUPA|HSPA|LTE|HSPA+|GSM|LTE_CA|NR
08-09 17:06:28.486 D/PhoneFactory( 2286): calculatePreferredNetworkType: phoneId = 1 networkType = 840583
08-09 17:06:28.488 D/Phone ( 2286): [0] SubId4,get allowed network types carrier: value = GPRS|EDGE|UMTS|HSDPA|HSUPA|HSPA|LTE|HSPA+|GSM|LTE_CA|NR
08-09 17:06:28.488 I/CSST ( 2286): isNrSupported: carrierConfigEnabled: true, AccessFamilySupported: true, isNrNetworkTypeAllowed: true
08-09 17:06:28.489 D/SubscriptionController( 2286): [getActiveSubscriptionInfoForSimSlotIndex]+ slotIndex=0 subId={id=4 iccId= simSlotIndex=0 carrierId=2018 displayName=Jio carrierName=Jio nameSource=1 iconTint=-16746133 number= dataRoaming=0 iconBitmap=android.graphics.Bitmap@1669f39 mcc=405 mnc=874 countryIso=in isEmbedded=false nativeAccessRules=null cardString= cardId=3 portIndex=0 isOpportunistic=false groupUUID=null isGroupDisabled=false profileClass=-1 ehplmns=null hplmns=null subscriptionType=0 groupOwner=null carrierConfigAccessRules=null areUiccApplicationsEnabled=true usageSetting=0}
08-09 17:06:28.493 I/CSST ( 2286): PrefNetworkNotification: sendMessage() w/values: ,false,-1,false,true
08-09 17:06:28.493 D/SubscriptionController( 2286): [getActiveSubscriptionInfoForSimSlotIndex]+ slotIndex=0 subId={id=4 iccId= simSlotIndex=0 carrierId=2018 displayName=Jio carrierName=Jio nameSource=1 iconTint=-16746133 number= dataRoaming=0 iconBitmap=android.graphics.Bitmap@1669f39 mcc=405 mnc=874 countryIso=in isEmbedded=false nativeAccessRules=null cardString= cardId=3 portIndex=0 isOpportunistic=false groupUUID=null isGroupDisabled=false profileClass=-1 ehplmns=null hplmns=null subscriptionType=0 groupOwner=null carrierConfigAccessRules=null areUiccApplicationsEnabled=true usageSetting=0}
08-09 17:06:28.494 I/CSST ( 2286): canceling notifications: 1000
08-09 17:06:28.494 D/CSST ( 2286): isPhoneRegisteredForWifiCalling: false
08-09 17:06:28.494 I/CSST ( 2286): EmergencyNetworkNotification: sendMessage() w/values: ,-1,false,true
08-09 17:06:28.494 I/CSST ( 2286): canceling notifications: 1001
08-09 17:06:28.497 D/DSM-C-1 ( 2286): Carrier config changed. Try to bind data service.
08-09 17:06:28.497 D/DCT-C-1 ( 2286): Intent.getAction() : android.telephony.action.CARRIER_CONFIG_CHANGED
08-09 17:06:28.497 D/ImsPhoneCallTracker( 2286): [0] onReceive: Skipping indication for other phoneId: 1
08-09 17:06:28.499 D/RILJ ( 2286): [0261]< SIM_IO IccIoResult xx xx [PHONE0]
08-09 17:06:28.499 D/ImsPhoneCallTracker( 2286): [1] onReceive: caching carrier config until ImsService connects for subId: -1
08-09 17:06:28.500 E/ImsStateCallbackController( 2286): onReceive ACTION_CARRIER_CONFIG_CHANGED invalid subId
08-09 17:06:28.501 D/DCT-C-0 ( 2286): shouldRestrictDataForEcbm: isInEcm=false isInImsEcm=false
08-09 17:06:28.504 D/EmergencyNumberTracker( 2286): updateEmergencyNumberListDatabaseAndNotify(): receiving countryIso:
08-09 17:06:28.506 D/EmergencyNumberTracker( 2286): asset emergency database is loaded. Ver: 1 Phone Id: 1
08-09 17:06:28.506 E/EmergencyNumberTracker( 2286): Cache ota emergency database IOException: java.io.FileNotFoundException: /data/misc/emergencynumberdb/emergency_number_db: open failed: ENOENT (No such file or directory)
08-09 17:06:28.506 D/EmergencyNumberTracker( 2286): Using Asset Emergency database. Version: 1
08-09 17:06:28.511 D/SemEmergencyNumberTracker( 2286): [1] notifyEmergencyNumberList(): notified. VDB: 8, DB: 0, RADIO: 0, HIGH: 0, ALL: 000/0(oD), 08/0(oD), 110/0(oD), 112/0(oD), 118/0(oD), 119/0(oD), 911/0(oD), 999/0(oD)
08-09 17:06:28.512 D/RILJ ( 2286): [0262]< SIM_IO IccIoResult xx xx [PHONE0]
08-09 17:06:28.513 D/RILJ ( 2286): [0264]> iccIO: SIM_IO [PHONE0]
08-09 17:06:28.514 D/UiccProfile( 2286): handleMessage: Received OPEN_LOGICAL_CHANNEL_DONE for phoneId 0
08-09 17:06:28.514 D/UiccProfile( 2286): handleMessage: Error in SIM access with exception com.android.internal.telephony.CommandException: NO_SUCH_ELEMENT
08-09 17:06:28.514 D/SmsDispatchersController( 2286): lte sms status is updated : 1
08-09 17:06:28.514 D/SST ( 2286): [1] EVENT_GET_CELL_INFO_LIST: error ret null, e=com.android.internal.telephony.CommandException: NO_NETWORK_FOUND
08-09 17:06:28.514 D/LocaleTracker-0( 2286): processCellInfo: cell info=[CellInfoLte:{mRegistered=YES mTimeStamp=25186838218ns mCellConnectionStatus=0 CellIdentityLte:{ mCi=7***33 mPci=275 mTac=*3 mEarfcn=2525 mBands=[5] mBandwidth=2147483647 mMcc=405 mMnc=874 mAlphaLong=JIO 4G mAlphaShort=JIO 4G mAdditionalPlmns={} mCsgInfo=null} CellSignalStrengthLte: rssi=-51 rsrp=-79 rsrq=-14 rssnr=2147483647 cqiTableIndex=2147483647 cqi=2147483647 ta=2147483647 level=4 parametersUseForLevel=1 android.telephony.CellConfigLte :{ isEndcAvailable = false }}]
08-09 17:06:28.514 D/LocaleTracker-0( 2286): updateLocale: countryIso = in, countryIsoDebugInfo = OperatorNumeric(405874): MccTable.countryCodeForMcc("405")
08-09 17:06:28.514 D/LocaleTracker-0( 2286): updateLocale: timeZoneCountryIso = in, timeZoneCountryIsoDebugInfo = OperatorNumeric: MccTable.geoCountryCodeForMccMnc(MccMnc{mcc='405', mnc='874'})
08-09 17:06:28.514 D/NitzStateMachineImpl( 2286): handleCountryDetected: countryIsoCode=in, mLatestNitzSignal=NitzSignal{mReceiptElapsedMillis=PT17.552S, mNitzData=NitzData{mOriginalString=23/08/09,11:36:19+22,00, mZoneOffset=19800000, mDstOffset=0, mCurrentTimeMillis=1691580979000, mEmulatorHostTimeZone=null}, mAgeMillis=0}
08-09 17:06:28.514 D/LocaleTracker-0( 2286): processCellInfo: cell info=[CellInfoLte:{mRegistered=YES mTimeStamp=25186838218ns mCellConnectionStatus=0 CellIdentityLte:{ mCi=7***33 mPci=275 mTac=*3 mEarfcn=2525 mBands=[5] mBandwidth=2147483647 mMcc=405 mMnc=874 mAlphaLong=JIO 4G mAlphaShort=JIO 4G mAdditionalPlmns={} mCsgInfo=null} CellSignalStrengthLte: rssi=-51 rsrp=-79 rsrq=-14 rssnr=2147483647 cqiTableIndex=2147483647 cqi=2147483647 ta=2147483647 level=4 parametersUseForLevel=1 android.telephony.CellConfigLte :{ isEndcAvailable = false }}]
08-09 17:06:28.514 D/LocaleTracker-0( 2286): updateLocale: countryIso = in, countryIsoDebugInfo = OperatorNumeric(405874): MccTable.countryCodeForMcc("405")
08-09 17:06:28.514 D/LocaleTracker-0( 2286): updateLocale: timeZoneCountryIso = in, timeZoneCountryIsoDebugInfo = OperatorNumeric: MccTable.geoCountryCodeForMccMnc(MccMnc{mcc='405', mnc='874'})
08-09 17:06:28.514 D/NitzStateMachineImpl( 2286): handleCountryDetected: countryIsoCode=in, mLatestNitzSignal=NitzSignal{mReceiptElapsedMillis=PT17.552S, mNitzData=NitzData{mOriginalString=23/08/09,11:36:19+22,00, mZoneOffset=19800000, mDstOffset=0, mCurrentTimeMillis=1691580979000, mEmulatorHostTimeZone=null}, mAgeMillis=0}
08-09 17:06:28.515 D/GsmCdmaPhone( 2286): [0] EVENT_SUBSCRIPTIONS_CHANGED
08-09 17:06:28.515 E/Phone ( 2286): [0] Usage Setting is Supported but Preferred Setting Unknown!
08-09 17:06:28.515 D/GsmCdmaPhone( 2286): [1] EVENT_SUBSCRIPTIONS_CHANGED
08-09 17:06:28.515 D/DDS-SemPhoneSwitcher( 2286): handleMessage msg={ when=-80ms what=102 target=com.android.internal.telephony.data.SemPhoneSwitcher }
08-09 17:06:28.516 D/DDS-SemPhoneSwitcher( 2286): getRequestOverride : mPrioritizedDcRequests.size() == 0
08-09 17:06:28.516 D/DDS-SemPhoneSwitcher( 2286): getRequestOverride : RequestOverride(mState = NONE, mPhoneId = -1, mDelayReason = NONE)
08-09 17:06:28.516 D/RILJ ( 2286): [0264]< SIM_IO IccIoResult xx xx [PHONE0]
08-09 17:06:28.516 D/DDS-SemPhoneSwitcher( 2286): mAutoDdsPhoneId : -1, mPreferredDataPhoneId :0
08-09 17:06:28.516 D/DDS-SemPhoneSwitcher( 2286): updatePreferredDataPhoneId: mPreferredDataPhoneId = 0(PRIMARYDATA)
08-09 17:06:28.519 D/DDS-TelephonyNetworkFactory[0]( 2286): handleMessage msg={ when=-81ms what=2 target=com.android.internal.telephony.data.TelephonyNetworkFactory$InternalHandler }
08-09 17:06:28.519 D/DDS-TelephonyNetworkFactory[1]( 2286): handleMessage msg={ when=-83ms what=2 target=com.android.internal.telephony.data.TelephonyNetworkFactory$InternalHandler }
08-09 17:06:28.519 D/SIMRecords( 2286): [SIMRecords-0] EF_CPHS_MWI: null
08-09 17:06:28.520 D/SIMRecords( 2286): [SIMRecords-0] EVENT_GET_VOICE_MAIL_INDICATOR_CPHS_DONE exception = com.android.internal.telephony.CommandException: RADIO_NOT_AVAILABLE
08-09 17:06:28.520 D/SIMRecords( 2286): [SIMRecords-0] onRecordLoaded 5 requested: true
08-09 17:06:28.521 D/RILJ ( 2286): [0263]< SIM_IO IccIoResult xx xx [PHONE0]
08-09 17:06:28.522 I/power_partial_wake_state( 1319): [CHG,100,*telephony-radio*:com.android.phone]
08-09 17:06:28.522 D/MultiSimSettingController( 2286): onCarrierConfigChanged phoneId 1 subId -1
08-09 17:06:28.523 I/power_partial_wake_state( 1319): [REL,1,*telephony-radio*:com.android.phone]
08-09 17:06:28.524 I/power_partial_wake_state( 1319): [CHG,1,*telephony-radio*:com.android.phone]
08-09 17:06:28.525 D/RILJ ( 2286): [0265]> VOICE_RADIO_TECH [PHONE1]
08-09 17:06:28.526 E/RILD2 ( 1413): VoiceRadioTechHandler - RilState: 1, VoiceRat: 0, Rat: 3
08-09 17:06:28.526 D/GsmCdmaPhone( 2286): [1] broadcastEmergencyCallStateChanges = false
08-09 17:06:28.527 D/RILJ ( 2286): [0265]< VOICE_RADIO_TECH {3} [PHONE1]
08-09 17:06:28.527 I/power_partial_wake_state( 1319): [CHG,3,*telephony-radio*:com.android.phone]
08-09 17:06:28.527 E/GsmCdmaPhone( 2286): [1] Invalid cdma_roaming_mode settings: -2
08-09 17:06:28.529 I/power_partial_wake_state( 1319): [REL,1,*telephony-radio*:com.android.phone]
08-09 17:06:28.533 I/power_partial_wake_state( 1319): [CHG,1,*telephony-radio*:com.android.phone]
08-09 17:06:28.533 D/SubscriptionController( 2286): [getActiveSubscriptionInfoForSimSlotIndex]+ slotIndex=0 subId={id=4 iccId= simSlotIndex=0 carrierId=2018 displayName=Jio carrierName=Jio nameSource=1 iconTint=-16746133 number= dataRoaming=0 iconBitmap=android.graphics.Bitmap@1669f39 mcc=405 mnc=874 countryIso=in isEmbedded=false nativeAccessRules=null cardString= cardId=3 portIndex=0 isOpportunistic=false groupUUID=null isGroupDisabled=false profileClass=-1 ehplmns=null hplmns=null subscriptionType=0 groupOwner=null carrierConfigAccessRules=null areUiccApplicationsEnabled=true usageSetting=0}
08-09 17:06:28.534 D/RILJ ( 2286): [0266]> GET_RADIO_CAPABILITY [PHONE1]
08-09 17:06:28.535 D/SSCtr ( 2286): [1] Carrier Config changed.
08-09 17:06:28.535 E/SSCtr ( 2286): Invalid parameters for NR RSRP boost
08-09 17:06:28.536 D/RILJ ( 2286): convertHalRadioCapability: session=0, phase=4, rat=840583, logicModemUuid=1, status=1, rcRil.raf=1691150 [PHONE1]
08-09 17:06:28.537 D/RILJ ( 2286): [0266]< GET_RADIO_CAPABILITY {mPhoneId = 1 mVersion=1 mSession=0 mPhase=4 mRadioAccessFamily=840583 mLogicModemId=1 mStatus=1} [PHONE1]
08-09 17:06:28.538 D/RILJ ( 2286): [0267]> SET_SIGNAL_STRENGTH_REPORTING_CRITERIA [PHONE1]
08-09 17:06:28.538 D/SSCtr ( 2286): setSignalStrengthReportingCriteria consolidatedSignalThresholdInfos=[SignalThresholdInfo{mRan=1 mSignalMeasurementType=1 mHysteresisMs=3000 mHysteresisDb=2 mThresholds=[-107, -103, -97, -89] mIsEnabled=true}, SignalThresholdInfo{mRan=2 mSignalMeasurementType=2 mHysteresisMs=3000 mHysteresisDb=2 mThresholds=[-115, -105, -95, -85] mIsEnabled=true}, SignalThresholdInfo{mRan=3 mSignalMeasurementType=3 mHysteresisMs=3000 mHysteresisDb=2 mThresholds=[-128, -118, -108, -98] mIsEnabled=true}, SignalThresholdInfo{mRan=3 mSignalMeasurementType=4 mHysteresisMs=3000 mHysteresisDb=2 mThresholds=[] mIsEnabled=false}, SignalThresholdInfo{mRan=3 mSignalMeasurementType=5 mHysteresisMs=3000 mHysteresisDb=2 mThresholds=[] mIsEnabled=false}, SignalThresholdInfo{mRan=6 mSignalMeasurementType=6 mHysteresisMs=3000 mHysteresisDb=2 mThresholds=[-110, -90, -80, -65] mIsEnabled=true}, SignalThresholdInfo{mRan=6 mSignalMeasurementType=7 mHysteresisMs=3000 mHysteresisDb=2 mThresholds=[] mIsEnabled=false}, SignalThresholdInfo{mRan=6 mSignalMeasurementType=8 mHysteresisMs=3000 mHysteresisDb=2 mThresholds=[] mIsEnabled=false}]
08-09 17:06:28.538 D/SubscriptionController( 2286): [getActiveSubscriptionInfoForSimSlotIndex]+ slotIndex=0 subId={id=4 iccId= simSlotIndex=0 carrierId=2018 displayName=Jio carrierName=Jio nameSource=1 iconTint=-16746133 number= dataRoaming=0 iconBitmap=android.graphics.Bitmap@1669f39 mcc=405 mnc=874 countryIso=in isEmbedded=false nativeAccessRules=null cardString= cardId=3 portIndex=0 isOpportunistic=false groupUUID=null isGroupDisabled=false profileClass=-1 ehplmns=null hplmns=null subscriptionType=0 groupOwner=null carrierConfigAccessRules=null areUiccApplicationsEnabled=true usageSetting=0}
08-09 17:06:28.539 D/NRM-C-1 ( 2286): Service com.android.phone already bound or being bound.
08-09 17:06:28.539 D/RILJ ( 2286): [0267]< SET_SIGNAL_STRENGTH_REPORTING_CRITERIA [PHONE1]
08-09 17:06:28.540 I/power_partial_wake_state( 1319): [CHG,7,*telephony-radio*:com.android.phone]
08-09 17:06:28.543 I/power_partial_wake_state( 1319): [REL,3,*telephony-radio*:com.android.phone]
08-09 17:06:28.549 E/RILJ ( 2286): processResponse: Unexpected response! serial: 267 ,error: 0
08-09 17:06:28.549 E/RILJ ( 2286): processResponse: Unexpected response! serial: 267 ,error: 0
08-09 17:06:28.549 E/RILJ ( 2286): processResponse: Unexpected response! serial: 267 ,error: 0
08-09 17:06:28.549 E/RILJ ( 2286): processResponse: Unexpected response! serial: 267 ,error: 0
08-09 17:06:28.550 E/RILJ ( 2286): processResponse: Unexpected response! serial: 267 ,error: 0
08-09 17:06:28.550 E/RILJ ( 2286): processResponse: Unexpected response! serial: 267 ,error: 0
08-09 17:06:28.550 E/RILJ ( 2286): processResponse: Unexpected response! serial: 267 ,error: 0
08-09 17:06:28.553 I/service_manager_slow( 2286): [13,carrier_config]
08-09 17:06:28.554 D/SST ( 2286): [1] CarrierConfigChange PersistableBundle[{imsvoice.voice_on_default_bearer_supported_bool=false, imsss.ut_transport_type_int=1, carrier_volte_provisioned_bool=false, support_cdma_1x_voice_calls_bool=true, support_ss_over_cdma_bool=false, disable_charge_indication_bool=false, ims.sip_timer_t4_millis_int=17000, support_tdscdma_bool=false, httpSocketTimeout=60000, allowed_initial_attach_apn_types_string_array=[ia, default], disable_supplementary_services_in_airplane_mode_bool=false, call_barring_default_service_class_int=1, call_redirection_service_component_name_string=null, carrier_wfc_supports_wifi_only_bool=false, carrier_default_actions_on_default_network_available_string_array=[false: 7, true: 8], imsvoice.minimum_session_expires_timer_sec_int=90, iwlan_handover_policy_string_array=[source=GERAN|UTRAN|EUTRAN|NGRAN|IWLAN, target=GERAN|UTRAN|EUTRAN|NGRAN|IWLAN, type=allowed], operator_selection_expand_bool=true, disable_cdma_activation_code_bool=false, simplified_network_settings_bool=false, imsemergency.emergency_registration_timer_millis_int=10000, call_forwarding_when_unanswered_supported_bool=true, imsvt.h264_payload_description_bundle=PersistableBundle[{99=PersistableBundle[{}], 100=PersistableBundle[{imsvt.video_codec_attribute_packetization_mode_int=0}]}], support_tdscdma_roaming_networks_string_array=null, opportunistic.5g_data_switch_hysteresis_time_long=2000, ims.sip_timer_d_millis_int=130000, gps.lpp_profile=2, call_barring_visibility_bool=false, gba_mode_int=1, ims.registration_subscribe_expiry_timer_sec_int=600000, gps.es_extension_sec=0, enable_apps_string_array=null, 5g_icon_display_secondary_grace_period_string=, carrier_default_wfc_ims_roaming_enabled_bool=false, cdma_nonroaming_networks_string_array=null, imsss.ut_as_server_fqdn_string=, signal_strength_nr_nsa_use_lte_as_primary_bool=true, aliasMinChars=2, fdn_number_length_limit_int=20, support_ims_call_forwarding_while_roaming_bool=true, wfc_data_spn_format_idx_int=0, hide_sim_lock_settings_bool=false, drop_video_call_when_answering_audio_call_bool=false, data_stall_recovery_timers_long_array=[180000, 180000, 180000, 180000], opportunistic_esim_download_via_wifi_only_bool=false, imsss.xcap_over_ut_supported_rats_int_array=[3, 5], ci_action_on_sys_update_bool=false, carrier_certificate_string_array=[], convert_cdma_caller_id_mmi_codes_while_roaming_on_3gpp_bool=false, support_enhanced_call_blocking_bool=true, iwlan.ike_rekey_hard_timer_in_sec=14400, vvm_port_number_int=0, carrier_default_wfc_ims_enabled_bool=false, iwlan.ike_session_encryption_aes_ctr_key_size_int_array=[128, 192, 256], dial_string_replace_string_array=null, opportunistic_network_entry_threshold_bandwidth_int=1024, opportunistic_network_data_switch_exit_hysteresis_time_long=3000, imsss.use_csfb_on_xcap_over_ut_failure_bool=true, gsm_nonroaming_networks_string_array=null, imsserviceentitlement.ims_provisioning_bool=false, wifi.avoid_5ghz_softap_for_laa_bool=false, hide_ims_apn_bool=false, vvm_destination_number_string=, unmetered_nr_sa_mmwave_bool=false, ims.ipsec_encryption_algorithms_int_array=[0, 1, 2], opportunistic.5g_backoff_time_long=10000, enable_cross_sim_calling_on_opportunistic_data_bool=false, vonr_setting_visibility_bool=true, imssms.sms_over_ims_supported_bool=true, dtmf_type_enabled_bool=false, ims.sip_timer_f_millis_int=128000, allow_video_calling_fallback_bool=true, nr_advanced_threshold_bandwidth_khz_int=0, opportunistic.5g_ping_pong_time_long=60000, config_ims_package_override_string=null, data_stall_recovery_should_skip_bool_array=[false, false, true, false, false], only_auto_select_in_home_network=false, iwlan.supported_prf_algorithms_int_array=[2, 4, 5, 6, 7], show_data_connected_roaming_notification=false, gps.es_supl_data_plane_only_roaming_plmn_string_array=null, imsserviceentitlement.fcm_sender_id_string=, smsToMmsTextThreshold=3, imsvt.video_as_bandwidth_kbps_int=960, opportunistic.exit_threshold_ss_rsrp_int_bundle=PersistableBundle[{}], inflate_signal_strength_bool=false, force_home_network_bool=false, spdi_override_string_
08-09 17:06:28.554 E/Phone ( 2286): getCallForwardingIndicatorFromSharedPref: invalid subId -1
08-09 17:06:28.554 E/Phone ( 2286): getCallForwardingIndicatorFromSharedPref: invalid subId -1
08-09 17:06:28.554 D/DefaultPhoneNotifier( 2286): notifyCallForwardingChanged: subId=-1, isCFActive=false
08-09 17:06:28.554 E/Phone ( 2286): getCallForwardingIndicatorFromSharedPref: invalid subId -1
08-09 17:06:28.554 E/Phone ( 2286): getCallForwardingIndicatorFromSharedPref: invalid subId -1
08-09 17:06:28.554 D/SST ( 2286): [1] pollState: modemTriggered=false, radioState=1
08-09 17:06:28.556 D/SubscriptionController( 2286): [getActiveSubscriptionInfoForSimSlotIndex]+ slotIndex=0 subId={id=4 iccId= simSlotIndex=0 carrierId=2018 displayName=Jio carrierName=Jio nameSource=1 iconTint=-16746133 number= dataRoaming=0 iconBitmap=android.graphics.Bitmap@1669f39 mcc=405 mnc=874 countryIso=in isEmbedded=false nativeAccessRules=null cardString= cardId=3 portIndex=0 isOpportunistic=false groupUUID=null isGroupDisabled=false profileClass=-1 ehplmns=null hplmns=null subscriptionType=0 groupOwner=null carrierConfigAccessRules=null areUiccApplicationsEnabled=true usageSetting=0}
08-09 17:06:28.555 I/power_partial_wake_state( 1319): [CHG,0,*telephony-radio*:com.android.phone]
08-09 17:06:28.557 D/SubscriptionController( 2286): [getActiveSubscriptionInfoForSimSlotIndex]+ slotIndex=0 subId={id=4 iccId= simSlotIndex=0 carrierId=2018 displayName=Jio carrierName=Jio nameSource=1 iconTint=-16746133 number= dataRoaming=0 iconBitmap=android.graphics.Bitmap@1669f39 mcc=405 mnc=874 countryIso=in isEmbedded=false nativeAccessRules=null cardString= cardId=3 portIndex=0 isOpportunistic=false groupUUID=null isGroupDisabled=false profileClass=-1 ehplmns=null hplmns=null subscriptionType=0 groupOwner=null carrierConfigAccessRules=null areUiccApplicationsEnabled=true usageSetting=0}
08-09 17:06:28.558 D/RILJ ( 2286): [0268]> OPERATOR [PHONE1]
08-09 17:06:28.558 D/RILJ ( 2286): [0269]> QUERY_NETWORK_SELECTION_MODE [PHONE1]
08-09 17:06:28.559 E/RILD2 ( 1413): GetOperatorName: fetch sys info
08-09 17:06:28.560 D/DSM-C-1 ( 2286): Service com.android.phone already bound or being bound.
08-09 17:06:28.560 E/RILD2 ( 1413): UpdateVoiceRte: [CS] 1x reg [0], gsm reg [2], wcdma reg [2], lte reg [2], hdr reg [0], Td reg [0], 5G reg [2]
08-09 17:06:28.560 E/RILD2 ( 1413): UpdateVoiceRte: mVoiceRte(0), Confidence(4), mReportedLteSmsStatus(0)
08-09 17:06:28.560 E/RILD2 ( 1413): SetDataRteRegStatus: [PS] 1x reg [0], gsm reg [2], wcdma reg [2], lte reg [2], hdr reg [0], Td reg [0], nr5g reg [2] pref_data_tech(0), radio_tech_flag(2)
08-09 17:06:28.560 E/RILD2 ( 1413): UpdateDataRte: mDataRte(0), Confidence(4)
08-09 17:06:28.560 E/RILD2 ( 1413): UpdateImsRte: mImsRte(0), Confidence(4)
08-09 17:06:28.561 D/RILJ ( 2286): [0268]< OPERATOR [PHONE1]
08-09 17:06:28.562 D/RILJ ( 2286): [0270]> DATA_REGISTRATION_STATE [PHONE1]
08-09 17:06:28.562 D/RILJ ( 2286): getDataRegistrationState: overrideHalVersion=null [PHONE1]
08-09 17:06:28.562 D/RILJ ( 2286): [0269]< QUERY_NETWORK_SELECTION_MODE {0} [PHONE1]
08-09 17:06:28.563 D/RILJ ( 2286): [0271]> VOICE_REGISTRATION_STATE [PHONE1]
08-09 17:06:28.563 D/RILJ ( 2286): getVoiceRegistrationState: overrideHalVersion=null [PHONE1]
08-09 17:06:28.564 E/RILD2 ( 1413): UpdateVoiceRte: [CS] 1x reg [0], gsm reg [2], wcdma reg [2], lte reg [2], hdr reg [0], Td reg [0], 5G reg [2]
08-09 17:06:28.564 E/RILD2 ( 1413): UpdateVoiceRte: mVoiceRte(0), Confidence(4), mReportedLteSmsStatus(0)
08-09 17:06:28.564 E/RILD2 ( 1413): SetDataRteRegStatus: [PS] 1x reg [0], gsm reg [2], wcdma reg [2], lte reg [2], hdr reg [0], Td reg [0], nr5g reg [2] pref_data_tech(0), radio_tech_flag(2)
08-09 17:06:28.564 E/RILD2 ( 1413): UpdateDataRte: mDataRte(0), Confidence(4)
08-09 17:06:28.564 E/RILD2 ( 1413): UpdateImsRte: mImsRte(0), Confidence(4)
08-09 17:06:28.565 E/RILD2 ( 1413): HalIoChannel::Write: mSehChannelImpl->mSehChannelCallback == null [epdgd2]
08-09 17:06:28.565 E/RILD2 ( 1413): IO channel write error.
08-09 17:06:28.565 E/RILD2 ( 1413): DataNetRegStateHandler - Can't read ePDG state
08-09 17:06:28.565 E/RILD2 ( 1413): DataNetRegStateHandler - Delete message
08-09 17:06:28.565 I/power_partial_wake_state( 1319): [REL,3001,AudioMix:audioserver]
08-09 17:06:28.566 I/commit_sys_config_file( 1319): [settings-1-0,22]
08-09 17:06:28.568 I/power_partial_wake_state( 1319): [REL,3003,AudioMix:audioserver]
08-09 17:06:28.572 D/RILJ ( 2286): [0270]< DATA_REGISTRATION_STATE {.regState = NOT_REG_MT_SEARCHING_OP, .rat = UNKNOWN, .reasonForDenial = NONE, .cellIdentity = {.noinit = {}}, .registeredPlmn = , .accessTechnologySpecificInfo = {.noinit = {}}} [PHONE1]
08-09 17:06:28.572 D/CellularNetworkService( 2286): No access tech specific info passes for RegStateResult
08-09 17:06:28.572 D/NRM-C-1 ( 2286): onRequestNetworkRegistrationInfoComplete result: 0, info: NetworkRegistrationInfo{ domain=PS transportType=WWAN registrationState=NOT_REG_SEARCHING roamingType=NOT_ROAMING accessNetworkTechnology=UNKNOWN rejectCause=0 emergencyEnabled=false availableServices=[] cellIdentity=null voiceSpecificInfo=null dataSpecificInfo=android.telephony.DataSpecificRegistrationInfo :{ maxDataCalls = 16 isDcNrRestricted = false isNrAvailable = false isEnDcAvailable = false LteVopsSupportInfo : mVopsSupport = 1 mEmcBearerSupport = 1 } nrState=**** rRplmn= isUsingCarrierAggregation=false}
08-09 17:06:28.574 E/RILD2 ( 1413): UpdateVoiceRte: [CS] 1x reg [0], gsm reg [2], wcdma reg [2], lte reg [2], hdr reg [0], Td reg [0], 5G reg [2]
08-09 17:06:28.574 E/RILD2 ( 1413): UpdateVoiceRte: mVoiceRte(0), Confidence(4), mReportedLteSmsStatus(0)
08-09 17:06:28.574 E/RILD2 ( 1413): SetDataRteRegStatus: [PS] 1x reg [0], gsm reg [2], wcdma reg [2], lte reg [2], hdr reg [0], Td reg [0], nr5g reg [2] pref_data_tech(0), radio_tech_flag(2)
08-09 17:06:28.574 E/RILD2 ( 1413): UpdateDataRte: mDataRte(0), Confidence(4)
08-09 17:06:28.574 E/RILD2 ( 1413): UpdateImsRte: mImsRte(0), Confidence(4)
08-09 17:06:28.577 D/NetworkTypeController( 2286): [1] LegacyState: process EVENT_CARRIER_CONFIG_CHANGED
08-09 17:06:28.577 D/NetworkTypeController( 2286): [1] Remove primary timer! rat: 0, currentState: legacy
08-09 17:06:28.577 D/NetworkTypeController( 2286): [1] DefaultState: process EVENT_CARRIER_CONFIG_CHANGED
08-09 17:06:28.577 I/power_partial_wake_state( 1319): [REL,3011,AudioMix:audioserver]
08-09 17:06:28.578 D/NetworkTypeController( 2286): [1] EUR: isLatinSubOperator: false
08-09 17:06:28.578 D/NetworkTypeController( 2286): [1] Use Feature, mCfgNrIconConfiguration: connected_mmwave:5G,connected:5G,not_restricted_rrc_idle:5G,not_restricted_rrc_con:5G
08-09 17:06:28.578 D/NetworkTypeController( 2286): [1] getServerConfigValues: [30, 30, 0]
