08-09 17:06:24.352 D/DCT-C-0 ( 2286): shouldRestrictDataForEcbm: isInEcm=false isInImsEcm=false
08-09 17:06:24.358 D/DCT-C-0 ( 2286): isSprSim: failed to get SIM operator
08-09 17:06:24.358 D/DCT-C-0 ( 2286): isValidForEpdg: retValue=false
08-09 17:06:24.358 D/DCT-C-0 ( 2286): shouldRestrictDataForEcbm: isInEcm=false isInImsEcm=false
08-09 17:06:24.361 D/DCT-C-0 ( 2286): isSprSim: failed to get SIM operator
08-09 17:06:24.361 D/DCT-C-0 ( 2286): isValidForEpdg: retValue=false
08-09 17:06:24.362 D/DCT-C-0 ( 2286): shouldRestrictDataForEcbm: isInEcm=false isInImsEcm=false
08-09 17:06:24.369 D/DCT-C-0 ( 2286): isSprSim: failed to get SIM operator
08-09 17:06:24.369 D/DCT-C-0 ( 2286): onRadioAvailable
08-09 17:06:24.369 D/DCT-C-0 ( 2286): onRadioOffOrNotAvailable: is off and clean up all connections
08-09 17:06:24.369 D/DCT-C-0 ( 2286): cleanUpAllConnectionsInternal: detach=false reason=radioTurnedOff
08-09 17:06:24.369 D/DCT-C-0 ( 2286): keepConnectionForEpdg: retValue=false
08-09 17:06:24.369 D/DCT-C-0 ( 2286): cleanUpConnectionInternal: X detach=false reason=radioTurnedOff apnContext={mApnType=xcap mState=IDLE mWaitingApns={[] priority=3} mApnSetting={null} mReason=radioTurnedOff mNeedDisconnectByDdsChange=false mDataEnabled=false} dc=null
08-09 17:06:24.369 D/DCT-C-0 ( 2286): keepConnectionForEpdg: retValue=false
08-09 17:06:24.369 D/DCT-C-0 ( 2286): cleanUpConnectionInternal: X detach=false reason=radioTurnedOff apnContext={mApnType=mcx mState=IDLE mWaitingApns={[] priority=3} mApnSetting={null} mReason=radioTurnedOff mNeedDisconnectByDdsChange=false mDataEnabled=false} dc=null
08-09 17:06:24.370 D/DCT-C-0 ( 2286): keepConnectionForEpdg: retValue=false
08-09 17:06:24.370 D/DCT-C-0 ( 2286): cleanUpConnectionInternal: X detach=false reason=radioTurnedOff apnContext={mApnType=rcs mState=IDLE mWaitingApns={[] priority=2} mApnSetting={null} mReason=radioTurnedOff mNeedDisconnectByDdsChange=false mDataEnabled=false} dc=null
08-09 17:06:24.370 D/DCT-C-0 ( 2286): keepConnectionForEpdg: retValue=false
08-09 17:06:24.370 D/DCT-C-0 ( 2286): cleanUpConnectionInternal: X detach=false reason=radioTurnedOff apnContext={mApnType=enterprise mState=IDLE mWaitingApns={[] priority=0} mApnSetting={null} mReason=radioTurnedOff mNeedDisconnectByDdsChange=false mDataEnabled=false} dc=null
08-09 17:06:24.370 D/DCT-C-0 ( 2286): keepConnectionForEpdg: retValue=false
08-09 17:06:24.370 D/DCT-C-0 ( 2286): cleanUpConnectionInternal: X detach=false reason=radioTurnedOff apnContext={mApnType=fota mState=IDLE mWaitingApns={[] priority=2} mApnSetting={null} mReason=radioTurnedOff mNeedDisconnectByDdsChange=false mDataEnabled=false} dc=null
08-09 17:06:24.370 D/DCT-C-0 ( 2286): keepConnectionForEpdg: retValue=false
08-09 17:06:24.370 D/DCT-C-0 ( 2286): cleanUpConnectionInternal: X detach=false reason=radioTurnedOff apnContext={mApnType=bip mState=IDLE mWaitingApns={[] priority=2} mApnSetting={null} mReason=radioTurnedOff mNeedDisconnectByDdsChange=false mDataEnabled=false} dc=null
08-09 17:06:24.370 D/DCT-C-0 ( 2286): keepConnectionForEpdg: retValue=false
08-09 17:06:24.370 D/DCT-C-0 ( 2286): cleanUpConnectionInternal: X detach=false reason=radioTurnedOff apnContext={mApnType=supl mState=IDLE mWaitingApns={[] priority=2} mApnSetting={null} mReason=radioTurnedOff mNeedDisconnectByDdsChange=false mDataEnabled=false} dc=null
08-09 17:06:24.370 D/DCT-C-0 ( 2286): keepConnectionForEpdg: retValue=false
08-09 17:06:24.370 D/DCT-C-0 ( 2286): cleanUpConnectionInternal: X detach=false reason=radioTurnedOff apnContext={mApnType=emergency mState=IDLE mWaitingApns={[] priority=2} mApnSetting={null} mReason=radioTurnedOff mNeedDisconnectByDdsChange=false mDataEnabled=false} dc=null
08-09 17:06:24.370 D/DCT-C-0 ( 2286): keepConnectionForEpdg: retValue=false
08-09 17:06:24.370 D/DCT-C-0 ( 2286): cleanUpConnectionInternal: X detach=false reason=radioTurnedOff apnContext={mApnType=hipri mState=IDLE mWaitingApns={[] priority=3} mApnSetting={null} mReason=radioTurnedOff mNeedDisconnectByDdsChange=false mDataEnabled=false} dc=null
08-09 17:06:24.370 D/DCT-C-0 ( 2286): keepConnectionForEpdg: retValue=false
08-09 17:06:24.370 D/DCT-C-0 ( 2286): cleanUpConnectionInternal: X detach=false reason=radioTurnedOff apnContext={mApnType=ims mState=IDLE mWaitingApns={[] priority=2} mApnSetting={null} mReason=radioTurnedOff mNeedDisconnectByDdsChange=false mDataEnabled=false} dc=null
08-09 17:06:24.370 D/DCT-C-0 ( 2286): keepConnectionForEpdg: retValue=false
08-09 17:06:24.370 D/DCT-C-0 ( 2286): cleanUpConnectionInternal: X detach=false reason=radioTurnedOff apnContext={mApnType=mms mState=IDLE mWaitingApns={[] priority=2} mApnSetting={null} mReason=radioTurnedOff mNeedDisconnectByDdsChange=false mDataEnabled=false} dc=null
08-09 17:06:24.371 D/DCT-C-0 ( 2286): keepConnectionForEpdg: retValue=false
08-09 17:06:24.371 D/DCT-C-0 ( 2286): cleanUpConnectionInternal: X detach=false reason=radioTurnedOff apnContext={mApnType=default mState=IDLE mWaitingApns={[] priority=1} mApnSetting={null} mReason=radioTurnedOff mNeedDisconnectByDdsChange=false mDataEnabled=false} dc=null
08-09 17:06:24.371 D/DCT-C-0 ( 2286): keepConnectionForEpdg: retValue=false
08-09 17:06:24.371 D/DCT-C-0 ( 2286): cleanUpConnectionInternal: X detach=false reason=radioTurnedOff apnContext={mApnType=cbs mState=IDLE mWaitingApns={[] priority=2} mApnSetting={null} mReason=radioTurnedOff mNeedDisconnectByDdsChange=false mDataEnabled=false} dc=null
08-09 17:06:24.371 D/DCT-C-0 ( 2286): keepConnectionForEpdg: retValue=false
08-09 17:06:24.371 D/DCT-C-0 ( 2286): cleanUpConnectionInternal: X detach=false reason=radioTurnedOff apnContext={mApnType=ia mState=IDLE mWaitingApns={[] priority=2} mApnSetting={null} mReason=radioTurnedOff mNeedDisconnectByDdsChange=false mDataEnabled=false} dc=null
08-09 17:06:24.371 D/DCT-C-0 ( 2286): keepConnectionForEpdg: retValue=false
08-09 17:06:24.371 D/DCT-C-0 ( 2286): cleanUpConnectionInternal: X detach=false reason=radioTurnedOff apnContext={mApnType=dun mState=IDLE mWaitingApns={[] priority=2} mApnSetting={null} mReason=radioTurnedOff mNeedDisconnectByDdsChange=false mDataEnabled=false} dc=null
08-09 17:06:24.371 D/DCT-C-0 ( 2286): stopNetStatPoll
08-09 17:06:24.372 D/DCT-C-0 ( 2286): stopDataStallAlarm: current tag=20369 mDataStallAlarmIntent=null
08-09 17:06:24.372 D/DCT-C-0 ( 2286): notify all data disconnected
08-09 17:06:24.372 D/DCT-C-0 ( 2286): onDataConnectionDetached: stop polling and notify detached
08-09 17:06:24.372 D/DCT-C-0 ( 2286): stopNetStatPoll
08-09 17:06:24.372 D/DCT-C-0 ( 2286): stopDataStallAlarm: current tag=20370 mDataStallAlarmIntent=null
08-09 17:06:24.372 D/DCT-C-0 ( 2286): onDataRoamingOff
08-09 17:06:24.374 D/DCT-C-0 ( 2286): setDataProfilesAsNeeded
08-09 17:06:24.378 E/DCT-C-0 ( 2286): getPreferredApnSetId: cursor is null
08-09 17:06:24.378 I/am_proc_bound( 1319): [0,2609,com.android.bluetooth]
08-09 17:06:24.379 E/DCT-C-0 ( 2286): getPreferredApnSetId: cursor is null
08-09 17:06:24.380 I/am_uid_active( 1319): 1002
08-09 17:06:24.381 D/DCT-C-0 ( 2286): setInitialAttachApn: Allowed APN types=ia,default
08-09 17:06:24.381 D/DCT-C-0 ( 2286): setInitialAttachApn: X There in no available apn.
08-09 17:06:24.381 D/DCT-C-0 ( 2286): setupDataOnAllConnectableApns: roamingOff mcx:[state=IDLE,enabled=false] xcap:[state=IDLE,enabled=false] hipri:[state=IDLE,enabled=false] ims:[state=IDLE,enabled=false] cbs:[state=IDLE,enabled=false] ia:[state=IDLE,enabled=false] emergency:[state=IDLE,enabled=false] bip:[state=IDLE,enabled=false] mms:[state=IDLE,enabled=false] rcs:[state=IDLE,enabled=false] supl:[state=IDLE,enabled=false] dun:[state=IDLE,enabled=false] fota:[state=IDLE,enabled=false] default:[state=IDLE,enabled=false] enterprise:[state=IDLE,enabled=false]
08-09 17:06:24.382 D/CarrierResolver( 2286): handleMessage: 2
08-09 17:06:24.382 I/SemCarrierIdentifier( 2286): [initSimIdentityInfo] msg.what : 1
08-09 17:06:24.382 D/CarrierResolver( 2286): handleMessage: 190700
08-09 17:06:24.382 I/SemCarrierIdentifier( 2286): [handleMessage] msg.what : 1
08-09 17:06:24.382 E/CarrierResolver( 2286): invalid msg: 190700
08-09 17:06:24.382 D/CarrierResolver( 2286): handleMessage: 2
08-09 17:06:24.383 D/SST-SEM ( 2286): [0] onReceive - action: android.intent.action.CONFIGURATION_CHANGED
08-09 17:06:24.385 D/SST ( 2286): [0] getCarrierNameDisplayBitmask - SHOW_PLMN (No ServiceProviderName)
08-09 17:06:24.386 D/SST ( 2286): [0] getStringForRejectCause - isEmergencyOnly: false, isRadioOn: true, mSS.getState: 1, RejectCode: 0, plmn: No service
08-09 17:06:24.386 D/SST ( 2286): [0] updateSpnDisplay: radio is on but out of service, set plmn='No service'
08-09 17:06:24.386 D/SST ( 2286): [0] updateSpnDisplay: rawSpn = , wfcVoiceSpnFormat = null, wfcDataSpnFormat = null
08-09 17:06:24.391 I/am_proc_start( 1319): [0,2631,1001,com.samsung.android.cidmanager,content provider,{com.samsung.android.cidmanager/com.samsung.android.cidmanager.modules.cidprovider.CIDProvider}]
08-09 17:06:24.418 I/am_uid_running( 1319): 10211
08-09 17:06:24.422 I/am_uid_running( 1319): 1027
08-09 17:06:24.426 I/am_uid_running( 1319): 1068
08-09 17:06:24.427 I/boot_progress_ams_state( 1319): [0,-1,1,systemReady,startPersistentApps MATCH_DIRECT_BOOT_AWARE]
08-09 17:06:24.464 I/wm_task_created( 1319): [6,-1]
08-09 17:06:24.465 I/wm_task_windowing_mode_changed( 1319): [6,0,1]
08-09 17:06:24.466 I/wm_task_moved( 1319): [6,1,2147483647]
08-09 17:06:24.470 I/wm_task_moved( 1319): [1,1,2]
08-09 17:06:24.471 I/wm_create_task( 1319): [0,6,1]
08-09 17:06:24.471 I/wm_create_activity( 1319): [0,83722493,6,com.android.settings/.FallbackHome,android.intent.action.MAIN,NULL,NULL,276824320,startHomeActivity: systemReady:0:0:0:null:0]
08-09 17:06:24.472 I/wm_task_moved( 1319): [1,1,2]
08-09 17:06:24.472 I/wm_task_moved( 1319): [6,1,2147483647]
08-09 17:06:24.472 I/wm_task_to_front( 1319): [0,6]
08-09 17:06:24.539 I/boot_progress_ams_state( 1319): [0,-1,1,systemReady,send USER STARTED]
08-09 17:06:24.539 I/boot_progress_ams_state( 1319): [0,-1,1,systemReady,send USER STARTING]
08-09 17:06:24.540 I/uc_send_user_broadcast( 1319): [0,android.intent.action.USER_FOREGROUND]
08-09 17:06:24.540 I/uc_send_user_broadcast( 1319): [0,android.intent.action.USER_SWITCHED]
08-09 17:06:24.541 I/boot_progress_ams_state( 1319): [0,-1,2,systemReady,NULL]
08-09 17:06:24.541 I/am_proc_start( 1319): [0,2646,10211,.qtidataservices,added application,.qtidataservices]
08-09 17:06:24.542 I/am_proc_bound( 1319): [0,2631,com.samsung.android.cidmanager]
08-09 17:06:24.550 I/dvm_lock_sample( 1319): [system_server,1,binder:1319_C,89,ActivityManagerService.java,5939,void com.android.server.am.ActivityManagerService.attachApplication(android.app.IApplicationThread, long),,0,null,17]
08-09 17:06:24.555 I/am_proc_bound( 1319): [0,2646,.qtidataservices]
08-09 17:06:24.558 I/am_uid_active( 1319): 10211
08-09 17:06:24.575 I/am_proc_start( 1319): [0,2662,1000,com.sec.sve,added application,com.sec.sve]
08-09 17:06:24.586 I/am_proc_start( 1319): [0,2668,1027,com.android.nfc,added application,com.android.nfc]
08-09 17:06:24.603 I/am_proc_start( 1319): [0,2669,1000,com.sec.imsservice,added application,com.sec.imsservice]
08-09 17:06:24.615 I/am_proc_start( 1319): [0,2678,1068,com.android.se,added application,com.android.se]
08-09 17:06:24.639 I/service_manager_slow( 2662): [17,activity]
08-09 17:06:24.641 I/am_proc_bound( 1319): [0,2662,com.sec.sve]
08-09 17:06:24.658 I/am_proc_start( 1319): [0,2694,1000,com.android.settings,top-activity,{com.android.settings/com.android.settings.FallbackHome}]
08-09 17:06:24.672 I/notification_cancel_all( 1319): [1000,1319,android,0,0,0,20,NULL]
08-09 17:06:24.672 I/notification_cancel_all( 1319): [1000,1319,android,0,0,0,20,NULL]
08-09 17:06:24.672 I/notification_cancel_all( 1319): [1000,1319,android,0,0,0,20,NULL]
08-09 17:06:24.682 I/am_uid_running( 1319): 10257
08-09 17:06:24.692 I/am_proc_start( 1319): [0,2728,10257,com.google.android.ext.services,service,{com.google.android.ext.services/android.ext.services.autofill.InlineSuggestionRenderServiceImpl}]
08-09 17:06:24.693 I/am_proc_bound( 1319): [0,2668,com.android.nfc]
08-09 17:06:24.695 I/am_uid_active( 1319): 1027
08-09 17:06:24.702 I/am_proc_bound( 1319): [0,2669,com.sec.imsservice]
08-09 17:06:24.720 I/sysui_multi_action( 1319): [757,856,758,2,806,android,857,AudioCore_Notification,858,4]
08-09 17:06:24.720 I/sysui_multi_action( 1319): [757,856,758,1,806,android,857,AudioCore_Notification,858,4]
08-09 17:06:24.723 I/notification_cancel( 1319): [1000,1319,android,63,com.android.wifi,0,0,0,8,NULL]
08-09 17:06:24.723 I/notification_cancel( 1319): [1000,1319,android,51,com.android.wifi,0,0,0,8,NULL]
08-09 17:06:24.729 I/service_manager_slow( 2678): [48,activity]
08-09 17:06:24.730 I/am_proc_bound( 1319): [0,2678,com.android.se]
08-09 17:06:24.732 I/am_uid_active( 1319): 1068
08-09 17:06:24.747 I/am_proc_bound( 1319): [0,2694,com.android.settings]
08-09 17:06:24.757 I/wm_restart_activity( 1319): [0,83722493,6,com.android.settings/.FallbackHome]
08-09 17:06:24.769 I/wm_set_resumed_activity( 1319): [0,com.android.settings/.FallbackHome,minimalResumeActivityLocked]
08-09 17:06:24.775 I/dvm_lock_sample( 1319): [system_server,1,binder:1319_6,26,ActivityManagerService.java,14994,int com.android.server.am.ActivityManagerService.bindServiceInstance(android.app.IApplicationThread, android.os.IBinder, android.content.Intent, java.lang.String, android.app.IServiceConnection, int, java.lang.String, boolean, int, java.lang.String, java.lang.String, int),-,5945,void com.android.server.am.ActivityManagerService.attachApplication(android.app.IApplicationThread, long),5]
08-09 17:06:24.785 I/am_proc_bound( 1319): [0,2728,com.google.android.ext.services]
08-09 17:06:24.792 I/am_uid_active( 1319): 10257
08-09 17:06:24.795 I/am_wtf ( 1319): [0,1319,system_server,-1,UsageStatsService,Failed to report event for locked user 0 (com.android.settings/com.android.settings.FallbackHome eventType:1 instanceId:89458861)]
08-09 17:06:24.862 I/am_uid_running( 1319): 10129
08-09 17:06:24.875 I/am_proc_start( 1319): [0,2775,10129,com.sec.android.app.launcher,service,{com.sec.android.app.launcher/com.android.quickstep.TouchInteractionService}]
08-09 17:06:24.960 I/am_proc_bound( 1319): [0,2775,com.sec.android.app.launcher]
08-09 17:06:24.961 I/am_uid_active( 1319): 10129
08-09 17:06:24.998 I/commit_sys_config_file( 1319): [notification-policy,3768]
08-09 17:06:25.025 D/SemTelephonyController( 2286): getServiceStateForPhoneId, phoneId: 0, serviceState: {mVoiceRegState=1(OUT_OF_SERVICE), mDataRegState=1(OUT_OF_SERVICE), mChannelNumber=-1, duplexMode()=0, mCellBandwidths=[], mOperatorAlphaLong=null, mOperatorAlphaShort=null, isManualNetworkSelection=false(automatic), getRilVoiceRadioTechnology=0(Unknown), getRilDataRadioTechnology=0(Unknown), mCssIndicator=unsupported, mNetworkId=*1, mSystemId=*1, mCdmaRoamingIndicator=-1, mCdmaDefaultRoamingIndicator=-1, VoiceRegType=0, Snap=0, MobileData=OUT_OF_SERVICE, MobileDataRoamingType=home, MobileDataRat=Unknown, PsOnly=false, FemtocellInd=0, SprDisplayRoam=false, OptRadioTech=0, MsimSubmode=0, mIsEmergencyOnly=false, isUsingCarrierAggregation=false, mArfcnRsrpBoost=0, mNetworkRegistrationInfos=[NetworkRegistrationInfo{ domain=CS transportType=WWAN registrationState=UNKNOWN roamingType=NOT_ROAMING accessNetworkTechnology=UNKNOWN rejectCause=0 emergencyEnabled=false availableServices=[] cellIdentity=null voiceSpecificInfo=null dataSpecificInfo=null nrState=**** rRplmn= isUsingCarrierAggregation=false}, NetworkRegistrationInfo{ domain=PS transportType=WWAN registrationState=UNKNOWN roamingType=NOT_ROAMING accessNetworkTechnology=UNKNOWN rejectCause=0 emergencyEnabled=false availableServices=[] cellIdentity=null voiceSpecificInfo=null dataSpecificInfo=null nrState=**** rRplmn= isUsingCarrierAggregation=false}], mNrFrequencyRange=0, mOperatorAlphaLongRaw=null, mOperatorAlphaShortRaw=null, mIsDataRoamingFromRegistration=false, mIsIwlanPreferred=false}
08-09 17:06:25.048 D/GsmCdmaPhone( 2286): [0] onVoiceRegStateOrRatChanged
08-09 17:06:25.048 D/GsmCdmaPhone( 2286): [0] getCsCallRadioTech, current vrs=1, vrat=0
08-09 17:06:25.048 D/GsmCdmaPhone( 2286): [0] getCsCallRadioTech, result calcVrat=0
08-09 17:06:25.049 D/VCT ( 2286): [0] EVENT_INIT_GET_VENDOR_CONFIGURATION: set framework ready
08-09 17:06:25.052 I/power_partial_wake_state( 1319): [CHG,1,*telephony-sem-radio*:com.android.phone]
08-09 17:06:25.053 D/SEM_RILJ( 2286): [0052]> SET_VENDOR_CONFIGURATION [PHONE0]
08-09 17:06:25.053 D/Phone ( 2286): config LCE service failed: com.android.internal.telephony.CommandException: REQUEST_NOT_SUPPORTED
08-09 17:06:25.053 E/ImsManager [1]( 2286): associate null
08-09 17:06:25.054 D/ImsSmsDispatcher( 2286): Radio state is OFF, mPrevVolteRegi = false
08-09 17:06:25.054 D/GsmSMSDispatcher( 2286): GsmSMSDispatcher: subId = -1 slotId = 1
08-09 17:06:25.054 D/SmsDispatchersController( 2286): Radio state is OFF, mPrevVolteRegi = false
08-09 17:06:25.054 D/SmsDispatchersController( 2286): handleRadioStateChanged: 0
08-09 17:06:25.054 D/SmsDispatchersController( 2286): get smsc because mSmsc is null
08-09 17:06:25.055 I/power_partial_wake_state( 1319): [CHG,0,*telephony-radio*:com.android.phone]
08-09 17:06:25.055 D/RILJ ( 2286): [0053]> GET_SMSC_ADDRESS [PHONE1]
08-09 17:06:25.055 D/SmsDispatchersController( 2286): PhoneId SIM off is 1
08-09 17:06:25.056 D/RILJ ( 2286): [0054]> BASEBAND_VERSION [PHONE1]
08-09 17:06:25.056 D/SEM_RILJ( 2286): [0052]< SET_VENDOR_CONFIGURATION [PHONE0]
08-09 17:06:25.056 E/rild ( 1413): currentEmergencyNumberList: invalid response
08-09 17:06:25.056 I/power_partial_wake_state( 1319): [CHG,4,*telephony-sem-radio*:com.android.phone]
08-09 17:06:25.057 D/RILJ ( 2286): [0055]> DEVICE_IDENTITY [PHONE1]
08-09 17:06:25.057 E/RILD2 ( 1413): QMI_WMS_GET_SMSC_ADDRESS_RESP received with error 52
08-09 17:06:25.057 E/RILD2 ( 1413): OnGetSmscAddressDone: failed. (7)
08-09 17:06:25.057 D/RILJ ( 2286): [0056]> GET_RADIO_CAPABILITY [PHONE1]
08-09 17:06:25.057 I/power_partial_wake_state( 1319): [REL,0,*telephony-sem-radio*:com.android.phone]
08-09 17:06:25.058 D/RILJ ( 2286): [0057]> GET_UICC_APPLICATIONS_ENABLEMENT [PHONE1]
08-09 17:06:25.058 D/SEM_RILJ( 2286): [UNSL]< UNSOL_OEM_FIVEG_STATUS_CHANGED 0 [PHONE0]
08-09 17:06:25.058 D/RILJ ( 2286): startLceService: REQUEST_NOT_SUPPORTED
08-09 17:06:25.058 D/RILJ ( 2286): [0053]< GET_SMSC_ADDRESS error 38 [PHONE1]
08-09 17:06:25.058 D/RilRequest( 2286): [0053]< GET_SMSC_ADDRESS error: com.android.internal.telephony.CommandException: INTERNAL_ERR ret= result={ when=-22s181ms what=19 target=com.android.internal.telephony.SmsDispatchersController }
08-09 17:06:25.058 D/SEM_RILJ( 2286): [UNSL]< UNSOL_OEM_EXECUTE [PHONE0]
08-09 17:06:25.058 D/SEM_RILJ( 2286): execute cmd0: AM cmd1: stickybroadcastno -a com.sec.intent.action.CP_CHAN_INFO -f 16777216 --ei Rat 3 --ei Band 95 [PHONE0]
08-09 17:06:25.059 D/SemGsmCdmaPhone( 2286): [1] EVENT_RADIO_AVAILABLE Received
08-09 17:06:25.059 E/rild ( 1413): areUiccApplicationsEnabledResponse: Invalid response
08-09 17:06:25.059 D/rild ( 1413): physicalChannelConfigInd_V1_4
08-09 17:06:25.059 E/RILD2 ( 1413): update prop from cp sim count
08-09 17:06:25.060 I/SemCarrierIdentifier( 2286): [handleMessage] call done
08-09 17:06:25.062 I/power_partial_wake_state( 1319): [CHG,2,*telephony-sem-radio*:com.android.phone]
08-09 17:06:25.063 D/SEM_RILJ( 2286): [0058]> GET_VENDOR_CONFIGURATION [PHONE1]
08-09 17:06:25.064 D/SEM_RILJ( 2286): [0060]> OEM_HOOK_RAW[02870004] [PHONE1]
08-09 17:06:25.065 D/GsmCdmaPhone( 2286): [1] Event EVENT_RADIO_OFF_OR_NOT_AVAILABLE Received
08-09 17:06:25.065 D/GsmCdmaPhone( 2286): [1] EVENT EVENT_RADIO_STATE_CHANGED
08-09 17:06:25.065 D/GsmCdmaPhone( 2286): handleRadioPowerStateChange, state= 0
08-09 17:06:25.065 D/RILJ ( 2286): Unsol response received; Sending ack to ril.cpp [PHONE0]
08-09 17:06:25.066 D/RILJ ( 2286): [UNSL]< UNSOL_BARRING_INFO_CHANGED BarringInfo {mCellIdentity=CellIdentityLte:{ mCi=7***33 mPci=0 mTac=*3 mEarfcn=0 mBands=[1] mBandwidth=0 mMcc=405 mMnc=874 mAlphaLong= mAlphaShort= mAdditionalPlmns={} mCsgInfo=null}, mBarringServiceInfos={0={isBarred: false (type: 0, isConditionally: false), factor: 0, timeseconds: 0}, 1={isBarred: false (type: 0, isConditionally: false), factor: 0, timeseconds: 0}, 2={isBarred: false (type: 0, isConditionally: false), factor: 0, timeseconds: 0}, 3={isBarred: false (type: 0, isConditionally: false), factor: 0, timeseconds: 0}, 4={isBarred: false (type: 0, isConditionally: false), factor: 0, timeseconds: 0}, 5={isBarred: false (type: 0, isConditionally: false), factor: 0, timeseconds: 0}, 6={isBarred: false (type: 0, isConditionally: false), factor: 0, timeseconds: 0}, 7={isBarred: false (type: 0, isConditionally: false), factor: 0, timeseconds: 0}, 8={isBarred: false (type: 0, isConditionally: false), factor: 0, timeseconds: 0}, 9={isBarred: false (type: 0, isConditionally: false), factor: 0, timeseconds: 0}}} [PHONE0]
08-09 17:06:25.066 D/RILJ ( 2286): [0057]< GET_UICC_APPLICATIONS_ENABLEMENT error 11 [PHONE1]
08-09 17:06:25.067 D/RilRequest( 2286): [0057]< GET_UICC_APPLICATIONS_ENABLEMENT error: com.android.internal.telephony.CommandException: SIM_ABSENT ret=false result={ when=-22s190ms what=55 target=com.android.internal.telephony.SemGsmCdmaPhone }
08-09 17:06:25.067 D/SEM_RILJ( 2286): [UNSL]< UNSOL_OEM_EXECUTE [PHONE0]
08-09 17:06:25.068 D/SEM_RILJ( 2286): execute cmd0: AM cmd1: broadcast -a com.samsung.intent.action.BIG_DATA_INFO [PHONE0]
08-09 17:06:25.069 E/RILD ( 1413): [WARNING] Request is invalid(seems to be already completed).
08-09 17:06:25.069 I/notification_cancel_all( 1319): [1000,1319,android,0,0,0,20,NULL]
08-09 17:06:25.070 D/RILJ ( 2286): [0061]> SET_SIGNAL_STRENGTH_REPORTING_CRITERIA [PHONE1]
08-09 17:06:25.071 E/RILD ( 1413): RxGetRfBandInfo:
08-09 17:06:25.071 D/SSCtr ( 2286): setSignalStrengthReportingCriteria consolidatedSignalThresholdInfos=[SignalThresholdInfo{mRan=1 mSignalMeasurementType=1 mHysteresisMs=3000 mHysteresisDb=2 mThresholds=[] mIsEnabled=true}, SignalThresholdInfo{mRan=2 mSignalMeasurementType=2 mHysteresisMs=3000 mHysteresisDb=2 mThresholds=[] mIsEnabled=true}, SignalThresholdInfo{mRan=3 mSignalMeasurementType=3 mHysteresisMs=3000 mHysteresisDb=2 mThresholds=[] mIsEnabled=true}, SignalThresholdInfo{mRan=4 mSignalMeasurementType=1 mHysteresisMs=3000 mHysteresisDb=2 mThresholds=[] mIsEnabled=true}, SignalThresholdInfo{mRan=3 mSignalMeasurementType=4 mHysteresisMs=3000 mHysteresisDb=2 mThresholds=[] mIsEnabled=false}, SignalThresholdInfo{mRan=3 mSignalMeasurementType=5 mHysteresisMs=3000 mHysteresisDb=2 mThresholds=[] mIsEnabled=true}, SignalThresholdInfo{mRan=6 mSignalMeasurementType=6 mHysteresisMs=3000 mHysteresisDb=2 mThresholds=[] mIsEnabled=true}, SignalThresholdInfo{mRan=6 mSignalMeasurementType=7 mHysteresisMs=3000 mHysteresisDb=2 mThresholds=[] mIsEnabled=false}, SignalThresholdInfo{mRan=6 mSignalMeasurementType=8 mHysteresisMs=3000 mHysteresisDb=2 mThresholds=[] mIsEnabled=false}]
08-09 17:06:25.073 D/SEM_RILJ( 2286): [0058]< GET_VENDOR_CONFIGURATION [{ mConfigurationName = FW_READY, mConfigurationValue = 0}, { mConfigurationName = EGPRS_SUPPORT, mConfigurationValue = 0}, { mConfigurationName = SUPPORTED_RAT, mConfigurationValue = 105}, { mConfigurationName = IS_CTC, mConfigurationValue = 0}, { mConfigurationName = VOLTE_911_CALL, mConfigurationValue = 0}, { mConfigurationName = CA_ENABLED, mConfigurationValue = 0}, { mConfigurationName = LTE_CS_CAPA, mConfigurationValue = 0}, { mConfigurationName = MSIM_SUBMODE, mConfigurationValue = 0}, { mConfigurationName = SUPPORTED_NRCA, mConfigurationValue = 1}, { mConfigurationName = SUPPORT_LTE_CAPA_OPTION_C, mConfigurationValue = 0}] [PHONE1]
08-09 17:06:25.075 D/RILJ ( 2286): Unsol response received; Sending ack to ril.cpp [PHONE0]
08-09 17:06:25.076 D/RILJ ( 2286): [UNSL]< UNSOL_PHYSICAL_CHANNEL_CONFIG [{mConnectionStatus=PrimaryServing,mCellBandwidthDownlinkKhz=5000,mCellBandwidthUplinkKhz=0,mNetworkType=LTE,mFrequencyRange=MID,mDownlinkChannelNumber=2147483647,mUplinkChannelNumber=2147483647,mContextIds=[],mPhysicalCellId=275,mBand=0,mDownlinkFrequency=0,mUplinkFrequency=0}] [PHONE0]
08-09 17:06:25.076 D/RILJ ( 2286): [0062]> SET_SIGNAL_STRENGTH_REPORTING_CRITERIA [PHONE1]
08-09 17:06:25.076 D/RILJ ( 2286): convertHalRadioCapability: session=0, phase=4, rat=840583, logicModemUuid=1, status=1, rcRil.raf=1691150 [PHONE1]
08-09 17:06:25.077 D/RILJ ( 2286): [0056]< GET_RADIO_CAPABILITY {mPhoneId = 1 mVersion=1 mSession=0 mPhase=4 mRadioAccessFamily=840583 mLogicModemId=1 mStatus=1} [PHONE1]
08-09 17:06:25.077 D/SSCtr ( 2286): setSignalStrengthReportingCriteria consolidatedSignalThresholdInfos=[SignalThresholdInfo{mRan=1 mSignalMeasurementType=1 mHysteresisMs=3000 mHysteresisDb=2 mThresholds=[] mIsEnabled=true}, SignalThresholdInfo{mRan=2 mSignalMeasurementType=2 mHysteresisMs=3000 mHysteresisDb=2 mThresholds=[] mIsEnabled=true}, SignalThresholdInfo{mRan=3 mSignalMeasurementType=3 mHysteresisMs=3000 mHysteresisDb=2 mThresholds=[] mIsEnabled=true}, SignalThresholdInfo{mRan=4 mSignalMeasurementType=1 mHysteresisMs=3000 mHysteresisDb=2 mThresholds=[] mIsEnabled=true}, SignalThresholdInfo{mRan=3 mSignalMeasurementType=4 mHysteresisMs=3000 mHysteresisDb=2 mThresholds=[] mIsEnabled=false}, SignalThresholdInfo{mRan=3 mSignalMeasurementType=5 mHysteresisMs=3000 mHysteresisDb=2 mThresholds=[] mIsEnabled=true}, SignalThresholdInfo{mRan=6 mSignalMeasurementType=6 mHysteresisMs=3000 mHysteresisDb=2 mThresholds=[] mIsEnabled=true}, SignalThresholdInfo{mRan=6 mSignalMeasurementType=7 mHysteresisMs=3000 mHysteresisDb=2 mThresholds=[] mIsEnabled=false}, SignalThresholdInfo{mRan=6 mSignalMeasurementType=8 mHysteresisMs=3000 mHysteresisDb=2 mThresholds=[] mIsEnabled=false}]
08-09 17:06:25.077 D/SST ( 2286): [1] EVENT_ICC_CHANGED: SIM absent
08-09 17:06:25.077 D/SST ( 2286): [1] cancelAllNotifications: mPrevSubId=-1
08-09 17:06:25.077 D/SEM_RILJ( 2286): [UNSL]< UNSOL_OEM_EXECUTE [PHONE0]
08-09 17:06:25.077 D/SEM_RILJ( 2286): execute cmd0: AM cmd1: broadcast -a android.intent.action.LTE_SMS_STATUS --ei ltesms 1 --ei phone 0 [PHONE0]
08-09 17:06:25.077 I/notification_cancel( 1319): [1000,1319,android,17041206,NULL,-1,0,0,8,NULL]
08-09 17:06:25.079 D/SST ( 2286): [1] getCarrierNameDisplayBitmask - SHOW_PLMN (No ServiceProviderName)
08-09 17:06:25.079 D/RILJ ( 2286): [0061]< SET_SIGNAL_STRENGTH_REPORTING_CRITERIA error 1 [PHONE1]
08-09 17:06:25.079 D/RilRequest( 2286): [0061]< SET_SIGNAL_STRENGTH_REPORTING_CRITERIA error: com.android.internal.telephony.CommandException: RADIO_NOT_AVAILABLE ret= result=null
08-09 17:06:25.079 D/SST ( 2286): [1] getStringForRejectCause - isEmergencyOnly: false, isRadioOn: false, mSS.getState: 1, RejectCode: 0, plmn: No service
08-09 17:06:25.079 D/SST ( 2286): [1] updateSpnDisplay: radio is on but out of service, set plmn='No service'
08-09 17:06:25.080 D/SEM_RILJ( 2286): [UNSL]< UNSOL_OEM_EXECUTE [PHONE0]
08-09 17:06:25.080 D/SEM_RILJ( 2286): execute cmd0: AM cmd1: broadcast -a android.intent.action.LTE_SMS_STATUS --ei ltesms 1 --ei phone 0 [PHONE0]
08-09 17:06:25.080 D/SST ( 2286): [1] updateSpnDisplay: rawSpn = , wfcVoiceSpnFormat = null, wfcDataSpnFormat = null
08-09 17:06:25.081 D/SST ( 2286): [1] getCarrierNameDisplayBitmask - SHOW_PLMN (No ServiceProviderName)
08-09 17:06:25.081 D/SST ( 2286): [1] updateSpnDisplay: changed sending intent, rule=2, showPlmn='true', plmn='No service', showSpn='false', spn='', dataSpn='', showEpdg='false', EONS: '', subId='-1'
08-09 17:06:25.081 D/SubscriptionManager( 2286): putPhoneIdAndSubIdExtra: no valid subs
08-09 17:06:25.084 E/RILD2 ( 1413): ProcessSingleIpcMessageReceived() - There is no IpcHistoryRecord
08-09 17:06:25.086 D/RILJ ( 2286): Unsol response received; Sending ack to ril.cpp [PHONE0]
08-09 17:06:25.086 D/SST ( 2286): [1] setPowerStateToDesired: mDeviceShuttingDown=false, mDesiredPowerState=true, getRadioState=0, mRadioDisabledByCarrier=false, IMS reg state=false, phoneId=1, airplaneMode=false, pending radio off=false
08-09 17:06:25.087 I/RILJ ( 2286): !@Boot_SVC : setRadioPower on
08-09 17:06:25.087 D/RILJ ( 2286): [0065]> RADIO_POWER on = true forEmergencyCall= false preferredForEmergencyCall=false [PHONE1][GCCT1]
08-09 17:06:25.087 D/RILJ ( 2286): [UNSL]< UNSOL_NITZ_TIME_RECEIVED 23/08/09,11:36:23+22,00 [PHONE0]
08-09 17:06:25.087 E/RILJ ( 2286): processResponse: Unexpected response! serial: 61 ,error: 1
08-09 17:06:25.088 D/rild ( 1413): setRadioPower: serial 65 on 1
08-09 17:06:25.088 D/SEM_RILJ( 2286): [UNSL]< UNSOL_OEM_EXECUTE [PHONE0]
08-09 17:06:25.088 D/SEM_RILJ( 2286): execute cmd0: AM cmd1: broadcast -a android.intent.action.LTE_SMS_STATUS --ei ltesms 4 --ei phone 0 [PHONE0]
08-09 17:06:25.089 I/power_partial_wake_state( 1319): [REL,1652,WiredAccessoryManager:android]
08-09 17:06:25.089 D/SEM_RILJ( 2286): [0060]< OEM_HOOK_RAW [B@e8544c0 [PHONE1]
08-09 17:06:25.090 I/power_partial_wake_state( 1319): [CHG,28,*telephony-sem-radio*:com.android.phone]
08-09 17:06:25.090 D/RILC ( 1413): radioStateChangedInd: radioState 10
08-09 17:06:25.091 I/power_partial_wake_state( 1319): [REL,1,*telephony-sem-radio*:com.android.phone]
08-09 17:06:25.094 D/RILJ ( 2286): Unsol response received; Sending ack to ril.cpp [PHONE0]
08-09 17:06:25.094 D/RILJ ( 2286): [UNSL]< UNSOL_RESPONSE_NETWORK_STATE_CHANGED [PHONE0]
08-09 17:06:25.095 E/RILJ ( 2286): processResponse: Unexpected response! serial: 61 ,error: 1
08-09 17:06:25.095 D/SEM_RILJ( 2286): [UNSL]< UNSOL_SIM_PB_READY [PHONE0]
08-09 17:06:25.096 D/RILJ ( 2286): Unsol response received; Sending ack to ril.cpp [PHONE1]
08-09 17:06:25.096 D/RILJ ( 2286): [UNSL]< UNSOL_RESPONSE_RADIO_STATE_CHANGED radioStateChanged: 1 [PHONE1]
08-09 17:06:25.097 E/RILJ ( 2286): processResponse: Unexpected response! serial: 61 ,error: 1
08-09 17:06:25.097 D/SEM_RILJ( 2286): [UNSL]< UNSOL_DEVICE_READY_NOTI [PHONE0]
08-09 17:06:25.098 D/RILJ ( 2286): Unsol response received; Sending ack to ril.cpp [PHONE1]
08-09 17:06:25.098 D/RILJ ( 2286): [UNSL]< UNSOL_LCE_INFO_RECV [{mType=2, mDownlinkCapacityKbps=2147483647, mUplinkCapacityKbps=2147483647}] [PHONE1]
08-09 17:06:25.098 E/RILJ ( 2286): processResponse: Unexpected response! serial: 61 ,error: 1
08-09 17:06:25.098 D/SEM_RILJ( 2286): [UNSL]< UNSOL_OEM_RRC_STATE_CHANGED {.rat = LTE, .state = 1} [PHONE0]
08-09 17:06:25.098 D/Dcc-C-0 ( 2286): DccDefaultState hal2_0 - RRC Status: rat = 14, state = 1, mDcListActiveByCid = {}
08-09 17:06:25.100 D/RILJ ( 2286): Unsol response received; Sending ack to ril.cpp [PHONE1]
08-09 17:06:25.100 D/RILJ ( 2286): [UNSL]< UNSOL_LCE_INFO_RECV [{mType=2, mDownlinkCapacityKbps=2147483647, mUplinkCapacityKbps=2147483647}] [PHONE1]
08-09 17:06:25.100 E/RILJ ( 2286): processResponse: Unexpected response! serial: 61 ,error: 1
08-09 17:06:25.100 D/SEM_RILJ( 2286): [UNSL]< UNSOL_OEM_EXECUTE [PHONE0]
08-09 17:06:25.101 D/SEM_RILJ( 2286): execute cmd0: AM cmd1: broadcast -a com.sec.intent.action.SARDEVICE_CP -f 268435456 --es cmd on --es device 1 --es option NONE --ei slot 0 [PHONE0]
08-09 17:06:25.102 E/RILJ ( 2286): processResponse: Unexpected response! serial: 61 ,error: 1
08-09 17:06:25.102 D/SEM_RILJ( 2286): [UNSL]< UNSOL_OEM_FIVEG_STATUS_CHANGED 0 [PHONE0]
08-09 17:06:25.102 E/RILJ ( 2286): processResponse: Unexpected response! serial: 61 ,error: 1
08-09 17:06:25.102 E/RILJ ( 2286): processResponse: Unexpected response! serial: 61 ,error: 1
08-09 17:06:25.103 D/RILJ ( 2286): [0062]< SET_SIGNAL_STRENGTH_REPORTING_CRITERIA error 1 [PHONE1]
08-09 17:06:25.103 D/RilRequest( 2286): [0062]< SET_SIGNAL_STRENGTH_REPORTING_CRITERIA error: com.android.internal.telephony.CommandException: RADIO_NOT_AVAILABLE ret= result=null
08-09 17:06:25.103 E/RILJ ( 2286): processResponse: Unexpected response! serial: 62 ,error: 1
08-09 17:06:25.103 E/RILJ ( 2286): processResponse: Unexpected response! serial: 62 ,error: 1
08-09 17:06:25.103 E/RILJ ( 2286): processResponse: Unexpected response! serial: 62 ,error: 1
08-09 17:06:25.103 E/RILJ ( 2286): processResponse: Unexpected response! serial: 62 ,error: 1
08-09 17:06:25.103 E/RILJ ( 2286): processResponse: Unexpected response! serial: 62 ,error: 1
08-09 17:06:25.103 E/RILJ ( 2286): processResponse: Unexpected response! serial: 62 ,error: 1
08-09 17:06:25.103 E/RILJ ( 2286): processResponse: Unexpected response! serial: 62 ,error: 1
08-09 17:06:25.103 E/RILJ ( 2286): processResponse: Unexpected response! serial: 62 ,error: 1
08-09 17:06:25.104 D/RILJ ( 2286): [0054]< BASEBAND_VERSION A736BXXU3CWB7 [PHONE1]
08-09 17:06:25.104 D/RILJ ( 2286): [0055]< DEVICE_IDENTITY {[****], 01, , } [PHONE1]
08-09 17:06:25.104 D/RILJ ( 2286): [0065]< RADIO_POWER [PHONE1]
08-09 17:06:25.104 I/power_partial_wake_state( 1319): [CHG,49,*telephony-radio*:com.android.phone]
08-09 17:06:25.105 I/power_partial_wake_state( 1319): [REL,1,*telephony-radio*:com.android.phone]
08-09 17:06:25.107 E/SignalStrength( 2306): getVendorLevel - Invalid RAT: 0
08-09 17:06:25.107 E/SignalStrength( 2306): getVendorLevel - Invalid RAT: 0
08-09 17:06:25.138 D/ImsManagerIM [1]( 2286): ImsService not up yet - timeout waiting for connection.
08-09 17:06:25.139 D/SST ( 2286): [1] Use pollState (isWfcEnabledByPlatform: false)
08-09 17:06:25.139 D/SST ( 2286): [1] pollState: modemTriggered=false, radioState=1
08-09 17:06:25.139 D/SST-SEM ( 2286): [1] EVENT_PHONE_TYPE_SWITCHED
08-09 17:06:25.139 D/SST ( 2286): [1] setPowerStateToDesired: mDeviceShuttingDown=false, mDesiredPowerState=true, getRadioState=1, mRadioDisabledByCarrier=false, IMS reg state=false, phoneId=1, airplaneMode=false, pending radio off=false
08-09 17:06:25.139 I/power_partial_wake_state( 1319): [CHG,1,*telephony-sem-radio*:com.android.phone]
08-09 17:06:25.140 D/SEM_RILJ( 2286): [0070]> OEM_HOOK_RAW[118200090100000001] [PHONE0]
08-09 17:06:25.141 I/power_partial_wake_state( 1319): [CHG,0,*telephony-sem-radio*:com.android.phone]
08-09 17:06:25.141 D/SEM_RILJ( 2286): [0071]> OEM_HOOK_RAW[118200090100000001] [PHONE1]
08-09 17:06:25.142 D/SEM_RILJ( 2286): [0070]< OEM_HOOK_RAW [B@630f5f9 [PHONE0]
08-09 17:06:25.142 D/SEM_RILJ( 2286): [0072]> OEM_HOOK_RAW[1182000D010000000200000000] [PHONE0]
08-09 17:06:25.143 D/SEM_RILJ( 2286): [0071]< OEM_HOOK_RAW [B@560c93e [PHONE1]
08-09 17:06:25.144 D/SEM_RILJ( 2286): [0073]> OEM_HOOK_RAW[1182000D010000000200000000] [PHONE1]
08-09 17:06:25.145 D/SEM_RILJ( 2286): [0072]< OEM_HOOK_RAW [B@b7ac39f [PHONE0]
08-09 17:06:25.145 I/notification_cancel( 1319): [1000,2390,com.samsung.android.themecenter,2,NULL,0,0,0,8,NULL]
08-09 17:06:25.146 D/SEM_RILJ( 2286): [0074]> OEM_HOOK_RAW[1182000D000000000200000000] [PHONE0]
08-09 17:06:25.148 D/SEM_RILJ( 2286): [0073]< OEM_HOOK_RAW [B@6d9ecec [PHONE1]
08-09 17:06:25.153 D/SEM_RILJ( 2286): [0075]> OEM_HOOK_RAW[1182000D000000000200000000] [PHONE1]
08-09 17:06:25.154 D/SEM_RILJ( 2286): [0074]< OEM_HOOK_RAW [B@b81f8b5 [PHONE0]
08-09 17:06:25.154 I/power_partial_wake_state( 1319): [CHG,14,*telephony-sem-radio*:com.android.phone]
08-09 17:06:25.155 I/power_partial_wake_state( 1319): [REL,1,*telephony-sem-radio*:com.android.phone]
08-09 17:06:25.156 D/SEM_RILJ( 2286): [0075]< OEM_HOOK_RAW [B@11c3b4a [PHONE1]
08-09 17:06:25.156 I/power_partial_wake_state( 1319): [CHG,15,*telephony-sem-radio*:com.android.phone]
08-09 17:06:25.157 I/power_partial_wake_state( 1319): [REL,1,*telephony-sem-radio*:com.android.phone]
08-09 17:06:25.189 D/ImsManagerIM [1]( 2286): ImsService not up yet - timeout waiting for connection.
08-09 17:06:25.189 D/SST ( 2286): [1] Use pollState (isWfcEnabledByPlatform: false)
08-09 17:06:25.189 D/SST ( 2286): [1] pollState: modemTriggered=false, radioState=1
08-09 17:06:25.190 D/SSCtr ( 2286): [1] onSignalStrengthResult() Exception from RIL : com.android.internal.telephony.CommandException: RADIO_NOT_AVAILABLE
08-09 17:06:25.192 D/Phone ( 2286): [1] SubId-1,get allowed network types user: value = GPRS|EDGE|UMTS|HSDPA|HSUPA|HSPA|LTE|HSPA+|GSM|LTE_CA|NR
08-09 17:06:25.192 D/PhoneFactory( 2286): calculatePreferredNetworkType: phoneId = 1 networkType = 840583
08-09 17:06:25.197 D/Phone ( 2286): [0] SubId-1,get allowed network types carrier: value = GPRS|EDGE|UMTS|HSDPA|HSUPA|HSPA|LTE|HSPA+|GSM|LTE_CA|NR
08-09 17:06:25.197 I/CSST ( 2286): isNrSupported: carrierConfigEnabled: true, AccessFamilySupported: false, isNrNetworkTypeAllowed: true
08-09 17:06:25.197 I/CSST ( 2286): PrefNetworkNotification: sendMessage() w/values: ,false,-1,false,true
08-09 17:06:25.198 I/CSST ( 2286): canceling notifications: 1000
08-09 17:06:25.198 D/CSST ( 2286): isPhoneRegisteredForWifiCalling: false
08-09 17:06:25.198 I/CSST ( 2286): EmergencyNetworkNotification: sendMessage() w/values: ,-1,false,true
08-09 17:06:25.199 I/CSST ( 2286): canceling notifications: 1001
08-09 17:06:25.199 D/Phone ( 2286): [1] SubId-1,get allowed network types user: value = GPRS|EDGE|UMTS|HSDPA|HSUPA|HSPA|LTE|HSPA+|GSM|LTE_CA|NR
08-09 17:06:25.200 D/PhoneFactory( 2286): calculatePreferredNetworkType: phoneId = 1 networkType = 840583
08-09 17:06:25.201 I/power_partial_wake_state( 1319): [CHG,2271,*alarm*:android]
08-09 17:06:25.202 I/power_partial_wake_state( 1319): [REL,1,*alarm*:android]
08-09 17:06:25.202 D/Phone ( 2286): [0] SubId-1,get allowed network types carrier: value = GPRS|EDGE|UMTS|HSDPA|HSUPA|HSPA|LTE|HSPA+|GSM|LTE_CA|NR
08-09 17:06:25.202 I/CSST ( 2286): isNrSupported: carrierConfigEnabled: true, AccessFamilySupported: false, isNrNetworkTypeAllowed: true
08-09 17:06:25.202 I/CSST ( 2286): PrefNetworkNotification: sendMessage() w/values: ,false,-1,false,true
08-09 17:06:25.203 I/CSST ( 2286): canceling notifications: 1000
08-09 17:06:25.203 D/CSST ( 2286): isPhoneRegisteredForWifiCalling: false
08-09 17:06:25.203 I/CSST ( 2286): EmergencyNetworkNotification: sendMessage() w/values: ,-1,false,true
08-09 17:06:25.204 I/notification_cancel( 1319): [1001,2286,com.android.phone,-1,PrefNetworkNotification,0,0,1088,8,NULL]
08-09 17:06:25.204 I/notification_cancel( 1319): [1001,2286,com.android.phone,-1,EmergencyNetworkNotification,0,0,1088,8,NULL]
08-09 17:06:25.204 I/notification_cancel( 1319): [1001,2286,com.android.phone,-1,PrefNetworkNotification,0,0,1088,8,NULL]
08-09 17:06:25.204 I/notification_cancel( 1319): [1001,2286,com.android.phone,-1,EmergencyNetworkNotification,0,0,1088,8,NULL]
08-09 17:06:25.204 I/CSST ( 2286): canceling notifications: 1001
08-09 17:06:25.206 I/power_partial_wake_state( 1319): [CHG,0,*telephony-sem-radio*:com.android.phone]
08-09 17:06:25.210 D/SEM_RILJ( 2286): [0076]> OEM_HOOK_RAW[11020004] [PHONE1]
08-09 17:06:25.210 D/SemEmergencyNumberTracker( 2286): [1] EVENT_UNSOL_EMERGENCY_NUMBER_LIST: 0
08-09 17:06:25.210 D/SemEmergencyNumberTracker( 2286): [1] getMergedEmergencyNumberListFromRadio - RADIO: 0, (SIM: 0, RIL: 0)
08-09 17:06:25.210 D/EmergencyNumberTracker( 2286): updateRadioEmergencyNumberListAndNotify(): receiving []
08-09 17:06:25.210 D/SemDeviceStateMonitor( 2286): onReset
08-09 17:06:25.210 D/SEM_RILJ( 2286): [0076]< OEM_HOOK_RAW error 38 [PHONE1]
08-09 17:06:25.211 D/RilRequest( 2286): [0076]< OEM_HOOK_RAW error: com.android.internal.telephony.CommandException: INTERNAL_ERR ret=[B@ea66b31 result=null
08-09 17:06:25.212 D/SEM_RILJ( 2286): [0077]> OEM_HOOK_RAW[1182000D010000000010000000] [PHONE1]
08-09 17:06:25.214 D/SEM_RILJ( 2286): [0077]< OEM_HOOK_RAW [B@99b8797 [PHONE1]
08-09 17:06:25.215 I/power_partial_wake_state( 1319): [CHG,8,*telephony-sem-radio*:com.android.phone]
08-09 17:06:25.216 I/power_partial_wake_state( 1319): [CHG,2,*telephony-radio*:com.android.phone]
08-09 17:06:25.216 E/RILD2 ( 1413): UpdateVoiceRte: [CS] 1x reg [0], gsm reg [2], wcdma reg [2], lte reg [2], hdr reg [0], Td reg [0], 5G reg [2]
08-09 17:06:25.216 E/RILD2 ( 1413): UpdateVoiceRte: mVoiceRte(0), Confidence(4), mReportedLteSmsStatus(0)
08-09 17:06:25.216 E/RILD2 ( 1413): SetDataRteRegStatus: [PS] 1x reg [0], gsm reg [2], wcdma reg [2], lte reg [2], hdr reg [0], Td reg [0], nr5g reg [2] pref_data_tech(0), radio_tech_flag(2)
08-09 17:06:25.216 E/RILD2 ( 1413): UpdateDataRte: mDataRte(0), Confidence(4)
08-09 17:06:25.216 E/RILD2 ( 1413): UpdateImsRte: mImsRte(0), Confidence(4)
08-09 17:06:25.216 D/RILJ ( 2286): [0078]> SEND_DEVICE_STATE 1:true [PHONE1]
08-09 17:06:25.218 I/power_partial_wake_state( 1319): [REL,3,*telephony-sem-radio*:com.android.phone]
08-09 17:06:25.219 D/RILJ ( 2286): [0079]> SEND_DEVICE_STATE 2:false [PHONE1]
08-09 17:06:25.221 D/RILJ ( 2286): Unsol response received; Sending ack to ril.cpp [PHONE1]
08-09 17:06:25.221 D/RILJ ( 2286): [UNSL]< UNSOL_RESPONSE_NETWORK_STATE_CHANGED [PHONE1]
08-09 17:06:25.221 D/RILJ ( 2286): [0078]< SEND_DEVICE_STATE [PHONE1]
08-09 17:06:25.222 D/RILJ ( 2286): [0081]> SEND_DEVICE_STATE 0:false [PHONE1]
08-09 17:06:25.222 D/RILJ ( 2286): [0079]< SEND_DEVICE_STATE [PHONE1]
08-09 17:06:25.222 D/RILJ ( 2286): [0081]< SEND_DEVICE_STATE [PHONE1]
08-09 17:06:25.224 D/RILJ ( 2286): [0082]> SET_UNSOLICITED_RESPONSE_FILTER -1 [PHONE1]
08-09 17:06:25.225 D/RILJ ( 2286): [0083]> SET_LINK_CAPACITY_REPORTING_CRITERIA [PHONE1]
08-09 17:06:25.226 D/RILJ ( 2286): [0084]> SET_LINK_CAPACITY_REPORTING_CRITERIA [PHONE1]
08-09 17:06:25.227 D/RILJ ( 2286): [0082]< SET_UNSOLICITED_RESPONSE_FILTER [PHONE1]
08-09 17:06:25.228 I/wm_on_create_called( 2694): [83722493,com.android.settings.FallbackHome,performCreate]
08-09 17:06:25.228 D/RILJ ( 2286): [0085]> SET_LINK_CAPACITY_REPORTING_CRITERIA [PHONE1]
08-09 17:06:25.228 I/wm_on_start_called( 2694): [83722493,com.android.settings.FallbackHome,handleStartActivity]
08-09 17:06:25.229 D/RILJ ( 2286): [0086]> SET_LINK_CAPACITY_REPORTING_CRITERIA [PHONE1]
08-09 17:06:25.230 D/RILJ ( 2286): [0083]< SET_LINK_CAPACITY_REPORTING_CRITERIA [PHONE1]
08-09 17:06:25.230 D/RILJ ( 2286): [0087]> SET_LINK_CAPACITY_REPORTING_CRITERIA [PHONE1]
08-09 17:06:25.230 D/SemDeviceStateMonitor( 2286): onReset
08-09 17:06:25.231 I/wm_on_resume_called( 2694): [83722493,com.android.settings.FallbackHome,RESUME_ACTIVITY]
08-09 17:06:25.231 I/power_partial_wake_state( 1319): [CHG,0,*telephony-sem-radio*:com.android.phone]
08-09 17:06:25.232 D/SEM_RILJ( 2286): [0088]> OEM_HOOK_RAW[1182000D010000000010000000] [PHONE1]
08-09 17:06:25.234 D/RILJ ( 2286): [0084]< SET_LINK_CAPACITY_REPORTING_CRITERIA [PHONE1]
08-09 17:06:25.234 D/RILJ ( 2286): [0089]> SEND_DEVICE_STATE 1:true [PHONE1]
08-09 17:06:25.234 D/RILJ ( 2286): [0085]< SET_LINK_CAPACITY_REPORTING_CRITERIA [PHONE1]
08-09 17:06:25.235 D/RILJ ( 2286): [0090]> SEND_DEVICE_STATE 2:false [PHONE1]
08-09 17:06:25.237 D/RILJ ( 2286): [0086]< SET_LINK_CAPACITY_REPORTING_CRITERIA [PHONE1]
08-09 17:06:25.238 D/RILJ ( 2286): [0091]> SEND_DEVICE_STATE 0:false [PHONE1]
08-09 17:06:25.239 D/RILJ ( 2286): [0087]< SET_LINK_CAPACITY_REPORTING_CRITERIA [PHONE1]
08-09 17:06:25.240 D/RILJ ( 2286): [0092]> SET_UNSOLICITED_RESPONSE_FILTER -1 [PHONE1]
08-09 17:06:25.241 D/SEM_RILJ( 2286): [0088]< OEM_HOOK_RAW [B@fc5896d [PHONE1]
08-09 17:06:25.242 D/RILJ ( 2286): [0093]> SET_LINK_CAPACITY_REPORTING_CRITERIA [PHONE1]
08-09 17:06:25.242 I/power_partial_wake_state( 1319): [CHG,12,*telephony-sem-radio*:com.android.phone]
08-09 17:06:25.244 I/power_partial_wake_state( 1319): [REL,1,*telephony-sem-radio*:com.android.phone]
08-09 17:06:25.245 D/RILJ ( 2286): [0089]< SEND_DEVICE_STATE [PHONE1]
08-09 17:06:25.248 E/RILD2 ( 1413): UpdateVoiceRte: [CS] 1x reg [0], gsm reg [2], wcdma reg [2], lte reg [2], hdr reg [0], Td reg [0], 5G reg [2]
08-09 17:06:25.248 E/RILD2 ( 1413): UpdateVoiceRte: mVoiceRte(0), Confidence(4), mReportedLteSmsStatus(0)
08-09 17:06:25.248 E/RILD2 ( 1413): SetDataRteRegStatus: [PS] 1x reg [0], gsm reg [2], wcdma reg [2], lte reg [2], hdr reg [0], Td reg [0], nr5g reg [2] pref_data_tech(0), radio_tech_flag(2)
08-09 17:06:25.248 E/RILD2 ( 1413): UpdateDataRte: mDataRte(0), Confidence(4)
08-09 17:06:25.248 E/RILD2 ( 1413): UpdateImsRte: mImsRte(0), Confidence(4)
08-09 17:06:25.249 I/netstats_mobile_sample( 1319): [0,0,0,0,0,0,0,0,0,0,0,0,1691580985249]
08-09 17:06:25.249 I/netstats_wifi_sample( 1319): [0,0,0,0,0,0,0,0,0,0,0,0,1691580985249]
08-09 17:06:25.249 I/power_partial_wake_state( 1319): [REL,7,NetworkStats:android]
08-09 17:06:25.251 D/RILJ ( 2286): [0094]> SET_LINK_CAPACITY_REPORTING_CRITERIA [PHONE1]
08-09 17:06:25.252 D/RILJ ( 2286): Unsol response received; Sending ack to ril.cpp [PHONE1]
08-09 17:06:25.253 D/RILJ ( 2286): [UNSL]< UNSOL_RESPONSE_NETWORK_STATE_CHANGED [PHONE1]
08-09 17:06:25.253 D/RILJ ( 2286): [0090]< SEND_DEVICE_STATE [PHONE1]
08-09 17:06:25.254 I/wm_on_top_resumed_gained_called( 2694): [83722493,com.android.settings.FallbackHome,topStateChangedWhenResumed]
08-09 17:06:25.258 D/RILJ ( 2286): [0091]< SEND_DEVICE_STATE [PHONE1]
08-09 17:06:25.258 D/RILJ ( 2286): [0092]< SET_UNSOLICITED_RESPONSE_FILTER [PHONE1]
08-09 17:06:25.259 D/RILJ ( 2286): [0093]< SET_LINK_CAPACITY_REPORTING_CRITERIA [PHONE1]
08-09 17:06:25.259 D/RILJ ( 2286): [0094]< SET_LINK_CAPACITY_REPORTING_CRITERIA [PHONE1]
08-09 17:06:25.262 I/input_focus( 1319): [Focus request eb15641 com.android.settings/com.android.settings.FallbackHome,reason=UpdateInputWindows]
08-09 17:06:25.262 D/RILJ ( 2286): [0096]> SET_LINK_CAPACITY_REPORTING_CRITERIA [PHONE1]
08-09 17:06:25.264 D/RILJ ( 2286): [0097]> SET_LINK_CAPACITY_REPORTING_CRITERIA [PHONE1]
08-09 17:06:25.265 D/RILJ ( 2286): [0098]> SET_LINK_CAPACITY_REPORTING_CRITERIA [PHONE1]
08-09 17:06:25.265 D/RILJ ( 2286): [0096]< SET_LINK_CAPACITY_REPORTING_CRITERIA [PHONE1]
08-09 17:06:25.265 D/NetworkTypeController( 2286): [1] DefaultState: process EVENT_INITIALIZE
08-09 17:06:25.267 I/sysui_multi_action( 2306): [757,213,758,4,759,-1]
08-09 17:06:25.268 D/RILJ ( 2286): [0097]< SET_LINK_CAPACITY_REPORTING_CRITERIA [PHONE1]
08-09 17:06:25.271 D/NetworkTypeController( 2286): [1] EUR: isLatinSubOperator: false
08-09 17:06:25.271 D/NetworkTypeController( 2286): [1] Use Feature, mCfgNrIconConfiguration: connected_mmwave:5G,connected:5G,not_restricted_rrc_idle:5G,not_restricted_rrc_con:5G
08-09 17:06:25.272 D/RILJ ( 2286): [0098]< SET_LINK_CAPACITY_REPORTING_CRITERIA [PHONE1]
08-09 17:06:25.273 D/NetworkTypeController( 2286): [1] getServerConfigValues: [30, 30, 0]
08-09 17:06:25.273 I/power_partial_wake_state( 1319): [CHG,57,*telephony-radio*:com.android.phone]
08-09 17:06:25.273 D/NetworkTypeController( 2286): [1] mOverrideTimerRules: {connected={mState=connected, mOverrideType=NR_NSA, mPrimaryTimers={}, mSecondaryTimers={}}, not_restricted_rrc_con={mState=not_restricted_rrc_con, mOverrideType=NR_NSA, mPrimaryTimers={}, mSecondaryTimers={}}, legacy={mState=legacy, mOverrideType=NONE, mPrimaryTimers={}, mSecondaryTimers={}}, not_restricted_rrc_idle={mState=not_restricted_rrc_idle, mOverrideType=NR_NSA, mPrimaryTimers={}, mSecondaryTimers={}}, restricted={mState=restricted, mOverrideType=NONE, mPrimaryTimers={}, mSecondaryTimers={}}, connected_mmwave={mState=connected_mmwave, mOverrideType=NR_NSA, mPrimaryTimers={}, mSecondaryTimers={}}}
08-09 17:06:25.274 I/power_partial_wake_state( 1319): [REL,1,*telephony-radio*:com.android.phone]
08-09 17:06:25.273 D/NetworkTypeController( 2286): [1] 5G UC: getCidFromCellIdentity cid:-1
08-09 17:06:25.274 D/NetworkTypeController( 2286): [1] DefaultState: process EVENT_UPDATE
08-09 17:06:25.274 D/NetworkTypeController( 2286): [1] Reset timers since preferred network mode changed.
08-09 17:06:25.274 D/NetworkTypeController( 2286): [1] Entering LegacyState
08-09 17:06:25.274 D/NetworkTypeController( 2286): [1] Remove primary timer! rat: 0, currentState: legacy
08-09 17:06:25.274 D/NetworkTypeController( 2286): [1] is5gAvailable: false, 0, 0
08-09 17:06:25.274 D/DIC-1 ( 2286): TelephonyDisplayInfo changed from null to TelephonyDisplayInfo {network=UNKNOWN, override=NONE}, is5gAvailable=false, NetworkTypeController.ovrrNtwkType=0, NrState=0
08-09 17:06:25.307 I/wm_on_idle_called( 2694): {com.android.settings/com.android.settings.FallbackHome}
08-09 17:06:25.308 I/wm_idle_activity( 1319): [0,83722493,com.android.settings/.FallbackHome]
08-09 17:06:25.308 I/boot_progress_ams_state( 1319): [0,-1,0,finishBooting,NULL]
08-09 17:06:25.309 I/boot_progress_ams_state( 1319): [0,-1,2,finishBooting,mBootAnimationComplete is not ready]
08-09 17:06:25.310 I/boot_progress_enable_screen( 1319): 22433
08-09 17:06:25.315 I/screen_toggled( 1319): 1
08-09 17:06:25.323 D/DCT-C-1 ( 2286): onDataEnabledChanged: enable=true, enabledChangedReason=0
08-09 17:06:25.323 D/DCT-C-1 ( 2286): setupDataOnAllConnectableApns: dataEnabled mcx:[state=IDLE,enabled=false] xcap:[state=IDLE,enabled=false] hipri:[state=IDLE,enabled=false] ims:[state=IDLE,enabled=false] cbs:[state=IDLE,enabled=false] ia:[state=IDLE,enabled=false] emergency:[state=IDLE,enabled=false] bip:[state=IDLE,enabled=false] mms:[state=IDLE,enabled=false] rcs:[state=IDLE,enabled=false] supl:[state=IDLE,enabled=false] dun:[state=IDLE,enabled=false] fota:[state=IDLE,enabled=false] default:[state=IDLE,enabled=false] enterprise:[state=IDLE,enabled=false]
08-09 17:06:25.324 D/DCT-C-1 ( 2286): onDataEnabledOverrideRulesChanged
08-09 17:06:25.325 D/DCT-C-1 ( 2286): isValidForEpdg: retValue=false
08-09 17:06:25.325 D/DCT-C-1 ( 2286): shouldRestrictDataForEcbm: isInEcm=false isInImsEcm=false
08-09 17:06:25.330 D/DCT-C-1 ( 2286): isSprSim: failed to get SIM operator
08-09 17:06:25.332 D/DCT-C-1 ( 2286): isValidForEpdg: retValue=false
08-09 17:06:25.333 D/DCT-C-1 ( 2286): shouldRestrictDataForEcbm: isInEcm=false isInImsEcm=false
08-09 17:06:25.338 D/DCT-C-1 ( 2286): isSprSim: failed to get SIM operator
08-09 17:06:25.339 D/DCT-C-1 ( 2286): isValidForEpdg: retValue=false
08-09 17:06:25.339 D/DCT-C-1 ( 2286): shouldRestrictDataForEcbm: isInEcm=false isInImsEcm=false
08-09 17:06:25.343 D/DCT-C-1 ( 2286): isSprSim: failed to get SIM operator
08-09 17:06:25.344 D/DCT-C-1 ( 2286): isValidForEpdg: retValue=false
08-09 17:06:25.344 D/DCT-C-1 ( 2286): shouldRestrictDataForEcbm: isInEcm=false isInImsEcm=false
