08-09 17:06:52.506 I/power_partial_wake_state( 1319): [REL,14,*job*/com.google.android.apps.messaging/com.google.android.libraries.internal.growth.growthkit.internal.jobs.impl.GrowthKitJobService:android]
08-09 17:06:52.514 I/am_uid_running( 1319): 10233
08-09 17:06:52.515 I/notification_cancel( 1319): [10224,4545,com.google.android.gms,1,com.google.android.gms.update.control.NotificationControl,0,0,1088,8,NULL]
08-09 17:06:52.526 I/power_partial_wake_state( 1319): [REL,25,*job*/com.google.android.apps.messaging/com.google.android.libraries.internal.growth.growthkit.internal.jobs.impl.GrowthKitJobService:android]
08-09 17:06:52.530 I/am_proc_start( 1319): [0,9884,10233,com.google.android.tts,broadcast,{com.google.android.tts/androidx.work.impl.background.systemalarm.RescheduleReceiver}]
08-09 17:06:52.543 I/am_uid_running( 1319): 10061
08-09 17:06:52.546 D/DDS-TelephonyNetworkFactory[0]( 2286): got request NetworkRequest [ REQUEST id=195, [ Capabilities: INTERNET&NOT_RESTRICTED&TRUSTED&NOT_VCN_MANAGED Uid: 10213 RequestorUid: 1000 RequestorPkg: android UnderlyingNetworks: Null] ]
08-09 17:06:52.546 D/DDS-TelephonyNetworkFactory[0]( 2286): handleMessage msg={ when=0 what=3 obj=NetworkRequest [ REQUEST id=195, [ Capabilities: INTERNET&NOT_RESTRICTED&TRUSTED&NOT_VCN_MANAGED Uid: 10213 RequestorUid: 1000 RequestorPkg: android UnderlyingNetworks: Null] ] target=com.android.internal.telephony.data.TelephonyNetworkFactory$InternalHandler }
08-09 17:06:52.551 D/DDS-TelephonyNetworkFactory[0]( 2286): onNeedNetworkFor [NetworkRequest [ REQUEST id=195, [ Capabilities: INTERNET&NOT_RESTRICTED&TRUSTED&NOT_VCN_MANAGED Uid: 10213 RequestorUid: 1000 RequestorPkg: android UnderlyingNetworks: Null] ], mPriority=0, state=UNSATISFIED, mAttachedDataNetwork=null, isMetered=false, created time=17:06:52.547, evaluation result=null] shouldApply true
08-09 17:06:52.552 I/power_partial_wake_state( 1319): [REL,7,*job*/com.google.android.apps.carrier.carrierwifi/androidx.work.impl.background.systemjob.SystemJobService:android]
08-09 17:06:52.553 D/DCT-C-0 ( 2286): DDS-DcTracker.requestNetwork for NetworkRequest [ REQUEST id=195, [ Capabilities: INTERNET&NOT_RESTRICTED&TRUSTED&NOT_VCN_MANAGED Uid: 10213 RequestorUid: 1000 RequestorPkg: android UnderlyingNetworks: Null] ] found {mApnType=default mState=CONNECTED mWaitingApns={[[ApnSetting] Jio 4G, 6085, 405874, jionet, , null, , null, null, 0, supl | hipri | default | xcap, IPV4V6, IPV4V6, true, 0, false, 20, 0, 300, 0, 0, null, , false, UNKNOWN, UNKNOWN, 0, -1, -1, false] priority=1} mApnSetting={[ApnSetting] Jio 4G, 6085, 405874, jionet, , null, , null, null, 0, supl | hipri | default | xcap, IPV4V6, IPV4V6, true, 0, false, 20, 0, 300, 0, 0, null, , false, UNKNOWN, UNKNOWN, 0, -1, -1, false} mReason=connected mNeedDisconnectByDdsChange=false mDataEnabled=true}, type=NORMAL
08-09 17:06:52.553 D/DC-C-1 ( 2286): reevaluate data connection properties
08-09 17:06:52.554 D/DCT-C-0 ( 2286): onEnableApn: apnType=default, request type=NORMAL
08-09 17:06:52.554 D/DCT-C-0 ( 2286): onEnableApn: APN in CONNECTED state. Exit now.
08-09 17:06:52.569 I/power_partial_wake_state( 1319): [REL,73,*job*/com.google.android.apps.carrier.carrierwifi/androidx.work.impl.background.systemjob.SystemJobService:android]
08-09 17:06:52.572 I/am_proc_bound( 1319): [0,9884,com.google.android.tts]
08-09 17:06:52.573 D/DDS-TelephonyNetworkFactory[0]( 2286): got request NetworkRequest [ REQUEST id=197, [ Capabilities: INTERNET&NOT_RESTRICTED&TRUSTED&NOT_VCN_MANAGED Uid: 10213 RequestorUid: 10213 RequestorPkg: com.google.android.apps.carrier.carrierwifi UnderlyingNetworks: Null] ]
08-09 17:06:52.573 D/DDS-TelephonyNetworkFactory[0]( 2286): handleMessage msg={ when=0 what=3 obj=NetworkRequest [ REQUEST id=197, [ Capabilities: INTERNET&NOT_RESTRICTED&TRUSTED&NOT_VCN_MANAGED Uid: 10213 RequestorUid: 10213 RequestorPkg: com.google.android.apps.carrier.carrierwifi UnderlyingNetworks: Null] ] target=com.android.internal.telephony.data.TelephonyNetworkFactory$InternalHandler }
08-09 17:06:52.574 D/DDS-TelephonyNetworkFactory[0]( 2286): onNeedNetworkFor [NetworkRequest [ REQUEST id=197, [ Capabilities: INTERNET&NOT_RESTRICTED&TRUSTED&NOT_VCN_MANAGED Uid: 10213 RequestorUid: 10213 RequestorPkg: com.google.android.apps.carrier.carrierwifi UnderlyingNetworks: Null] ], mPriority=0, state=UNSATISFIED, mAttachedDataNetwork=null, isMetered=false, created time=17:06:52.574, evaluation result=null] shouldApply true
08-09 17:06:52.575 D/DCT-C-0 ( 2286): DDS-DcTracker.requestNetwork for NetworkRequest [ REQUEST id=197, [ Capabilities: INTERNET&NOT_RESTRICTED&TRUSTED&NOT_VCN_MANAGED Uid: 10213 RequestorUid: 10213 RequestorPkg: com.google.android.apps.carrier.carrierwifi UnderlyingNetworks: Null] ] found {mApnType=default mState=CONNECTED mWaitingApns={[[ApnSetting] Jio 4G, 6085, 405874, jionet, , null, , null, null, 0, supl | hipri | default | xcap, IPV4V6, IPV4V6, true, 0, false, 20, 0, 300, 0, 0, null, , false, UNKNOWN, UNKNOWN, 0, -1, -1, false] priority=1} mApnSetting={[ApnSetting] Jio 4G, 6085, 405874, jionet, , null, , null, null, 0, supl | hipri | default | xcap, IPV4V6, IPV4V6, true, 0, false, 20, 0, 300, 0, 0, null, , false, UNKNOWN, UNKNOWN, 0, -1, -1, false} mReason=connected mNeedDisconnectByDdsChange=false mDataEnabled=true}, type=NORMAL
08-09 17:06:52.575 D/DC-C-1 ( 2286): reevaluate data connection properties
08-09 17:06:52.575 D/DCT-C-0 ( 2286): onEnableApn: apnType=default, request type=NORMAL
08-09 17:06:52.575 D/DCT-C-0 ( 2286): onEnableApn: APN in CONNECTED state. Exit now.
08-09 17:06:52.577 I/am_uid_active( 1319): 10233
08-09 17:06:52.590 I/am_proc_start( 1319): [0,9899,10061,com.facebook.system,content provider,{com.facebook.system/com.facebook.oxygen.installer.api.AppManagerApiProvider}]
08-09 17:06:52.607 I/am_proc_bound( 1319): [0,9899,com.facebook.system]
08-09 17:06:52.616 I/power_partial_wake_state( 1319): [REL,8,*job*/com.google.android.apps.messaging/androidx.work.impl.background.systemjob.SystemJobService:android]
08-09 17:06:52.628 D/DDS-TelephonyNetworkFactory[0]( 2286): got request NetworkRequest [ REQUEST id=199, [ Capabilities: INTERNET&NOT_RESTRICTED&TRUSTED&NOT_VCN_MANAGED Uid: 10213 RequestorUid: 10213 RequestorPkg: com.google.android.apps.carrier.carrierwifi UnderlyingNetworks: Null] ]
08-09 17:06:52.628 D/DDS-TelephonyNetworkFactory[0]( 2286): handleMessage msg={ when=0 what=3 obj=NetworkRequest [ REQUEST id=199, [ Capabilities: INTERNET&NOT_RESTRICTED&TRUSTED&NOT_VCN_MANAGED Uid: 10213 RequestorUid: 10213 RequestorPkg: com.google.android.apps.carrier.carrierwifi UnderlyingNetworks: Null] ] target=com.android.internal.telephony.data.TelephonyNetworkFactory$InternalHandler }
08-09 17:06:52.629 D/DDS-TelephonyNetworkFactory[0]( 2286): onNeedNetworkFor [NetworkRequest [ REQUEST id=199, [ Capabilities: INTERNET&NOT_RESTRICTED&TRUSTED&NOT_VCN_MANAGED Uid: 10213 RequestorUid: 10213 RequestorPkg: com.google.android.apps.carrier.carrierwifi UnderlyingNetworks: Null] ], mPriority=0, state=UNSATISFIED, mAttachedDataNetwork=null, isMetered=false, created time=17:06:52.628, evaluation result=null] shouldApply true
08-09 17:06:52.630 D/DCT-C-0 ( 2286): DDS-DcTracker.requestNetwork for NetworkRequest [ REQUEST id=199, [ Capabilities: INTERNET&NOT_RESTRICTED&TRUSTED&NOT_VCN_MANAGED Uid: 10213 RequestorUid: 10213 RequestorPkg: com.google.android.apps.carrier.carrierwifi UnderlyingNetworks: Null] ] found {mApnType=default mState=CONNECTED mWaitingApns={[[ApnSetting] Jio 4G, 6085, 405874, jionet, , null, , null, null, 0, supl | hipri | default | xcap, IPV4V6, IPV4V6, true, 0, false, 20, 0, 300, 0, 0, null, , false, UNKNOWN, UNKNOWN, 0, -1, -1, false] priority=1} mApnSetting={[ApnSetting] Jio 4G, 6085, 405874, jionet, , null, , null, null, 0, supl | hipri | default | xcap, IPV4V6, IPV4V6, true, 0, false, 20, 0, 300, 0, 0, null, , false, UNKNOWN, UNKNOWN, 0, -1, -1, false} mReason=connected mNeedDisconnectByDdsChange=false mDataEnabled=true}, type=NORMAL
08-09 17:06:52.630 D/DC-C-1 ( 2286): reevaluate data connection properties
08-09 17:06:52.630 D/DCT-C-0 ( 2286): onEnableApn: apnType=default, request type=NORMAL
08-09 17:06:52.630 D/DCT-C-0 ( 2286): onEnableApn: APN in CONNECTED state. Exit now.
08-09 17:06:52.642 I/notification_cancel( 1319): [10226,4496,com.google.android.apps.messaging,10,com.google.android.apps.messaging:reminder,0,0,1088,8,NULL]
08-09 17:06:52.685 I/power_partial_wake_state( 1319): [REL,141,*job*/com.google.android.apps.carrier.carrierwifi/androidx.work.impl.background.systemjob.SystemJobService:android]
08-09 17:06:52.686 D/DDS-TelephonyNetworkFactory[0]( 2286): handleMessage msg={ when=0 what=4 obj=NetworkRequest [ REQUEST id=197, [ Capabilities: INTERNET&NOT_RESTRICTED&TRUSTED&NOT_VCN_MANAGED Uid: 10213 RequestorUid: 10213 RequestorPkg: com.google.android.apps.carrier.carrierwifi UnderlyingNetworks: Null] ] target=com.android.internal.telephony.data.TelephonyNetworkFactory$InternalHandler }
08-09 17:06:52.686 D/DDS-TelephonyNetworkFactory[0]( 2286): onReleaseNetworkFor [NetworkRequest [ REQUEST id=197, [ Capabilities: INTERNET&NOT_RESTRICTED&TRUSTED&NOT_VCN_MANAGED Uid: 10213 RequestorUid: 10213 RequestorPkg: com.google.android.apps.carrier.carrierwifi UnderlyingNetworks: Null] ], mPriority=0, state=UNSATISFIED, mAttachedDataNetwork=null, isMetered=false, created time=17:06:52.686, evaluation result=null] applied true
08-09 17:06:52.687 D/DCT-C-0 ( 2286): DDS-DcTracker.releaseNetwork for NetworkRequest [ REQUEST id=197, [ Capabilities: INTERNET&NOT_RESTRICTED&TRUSTED&NOT_VCN_MANAGED Uid: 10213 RequestorUid: 10213 RequestorPkg: com.google.android.apps.carrier.carrierwifi UnderlyingNetworks: Null] ] found {mApnType=default mState=CONNECTED mWaitingApns={[[ApnSetting] Jio 4G, 6085, 405874, jionet, , null, , null, null, 0, supl | hipri | default | xcap, IPV4V6, IPV4V6, true, 0, false, 20, 0, 300, 0, 0, null, , false, UNKNOWN, UNKNOWN, 0, -1, -1, false] priority=1} mApnSetting={[ApnSetting] Jio 4G, 6085, 405874, jionet, , null, , null, null, 0, supl | hipri | default | xcap, IPV4V6, IPV4V6, true, 0, false, 20, 0, 300, 0, 0, null, , false, UNKNOWN, UNKNOWN, 0, -1, -1, false} mReason=connected mNeedDisconnectByDdsChange=false mDataEnabled=true}, type=NORMAL
08-09 17:06:52.687 D/DC-C-1 ( 2286): reevaluate data connection properties
08-09 17:06:52.717 I/am_foreground_service_start( 1319): [0,com.innowireless.xcal.mobile5/.service.main.MainService,1,PROC_STATE_TOP,30,30,0,0,0,1,UNKNOWN,0]
08-09 17:06:52.725 I/power_partial_wake_state( 1319): [REL,141,PhoneBootAndPackageReplacedReceiver Receive broadcast -> ReceiverDoInBackground -> refresh_incoming_message_notifications -> WorkQueueImpl#queueWorkItemAndReturnFuture -> refresh_incoming_message_notifications:com.google.android.apps.messaging]
08-09 17:06:52.739 I/power_partial_wake_state( 1319): [REL,130,*job*/com.google.android.apps.messaging/androidx.work.impl.background.systemjob.SystemJobService:android]
08-09 17:06:52.755 I/am_proc_start( 1319): [0,9939,10226,com.google.android.apps.messaging:rcs,service,{com.google.android.apps.messaging/com.google.android.ims.service.JibeService}]
08-09 17:06:52.775 I/notification_cancel( 1319): [10160,9804,com.facebook.appmanager,99991337,NULL,0,0,1088,8,NULL]
08-09 17:06:52.793 I/power_partial_wake_state( 1319): [REL,15,*job*/com.facebook.appmanager/com.facebook.oxygen.appmanager.update.core.UpdateService:android]
08-09 17:06:52.798 D/DDS-TelephonyNetworkFactory[0]( 2286): got request NetworkRequest [ REQUEST id=201, [ Capabilities: INTERNET&NOT_RESTRICTED&TRUSTED&NOT_VCN_MANAGED Uid: 10226 RequestorUid: 10226 RequestorPkg: com.google.android.apps.messaging UnderlyingNetworks: Null] ]
08-09 17:06:52.798 D/DDS-TelephonyNetworkFactory[0]( 2286): handleMessage msg={ when=0 what=3 obj=NetworkRequest [ REQUEST id=201, [ Capabilities: INTERNET&NOT_RESTRICTED&TRUSTED&NOT_VCN_MANAGED Uid: 10226 RequestorUid: 10226 RequestorPkg: com.google.android.apps.messaging UnderlyingNetworks: Null] ] target=com.android.internal.telephony.data.TelephonyNetworkFactory$InternalHandler }
08-09 17:06:52.798 D/DDS-TelephonyNetworkFactory[0]( 2286): onNeedNetworkFor [NetworkRequest [ REQUEST id=201, [ Capabilities: INTERNET&NOT_RESTRICTED&TRUSTED&NOT_VCN_MANAGED Uid: 10226 RequestorUid: 10226 RequestorPkg: com.google.android.apps.messaging UnderlyingNetworks: Null] ], mPriority=0, state=UNSATISFIED, mAttachedDataNetwork=null, isMetered=false, created time=17:06:52.798, evaluation result=null] shouldApply true
08-09 17:06:52.798 D/DCT-C-0 ( 2286): DDS-DcTracker.requestNetwork for NetworkRequest [ REQUEST id=201, [ Capabilities: INTERNET&NOT_RESTRICTED&TRUSTED&NOT_VCN_MANAGED Uid: 10226 RequestorUid: 10226 RequestorPkg: com.google.android.apps.messaging UnderlyingNetworks: Null] ] found {mApnType=default mState=CONNECTED mWaitingApns={[[ApnSetting] Jio 4G, 6085, 405874, jionet, , null, , null, null, 0, supl | hipri | default | xcap, IPV4V6, IPV4V6, true, 0, false, 20, 0, 300, 0, 0, null, , false, UNKNOWN, UNKNOWN, 0, -1, -1, false] priority=1} mApnSetting={[ApnSetting] Jio 4G, 6085, 405874, jionet, , null, , null, null, 0, supl | hipri | default | xcap, IPV4V6, IPV4V6, true, 0, false, 20, 0, 300, 0, 0, null, , false, UNKNOWN, UNKNOWN, 0, -1, -1, false} mReason=connected mNeedDisconnectByDdsChange=false mDataEnabled=true}, type=NORMAL
08-09 17:06:52.799 D/DC-C-1 ( 2286): reevaluate data connection properties
08-09 17:06:52.799 D/DCT-C-0 ( 2286): onEnableApn: apnType=default, request type=NORMAL
08-09 17:06:52.799 D/DCT-C-0 ( 2286): onEnableApn: APN in CONNECTED state. Exit now.
08-09 17:06:52.802 I/am_proc_bound( 1319): [0,9939,com.google.android.apps.messaging:rcs]
08-09 17:06:52.904 I/power_partial_wake_state( 1319): [REL,125,*job*/com.facebook.appmanager/com.facebook.oxygen.appmanager.update.core.UpdateService:android]
08-09 17:06:52.936 D/DDS-TelephonyNetworkFactory[0]( 2286): got request NetworkRequest [ REQUEST id=204, [ Capabilities: INTERNET&NOT_RESTRICTED&TRUSTED&NOT_VCN_MANAGED Uid: 10233 RequestorUid: 1000 RequestorPkg: android UnderlyingNetworks: Null] ]
08-09 17:06:52.936 D/DDS-TelephonyNetworkFactory[0]( 2286): handleMessage msg={ when=-1ms what=3 obj=NetworkRequest [ REQUEST id=204, [ Capabilities: INTERNET&NOT_RESTRICTED&TRUSTED&NOT_VCN_MANAGED Uid: 10233 RequestorUid: 1000 RequestorPkg: android UnderlyingNetworks: Null] ] target=com.android.internal.telephony.data.TelephonyNetworkFactory$InternalHandler }
08-09 17:06:52.938 D/DDS-TelephonyNetworkFactory[0]( 2286): onNeedNetworkFor [NetworkRequest [ REQUEST id=204, [ Capabilities: INTERNET&NOT_RESTRICTED&TRUSTED&NOT_VCN_MANAGED Uid: 10233 RequestorUid: 1000 RequestorPkg: android UnderlyingNetworks: Null] ], mPriority=0, state=UNSATISFIED, mAttachedDataNetwork=null, isMetered=false, created time=17:06:52.937, evaluation result=null] shouldApply true
08-09 17:06:52.938 D/DCT-C-0 ( 2286): DDS-DcTracker.requestNetwork for NetworkRequest [ REQUEST id=204, [ Capabilities: INTERNET&NOT_RESTRICTED&TRUSTED&NOT_VCN_MANAGED Uid: 10233 RequestorUid: 1000 RequestorPkg: android UnderlyingNetworks: Null] ] found {mApnType=default mState=CONNECTED mWaitingApns={[[ApnSetting] Jio 4G, 6085, 405874, jionet, , null, , null, null, 0, supl | hipri | default | xcap, IPV4V6, IPV4V6, true, 0, false, 20, 0, 300, 0, 0, null, , false, UNKNOWN, UNKNOWN, 0, -1, -1, false] priority=1} mApnSetting={[ApnSetting] Jio 4G, 6085, 405874, jionet, , null, , null, null, 0, supl | hipri | default | xcap, IPV4V6, IPV4V6, true, 0, false, 20, 0, 300, 0, 0, null, , false, UNKNOWN, UNKNOWN, 0, -1, -1, false} mReason=connected mNeedDisconnectByDdsChange=false mDataEnabled=true}, type=NORMAL
08-09 17:06:52.939 D/DC-C-1 ( 2286): reevaluate data connection properties
08-09 17:06:52.939 D/DCT-C-0 ( 2286): onEnableApn: apnType=default, request type=NORMAL
08-09 17:06:52.939 D/DCT-C-0 ( 2286): onEnableApn: APN in CONNECTED state. Exit now.
08-09 17:06:52.948 I/power_partial_wake_state( 1319): [REL,6,*job*/com.facebook.appmanager/com.facebook.oxygen.appmanager.update.core.UpdateService:android]
08-09 17:06:52.955 I/power_partial_wake_state( 1319): [REL,13,*job*/com.facebook.appmanager/com.facebook.oxygen.appmanager.update.core.UpdateService:android]
08-09 17:06:52.962 I/am_uid_running( 1319): 10243
08-09 17:06:52.975 I/power_partial_wake_state( 1319): [REL,13,*job*/com.facebook.appmanager/com.facebook.oxygen.appmanager.update.core.UpdateService:android]
08-09 17:06:52.977 I/am_proc_start( 1319): [0,10008,10243,com.google.android.youtube,broadcast,{com.google.android.youtube/androidx.work.impl.background.systemalarm.RescheduleReceiver}]
08-09 17:06:52.984 I/power_partial_wake_state( 1319): [REL,21,*job*/com.facebook.appmanager/com.facebook.oxygen.appmanager.update.core.UpdateService:android]
08-09 17:06:52.999 I/power_partial_wake_state( 1319): [REL,11,*job*/com.facebook.appmanager/com.facebook.oxygen.appmanager.update.core.UpdateService:android]
08-09 17:06:53.004 I/dvm_lock_sample( 1319): [system_server,0,binder:1319_1A,10,ActivityManagerService.java,15067,void com.android.server.am.ActivityManagerService.serviceDoneExecuting(android.os.IBinder, int, int, int),-,15020,int com.android.server.am.ActivityManagerService.bindServiceInstance(android.app.IApplicationThread, android.os.IBinder, android.content.Intent, java.lang.String, android.app.IServiceConnection, int, java.lang.String, boolean, int, java.lang.String, java.lang.String, int),2]
08-09 17:06:53.015 I/am_proc_bound( 1319): [0,10008,com.google.android.youtube]
08-09 17:06:53.018 I/power_partial_wake_state( 1319): [REL,30,*job*/com.facebook.appmanager/com.facebook.oxygen.appmanager.update.core.UpdateService:android]
08-09 17:06:53.018 I/am_uid_active( 1319): 10243
08-09 17:06:53.082 D/SubscriptionController( 2286): [getActiveSubscriptionInfoForSimSlotIndex]+ slotIndex=0 subId={id=4 iccId= simSlotIndex=0 carrierId=2018 displayName=Jio carrierName=JIO 4G | Jio nameSource=1 iconTint=-16746133 number= dataRoaming=0 iconBitmap=android.graphics.Bitmap@2e9201e mcc=405 mnc=874 countryIso=in isEmbedded=false nativeAccessRules=null cardString= cardId=3 portIndex=0 isOpportunistic=false groupUUID=null isGroupDisabled=false profileClass=-1 ehplmns=null hplmns=null subscriptionType=0 groupOwner=null carrierConfigAccessRules=null areUiccApplicationsEnabled=true usageSetting=0}
08-09 17:06:53.153 D/SubscriptionController( 2286): [getActiveSubscriptionInfoForSimSlotIndex]+ slotIndex=0 subId={id=4 iccId= simSlotIndex=0 carrierId=2018 displayName=Jio carrierName=JIO 4G | Jio nameSource=1 iconTint=-16746133 number= dataRoaming=0 iconBitmap=android.graphics.Bitmap@2e9201e mcc=405 mnc=874 countryIso=in isEmbedded=false nativeAccessRules=null cardString= cardId=3 portIndex=0 isOpportunistic=false groupUUID=null isGroupDisabled=false profileClass=-1 ehplmns=null hplmns=null subscriptionType=0 groupOwner=null carrierConfigAccessRules=null areUiccApplicationsEnabled=true usageSetting=0}
08-09 17:06:53.164 D/ARGOS ( 3432): argos: argos_monitor: UFS - Mbps:1470 prev_tput:1399
08-09 17:06:53.197 D/SubscriptionController( 2286): [getActiveSubscriptionInfoForSimSlotIndex]+ slotIndex=0 subId={id=4 iccId= simSlotIndex=0 carrierId=2018 displayName=Jio carrierName=JIO 4G | Jio nameSource=1 iconTint=-16746133 number= dataRoaming=0 iconBitmap=android.graphics.Bitmap@2e9201e mcc=405 mnc=874 countryIso=in isEmbedded=false nativeAccessRules=null cardString= cardId=3 portIndex=0 isOpportunistic=false groupUUID=null isGroupDisabled=false profileClass=-1 ehplmns=null hplmns=null subscriptionType=0 groupOwner=null carrierConfigAccessRules=null areUiccApplicationsEnabled=true usageSetting=0}
08-09 17:06:53.208 D/DDS-TelephonyNetworkFactory[0]( 2286): got request NetworkRequest [ REQUEST id=206, [ Capabilities: INTERNET&NOT_RESTRICTED&TRUSTED&NOT_VCN_MANAGED Uid: 10226 RequestorUid: 10226 RequestorPkg: com.google.android.apps.messaging UnderlyingNetworks: Null] ]
08-09 17:06:53.208 D/DDS-TelephonyNetworkFactory[0]( 2286): handleMessage msg={ when=0 what=3 obj=NetworkRequest [ REQUEST id=206, [ Capabilities: INTERNET&NOT_RESTRICTED&TRUSTED&NOT_VCN_MANAGED Uid: 10226 RequestorUid: 10226 RequestorPkg: com.google.android.apps.messaging UnderlyingNetworks: Null] ] target=com.android.internal.telephony.data.TelephonyNetworkFactory$InternalHandler }
08-09 17:06:53.209 D/DDS-TelephonyNetworkFactory[0]( 2286): onNeedNetworkFor [NetworkRequest [ REQUEST id=206, [ Capabilities: INTERNET&NOT_RESTRICTED&TRUSTED&NOT_VCN_MANAGED Uid: 10226 RequestorUid: 10226 RequestorPkg: com.google.android.apps.messaging UnderlyingNetworks: Null] ], mPriority=0, state=UNSATISFIED, mAttachedDataNetwork=null, isMetered=false, created time=17:06:53.207, evaluation result=null] shouldApply true
08-09 17:06:53.209 D/DCT-C-0 ( 2286): DDS-DcTracker.requestNetwork for NetworkRequest [ REQUEST id=206, [ Capabilities: INTERNET&NOT_RESTRICTED&TRUSTED&NOT_VCN_MANAGED Uid: 10226 RequestorUid: 10226 RequestorPkg: com.google.android.apps.messaging UnderlyingNetworks: Null] ] found {mApnType=default mState=CONNECTED mWaitingApns={[[ApnSetting] Jio 4G, 6085, 405874, jionet, , null, , null, null, 0, supl | hipri | default | xcap, IPV4V6, IPV4V6, true, 0, false, 20, 0, 300, 0, 0, null, , false, UNKNOWN, UNKNOWN, 0, -1, -1, false] priority=1} mApnSetting={[ApnSetting] Jio 4G, 6085, 405874, jionet, , null, , null, null, 0, supl | hipri | default | xcap, IPV4V6, IPV4V6, true, 0, false, 20, 0, 300, 0, 0, null, , false, UNKNOWN, UNKNOWN, 0, -1, -1, false} mReason=connected mNeedDisconnectByDdsChange=false mDataEnabled=true}, type=NORMAL
08-09 17:06:53.209 D/DC-C-1 ( 2286): reevaluate data connection properties
08-09 17:06:53.209 D/DCT-C-0 ( 2286): onEnableApn: apnType=default, request type=NORMAL
08-09 17:06:53.209 D/DCT-C-0 ( 2286): onEnableApn: APN in CONNECTED state. Exit now.
08-09 17:06:53.230 I/power_partial_wake_state( 1319): [REL,9,*job*/com.google.android.apps.messaging/com.google.android.ims.metrics.PeriodicMetricsJobService:android]
08-09 17:06:53.234 I/power_partial_wake_state( 1319): [REL,13,*job*/com.google.android.apps.messaging/com.google.android.ims.metrics.PeriodicMetricsJobService:android]
08-09 17:06:53.252 I/power_partial_wake_state( 1319): [REL,11,*job*/com.aura.oobe.samsung/com.google.android.datatransport.runtime.scheduling.jobscheduling.JobInfoSchedulerService:android]
08-09 17:06:53.342 D/DDS-TelephonyNetworkFactory[0]( 2286): got request NetworkRequest [ REQUEST id=208, [ Capabilities: INTERNET&NOT_RESTRICTED&TRUSTED&NOT_VCN_MANAGED Uid: 10226 RequestorUid: 10226 RequestorPkg: com.google.android.apps.messaging UnderlyingNetworks: Null] ]
08-09 17:06:53.342 D/DDS-TelephonyNetworkFactory[0]( 2286): handleMessage msg={ when=0 what=3 obj=NetworkRequest [ REQUEST id=208, [ Capabilities: INTERNET&NOT_RESTRICTED&TRUSTED&NOT_VCN_MANAGED Uid: 10226 RequestorUid: 10226 RequestorPkg: com.google.android.apps.messaging UnderlyingNetworks: Null] ] target=com.android.internal.telephony.data.TelephonyNetworkFactory$InternalHandler }
08-09 17:06:53.343 D/DDS-TelephonyNetworkFactory[0]( 2286): onNeedNetworkFor [NetworkRequest [ REQUEST id=208, [ Capabilities: INTERNET&NOT_RESTRICTED&TRUSTED&NOT_VCN_MANAGED Uid: 10226 RequestorUid: 10226 RequestorPkg: com.google.android.apps.messaging UnderlyingNetworks: Null] ], mPriority=0, state=UNSATISFIED, mAttachedDataNetwork=null, isMetered=false, created time=17:06:53.341, evaluation result=null] shouldApply true
08-09 17:06:53.343 D/DCT-C-0 ( 2286): DDS-DcTracker.requestNetwork for NetworkRequest [ REQUEST id=208, [ Capabilities: INTERNET&NOT_RESTRICTED&TRUSTED&NOT_VCN_MANAGED Uid: 10226 RequestorUid: 10226 RequestorPkg: com.google.android.apps.messaging UnderlyingNetworks: Null] ] found {mApnType=default mState=CONNECTED mWaitingApns={[[ApnSetting] Jio 4G, 6085, 405874, jionet, , null, , null, null, 0, supl | hipri | default | xcap, IPV4V6, IPV4V6, true, 0, false, 20, 0, 300, 0, 0, null, , false, UNKNOWN, UNKNOWN, 0, -1, -1, false] priority=1} mApnSetting={[ApnSetting] Jio 4G, 6085, 405874, jionet, , null, , null, null, 0, supl | hipri | default | xcap, IPV4V6, IPV4V6, true, 0, false, 20, 0, 300, 0, 0, null, , false, UNKNOWN, UNKNOWN, 0, -1, -1, false} mReason=connected mNeedDisconnectByDdsChange=false mDataEnabled=true}, type=NORMAL
08-09 17:06:53.344 D/DC-C-1 ( 2286): reevaluate data connection properties
08-09 17:06:53.344 D/DCT-C-0 ( 2286): onEnableApn: apnType=default, request type=NORMAL
08-09 17:06:53.344 D/DCT-C-0 ( 2286): onEnableApn: APN in CONNECTED state. Exit now.
08-09 17:06:53.433 I/power_partial_wake_state( 1319): [REL,1048,*job*/com.facebook.appmanager/com.facebook.oxygen.common.jobqueue.JobQueueService:android]
08-09 17:06:53.436 I/am_kill ( 1319): [0,7885,com.sec.android.app.myfiles,999,empty #33]
08-09 17:06:53.451 I/am_proc_died( 1319): [0,7885,com.sec.android.app.myfiles,999,19,139,3560]
08-09 17:06:53.452 I/am_uid_stopped( 1319): 10110
08-09 17:06:53.643 D/DDS-TelephonyNetworkFactory[0]( 2286): got request NetworkRequest [ REQUEST id=210, [ Capabilities: INTERNET&NOT_RESTRICTED&TRUSTED&NOT_VCN_MANAGED Uid: 10243 RequestorUid: 10243 RequestorPkg: com.google.android.youtube UnderlyingNetworks: Null] ]
08-09 17:06:53.643 D/DDS-TelephonyNetworkFactory[0]( 2286): handleMessage msg={ when=0 what=3 obj=NetworkRequest [ REQUEST id=210, [ Capabilities: INTERNET&NOT_RESTRICTED&TRUSTED&NOT_VCN_MANAGED Uid: 10243 RequestorUid: 10243 RequestorPkg: com.google.android.youtube UnderlyingNetworks: Null] ] target=com.android.internal.telephony.data.TelephonyNetworkFactory$InternalHandler }
08-09 17:06:53.644 D/DDS-TelephonyNetworkFactory[0]( 2286): onNeedNetworkFor [NetworkRequest [ REQUEST id=210, [ Capabilities: INTERNET&NOT_RESTRICTED&TRUSTED&NOT_VCN_MANAGED Uid: 10243 RequestorUid: 10243 RequestorPkg: com.google.android.youtube UnderlyingNetworks: Null] ], mPriority=0, state=UNSATISFIED, mAttachedDataNetwork=null, isMetered=false, created time=17:06:53.643, evaluation result=null] shouldApply true
08-09 17:06:53.644 D/DCT-C-0 ( 2286): DDS-DcTracker.requestNetwork for NetworkRequest [ REQUEST id=210, [ Capabilities: INTERNET&NOT_RESTRICTED&TRUSTED&NOT_VCN_MANAGED Uid: 10243 RequestorUid: 10243 RequestorPkg: com.google.android.youtube UnderlyingNetworks: Null] ] found {mApnType=default mState=CONNECTED mWaitingApns={[[ApnSetting] Jio 4G, 6085, 405874, jionet, , null, , null, null, 0, supl | hipri | default | xcap, IPV4V6, IPV4V6, true, 0, false, 20, 0, 300, 0, 0, null, , false, UNKNOWN, UNKNOWN, 0, -1, -1, false] priority=1} mApnSetting={[ApnSetting] Jio 4G, 6085, 405874, jionet, , null, , null, null, 0, supl | hipri | default | xcap, IPV4V6, IPV4V6, true, 0, false, 20, 0, 300, 0, 0, null, , false, UNKNOWN, UNKNOWN, 0, -1, -1, false} mReason=connected mNeedDisconnectByDdsChange=false mDataEnabled=true}, type=NORMAL
08-09 17:06:53.644 D/DC-C-1 ( 2286): reevaluate data connection properties
08-09 17:06:53.644 D/DCT-C-0 ( 2286): onEnableApn: apnType=default, request type=NORMAL
08-09 17:06:53.644 D/DCT-C-0 ( 2286): onEnableApn: APN in CONNECTED state. Exit now.
08-09 17:06:53.672 I/commit_sys_config_file( 1319): [notification-policy,33215]
08-09 17:06:53.678 D/DDS-TelephonyNetworkFactory[0]( 2286): got request NetworkRequest [ REQUEST id=212, [ Capabilities: INTERNET&NOT_RESTRICTED&TRUSTED&NOT_VCN_MANAGED Uid: 10243 RequestorUid: 10243 RequestorPkg: com.google.android.youtube UnderlyingNetworks: Null] ]
08-09 17:06:53.679 D/DDS-TelephonyNetworkFactory[0]( 2286): handleMessage msg={ when=0 what=3 obj=NetworkRequest [ REQUEST id=212, [ Capabilities: INTERNET&NOT_RESTRICTED&TRUSTED&NOT_VCN_MANAGED Uid: 10243 RequestorUid: 10243 RequestorPkg: com.google.android.youtube UnderlyingNetworks: Null] ] target=com.android.internal.telephony.data.TelephonyNetworkFactory$InternalHandler }
08-09 17:06:53.679 D/DDS-TelephonyNetworkFactory[0]( 2286): onNeedNetworkFor [NetworkRequest [ REQUEST id=212, [ Capabilities: INTERNET&NOT_RESTRICTED&TRUSTED&NOT_VCN_MANAGED Uid: 10243 RequestorUid: 10243 RequestorPkg: com.google.android.youtube UnderlyingNetworks: Null] ], mPriority=0, state=UNSATISFIED, mAttachedDataNetwork=null, isMetered=false, created time=17:06:53.679, evaluation result=null] shouldApply true
08-09 17:06:53.679 D/DCT-C-0 ( 2286): DDS-DcTracker.requestNetwork for NetworkRequest [ REQUEST id=212, [ Capabilities: INTERNET&NOT_RESTRICTED&TRUSTED&NOT_VCN_MANAGED Uid: 10243 RequestorUid: 10243 RequestorPkg: com.google.android.youtube UnderlyingNetworks: Null] ] found {mApnType=default mState=CONNECTED mWaitingApns={[[ApnSetting] Jio 4G, 6085, 405874, jionet, , null, , null, null, 0, supl | hipri | default | xcap, IPV4V6, IPV4V6, true, 0, false, 20, 0, 300, 0, 0, null, , false, UNKNOWN, UNKNOWN, 0, -1, -1, false] priority=1} mApnSetting={[ApnSetting] Jio 4G, 6085, 405874, jionet, , null, , null, null, 0, supl | hipri | default | xcap, IPV4V6, IPV4V6, true, 0, false, 20, 0, 300, 0, 0, null, , false, UNKNOWN, UNKNOWN, 0, -1, -1, false} mReason=connected mNeedDisconnectByDdsChange=false mDataEnabled=true}, type=NORMAL
08-09 17:06:53.679 D/DC-C-1 ( 2286): reevaluate data connection properties
08-09 17:06:53.679 D/DCT-C-0 ( 2286): onEnableApn: apnType=default, request type=NORMAL
08-09 17:06:53.679 D/DCT-C-0 ( 2286): onEnableApn: APN in CONNECTED state. Exit now.
08-09 17:06:53.687 D/DDS-TelephonyNetworkFactory[0]( 2286): got request NetworkRequest [ REQUEST id=214, [ Capabilities: INTERNET&NOT_RESTRICTED&TRUSTED&NOT_VCN_MANAGED Uid: 10243 RequestorUid: 10243 RequestorPkg: com.google.android.youtube UnderlyingNetworks: Null] ]
08-09 17:06:53.688 D/DDS-TelephonyNetworkFactory[0]( 2286): handleMessage msg={ when=0 what=3 obj=NetworkRequest [ REQUEST id=214, [ Capabilities: INTERNET&NOT_RESTRICTED&TRUSTED&NOT_VCN_MANAGED Uid: 10243 RequestorUid: 10243 RequestorPkg: com.google.android.youtube UnderlyingNetworks: Null] ] target=com.android.internal.telephony.data.TelephonyNetworkFactory$InternalHandler }
08-09 17:06:53.689 D/DDS-TelephonyNetworkFactory[0]( 2286): onNeedNetworkFor [NetworkRequest [ REQUEST id=214, [ Capabilities: INTERNET&NOT_RESTRICTED&TRUSTED&NOT_VCN_MANAGED Uid: 10243 RequestorUid: 10243 RequestorPkg: com.google.android.youtube UnderlyingNetworks: Null] ], mPriority=0, state=UNSATISFIED, mAttachedDataNetwork=null, isMetered=false, created time=17:06:53.688, evaluation result=null] shouldApply true
08-09 17:06:53.689 D/DCT-C-0 ( 2286): DDS-DcTracker.requestNetwork for NetworkRequest [ REQUEST id=214, [ Capabilities: INTERNET&NOT_RESTRICTED&TRUSTED&NOT_VCN_MANAGED Uid: 10243 RequestorUid: 10243 RequestorPkg: com.google.android.youtube UnderlyingNetworks: Null] ] found {mApnType=default mState=CONNECTED mWaitingApns={[[ApnSetting] Jio 4G, 6085, 405874, jionet, , null, , null, null, 0, supl | hipri | default | xcap, IPV4V6, IPV4V6, true, 0, false, 20, 0, 300, 0, 0, null, , false, UNKNOWN, UNKNOWN, 0, -1, -1, false] priority=1} mApnSetting={[ApnSetting] Jio 4G, 6085, 405874, jionet, , null, , null, null, 0, supl | hipri | default | xcap, IPV4V6, IPV4V6, true, 0, false, 20, 0, 300, 0, 0, null, , false, UNKNOWN, UNKNOWN, 0, -1, -1, false} mReason=connected mNeedDisconnectByDdsChange=false mDataEnabled=true}, type=NORMAL
08-09 17:06:53.690 D/DC-C-1 ( 2286): reevaluate data connection properties
08-09 17:06:53.690 D/DCT-C-0 ( 2286): onEnableApn: apnType=default, request type=NORMAL
08-09 17:06:53.690 D/DCT-C-0 ( 2286): onEnableApn: APN in CONNECTED state. Exit now.
08-09 17:06:53.735 D/DDS-TelephonyNetworkFactory[0]( 2286): got request NetworkRequest [ REQUEST id=217, [ Capabilities: INTERNET&NOT_RESTRICTED&TRUSTED&NOT_VCN_MANAGED Uid: 10243 RequestorUid: 1000 RequestorPkg: android UnderlyingNetworks: Null] ]
08-09 17:06:53.735 D/DDS-TelephonyNetworkFactory[0]( 2286): handleMessage msg={ when=0 what=3 obj=NetworkRequest [ REQUEST id=217, [ Capabilities: INTERNET&NOT_RESTRICTED&TRUSTED&NOT_VCN_MANAGED Uid: 10243 RequestorUid: 1000 RequestorPkg: android UnderlyingNetworks: Null] ] target=com.android.internal.telephony.data.TelephonyNetworkFactory$InternalHandler }
08-09 17:06:53.736 D/DDS-TelephonyNetworkFactory[0]( 2286): onNeedNetworkFor [NetworkRequest [ REQUEST id=217, [ Capabilities: INTERNET&NOT_RESTRICTED&TRUSTED&NOT_VCN_MANAGED Uid: 10243 RequestorUid: 1000 RequestorPkg: android UnderlyingNetworks: Null] ], mPriority=0, state=UNSATISFIED, mAttachedDataNetwork=null, isMetered=false, created time=17:06:53.735, evaluation result=null] shouldApply true
08-09 17:06:53.737 D/DCT-C-0 ( 2286): DDS-DcTracker.requestNetwork for NetworkRequest [ REQUEST id=217, [ Capabilities: INTERNET&NOT_RESTRICTED&TRUSTED&NOT_VCN_MANAGED Uid: 10243 RequestorUid: 1000 RequestorPkg: android UnderlyingNetworks: Null] ] found {mApnType=default mState=CONNECTED mWaitingApns={[[ApnSetting] Jio 4G, 6085, 405874, jionet, , null, , null, null, 0, supl | hipri | default | xcap, IPV4V6, IPV4V6, true, 0, false, 20, 0, 300, 0, 0, null, , false, UNKNOWN, UNKNOWN, 0, -1, -1, false] priority=1} mApnSetting={[ApnSetting] Jio 4G, 6085, 405874, jionet, , null, , null, null, 0, supl | hipri | default | xcap, IPV4V6, IPV4V6, true, 0, false, 20, 0, 300, 0, 0, null, , false, UNKNOWN, UNKNOWN, 0, -1, -1, false} mReason=connected mNeedDisconnectByDdsChange=false mDataEnabled=true}, type=NORMAL
08-09 17:06:53.737 D/DC-C-1 ( 2286): reevaluate data connection properties
08-09 17:06:53.737 D/DCT-C-0 ( 2286): onEnableApn: apnType=default, request type=NORMAL
08-09 17:06:53.737 D/DCT-C-0 ( 2286): onEnableApn: APN in CONNECTED state. Exit now.
08-09 17:06:53.745 I/power_partial_wake_state( 1319): [REL,1008,tachyon:BootReceiver:com.google.android.apps.tachyon]
08-09 17:06:53.753 I/am_kill ( 1319): [0,8058,com.sec.android.easyMover.Agent,999,empty #33]
08-09 17:06:53.754 I/am_uid_active( 1319): 10089
08-09 17:06:53.761 I/am_uid_active( 1319): 10096
08-09 17:06:53.763 I/power_partial_wake_state( 1319): [REL,22601,*job*/com.google.android.providers.media.module/com.android.providers.media.MediaService:android]
08-09 17:06:53.768 D/DDS-TelephonyNetworkFactory[0]( 2286): got request NetworkRequest [ REQUEST id=219, [ Capabilities: INTERNET&NOT_RESTRICTED&TRUSTED&NOT_VCN_MANAGED Uid: 10243 RequestorUid: 10243 RequestorPkg: com.google.android.youtube UnderlyingNetworks: Null] ]
08-09 17:06:53.769 D/DDS-TelephonyNetworkFactory[0]( 2286): handleMessage msg={ when=0 what=3 obj=NetworkRequest [ REQUEST id=219, [ Capabilities: INTERNET&NOT_RESTRICTED&TRUSTED&NOT_VCN_MANAGED Uid: 10243 RequestorUid: 10243 RequestorPkg: com.google.android.youtube UnderlyingNetworks: Null] ] target=com.android.internal.telephony.data.TelephonyNetworkFactory$InternalHandler }
08-09 17:06:53.769 D/DDS-TelephonyNetworkFactory[0]( 2286): onNeedNetworkFor [NetworkRequest [ REQUEST id=219, [ Capabilities: INTERNET&NOT_RESTRICTED&TRUSTED&NOT_VCN_MANAGED Uid: 10243 RequestorUid: 10243 RequestorPkg: com.google.android.youtube UnderlyingNetworks: Null] ], mPriority=0, state=UNSATISFIED, mAttachedDataNetwork=null, isMetered=false, created time=17:06:53.769, evaluation result=null] shouldApply true
08-09 17:06:53.770 D/DCT-C-0 ( 2286): DDS-DcTracker.requestNetwork for NetworkRequest [ REQUEST id=219, [ Capabilities: INTERNET&NOT_RESTRICTED&TRUSTED&NOT_VCN_MANAGED Uid: 10243 RequestorUid: 10243 RequestorPkg: com.google.android.youtube UnderlyingNetworks: Null] ] found {mApnType=default mState=CONNECTED mWaitingApns={[[ApnSetting] Jio 4G, 6085, 405874, jionet, , null, , null, null, 0, supl | hipri | default | xcap, IPV4V6, IPV4V6, true, 0, false, 20, 0, 300, 0, 0, null, , false, UNKNOWN, UNKNOWN, 0, -1, -1, false] priority=1} mApnSetting={[ApnSetting] Jio 4G, 6085, 405874, jionet, , null, , null, null, 0, supl | hipri | default | xcap, IPV4V6, IPV4V6, true, 0, false, 20, 0, 300, 0, 0, null, , false, UNKNOWN, UNKNOWN, 0, -1, -1, false} mReason=connected mNeedDisconnectByDdsChange=false mDataEnabled=true}, type=NORMAL
08-09 17:06:53.770 D/DC-C-1 ( 2286): reevaluate data connection properties
08-09 17:06:53.770 D/DCT-C-0 ( 2286): onEnableApn: apnType=default, request type=NORMAL
08-09 17:06:53.770 D/DCT-C-0 ( 2286): onEnableApn: APN in CONNECTED state. Exit now.
08-09 17:06:53.773 I/am_proc_died( 1319): [0,8058,com.sec.android.easyMover.Agent,999,19,131,3565]
08-09 17:06:53.774 I/am_uid_stopped( 1319): 10195
08-09 17:06:53.782 I/am_proc_start( 1319): [0,10149,1000,com.samsung.aasaservice,broadcast,{com.samsung.aasaservice/com.samsung.aasaservice.AASAUpdateReceiver}]
08-09 17:06:53.807 I/am_proc_bound( 1319): [0,10149,com.samsung.aasaservice]
08-09 17:06:53.833 I/dvm_lock_sample(10008): [com.google.android.youtube,0,yt-critical Thread #5,132,PG,1,java.lang.Object avku.a(),-,2,java.lang.Object avku.a(),26]
08-09 17:06:53.849 D/DDS-TelephonyNetworkFactory[0]( 2286): got request NetworkRequest [ REQUEST id=221, [ Capabilities: INTERNET&NOT_RESTRICTED&TRUSTED&NOT_VCN_MANAGED Uid: 10243 RequestorUid: 10243 RequestorPkg: com.google.android.youtube UnderlyingNetworks: Null] ]
08-09 17:06:53.849 D/DDS-TelephonyNetworkFactory[0]( 2286): handleMessage msg={ when=0 what=3 obj=NetworkRequest [ REQUEST id=221, [ Capabilities: INTERNET&NOT_RESTRICTED&TRUSTED&NOT_VCN_MANAGED Uid: 10243 RequestorUid: 10243 RequestorPkg: com.google.android.youtube UnderlyingNetworks: Null] ] target=com.android.internal.telephony.data.TelephonyNetworkFactory$InternalHandler }
08-09 17:06:53.850 D/DDS-TelephonyNetworkFactory[0]( 2286): onNeedNetworkFor [NetworkRequest [ REQUEST id=221, [ Capabilities: INTERNET&NOT_RESTRICTED&TRUSTED&NOT_VCN_MANAGED Uid: 10243 RequestorUid: 10243 RequestorPkg: com.google.android.youtube UnderlyingNetworks: Null] ], mPriority=0, state=UNSATISFIED, mAttachedDataNetwork=null, isMetered=false, created time=17:06:53.849, evaluation result=null] shouldApply true
08-09 17:06:53.851 D/DCT-C-0 ( 2286): DDS-DcTracker.requestNetwork for NetworkRequest [ REQUEST id=221, [ Capabilities: INTERNET&NOT_RESTRICTED&TRUSTED&NOT_VCN_MANAGED Uid: 10243 RequestorUid: 10243 RequestorPkg: com.google.android.youtube UnderlyingNetworks: Null] ] found {mApnType=default mState=CONNECTED mWaitingApns={[[ApnSetting] Jio 4G, 6085, 405874, jionet, , null, , null, null, 0, supl | hipri | default | xcap, IPV4V6, IPV4V6, true, 0, false, 20, 0, 300, 0, 0, null, , false, UNKNOWN, UNKNOWN, 0, -1, -1, false] priority=1} mApnSetting={[ApnSetting] Jio 4G, 6085, 405874, jionet, , null, , null, null, 0, supl | hipri | default | xcap, IPV4V6, IPV4V6, true, 0, false, 20, 0, 300, 0, 0, null, , false, UNKNOWN, UNKNOWN, 0, -1, -1, false} mReason=connected mNeedDisconnectByDdsChange=false mDataEnabled=true}, type=NORMAL
08-09 17:06:53.852 D/DC-C-1 ( 2286): reevaluate data connection properties
08-09 17:06:53.852 D/DCT-C-0 ( 2286): onEnableApn: apnType=default, request type=NORMAL
08-09 17:06:53.852 D/DCT-C-0 ( 2286): onEnableApn: APN in CONNECTED state. Exit now.
08-09 17:06:53.894 I/am_uid_running( 1319): 10244
08-09 17:06:53.896 I/am_kill ( 1319): [0,7796,com.samsung.android.scloud,999,empty #33]
08-09 17:06:53.906 I/am_proc_start( 1319): [0,10208,10244,com.samsung.android.alive.service,broadcast,{com.samsung.android.alive.service/androidx.work.impl.background.systemalarm.RescheduleReceiver}]
08-09 17:06:53.918 I/am_proc_died( 1319): [0,7796,com.samsung.android.scloud,999,19,149,3552]
08-09 17:06:53.921 I/am_uid_active( 1319): 10244
08-09 17:06:53.949 I/am_proc_bound( 1319): [0,10208,com.samsung.android.alive.service]
08-09 17:06:54.118 I/am_uid_running( 1319): 10246
08-09 17:06:54.119 D/DDS-TelephonyNetworkFactory[0]( 2286): got request NetworkRequest [ REQUEST id=223, [ Capabilities: INTERNET&NOT_RESTRICTED&TRUSTED&NOT_VCN_MANAGED Uid: 10244 RequestorUid: 1000 RequestorPkg: android UnderlyingNetworks: Null] ]
08-09 17:06:54.120 D/DDS-TelephonyNetworkFactory[0]( 2286): handleMessage msg={ when=0 what=3 obj=NetworkRequest [ REQUEST id=223, [ Capabilities: INTERNET&NOT_RESTRICTED&TRUSTED&NOT_VCN_MANAGED Uid: 10244 RequestorUid: 1000 RequestorPkg: android UnderlyingNetworks: Null] ] target=com.android.internal.telephony.data.TelephonyNetworkFactory$InternalHandler }
08-09 17:06:54.121 D/DDS-TelephonyNetworkFactory[0]( 2286): onNeedNetworkFor [NetworkRequest [ REQUEST id=223, [ Capabilities: INTERNET&NOT_RESTRICTED&TRUSTED&NOT_VCN_MANAGED Uid: 10244 RequestorUid: 1000 RequestorPkg: android UnderlyingNetworks: Null] ], mPriority=0, state=UNSATISFIED, mAttachedDataNetwork=null, isMetered=false, created time=17:06:54.120, evaluation result=null] shouldApply true
08-09 17:06:54.122 D/DCT-C-0 ( 2286): DDS-DcTracker.requestNetwork for NetworkRequest [ REQUEST id=223, [ Capabilities: INTERNET&NOT_RESTRICTED&TRUSTED&NOT_VCN_MANAGED Uid: 10244 RequestorUid: 1000 RequestorPkg: android UnderlyingNetworks: Null] ] found {mApnType=default mState=CONNECTED mWaitingApns={[[ApnSetting] Jio 4G, 6085, 405874, jionet, , null, , null, null, 0, supl | hipri | default | xcap, IPV4V6, IPV4V6, true, 0, false, 20, 0, 300, 0, 0, null, , false, UNKNOWN, UNKNOWN, 0, -1, -1, false] priority=1} mApnSetting={[ApnSetting] Jio 4G, 6085, 405874, jionet, , null, , null, null, 0, supl | hipri | default | xcap, IPV4V6, IPV4V6, true, 0, false, 20, 0, 300, 0, 0, null, , false, UNKNOWN, UNKNOWN, 0, -1, -1, false} mReason=connected mNeedDisconnectByDdsChange=false mDataEnabled=true}, type=NORMAL
08-09 17:06:54.122 I/am_kill ( 1319): [0,8371,com.samsung.memorysaver,999,empty #33]
08-09 17:06:54.122 D/DC-C-1 ( 2286): reevaluate data connection properties
08-09 17:06:54.122 D/DCT-C-0 ( 2286): onEnableApn: apnType=default, request type=NORMAL
08-09 17:06:54.123 D/DCT-C-0 ( 2286): onEnableApn: APN in CONNECTED state. Exit now.
08-09 17:06:54.130 I/am_wtf ( 1319): [0,1319,system_server,-1,JobScheduler.Quota,<0>com.samsung.android.aliveprivacy has 0 EJ quota without running anything]
08-09 17:06:54.131 I/am_proc_start( 1319): [0,10249,10246,com.samsung.android.aliveprivacy,broadcast,{com.samsung.android.aliveprivacy/androidx.work.impl.background.systemalarm.RescheduleReceiver}]
08-09 17:06:54.145 I/am_proc_died( 1319): [0,8371,com.samsung.memorysaver,999,19,150,3569]
08-09 17:06:54.150 I/am_uid_active( 1319): 10246
08-09 17:06:54.153 I/am_wtf ( 1319): [0,1319,system_server,-1,JobScheduler.Quota,<0>com.samsung.android.aliveprivacy has 0 EJ quota without running anything]
08-09 17:06:54.156 I/am_wtf ( 1319): [0,1319,system_server,-1,JobScheduler.Quota,<0>com.samsung.android.aliveprivacy has 0 EJ quota without running anything]
08-09 17:06:54.164 I/am_proc_bound( 1319): [0,10249,com.samsung.android.aliveprivacy]
08-09 17:06:54.166 D/ARGOS ( 3432): argos: argos_monitor: UFS - Mbps:1720 prev_tput:1470
08-09 17:06:54.230 I/power_partial_wake_state( 1319): [REL,3,bugle_datamodel_executor_wakelock:com.google.android.apps.messaging]
08-09 17:06:54.324 I/am_wtf ( 1319): [0,1319,system_server,-1,JobScheduler.JobStatus,App com.samsung.android.aliveprivacy became active but still in NEVER bucket]
08-09 17:06:54.327 I/am_kill ( 1319): [0,8481,com.sec.android.app.DataCreate,999,empty #33]
08-09 17:06:54.327 D/DDS-TelephonyNetworkFactory[0]( 2286): got request NetworkRequest [ REQUEST id=225, [ Capabilities: INTERNET&NOT_RESTRICTED&TRUSTED&NOT_VCN_MANAGED Uid: 10246 RequestorUid: 1000 RequestorPkg: android UnderlyingNetworks: Null] ]
08-09 17:06:54.328 D/DDS-TelephonyNetworkFactory[0]( 2286): handleMessage msg={ when=0 what=3 obj=NetworkRequest [ REQUEST id=225, [ Capabilities: INTERNET&NOT_RESTRICTED&TRUSTED&NOT_VCN_MANAGED Uid: 10246 RequestorUid: 1000 RequestorPkg: android UnderlyingNetworks: Null] ] target=com.android.internal.telephony.data.TelephonyNetworkFactory$InternalHandler }
08-09 17:06:54.329 D/DDS-TelephonyNetworkFactory[0]( 2286): onNeedNetworkFor [NetworkRequest [ REQUEST id=225, [ Capabilities: INTERNET&NOT_RESTRICTED&TRUSTED&NOT_VCN_MANAGED Uid: 10246 RequestorUid: 1000 RequestorPkg: android UnderlyingNetworks: Null] ], mPriority=0, state=UNSATISFIED, mAttachedDataNetwork=null, isMetered=false, created time=17:06:54.327, evaluation result=null] shouldApply true
08-09 17:06:54.329 D/DCT-C-0 ( 2286): DDS-DcTracker.requestNetwork for NetworkRequest [ REQUEST id=225, [ Capabilities: INTERNET&NOT_RESTRICTED&TRUSTED&NOT_VCN_MANAGED Uid: 10246 RequestorUid: 1000 RequestorPkg: android UnderlyingNetworks: Null] ] found {mApnType=default mState=CONNECTED mWaitingApns={[[ApnSetting] Jio 4G, 6085, 405874, jionet, , null, , null, null, 0, supl | hipri | default | xcap, IPV4V6, IPV4V6, true, 0, false, 20, 0, 300, 0, 0, null, , false, UNKNOWN, UNKNOWN, 0, -1, -1, false] priority=1} mApnSetting={[ApnSetting] Jio 4G, 6085, 405874, jionet, , null, , null, null, 0, supl | hipri | default | xcap, IPV4V6, IPV4V6, true, 0, false, 20, 0, 300, 0, 0, null, , false, UNKNOWN, UNKNOWN, 0, -1, -1, false} mReason=connected mNeedDisconnectByDdsChange=false mDataEnabled=true}, type=NORMAL
08-09 17:06:54.330 D/DC-C-1 ( 2286): reevaluate data connection properties
08-09 17:06:54.330 D/DCT-C-0 ( 2286): onEnableApn: apnType=default, request type=NORMAL
08-09 17:06:54.330 D/DCT-C-0 ( 2286): onEnableApn: APN in CONNECTED state. Exit now.
08-09 17:06:54.338 I/am_proc_died( 1319): [0,8481,com.sec.android.app.DataCreate,999,19,131,3588]
08-09 17:06:54.339 I/am_uid_stopped( 1319): 10139
08-09 17:06:54.352 D/SemTelephonyController( 2286): invokeOemRilRequestRaw: Uid: 1000 Pid : 4028
08-09 17:06:54.353 I/SemTelephonyHandlerHelper( 2286): handleMessage - message code: 27
08-09 17:06:54.353 I/SemTelephonyHandlerHelper( 2286): CMD_INVOKE_OEM_RIL_REQUEST_RAW
08-09 17:06:54.356 I/power_partial_wake_state( 1319): [CHG,1,*telephony-sem-radio*:com.android.phone]
08-09 17:06:54.356 D/SEM_RILJ( 2286): [0475]> OEM_HOOK_RAW[11980007000000] [PHONE0]
08-09 17:06:54.359 D/SEM_RILJ( 2286): [0475]< OEM_HOOK_RAW [B@8bbe7da [PHONE0]
08-09 17:06:54.360 I/SemTelephonyHandlerHelper( 2286): handleMessage - message code: 28
08-09 17:06:54.360 I/SemTelephonyHandlerHelper( 2286): EVENT_INVOKE_OEM_RIL_REQUEST_RAW_DONE
08-09 17:06:54.360 D/SemTelephonyController( 2286): invokeOemRilRequestRaw: got result [B@8bbe7da
08-09 17:06:54.360 I/power_partial_wake_state( 1319): [CHG,4,*telephony-sem-radio*:com.android.phone]
08-09 17:06:54.361 I/power_partial_wake_state( 1319): [REL,1,*telephony-sem-radio*:com.android.phone]
08-09 17:06:54.373 I/power_partial_wake_state( 1319): [REL,12,IntentOp:.common.broadcast.BackgroundBroadcastReceiverSupport$PersistentReceiverIntentOperation:com.google.android.gms]
08-09 17:06:54.391 I/am_uid_running( 1319): 10197
08-09 17:06:54.400 I/am_proc_start( 1319): [0,10281,10197,com.samsung.android.calendar,broadcast,{com.samsung.android.calendar/com.android.calendar.widget.daycover.DayCoverWidgetProvider}]
08-09 17:06:54.445 I/notification_cancel( 1319): [10039,2306,com.android.systemui,3,low_battery,-1,0,1088,8,NULL]
08-09 17:06:54.450 I/am_proc_bound( 1319): [0,10281,com.samsung.android.calendar]
08-09 17:06:54.453 I/am_uid_active( 1319): 10197
08-09 17:06:54.709 I/notification_cancel( 1319): [10197,10281,com.samsung.android.calendar,3,2147483647,0,0,1088,8,NULL]
08-09 17:06:54.709 I/notification_cancel_all( 1319): [10197,10281,com.samsung.android.calendar,0,0,64,9,NULL]
08-09 17:06:54.772 I/notification_cancel( 1319): [10197,10281,com.samsung.android.calendar,1,2147483646,0,0,1088,8,NULL]
08-09 17:06:54.781 I/notification_cancel( 1319): [10197,10281,com.samsung.android.calendar,1,-2147483648,0,0,1088,8,NULL]
08-09 17:06:54.787 I/am_kill ( 1319): [0,8094,com.sec.android.gallery3d,999,empty #33]
08-09 17:06:54.814 I/am_proc_died( 1319): [0,8094,com.sec.android.gallery3d,999,19,132,3591]
08-09 17:06:54.816 I/am_uid_stopped( 1319): 10107
08-09 17:06:54.822 I/power_partial_wake_state( 1319): [REL,7,*job*/com.google.android.apps.tachyon/com.google.android.libraries.internal.growth.growthkit.internal.jobs.impl.GrowthKitJobService:android]
08-09 17:06:54.839 I/power_partial_wake_state( 1319): [REL,12,*job*/com.google.android.apps.tachyon/com.google.android.libraries.internal.growth.growthkit.internal.jobs.impl.GrowthKitJobService:android]
08-09 17:06:54.844 I/power_partial_wake_state( 1319): [REL,2,*job*/com.google.android.apps.tachyon/com.google.android.libraries.internal.growth.growthkit.internal.jobs.impl.GrowthKitJobService:android]
08-09 17:06:54.866 I/power_partial_wake_state( 1319): [REL,25,*job*/com.google.android.apps.tachyon/com.google.android.libraries.internal.growth.growthkit.internal.jobs.impl.GrowthKitJobService:android]
08-09 17:06:54.875 I/power_partial_wake_state( 1319): [REL,4,*job*/com.samsung.android.scs/androidx.work.impl.background.systemjob.SystemJobService:android]
08-09 17:06:54.893 I/power_partial_wake_state( 1319): [REL,67,*job*/com.google.android.apps.tachyon/com.google.android.libraries.internal.growth.growthkit.internal.jobs.impl.GrowthKitJobService:android]
08-09 17:06:54.908 I/am_uid_running( 1319): 10214
08-09 17:06:54.920 I/power_partial_wake_state( 1319): [REL,49,*job*/com.samsung.android.scs/androidx.work.impl.background.systemjob.SystemJobService:android]
08-09 17:06:54.922 I/am_proc_start( 1319): [0,10322,10214,com.google.android.projection.gearhead:provider,content provider,{com.google.android.projection.gearhead/com.google.android.apps.auto.components.projectionstate.ProjectionStateProvider}]
08-09 17:06:54.933 I/am_uid_running( 1319): 10073
08-09 17:06:54.955 I/am_proc_start( 1319): [0,10325,10073,com.samsung.android.kgclient,broadcast,{com.samsung.android.kgclient/com.samsung.android.kgclient.receiver.SystemIntentReceiver}]
08-09 17:06:54.955 I/power_partial_wake_state( 1319): [REL,9,*job*/com.google.android.apps.turbo/com.google.android.libraries.smartbattery.common.phenotype.UpdatePhenotypeFlagsJob:android]
08-09 17:06:54.993 I/am_proc_bound( 1319): [0,10322,com.google.android.projection.gearhead:provider]
08-09 17:06:55.002 I/am_uid_active( 1319): 10214
08-09 17:06:55.007 I/am_proc_bound( 1319): [0,10325,com.samsung.android.kgclient]
08-09 17:06:55.010 I/am_uid_active( 1319): 10073
