08-09 17:06:22.785 I/am_uid_running( 1319): 1037
08-09 17:06:22.807 D/MetricsCollector( 2286): registered
08-09 17:06:22.824 D/CdmaSSM ( 2286): subscriptionSource from settings: 0
08-09 17:06:22.825 I/PhoneFactory( 2286): Cdma Subscription set to 0
08-09 17:06:22.827 D/SEM_RILJ( 2286): SemRIL: init instanceId=0) [PHONEnull]
08-09 17:06:22.834 I/commit_sys_config_file( 1319): [net-policy,5]
08-09 17:06:22.839 D/RILC ( 1413): SehRadioImpl::setResponseFunctions
08-09 17:06:22.842 D/SEM_RILJ( 2286): SehRadio HAL version: 2.2 [PHONE0]
08-09 17:06:22.843 I/PhoneFactory( 2286): Network Mode set to 26
08-09 17:06:22.843 D/RILJ ( 2286): RIL: init allowedNetworkTypes=840583 cdmaSubscription=0) [PHONEnull]
08-09 17:06:22.866 D/RILC ( 1413): V1_5: setResponseFunctions
08-09 17:06:22.866 D/RILC ( 1413): rilConnectedInd
08-09 17:06:22.867 D/RILC ( 1413): radioStateChangedInd: radioState 0
08-09 17:06:22.867 I/RILC ( 1413): RIL Daemon version: Samsung RIL v5.0
08-09 17:06:22.879 I/power_partial_wake_state( 1319): [CHG,2,*telephony-radio*:com.android.phone]
08-09 17:06:22.879 D/RILJ ( 2286): [0001]> GET_HARDWARE_CONFIG [PHONE0]
08-09 17:06:22.881 D/RILJ ( 2286): Unsol response received; Sending ack to ril.cpp [PHONE0]
08-09 17:06:22.881 D/RILJ ( 2286): [UNSL]< UNSOL_RIL_CONNECTED [PHONE0]
08-09 17:06:22.883 D/RILJ ( 2286): Radio HAL version: 1.5 [PHONE0]
08-09 17:06:22.883 D/SEM_RILJ( 2286): SemRIL: init instanceId=1) [PHONEnull]
08-09 17:06:22.883 D/RILJ ( 2286): [0002]> CDMA_SET_SUBSCRIPTION_SOURCE cdmaSubscription = 0 [PHONE0]
08-09 17:06:22.884 D/RILJ ( 2286): [0001]< GET_HARDWARE_CONFIG error 6 [PHONE0]
08-09 17:06:22.884 D/RilRequest( 2286): [0001]< GET_HARDWARE_CONFIG error: com.android.internal.telephony.CommandException: REQUEST_NOT_SUPPORTED ret= result=null
08-09 17:06:22.885 D/RILJ ( 2286): Unsol response received; Sending ack to ril.cpp [PHONE0]
08-09 17:06:22.885 D/RILJ ( 2286): [UNSL]< UNSOL_RESPONSE_RADIO_STATE_CHANGED radioStateChanged: 0 [PHONE0]
08-09 17:06:22.885 D/RILJ ( 2286): [0002]< CDMA_SET_SUBSCRIPTION_SOURCE error 1 [PHONE0]
08-09 17:06:22.885 D/RilRequest( 2286): [0002]< CDMA_SET_SUBSCRIPTION_SOURCE error: com.android.internal.telephony.CommandException: RADIO_NOT_AVAILABLE ret= result=null
08-09 17:06:22.885 I/power_partial_wake_state( 1319): [CHG,6,*telephony-radio*:com.android.phone]
08-09 17:06:22.886 I/power_partial_wake_state( 1319): [REL,0,*telephony-radio*:com.android.phone]
08-09 17:06:22.887 D/RILJ ( 2286): Unsol response received; Sending ack to ril.cpp [PHONE0]
08-09 17:06:22.888 D/RILJ ( 2286): [UNSL]< UNSOL_NITZ_TIME_RECEIVED 23/08/09,11:36:19+22,00 [PHONE0]
08-09 17:06:22.890 D/RILC ( 1413): SehRadioImpl::setResponseFunctions
08-09 17:06:22.891 D/SEM_RILJ( 2286): SehRadio HAL version: 2.2 [PHONE1]
08-09 17:06:22.891 I/PhoneFactory( 2286): Network Mode set to 26
08-09 17:06:22.891 D/RILJ ( 2286): RIL: init allowedNetworkTypes=840583 cdmaSubscription=0) [PHONEnull]
08-09 17:06:22.899 D/RILC ( 1413): V1_5: setResponseFunctions
08-09 17:06:22.899 D/RILC ( 1413): rilConnectedInd
08-09 17:06:22.900 D/RILC ( 1413): radioStateChangedInd: radioState 0
08-09 17:06:22.900 I/RILC ( 1413): RIL Daemon version: Samsung RIL v5.0
08-09 17:06:22.903 I/power_partial_wake_state( 1319): [CHG,1,*telephony-radio*:com.android.phone]
08-09 17:06:22.904 D/RILJ ( 2286): [0006]> GET_HARDWARE_CONFIG [PHONE1]
08-09 17:06:22.906 D/RILJ ( 2286): Unsol response received; Sending ack to ril.cpp [PHONE1]
08-09 17:06:22.906 D/RILJ ( 2286): [UNSL]< UNSOL_RIL_CONNECTED [PHONE1]
08-09 17:06:22.908 D/RILJ ( 2286): [0007]> CDMA_SET_SUBSCRIPTION_SOURCE cdmaSubscription = 0 [PHONE1]
08-09 17:06:22.908 D/RILJ ( 2286): [0006]< GET_HARDWARE_CONFIG error 6 [PHONE1]
08-09 17:06:22.908 D/RilRequest( 2286): [0006]< GET_HARDWARE_CONFIG error: com.android.internal.telephony.CommandException: REQUEST_NOT_SUPPORTED ret= result=null
08-09 17:06:22.911 D/RILJ ( 2286): Radio HAL version: 1.5 [PHONE1]
08-09 17:06:22.911 D/RILJ ( 2286): Unsol response received; Sending ack to ril.cpp [PHONE1]
08-09 17:06:22.911 D/RILJ ( 2286): [UNSL]< UNSOL_RESPONSE_RADIO_STATE_CHANGED radioStateChanged: 0 [PHONE1]
08-09 17:06:22.912 D/RILJ ( 2286): [0007]< CDMA_SET_SUBSCRIPTION_SOURCE error 1 [PHONE1]
08-09 17:06:22.912 D/RilRequest( 2286): [0007]< CDMA_SET_SUBSCRIPTION_SOURCE error: com.android.internal.telephony.CommandException: RADIO_NOT_AVAILABLE ret= result=null
08-09 17:06:22.912 I/power_partial_wake_state( 1319): [CHG,9,*telephony-radio*:com.android.phone]
08-09 17:06:22.912 D/UiccController( 2286): Creating UiccController
08-09 17:06:22.913 I/power_partial_wake_state( 1319): [REL,0,*telephony-radio*:com.android.phone]
08-09 17:06:22.913 D/UiccController( 2286): config_num_physical_slots = 1
08-09 17:06:22.914 D/UiccController( 2286): PROJECT_SIM_NUM = 2
08-09 17:06:22.916 E/RadioConfig( 2286): getHidlRadioConfigProxy1_3: RadioConfigProxy getService: java.util.NoSuchElementException
08-09 17:06:22.920 D/RadioConfig( 2286): RIL_REQUEST_GET_HAL_DEVICE_CAPABILITIES > REQUEST_NOT_SUPPORTED
08-09 17:06:22.920 D/RILUtils( 2286): Radio Hal Version = 1.5
08-09 17:06:22.920 E/RadioInterfaceCapabilityController( 2286): getRadioInterfaceCapabilities: Radio Capabilities not loaded in time
08-09 17:06:22.920 E/RadioInterfaceCapabilityController( 2286): setupRadioInterfaceCapabilities: com.android.internal.telephony.CommandException: REQUEST_NOT_SUPPORTED
08-09 17:06:22.920 D/RadioInterfaceCapabilityController( 2286): setupRadioInterfaceCapabilities: mRadioInterfaceCapabilities now setup
08-09 17:06:22.925 D/UiccHqmController( 2286): UiccHqmController() : create
08-09 17:06:22.929 I/commit_sys_config_file( 1319): [settings-2-0,20]
08-09 17:06:22.932 I/am_wtf ( 1319): [0,1319,system_server,-1,ActivityManager,Sending non-protected broadcast com.samsung.intent.action.UICC_HQM_TIME_UP from system uid 1001 pkg com.android.phone]
08-09 17:06:22.935 D/TelephonyRegistry( 1319): listen oscl: mHasNotifySubscriptionInfoChangedOccurred==false no callback
08-09 17:06:22.941 D/PinStorage( 2286): KeyStore: alias PinStorage_longTerm_always_key exists
08-09 17:06:22.941 D/PinStorage( 2286): onDeviceReady
08-09 17:06:22.942 D/PinStorage( 2286): KeyStore: alias PinStorage_shortTerm_key does not exist - Nothing to do
08-09 17:06:22.949 I/PhoneFactory( 2286): Creating SubscriptionController
08-09 17:06:22.954 I/wm_task_created( 1319): [2,-1]
08-09 17:06:22.954 I/wm_task_windowing_mode_changed( 1319): [2,0,1]
08-09 17:06:22.962 I/wm_task_created( 1319): [3,-1]
08-09 17:06:22.962 I/wm_task_windowing_mode_changed( 1319): [3,0,1]
08-09 17:06:22.966 I/wm_task_created( 1319): [4,-1]
08-09 17:06:22.966 I/wm_task_windowing_mode_changed( 1319): [4,0,1]
08-09 17:06:22.969 I/wm_task_windowing_mode_changed( 1319): [4,1,6]
08-09 17:06:22.970 I/wm_task_created( 1319): [5,-1]
08-09 17:06:22.970 I/wm_task_windowing_mode_changed( 1319): [5,0,1]
08-09 17:06:22.971 I/wm_task_windowing_mode_changed( 1319): [5,1,6]
08-09 17:06:22.971 I/PhoneFactory( 2286): Creating Phone with type = 1 phoneId = 0
08-09 17:06:22.972 D/SemTelephonyComponentFactory( 2286): createPhone[0] - phoneType: GSM, latestModelType: 1, preferred: 26
08-09 17:06:22.974 D/Phone ( 2286): mDoesRilSendMultipleCallRing=false
08-09 17:06:22.974 D/Phone ( 2286): mCallRingDelay=3000
08-09 17:06:22.988 D/RILJ ( 2286): startLceService: REQUEST_NOT_SUPPORTED
08-09 17:06:22.989 D/SmsDispatchersController( 2286): SmsDispatchersController created
08-09 17:06:22.992 D/SMSDispatcher( 2286): SMSDispatcher: ctor mSmsCapable=true mSmsSendDisabled=false
08-09 17:06:22.994 D/SMSDispatcher( 2286): SMSDispatcher: ctor mSmsCapable=true mSmsSendDisabled=false
08-09 17:06:22.994 D/CdmaSMSDispatcher( 2286): CdmaSMSDispatcher created
08-09 17:06:22.997 E/WAP PUSH( 2286): bindService() for wappush manager failed
08-09 17:06:23.001 E/Phone ( 2286): No SmsConfig. Make new SmsConfig
08-09 17:06:23.001 D/SmsConfig( 2286): makeSmsConfig
08-09 17:06:23.002 I/SmsConfig( 2286): [0] sms_display_policy_partial_long_sms = false
08-09 17:06:23.002 D/GsmInboundSmsHandler( 2286): created InboundSmsHandler
08-09 17:06:23.007 I/am_uid_running( 1319): 1073
08-09 17:06:23.007 I/commit_sys_config_file( 1319): [notification-policy,1777]
08-09 17:06:23.009 D/GsmInboundSmsHandler( 2286): StartupState.enter: entering StartupState
08-09 17:06:23.010 E/WAP PUSH( 2286): bindService() for wappush manager failed
08-09 17:06:23.011 I/SmsConfig( 2286): [0] sms_display_policy_partial_long_sms = false
08-09 17:06:23.011 D/CdmaInboundSmsHandler( 2286): created InboundSmsHandler
08-09 17:06:23.014 D/CdmaInboundSmsHandler( 2286): StartupState.enter: entering StartupState
08-09 17:06:23.016 D/SMSDispatcher( 2286): SMSDispatcher: ctor mSmsCapable=true mSmsSendDisabled=false
08-09 17:06:23.018 I/netstats_mobile_sample( 1319): [0,0,0,0,0,0,0,0,0,0,0,0,1691580983018]
08-09 17:06:23.018 I/netstats_wifi_sample( 1319): [0,0,0,0,0,0,0,0,0,0,0,0,1691580983018]
08-09 17:06:23.019 I/power_partial_wake_state( 1319): [REL,6,NetworkStats:android]
08-09 17:06:23.022 I/netstats_mobile_sample( 1319): [0,0,0,0,0,0,0,0,0,0,0,0,1691580983022]
08-09 17:06:23.022 I/netstats_wifi_sample( 1319): [0,0,0,0,0,0,0,0,0,0,0,0,1691580983022]
08-09 17:06:23.022 I/GsmSMSDispatcher( 2286): preference = 2/0 preference2 = 2/0
08-09 17:06:23.022 I/power_partial_wake_state( 1319): [REL,2,NetworkStats:android]
08-09 17:06:23.024 D/GsmSMSDispatcher( 2286): GsmSMSDispatcher created
08-09 17:06:23.024 D/SmsBroadcastUndelivered( 2286): initialize: makeInstance : 0
08-09 17:06:23.026 D/GsmInboundSmsHandler( 2286): StartupState.processMessage: processing EVENT_START_ACCEPTING_SMS
08-09 17:06:23.026 D/GsmInboundSmsHandler( 2286): IdleState.enter: entering IdleState
08-09 17:06:23.026 D/GsmInboundSmsHandler( 2286): IdleState.processMessage: processing EVENT_RELEASE_WAKELOCK
08-09 17:06:23.027 D/CdmaInboundSmsHandler( 2286): StartupState.processMessage: processing EVENT_START_ACCEPTING_SMS
08-09 17:06:23.027 D/CdmaInboundSmsHandler( 2286): IdleState.enter: entering IdleState
08-09 17:06:23.027 D/CdmaInboundSmsHandler( 2286): IdleState.processMessage: processing EVENT_RELEASE_WAKELOCK
08-09 17:06:23.027 I/power_partial_wake_state( 1319): [REL,17,CdmaInboundSmsHandler:com.android.phone]
08-09 17:06:23.027 I/power_partial_wake_state( 1319): [REL,29,GsmInboundSmsHandler:com.android.phone]
08-09 17:06:23.027 D/CdmaInboundSmsHandler( 2286): IdleState.processMessage: EVENT_RELEASE_WAKELOCK: mWakeLock released
08-09 17:06:23.027 D/GsmInboundSmsHandler( 2286): IdleState.processMessage: EVENT_RELEASE_WAKELOCK: mWakeLock released
08-09 17:06:23.030 D/CdmaSSM ( 2286): subscriptionSource from settings: 0
08-09 17:06:23.030 D/CdmaSSM ( 2286): cdmaSSM constructor: 0
08-09 17:06:23.038 D/GsmCdmaPhone( 2286): [0] Precise phone type 1
08-09 17:06:23.039 D/RILJ ( 2286): setPhoneType=1 old value=0 [PHONE0]
08-09 17:06:23.040 D/CarrierActionAgent( 2286): [0]Creating CarrierActionAgent
08-09 17:06:23.042 W/CarrierConfigManager( 2286): Error getting config for subId -1 ICarrierConfigLoader is null
08-09 17:06:23.042 D/TelephonyRegistry( 1319): listen oscl: mHasNotifySubscriptionInfoChangedOccurred==false no callback
08-09 17:06:23.046 D/ANM-0 ( 2286): operates in legacy mode.
08-09 17:06:23.047 W/CarrierConfigManager( 2286): Error getting config for subId -1 ICarrierConfigLoader is null
08-09 17:06:23.060 W/CarrierConfigManager( 2286): Error getting config for subId -1 ICarrierConfigLoader is null
08-09 17:06:23.060 D/TelephonyRegistry( 1319): listen oscl: mHasNotifySubscriptionInfoChangedOccurred==false no callback
08-09 17:06:23.064 W/CarrierConfigManager( 2286): Error getting config for subId -1 ICarrierConfigLoader is null
08-09 17:06:23.065 W/CarrierConfigManager( 2286): Error getting config for subId -1 ICarrierConfigLoader is null
08-09 17:06:23.065 W/CarrierConfigManager( 2286): Error getting config for subId -1 ICarrierConfigLoader is null
08-09 17:06:23.065 D/NRM-C-0 ( 2286): Trying to bind com.android.phone for transport WWAN
08-09 17:06:23.088 I/wm_task_removed( 1319): [4,reParentTask:sanitizeAndApplyHierarchyOp,6]
08-09 17:06:23.089 I/wm_task_moved( 1319): [4,1,2147483647]
08-09 17:06:23.089 I/wm_task_removed( 1319): [5,reParentTask:sanitizeAndApplyHierarchyOp,6]
08-09 17:06:23.089 I/wm_task_moved( 1319): [5,1,2147483647]
08-09 17:06:23.135 D/NRM-C-0 ( 2286): registerForNetworkRegistrationInfoChanged
08-09 17:06:23.135 I/dvm_lock_sample( 1319): [system_server,1,main,66,ActivityManagerService.java,15487,android.content.Intent com.android.server.am.ActivityManagerService.registerReceiverWithFeature(android.app.IApplicationThread, java.lang.String, java.lang.String, java.lang.String, android.content.IIntentReceiver, android.content.IntentFilter, java.lang.String, int, int),-,15020,int com.android.server.am.ActivityManagerService.bindServiceInstance(android.app.IApplicationThread, android.os.IBinder, android.content.Intent, java.lang.String, android.app.IServiceConnection, int, java.lang.String, boolean, int, java.lang.String, java.lang.String, int),13]
08-09 17:06:23.142 D/NitzStateMachineImpl( 2286): handleNetworkUnavailable: mLatestNitzSignal was already null. Nothing to do.
08-09 17:06:23.145 I/am_proc_start( 1319): [0,2381,1037,WebViewLoader-armeabi-v7a,,]
08-09 17:06:23.153 I/power_partial_wake_state( 1319): [CHG,5,*telephony-radio*:com.android.phone]
08-09 17:06:23.156 D/RILJ ( 2286): [0009]> SIGNAL_STRENGTH [PHONE0]
08-09 17:06:23.157 D/SST ( 2286): [0] notifyVoiceRegStateRilRadioTechnologyChanged: vrs=1 rat=0
08-09 17:06:23.157 E/rild ( 1413): getSignalStrengthResponse_1_4: Invalid response
08-09 17:06:23.158 D/RILJ ( 2286): [0009]< SIGNAL_STRENGTH error 1 [PHONE0]
08-09 17:06:23.158 D/RilRequest( 2286): [0009]< SIGNAL_STRENGTH error: com.android.internal.telephony.CommandException: RADIO_NOT_AVAILABLE ret=SignalStrength:{mCdma=CellSignalStrengthCdma: cdmaDbm=0 cdmaEcio=0 evdoDbm=0 evdoEcio=0 evdoSnr=0 level=4,mGsm=CellSignalStrengthGsm: rssi=-113 ber=0 mTa=0 mLevel=0,mWcdma=CellSignalStrengthWcdma: ss=-113 ber=0 rscp=-120 ecno=-24 level=0,mTdscdma=CellSignalStrengthTdscdma: rssi=-113 ber=0 rscp=-120 level=0,mLte=CellSignalStrengthLte: rssi=-113 rsrp=2147483647 rsrq=0 rssnr=0 cqiTableIndex=2147483647 cqi=0 ta=0 level=1 parametersUseForLevel=1,mNr=CellSignalStrengthNr:{ csiRsrp = 2147483647 csiRsrq = 2147483647 csiCqiTableIndex = 2147483647 csiCqiReport = [] ssRsrp = 2147483647 ssRsrq = 0 ssSinr = 0 level = 0 parametersUseForLevel = 1 },SignalBarInfo{ cdmaLevel=4 lteLevel=1 },rat=0,primary=CellSignalStrengthLte} result={ when=-20s281ms what=6 target=com.android.internal.telephony.SignalStrengthController }
08-09 17:06:23.159 D/TelephonyRegistry( 1319): listen oscl: mHasNotifySubscriptionInfoChangedOccurred==false no callback
08-09 17:06:23.160 I/power_partial_wake_state( 1319): [CHG,7,*telephony-radio*:com.android.phone]
08-09 17:06:23.160 I/power_partial_wake_state( 1319): [REL,0,*telephony-radio*:com.android.phone]
08-09 17:06:23.161 D/Phone ( 2286): [0] SubId-1,get allowed network types user: value = GPRS|EDGE|UMTS|HSDPA|HSUPA|HSPA|LTE|HSPA+|GSM|LTE_CA|NR
08-09 17:06:23.162 I/am_proc_start( 1319): [0,2383,1037,WebViewLoader-arm64-v8a,,]
08-09 17:06:23.165 D/TelephonyRegistry( 1319): listen oscl: mHasNotifySubscriptionInfoChangedOccurred==false no callback
08-09 17:06:23.167 W/CarrierConfigManager( 2286): Error getting config for subId -1 ICarrierConfigLoader is null
08-09 17:06:23.168 D/EmergencyNumberTracker( 2286): initializeDatabaseEmergencyNumberList - CountryIso: null
08-09 17:06:23.170 D/EmergencyNumberTracker( 2286): asset emergency database is loaded. Ver: 1 Phone Id: 0
08-09 17:06:23.170 E/EmergencyNumberTracker( 2286): Cache ota emergency database IOException: java.io.FileNotFoundException: /data/misc/emergencynumberdb/emergency_number_db: open failed: ENOENT (No such file or directory)
08-09 17:06:23.170 D/EmergencyNumberTracker( 2286): Using Asset Emergency database. Version: 1
08-09 17:06:23.172 D/SemEmergencyNumberTracker( 2286): [0] cacheVendorEmergencyDatabase - withSim: false, operator: , simOperator:
08-09 17:06:23.172 D/SemEmergencyNumberTracker( 2286): [0] cacheVendorEmergencyDatabase - ecclistFromDatabase: 112,911,999,000,08,110,118,119
08-09 17:06:23.173 D/SemEmergencyNumberTracker( 2286): [0] SemEmergencyNumberTracker is created
08-09 17:06:23.173 D/TelephonyRegistry( 1319): listen oscl: mHasNotifySubscriptionInfoChangedOccurred==false no callback
08-09 17:06:23.176 I/am_proc_start( 1319): [0,2389,1000,com.samsung.android.localeoverlaymanager,service,{com.samsung.android.localeoverlaymanager/com.samsung.android.localeoverlaymanager.ResourceOverlayService}]
08-09 17:06:23.181 W/TelephonyRegistry( 1319): Pid 1319 has exceeded half the number of permissible registered listeners. Now at 25
08-09 17:06:23.182 W/TelephonyRegistry( 1319): Pid 1319 has exceeded half the number of permissible registered listeners. Now at 26
08-09 17:06:23.182 D/TelephonyRegistry( 1319): listen oscl: mHasNotifySubscriptionInfoChangedOccurred==false no callback
08-09 17:06:23.188 I/am_proc_start( 1319): [0,2390,1000,com.samsung.android.themecenter,service,{com.samsung.android.themecenter/com.samsung.android.thememanager.ThemeManagerService}]
08-09 17:06:23.198 I/am_proc_start( 1319): [0,2392,1073,com.android.networkstack.process,service,{com.google.android.cellbroadcastservice/com.android.cellbroadcastservice.DefaultCellBroadcastService}]
08-09 17:06:23.207 W/CarrierConfigManager( 1319): Error getting config for subId 4 ICarrierConfigLoader is null
08-09 17:06:23.217 I/am_proc_bound( 1319): [0,2381,WebViewLoader-armeabi-v7a]
08-09 17:06:23.220 I/am_uid_active( 1319): 1037
08-09 17:06:23.226 I/am_proc_bound( 1319): [0,2383,WebViewLoader-arm64-v8a]
08-09 17:06:23.242 D/SemDeviceStateMonitor( 2286): Screen on for display
08-09 17:06:23.242 D/SemDeviceStateMonitor( 2286): FoldStateListener init
08-09 17:06:23.246 D/m.android.phone( 2286): DCT.constructor
08-09 17:06:23.247 I/service_manager_slow( 2383): [11,package]
08-09 17:06:23.247 I/am_proc_bound( 1319): [0,2390,com.samsung.android.themecenter]
08-09 17:06:23.264 I/power_partial_wake_state( 1319): [REL,64,GnssVisibilityControl:android]
08-09 17:06:23.265 I/am_proc_bound( 1319): [0,2389,com.samsung.android.localeoverlaymanager]
08-09 17:06:23.271 D/DCT-C-0 ( 2286): putRecoveryAction: 0
08-09 17:06:23.288 I/dvm_lock_sample( 1319): [system_server,1,binder:1319_7,9,ActivityManagerService.java,15487,android.content.Intent com.android.server.am.ActivityManagerService.registerReceiverWithFeature(android.app.IApplicationThread, java.lang.String, java.lang.String, java.lang.String, android.content.IIntentReceiver, android.content.IntentFilter, java.lang.String, int, int),-,5945,void com.android.server.am.ActivityManagerService.attachApplication(android.app.IApplicationThread, long),1]
08-09 17:06:23.289 I/am_proc_bound( 1319): [0,2392,com.android.networkstack.process]
08-09 17:06:23.291 I/am_uid_active( 1319): 1073
08-09 17:06:23.298 W/CarrierConfigManager( 2286): Error getting config for subId -1 ICarrierConfigLoader is null
08-09 17:06:23.299 D/DCT-C-0 ( 2286): initApnContexts: E
08-09 17:06:23.299 W/ApnConfigTypeRepository( 2286): carrier config is null
08-09 17:06:23.300 I/commit_sys_config_file( 1319): [settings-0-0,38]
08-09 17:06:23.311 D/TelephonyRegistry( 1319): notifyDataConnectionForSubscriber: phoneId=0 subId=-1 state: DISCONNECTED, transport: WWAN, id: -1, network type: UNKNOWN, APN Setting: [ApnSetting] null, 0, null, null, null, null, null, null, null, 0, ims, null, null, false, 0, false, 0, 0, 0, 0, 0, null, null, false, UNKNOWN, UNKNOWN, 0, -1, -1, false, link properties: null, fail cause: NONE(0x0)
08-09 17:06:23.311 D/TelephonyRegistry( 1319): onDataConnectionStateChanged(DISCONNECTED, UNKNOWN) subId=-1, phoneId=0
08-09 17:06:23.311 W/TelephonyRegistry( 1319): Pid 1319 has exceeded half the number of permissible registered listeners. Now at 27
08-09 17:06:23.311 D/TelephonyRegistry( 1319): listen oscl: mHasNotifySubscriptionInfoChangedOccurred==false no callback
08-09 17:06:23.311 D/DCT-C-0 ( 2286): initApnContexts: apnContext=ims
08-09 17:06:23.315 D/TelephonyRegistry( 1319): notifyDataConnectionForSubscriber: phoneId=0 subId=-1 state: DISCONNECTED, transport: WWAN, id: -1, network type: UNKNOWN, APN Setting: [ApnSetting] null, 0, null, null, null, null, null, null, null, 0, cbs, null, null, false, 0, false, 0, 0, 0, 0, 0, null, null, false, UNKNOWN, UNKNOWN, 0, -1, -1, false, link properties: null, fail cause: NONE(0x0)
08-09 17:06:23.315 D/DCT-C-0 ( 2286): initApnContexts: apnContext=cbs
08-09 17:06:23.325 D/TelephonyRegistry( 1319): notifyDataConnectionForSubscriber: phoneId=0 subId=-1 state: DISCONNECTED, transport: WWAN, id: -1, network type: UNKNOWN, APN Setting: [ApnSetting] null, 0, null, null, null, null, null, null, null, 0, ia, null, null, false, 0, false, 0, 0, 0, 0, 0, null, null, false, UNKNOWN, UNKNOWN, 0, -1, -1, false, link properties: null, fail cause: NONE(0x0)
08-09 17:06:23.325 D/DCT-C-0 ( 2286): initApnContexts: apnContext=ia
08-09 17:06:23.329 D/TelephonyRegistry( 1319): notifyDataConnectionForSubscriber: phoneId=0 subId=-1 state: DISCONNECTED, transport: WWAN, id: -1, network type: UNKNOWN, APN Setting: [ApnSetting] null, 0, null, null, null, null, null, null, null, 0, emergency, null, null, false, 0, false, 0, 0, 0, 0, 0, null, null, false, UNKNOWN, UNKNOWN, 0, -1, -1, false, link properties: null, fail cause: NONE(0x0)
08-09 17:06:23.330 D/DCT-C-0 ( 2286): initApnContexts: apnContext=emergency
08-09 17:06:23.333 D/TelephonyRegistry( 1319): notifyDataConnectionForSubscriber: phoneId=0 subId=-1 state: DISCONNECTED, transport: WWAN, id: -1, network type: UNKNOWN, APN Setting: [ApnSetting] null, 0, null, null, null, null, null, null, null, 0, mcx, null, null, false, 0, false, 0, 0, 0, 0, 0, null, null, false, UNKNOWN, UNKNOWN, 0, -1, -1, false, link properties: null, fail cause: NONE(0x0)
08-09 17:06:23.334 D/DCT-C-0 ( 2286): initApnContexts: apnContext=mcx
08-09 17:06:23.336 D/TelephonyRegistry( 1319): notifyDataConnectionForSubscriber: phoneId=0 subId=-1 state: DISCONNECTED, transport: WWAN, id: -1, network type: UNKNOWN, APN Setting: [ApnSetting] null, 0, null, null, null, null, null, null, null, 0, xcap, null, null, false, 0, false, 0, 0, 0, 0, 0, null, null, false, UNKNOWN, UNKNOWN, 0, -1, -1, false, link properties: null, fail cause: NONE(0x0)
08-09 17:06:23.336 D/DCT-C-0 ( 2286): initApnContexts: apnContext=xcap
08-09 17:06:23.339 D/TelephonyRegistry( 1319): notifyDataConnectionForSubscriber: phoneId=0 subId=-1 state: DISCONNECTED, transport: WWAN, id: -1, network type: UNKNOWN, APN Setting: [ApnSetting] null, 0, null, null, null, null, null, null, null, 0, enterprise, null, null, false, 0, false, 0, 0, 0, 0, 0, null, null, false, UNKNOWN, UNKNOWN, 0, -1, -1, false, link properties: null, fail cause: NONE(0x0)
08-09 17:06:23.340 D/DCT-C-0 ( 2286): initApnContexts: apnContext=enterprise
08-09 17:06:23.342 D/TelephonyRegistry( 1319): notifyDataConnectionForSubscriber: phoneId=0 subId=-1 state: DISCONNECTED, transport: WWAN, id: -1, network type: UNKNOWN, APN Setting: [ApnSetting] null, 0, null, null, null, null, null, null, null, 0, bip, null, null, false, 0, false, 0, 0, 0, 0, 0, null, null, false, UNKNOWN, UNKNOWN, 0, -1, -1, false, link properties: null, fail cause: NONE(0x0)
08-09 17:06:23.342 D/DCT-C-0 ( 2286): initApnContexts: apnContext=bip
08-09 17:06:23.346 D/TelephonyRegistry( 1319): notifyDataConnectionForSubscriber: phoneId=0 subId=-1 state: DISCONNECTED, transport: WWAN, id: -1, network type: UNKNOWN, APN Setting: [ApnSetting] null, 0, null, null, null, null, null, null, null, 0, mms, null, null, false, 0, false, 0, 0, 0, 0, 0, null, null, false, UNKNOWN, UNKNOWN, 0, -1, -1, false, link properties: null, fail cause: NONE(0x0)
08-09 17:06:23.349 D/DCT-C-0 ( 2286): initApnContexts: apnContext=mms
08-09 17:06:23.351 D/TelephonyRegistry( 1319): notifyDataConnectionForSubscriber: phoneId=0 subId=-1 state: DISCONNECTED, transport: WWAN, id: -1, network type: UNKNOWN, APN Setting: [ApnSetting] null, 0, null, null, null, null, null, null, null, 0, rcs, null, null, false, 0, false, 0, 0, 0, 0, 0, null, null, false, UNKNOWN, UNKNOWN, 0, -1, -1, false, link properties: null, fail cause: NONE(0x0)
08-09 17:06:23.353 D/DCT-C-0 ( 2286): initApnContexts: apnContext=rcs
08-09 17:06:23.354 D/TelephonyRegistry( 1319): notifyDataConnectionForSubscriber: phoneId=0 subId=-1 state: DISCONNECTED, transport: WWAN, id: -1, network type: UNKNOWN, APN Setting: [ApnSetting] null, 0, null, null, null, null, null, null, null, 0, supl, null, null, false, 0, false, 0, 0, 0, 0, 0, null, null, false, UNKNOWN, UNKNOWN, 0, -1, -1, false, link properties: null, fail cause: NONE(0x0)
08-09 17:06:23.355 D/DCT-C-0 ( 2286): initApnContexts: apnContext=supl
08-09 17:06:23.362 D/TelephonyRegistry( 1319): notifyDataConnectionForSubscriber: phoneId=0 subId=-1 state: DISCONNECTED, transport: WWAN, id: -1, network type: UNKNOWN, APN Setting: [ApnSetting] null, 0, null, null, null, null, null, null, null, 0, dun, null, null, false, 0, false, 0, 0, 0, 0, 0, null, null, false, UNKNOWN, UNKNOWN, 0, -1, -1, false, link properties: null, fail cause: NONE(0x0)
08-09 17:06:23.362 D/DCT-C-0 ( 2286): initApnContexts: apnContext=dun
08-09 17:06:23.368 D/TelephonyRegistry( 1319): notifyDataConnectionForSubscriber: phoneId=0 subId=-1 state: DISCONNECTED, transport: WWAN, id: -1, network type: UNKNOWN, APN Setting: [ApnSetting] null, 0, null, null, null, null, null, null, null, 0, hipri, null, null, false, 0, false, 0, 0, 0, 0, 0, null, null, false, UNKNOWN, UNKNOWN, 0, -1, -1, false, link properties: null, fail cause: NONE(0x0)
08-09 17:06:23.368 D/DCT-C-0 ( 2286): initApnContexts: apnContext=hipri
08-09 17:06:23.370 D/TelephonyRegistry( 1319): notifyDataConnectionForSubscriber: phoneId=0 subId=-1 state: DISCONNECTED, transport: WWAN, id: -1, network type: UNKNOWN, APN Setting: [ApnSetting] null, 0, null, null, null, null, null, null, null, 0, hipri | default, null, null, false, 0, false, 0, 0, 0, 0, 0, null, null, false, UNKNOWN, UNKNOWN, 0, -1, -1, false, link properties: null, fail cause: NONE(0x0)
08-09 17:06:23.371 D/DCT-C-0 ( 2286): initApnContexts: apnContext=default
08-09 17:06:23.373 D/TelephonyRegistry( 1319): notifyDataConnectionForSubscriber: phoneId=0 subId=-1 state: DISCONNECTED, transport: WWAN, id: -1, network type: UNKNOWN, APN Setting: [ApnSetting] null, 0, null, null, null, null, null, null, null, 0, fota, null, null, false, 0, false, 0, 0, 0, 0, 0, null, null, false, UNKNOWN, UNKNOWN, 0, -1, -1, false, link properties: null, fail cause: NONE(0x0)
08-09 17:06:23.374 D/DCT-C-0 ( 2286): initApnContexts: apnContext=fota
08-09 17:06:23.374 D/DCT-C-0 ( 2286): default emergency apn is created
08-09 17:06:23.375 I/netstats_mobile_sample( 1319): [0,0,0,0,0,0,0,0,0,0,0,0,1691580983375]
08-09 17:06:23.375 I/netstats_wifi_sample( 1319): [0,0,0,0,0,0,0,0,0,0,0,0,1691580983375]
08-09 17:06:23.376 I/power_partial_wake_state( 1319): [REL,17,NetworkStats:android]
08-09 17:06:23.379 D/DCT-C-0 ( 2286): DataTariff - Not Supoort TSS 2.0
08-09 17:06:23.381 D/DCT-C-0 ( 2286): setDataRoamingUserActionKeyAsNeeded()
08-09 17:06:23.382 D/CarrierResolver( 2286): Creating CarrierResolver[0]
08-09 17:06:23.385 D/SemCarrierIdentifier( 2286): Creating SemCarrierIdentifier[0]
08-09 17:06:23.390 D/TelephonyRegistry( 1319): listen oscl: mHasNotifySubscriptionInfoChangedOccurred==false no callback
08-09 17:06:23.391 I/am_proc_died( 1319): [0,2383,WebViewLoader-arm64-v8a,-700,0,3121,2462]
08-09 17:06:23.395 I/configuration_changed( 1319): 18874624
08-09 17:06:23.420 I/am_low_memory( 1319): 7
08-09 17:06:23.424 I/am_proc_died( 1319): [0,2381,WebViewLoader-armeabi-v7a,-700,0,3114,2465]
08-09 17:06:23.430 I/am_uid_stopped( 1319): 1037
08-09 17:06:23.432 I/am_low_memory( 1319): 6
08-09 17:06:23.437 W/TelephonyRegistry( 1319): Pid 1319 has exceeded half the number of permissible registered listeners. Now at 28
08-09 17:06:23.437 W/TelephonyRegistry( 1319): Pid 1319 has exceeded half the number of permissible registered listeners. Now at 29
08-09 17:06:23.437 D/TelephonyRegistry( 1319): listen oscl: mHasNotifySubscriptionInfoChangedOccurred==false no callback
08-09 17:06:23.438 D/SST ( 2286): [0] notifyVoiceRegStateRilRadioTechnologyChanged: vrs=1 rat=0
08-09 17:06:23.441 D/TelephonyRegistry( 1319): systemRunning register for intents
08-09 17:06:23.456 I/GsmCdmaPhone( 2286): [0] updateTtyMode ttyMode=0
08-09 17:06:23.459 I/power_partial_wake_state( 1319): [CHG,1,*telephony-radio*:com.android.phone]
08-09 17:06:23.460 D/RILJ ( 2286): [0010]> SET_TTY_MODE ttyMode = 0 [PHONE0]
08-09 17:06:23.461 I/GsmCdmaPhone( 2286): [0] updateUiTtyMode ttyMode=0
08-09 17:06:23.461 D/CallManager( 2286): registerPhone(GSM Handler (com.android.internal.telephony.SemGsmCdmaPhone) {ad4027c})
08-09 17:06:23.463 D/RILJ ( 2286): [0010]< SET_TTY_MODE [PHONE0]
08-09 17:06:23.464 I/power_partial_wake_state( 1319): [CHG,4,*telephony-radio*:com.android.phone]
08-09 17:06:23.465 D/TelephonyRegistry( 1319): listen oscl: mHasNotifySubscriptionInfoChangedOccurred==false no callback
08-09 17:06:23.465 D/GsmCdmaPhone( 2286): [0] GsmCdmaPhone: constructor: sub = 0
08-09 17:06:23.466 I/power_partial_wake_state( 1319): [REL,2,*telephony-radio*:com.android.phone]
08-09 17:06:23.469 I/power_partial_wake_state( 1319): [CHG,3,*telephony-sem-radio*:com.android.phone]
08-09 17:06:23.470 D/SEM_RILJ( 2286): [0011]> GET_VENDOR_CONFIGURATION [PHONE0]
08-09 17:06:23.470 D/GsmCdmaPhone( 2286): new GsmCdmaPhone
08-09 17:06:23.474 D/TelephonyRegistry( 1319): listen oscl: mHasNotifySubscriptionInfoChangedOccurred==false no callback
08-09 17:06:23.476 D/SEM_RILJ( 2286): [0011]< GET_VENDOR_CONFIGURATION [{ mConfigurationName = FW_READY, mConfigurationValue = 0}, { mConfigurationName = EGPRS_SUPPORT, mConfigurationValue = 0}, { mConfigurationName = SUPPORTED_RAT, mConfigurationValue = 105}, { mConfigurationName = IS_CTC, mConfigurationValue = 0}, { mConfigurationName = VOLTE_911_CALL, mConfigurationValue = 0}, { mConfigurationName = CA_ENABLED, mConfigurationValue = 0}, { mConfigurationName = LTE_CS_CAPA, mConfigurationValue = 0}, { mConfigurationName = MSIM_SUBMODE, mConfigurationValue = 0}, { mConfigurationName = SUPPORTED_NRCA, mConfigurationValue = 1}, { mConfigurationName = SUPPORT_LTE_CAPA_OPTION_C, mConfigurationValue = 0}] [PHONE0]
08-09 17:06:23.478 I/power_partial_wake_state( 1319): [CHG,9,*telephony-sem-radio*:com.android.phone]
08-09 17:06:23.488 I/power_partial_wake_state( 1319): [REL,10,*telephony-sem-radio*:com.android.phone]
08-09 17:06:23.500 D/SemChameleonParser( 2286): [0] Chameleon feature doesn't support
08-09 17:06:23.502 D/SemGsmCdmaPhone( 2286): makeSmsConfig on phone
08-09 17:06:23.502 D/SmsConfig( 2286): makeSmsConfig
08-09 17:06:23.503 D/SemGsmCdmaPhone( 2286): [0] initFdnList()
08-09 17:06:23.504 E/SemGsmCdmaPhone( 2286): [0] AdnCache is not ready
08-09 17:06:23.504 I/PhoneFactory( 2286): Creating Phone with type = 1 phoneId = 1
08-09 17:06:23.504 D/SemTelephonyComponentFactory( 2286): createPhone[1] - phoneType: GSM, latestModelType: 1, preferred: 26
08-09 17:06:23.504 D/Phone ( 2286): mDoesRilSendMultipleCallRing=false
08-09 17:06:23.504 D/Phone ( 2286): mCallRingDelay=3000
08-09 17:06:23.511 I/ssm_user_starting( 1319): 0
08-09 17:06:23.517 D/RILJ ( 2286): startLceService: REQUEST_NOT_SUPPORTED
08-09 17:06:23.518 D/SmsDispatchersController( 2286): SmsDispatchersController created
08-09 17:06:23.520 D/SMSDispatcher( 2286): SMSDispatcher: ctor mSmsCapable=true mSmsSendDisabled=false
08-09 17:06:23.520 D/SMSDispatcher( 2286): SMSDispatcher: ctor mSmsCapable=true mSmsSendDisabled=false
08-09 17:06:23.520 D/CdmaSMSDispatcher( 2286): CdmaSMSDispatcher created
08-09 17:06:23.527 E/WAP PUSH( 2286): bindService() for wappush manager failed
08-09 17:06:23.533 E/Phone ( 2286): No SmsConfig. Make new SmsConfig
08-09 17:06:23.533 D/SmsConfig( 2286): makeSmsConfig
08-09 17:06:23.536 I/am_uid_running( 1319): 10263
08-09 17:06:23.539 I/SmsConfig( 2286): [1] sms_display_policy_partial_long_sms = false
08-09 17:06:23.539 D/GsmInboundSmsHandler( 2286): created InboundSmsHandler
08-09 17:06:23.544 D/GsmInboundSmsHandler( 2286): StartupState.enter: entering StartupState
08-09 17:06:23.550 I/am_proc_start( 1319): [0,2525,10263,com.google.android.permissioncontroller,service,{com.google.android.permissioncontroller/com.android.permissioncontroller.role.service.RoleControllerServiceImpl}]
08-09 17:06:23.550 I/dvm_lock_sample( 1319): [system_server,1,NetworkPolicy.uid,117,SourceFile,-1,void android.net.connectivity.com.android.server.net.NetworkStatsService.noteUidForeground(int, boolean),-,-1,android.net.NetworkStatsCollection android.net.connectivity.com.android.server.net.NetworkStatsService$1.getUidComplete(),23]
08-09 17:06:23.555 E/WAP PUSH( 2286): bindService() for wappush manager failed
08-09 17:06:23.558 I/netstats_mobile_sample( 1319): [0,0,0,0,0,0,0,0,0,0,0,0,1691580983558]
08-09 17:06:23.558 I/netstats_wifi_sample( 1319): [0,0,0,0,0,0,0,0,0,0,0,0,1691580983558]
08-09 17:06:23.559 I/power_partial_wake_state( 1319): [REL,8,NetworkStats:android]
08-09 17:06:23.565 I/SmsConfig( 2286): [1] sms_display_policy_partial_long_sms = false
08-09 17:06:23.566 D/CdmaInboundSmsHandler( 2286): created InboundSmsHandler
08-09 17:06:23.568 D/CdmaInboundSmsHandler( 2286): StartupState.enter: entering StartupState
08-09 17:06:23.569 D/SMSDispatcher( 2286): SMSDispatcher: ctor mSmsCapable=true mSmsSendDisabled=false
08-09 17:06:23.569 D/GsmSMSDispatcher( 2286): GsmSMSDispatcher created
08-09 17:06:23.569 D/SmsBroadcastUndelivered( 2286): initialize: makeInstance : 1
08-09 17:06:23.570 D/GsmInboundSmsHandler( 2286): StartupState.processMessage: processing EVENT_START_ACCEPTING_SMS
08-09 17:06:23.570 D/CdmaInboundSmsHandler( 2286): StartupState.processMessage: processing EVENT_START_ACCEPTING_SMS
08-09 17:06:23.570 D/GsmInboundSmsHandler( 2286): IdleState.enter: entering IdleState
08-09 17:06:23.570 D/CdmaInboundSmsHandler( 2286): IdleState.enter: entering IdleState
08-09 17:06:23.570 D/GsmInboundSmsHandler( 2286): IdleState.processMessage: processing EVENT_RELEASE_WAKELOCK
08-09 17:06:23.570 D/CdmaInboundSmsHandler( 2286): IdleState.processMessage: processing EVENT_RELEASE_WAKELOCK
08-09 17:06:23.570 I/power_partial_wake_state( 1319): [REL,12,CdmaInboundSmsHandler:com.android.phone]
08-09 17:06:23.571 D/CdmaInboundSmsHandler( 2286): IdleState.processMessage: EVENT_RELEASE_WAKELOCK: mWakeLock released
08-09 17:06:23.571 I/power_partial_wake_state( 1319): [REL,41,GsmInboundSmsHandler:com.android.phone]
08-09 17:06:23.572 D/GsmInboundSmsHandler( 2286): IdleState.processMessage: EVENT_RELEASE_WAKELOCK: mWakeLock released
08-09 17:06:23.573 D/GsmCdmaPhone( 2286): [1] Precise phone type 1
08-09 17:06:23.573 D/RILJ ( 2286): setPhoneType=1 old value=0 [PHONE1]
08-09 17:06:23.574 D/CarrierActionAgent( 2286): [1]Creating CarrierActionAgent
08-09 17:06:23.575 W/CarrierConfigManager( 2286): Error getting config for subId -1 ICarrierConfigLoader is null
08-09 17:06:23.576 D/ANM-1 ( 2286): operates in legacy mode.
08-09 17:06:23.581 W/CarrierConfigManager( 2286): Error getting config for subId -1 ICarrierConfigLoader is null
08-09 17:06:23.590 I/service_manager_slow( 1319): [10,phone]
08-09 17:06:23.595 W/CarrierConfigManager( 2286): Error getting config for subId -1 ICarrierConfigLoader is null
08-09 17:06:23.596 D/TelephonyRegistry( 1319): listen oscl: mHasNotifySubscriptionInfoChangedOccurred==false no callback
08-09 17:06:23.603 W/CarrierConfigManager( 2286): Error getting config for subId -1 ICarrierConfigLoader is null
08-09 17:06:23.604 W/CarrierConfigManager( 2286): Error getting config for subId -1 ICarrierConfigLoader is null
08-09 17:06:23.604 W/CarrierConfigManager( 2286): Error getting config for subId -1 ICarrierConfigLoader is null
08-09 17:06:23.604 D/NRM-C-1 ( 2286): Trying to bind com.android.phone for transport WWAN
08-09 17:06:23.606 D/NRM-C-1 ( 2286): registerForNetworkRegistrationInfoChanged
08-09 17:06:23.608 D/NitzStateMachineImpl( 2286): handleNetworkUnavailable: mLatestNitzSignal was already null. Nothing to do.
08-09 17:06:23.611 I/netstats_mobile_sample( 1319): [0,0,0,0,0,0,0,0,0,0,0,0,1691580983611]
08-09 17:06:23.611 I/netstats_wifi_sample( 1319): [0,0,0,0,0,0,0,0,0,0,0,0,1691580983611]
08-09 17:06:23.612 I/power_partial_wake_state( 1319): [REL,20,NetworkStats:android]
08-09 17:06:23.612 I/power_partial_wake_state( 1319): [CHG,1,*telephony-radio*:com.android.phone]
08-09 17:06:23.613 D/RILJ ( 2286): [0012]> SIGNAL_STRENGTH [PHONE1]
08-09 17:06:23.613 D/SST ( 2286): [1] notifyVoiceRegStateRilRadioTechnologyChanged: vrs=1 rat=0
08-09 17:06:23.613 E/rild ( 1413): getSignalStrengthResponse_1_4: Invalid response
08-09 17:06:23.614 D/RILJ ( 2286): [0012]< SIGNAL_STRENGTH error 1 [PHONE1]
08-09 17:06:23.615 D/RilRequest( 2286): [0012]< SIGNAL_STRENGTH error: com.android.internal.telephony.CommandException: RADIO_NOT_AVAILABLE ret=SignalStrength:{mCdma=CellSignalStrengthCdma: cdmaDbm=0 cdmaEcio=0 evdoDbm=0 evdoEcio=0 evdoSnr=0 level=4,mGsm=CellSignalStrengthGsm: rssi=-113 ber=0 mTa=0 mLevel=0,mWcdma=CellSignalStrengthWcdma: ss=-113 ber=0 rscp=-120 ecno=-24 level=0,mTdscdma=CellSignalStrengthTdscdma: rssi=-113 ber=0 rscp=-120 level=0,mLte=CellSignalStrengthLte: rssi=-113 rsrp=2147483647 rsrq=0 rssnr=0 cqiTableIndex=2147483647 cqi=0 ta=0 level=1 parametersUseForLevel=1,mNr=CellSignalStrengthNr:{ csiRsrp = 2147483647 csiRsrq = 2147483647 csiCqiTableIndex = 2147483647 csiCqiReport = [] ssRsrp = 2147483647 ssRsrq = 0 ssSinr = 0 level = 0 parametersUseForLevel = 1 },SignalBarInfo{ cdmaLevel=4 lteLevel=1 },rat=0,primary=CellSignalStrengthLte} result={ when=-20s738ms what=6 target=com.android.internal.telephony.SignalStrengthController }
08-09 17:06:23.615 D/TelephonyRegistry( 1319): listen oscl: mHasNotifySubscriptionInfoChangedOccurred==false no callback
08-09 17:06:23.615 D/Phone ( 2286): [1] SubId-1,get allowed network types user: value = GPRS|EDGE|UMTS|HSDPA|HSUPA|HSPA|LTE|HSPA+|GSM|LTE_CA|NR
08-09 17:06:23.615 I/power_partial_wake_state( 1319): [CHG,2,*telephony-radio*:com.android.phone]
08-09 17:06:23.616 I/power_partial_wake_state( 1319): [REL,0,*telephony-radio*:com.android.phone]
08-09 17:06:23.620 D/TelephonyRegistry( 1319): listen oscl: mHasNotifySubscriptionInfoChangedOccurred==false no callback
08-09 17:06:23.623 W/CarrierConfigManager( 2286): Error getting config for subId -1 ICarrierConfigLoader is null
08-09 17:06:23.624 D/EmergencyNumberTracker( 2286): initializeDatabaseEmergencyNumberList - CountryIso: null
08-09 17:06:23.626 D/EmergencyNumberTracker( 2286): asset emergency database is loaded. Ver: 1 Phone Id: 1
08-09 17:06:23.626 E/EmergencyNumberTracker( 2286): Cache ota emergency database IOException: java.io.FileNotFoundException: /data/misc/emergencynumberdb/emergency_number_db: open failed: ENOENT (No such file or directory)
08-09 17:06:23.626 D/EmergencyNumberTracker( 2286): Using Asset Emergency database. Version: 1
08-09 17:06:23.627 D/SemEmergencyNumberTracker( 2286): [1] cacheVendorEmergencyDatabase - withSim: false, operator: , simOperator:
08-09 17:06:23.627 D/SemEmergencyNumberTracker( 2286): [1] cacheVendorEmergencyDatabase - ecclistFromDatabase: 112,911,999,000,08,110,118,119
08-09 17:06:23.629 I/am_proc_bound( 1319): [0,2525,com.google.android.permissioncontroller]
08-09 17:06:23.636 I/am_uid_active( 1319): 10263
08-09 17:06:23.647 D/SemEmergencyNumberTracker( 2286): [1] SemEmergencyNumberTracker is created
08-09 17:06:23.647 D/TelephonyRegistry( 1319): listen oscl: mHasNotifySubscriptionInfoChangedOccurred==false no callback
08-09 17:06:23.657 D/SemDeviceStateMonitor( 2286): Screen on for display
08-09 17:06:23.657 D/SemDeviceStateMonitor( 2286): FoldStateListener init
08-09 17:06:23.666 D/m.android.phone( 2286): DCT.constructor
08-09 17:06:23.674 D/DCT-C-1 ( 2286): putRecoveryAction: 0
08-09 17:06:23.695 W/CarrierConfigManager( 2286): Error getting config for subId -1 ICarrierConfigLoader is null
08-09 17:06:23.695 D/DCT-C-1 ( 2286): initApnContexts: E
08-09 17:06:23.695 W/ApnConfigTypeRepository( 2286): carrier config is null
08-09 17:06:23.697 D/TelephonyRegistry( 1319): notifyDataConnectionForSubscriber: phoneId=1 subId=-1 state: DISCONNECTED, transport: WWAN, id: -1, network type: UNKNOWN, APN Setting: [ApnSetting] null, 0, null, null, null, null, null, null, null, 0, ims, null, null, false, 0, false, 0, 0, 0, 0, 0, null, null, false, UNKNOWN, UNKNOWN, 0, -1, -1, false, link properties: null, fail cause: NONE(0x0)
08-09 17:06:23.697 D/TelephonyRegistry( 1319): onDataConnectionStateChanged(DISCONNECTED, UNKNOWN) subId=-1, phoneId=1
08-09 17:06:23.697 D/DCT-C-1 ( 2286): initApnContexts: apnContext=ims
08-09 17:06:23.699 D/TelephonyRegistry( 1319): notifyDataConnectionForSubscriber: phoneId=1 subId=-1 state: DISCONNECTED, transport: WWAN, id: -1, network type: UNKNOWN, APN Setting: [ApnSetting] null, 0, null, null, null, null, null, null, null, 0, cbs, null, null, false, 0, false, 0, 0, 0, 0, 0, null, null, false, UNKNOWN, UNKNOWN, 0, -1, -1, false, link properties: null, fail cause: NONE(0x0)
08-09 17:06:23.699 D/DCT-C-1 ( 2286): initApnContexts: apnContext=cbs
08-09 17:06:23.702 W/CarrierConfigManager( 2392): Error getting config for subId -1 ICarrierConfigLoader is null
08-09 17:06:23.704 D/TelephonyRegistry( 1319): notifyDataConnectionForSubscriber: phoneId=1 subId=-1 state: DISCONNECTED, transport: WWAN, id: -1, network type: UNKNOWN, APN Setting: [ApnSetting] null, 0, null, null, null, null, null, null, null, 0, ia, null, null, false, 0, false, 0, 0, 0, 0, 0, null, null, false, UNKNOWN, UNKNOWN, 0, -1, -1, false, link properties: null, fail cause: NONE(0x0)
08-09 17:06:23.705 D/DCT-C-1 ( 2286): initApnContexts: apnContext=ia
08-09 17:06:23.708 D/TelephonyRegistry( 1319): notifyDataConnectionForSubscriber: phoneId=1 subId=-1 state: DISCONNECTED, transport: WWAN, id: -1, network type: UNKNOWN, APN Setting: [ApnSetting] null, 0, null, null, null, null, null, null, null, 0, emergency, null, null, false, 0, false, 0, 0, 0, 0, 0, null, null, false, UNKNOWN, UNKNOWN, 0, -1, -1, false, link properties: null, fail cause: NONE(0x0)
08-09 17:06:23.708 D/DCT-C-1 ( 2286): initApnContexts: apnContext=emergency
08-09 17:06:23.710 D/TelephonyRegistry( 1319): notifyDataConnectionForSubscriber: phoneId=1 subId=-1 state: DISCONNECTED, transport: WWAN, id: -1, network type: UNKNOWN, APN Setting: [ApnSetting] null, 0, null, null, null, null, null, null, null, 0, mcx, null, null, false, 0, false, 0, 0, 0, 0, 0, null, null, false, UNKNOWN, UNKNOWN, 0, -1, -1, false, link properties: null, fail cause: NONE(0x0)
08-09 17:06:23.712 D/DCT-C-1 ( 2286): initApnContexts: apnContext=mcx
08-09 17:06:23.714 D/TelephonyRegistry( 1319): notifyDataConnectionForSubscriber: phoneId=1 subId=-1 state: DISCONNECTED, transport: WWAN, id: -1, network type: UNKNOWN, APN Setting: [ApnSetting] null, 0, null, null, null, null, null, null, null, 0, xcap, null, null, false, 0, false, 0, 0, 0, 0, 0, null, null, false, UNKNOWN, UNKNOWN, 0, -1, -1, false, link properties: null, fail cause: NONE(0x0)
08-09 17:06:23.714 D/DCT-C-1 ( 2286): initApnContexts: apnContext=xcap
08-09 17:06:23.717 D/TelephonyRegistry( 1319): notifyDataConnectionForSubscriber: phoneId=1 subId=-1 state: DISCONNECTED, transport: WWAN, id: -1, network type: UNKNOWN, APN Setting: [ApnSetting] null, 0, null, null, null, null, null, null, null, 0, enterprise, null, null, false, 0, false, 0, 0, 0, 0, 0, null, null, false, UNKNOWN, UNKNOWN, 0, -1, -1, false, link properties: null, fail cause: NONE(0x0)
08-09 17:06:23.718 D/DCT-C-1 ( 2286): initApnContexts: apnContext=enterprise
08-09 17:06:23.720 D/TelephonyRegistry( 1319): notifyDataConnectionForSubscriber: phoneId=1 subId=-1 state: DISCONNECTED, transport: WWAN, id: -1, network type: UNKNOWN, APN Setting: [ApnSetting] null, 0, null, null, null, null, null, null, null, 0, bip, null, null, false, 0, false, 0, 0, 0, 0, 0, null, null, false, UNKNOWN, UNKNOWN, 0, -1, -1, false, link properties: null, fail cause: NONE(0x0)
08-09 17:06:23.721 D/DCT-C-1 ( 2286): initApnContexts: apnContext=bip
08-09 17:06:23.722 I/netstats_mobile_sample( 1319): [0,0,0,0,0,0,0,0,0,0,0,0,1691580983722]
08-09 17:06:23.722 I/netstats_wifi_sample( 1319): [0,0,0,0,0,0,0,0,0,0,0,0,1691580983722]
08-09 17:06:23.722 I/power_partial_wake_state( 1319): [REL,10,NetworkStats:android]
08-09 17:06:23.723 D/TelephonyRegistry( 1319): notifyDataConnectionForSubscriber: phoneId=1 subId=-1 state: DISCONNECTED, transport: WWAN, id: -1, network type: UNKNOWN, APN Setting: [ApnSetting] null, 0, null, null, null, null, null, null, null, 0, mms, null, null, false, 0, false, 0, 0, 0, 0, 0, null, null, false, UNKNOWN, UNKNOWN, 0, -1, -1, false, link properties: null, fail cause: NONE(0x0)
08-09 17:06:23.724 D/DCT-C-1 ( 2286): initApnContexts: apnContext=mms
08-09 17:06:23.727 D/TelephonyRegistry( 1319): notifyDataConnectionForSubscriber: phoneId=1 subId=-1 state: DISCONNECTED, transport: WWAN, id: -1, network type: UNKNOWN, APN Setting: [ApnSetting] null, 0, null, null, null, null, null, null, null, 0, rcs, null, null, false, 0, false, 0, 0, 0, 0, 0, null, null, false, UNKNOWN, UNKNOWN, 0, -1, -1, false, link properties: null, fail cause: NONE(0x0)
08-09 17:06:23.727 D/DCT-C-1 ( 2286): initApnContexts: apnContext=rcs
08-09 17:06:23.729 D/TelephonyRegistry( 1319): notifyDataConnectionForSubscriber: phoneId=1 subId=-1 state: DISCONNECTED, transport: WWAN, id: -1, network type: UNKNOWN, APN Setting: [ApnSetting] null, 0, null, null, null, null, null, null, null, 0, supl, null, null, false, 0, false, 0, 0, 0, 0, 0, null, null, false, UNKNOWN, UNKNOWN, 0, -1, -1, false, link properties: null, fail cause: NONE(0x0)
08-09 17:06:23.729 D/DCT-C-1 ( 2286): initApnContexts: apnContext=supl
08-09 17:06:23.731 D/TelephonyRegistry( 1319): notifyDataConnectionForSubscriber: phoneId=1 subId=-1 state: DISCONNECTED, transport: WWAN, id: -1, network type: UNKNOWN, APN Setting: [ApnSetting] null, 0, null, null, null, null, null, null, null, 0, dun, null, null, false, 0, false, 0, 0, 0, 0, 0, null, null, false, UNKNOWN, UNKNOWN, 0, -1, -1, false, link properties: null, fail cause: NONE(0x0)
08-09 17:06:23.732 I/netstats_mobile_sample( 1319): [0,0,0,0,0,0,0,0,0,0,0,0,1691580983731]
08-09 17:06:23.732 I/netstats_wifi_sample( 1319): [0,0,0,0,0,0,0,0,0,0,0,0,1691580983731]
08-09 17:06:23.732 I/power_partial_wake_state( 1319): [REL,5,NetworkStats:android]
08-09 17:06:23.732 D/DCT-C-1 ( 2286): initApnContexts: apnContext=dun
08-09 17:06:23.735 D/TelephonyRegistry( 1319): notifyDataConnectionForSubscriber: phoneId=1 subId=-1 state: DISCONNECTED, transport: WWAN, id: -1, network type: UNKNOWN, APN Setting: [ApnSetting] null, 0, null, null, null, null, null, null, null, 0, hipri, null, null, false, 0, false, 0, 0, 0, 0, 0, null, null, false, UNKNOWN, UNKNOWN, 0, -1, -1, false, link properties: null, fail cause: NONE(0x0)
08-09 17:06:23.735 D/DCT-C-1 ( 2286): initApnContexts: apnContext=hipri
08-09 17:06:23.738 D/TelephonyRegistry( 1319): notifyDataConnectionForSubscriber: phoneId=1 subId=-1 state: DISCONNECTED, transport: WWAN, id: -1, network type: UNKNOWN, APN Setting: [ApnSetting] null, 0, null, null, null, null, null, null, null, 0, hipri | default, null, null, false, 0, false, 0, 0, 0, 0, 0, null, null, false, UNKNOWN, UNKNOWN, 0, -1, -1, false, link properties: null, fail cause: NONE(0x0)
08-09 17:06:23.739 D/DCT-C-1 ( 2286): initApnContexts: apnContext=default
08-09 17:06:23.749 I/netstats_mobile_sample( 1319): [0,0,0,0,0,0,0,0,0,0,0,0,1691580983749]
08-09 17:06:23.749 I/netstats_wifi_sample( 1319): [0,0,0,0,0,0,0,0,0,0,0,0,1691580983749]
08-09 17:06:23.750 I/power_partial_wake_state( 1319): [REL,13,NetworkStats:android]
08-09 17:06:23.751 D/TelephonyRegistry( 1319): notifyDataConnectionForSubscriber: phoneId=1 subId=-1 state: DISCONNECTED, transport: WWAN, id: -1, network type: UNKNOWN, APN Setting: [ApnSetting] null, 0, null, null, null, null, null, null, null, 0, fota, null, null, false, 0, false, 0, 0, 0, 0, 0, null, null, false, UNKNOWN, UNKNOWN, 0, -1, -1, false, link properties: null, fail cause: NONE(0x0)
08-09 17:06:23.751 D/DCT-C-1 ( 2286): initApnContexts: apnContext=fota
08-09 17:06:23.751 D/DCT-C-1 ( 2286): default emergency apn is created
08-09 17:06:23.753 W/TelephonyRegistry( 1319): Pid 1319 has exceeded half the number of permissible registered listeners. Now at 30
08-09 17:06:23.753 D/TelephonyRegistry( 1319): listen oscl: mHasNotifySubscriptionInfoChangedOccurred==false no callback
08-09 17:06:23.754 D/DCT-C-1 ( 2286): DataTariff - Not Supoort TSS 2.0
08-09 17:06:23.755 D/DCT-C-1 ( 2286): setDataRoamingUserActionKeyAsNeeded()
08-09 17:06:23.755 D/CarrierResolver( 2286): Creating CarrierResolver[1]
08-09 17:06:23.756 D/SemCarrierIdentifier( 2286): Creating SemCarrierIdentifier[1]
08-09 17:06:23.758 D/TelephonyRegistry( 1319): listen oscl: mHasNotifySubscriptionInfoChangedOccurred==false no callback
08-09 17:06:23.758 I/am_proc_start( 1319): [0,2560,10039,com.samsung.android.app.aodservice:provider,content provider,{com.samsung.android.app.aodservice/com.samsung.android.app.aodservice.provider.AODContentProvider}]
08-09 17:06:23.762 D/SST ( 2286): [1] notifyVoiceRegStateRilRadioTechnologyChanged: vrs=1 rat=0
08-09 17:06:23.773 I/GsmCdmaPhone( 2286): [1] updateTtyMode ttyMode=0
08-09 17:06:23.776 I/power_partial_wake_state( 1319): [CHG,1,*telephony-radio*:com.android.phone]
08-09 17:06:23.777 D/RILJ ( 2286): [0013]> SET_TTY_MODE ttyMode = 0 [PHONE1]
08-09 17:06:23.777 I/GsmCdmaPhone( 2286): [1] updateUiTtyMode ttyMode=0
08-09 17:06:23.777 D/CallManager( 2286): registerPhone(GSM Handler (com.android.internal.telephony.SemGsmCdmaPhone) {bcad3be})
