08-09 17:06:26.614 D/DDS-TelephonyNetworkFactory[1]( 2286): got request NetworkRequest [ REQUEST id=85, [ Capabilities: INTERNET&NOT_RESTRICTED&TRUSTED&NOT_VCN_MANAGED Uid: 1073 RequestorUid: 1073 RequestorPkg: com.google.android.networkstack UnderlyingNetworks: Null] ]
08-09 17:06:26.614 D/DDS-TelephonyNetworkFactory[0]( 2286): got request NetworkRequest [ REQUEST id=89, [ Capabilities: INTERNET&NOT_RESTRICTED&TRUSTED&NOT_VCN_MANAGED Uid: 1001 RequestorUid: 1001 RequestorPkg: com.android.phone UnderlyingNetworks: Null] ]
08-09 17:06:26.614 D/DDS-TelephonyNetworkFactory[0]( 2286): got request NetworkRequest [ REQUEST id=76, [ Capabilities: INTERNET&NOT_RESTRICTED&TRUSTED&NOT_VCN_MANAGED Uid: 10364 RequestorUid: 1000 RequestorPkg: android UnderlyingNetworks: Null] ]
08-09 17:06:26.614 D/DDS-TelephonyNetworkFactory[1]( 2286): got request NetworkRequest [ REQUEST id=56, [ Capabilities: INTERNET&NOT_RESTRICTED&TRUSTED&NOT_VCN_MANAGED Uid: 10132 RequestorUid: 1000 RequestorPkg: android UnderlyingNetworks: Null] ]
08-09 17:06:26.614 D/DDS-TelephonyNetworkFactory[1]( 2286): got request NetworkRequest [ REQUEST id=35, [ Capabilities: INTERNET&NOT_RESTRICTED&TRUSTED&NOT_VCN_MANAGED Uid: 10306 RequestorUid: 1000 RequestorPkg: android UnderlyingNetworks: Null] ]
08-09 17:06:26.614 D/DDS-TelephonyNetworkFactory[1]( 2286): got request NetworkRequest [ REQUEST id=70, [ Capabilities: INTERNET&NOT_RESTRICTED&TRUSTED&NOT_VCN_MANAGED Uid: 5026 RequestorUid: 1000 RequestorPkg: android UnderlyingNetworks: Null] ]
08-09 17:06:26.614 D/DDS-TelephonyNetworkFactory[1]( 2286): got request NetworkRequest [ REQUEST id=1, [ Capabilities: INTERNET&NOT_RESTRICTED&TRUSTED&NOT_VPN&NOT_VCN_MANAGED RequestorUid: 1000 RequestorPkg: android UnderlyingNetworks: Null] ]
08-09 17:06:26.615 D/DDS-TelephonyNetworkFactory[1]( 2286): got request NetworkRequest [ REQUEST id=33, [ Capabilities: INTERNET&NOT_RESTRICTED&TRUSTED&NOT_VCN_MANAGED Uid: 10308 RequestorUid: 1000 RequestorPkg: android UnderlyingNetworks: Null] ]
08-09 17:06:26.615 D/DDS-TelephonyNetworkFactory[1]( 2286): got request NetworkRequest [ REQUEST id=66, [ Capabilities: INTERNET&NOT_RESTRICTED&TRUSTED&NOT_VCN_MANAGED Uid: 10062 RequestorUid: 1000 RequestorPkg: android UnderlyingNetworks: Null] ]
08-09 17:06:26.615 D/DDS-TelephonyNetworkFactory[1]( 2286): got request NetworkRequest [ REQUEST id=58, [ Capabilities: INTERNET&NOT_RESTRICTED&TRUSTED&NOT_VCN_MANAGED Uid: 10125 RequestorUid: 1000 RequestorPkg: android UnderlyingNetworks: Null] ]
08-09 17:06:26.615 D/DDS-TelephonyNetworkFactory[1]( 2286): got request NetworkRequest [ REQUEST id=74, [ Capabilities: INTERNET&NOT_RESTRICTED&TRUSTED&NOT_VCN_MANAGED Uid: 1000 RequestorUid: 1000 RequestorPkg: android UnderlyingNetworks: Null] ]
08-09 17:06:26.615 D/DDS-TelephonyNetworkFactory[1]( 2286): got request NetworkRequest [ REQUEST id=80, [ Capabilities: INTERNET&NOT_RESTRICTED&TRUSTED&NOT_VCN_MANAGED Uid: 1001 RequestorUid: 1001 RequestorPkg: com.android.phone UnderlyingNetworks: Null] ]
08-09 17:06:26.615 D/DDS-TelephonyNetworkFactory[1]( 2286): got request NetworkRequest [ REQUEST id=54, [ Capabilities: INTERNET&NOT_RESTRICTED&TRUSTED&NOT_VCN_MANAGED Uid: 10133 RequestorUid: 1000 RequestorPkg: android UnderlyingNetworks: Null] ]
08-09 17:06:26.615 D/DDS-TelephonyNetworkFactory[1]( 2286): got request NetworkRequest [ REQUEST id=29, [ Capabilities: INTERNET&NOT_RESTRICTED&TRUSTED&NOT_VCN_MANAGED Uid: 10345 RequestorUid: 1000 RequestorPkg: android UnderlyingNetworks: Null] ]
08-09 17:06:26.615 D/DDS-TelephonyNetworkFactory[1]( 2286): got request NetworkRequest [ REQUEST id=15, [ Capabilities: INTERNET&NOT_RESTRICTED&TRUSTED&NOT_VCN_MANAGED Uid: 1000 RequestorUid: 1000 RequestorPkg: android UnderlyingNetworks: Null] ]
08-09 17:06:26.615 D/DDS-TelephonyNetworkFactory[1]( 2286): got request NetworkRequest [ REQUEST id=82, [ Capabilities: INTERNET&NOT_RESTRICTED&TRUSTED&NOT_VCN_MANAGED Uid: 1000 RequestorUid: 1000 RequestorPkg: android UnderlyingNetworks: Null] ]
08-09 17:06:26.615 D/DDS-TelephonyNetworkFactory[1]( 2286): got request NetworkRequest [ REQUEST id=51, [ Capabilities: INTERNET&NOT_RESTRICTED&TRUSTED&NOT_VCN_MANAGED Uid: 10160 RequestorUid: 1000 RequestorPkg: android UnderlyingNetworks: Null] ]
08-09 17:06:26.615 D/DDS-TelephonyNetworkFactory[1]( 2286): got request NetworkRequest [ REQUEST id=47, [ Capabilities: INTERNET&NOT_RESTRICTED&TRUSTED&NOT_VCN_MANAGED Uid: 10225 RequestorUid: 1000 RequestorPkg: android UnderlyingNetworks: Null] ]
08-09 17:06:26.616 D/DDS-TelephonyNetworkFactory[1]( 2286): got request NetworkRequest [ REQUEST id=45, [ Capabilities: INTERNET&NOT_RESTRICTED&TRUSTED&NOT_VCN_MANAGED Uid: 10227 RequestorUid: 1000 RequestorPkg: android UnderlyingNetworks: Null] ]
08-09 17:06:26.616 D/DDS-TelephonyNetworkFactory[1]( 2286): got request NetworkRequest [ REQUEST id=31, [ Capabilities: INTERNET&NOT_RESTRICTED&TRUSTED&NOT_VCN_MANAGED Uid: 10311 RequestorUid: 1000 RequestorPkg: android UnderlyingNetworks: Null] ]
08-09 17:06:26.616 D/DDS-TelephonyNetworkFactory[1]( 2286): got request NetworkRequest [ REQUEST id=78, [ Capabilities: INTERNET&NOT_RESTRICTED&TRUSTED&NOT_VCN_MANAGED Uid: 1000 RequestorUid: 1000 RequestorPkg: android UnderlyingNetworks: Null] ]
08-09 17:06:26.616 D/DDS-TelephonyNetworkFactory[1]( 2286): got request NetworkRequest [ REQUEST id=95, [ Capabilities: INTERNET&NOT_RESTRICTED&TRUSTED&NOT_VCN_MANAGED Uid: 10039 RequestorUid: 10039 RequestorPkg: com.android.systemui UnderlyingNetworks: Null] ]
08-09 17:06:26.616 D/DDS-TelephonyNetworkFactory[1]( 2286): got request NetworkRequest [ REQUEST id=60, [ Capabilities: INTERNET&NOT_RESTRICTED&TRUSTED&NOT_VCN_MANAGED Uid: 10098 RequestorUid: 1000 RequestorPkg: android UnderlyingNetworks: Null] ]
08-09 17:06:26.616 D/DDS-TelephonyNetworkFactory[1]( 2286): got request NetworkRequest [ REQUEST id=62, [ Capabilities: INTERNET&NOT_RESTRICTED&TRUSTED&NOT_VCN_MANAGED Uid: 10096 RequestorUid: 1000 RequestorPkg: android UnderlyingNetworks: Null] ]
08-09 17:06:26.616 D/DDS-TelephonyNetworkFactory[1]( 2286): got request NetworkRequest [ REQUEST id=39, [ Capabilities: INTERNET&NOT_RESTRICTED&TRUSTED&NOT_VCN_MANAGED Uid: 10242 RequestorUid: 1000 RequestorPkg: android UnderlyingNetworks: Null] ]
08-09 17:06:26.616 D/DDS-TelephonyNetworkFactory[1]( 2286): got request NetworkRequest [ REQUEST id=64, [ Capabilities: INTERNET&NOT_RESTRICTED&TRUSTED&NOT_VCN_MANAGED Uid: 10070 RequestorUid: 1000 RequestorPkg: android UnderlyingNetworks: Null] ]
08-09 17:06:26.616 D/DDS-TelephonyNetworkFactory[1]( 2286): got request NetworkRequest [ REQUEST id=100, [ Capabilities: INTERNET&NOT_RESTRICTED&TRUSTED&NOT_VCN_MANAGED Uid: 1000 RequestorUid: 1000 RequestorPkg: com.sec.imsservice UnderlyingNetworks: Null] ]
08-09 17:06:26.616 D/DDS-TelephonyNetworkFactory[1]( 2286): got request NetworkRequest [ REQUEST id=12, [ Capabilities: INTERNET&NOT_RESTRICTED&TRUSTED&NOT_VCN_MANAGED Uid: 1000 RequestorUid: 1000 RequestorPkg: android UnderlyingNetworks: Null] ]
08-09 17:06:26.616 D/DDS-TelephonyNetworkFactory[1]( 2286): got request NetworkRequest [ REQUEST id=72, [ Capabilities: INTERNET&NOT_RESTRICTED&TRUSTED&NOT_VCN_MANAGED Uid: 10368 RequestorUid: 1000 RequestorPkg: android UnderlyingNetworks: Null] ]
08-09 17:06:26.616 D/DDS-TelephonyNetworkFactory[1]( 2286): got request NetworkRequest [ REQUEST id=105, [ Capabilities: INTERNET&NOT_RESTRICTED&TRUSTED&NOT_VCN_MANAGED Uid: 1001 RequestorUid: 1001 RequestorPkg: com.android.phone UnderlyingNetworks: Null] ]
08-09 17:06:26.616 D/DDS-TelephonyNetworkFactory[1]( 2286): got request NetworkRequest [ REQUEST id=9, [ Capabilities: INTERNET&NOT_RESTRICTED&TRUSTED&NOT_VCN_MANAGED Uid: 1000 RequestorUid: 1000 RequestorPkg: android UnderlyingNetworks: Null] ]
08-09 17:06:26.616 D/DDS-TelephonyNetworkFactory[1]( 2286): got request NetworkRequest [ REQUEST id=37, [ Capabilities: INTERNET&NOT_RESTRICTED&TRUSTED&NOT_VCN_MANAGED Uid: 10245 RequestorUid: 1000 RequestorPkg: android UnderlyingNetworks: Null] ]
08-09 17:06:26.616 D/DDS-TelephonyNetworkFactory[1]( 2286): got request NetworkRequest [ REQUEST id=41, [ Capabilities: INTERNET&NOT_RESTRICTED&TRUSTED&NOT_VCN_MANAGED Uid: 10241 RequestorUid: 1000 RequestorPkg: android UnderlyingNetworks: Null] ]
08-09 17:06:26.616 D/DDS-TelephonyNetworkFactory[1]( 2286): got request NetworkRequest [ REQUEST id=49, [ Capabilities: INTERNET&NOT_RESTRICTED&TRUSTED&NOT_VCN_MANAGED Uid: 10172 RequestorUid: 1000 RequestorPkg: android UnderlyingNetworks: Null] ]
08-09 17:06:26.616 D/DDS-TelephonyNetworkFactory[1]( 2286): got request NetworkRequest [ REQUEST id=68, [ Capabilities: INTERNET&NOT_RESTRICTED&TRUSTED&NOT_VCN_MANAGED Uid: 10059 RequestorUid: 1000 RequestorPkg: android UnderlyingNetworks: Null] ]
08-09 17:06:26.616 D/DDS-TelephonyNetworkFactory[1]( 2286): got request NetworkRequest [ REQUEST id=43, [ Capabilities: INTERNET&NOT_RESTRICTED&TRUSTED&NOT_VCN_MANAGED Uid: 10231 RequestorUid: 1000 RequestorPkg: android UnderlyingNetworks: Null] ]
08-09 17:06:26.616 D/DDS-TelephonyNetworkFactory[1]( 2286): got request NetworkRequest [ REQUEST id=103, [ Capabilities: INTERNET&NOT_RESTRICTED&TRUSTED&NOT_VCN_MANAGED Uid: 1000 RequestorUid: 1000 RequestorPkg: com.sec.imsservice UnderlyingNetworks: Null] ]
08-09 17:06:26.616 D/DDS-TelephonyNetworkFactory[1]( 2286): got request NetworkRequest [ REQUEST id=89, [ Capabilities: INTERNET&NOT_RESTRICTED&TRUSTED&NOT_VCN_MANAGED Uid: 1001 RequestorUid: 1001 RequestorPkg: com.android.phone UnderlyingNetworks: Null] ]
08-09 17:06:26.616 D/DDS-TelephonyNetworkFactory[1]( 2286): got request NetworkRequest [ REQUEST id=76, [ Capabilities: INTERNET&NOT_RESTRICTED&TRUSTED&NOT_VCN_MANAGED Uid: 10364 RequestorUid: 1000 RequestorPkg: android UnderlyingNetworks: Null] ]
08-09 17:06:26.616 D/VCT ( 2286): [0] EVENT_VENDOR_CONFIGURATION_CHANGED: Vendor Configuration state - FrameWorkReady: 1, SupportEgprs: 0, SupportedRat: 105, IsCtc: 0, IsVolte911Call: 0, IsCaEnabled: 0, LteCsCapa: 0, MsimSubmode: 0, SupportedNrca: 1, SupportLteCapaOptionC: 0
08-09 17:06:26.618 D/DDS-SemPhoneSwitcher( 2286): handleMessage msg={ when=-745ms what=112 obj=android.os.AsyncResult@277f99d target=com.android.internal.telephony.data.SemPhoneSwitcher }
08-09 17:06:26.618 D/DDS-SemPhoneSwitcher( 2286): DDS change success, PhoneId : 0
08-09 17:06:26.618 D/DDS-SemPhoneSwitcher( 2286): broadcastDdsChangeResult(true, 0), ddsPhoneId = 2147483647
08-09 17:06:26.622 D/DDS-SemPhoneSwitcher( 2286): evaluate stacked requests. mEverRequestChanged=0
08-09 17:06:26.625 D/SIMRecords( 2286): [SIMRecords-0] fetchSimRecords 0
08-09 17:06:26.629 I/power_partial_wake_state( 1319): [CHG,1,*telephony-radio*:com.android.phone]
08-09 17:06:26.631 D/RILJ ( 2286): [0147]> GET_IMSI aid = A0000000871002FFFFFFFF8903010000 [PHONE0]
08-09 17:06:26.631 I/netstats_mobile_sample( 1319): [0,0,0,0,0,0,0,0,0,0,0,0,1691580986631]
08-09 17:06:26.631 I/netstats_wifi_sample( 1319): [0,0,0,0,0,0,0,0,0,0,0,0,1691580986631]
08-09 17:06:26.631 I/power_partial_wake_state( 1319): [REL,11,NetworkStats:android]
08-09 17:06:26.633 D/RILJ ( 2286): [0148]> iccIO: SIM_IO [PHONE0]
08-09 17:06:26.633 E/RILD ( 1413): LoadMvnoPlmnList(): Can't load mvno plmn list
08-09 17:06:26.634 D/RILJ ( 2286): [0147]< GET_IMSI [PHONE0]
08-09 17:06:26.638 D/RILJ ( 2286): [0149]> iccIO: SIM_IO [PHONE0]
08-09 17:06:26.643 D/RILJ ( 2286): [0150]> iccIO: SIM_IO [PHONE0]
08-09 17:06:26.644 D/RILJ ( 2286): [0151]> iccIO: SIM_IO [PHONE0]
08-09 17:06:26.644 D/RILJ ( 2286): [0150]< SIM_IO IccIoResult xx xx [PHONE0]
08-09 17:06:26.646 D/RILJ ( 2286): [0151]< SIM_IO IccIoResult xx xx [PHONE0]
08-09 17:06:26.646 D/RILJ ( 2286): [0152]> iccIO: SIM_IO [PHONE0]
08-09 17:06:26.647 D/RILJ ( 2286): [0152]< SIM_IO IccIoResult xx xx [PHONE0]
08-09 17:06:26.648 D/RILJ ( 2286): [0153]> iccIO: SIM_IO [PHONE0]
08-09 17:06:26.649 D/RILJ ( 2286): [0154]> iccIO: SIM_IO [PHONE0]
08-09 17:06:26.650 D/SIMRecords( 2286): [SIMRecords-0] EONS: isHasOpl=1
08-09 17:06:26.650 D/SIMRecords( 2286): [SIMRecords-0] getOpl() oplType1
08-09 17:06:26.655 I/power_partial_wake_state( 1319): [CHG,2,*telephony-sem-radio*:com.android.phone]
08-09 17:06:26.655 D/SEM_RILJ( 2286): [0155]> OEM_HOOK_RAW[1515000501] [PHONE0]
08-09 17:06:26.656 D/RILJ ( 2286): [0148]< SIM_IO IccIoResult xx xx [PHONE0]
08-09 17:06:26.661 D/RILJ ( 2286): [0156]> iccIO: SIM_IO [PHONE0]
08-09 17:06:26.663 D/RILJ ( 2286): [0157]> iccIO: SIM_IO [PHONE0]
08-09 17:06:26.666 D/RILJ ( 2286): [0158]> iccIO: SIM_IO [PHONE0]
08-09 17:06:26.670 D/RILJ ( 2286): [0158]< SIM_IO IccIoResult xx xx [PHONE0]
08-09 17:06:26.671 D/RILJ ( 2286): [0159]> iccIO: SIM_IO [PHONE0]
08-09 17:06:26.674 D/RILJ ( 2286): [0160]> iccIO: SIM_IO [PHONE0]
08-09 17:06:26.674 D/RILJ ( 2286): [0159]< SIM_IO IccIoResult xx xx [PHONE0]
08-09 17:06:26.675 D/RILJ ( 2286): [0161]> iccIO: SIM_IO [PHONE0]
08-09 17:06:26.676 D/RILJ ( 2286): [0149]< SIM_IO IccIoResult xx xx [PHONE0]
08-09 17:06:26.677 D/RILJ ( 2286): [0162]> iccIO: SIM_IO [PHONE0]
08-09 17:06:26.679 D/RILJ ( 2286): [0163]> iccIO: SIM_IO [PHONE0]
08-09 17:06:26.680 D/RILJ ( 2286): [0164]> iccIO: SIM_IO [PHONE0]
08-09 17:06:26.682 D/RILJ ( 2286): [0165]> iccIO: SIM_IO [PHONE0]
08-09 17:06:26.684 D/RILJ ( 2286): [0166]> iccIO: SIM_IO [PHONE0]
08-09 17:06:26.688 D/RILJ ( 2286): [0167]> iccIO: SIM_IO [PHONE0]
08-09 17:06:26.691 D/RILJ ( 2286): [0168]> iccIO: SIM_IO [PHONE0]
08-09 17:06:26.693 D/RILJ ( 2286): [0169]> iccIO: SIM_IO [PHONE0]
08-09 17:06:26.694 D/RILJ ( 2286): [0153]< SIM_IO IccIoResult xx xx [PHONE0]
08-09 17:06:26.695 D/RILJ ( 2286): [0170]> iccIO: SIM_IO [PHONE0]
08-09 17:06:26.696 D/SIMRecords( 2286): [SIMRecords-0] fetchSimRecords 24 requested: true
08-09 17:06:26.696 D/VCT ( 2286): [0] EVENT_VENDOR_CONFIGURATION_CHANGED: Vendor Configuration state - FrameWorkReady: 1, SupportEgprs: 0, SupportedRat: 105, IsCtc: 0, IsVolte911Call: 0, IsCaEnabled: 0, LteCsCapa: 0, MsimSubmode: 0, SupportedNrca: 1, SupportLteCapaOptionC: 0
08-09 17:06:26.697 E/IsimUiccRecords( 2286): [ISIM-0] IsimUiccRecords: handleMessage { when=-800ms what=257 obj=android.os.AsyncResult@293e9e3 target=com.android.internal.telephony.uicc.IsimUiccRecords }[257]
08-09 17:06:26.700 D/RILJ ( 2286): [0171]> iccIO: SIM_IO [PHONE0]
08-09 17:06:26.713 D/RILJ ( 2286): [0154]< SIM_IO IccIoResult xx xx [PHONE0]
08-09 17:06:26.726 E/RILC ( 1413): Invalid response: NULL
08-09 17:06:26.739 E/RILC ( 1413): Invalid response: NULL
08-09 17:06:26.754 I/commit_sys_config_file( 1319): [package-user-0,6]
08-09 17:06:26.754 I/commit_sys_config_file( 1319): [package,55]
08-09 17:06:26.755 D/RILJ ( 2286): [0172]> iccIO: SIM_IO [PHONE0]
08-09 17:06:26.756 D/SEM_RILJ( 2286): [0155]< OEM_HOOK_RAW [B@2cfefe0 [PHONE0]
08-09 17:06:26.756 I/power_partial_wake_state( 1319): [CHG,101,*telephony-sem-radio*:com.android.phone]
08-09 17:06:26.757 D/RILJ ( 2286): [0173]> iccIO: SIM_IO [PHONE0]
08-09 17:06:26.757 I/power_partial_wake_state( 1319): [REL,1,*telephony-sem-radio*:com.android.phone]
08-09 17:06:26.758 D/RILJ ( 2286): [0167]< SIM_IO IccIoResult xx xx [PHONE0]
08-09 17:06:26.758 D/RILJ ( 2286): [0174]> iccIO: SIM_IO [PHONE0]
08-09 17:06:26.759 D/RILJ ( 2286): [0156]< SIM_IO error 1 [PHONE0]
08-09 17:06:26.759 D/RilRequest( 2286): [0156]< SIM_IO error: com.android.internal.telephony.CommandException: RADIO_NOT_AVAILABLE ret=IccIoResult xx xx result={ when=-23s882ms what=4 arg1=28438 obj={ when=-23s882ms what=26 target=com.android.internal.telephony.uicc.SIMRecords } target=com.android.internal.telephony.uicc.UsimFileHandler }
08-09 17:06:26.760 D/RILJ ( 2286): [0175]> iccIO: SIM_IO [PHONE0]
08-09 17:06:26.760 D/RILJ ( 2286): [0157]< SIM_IO error 1 [PHONE0]
08-09 17:06:26.760 D/RilRequest( 2286): [0157]< SIM_IO error: com.android.internal.telephony.CommandException: RADIO_NOT_AVAILABLE ret=IccIoResult xx xx result={ when=-23s883ms what=4 arg1=28437 obj={ when=-23s883ms what=33 target=com.android.internal.telephony.uicc.SIMRecords } target=com.android.internal.telephony.uicc.UsimFileHandler }
08-09 17:06:26.760 D/RILJ ( 2286): [0160]< SIM_IO IccIoResult xx xx [PHONE0]
08-09 17:06:26.761 D/RILJ ( 2286): [0176]> iccIO: SIM_IO [PHONE0]
08-09 17:06:26.762 D/IsimUiccRecords( 2286): [ISIM-0] fetchIsimRecords 6 requested: true
08-09 17:06:26.762 D/UiccCardApplication0( 2286): Query facility FDN : FDN service available: true enabled: false
08-09 17:06:26.762 D/UiccCardApplication0( 2286): Query facility lock : 0
08-09 17:06:26.762 D/UiccCardApplication0( 2286): Query facility FDN : FDN service available: true enabled: false
08-09 17:06:26.762 D/UiccCardApplication0( 2286): Query facility lock : 0
08-09 17:06:26.764 D/CAT ( 2286): CatService: handleMessage[108]
08-09 17:06:26.764 D/CAT ( 2286): CatService: Request STK service running now...
08-09 17:06:26.767 D/RILJ ( 2286): [0177]> REPORT_STK_SERVICE_IS_RUNNING [PHONE0]
08-09 17:06:26.767 D/CAT ( 2286): CatService: handleMessage[7]
08-09 17:06:26.767 D/CAT ( 2286): CatService: Request STK service running now...
08-09 17:06:26.768 D/RILJ ( 2286): [0177]< REPORT_STK_SERVICE_IS_RUNNING [PHONE0]
08-09 17:06:26.768 D/RILJ ( 2286): [0178]> REPORT_STK_SERVICE_IS_RUNNING [PHONE0]
08-09 17:06:26.768 D/CAT ( 2286): CatService: handleMessage[8]
08-09 17:06:26.768 D/CAT ( 2286): CatService: MSG_ID_ICC_CHANGED
08-09 17:06:26.768 D/CAT ( 2286): CatService: New Card State = CARDSTATE_PRESENT Old Card State = CARDSTATE_ABSENT
08-09 17:06:26.769 D/RILJ ( 2286): [0178]< REPORT_STK_SERVICE_IS_RUNNING [PHONE0]
08-09 17:06:26.769 D/RILJ ( 2286): [0179]> REPORT_STK_SERVICE_IS_RUNNING [PHONE0]
08-09 17:06:26.770 D/UiccProfile( 2286): handleMessage: Received APP_READY for phoneId 0
08-09 17:06:26.770 D/UiccProfile0( 2286): mInvalidSimNotiDisplayed is false
08-09 17:06:26.770 D/UiccProfile0( 2286): setExternalState: !override and newstate unchanged from READY
08-09 17:06:26.770 D/UiccProfile( 2286): handleMessage: Received APP_READY for phoneId 0
08-09 17:06:26.770 D/UiccProfile0( 2286): mInvalidSimNotiDisplayed is false
08-09 17:06:26.770 D/UiccProfile0( 2286): setExternalState: !override and newstate unchanged from READY
08-09 17:06:26.770 D/SubscriptionInfoUpdater( 2286): handleMessage : 10 , slot : 0
08-09 17:06:26.770 D/SubscriptionInfoUpdater( 2286): handleSimReady: phoneId: 0
08-09 17:06:26.770 D/SubscriptionInfoUpdater( 2286): updateSubscriptionInfoByIccId:+ Start - phoneId: 0
08-09 17:06:26.770 D/SubscriptionInfoUpdater( 2286): updateSubscriptionInfoByIccId: removing subscription info record: phoneId 0
08-09 17:06:26.771 D/RILJ ( 2286): [0179]< REPORT_STK_SERVICE_IS_RUNNING [PHONE0]
08-09 17:06:26.776 D/RILJ ( 2286): [0161]< SIM_IO IccIoResult xx xx [PHONE0]
08-09 17:06:26.777 D/SubscriptionController( 2286): activeSubscriptionInfoList is null.
08-09 17:06:26.781 D/SubscriptionInfoUpdater( 2286): updateSubscriptionInfoByIccId: adding subscription info record: iccid: 899187404[****], phoneId:0
08-09 17:06:26.797 D/RILJ ( 2286): [0162]< SIM_IO IccIoResult xx xx [PHONE0]
08-09 17:06:26.797 D/SubscriptionController( 2286): isNotSupportDualRat : falseisUSAorCAN : false
08-09 17:06:26.798 D/SubscriptionController( 2286): insertNetworkModeInSubinfo : supportDualRAT !isCNHKTW !isUSAorCAN
08-09 17:06:26.798 D/SubscriptionController( 2286): New Record =0
08-09 17:06:26.806 D/SubscriptionController( 2286): Active subscription info list changed. [{id=4 iccId=899187404[****] simSlotIndex=0 carrierId=2018 displayName=Jio carrierName=No service nameSource=1 iconTint=-16746133 number=[****] dataRoaming=0 iconBitmap=null mcc=405 mnc=874 countryIso=in isEmbedded=false nativeAccessRules=null cardString=899187404[****] cardId=3 portIndex=0 isOpportunistic=false groupUUID=null isGroupDisabled=false profileClass=-1 ehplmns=[405874, 405864, 405857, 405863, 405861, 405854, 405868, 405872, 405858, 405859, 405866, 405867, 405871, 405870, 405840, 405860, 405856, 405855, 405869, 405862, 405873, 405865] hplmns=[405874] subscriptionType=0 groupOwner=null carrierConfigAccessRules=null areUiccApplicationsEnabled=true usageSetting=0}]
08-09 17:06:26.809 D/SubscriptionManager( 2286): successfully added new subscription
08-09 17:06:26.814 D/RILJ ( 2286): [0163]< SIM_IO IccIoResult xx xx [PHONE0]
08-09 17:06:26.821 D/SubscriptionController( 2286): Active subscription info list changed. [{id=4 iccId=899187404[****] simSlotIndex=0 carrierId=2018 displayName=Jio carrierName=No service nameSource=1 iconTint=-16746133 number=null dataRoaming=0 iconBitmap=null mcc=405 mnc=874 countryIso=in isEmbedded=false nativeAccessRules=null cardString=899187404[****] cardId=3 portIndex=0 isOpportunistic=false groupUUID=null isGroupDisabled=false profileClass=-1 ehplmns=[405874, 405864, 405857, 405863, 405861, 405854, 405868, 405872, 405858, 405859, 405866, 405867, 405871, 405870, 405840, 405860, 405856, 405855, 405869, 405862, 405873, 405865] hplmns=[405874] subscriptionType=0 groupOwner=null carrierConfigAccessRules=null areUiccApplicationsEnabled=true usageSetting=0}]
08-09 17:06:26.825 D/SubscriptionInfoUpdater( 2286): updateEmbeddedSubscriptions: eUICC not enabled
08-09 17:06:26.825 D/SubscriptionInfoUpdater( 2286): updateSubscriptionInfoByIccId: SubscriptionInfo update complete with esim
08-09 17:06:26.830 W/TelephonyRegistry( 1319): Pid 1319 has exceeded half the number of permissible registered listeners. Now at 35
08-09 17:06:26.832 D/SubscriptionInfoUpdater( 2286): Wait for SIM 1 Iccid
08-09 17:06:26.833 D/SubscriptionInfoUpdater( 2286): updateSubscriptionInfoByIccId: SubscriptionInfo update complete
08-09 17:06:26.833 D/SubscriptionInfoUpdater( 2286): updateEmbeddedSubscriptions: eUICC not enabled
08-09 17:06:26.833 D/SubscriptionInfoUpdater( 2286): Broadcasting intent ACTION_SIM_STATE_CHANGED READY reason null for phone: 0
08-09 17:06:26.833 D/RILJ ( 2286): [0164]< SIM_IO IccIoResult xx xx [PHONE0]
08-09 17:06:26.834 D/SubscriptionInfoUpdater( 2286): Broadcasting intent ACTION_SIM_CARD_STATE_CHANGED PRESENT for phone: 0 slot: 0 port: 0
08-09 17:06:26.837 I/am_wtf ( 1319): [0,1319,system_server,-1,NetworkPolicy,Missing subscriberId for subId 4]
08-09 17:06:26.840 I/commit_sys_config_file( 1319): [settings-0-0,17]
08-09 17:06:26.843 D/SemCarrierIdentifier( 2286): Add new icc object
08-09 17:06:26.843 D/CarrierResolver( 2286): handleMessage: 2
08-09 17:06:26.843 D/CarrierResolver( 2286): new Icc object
08-09 17:06:26.843 D/GsmCdmaPhone( 2286): [0] New ISIM application found
08-09 17:06:26.843 D/GsmCdmaPhone( 2286): [0] New Uicc application found. type = APPTYPE_USIM
08-09 17:06:26.843 D/SemGsmCdmaPhone( 2286): [0] initFdnList()
08-09 17:06:26.843 W/TelephonyRegistry( 1319): Pid 1319 has exceeded half the number of permissible registered listeners. Now at 36
08-09 17:06:26.843 D/SIMRecords( 2286): [SIMRecords-0] getOperatorNumeric: IMSI == null
08-09 17:06:26.843 D/GsmCdmaPhone( 2286): [0] New simOperatorNumeric = null
08-09 17:06:26.843 D/SIMRecords( 2286): [SIMRecords-0] getOperatorNumeric: IMSI == null
08-09 17:06:26.844 D/GsmCdmaPhone( 2286): [0] updateCurrentCarrierInProvider: mSubId = 4 currentDds = 4 operatorNumeric = simOp = ETC
08-09 17:06:26.844 D/SemGsmCdmaPhone( 2286): [0] fetchFdnList()
08-09 17:06:26.845 I/AdnRecordCache( 2286): requestLoadAllAdnLike - before AdnLikeWaiter put : efid is 28475
08-09 17:06:26.845 I/AdnRecordCache( 2286): requestLoadAllAdnLike - after AdnLikeWaiter put : efid is 28475
08-09 17:06:26.847 I/notification_cancel( 1319): [1000,1319,android,17043309,NULL,0,0,0,8,NULL]
08-09 17:06:26.847 I/notification_cancel( 1319): [1000,1319,android,17043300,NULL,0,0,0,8,NULL]
08-09 17:06:26.847 I/notification_cancel( 1319): [1000,1319,android,17043305,NULL,0,0,0,8,NULL]
08-09 17:06:26.847 I/AdnRecordLoader( 2286): mReloadingEF is 0ef is 28475
08-09 17:06:26.850 D/CAT ( 2286): CatService: handleMessage[8]
08-09 17:06:26.850 D/CAT ( 2286): CatService: MSG_ID_ICC_CHANGED
08-09 17:06:26.850 D/CAT ( 2286): CatService: New Card State = CARDSTATE_PRESENT Old Card State = CARDSTATE_PRESENT
08-09 17:06:26.850 D/GsmSMSDispatcher( 2286): GsmSMSDispatcher: subId = 4 slotId = 0
08-09 17:06:26.850 D/GsmSMSDispatcher( 2286): New Uicc application found
08-09 17:06:26.851 D/SST ( 2286): [0] New card found
08-09 17:06:26.851 D/UiccCardApplication0( 2286): Notifying 1 registrant: READY
08-09 17:06:26.851 I/power_partial_wake_state( 1319): [CHG,1,*telephony-sem-radio*:com.android.phone]
08-09 17:06:26.851 D/CarrierResolver( 2286): handleMessage: 2
08-09 17:06:26.851 D/GsmSMSDispatcher( 2286): GsmSMSDispatcher: subId = -1 slotId = 1
08-09 17:06:26.851 D/RILJ ( 2286): [0165]< SIM_IO IccIoResult xx xx [PHONE0]
08-09 17:06:26.851 D/SST ( 2286): [1] EVENT_ICC_CHANGED: SIM absent
08-09 17:06:26.851 D/SST ( 2286): [1] cancelAllNotifications: mPrevSubId=-1
08-09 17:06:26.852 D/TelephonyManager( 1319): getAllCellInfo - caller PID: 1319, UID: 1000, TID: 2483
08-09 17:06:26.854 D/SEM_RILJ( 2286): [0180]> GET_PHONEBOOK_STORAGE_INFOfileid = 28475 [PHONE0]
08-09 17:06:26.857 D/SEM_RILJ( 2286): [0180]< GET_PHONEBOOK_STORAGE_INFO {5, 0, 1, 14, 40} [PHONE0]
08-09 17:06:26.857 D/SST ( 2286): [1] getCarrierNameDisplayBitmask - SHOW_PLMN (No ServiceProviderName)
08-09 17:06:26.857 I/power_partial_wake_state( 1319): [CHG,6,*telephony-sem-radio*:com.android.phone]
08-09 17:06:26.857 D/SST ( 2286): [1] getStringForRejectCause - isEmergencyOnly: false, isRadioOn: true, mSS.getState: 1, RejectCode: 0, plmn: No service
08-09 17:06:26.857 D/SST ( 2286): [1] updateSpnDisplay: radio is on but out of service, set plmn='No service'
08-09 17:06:26.858 D/SST ( 2286): [1] updateSpnDisplay: rawSpn = , wfcVoiceSpnFormat = null, wfcDataSpnFormat = null
08-09 17:06:26.858 I/power_partial_wake_state( 1319): [REL,0,*telephony-sem-radio*:com.android.phone]
08-09 17:06:26.858 D/CarrierResolver( 2286): handleMessage: 2
08-09 17:06:26.858 D/SubscriptionInfoUpdater( 2286): handleMessage : 4 , slot : 1
08-09 17:06:26.858 D/SubscriptionInfoUpdater( 2286): updateSubscriptionInfoByIccId:+ Start - phoneId: 1
08-09 17:06:26.858 D/SubscriptionInfoUpdater( 2286): updateSubscriptionInfoByIccId: removing subscription info record: phoneId 1
08-09 17:06:26.859 D/RILJ ( 2286): [0166]< SIM_IO IccIoResult xx xx [PHONE0]
08-09 17:06:26.869 D/SubscriptionInfoUpdater( 2286): updateEmbeddedSubscriptions: eUICC not enabled
08-09 17:06:26.869 D/SubscriptionInfoUpdater( 2286): updateSubscriptionInfoByIccId: SubscriptionInfo update complete with esim
08-09 17:06:26.874 D/SubscriptionInfoUpdater( 2286): All IccIds query complete
08-09 17:06:26.876 I/am_wtf ( 1319): [0,1319,system_server,-1,NetworkPolicy,Missing subscriberId for subId 4]
08-09 17:06:26.878 D/SubscriptionInfoUpdater( 2286): updatePhoneOnState: phone1_on= 1
08-09 17:06:26.878 D/SubscriptionInfoUpdater( 2286): updatePhoneOnState: phone2_on= 1
08-09 17:06:26.878 D/RILJ ( 2286): [0168]< SIM_IO IccIoResult xx xx [PHONE0]
08-09 17:06:26.884 W/TelephonyRegistry( 1319): Pid 1319 has exceeded half the number of permissible registered listeners. Now at 36
08-09 17:06:26.886 D/PreferredNetworkUpdater( 2286): updateDefaultNetworkMode() default=26, secondary=26
08-09 17:06:26.886 D/PreferredNetworkUpdater( 2286): IsIndiaNLMode: false IsIndiaLWMode: false
08-09 17:06:26.886 D/PreferredNetworkUpdater( 2286): updateInsertSimState: phone0, prevSubId:4, subId:4, mInsertSimState:0
08-09 17:06:26.886 D/PreferredNetworkUpdater( 2286): updateInsertSimState: phone1, prevSubId:-1, subId:-1, mInsertSimState:-99
08-09 17:06:26.886 D/SubscriptionInfoUpdater( 2286): setSubInfoInitialized
08-09 17:06:26.886 D/SubscriptionInfoUpdater( 2286): SubInfo Initialized
08-09 17:06:26.890 D/SubscriptionInfoUpdater( 2286): updateSubscriptionInfoByIccId: SubscriptionInfo update complete
08-09 17:06:26.891 D/SubscriptionManager( 2286): putPhoneIdAndSubIdExtra: no valid subs
08-09 17:06:26.891 D/SubscriptionInfoUpdater( 2286): Broadcasting intent ACTION_SIM_STATE_CHANGED ABSENT reason null for phone: 1
08-09 17:06:26.896 D/TelephonyManager( 1319): getAllCellInfo - caller PID: 1319, UID: 1000, TID: 2483
08-09 17:06:26.896 W/TelephonyRegistry( 1319): Pid 1319 has exceeded half the number of permissible registered listeners. Now at 37
08-09 17:06:26.899 D/SubscriptionManager( 2286): putPhoneIdAndSubIdExtra: no valid subs
08-09 17:06:26.899 D/SubscriptionInfoUpdater( 2286): Broadcasting intent ACTION_SIM_CARD_STATE_CHANGED ABSENT for phone: 1 slot: 1 port: 0
08-09 17:06:26.909 D/CarrierResolver( 2286): [resolveSubscriptionCarrierId] simState: ABSENT
08-09 17:06:26.911 D/CarrierResolver( 2286): handleMessage: 2
08-09 17:06:26.911 D/GsmSMSDispatcher( 2286): GsmSMSDispatcher: subId = 4 slotId = 0
08-09 17:06:26.911 D/CarrierResolver( 2286): handleMessage: 2
08-09 17:06:26.911 D/GsmSMSDispatcher( 2286): GsmSMSDispatcher: subId = -1 slotId = 1
08-09 17:06:26.911 D/SST ( 2286): [1] EVENT_ICC_CHANGED: SIM absent
08-09 17:06:26.911 D/SST ( 2286): [1] cancelAllNotifications: mPrevSubId=-1
08-09 17:06:26.913 D/SST ( 2286): [1] getCarrierNameDisplayBitmask - SHOW_PLMN (No ServiceProviderName)
08-09 17:06:26.913 D/SST ( 2286): [1] getStringForRejectCause - isEmergencyOnly: false, isRadioOn: true, mSS.getState: 1, RejectCode: 0, plmn: No service
08-09 17:06:26.913 D/SST ( 2286): [1] updateSpnDisplay: radio is on but out of service, set plmn='No service'
08-09 17:06:26.913 D/SST ( 2286): [1] updateSpnDisplay: rawSpn = , wfcVoiceSpnFormat = null, wfcDataSpnFormat = null
08-09 17:06:26.914 D/CarrierResolver( 2286): handleMessage: 2
08-09 17:06:26.914 D/UiccProfile( 2286): handleMessage: Received OPEN_LOGICAL_CHANNEL_DONE for phoneId 0
08-09 17:06:26.914 D/UiccProfile( 2286): handleMessage: Error in SIM access with exception com.android.internal.telephony.CommandException: NO_SUCH_ELEMENT
08-09 17:06:26.915 D/RILJ ( 2286): [0169]< SIM_IO IccIoResult xx xx [PHONE0]
08-09 17:06:26.917 I/am_uid_running( 1319): 10102
08-09 17:06:26.923 D/GsmCdmaPhone( 2286): [0] EVENT_SUBSCRIPTIONS_CHANGED
08-09 17:06:26.923 E/Phone ( 2286): [0] Usage Setting is Supported but Preferred Setting Unknown!
08-09 17:06:26.923 D/GsmCdmaPhone( 2286): [1] EVENT_SUBSCRIPTIONS_CHANGED
08-09 17:06:26.923 D/DDS-SemPhoneSwitcher( 2286): handleMessage msg={ when=-998ms what=102 target=com.android.internal.telephony.data.SemPhoneSwitcher }
08-09 17:06:26.923 D/DDS-SemPhoneSwitcher( 2286): getRequestOverride : mPrioritizedDcRequests.size() == 0
08-09 17:06:26.923 D/DDS-SemPhoneSwitcher( 2286): getRequestOverride : RequestOverride(mState = NONE, mPhoneId = -1, mDelayReason = NONE)
08-09 17:06:26.923 D/DDS-SemPhoneSwitcher( 2286): mAutoDdsPhoneId : -1, mPreferredDataPhoneId :0
08-09 17:06:26.923 D/DDS-SemPhoneSwitcher( 2286): updatePreferredDataPhoneId: mPreferredDataPhoneId = 0(PRIMARYDATA)
08-09 17:06:26.924 D/DDS-SemPhoneSwitcher( 2286): onEvaluate : mSendRiLCommandReason = PRIMARY_DATA_PHONEID_CHANGED -> NONE
08-09 17:06:26.924 D/DDS-SemPhoneSwitcher( 2286): evaluating due to subChanged phone[0] -1->4
08-09 17:06:26.925 D/RadioConfig( 2286): [0181]> SET_PREFERRED_DATA_MODEM
08-09 17:06:26.925 D/DDS-SemPhoneSwitcher( 2286): notifyPreferredDataSubIdChanged to 4
08-09 17:06:26.925 D/rild ( 1413): setPreferredDataModem: modemId=0
08-09 17:06:26.925 D/TelephonyRegistry( 1319): notifyActiveDataSubIdChanged: activeDataSubId=4
08-09 17:06:26.927 D/DDS-TelephonyNetworkFactory[0]( 2286): handleMessage msg={ when=-1s2ms what=2 target=com.android.internal.telephony.data.TelephonyNetworkFactory$InternalHandler }
08-09 17:06:26.927 D/DDS-TelephonyNetworkFactory[0]( 2286): onSubIdChange -1->4
08-09 17:06:26.927 D/DDS-TelephonyNetworkFactory[1]( 2286): handleMessage msg={ when=-1s2ms what=2 target=com.android.internal.telephony.data.TelephonyNetworkFactory$InternalHandler }
08-09 17:06:26.927 D/RadioConfigResponse( 2286): [0181]< SET_PREFERRED_DATA_MODEM
08-09 17:06:26.928 D/RILJ ( 2286): [0182]> iccIO: SIM_IO [PHONE0]
08-09 17:06:26.930 D/RILJ ( 2286): [0182]< SIM_IO IccIoResult xx xx [PHONE0]
08-09 17:06:26.938 D/SIMRecords( 2286): [SIMRecords-0] getOperatorNumeric: IMSI == null
08-09 17:06:26.940 E/DCT-C-0 ( 2286): getPreferredApnSetId: cursor is null
08-09 17:06:26.942 I/am_proc_start( 1319): [0,3215,10102,com.samsung.android.mcfserver,service,{com.samsung.android.mcfserver/com.samsung.android.mcfserver.McfService}]
08-09 17:06:26.942 D/SST ( 2286): [1] EVENT_POLL_STATE_NETWORK_SELECTION_MODE
08-09 17:06:26.942 D/SST ( 2286): [0] EVENT_POLL_STATE_NETWORK_SELECTION_MODE
08-09 17:06:26.949 I/power_partial_wake_state( 1319): [CHG,4,*telephony-radio*:com.android.phone]
08-09 17:06:26.950 D/RILJ ( 2286): [0183]> IMS_REGISTRATION_STATE [PHONE1]
08-09 17:06:26.951 D/RILJ ( 2286): [0170]< SIM_IO IccIoResult xx xx [PHONE0]
08-09 17:06:26.951 D/RILJ ( 2286): [0184]> IMS_REGISTRATION_STATE [PHONE1]
08-09 17:06:26.951 D/RILJ ( 2286): [0183]< IMS_REGISTRATION_STATE {0, 1} [PHONE1]
08-09 17:06:26.951 D/DCT-C-1 ( 2286): EVENT_IMS_PREFERENCE_CHANGED
08-09 17:06:26.951 D/DCT-C-1 ( 2286): EVENT_IMS_PREFERENCE_CHANGED - mSupportVolteRoaming: true, supportVolteRoaming: true
08-09 17:06:26.951 D/SemGsmCdmaPhone( 2286): [1] EVENT_IMS_PREFERENCE_CHANGED Received
08-09 17:06:26.951 D/ImsPreference( 2286): [1] emergencyDomainPref: 0, imsSupportType: 0, supportVolteRoaming: true, smsFormat: 1, enableSms: true, enableSmsWriteUicc: false, volteEutranPref: 3, volteUtranPref: 0, ssDomainPref: 0, callWaitingPathPref: 1, supportSrvcc: false
08-09 17:06:26.951 D/SST ( 2286): [1] pollState: modemTriggered=true, radioState=1
08-09 17:06:26.952 D/RILJ ( 2286): [0185]> OPERATOR [PHONE1]
08-09 17:06:26.953 D/RILJ ( 2286): [0186]> QUERY_NETWORK_SELECTION_MODE [PHONE1]
08-09 17:06:26.953 D/SST ( 2286): [0] pollState: modemTriggered=true, radioState=1
08-09 17:06:26.954 D/RILJ ( 2286): [0188]> OPERATOR [PHONE0]
08-09 17:06:26.954 E/RILD2 ( 1413): GetOperatorName: fetch sys info
08-09 17:06:26.954 D/RILJ ( 2286): [0187]> DATA_REGISTRATION_STATE [PHONE1]
08-09 17:06:26.954 E/RILD2 ( 1413): UpdateVoiceRte: [CS] 1x reg [0], gsm reg [2], wcdma reg [2], lte reg [2], hdr reg [0], Td reg [0], 5G reg [2]
08-09 17:06:26.954 D/RILJ ( 2286): getDataRegistrationState: overrideHalVersion=null [PHONE1]
08-09 17:06:26.954 E/RILD2 ( 1413): UpdateVoiceRte: mVoiceRte(0), Confidence(4), mReportedLteSmsStatus(0)
08-09 17:06:26.954 E/RILD2 ( 1413): SetDataRteRegStatus: [PS] 1x reg [0], gsm reg [2], wcdma reg [2], lte reg [2], hdr reg [0], Td reg [0], nr5g reg [2] pref_data_tech(0), radio_tech_flag(2)
08-09 17:06:26.954 E/RILD2 ( 1413): UpdateDataRte: mDataRte(0), Confidence(4)
08-09 17:06:26.954 E/RILD2 ( 1413): UpdateImsRte: mImsRte(0), Confidence(4)
08-09 17:06:26.955 D/RILJ ( 2286): [0189]> QUERY_NETWORK_SELECTION_MODE [PHONE0]
08-09 17:06:26.955 D/SST ( 2286): [1] EVENT_GET_EXTENDED_REGISTRATION_STATE
08-09 17:06:26.955 E/RILD2 ( 1413): UpdateVoiceRte: [CS] 1x reg [0], gsm reg [2], wcdma reg [2], lte reg [2], hdr reg [0], Td reg [0], 5G reg [2]
08-09 17:06:26.955 E/RILD2 ( 1413): UpdateVoiceRte: mVoiceRte(0), Confidence(4), mReportedLteSmsStatus(0)
08-09 17:06:26.955 E/RILD2 ( 1413): SetDataRteRegStatus: [PS] 1x reg [0], gsm reg [2], wcdma reg [2], lte reg [2], hdr reg [0], Td reg [0], nr5g reg [2] pref_data_tech(0), radio_tech_flag(2)
08-09 17:06:26.955 E/RILD2 ( 1413): UpdateDataRte: mDataRte(0), Confidence(4)
08-09 17:06:26.955 E/RILD2 ( 1413): UpdateImsRte: mImsRte(0), Confidence(4)
08-09 17:06:26.956 E/RILD2 ( 1413): HalIoChannel::Write: mSehChannelImpl->mSehChannelCallback == null [epdgd2]
08-09 17:06:26.956 E/RILD2 ( 1413): IO channel write error.
08-09 17:06:26.956 E/RILD2 ( 1413): DataNetRegStateHandler - Can't read ePDG state
08-09 17:06:26.956 E/RILD2 ( 1413): DataNetRegStateHandler - Delete message
08-09 17:06:26.956 D/RILJ ( 2286): [0184]< IMS_REGISTRATION_STATE {0, 1} [PHONE1]
08-09 17:06:26.957 D/RILJ ( 2286): [0190]> VOICE_REGISTRATION_STATE [PHONE1]
08-09 17:06:26.957 D/RILJ ( 2286): getVoiceRegistrationState: overrideHalVersion=null [PHONE1]
08-09 17:06:26.957 D/SST ( 2286): [0] EVENT_GET_EXTENDED_REGISTRATION_STATE
08-09 17:06:26.957 D/RILJ ( 2286): [0188]< OPERATOR [PHONE0]
08-09 17:06:26.957 D/SST ( 2286): [0] EVENT_GET_EXTENDED_REGISTRATION_STATE
08-09 17:06:26.957 D/SST ( 2286): [0] EVENT_POLL_STATE_NETWORK_SELECTION_MODE
08-09 17:06:26.958 D/RILJ ( 2286): [0191]> DATA_REGISTRATION_STATE [PHONE0]
08-09 17:06:26.958 D/RILJ ( 2286): getDataRegistrationState: overrideHalVersion=null [PHONE0]
08-09 17:06:26.958 D/RILJ ( 2286): [0185]< OPERATOR [PHONE1]
08-09 17:06:26.959 D/RILJ ( 2286): [0189]< QUERY_NETWORK_SELECTION_MODE {0} [PHONE0]
08-09 17:06:26.959 E/RILD ( 1413): HalIoChannel::Write: mSehChannelImpl->mSehChannelCallback == null [epdgd]
08-09 17:06:26.959 E/RILD ( 1413): IO channel write error.
08-09 17:06:26.959 E/RILD ( 1413): DataNetRegStateHandler - Can't read ePDG state
08-09 17:06:26.959 E/RILD ( 1413): DataNetRegStateHandler - Delete message
08-09 17:06:26.959 D/RILJ ( 2286): [0193]> VOICE_REGISTRATION_STATE [PHONE0]
08-09 17:06:26.959 D/RILJ ( 2286): getVoiceRegistrationState: overrideHalVersion=null [PHONE0]
08-09 17:06:26.960 E/RILD ( 1413): Serving cell rsrp: -794. rsrq: -143. rssi: -506. srxlev: 0. signal Strength: 31
08-09 17:06:26.960 D/RILJ ( 2286): [0186]< QUERY_NETWORK_SELECTION_MODE {0} [PHONE1]
08-09 17:06:26.960 E/RILD2 ( 1413): UpdateVoiceRte: [CS] 1x reg [0], gsm reg [2], wcdma reg [2], lte reg [2], hdr reg [0], Td reg [0], 5G reg [2]
08-09 17:06:26.960 E/RILD2 ( 1413): UpdateVoiceRte: mVoiceRte(0), Confidence(4), mReportedLteSmsStatus(0)
08-09 17:06:26.960 E/RILD2 ( 1413): SetDataRteRegStatus: [PS] 1x reg [0], gsm reg [2], wcdma reg [2], lte reg [2], hdr reg [0], Td reg [0], nr5g reg [2] pref_data_tech(0), radio_tech_flag(2)
08-09 17:06:26.960 E/RILD2 ( 1413): UpdateDataRte: mDataRte(0), Confidence(4)
08-09 17:06:26.960 E/RILD2 ( 1413): UpdateImsRte: mImsRte(0), Confidence(4)
08-09 17:06:26.960 D/CellularNetworkService( 2286): No access tech specific info passes for RegStateResult
08-09 17:06:26.960 D/NRM-C-1 ( 2286): onRequestNetworkRegistrationInfoComplete result: 0, info: NetworkRegistrationInfo{ domain=PS transportType=WWAN registrationState=NOT_REG_SEARCHING roamingType=NOT_ROAMING accessNetworkTechnology=UNKNOWN rejectCause=0 emergencyEnabled=false availableServices=[] cellIdentity=null voiceSpecificInfo=null dataSpecificInfo=android.telephony.DataSpecificRegistrationInfo :{ maxDataCalls = 16 isDcNrRestricted = false isNrAvailable = false isEnDcAvailable = false LteVopsSupportInfo : mVopsSupport = 1 mEmcBearerSupport = 1 } nrState=**** rRplmn= isUsingCarrierAggregation=false}
08-09 17:06:26.960 D/RILJ ( 2286): [0187]< DATA_REGISTRATION_STATE {.regState = NOT_REG_MT_SEARCHING_OP, .rat = UNKNOWN, .reasonForDenial = NONE, .cellIdentity = {.noinit = {}}, .registeredPlmn = , .accessTechnologySpecificInfo = {.noinit = {}}} [PHONE1]
08-09 17:06:26.961 D/RILJ ( 2286): [0192]> SET_SIGNAL_STRENGTH_REPORTING_CRITERIA [PHONE0]
08-09 17:06:26.961 D/SSCtr ( 2286): setSignalStrengthReportingCriteria consolidatedSignalThresholdInfos=[SignalThresholdInfo{mRan=1 mSignalMeasurementType=1 mHysteresisMs=3000 mHysteresisDb=2 mThresholds=[-107, -103, -97, -89] mIsEnabled=true}, SignalThresholdInfo{mRan=2 mSignalMeasurementType=2 mHysteresisMs=3000 mHysteresisDb=2 mThresholds=[-115, -105, -95, -85] mIsEnabled=true}, SignalThresholdInfo{mRan=3 mSignalMeasurementType=3 mHysteresisMs=3000 mHysteresisDb=2 mThresholds=[-128, -118, -108, -98] mIsEnabled=true}, SignalThresholdInfo{mRan=3 mSignalMeasurementType=4 mHysteresisMs=3000 mHysteresisDb=2 mThresholds=[] mIsEnabled=false}, SignalThresholdInfo{mRan=3 mSignalMeasurementType=5 mHysteresisMs=3000 mHysteresisDb=2 mThresholds=[] mIsEnabled=false}, SignalThresholdInfo{mRan=6 mSignalMeasurementType=6 mHysteresisMs=3000 mHysteresisDb=2 mThresholds=[-110, -90, -80, -65] mIsEnabled=true}, SignalThresholdInfo{mRan=6 mSignalMeasurementType=7 mHysteresisMs=3000 mHysteresisDb=2 mThresholds=[] mIsEnabled=false}, SignalThresholdInfo{mRan=6 mSignalMeasurementType=8 mHysteresisMs=3000 mHysteresisDb=2 mThresholds=[] mIsEnabled=false}]
08-09 17:06:26.961 D/GsmCdmaCallTracker( 2286): Event EVENT_POLL_CALLS_RESULT Received
08-09 17:06:26.961 D/GsmCdmaCallTracker( 2286): [0] handle EVENT_POLL_CALL_RESULT: set needsPoll=F
08-09 17:06:26.961 E/RILD ( 1413): Serving cell rsrp: -794. rsrq: -143. rssi: -506. srxlev: 0. signal Strength: 31
08-09 17:06:26.961 D/GsmCdmaCallTracker( 2286): [0] poll: conn[i=0]=null, dc=null
08-09 17:06:26.961 D/RILJ ( 2286): [0191]< DATA_REGISTRATION_STATE {.regState = REG_HOME, .rat = LTE, .reasonForDenial = NONE, .cellIdentity = {.lte = {.base = {.base = {.mcc = 405, .mnc = 874, .ci = , .pci = , .tac = , .earfcn = 2525}, .operatorNames = {.alphaLong = JIO 4G, .alphaShort = JIO 4G}, .bandwidth = -1}, .additionalPlmns = [], .optionalCsgInfo = {.noinit = {}}, .bands = [5]}}, .registeredPlmn = 405874, .accessTechnologySpecificInfo = {.eutranInfo = {.lteVopsInfo = {.isVopsSupported = true, .isEmcBearerSupported = true}, .nrIndicators = {.isEndcAvailable = false, .isDcNrRestricted = false, .isNrAvailable = false}}}} [PHONE0]
08-09 17:06:26.961 D/GsmCdmaCallTracker( 2286): [0] poll: conn[i=1]=null, dc=null
08-09 17:06:26.961 D/GsmCdmaCallTracker( 2286): [0] poll: conn[i=2]=null, dc=null
08-09 17:06:26.962 D/GsmCdmaCallTracker( 2286): [0] calltrackerDump: handlePollCalls
08-09 17:06:26.962 D/GsmCdmaCallTracker( 2286): [0] updatePhoneState oldState=IDLE, newState=IDLE
08-09 17:06:26.962 D/SmsDispatchersController( 2286): IMS registration state: false format: 3gpp
08-09 17:06:26.962 D/GsmCdmaPhone( 2286): [0] EVENT_REQUEST_VOICE_RADIO_TECH_DONE: newVoiceTech=3
08-09 17:06:26.962 D/NRM-C-0 ( 2286): onRequestNetworkRegistrationInfoComplete result: 0, info: NetworkRegistrationInfo{ domain=PS transportType=WWAN registrationState=HOME roamingType=NOT_ROAMING accessNetworkTechnology=LTE rejectCause=0 emergencyEnabled=false availableServices=[DATA] cellIdentity=CellIdentityLte:{ mCi=7***33 mPci=275 mTac=*3 mEarfcn=2525 mBands=[5] mBandwidth=2147483647 mMcc=405 mMnc=874 mAlphaLong=JIO 4G mAlphaShort=JIO 4G mAdditionalPlmns={} mCsgInfo=null} voiceSpecificInfo=null dataSpecificInfo=android.telephony.DataSpecificRegistrationInfo :{ maxDataCalls = 16 isDcNrRestricted = false isNrAvailable = false isEnDcAvailable = false LteVopsSupportInfo : mVopsSupport = 2 mEmcBearerSupport = 2 } nrState=**** rRplmn=405874 isUsingCarrierAggregation=false}
08-09 17:06:26.962 D/SEM_RILJ( 2286): [UNSL]< UNSOL_EXTENDED_REGISTRATION_STATE {.isValid = true, .snapshotStatus = 0, .unprocessedDataRegState = REG_HOME, .unprocessedDataRat = 14, .mobileOptionalRat = 0, .imsEmergencyCallBarring = 2, .unprocessedVoiceRegState = REG_HOME, .isPsOnlyReg = false} [PHONE0]
08-09 17:06:26.962 D/GsmCdmaPhone( 2286): [0] phoneObjectUpdater: newVoiceRadioTech=3
08-09 17:06:26.962 D/GsmCdmaPhone( 2286): [0] phoneObjectUpdater: No change ignore, newVoiceRadioTech=3 mActivePhone=GSM
08-09 17:06:26.962 D/CdmaSSM ( 2286): CDMA_SUBSCRIPTION_SOURCE event = 2
08-09 17:06:26.962 W/CdmaSSM ( 2286): Unable to get CDMA Subscription Source, Exception: com.android.internal.telephony.CommandException: REQUEST_NOT_SUPPORTED, result: [I@e5e7b41
08-09 17:06:26.962 D/GsmCdmaPhone( 2286): [0] Event BarringInfoChanged Received - barringInfo: BarringInfo {mCellIdentity=CellIdentityLte:{ mCi=7***33 mPci=0 mTac=*3 mEarfcn=0 mBands=[1] mBandwidth=0 mMcc=405 mMnc=874 mAlphaLong= mAlphaShort= mAdditionalPlmns={} mCsgInfo=null}, mBarringServiceInfos={0={isBarred: false (type: 0, isConditionally: false), factor: 0, timeseconds: 0}, 1={isBarred: false (type: 0, isConditionally: false), factor: 0, timeseconds: 0}, 2={isBarred: false (type: 0, isConditionally: false), factor: 0, timeseconds: 0}, 3={isBarred: false (type: 0, isConditionally: false), factor: 0, timeseconds: 0}, 4={isBarred: false (type: 0, isConditionally: false), factor: 0, timeseconds: 0}, 5={isBarred: false (type: 0, isConditionally: false), factor: 0, timeseconds: 0}, 6={isBarred: false (type: 0, isConditionally: false), factor: 0, timeseconds: 0}, 7={isBarred: false (type: 0, isConditionally: false), factor: 0, timeseconds: 0}, 8={isBarred: false (type: 0, isConditionally: false), factor: 0, timeseconds: 0}, 9={isBarred: false (type: 0, isConditionally: false), factor: 0, timeseconds: 0}}}
08-09 17:06:26.962 D/SEM_RILJ( 2286): [UNSL]< UNSOL_EXTENDED_REGISTRATION_STATE {.isValid = true, .snapshotStatus = 0, .unprocessedDataRegState = NOT_REG_MT_SEARCHING_OP, .unprocessedDataRat = 0, .mobileOptionalRat = 0, .imsEmergencyCallBarring = 0, .unprocessedVoiceRegState = NOT_REG_MT_SEARCHING_OP, .isPsOnlyReg = false} [PHONE1]
08-09 17:06:26.964 D/VCT ( 2286): [0] mLastSetConfiguration size: 1, mConfigurationLists.size: 10
08-09 17:06:26.964 D/DSM-C-1 ( 2286): onServiceConnected
08-09 17:06:26.965 D/NRM-C-0 ( 2286): onRequestNetworkRegistrationInfoComplete result: 0, info: NetworkRegistrationInfo{ domain=CS transportType=WWAN registrationState=HOME roamingType=NOT_ROAMING accessNetworkTechnology=LTE rejectCause=0 emergencyEnabled=false availableServices=[VOICE,SMS,VIDEO] cellIdentity=CellIdentityLte:{ mCi=7***33 mPci=275 mTac=*3 mEarfcn=2525 mBands=[5] mBandwidth=2147483647 mMcc=405 mMnc=874 mAlphaLong=JIO 4G mAlphaShort=JIO 4G mAdditionalPlmns={} mCsgInfo=null} voiceSpecificInfo=VoiceSpecificRegistrationInfo { mCssSupported=false mRoamingIndicator=0 mSystemIsInPrl=0 mDefaultRoamingIndicator=0} dataSpecificInfo=null nrState=**** rRplmn=405874 isUsingCarrierAggregation=false}
08-09 17:06:26.965 D/CellularDataService( 2286): Cellular data service created for slot 1
08-09 17:06:26.965 D/DSM-C-0 ( 2286): onServiceConnected
08-09 17:06:26.967 D/RILJ ( 2286): [0193]< VOICE_REGISTRATION_STATE {.regState = REG_HOME, .rat = LTE, .reasonForDenial = NONE, .cellIdentity = {.lte = {.base = {.base = {.mcc = 405, .mnc = 874, .ci = , .pci = , .tac = , .earfcn = 2525}, .operatorNames = {.alphaLong = JIO 4G, .alphaShort = JIO 4G}, .bandwidth = -1}, .additionalPlmns = [], .optionalCsgInfo = {.noinit = {}}, .bands = [5]}}, .registeredPlmn = 405874, .accessTechnologySpecificInfo = {.cdmaInfo = {.cssSupported = false, .roamingIndicator = 0, .systemIsInPrl = NOT_IN_PRL, .defaultRoamingIndicator = 0}}} [PHONE0]
08-09 17:06:26.967 D/RILJ ( 2286): [0192]< SET_SIGNAL_STRENGTH_REPORTING_CRITERIA [PHONE0]
08-09 17:06:26.969 D/DCT-C-0 ( 2286): hasMatchedTetherApnSetting: APNs=[]
08-09 17:06:26.970 D/NRM-C-1 ( 2286): onRequestNetworkRegistrationInfoComplete result: 0, info: NetworkRegistrationInfo{ domain=CS transportType=WWAN registrationState=NOT_REG_SEARCHING roamingType=NOT_ROAMING accessNetworkTechnology=UNKNOWN rejectCause=0 emergencyEnabled=false availableServices=[] cellIdentity=null voiceSpecificInfo=VoiceSpecificRegistrationInfo { mCssSupported=false mRoamingIndicator=0 mSystemIsInPrl=0 mDefaultRoamingIndicator=0} dataSpecificInfo=null nrState=**** rRplmn= isUsingCarrierAggregation=false}
08-09 17:06:26.973 D/RILJ ( 2286): [0190]< VOICE_REGISTRATION_STATE {.regState = NOT_REG_MT_SEARCHING_OP, .rat = UNKNOWN, .reasonForDenial = NONE, .cellIdentity = {.noinit = {}}, .registeredPlmn = , .accessTechnologySpecificInfo = {.cdmaInfo = {.cssSupported = false, .roamingIndicator = 0, .systemIsInPrl = NOT_IN_PRL, .defaultRoamingIndicator = 0}}} [PHONE1]
08-09 17:06:26.974 I/power_partial_wake_state( 1319): [CHG,24,*telephony-radio*:com.android.phone]
08-09 17:06:26.975 I/power_partial_wake_state( 1319): [REL,1,*telephony-radio*:com.android.phone]
08-09 17:06:26.976 I/am_proc_start( 1319): [0,3221,1001,com.samsung.android.app.telephonyui,content provider,{com.samsung.android.app.telephonyui/com.samsung.android.app.telephonyui.provider.InternalContentProvider}]
08-09 17:06:26.976 D/RILJ ( 2286): [0171]< SIM_IO IccIoResult xx xx [PHONE0]
08-09 17:06:26.976 E/RILJ ( 2286): processResponse: Unexpected response! serial: 192 ,error: 0
08-09 17:06:26.976 E/RILJ ( 2286): processResponse: Unexpected response! serial: 192 ,error: 0
08-09 17:06:26.976 E/RILJ ( 2286): processResponse: Unexpected response! serial: 192 ,error: 0
08-09 17:06:26.976 D/RILJ ( 2286): [0172]< SIM_IO IccIoResult xx xx [PHONE0]
08-09 17:06:26.976 E/RILJ ( 2286): processResponse: Unexpected response! serial: 192 ,error: 0
08-09 17:06:26.976 E/RILJ ( 2286): processResponse: Unexpected response! serial: 192 ,error: 0
08-09 17:06:26.976 E/RILJ ( 2286): processResponse: Unexpected response! serial: 192 ,error: 0
08-09 17:06:26.976 E/RILJ ( 2286): processResponse: Unexpected response! serial: 192 ,error: 0
08-09 17:06:26.976 I/service_manager_slow( 2286): [10,carrier_config]
08-09 17:06:26.977 I/am_proc_bound( 1319): [0,3215,com.samsung.android.mcfserver]
08-09 17:06:26.977 D/CellularDataService( 2286): Cellular data service created for slot 0
08-09 17:06:26.978 I/power_partial_wake_state( 1319): [CHG,1,*telephony-sem-radio*:com.android.phone]
08-09 17:06:26.978 I/notification_cancel( 1319): [1073,2392,com.google.android.networkstack.tethering,1002,NULL,-1,0,1088,8,NULL]
08-09 17:06:26.978 I/am_uid_active( 1319): 10102
08-09 17:06:26.980 I/notification_cancel( 1319): [1073,2392,com.google.android.networkstack.tethering,1003,NULL,-1,0,1088,8,NULL]
08-09 17:06:26.981 D/SEM_RILJ( 2286): [0194]> OEM_HOOK_RAW[1182000D010000000000000400] [PHONE0]
08-09 17:06:26.985 D/SEM_RILJ( 2286): [0194]< OEM_HOOK_RAW [B@fe3be27 [PHONE0]
08-09 17:06:26.985 I/power_partial_wake_state( 1319): [CHG,3,*telephony-sem-radio*:com.android.phone]
08-09 17:06:26.985 I/power_partial_wake_state( 1319): [CHG,7,*telephony-sem-radio*:com.android.phone]
08-09 17:06:26.985 D/SEM_RILJ( 2286): [0195]> OEM_HOOK_RAW[1182000D010000000000000400] [PHONE1]
08-09 17:06:26.985 D/VCT ( 2286): [1] mLastSetConfiguration size: 1, mConfigurationLists.size: 0
08-09 17:06:26.986 I/power_partial_wake_state( 1319): [REL,1,*telephony-sem-radio*:com.android.phone]
08-09 17:06:26.987 D/SEM_RILJ( 2286): [0195]< OEM_HOOK_RAW [B@11208d4 [PHONE1]
08-09 17:06:26.988 I/power_partial_wake_state( 1319): [CHG,3,*telephony-sem-radio*:com.android.phone]
