08-09 17:06:32.824 E/RILD2 ( 1413): Run(): nlmsg_type = 20
08-09 17:06:32.826 E/RILD2 ( 1413): Run(): nlmsg_type = 52
08-09 17:06:32.827 E/RILD ( 1413): Run(): nlmsg_type = 52
08-09 17:06:32.827 E/RILD ( 1413): [E] OnIpv6PrefixConfigured: This prefix is not for me.
08-09 17:06:32.855 D/DCT-C-0 ( 2286): getPreferredApn: For APN type default found apnSetting [ApnSetting] Jio 4G, 6085, 405874, jionet, , null, , null, null, 0, supl | hipri | default | xcap, IPV4V6, IPV4V6, true, 0, false, 20, 0, 300, 0, 0, null, , false, UNKNOWN, UNKNOWN, 0, -1, -1, false
08-09 17:06:32.856 D/DCT-C-0 ( 2286): AllowInternetCapability : preferredApnName: jionet, apnName: IMS
08-09 17:06:32.858 D/Dcc-C-0 ( 2286): onDataStateChanged: dcsList=[DataCallResponse: { cause=NONE(0x0) retry=-1 cid=1 linkStatus=2 protocolType=2 ifname=rmnet_data0 addresses=[192.0.0.2/27, 2409:40c0:1070:3c15:6056:fb80:d49:39b2/64] dnses=[/192.0.0.1, /0.0.0.0, /2405:200:800::11, /2405:200:800::11] gateways=[/192.0.0.1, /fe80::2] pcscf=[] mtu=1400 mtuV4=1372 mtuV6=1400 handoverFailureMode=fallback pduSessionId=0 defaultQos=null qosBearerSessions=[] sliceInfo=null trafficDescriptors=[]}, DataCallResponse: { cause=NONE(0x0) retry=-1 cid=2 linkStatus=2 protocolType=1 ifname=rmnet_data1 addresses=[2409:4100:1076:5173:8000::/64] dnses=[/2405:200:800::11, /2405:200:800::11] gateways=[/fe80::3] pcscf=[/2405:200:610:1471:29::14, /2405:200:610:b471:21::1b] mtu=1400 mtuV4=0 mtuV6=1400 handoverFailureMode=fallback pduSessionId=0 defaultQos=null qosBearerSessions=[] sliceInfo=null trafficDescriptors=[]}] dcListActiveByCid={1={DC-C-1: State=DcActiveState mApnSetting=[ApnSetting] Jio 4G, 6085, 405874, jionet, , null, , null, null, 0, supl | hipri | default | xcap, IPV4V6, IPV4V6, true, 0, false, 20, 0, 300, 0, 0, null, , false, UNKNOWN, UNKNOWN, 0, -1, -1, false RefCount=1 mCid=1 mCreateTime=-1 mLastastFailTime=-1 mLastFailCause=NONE(0x0) mTag=2 mLinkProperties={InterfaceName: rmnet_data0 LinkAddresses: [ 192.0.0.2/27,2409:40c0:1070:3c15:6056:fb80:d49:39b2/64 ] DnsAddresses: [ /192.0.0.1,/2405:200:800::11 ] Domains: null MTU: 1400 TcpBufferSizes: 2097152,4194304,8388608,524288,1572864,2097152 Routes: [ 0.0.0.0/0 -> 192.0.0.1 rmnet_data0 mtu 1372,::/0 -> fe80::2 rmnet_data0 mtu 1400 ]} linkCapabilities=[ Transports: CELLULAR Capabilities: SUPL&XCAP&INTERNET&NOT_RESTRICTED&TRUSTED&NOT_VPN&NOT_ROAMING&NOT_CONGESTED&NOT_SUSPENDED&NOT_VCN_MANAGED LinkUpBandwidth>=15000Kbps LinkDnBandwidth>=30000Kbps Specifier: SubscriptionIds: {4} UnderlyingNetworks: Null] mRestrictedNetworkOverride=false mApnContexts={{mApnType=default mState=CONNECTED mWaitingApns={[[ApnSetting] Jio 4G, 6085, 405874, jionet, , null, , null, null, 0, supl | hipri | default | xcap, IPV4V6, IPV4V6, true, 0, false, 20, 0, 300, 0, 0, null, , false, UNKNOWN, UNKNOWN, 0, -1, -1, false] priority=1} mApnSetting={[ApnSetting] Jio 4G, 6085, 405874, jionet, , null, , null, null, 0, supl | hipri | default | xcap, IPV4V6, IPV4V6, true, 0, false, 20, 0, 300, 0, 0, null, , false, UNKNOWN, UNKNOWN, 0, -1, -1, false} mReason=connected mNeedDisconnectByDdsChange=false mDataEnabled=true}={mTag=2 mApnContext={mApnType=default mState=CONNECTED mWaitingApns={[[ApnSetting] Jio 4G, 6085, 405874, jionet, , null, , null, null, 0, supl | hipri | default | xcap, IPV4V6, IPV4V6, true, 0, false, 20, 0, 300, 0, 0, null, , false, UNKNOWN, UNKNOWN, 0, -1, -1, false] priority=1} mApnSetting={[ApnSetting] Jio 4G, 6085, 405874, jionet, , null, , null, null, 0, supl | hipri | default | xcap, IPV4V6, IPV4V6, true, 0, false, 20, 0, 300, 0, 0, null, , false, UNKNOWN, UNKNOWN, 0, -1, -1, false} mReason=connected mNeedDisconnectByDdsChange=false mDataEnabled=true} mProfileId=0 mRat=14 mOnCompletedMsg={what=0x42000 when=-30s748ms obj=Pair{{mApnType=default mState=CONNECTED mWaitingApns={[[ApnSetting] Jio 4G, 6085, 405874, jionet, , null, , null, null, 0, supl | hipri | default | xcap, IPV4V6, IPV4V6, true, 0, false, 20, 0, 300, 0, 0, null, , false, UNKNOWN, UNKNOWN, 0, -1, -1, false] priority=1} mApnSetting={[ApnSetting] Jio 4G, 6085, 405874, jionet, , null, , null, null, 0, supl | hipri | default | xcap, IPV4V6, IPV4V6, true, 0, false, 20, 0, 300, 0, 0, null, , false, UNKNOWN, UNKNOWN, 0, -1, -1, false} mReason=connected mNeedDisconnectByDdsChange=false mDataEnabled=true} 1} target=Handler (com.android.internal.telephony.dataconnection.DcTracker) {36fee47} replyTo=null} mRequestType=NORMAL mSubId=4 mIsPreferredApn=true}}}, 2={DC-C-2: State=DcActiveState mApnSetting=[ApnSetting] IMS, 6086, 405874, IMS, , null, , null, null, 0, ims, IPV4V6, IPV4V6, true, 0, false, 20, 0, 300, 0, 0, null, , false, UNKNOWN, UNKNOWN, 0, -1, -1, false RefCount=1 mCid=2 mCreateTime=-1 mLastastFai
08-09 17:06:32.859 D/Dcc-C-0 ( 2286): onDataStateChanged: dcsToRetry=[]
08-09 17:06:32.859 D/Dcc-C-0 ( 2286): onDataStateChanged: Found ConnId=1 newState=DataCallResponse: { cause=NONE(0x0) retry=-1 cid=1 linkStatus=2 protocolType=2 ifname=rmnet_data0 addresses=[192.0.0.2/27, 2409:40c0:1070:3c15:6056:fb80:d49:39b2/64] dnses=[/192.0.0.1, /0.0.0.0, /2405:200:800::11, /2405:200:800::11] gateways=[/192.0.0.1, /fe80::2] pcscf=[] mtu=1400 mtuV4=1372 mtuV6=1400 handoverFailureMode=fallback pduSessionId=0 defaultQos=null qosBearerSessions=[] sliceInfo=null trafficDescriptors=[]}
08-09 17:06:32.859 D/DC-C-1 ( 2286): addr/pl=/192.0.0.2/27
08-09 17:06:32.859 D/DC-C-1 ( 2286): addr/pl=/2409:40c0:1070:3c15:6056:fb80:d49:39b2/64
08-09 17:06:32.859 D/DC-C-1 ( 2286): updateTcpBufferSizes: lte_ca
08-09 17:06:32.859 D/DC-C-1 ( 2286): updateLinkProperty old LP={InterfaceName: rmnet_data0 LinkAddresses: [ 192.0.0.2/27,2409:40c0:1070:3c15:6056:fb80:d49:39b2/64 ] DnsAddresses: [ /192.0.0.1,/2405:200:800::11 ] Domains: null MTU: 1400 TcpBufferSizes: 2097152,4194304,8388608,524288,1572864,2097152 Routes: [ 0.0.0.0/0 -> 192.0.0.1 rmnet_data0 mtu 1372,::/0 -> fe80::2 rmnet_data0 mtu 1400 ]}
08-09 17:06:32.859 D/DC-C-1 ( 2286): updateLinkProperty new LP={InterfaceName: rmnet_data0 LinkAddresses: [ 192.0.0.2/27,2409:40c0:1070:3c15:6056:fb80:d49:39b2/64 ] DnsAddresses: [ /192.0.0.1,/2405:200:800::11 ] Domains: null MTU: 1400 TcpBufferSizes: 2097152,4194304,8388608,4096,1048576,2097152 Routes: [ 0.0.0.0/0 -> 192.0.0.1 rmnet_data0 mtu 1372,::/0 -> fe80::2 rmnet_data0 mtu 1400 ]}
08-09 17:06:32.860 D/Dcc-C-0 ( 2286): onDataStateChanged: no changes
08-09 17:06:32.860 D/Dcc-C-0 ( 2286): onDataStateChanged: Found ConnId=2 newState=DataCallResponse: { cause=NONE(0x0) retry=-1 cid=2 linkStatus=2 protocolType=1 ifname=rmnet_data1 addresses=[2409:4100:1076:5173:8000::/64] dnses=[/2405:200:800::11, /2405:200:800::11] gateways=[/fe80::3] pcscf=[/2405:200:610:1471:29::14, /2405:200:610:b471:21::1b] mtu=1400 mtuV4=0 mtuV6=1400 handoverFailureMode=fallback pduSessionId=0 defaultQos=null qosBearerSessions=[] sliceInfo=null trafficDescriptors=[]}
08-09 17:06:32.868 E/DCT-C-0 ( 2286): getPreferredApnSetId: cursor is null
08-09 17:06:32.871 D/DCT-C-0 ( 2286): hasMatchedTetherApnSetting: APNs=[]
08-09 17:06:32.895 I/netstats_mobile_sample( 1319): [8599,31,3792,37,8599,31,3792,37,8251,27,3876,38,1691580992896]
08-09 17:06:32.895 D/DC-C-2 ( 2286): addr/pl=/2409:4100:1076:5173:8000::/64
08-09 17:06:32.895 I/netstats_wifi_sample( 1319): [0,0,0,0,0,0,0,0,0,0,0,0,1691580992896]
08-09 17:06:32.895 I/power_partial_wake_state( 1319): [REL,14,NetworkStats:android]
08-09 17:06:32.896 D/DC-C-2 ( 2286): updateTcpBufferSizes: lte_ca
08-09 17:06:32.897 D/Dcc-C-0 ( 2286): onDataStateChanged: no change
08-09 17:06:32.897 D/Dcc-C-0 ( 2286): onDataStateChanged: Data Activity updated to NONE. isAnyDataCallActive = true isAnyDataCallDormant = false
08-09 17:06:32.897 D/Dcc-C-0 ( 2286): onDataStateChanged: dcsToRetry=[] apnsToCleanup=[]
08-09 17:06:32.897 D/DC-C-1 ( 2286): updateTcpBufferSizes: lte_ca
08-09 17:06:32.897 D/DC-C-1 ( 2286): DcActiveState: EVENT_DATA_CONNECTION_DRS_OR_RAT_CHANGED drs=0 mRilRat=14
08-09 17:06:32.899 I/power_partial_wake_state( 1319): [REL,1,*alarm*:android]
08-09 17:06:32.901 D/DCT-C-0 ( 2286): startDataStallAlarm: NOT started, no connection tag=20373
08-09 17:06:32.901 D/DCT-C-0 ( 2286): setActivity = NONE
08-09 17:06:32.904 D/DDS-TelephonyNetworkFactory[0]( 2286): got request NetworkRequest [ REQUEST id=123, [ Capabilities: INTERNET&NOT_RESTRICTED&TRUSTED&NOT_VCN_MANAGED Uid: 10227 RequestorUid: 10227 RequestorPkg: com.google.android.googlequicksearchbox UnderlyingNetworks: Null] ]
08-09 17:06:32.904 D/DDS-TelephonyNetworkFactory[0]( 2286): handleMessage msg={ when=0 what=3 obj=NetworkRequest [ REQUEST id=123, [ Capabilities: INTERNET&NOT_RESTRICTED&TRUSTED&NOT_VCN_MANAGED Uid: 10227 RequestorUid: 10227 RequestorPkg: com.google.android.googlequicksearchbox UnderlyingNetworks: Null] ] target=com.android.internal.telephony.data.TelephonyNetworkFactory$InternalHandler }
08-09 17:06:32.904 D/DDS-TelephonyNetworkFactory[0]( 2286): onNeedNetworkFor [NetworkRequest [ REQUEST id=123, [ Capabilities: INTERNET&NOT_RESTRICTED&TRUSTED&NOT_VCN_MANAGED Uid: 10227 RequestorUid: 10227 RequestorPkg: com.google.android.googlequicksearchbox UnderlyingNetworks: Null] ], mPriority=0, state=UNSATISFIED, mAttachedDataNetwork=null, isMetered=false, created time=17:06:32.904, evaluation result=null] shouldApply true
08-09 17:06:32.905 D/DCT-C-0 ( 2286): DDS-DcTracker.requestNetwork for NetworkRequest [ REQUEST id=123, [ Capabilities: INTERNET&NOT_RESTRICTED&TRUSTED&NOT_VCN_MANAGED Uid: 10227 RequestorUid: 10227 RequestorPkg: com.google.android.googlequicksearchbox UnderlyingNetworks: Null] ] found {mApnType=default mState=CONNECTED mWaitingApns={[[ApnSetting] Jio 4G, 6085, 405874, jionet, , null, , null, null, 0, supl | hipri | default | xcap, IPV4V6, IPV4V6, true, 0, false, 20, 0, 300, 0, 0, null, , false, UNKNOWN, UNKNOWN, 0, -1, -1, false] priority=1} mApnSetting={[ApnSetting] Jio 4G, 6085, 405874, jionet, , null, , null, null, 0, supl | hipri | default | xcap, IPV4V6, IPV4V6, true, 0, false, 20, 0, 300, 0, 0, null, , false, UNKNOWN, UNKNOWN, 0, -1, -1, false} mReason=connected mNeedDisconnectByDdsChange=false mDataEnabled=true}, type=NORMAL
08-09 17:06:32.905 D/DC-C-1 ( 2286): reevaluate data connection properties
08-09 17:06:32.905 D/DCT-C-0 ( 2286): onEnableApn: apnType=default, request type=NORMAL
08-09 17:06:32.905 D/DCT-C-0 ( 2286): onEnableApn: APN in CONNECTED state. Exit now.
08-09 17:06:32.906 I/power_partial_wake_state( 1319): [REL,6,*job*/com.samsung.android.scs/androidx.work.impl.background.systemjob.SystemJobService:android]
08-09 17:06:32.910 D/DC-C-1 ( 2286): newSuspendedState : false, mIsSuspended : false
08-09 17:06:32.913 D/DCT-C-0 ( 2286): getPreferredApn: For APN type default found apnSetting [ApnSetting] Jio 4G, 6085, 405874, jionet, , null, , null, null, 0, supl | hipri | default | xcap, IPV4V6, IPV4V6, true, 0, false, 20, 0, 300, 0, 0, null, , false, UNKNOWN, UNKNOWN, 0, -1, -1, false
08-09 17:06:32.914 D/DCT-C-0 ( 2286): AllowInternetCapability : preferredApnName: jionet, apnName: jionet
08-09 17:06:32.917 D/DC-C-2 ( 2286): updateTcpBufferSizes: lte_ca
08-09 17:06:32.918 D/DC-C-2 ( 2286): DcActiveState: EVENT_DATA_CONNECTION_DRS_OR_RAT_CHANGED drs=0 mRilRat=14
08-09 17:06:32.919 D/DC-C-2 ( 2286): newSuspendedState : false, mIsSuspended : false
08-09 17:06:32.923 D/DCT-C-0 ( 2286): getPreferredApn: For APN type default found apnSetting [ApnSetting] Jio 4G, 6085, 405874, jionet, , null, , null, null, 0, supl | hipri | default | xcap, IPV4V6, IPV4V6, true, 0, false, 20, 0, 300, 0, 0, null, , false, UNKNOWN, UNKNOWN, 0, -1, -1, false
08-09 17:06:32.924 D/DCT-C-0 ( 2286): AllowInternetCapability : preferredApnName: jionet, apnName: IMS
08-09 17:06:32.926 D/DcNetworkAgent-100( 2286): validation status: 1 with redirection URL:
08-09 17:06:32.928 D/DC-C-2 ( 2286): newSuspendedState : false, mIsSuspended : false
08-09 17:06:32.930 D/DCT-C-0 ( 2286): getPreferredApn: For APN type default found apnSetting [ApnSetting] Jio 4G, 6085, 405874, jionet, , null, , null, null, 0, supl | hipri | default | xcap, IPV4V6, IPV4V6, true, 0, false, 20, 0, 300, 0, 0, null, , false, UNKNOWN, UNKNOWN, 0, -1, -1, false
08-09 17:06:32.933 D/DCT-C-0 ( 2286): AllowInternetCapability : preferredApnName: jionet, apnName: jionet
08-09 17:06:32.938 D/DCT-C-0 ( 2286): putRecoveryAction: 0
08-09 17:06:32.940 D/DCT-C-0 ( 2286): getPreferredApn: For APN type default found apnSetting [ApnSetting] Jio 4G, 6085, 405874, jionet, , null, , null, null, 0, supl | hipri | default | xcap, IPV4V6, IPV4V6, true, 0, false, 20, 0, 300, 0, 0, null, , false, UNKNOWN, UNKNOWN, 0, -1, -1, false
08-09 17:06:32.942 D/DCT-C-0 ( 2286): AllowInternetCapability : preferredApnName: jionet, apnName: IMS
08-09 17:06:32.945 D/QOSCT-101( 2286): updateSessions: sessions size=0
08-09 17:06:32.957 I/netstats_mobile_sample( 1319): [8679,32,4453,39,8679,32,4453,39,8331,28,4537,40,1691580992959]
08-09 17:06:32.957 I/netstats_wifi_sample( 1319): [0,0,0,0,0,0,0,0,0,0,0,0,1691580992959]
08-09 17:06:32.958 I/power_partial_wake_state( 1319): [REL,9,NetworkStats:android]
08-09 17:06:32.962 D/Phone ( 2286): [0] SubId4,get allowed network types user: value = GPRS|EDGE|UMTS|HSDPA|HSUPA|HSPA|LTE|HSPA+|GSM|LTE_CA
08-09 17:06:32.971 D/RILJ ( 2286): [0364]< GSM_SET_BROADCAST_CONFIG [PHONE0]
08-09 17:06:32.972 I/IccSmsInterfaceManager( 2286): Added GSM cell broadcast subscription for MID range 4352 to 4354 from client com.google.android.cellbroadcastreceiver PhoneId : [0]
08-09 17:06:32.972 D/IccSmsInterfaceManager( 2286): Calling setCellBroadcastActivation(true)
08-09 17:06:32.972 I/power_partial_wake_state( 1319): [CHG,245,*telephony-radio*:com.android.phone]
08-09 17:06:32.973 I/power_partial_wake_state( 1319): [REL,0,*telephony-radio*:com.android.phone]
08-09 17:06:32.974 I/power_partial_wake_state( 1319): [CHG,0,*telephony-radio*:com.android.phone]
08-09 17:06:32.975 D/RILJ ( 2286): [0365]> GSM_BROADCAST_ACTIVATION activate = true [PHONE0]
08-09 17:06:32.975 E/RILD ( 1413): DoGsmSetCBActivation: CBEnable: 1
08-09 17:06:32.976 E/RILD ( 1413): DoGsmSetCBActivation: enableCb: 1
08-09 17:06:32.977 D/RILJ ( 2286): [0365]< GSM_BROADCAST_ACTIVATION [PHONE0]
08-09 17:06:32.977 D/SmsManager( 3604): enableCellBroadcastRange: succeeded at calling enableCellBroadcastRangeForSubscriber. subId = 4
08-09 17:06:32.977 I/SmsConfig( 2286): [0] sms_not_receive_cmas_without_sim = false
08-09 17:06:32.977 D/IccSmsInterfaceManager( 2286): [enableGsmBroadcastRange] startMessageId : 4356, endMessageId : 4356
08-09 17:06:32.978 D/IccSmsInterfaceManager( 2286): Calling setGsmBroadcastConfig with 4 configurations
08-09 17:06:32.979 I/power_partial_wake_state( 1319): [CHG,4,*telephony-radio*:com.android.phone]
08-09 17:06:32.979 I/power_partial_wake_state( 1319): [REL,0,*telephony-radio*:com.android.phone]
08-09 17:06:32.980 I/power_partial_wake_state( 1319): [CHG,0,*telephony-radio*:com.android.phone]
08-09 17:06:32.980 D/RILJ ( 2286): [0366]> GSM_SET_BROADCAST_CONFIG with 4 configs : [PHONE0]
08-09 17:06:32.980 D/RILJ ( 2286): SmsBroadcastConfigInfo: Id [4352,4354] Code [0,255] ENABLED [PHONE0]
08-09 17:06:32.980 D/RILJ ( 2286): SmsBroadcastConfigInfo: Id [4370,4379] Code [0,255] ENABLED [PHONE0]
08-09 17:06:32.980 D/RILJ ( 2286): SmsBroadcastConfigInfo: Id [4383,4392] Code [0,255] ENABLED [PHONE0]
08-09 17:06:32.980 D/RILJ ( 2286): SmsBroadcastConfigInfo: Id [4356,4356] Code [0,255] ENABLED [PHONE0]
08-09 17:06:32.981 E/RILD ( 1413): GetBroadcastSmsConfig: selectedId 0x80 msgIdCount 24
08-09 17:06:32.981 E/RILD ( 1413): enableCb: 1, cbSelectionId: 0x80
08-09 17:06:32.999 D/DcNetworkAgent-101( 2286): validation status: 1 with redirection URL:
08-09 17:06:33.007 D/DCT-C-0 ( 2286): getPreferredApn: For APN type default found apnSetting [ApnSetting] Jio 4G, 6085, 405874, jionet, , null, , null, null, 0, supl | hipri | default | xcap, IPV4V6, IPV4V6, true, 0, false, 20, 0, 300, 0, 0, null, , false, UNKNOWN, UNKNOWN, 0, -1, -1, false
08-09 17:06:33.008 D/DCT-C-0 ( 2286): AllowInternetCapability : preferredApnName: jionet, apnName: IMS
08-09 17:06:33.019 I/power_partial_wake_state( 1319): [REL,9,*job*/com.samsung.android.scs/androidx.work.impl.background.systemjob.SystemJobService:android]
08-09 17:06:33.061 I/power_partial_wake_state( 1319): [REL,1,*job*/com.samsung.android.scs/androidx.work.impl.background.systemjob.SystemJobService:android]
08-09 17:06:33.078 D/ARGOS ( 3432): argos: argos_monitor: UFS - Mbps:491 prev_tput:651
08-09 17:06:33.090 I/power_partial_wake_state( 1319): [REL,3,*job*/com.samsung.android.scs/androidx.work.impl.background.systemjob.SystemJobService:android]
08-09 17:06:33.093 I/backup_transport_connection( 1319): [com.google.android.gms/.backup.component.D2dTransportService,1]
08-09 17:06:33.133 I/backup_transport_lifecycle( 1319): [com.google.android.gms/.backup.component.D2dTransportService,0]
08-09 17:06:33.133 I/backup_transport_connection( 1319): [com.google.android.gms/.backup.component.D2dTransportService,0]
08-09 17:06:33.157 I/backup_transport_lifecycle( 1319): [com.google.android.gms/.backup.BackupTransportService,1]
08-09 17:06:33.160 I/dvm_lock_sample( 1319): [system_server,1,binder:1319_4,21,ContentProviderHelper.java,187,android.app.ContentProviderHolder com.android.server.am.ContentProviderHelper.getContentProviderImpl(android.app.IApplicationThread, java.lang.String, android.os.IBinder, int, java.lang.String, java.lang.String, boolean, int, int),,0,null,4]
08-09 17:06:33.195 D/Multi-Client( 2002): new oem client connection=9
08-09 17:06:33.195 D/Multi-Client( 2002): OemClient::ProcessBuffer() from [20], token[1], datalen[13]
08-09 17:06:33.198 E/RILC ( 1413): unsupported OEM unsolicated response code 11024
08-09 17:06:33.199 D/RILClient( 878): processUnsolicited(): resp_id (11024), len(12)
08-09 17:06:33.199 D/Multi-Client( 2002): Oem OnRequestComplete:(20)
08-09 17:06:33.199 D/RILClient( 879): processUnsolicited(): resp_id (11024), len(12)
08-09 17:06:33.215 D/Multi-Client( 2002): OemClient::ProcessBuffer() from [20], token[1], datalen[21]
08-09 17:06:33.216 I/dvm_lock_sample( 1319): [system_server,1,binder:1319_B,5,ActivityManagerService.java,15487,android.content.Intent com.android.server.am.ActivityManagerService.registerReceiverWithFeature(android.app.IApplicationThread, java.lang.String, java.lang.String, java.lang.String, android.content.IIntentReceiver, android.content.IntentFilter, java.lang.String, int, int),-,17120,void com.android.server.am.ActivityManagerService.finishReceiver(android.os.IBinder, int, java.lang.String, android.os.Bundle, boolean, int),1]
08-09 17:06:33.217 D/Multi-Client( 2002): Oem OnRequestComplete:(20)
08-09 17:06:33.217 E/RILC ( 1413): unsupported OEM unsolicated response code 11024
08-09 17:06:33.218 D/RILClient( 878): processUnsolicited(): resp_id (11024), len(12)
08-09 17:06:33.218 D/RILClient( 879): processUnsolicited(): resp_id (11024), len(12)
08-09 17:06:33.220 D/Multi-Client( 2002): OemClient::ProcessBuffer() from [20], token[1], datalen[13]
08-09 17:06:33.222 D/Multi-Client( 2002): Oem OnRequestComplete:(20)
08-09 17:06:33.222 E/RILC ( 1413): unsupported OEM unsolicated response code 11024
08-09 17:06:33.223 D/RILClient( 878): processUnsolicited(): resp_id (11024), len(24)
08-09 17:06:33.224 D/RILClient( 879): processUnsolicited(): resp_id (11024), len(24)
08-09 17:06:33.224 D/Multi-Client( 2002): OemClient::ProcessBuffer() from [20], token[1], datalen[7]
08-09 17:06:33.231 D/Multi-Client( 2002): Oem OnRequestComplete:(20)
08-09 17:06:33.231 D/RILJ ( 2286): [0366]< GSM_SET_BROADCAST_CONFIG [PHONE0]
08-09 17:06:33.231 I/IccSmsInterfaceManager( 2286): Added GSM cell broadcast subscription for MID range 4356 to 4356 from client com.google.android.cellbroadcastreceiver PhoneId : [0]
08-09 17:06:33.232 I/power_partial_wake_state( 1319): [CHG,252,*telephony-radio*:com.android.phone]
08-09 17:06:33.232 D/IccSmsInterfaceManager( 2286): Calling setCellBroadcastActivation(true)
08-09 17:06:33.233 D/Multi-Client( 2002): OemClient::ProcessBuffer() from [20], token[1], datalen[5]
08-09 17:06:33.234 I/power_partial_wake_state( 1319): [REL,1,*telephony-radio*:com.android.phone]
08-09 17:06:33.235 D/Multi-Client( 2002): Oem OnRequestComplete:(20)
08-09 17:06:33.240 I/power_partial_wake_state( 1319): [REL,340,*job*/com.samsung.android.scs/androidx.work.impl.background.systemjob.SystemJobService:android]
08-09 17:06:33.241 I/dvm_lock_sample( 3758): [com.google.android.gms.persisten,0,binder:3758_5,1586,:com.google.android.gms@233013044@23.30.13 (190400-552628474),32,java.lang.Object dbcz.g(),-,142,java.lang.Object dbcz.g(),100]
08-09 17:06:33.243 I/power_partial_wake_state( 1319): [REL,2,*job*/com.samsung.android.scs/androidx.work.impl.background.systemjob.SystemJobService:android]
08-09 17:06:33.243 I/dvm_lock_sample( 3758): [com.google.android.gms.persisten,1,binder:3758_7,644,:com.google.android.gms@233013044@23.30.13 (190400-552628474),32,java.lang.Object dbcz.g(),-,142,java.lang.Object dbcz.g(),100]
08-09 17:06:33.243 I/dvm_lock_sample( 3758): [com.google.android.gms.persisten,1,binder:3758_6,637,:com.google.android.gms@233013044@23.30.13 (190400-552628474),32,java.lang.Object dbcz.g(),-,142,java.lang.Object dbcz.g(),100]
08-09 17:06:33.244 I/dvm_lock_sample( 3758): [com.google.android.gms.persisten,1,binder:3758_2,637,:com.google.android.gms@233013044@23.30.13 (190400-552628474),32,java.lang.Object dbcz.g(),-,142,java.lang.Object dbcz.g(),100]
08-09 17:06:33.247 I/dvm_lock_sample( 3758): [com.google.android.gms.persisten,1,binder:3758_3,640,:com.google.android.gms@233013044@23.30.13 (190400-552628474),32,java.lang.Object dbcz.g(),-,142,java.lang.Object dbcz.g(),100]
08-09 17:06:33.247 I/power_partial_wake_state( 1319): [CHG,13,*telephony-radio*:com.android.phone]
08-09 17:06:33.247 I/dvm_lock_sample( 3758): [com.google.android.gms.persisten,1,binder:3758_9,628,:com.google.android.gms@233013044@23.30.13 (190400-552628474),32,java.lang.Object dbcz.g(),-,142,java.lang.Object dbcz.g(),100]
08-09 17:06:33.248 I/dvm_lock_sample( 3758): [com.google.android.gms.persisten,1,binder:3758_A,245,:com.google.android.gms@233013044@23.30.13 (190400-552628474),32,java.lang.Object dbcz.g(),-,142,java.lang.Object dbcz.g(),49]
08-09 17:06:33.248 D/RILJ ( 2286): [0367]> GSM_BROADCAST_ACTIVATION activate = true [PHONE0]
08-09 17:06:33.251 E/RILD ( 1413): DoGsmSetCBActivation: CBEnable: 1
08-09 17:06:33.251 E/RILD ( 1413): DoGsmSetCBActivation: enableCb: 1
08-09 17:06:33.252 D/RILJ ( 2286): [0367]< GSM_BROADCAST_ACTIVATION [PHONE0]
08-09 17:06:33.252 I/power_partial_wake_state( 1319): [CHG,4,*telephony-radio*:com.android.phone]
08-09 17:06:33.252 D/SmsManager( 3604): enableCellBroadcastRange: succeeded at calling enableCellBroadcastRangeForSubscriber. subId = 4
08-09 17:06:33.253 I/SmsConfig( 2286): [0] sms_not_receive_cmas_without_sim = false
08-09 17:06:33.253 D/IccSmsInterfaceManager( 2286): [disableGsmBroadcastRange] startMessageId : 4355, endMessageId : 4355
08-09 17:06:33.253 I/power_partial_wake_state( 1319): [REL,1,*telephony-radio*:com.android.phone]
08-09 17:06:33.254 I/IccSmsInterfaceManager_FAIL( 2286): Failed to remove GSM cell broadcast subscription for MID range 4355 to 4355 from client com.google.android.cellbroadcastreceiver PhoneId : [0]
08-09 17:06:33.254 D/SmsManager( 3604): disableCellBroadcastRange: failed at calling disableCellBroadcastRangeForSubscriber. subId = 4
08-09 17:06:33.255 I/SmsConfig( 2286): [0] sms_not_receive_cmas_without_sim = false
08-09 17:06:33.255 D/IccSmsInterfaceManager( 2286): [enableGsmBroadcastRange] startMessageId : 60, endMessageId : 60
08-09 17:06:33.255 I/IntRangeManager( 2286): [enableRange] add mCBRRanges. from 60 to 60. client= com.google.android.cellbroadcastreceiver
08-09 17:06:33.255 D/IccSmsInterfaceManager( 2286): Calling setGsmBroadcastConfig with 5 configurations
08-09 17:06:33.256 I/power_partial_wake_state( 1319): [CHG,0,*telephony-radio*:com.android.phone]
08-09 17:06:33.256 D/RILJ ( 2286): [0368]> GSM_SET_BROADCAST_CONFIG with 5 configs : [PHONE0]
08-09 17:06:33.256 D/RILJ ( 2286): SmsBroadcastConfigInfo: Id [4352,4354] Code [0,255] ENABLED [PHONE0]
08-09 17:06:33.256 D/RILJ ( 2286): SmsBroadcastConfigInfo: Id [4356,4356] Code [0,255] ENABLED [PHONE0]
08-09 17:06:33.256 D/RILJ ( 2286): SmsBroadcastConfigInfo: Id [4370,4379] Code [0,255] ENABLED [PHONE0]
08-09 17:06:33.256 D/RILJ ( 2286): SmsBroadcastConfigInfo: Id [4383,4392] Code [0,255] ENABLED [PHONE0]
08-09 17:06:33.256 D/RILJ ( 2286): SmsBroadcastConfigInfo: Id [60,60] Code [0,255] ENABLED [PHONE0]
08-09 17:06:33.258 D/Multi-Client( 2002): OemClient::ProcessBuffer() from [20], token[1], datalen[112]
08-09 17:06:33.261 E/RILD ( 1413): GetBroadcastSmsConfig: selectedId 0x80 msgIdCount 25
08-09 17:06:33.261 E/RILD ( 1413): enableCb: 1, cbSelectionId: 0x80
08-09 17:06:33.261 E/RILD ( 1413): [IMS SIP DbgMsg] 17:06:33.258>REGISTER:1 REGISTER
08-09 17:06:33.264 D/Multi-Client( 2002): Oem OnRequestComplete:(20)
08-09 17:06:33.269 D/Multi-Client( 2002): OemClient::ProcessBuffer() from [20], token[1], datalen[5]
08-09 17:06:33.269 E/RILD ( 1413): DoOemSetLteProcType(): mPayload[0] = 4
08-09 17:06:33.270 D/Multi-Client( 2002): Oem OnRequestComplete:(20)
08-09 17:06:33.284 I/backup_transport_connection( 1319): [com.google.android.gms/.backup.BackupTransportService,1]
08-09 17:06:33.332 I/backup_transport_lifecycle( 1319): [com.google.android.gms/.backup.BackupTransportService,0]
08-09 17:06:33.332 I/backup_transport_connection( 1319): [com.google.android.gms/.backup.BackupTransportService,0]
08-09 17:06:33.360 I/am_mem_factor( 1319): [0,1]
08-09 17:06:33.398 D/Multi-Client( 2002): OemClient::ProcessBuffer() from [20], token[1], datalen[112]
08-09 17:06:33.398 E/RILD ( 1413): [IMS SIP DbgMsg] 17:06:33.396<401 Unauthorized:1 REGISTER
08-09 17:06:33.399 D/Multi-Client( 2002): Oem OnRequestComplete:(20)
08-09 17:06:33.399 E/PhoneSubInfoController( 2286): getIccSimChallengeResponse() found app A0000000871004FFFFFFFF89 specified type -- 5
08-09 17:06:33.400 D/RILJ ( 2286): [0369]> SIM_AUTHENTICATION [PHONE0]
08-09 17:06:33.427 I/dvm_lock_sample( 4220): [com.samsung.android.app.smartcap,1,main,724,ActivityThread.java,6535,java.util.ArrayList android.app.ActivityThread.collectComponentCallbacks(boolean),-,8022,android.content.IContentProvider android.app.ActivityThread.acquireExistingProvider(android.content.Context, java.lang.String, int, boolean),100]
08-09 17:06:33.441 I/power_partial_wake_state( 1319): [REL,30,Wakeful StateMachine: GeofencerStateMachine:com.google.android.gms]
08-09 17:06:33.456 I/power_partial_wake_state( 1319): [REL,2,Wakeful StateMachine: GeofencerStateMachine:com.google.android.gms]
08-09 17:06:33.465 I/power_partial_wake_state( 1319): [REL,6,Wakeful StateMachine: GeofencerStateMachine:com.google.android.gms]
08-09 17:06:33.546 E/RILD ( 1413): BuildUiccAuth3G No Kc
08-09 17:06:33.547 D/RILJ ( 2286): [0369]< SIM_AUTHENTICATION IccIoResult xx xx [PHONE0]
08-09 17:06:33.547 E/IsimUiccRecords( 2286): [ISIM-0] IsimUiccRecords: handleMessage { when=0 what=90 obj=android.os.AsyncResult@115b16f target=com.android.internal.telephony.uicc.IsimUiccRecords }[90]
08-09 17:06:33.547 D/IsimUiccRecords( 2286): [ISIM-0] EVENT_AKA_AUTHENTICATE_DONE
08-09 17:06:33.550 I/am_uid_running( 1319): 10273
08-09 17:06:33.565 I/am_proc_start( 1319): [0,5414,10273,com.facebook.katana,content provider,{com.facebook.katana/com.facebook.platform.common.provider.PlatformProviderBase}]
08-09 17:06:33.618 D/RILJ ( 2286): [0368]< GSM_SET_BROADCAST_CONFIG [PHONE0]
08-09 17:06:33.618 I/power_partial_wake_state( 1319): [CHG,362,*telephony-radio*:com.android.phone]
08-09 17:06:33.618 I/IccSmsInterfaceManager( 2286): Added GSM cell broadcast subscription for MID range 60 to 60 from client com.google.android.cellbroadcastreceiver PhoneId : [0]
08-09 17:06:33.619 D/IccSmsInterfaceManager( 2286): Calling setCellBroadcastActivation(true)
08-09 17:06:33.619 I/power_partial_wake_state( 1319): [REL,1,*telephony-radio*:com.android.phone]
08-09 17:06:33.622 I/power_partial_wake_state( 1319): [CHG,1,*telephony-radio*:com.android.phone]
08-09 17:06:33.622 D/RILJ ( 2286): [0370]> GSM_BROADCAST_ACTIVATION activate = true [PHONE0]
08-09 17:06:33.622 E/RILD ( 1413): DoGsmSetCBActivation: CBEnable: 1
08-09 17:06:33.623 E/RILD ( 1413): DoGsmSetCBActivation: enableCb: 1
08-09 17:06:33.624 D/RILJ ( 2286): [0370]< GSM_BROADCAST_ACTIVATION [PHONE0]
08-09 17:06:33.624 I/power_partial_wake_state( 1319): [CHG,2,*telephony-radio*:com.android.phone]
08-09 17:06:33.624 D/SmsManager( 3604): enableCellBroadcastRange: succeeded at calling enableCellBroadcastRangeForSubscriber. subId = 4
08-09 17:06:33.625 I/power_partial_wake_state( 1319): [REL,1,*telephony-radio*:com.android.phone]
08-09 17:06:33.631 I/am_proc_bound( 1319): [0,5414,com.facebook.katana]
08-09 17:06:33.633 I/service_manager_stats( 2286): [119,689,5095]
08-09 17:06:33.634 I/am_uid_active( 1319): 10273
08-09 17:06:33.635 I/SemTelephonyHandlerHelper( 2286): handleMessage - message code: 92
08-09 17:06:33.637 I/power_partial_wake_state( 1319): [CHG,0,*telephony-radio*:com.android.phone]
08-09 17:06:33.637 I/am_uid_running( 1319): 10202
08-09 17:06:33.637 D/RILJ ( 2286): [0371]> GET_ACTIVITY_INFO [PHONE0]
08-09 17:06:33.646 D/RILJ ( 2286): [0371]< GET_ACTIVITY_INFO ModemActivityInfo{ mTimestamp=31542 mSleepTimeMs=1216 mIdleTimeMs=434 mActivityStatsTechSpecificInfo=[{mRat=UNKNOWN,mFrequencyRange=UNKNOWN,mTxTimeMs[]=[116, 177, 87, 41, 1],mRxTimeMs=3136}]} [PHONE0]
08-09 17:06:33.646 I/power_partial_wake_state( 1319): [CHG,9,*telephony-radio*:com.android.phone]
08-09 17:06:33.646 I/power_partial_wake_state( 1319): [REL,1,*telephony-radio*:com.android.phone]
08-09 17:06:33.648 I/SemTelephonyHandlerHelper( 2286): handleMessage - message code: 93
08-09 17:06:33.649 I/am_uid_running( 1319): 10173
08-09 17:06:33.660 I/am_proc_start( 1319): [0,5460,10202,com.samsung.android.app.reminder,content provider,{com.samsung.android.app.reminder/com.samsung.android.app.reminder.data.provider.ReminderProvider}]
08-09 17:06:33.660 D/Multi-Client( 2002): OemClient::ProcessBuffer() from [20], token[1], datalen[112]
08-09 17:06:33.661 E/RILD ( 1413): [IMS SIP DbgMsg] 17:06:33.655>REGISTER:2 REGISTER
08-09 17:06:33.663 D/Multi-Client( 2002): Oem OnRequestComplete:(20)
08-09 17:06:33.687 D/RILJ ( 2286): Unsol response received; Sending ack to ril.cpp [PHONE0]
08-09 17:06:33.687 D/RILJ ( 2286): [UNSL]< UNSOL_LCE_INFO_RECV [{mType=2, mDownlinkCapacityKbps=2805, mUplinkCapacityKbps=2147483647}] [PHONE0]
08-09 17:06:33.687 D/GsmCdmaPhone( 2286): [0] updateLinkCapacityEstimate: lce list=[{mType=2, mDownlinkCapacityKbps=2805, mUplinkCapacityKbps=2147483647}]
08-09 17:06:33.695 I/am_proc_start( 1319): [0,5467,10173,com.samsung.android.honeyboard,service,{com.samsung.android.honeyboard/com.samsung.android.honeyboard.service.HoneyBoardService}]
08-09 17:06:33.730 I/am_proc_bound( 1319): [0,5460,com.samsung.android.app.reminder]
08-09 17:06:33.746 I/commit_sys_config_file( 1319): [jobs,12]
08-09 17:06:33.764 I/am_proc_bound( 1319): [0,5467,com.samsung.android.honeyboard]
08-09 17:06:33.782 I/am_uid_active( 1319): 10173
08-09 17:06:33.792 D/Multi-Client( 2002): OemClient::ProcessBuffer() from [20], token[1], datalen[112]
08-09 17:06:33.798 E/RILD ( 1413): [IMS SIP DbgMsg] 17:06:33.791<200 OK:2 REGISTER
08-09 17:06:33.799 I/dvm_lock_sample( 1319): [system_server,1,binder:1319_B,31,ActivityManagerService.java,14814,android.content.ComponentName com.android.server.am.ActivityManagerService.startService(android.app.IApplicationThread, android.content.Intent, java.lang.String, boolean, java.lang.String, java.lang.String, int),-,5945,void com.android.server.am.ActivityManagerService.attachApplication(android.app.IApplicationThread, long),6]
08-09 17:06:33.799 D/Multi-Client( 2002): Oem OnRequestComplete:(20)
08-09 17:06:33.804 D/Multi-Client( 2002): OemClient::ProcessBuffer() from [20], token[1], datalen[7]
08-09 17:06:33.805 D/Multi-Client( 2002): Oem OnRequestComplete:(20)
08-09 17:06:33.806 D/Multi-Client( 2002): OemClient::ProcessBuffer() from [20], token[1], datalen[5]
08-09 17:06:33.806 E/RILD ( 1413): DoOemSetLteProcType(): mPayload[0] = 0
08-09 17:06:33.807 D/Multi-Client( 2002): Oem OnRequestComplete:(20)
08-09 17:06:33.812 D/Multi-Client( 2002): OemClient::ProcessBuffer() from [20], token[1], datalen[5]
08-09 17:06:33.812 E/RILD ( 1413): DoOemSetLteProcType(): mPayload[0] = 4
08-09 17:06:33.813 D/Multi-Client( 2002): Oem OnRequestComplete:(20)
08-09 17:06:33.814 D/Multi-Client( 2002): OemClient::ProcessBuffer() from [20], token[1], datalen[112]
08-09 17:06:33.814 E/RILD ( 1413): [IMS SIP DbgMsg] 17:06:33.814>SUBSCRIBE:1 SUBSCRIBE
08-09 17:06:33.817 D/Multi-Client( 2002): Oem OnRequestComplete:(20)
08-09 17:06:33.847 I/am_uid_running( 1319): 10213
08-09 17:06:33.871 D/Multi-Client( 2002): OemClient::ProcessBuffer() from [20], token[1], datalen[112]
08-09 17:06:33.871 E/RILD ( 1413): [IMS SIP DbgMsg] 17:06:33.870<200 OK:1 SUBSCRIBE
08-09 17:06:33.871 I/am_uid_running( 1319): 10182
08-09 17:06:33.872 D/Multi-Client( 2002): Oem OnRequestComplete:(20)
08-09 17:06:33.872 D/Multi-Client( 2002): OemClient::ProcessBuffer() from [20], token[2], datalen[7]
08-09 17:06:33.874 D/Multi-Client( 2002): Oem OnRequestComplete:(20)
08-09 17:06:33.875 D/Multi-Client( 2002): OemClient::ProcessBuffer() from [20], token[1], datalen[5]
08-09 17:06:33.875 E/RILD ( 1413): DoOemSetLteProcType(): mPayload[0] = 0
08-09 17:06:33.876 D/Multi-Client( 2002): Oem OnRequestComplete:(20)
08-09 17:06:33.880 D/Multi-Client( 2002): OemClient::ProcessBuffer() from [20], token[1], datalen[112]
08-09 17:06:33.882 E/RILD ( 1413): [IMS SIP DbgMsg] 17:06:33.879200 OK:1 NOTIFY
08-09 17:06:33.906 I/am_proc_start( 1319): [0,5519,10182,com.android.printspooler,service,{com.android.printspooler/com.android.printspooler.model.PrintSpoolerService}]
08-09 17:06:33.906 D/Multi-Client( 2002): Oem OnRequestComplete:(20)
08-09 17:06:33.938 I/am_proc_bound( 1319): [0,5516,com.google.android.apps.carrier.carrierwifi]
08-09 17:06:33.948 I/power_partial_wake_state( 1319): [REL,707,*job*/com.samsung.android.scs/androidx.work.impl.background.systemjob.SystemJobService:android]
08-09 17:06:33.955 D/IPF ( 2286): [IPCT]< CapabilityCallback.onCapabilitiesStatusChanged {MmTel Capabilities - [Voice: false Video: false UT: true SMS: true CALL_COMPOSER: false]}
08-09 17:06:33.955 D/ImsPhoneCallTracker( 2286): [0] onCapabilitiesStatusChanged: MmTel Capabilities - [Voice: false Video: false UT: true SMS: true CALL_COMPOSER: false]
08-09 17:06:33.959 D/Phone ( 2286): getImsRegistrationTechnology =0
08-09 17:06:33.959 D/IPF ( 2286): [IPCT]< CapabilityCallback.onCapabilitiesStatusChanged {MmTel Capabilities - [Voice: true Video: true UT: true SMS: true CALL_COMPOSER: false]}
08-09 17:06:33.959 D/ImsPhoneCallTracker( 2286): [0] onCapabilitiesStatusChanged: MmTel Capabilities - [Voice: true Video: true UT: true SMS: true CALL_COMPOSER: false]
08-09 17:06:33.960 D/Phone ( 2286): getImsRegistrationTechnology =0
08-09 17:06:33.979 E/RILD ( 1413): TxSetImsRegStateChanged - mImsRat: 14
08-09 17:06:33.979 D/RILJ ( 2286): Unsol response received; Sending ack to ril.cpp [PHONE0]
08-09 17:06:33.980 D/RILJ ( 2286): [UNSL]< UNSOL_RESPONSE_IMS_NETWORK_STATE_CHANGED [PHONE0]
08-09 17:06:33.980 E/RILD ( 1413): UpdateVoiceRte: [CS] 1x reg [0], gsm reg [2], wcdma reg [2], lte reg [1], hdr reg [0], Td reg [0], 5G reg [2]
08-09 17:06:33.980 E/RILD ( 1413): UpdateVoiceRte: mVoiceRte(5), Confidence(1), mReportedLteSmsStatus(4)
08-09 17:06:33.980 E/RILD ( 1413): SetDataRteRegStatus: [PS] 1x reg [0], gsm reg [2], wcdma reg [2], lte reg [1], hdr reg [0], Td reg [0], nr5g reg [2] pref_data_tech(6), radio_tech_flag(1)
08-09 17:06:33.980 E/RILD ( 1413): UpdateDataRte: mDataRte(5), Confidence(1)
08-09 17:06:33.980 E/RILD ( 1413): UpdateImsRte: mImsRte(0), Confidence(4)
08-09 17:06:33.980 D/RILJ ( 2286): Unsol response received; Sending ack to ril.cpp [PHONE0]
08-09 17:06:33.980 D/RILJ ( 2286): [UNSL]< UNSOL_RESPONSE_NETWORK_STATE_CHANGED [PHONE0]
08-09 17:06:33.981 D/NRM-C-0 ( 2286): onNetworkStateChanged
08-09 17:06:33.984 E/RILD ( 1413): RxGetRfBandInfo:
08-09 17:06:33.989 D/SemTelephonyController( 2286): invokeOemRilRequestRaw: Uid: 1000 Pid : 4028
08-09 17:06:33.989 I/power_partial_wake_state( 1319): [REL,4,*job*/com.samsung.android.scs/androidx.work.impl.background.systemjob.SystemJobService:android]
08-09 17:06:33.990 D/Multi-Client( 2002): OemClient::ProcessBuffer() from [20], token[1], datalen[7]
08-09 17:06:33.992 D/SubscriptionController( 2286): [getActiveSubscriptionInfoForSimSlotIndex]+ slotIndex=0 subId={id=4 iccId= simSlotIndex=0 carrierId=2018 displayName=Jio carrierName=JIO 4G | Jio nameSource=1 iconTint=-16746133 number= dataRoaming=0 iconBitmap=android.graphics.Bitmap@e1c6cb mcc=405 mnc=874 countryIso=in isEmbedded=false nativeAccessRules=null cardString= cardId=3 portIndex=0 isOpportunistic=false groupUUID=null isGroupDisabled=false profileClass=-1 ehplmns=null hplmns=null subscriptionType=0 groupOwner=null carrierConfigAccessRules=null areUiccApplicationsEnabled=true usageSetting=0}
08-09 17:06:33.992 D/ImsPhoneCallTracker( 2286): [0] handleMessage what=26
08-09 17:06:33.992 D/ImsPhoneCallTracker( 2286): [0] handleFeatureCapabilityChanged - notifyForVideoCapabilityChanged=true
08-09 17:06:33.993 D/ImsPhoneCallTracker( 2286): [0] handleFeatureCapabilityChanged: MmTel Capabilities - [Voice: true Video: true UT: true SMS: true CALL_COMPOSER: false] isVideoEnabledStateChanged=true
08-09 17:06:33.993 D/ImsPhoneCallTracker( 2286): [0] handleFeatureCapabilityChanged: isVolteEnabled=true, isVideoCallEnabled=true, isVowifiEnabled=false, isUtEnabled=true
08-09 17:06:33.997 D/SubscriptionController( 2286): [getActiveSubscriptionInfoForSimSlotIndex]+ slotIndex=0 subId={id=4 iccId= simSlotIndex=0 carrierId=2018 displayName=Jio carrierName=JIO 4G | Jio nameSource=1 iconTint=-16746133 number= dataRoaming=0 iconBitmap=android.graphics.Bitmap@e1c6cb mcc=405 mnc=874 countryIso=in isEmbedded=false nativeAccessRules=null cardString= cardId=3 portIndex=0 isOpportunistic=false groupUUID=null isGroupDisabled=false profileClass=-1 ehplmns=null hplmns=null subscriptionType=0 groupOwner=null carrierConfigAccessRules=null areUiccApplicationsEnabled=true usageSetting=0}
08-09 17:06:33.999 D/RILJ ( 2286): Unsol response received; Sending ack to ril.cpp [PHONE0]
08-09 17:06:33.999 D/RILJ ( 2286): [UNSL]< UNSOL_RESPONSE_IMS_NETWORK_STATE_CHANGED [PHONE0]
08-09 17:06:33.999 D/SEM_RILJ( 2286): [UNSL]< UNSOL_IMS_PREFERENCE_CHANGED {1, 1, 0, 3, 0, 0, 2, 0, 1, 3, 0, 1, 17} [PHONE0]
08-09 17:06:34.003 I/power_partial_wake_state( 1319): [REL,13,*job*/com.samsung.android.scs/androidx.work.impl.background.systemjob.SystemJobService:android]
08-09 17:06:34.007 D/Multi-Client( 2002): Oem OnRequestComplete:(20)
08-09 17:06:34.008 I/ssm_user_completed_event( 1319): [0,2]
08-09 17:06:34.009 D/Multi-Client( 2002): OemClient::ProcessBuffer() from [20], token[1], datalen[5]
08-09 17:06:34.012 E/RILD ( 1413): DoOemSetLteProcType(): mPayload[0] = 0
08-09 17:06:34.013 I/power_partial_wake_state( 1319): [REL,9,*job*/com.samsung.android.scs/androidx.work.impl.background.systemjob.SystemJobService:android]
08-09 17:06:34.014 D/Multi-Client( 2002): Oem OnRequestComplete:(20)
08-09 17:06:34.016 D/Phone ( 2286): getImsRegistrationTechnology =0
08-09 17:06:34.022 I/power_partial_wake_state( 1319): [REL,37,*job*/com.samsung.android.scs/androidx.work.impl.background.systemjob.SystemJobService:android]
08-09 17:06:34.032 I/am_proc_bound( 1319): [0,5519,com.android.printspooler]
08-09 17:06:34.034 I/power_partial_wake_state( 1319): [REL,10,*job*/com.samsung.android.scs/androidx.work.impl.background.systemjob.SystemJobService:android]
08-09 17:06:34.038 I/am_uid_active( 1319): 10182
08-09 17:06:34.058 D/SubscriptionController( 2286): [phoneAccountIsRegistered]
08-09 17:06:34.058 D/SubscriptionController( 2286): [phoneAccountIsRegistered] subId: 4, defaultVoiceSubId: 4
08-09 17:06:34.062 D/SubscriptionController( 2286): [setDefaultPhoneAccount] subId: 4, current phoneAccountHandle=ComponentInfo{com.android.phone/com.android.services.telephony.TelephonyConnectionService}, 4, UserHandle{0}
08-09 17:06:34.063 D/SubscriptionController( 2286): [setDefaultPhoneAccount] default phoneAccountHandle not changed.
08-09 17:06:34.065 D/SubscriptionController( 2286): [getActiveSubscriptionInfoForSimSlotIndex]+ slotIndex=0 subId={id=4 iccId= simSlotIndex=0 carrierId=2018 displayName=Jio carrierName=JIO 4G | Jio nameSource=1 iconTint=-16746133 number= dataRoaming=0 iconBitmap=android.graphics.Bitmap@e1c6cb mcc=405 mnc=874 countryIso=in isEmbedded=false nativeAccessRules=null cardString= cardId=3 portIndex=0 isOpportunistic=false groupUUID=null isGroupDisabled=false profileClass=-1 ehplmns=null hplmns=null subscriptionType=0 groupOwner=null carrierConfigAccessRules=null areUiccApplicationsEnabled=true usageSetting=0}
08-09 17:06:34.077 D/ImsManagerIM [0]( 2286): Capability Callback registered for subscription.
08-09 17:06:34.085 D/ARGOS ( 3432): argos: argos_monitor: UFS - Mbps:1348 prev_tput:491
08-09 17:06:34.126 D/IPF ( 2286): [IP]< ImsRegistrationUpdate.handleImsRegistered {WWAN}
08-09 17:06:34.126 D/SemMmTelRegistrationUpdate( 2286): [0] updateRegistrationInfo from (state: REGISTRATION_STATE_NOT_REGISTERED, tech: INVALID) to (state: REGISTRATION_STATE_REGISTERED, tech: WWAN)
08-09 17:06:34.126 D/ImsPhone( 2286): [0] handleImsRegistered: onImsMmTelConnected imsRadioTech=WWAN
08-09 17:06:34.127 D/ImsPhone( 2286): [0] updateDataServiceState: defSs = {mVoiceRegState=0(IN_SERVICE), mDataRegState=0(IN_SERVICE), mChannelNumber=2450, duplexMode()=1, mCellBandwidths=[10000, 20000], mOperatorAlphaLong=JIO 4G, mOperatorAlphaShort=JIO 4G, isManualNetworkSelection=false(automatic), getRilVoiceRadioTechnology=14(LTE), getRilDataRadioTechnology=14(LTE), mCssIndicator=unsupported, mNetworkId=*1, mSystemId=*1, mCdmaRoamingIndicator=-1, mCdmaDefaultRoamingIndicator=-1, VoiceRegType=0, Snap=0, MobileData=IN_SERVICE, MobileDataRoamingType=home, MobileDataRat=LTE, PsOnly=false, FemtocellInd=0, SprDisplayRoam=false, OptRadioTech=0, MsimSubmode=0, mIsEmergencyOnly=false, isUsingCarrierAggregation=true, mArfcnRsrpBoost=0, mNetworkRegistrationInfos=[NetworkRegistrationInfo{ domain=CS transportType=WWAN registrationState=HOME roamingType=NOT_ROAMING accessNetworkTechnology=LTE rejectCause=0 emergencyEnabled=false availableServices=[VOICE,SMS,VIDEO] cellIdentity=CellIdentityLte:{ mCi=7***30 mPci=149 mTac=*3 mEarfcn=2450 mBands=[5] mBandwidth=2147483647 mMcc=405 mMnc=874 mAlphaLong=JIO 4G mAlphaShort=JIO 4G mAdditionalPlmns={} mCsgInfo=null} voiceSpecificInfo=VoiceSpecificRegistrationInfo { mCssSupported=false mRoamingIndicator=0 mSystemIsInPrl=0 mDefaultRoamingIndicator=0} dataSpecificInfo=null nrState=**** rRplmn=405874 isUsingCarrierAggregation=false}, NetworkRegistrationInfo{ domain=PS transportType=WWAN registrationState=HOME roamingType=NOT_ROAMING accessNetworkTechnology=LTE rejectCause=0 emergencyEnabled=false availableServices=[DATA] cellIdentity=CellIdentityLte:{ mCi=7***30 mPci=149 mTac=*3 mEarfcn=2450 mBands=[5] mBandwidth=2147483647 mMcc=405 mMnc=874 mAlphaLong=JIO 4G mAlphaShort=JIO 4G mAdditionalPlmns={} mCsgInfo=null} voiceSpecificInfo=null dataSpecificInfo=android.telephony.DataSpecificRegistrationInfo :{ maxDataCalls = 16 isDcNrRestricted = false isNrAvailable = false isEnDcAvailable = false LteVopsSupportInfo : mVopsSupport = 2 mEmcBearerSupport = 2 } nrState=**** rRplmn=405874 isUsingCarrierAggregation=true}], mNrFrequencyRange=0, mOperatorAlphaLongRaw=JIO 4G, mOperatorAlphaShortRaw=JIO 4G, mIsDataRoamingFromRegistration=false, mIsIwlanPreferred=false} imsSs = {mVoiceRegState=0(IN_SERVICE), mDataRegState=0(IN_SERVICE), mChannelNumber=-1, duplexMode()=0, mCellBandwidths=[], mOperatorAlphaLong=null, mOperatorAlphaShort=null, isManualNetworkSelection=false(automatic), getRilVoiceRadioTechnology=0(Unknown), getRilDataRadioTechnology=14(LTE), mCssIndicator=unsupported, mNetworkId=*1, mSystemId=*1, mCdmaRoamingIndicator=-1, mCdmaDefaultRoamingIndicator=-1, VoiceRegType=0, Snap=0, MobileData=OUT_OF_SERVICE, MobileDataRoamingType=home, MobileDataRat=Unknown, PsOnly=false, FemtocellInd=0, SprDisplayRoam=false, OptRadioTech=0, MsimSubmode=0, mIsEmergencyOnly=false, isUsingCarrierAggregation=true, mArfcnRsrpBoost=0, mNetworkRegistrationInfos=[NetworkRegistrationInfo{ domain=CS transportType=WWAN registrationState=UNKNOWN roamingType=NOT_ROAMING accessNetworkTechnology=UNKNOWN rejectCause=0 emergencyEnabled=false availableServices=[] cellIdentity=null voiceSpecificInfo=null dataSpecificInfo=null nrState=**** rRplmn= isUsingCarrierAggregation=false}, NetworkRegistrationInfo{ domain=PS transportType=WWAN registrationState=HOME roamingType=NOT_ROAMING accessNetworkTechnology=LTE rejectCause=0 emergencyEnabled=false availableServices=[DATA] cellIdentity=CellIdentityLte:{ mCi=7***30 mPci=149 mTac=*3 mEarfcn=2450 mBands=[5] mBandwidth=2147483647 mMcc=405 mMnc=874 mAlphaLong=JIO 4G mAlphaShort=JIO 4G mAdditionalPlmns={} mCsgInfo=null} voiceSpecificInfo=null dataSpecificInfo=android.telephony.DataSpecificRegistrationInfo :{ maxDataCalls = 16 isDcNrRestricted = false isNrAvailable = false isEnDcAvailable = false LteVopsSupportInfo : mVopsSupport = 2 mEmcBearerSupport = 2 } nrState=**** rRplmn=405874 isUsingCarrierAggregation=true}], mNrFrequencyRange=0, mOperatorAlphaLongRaw=null, mOperatorAlphaShortRaw=null, mIsDataRoamingFromRegistration=false, mIsIwlanPreferred=false}
08-09 17:06:34.127 D/SST ( 2286): [0] setImsRegistrationState: {registered=true mImsRegistrationOnOff=false}
08-09 17:06:34.127 D/ImsPhone( 2286): [0] handleImsSubscriberAssociatedUriChanged
08-09 17:06:34.148 D/SubscriptionController( 2286): [getActiveSubscriptionInfoForSimSlotIndex]+ slotIndex=0 subId={id=4 iccId= simSlotIndex=0 carrierId=2018 displayName=Jio carrierName=JIO 4G | Jio nameSource=1 iconTint=-16746133 number= dataRoaming=0 iconBitmap=android.graphics.Bitmap@e1c6cb mcc=405 mnc=874 countryIso=in isEmbedded=false nativeAccessRules=null cardString= cardId=3 portIndex=0 isOpportunistic=false groupUUID=null isGroupDisabled=false profileClass=-1 ehplmns=null hplmns=null subscriptionType=0 groupOwner=null carrierConfigAccessRules=null areUiccApplicationsEnabled=true usageSetting=0}
08-09 17:06:34.150 I/power_partial_wake_state( 1319): [REL,91,IntentOp:.common.broadcast.BackgroundBroadcastReceiverSupport$PersistentReceiverIntentOperation:com.google.android.gms]
08-09 17:06:34.171 I/service_manager_slow( 3076): [44,edm_proxy]
08-09 17:06:34.176 D/SubscriptionController( 2286): [getActiveSubscriptionInfoForSimSlotIndex]+ slotIndex=0 subId={id=4 iccId= simSlotIndex=0 carrierId=2018 displayName=Jio carrierName=JIO 4G | Jio nameSource=1 iconTint=-16746133 number= dataRoaming=0 iconBitmap=android.graphics.Bitmap@e1c6cb mcc=405 mnc=874 countryIso=in isEmbedded=false nativeAccessRules=null cardString= cardId=3 portIndex=0 isOpportunistic=false groupUUID=null isGroupDisabled=false profileClass=-1 ehplmns=null hplmns=null subscriptionType=0 groupOwner=null carrierConfigAccessRules=null areUiccApplicationsEnabled=true usageSetting=0}
08-09 17:06:34.178 D/SubscriptionController( 2286): [getActiveSubscriptionInfoForSimSlotIndex]+ slotIndex=0 subId={id=4 iccId= simSlotIndex=0 carrierId=2018 displayName=Jio carrierName=JIO 4G | Jio nameSource=1 iconTint=-16746133 number= dataRoaming=0 iconBitmap=android.graphics.Bitmap@e1c6cb mcc=405 mnc=874 countryIso=in isEmbedded=false nativeAccessRules=null cardString= cardId=3 portIndex=0 isOpportunistic=false groupUUID=null isGroupDisabled=false profileClass=-1 ehplmns=null hplmns=null subscriptionType=0 groupOwner=null carrierConfigAccessRules=null areUiccApplicationsEnabled=true usageSetting=0}
08-09 17:06:34.232 I/power_partial_wake_state( 1319): [REL,162,IntentOp:.common.broadcast.BackgroundBroadcastReceiverSupport$PersistentReceiverIntentOperation:com.google.android.gms]
08-09 17:06:34.239 D/IccSmsInterfaceManager( 2286): Cell broadcast ranges reset.
08-09 17:06:34.242 I/SmsConfig( 2286): [0] sms_not_receive_cmas_without_sim = false
08-09 17:06:34.242 D/IccSmsInterfaceManager( 2286): [enableGsmBroadcastRange] startMessageId : 4370, endMessageId : 4370
08-09 17:06:34.243 D/IccSmsInterfaceManager( 2286): Calling setGsmBroadcastConfig with 1 configurations
08-09 17:06:34.244 I/power_partial_wake_state( 1319): [REL,91,IntentOp:.common.broadcast.BackgroundBroadcastReceiverSupport$PersistentReceiverIntentOperation:com.google.android.gms]
08-09 17:06:34.245 I/power_partial_wake_state( 1319): [CHG,2,*telephony-radio*:com.android.phone]
08-09 17:06:34.246 D/RILJ ( 2286): [0376]> GSM_SET_BROADCAST_CONFIG with 1 configs : [PHONE0]
08-09 17:06:34.246 D/RILJ ( 2286): SmsBroadcastConfigInfo: Id [4370,4370] Code [0,255] ENABLED [PHONE0]
08-09 17:06:34.247 E/RILD ( 1413): GetBroadcastSmsConfig: selectedId 0x80 msgIdCount 1
08-09 17:06:34.247 E/RILD ( 1413): enableCb: 1, cbSelectionId: 0x80
08-09 17:06:34.274 I/power_partial_wake_state( 1319): [REL,119,IntentOp:.common.broadcast.BackgroundBroadcastReceiverSupport$PersistentReceiverIntentOperation:com.google.android.gms]
08-09 17:06:34.276 I/notification_cancel( 1319): [10039,2306,com.android.systemui,3,low_battery,-1,0,1088,8,NULL]
08-09 17:06:34.278 D/ImsSmsDispatcher [0]( 2286): onImsConnected imsRadioTech=1
08-09 17:06:34.280 I/notification_enqueue( 1319): [10224,3758,com.google.android.gms,1,com.google.android.backup.notification.account.tag,0,Notification(channel=com.google.android.gms.backup.notification.channel.id shortcut=null contentView=null vibrate=null sound=null defaults=0x0 flags=0x0 color=0xff616161 vis=PRIVATE semFlags=0x0 semPriority=0 semMissedCount=0),0,NULL]
08-09 17:06:34.281 D/ImsSmsDispatcher( 2286): setPreVolte: isVoiceOverCellularImsEnabled = true isWifiCallingEnabled = false
