08-09 17:06:55.014 I/power_partial_wake_state( 1319): [REL,4,*job*/com.samsung.android.forest/androidx.work.impl.background.systemjob.SystemJobService:android]
08-09 17:06:55.032 I/power_partial_wake_state( 1319): [REL,23,*job*/com.samsung.android.forest/androidx.work.impl.background.systemjob.SystemJobService:android]
08-09 17:06:55.039 I/power_partial_wake_state( 1319): [REL,2,*job*/com.samsung.android.forest/androidx.work.impl.background.systemjob.SystemJobService:android]
08-09 17:06:55.051 I/power_partial_wake_state( 1319): [REL,13,*job*/com.samsung.android.forest/androidx.work.impl.background.systemjob.SystemJobService:android]
08-09 17:06:55.160 I/power_partial_wake_state( 1319): [REL,213,*job*/com.google.android.apps.turbo/com.google.android.libraries.smartbattery.common.phenotype.UpdatePhenotypeFlagsJob:android]
08-09 17:06:55.166 I/am_kill ( 1319): [0,8747,com.android.carrierconfig,999,empty #33]
08-09 17:06:55.168 I/am_proc_start( 1319): [0,10368,10223,com.google.android.apps.turbo:ssb,broadcast,{com.google.android.apps.turbo/com.google.android.libraries.smartbattery.brightness.library.BootReceiver}]
08-09 17:06:55.169 D/ARGOS ( 3432): argos: argos_monitor: UFS - Mbps:1396 prev_tput:1720
08-09 17:06:55.191 I/am_proc_died( 1319): [0,8747,com.android.carrierconfig,999,19,158,3573]
08-09 17:06:55.193 I/am_uid_stopped( 1319): 10251
08-09 17:06:55.203 I/am_kill ( 1319): [0,8839,com.samsung.android.bluelightfilter,999,empty #33]
08-09 17:06:55.216 I/am_proc_bound( 1319): [0,10368,com.google.android.apps.turbo:ssb]
08-09 17:06:55.224 I/power_partial_wake_state( 1319): [REL,1982,*job*/com.aura.oobe.samsung/com.google.android.datatransport.runtime.scheduling.jobscheduling.JobInfoSchedulerService:android]
08-09 17:06:55.228 I/am_kill ( 1319): [0,8840,com.android.dynsystem,999,empty #33]
08-09 17:06:55.247 I/am_proc_died( 1319): [0,8839,com.samsung.android.bluelightfilter,999,19,143,3580]
08-09 17:06:55.249 I/am_uid_stopped( 1319): 10048
08-09 17:06:55.265 I/am_proc_died( 1319): [0,8840,com.android.dynsystem,999,19,142,3584]
08-09 17:06:55.308 I/am_uid_running( 1319): 10249
08-09 17:06:55.338 I/am_kill ( 1319): [0,3604,com.google.android.cellbroadcastreceiver,999,empty #33]
08-09 17:06:55.345 I/am_proc_start( 1319): [0,10405,10249,com.samsung.android.mfi,broadcast,{com.samsung.android.mfi/androidx.work.impl.background.systemalarm.RescheduleReceiver}]
08-09 17:06:55.350 I/am_uid_running( 1319): 10222
08-09 17:06:55.364 I/am_proc_bound( 1319): [0,10405,com.samsung.android.mfi]
08-09 17:06:55.370 I/am_uid_active( 1319): 10249
08-09 17:06:55.370 I/am_proc_died( 1319): [0,3604,com.google.android.cellbroadcastreceiver,999,19,108,3617]
08-09 17:06:55.371 I/am_uid_stopped( 1319): 10260
08-09 17:06:55.372 I/am_uid_active( 1319): 10222
08-09 17:06:55.373 I/am_proc_start( 1319): [0,10421,10222,com.google.android.as.oss,broadcast,{com.google.android.as.oss/com.google.android.apps.miphone.astrea.common.broadcastreceivers.BootCompletedBroadcastReceiver}]
08-09 17:06:55.426 I/am_proc_bound( 1319): [0,10421,com.google.android.as.oss]
08-09 17:06:55.549 I/am_uid_running( 1319): 10260
08-09 17:06:55.551 I/am_kill ( 1319): [0,8938,com.qualcomm.timeservice,999,empty #33]
08-09 17:06:55.561 I/am_proc_start( 1319): [0,10439,10260,com.google.android.cellbroadcastreceiver,broadcast,{com.google.android.cellbroadcastreceiver/com.android.cellbroadcastreceiver.CellBroadcastReceiver}]
08-09 17:06:55.563 I/am_proc_died( 1319): [0,8938,com.qualcomm.timeservice,999,19,129,3598]
08-09 17:06:55.564 I/am_uid_stopped( 1319): 10210
08-09 17:06:55.573 I/am_kill ( 1319): [0,2631,com.samsung.android.cidmanager,999,empty #33]
08-09 17:06:55.575 I/am_uid_active( 1319): 10260
08-09 17:06:55.588 I/am_proc_died( 1319): [0,2631,com.samsung.android.cidmanager,999,19,129,3603]
08-09 17:06:55.594 I/am_proc_bound( 1319): [0,10439,com.google.android.cellbroadcastreceiver]
08-09 17:06:55.872 I/notification_cancel_all( 1319): [1000,1319,com.google.android.youtube,0,0,0,20,NULL]
08-09 17:06:55.883 I/notification_cancel_all( 1319): [1000,1319,com.google.android.youtube,0,0,0,20,NULL]
08-09 17:06:55.901 I/am_uid_running( 1319): 10212
08-09 17:06:55.906 I/am_kill ( 1319): [0,8920,com.android.dynsystem:dynsystem,999,empty #33]
08-09 17:06:55.915 I/am_proc_died( 1319): [0,8920,com.android.dynsystem:dynsystem,999,19,131,3609]
08-09 17:06:55.917 I/am_uid_active( 1319): 10212
08-09 17:06:55.920 I/am_proc_start( 1319): [0,10465,10212,com.google.android.configupdater,broadcast,{com.google.android.configupdater/com.google.android.configupdater.MainReceiver}]
08-09 17:06:56.011 I/am_uid_running( 1319): 10236
08-09 17:06:56.024 I/am_proc_start( 1319): [0,10488,10236,com.android.chrome,service,{com.android.chrome/org.chromium.chrome.browser.customtabs.CustomTabsConnectionService}]
08-09 17:06:56.031 I/am_proc_bound( 1319): [0,10465,com.google.android.configupdater]
08-09 17:06:56.076 I/power_partial_wake_state( 1319): [REL,21,*job*/com.samsung.android.calendar/com.samsung.android.libcalendar.platform.jobservice.CalendarProviderObserverJobService:android]
08-09 17:06:56.076 I/am_proc_bound( 1319): [0,10488,com.android.chrome]
08-09 17:06:56.094 I/power_partial_wake_state( 1319): [REL,17,*job*/com.google.android.youtube/androidx.work.impl.background.systemjob.SystemJobService:android]
08-09 17:06:56.103 I/power_partial_wake_state( 1319): [REL,43,*job*/com.samsung.android.calendar/com.samsung.android.libcalendar.platform.jobservice.CalendarProviderObserverJobService:android]
08-09 17:06:56.115 I/power_partial_wake_state( 1319): [REL,38,*job*/com.google.android.youtube/androidx.work.impl.background.systemjob.SystemJobService:android]
08-09 17:06:56.164 D/DDS-TelephonyNetworkFactory[0]( 2286): got request NetworkRequest [ REQUEST id=227, [ Capabilities: INTERNET&NOT_RESTRICTED&TRUSTED&NOT_VCN_MANAGED Uid: 10249 RequestorUid: 1000 RequestorPkg: android UnderlyingNetworks: Null] ]
08-09 17:06:56.165 D/DDS-TelephonyNetworkFactory[0]( 2286): handleMessage msg={ when=0 what=3 obj=NetworkRequest [ REQUEST id=227, [ Capabilities: INTERNET&NOT_RESTRICTED&TRUSTED&NOT_VCN_MANAGED Uid: 10249 RequestorUid: 1000 RequestorPkg: android UnderlyingNetworks: Null] ] target=com.android.internal.telephony.data.TelephonyNetworkFactory$InternalHandler }
08-09 17:06:56.165 D/DDS-TelephonyNetworkFactory[0]( 2286): onNeedNetworkFor [NetworkRequest [ REQUEST id=227, [ Capabilities: INTERNET&NOT_RESTRICTED&TRUSTED&NOT_VCN_MANAGED Uid: 10249 RequestorUid: 1000 RequestorPkg: android UnderlyingNetworks: Null] ], mPriority=0, state=UNSATISFIED, mAttachedDataNetwork=null, isMetered=false, created time=17:06:56.165, evaluation result=null] shouldApply true
08-09 17:06:56.165 D/DCT-C-0 ( 2286): DDS-DcTracker.requestNetwork for NetworkRequest [ REQUEST id=227, [ Capabilities: INTERNET&NOT_RESTRICTED&TRUSTED&NOT_VCN_MANAGED Uid: 10249 RequestorUid: 1000 RequestorPkg: android UnderlyingNetworks: Null] ] found {mApnType=default mState=CONNECTED mWaitingApns={[[ApnSetting] Jio 4G, 6085, 405874, jionet, , null, , null, null, 0, supl | hipri | default | xcap, IPV4V6, IPV4V6, true, 0, false, 20, 0, 300, 0, 0, null, , false, UNKNOWN, UNKNOWN, 0, -1, -1, false] priority=1} mApnSetting={[ApnSetting] Jio 4G, 6085, 405874, jionet, , null, , null, null, 0, supl | hipri | default | xcap, IPV4V6, IPV4V6, true, 0, false, 20, 0, 300, 0, 0, null, , false, UNKNOWN, UNKNOWN, 0, -1, -1, false} mReason=connected mNeedDisconnectByDdsChange=false mDataEnabled=true}, type=NORMAL
08-09 17:06:56.165 D/DC-C-1 ( 2286): reevaluate data connection properties
08-09 17:06:56.165 D/DCT-C-0 ( 2286): onEnableApn: apnType=default, request type=NORMAL
08-09 17:06:56.165 D/DCT-C-0 ( 2286): onEnableApn: APN in CONNECTED state. Exit now.
08-09 17:06:56.168 I/power_partial_wake_state( 1319): [REL,5,*job*/com.samsung.android.mfi/androidx.work.impl.background.systemjob.SystemJobService:android]
08-09 17:06:56.172 D/ARGOS ( 3432): argos: argos_monitor: UFS - Mbps:1272 prev_tput:1396
08-09 17:06:56.174 D/DDS-TelephonyNetworkFactory[0]( 2286): got request NetworkRequest [ REQUEST id=229, [ Capabilities: INTERNET&NOT_RESTRICTED&TRUSTED&NOT_VCN_MANAGED Uid: 10249 RequestorUid: 10249 RequestorPkg: com.samsung.android.mfi UnderlyingNetworks: Null] ]
08-09 17:06:56.175 D/DDS-TelephonyNetworkFactory[0]( 2286): handleMessage msg={ when=0 what=3 obj=NetworkRequest [ REQUEST id=229, [ Capabilities: INTERNET&NOT_RESTRICTED&TRUSTED&NOT_VCN_MANAGED Uid: 10249 RequestorUid: 10249 RequestorPkg: com.samsung.android.mfi UnderlyingNetworks: Null] ] target=com.android.internal.telephony.data.TelephonyNetworkFactory$InternalHandler }
08-09 17:06:56.175 D/DDS-TelephonyNetworkFactory[0]( 2286): onNeedNetworkFor [NetworkRequest [ REQUEST id=229, [ Capabilities: INTERNET&NOT_RESTRICTED&TRUSTED&NOT_VCN_MANAGED Uid: 10249 RequestorUid: 10249 RequestorPkg: com.samsung.android.mfi UnderlyingNetworks: Null] ], mPriority=0, state=UNSATISFIED, mAttachedDataNetwork=null, isMetered=false, created time=17:06:56.175, evaluation result=null] shouldApply true
08-09 17:06:56.175 D/DCT-C-0 ( 2286): DDS-DcTracker.requestNetwork for NetworkRequest [ REQUEST id=229, [ Capabilities: INTERNET&NOT_RESTRICTED&TRUSTED&NOT_VCN_MANAGED Uid: 10249 RequestorUid: 10249 RequestorPkg: com.samsung.android.mfi UnderlyingNetworks: Null] ] found {mApnType=default mState=CONNECTED mWaitingApns={[[ApnSetting] Jio 4G, 6085, 405874, jionet, , null, , null, null, 0, supl | hipri | default | xcap, IPV4V6, IPV4V6, true, 0, false, 20, 0, 300, 0, 0, null, , false, UNKNOWN, UNKNOWN, 0, -1, -1, false] priority=1} mApnSetting={[ApnSetting] Jio 4G, 6085, 405874, jionet, , null, , null, null, 0, supl | hipri | default | xcap, IPV4V6, IPV4V6, true, 0, false, 20, 0, 300, 0, 0, null, , false, UNKNOWN, UNKNOWN, 0, -1, -1, false} mReason=connected mNeedDisconnectByDdsChange=false mDataEnabled=true}, type=NORMAL
08-09 17:06:56.175 D/DC-C-1 ( 2286): reevaluate data connection properties
08-09 17:06:56.175 D/DCT-C-0 ( 2286): onEnableApn: apnType=default, request type=NORMAL
08-09 17:06:56.175 D/DCT-C-0 ( 2286): onEnableApn: APN in CONNECTED state. Exit now.
08-09 17:06:56.181 I/am_uid_running( 1319): 5023
08-09 17:06:56.203 I/am_proc_start( 1319): [0,10539,5023,com.samsung.android.networkdiagnostic,broadcast,{com.samsung.android.networkdiagnostic/androidx.work.impl.background.systemalarm.RescheduleReceiver}]
08-09 17:06:56.245 I/am_proc_bound( 1319): [0,10539,com.samsung.android.networkdiagnostic]
08-09 17:06:56.248 I/am_uid_active( 1319): 5023
08-09 17:06:56.349 I/am_kill ( 1319): [0,8946,com.android.hotwordenrollment.okgoogle,999,empty #33]
08-09 17:06:56.353 I/power_partial_wake_state( 1319): [REL,12,*job*/com.google.android.gm/.job.GoogleMailWidgetAndShortcutSwitchJob$GoogleMailWidgetAndShortcutSwitchJobService:android]
08-09 17:06:56.373 I/am_proc_died( 1319): [0,8946,com.android.hotwordenrollment.okgoogle,999,19,131,3600]
08-09 17:06:56.374 I/am_uid_stopped( 1319): 10220
08-09 17:06:56.384 I/power_partial_wake_state( 1319): [REL,41,*job*/com.google.android.gm/.job.GoogleMailWidgetAndShortcutSwitchJob$GoogleMailWidgetAndShortcutSwitchJobService:android]
08-09 17:06:56.412 I/power_partial_wake_state( 1319): [REL,3,*job*/com.google.android.gm/com.android.email.job.BootCompletedJob$BootCompletedJobService:android]
08-09 17:06:56.419 I/power_partial_wake_state( 1319): [REL,2,*job*/com.google.android.gm/androidx.work.impl.background.systemjob.SystemJobService:android]
08-09 17:06:56.437 I/power_partial_wake_state( 1319): [REL,27,*job*/com.google.android.gm/com.android.email.job.BootCompletedJob$BootCompletedJobService:android]
08-09 17:06:56.474 I/power_partial_wake_state( 1319): [REL,5,*job*/com.google.android.gm/com.google.android.libraries.internal.growth.growthkit.internal.jobs.impl.GrowthKitJobService:android]
08-09 17:06:56.484 I/notification_cancel_all( 1319): [1000,1319,com.google.android.gm,0,0,0,20,NULL]
08-09 17:06:56.490 I/power_partial_wake_state( 1319): [REL,72,*job*/com.google.android.gm/androidx.work.impl.background.systemjob.SystemJobService:android]
08-09 17:06:56.506 I/power_partial_wake_state( 1319): [REL,9,*job*/com.google.android.gm/com.google.android.libraries.internal.growth.growthkit.internal.jobs.impl.GrowthKitJobService:android]
08-09 17:06:56.548 I/power_partial_wake_state( 1319): [REL,50,*job*/com.google.android.gm/com.google.android.libraries.internal.growth.growthkit.internal.jobs.impl.GrowthKitJobService:android]
08-09 17:06:56.551 I/power_partial_wake_state( 1319): [REL,1,*job*/com.google.android.gm/com.google.android.libraries.internal.growth.growthkit.internal.jobs.impl.GrowthKitJobService:android]
08-09 17:06:56.564 I/power_partial_wake_state( 1319): [REL,14,*job*/com.google.android.gm/com.google.android.libraries.internal.growth.growthkit.internal.jobs.impl.GrowthKitJobService:android]
08-09 17:06:56.567 I/power_partial_wake_state( 1319): [REL,1,*job*/com.google.android.gm/com.google.android.libraries.notifications.entrypoints.scheduled.ScheduledTaskService:android]
08-09 17:06:56.570 I/am_kill ( 1319): [0,8533,com.whatsapp,999,empty #33]
08-09 17:06:56.576 I/am_kill ( 1319): [0,8352,com.sec.android.app.clockpackage,999,empty #33]
08-09 17:06:56.581 I/am_proc_start( 1319): [0,10634,5009,com.samsung.android.scloud,broadcast,{com.samsung.android.scloud/com.samsung.android.scloud.app.manifest.SCloudSystemIntentReceiver}]
08-09 17:06:56.594 I/am_proc_died( 1319): [0,8352,com.sec.android.app.clockpackage,999,19,152,3608]
08-09 17:06:56.595 I/am_uid_stopped( 1319): 10163
08-09 17:06:56.599 I/am_proc_died( 1319): [0,8533,com.whatsapp,999,19,153,3608]
08-09 17:06:56.599 I/am_uid_stopped( 1319): 10368
08-09 17:06:56.601 D/DDS-TelephonyNetworkFactory[0]( 2286): handleMessage msg={ when=0 what=4 obj=NetworkRequest [ REQUEST id=167, [ Capabilities: INTERNET&NOT_RESTRICTED&TRUSTED&NOT_VCN_MANAGED Uid: 10368 RequestorUid: 10368 RequestorPkg: com.whatsapp UnderlyingNetworks: Null] ] target=com.android.internal.telephony.data.TelephonyNetworkFactory$InternalHandler }
08-09 17:06:56.602 D/DDS-TelephonyNetworkFactory[0]( 2286): onReleaseNetworkFor [NetworkRequest [ REQUEST id=167, [ Capabilities: INTERNET&NOT_RESTRICTED&TRUSTED&NOT_VCN_MANAGED Uid: 10368 RequestorUid: 10368 RequestorPkg: com.whatsapp UnderlyingNetworks: Null] ], mPriority=0, state=UNSATISFIED, mAttachedDataNetwork=null, isMetered=false, created time=17:06:56.601, evaluation result=null] applied true
08-09 17:06:56.602 D/DCT-C-0 ( 2286): DDS-DcTracker.releaseNetwork for NetworkRequest [ REQUEST id=167, [ Capabilities: INTERNET&NOT_RESTRICTED&TRUSTED&NOT_VCN_MANAGED Uid: 10368 RequestorUid: 10368 RequestorPkg: com.whatsapp UnderlyingNetworks: Null] ] found {mApnType=default mState=CONNECTED mWaitingApns={[[ApnSetting] Jio 4G, 6085, 405874, jionet, , null, , null, null, 0, supl | hipri | default | xcap, IPV4V6, IPV4V6, true, 0, false, 20, 0, 300, 0, 0, null, , false, UNKNOWN, UNKNOWN, 0, -1, -1, false] priority=1} mApnSetting={[ApnSetting] Jio 4G, 6085, 405874, jionet, , null, , null, null, 0, supl | hipri | default | xcap, IPV4V6, IPV4V6, true, 0, false, 20, 0, 300, 0, 0, null, , false, UNKNOWN, UNKNOWN, 0, -1, -1, false} mReason=connected mNeedDisconnectByDdsChange=false mDataEnabled=true}, type=NORMAL
08-09 17:06:56.602 D/DC-C-1 ( 2286): reevaluate data connection properties
08-09 17:06:56.608 I/am_proc_bound( 1319): [0,10634,com.samsung.android.scloud]
08-09 17:06:56.692 I/power_partial_wake_state( 1319): [REL,170,ChimeBroadcastReceiver:com.google.android.gm]
08-09 17:06:56.705 I/power_partial_wake_state( 1319): [REL,139,*job*/com.google.android.gm/com.google.android.libraries.notifications.entrypoints.scheduled.ScheduledTaskService:android]
08-09 17:06:56.706 I/power_partial_wake_state( 1319): [REL,3003,AudioMix:audioserver]
08-09 17:06:56.707 I/power_partial_wake_state( 1319): [REL,3000,AudioMix:audioserver]
08-09 17:06:56.710 I/power_partial_wake_state( 1319): [REL,3009,AudioMix:audioserver]
08-09 17:06:56.712 I/power_partial_wake_state( 1319): [REL,3006,AudioMix:audioserver]
08-09 17:06:56.712 I/power_partial_wake_state( 1319): [REL,3009,AudioMix:audioserver]
08-09 17:06:56.737 I/power_partial_wake_state( 1319): [REL,6,wake:com.google.android.gms/.auth.account.be.accountstate.LoginAccountsChangedIntentService - 999:com.google.android.gms]
08-09 17:06:56.775 I/commit_sys_config_file( 1319): [notification-policy,36318]
08-09 17:06:56.777 I/notification_cancel( 1319): [5009,10634,com.samsung.android.scloud,127000,NULL,0,0,1088,8,NULL]
08-09 17:06:56.790 I/netstats_mobile_sample( 1319): [2120868,2189,344054,2079,2120868,2189,344054,2079,2107651,2168,343027,2064,1691581016791]
08-09 17:06:56.790 I/netstats_wifi_sample( 1319): [0,0,0,0,0,0,0,0,0,0,0,0,1691581016791]
08-09 17:06:56.790 I/power_partial_wake_state( 1319): [REL,45,NetworkStats:android]
08-09 17:06:56.823 I/am_kill ( 1319): [0,9088,com.android.hotwordenrollment.xgoogle,999,empty #33]
08-09 17:06:56.838 I/am_uid_running( 1319): 10083
08-09 17:06:56.860 I/am_proc_start( 1319): [0,10718,10083,com.samsung.android.service.peoplestripe,broadcast,{com.samsung.android.service.peoplestripe/com.samsung.android.service.peoplestripe.people.edgepanel.PeopleEdgePanelProvider}]
08-09 17:06:56.866 I/am_proc_died( 1319): [0,9088,com.android.hotwordenrollment.xgoogle,999,19,117,3638]
08-09 17:06:56.866 I/am_uid_stopped( 1319): 10219
08-09 17:06:56.868 I/am_uid_active( 1319): 10083
08-09 17:06:56.914 D/DDS-TelephonyNetworkFactory[0]( 2286): got request NetworkRequest [ REQUEST id=232, [ Capabilities: INTERNET&NOT_RESTRICTED&TRUSTED&NOT_VCN_MANAGED Uid: 10241 RequestorUid: 10241 RequestorPkg: com.google.android.gm UnderlyingNetworks: Null] ]
08-09 17:06:56.914 D/DDS-TelephonyNetworkFactory[0]( 2286): handleMessage msg={ when=0 what=3 obj=NetworkRequest [ REQUEST id=232, [ Capabilities: INTERNET&NOT_RESTRICTED&TRUSTED&NOT_VCN_MANAGED Uid: 10241 RequestorUid: 10241 RequestorPkg: com.google.android.gm UnderlyingNetworks: Null] ] target=com.android.internal.telephony.data.TelephonyNetworkFactory$InternalHandler }
08-09 17:06:56.915 D/DDS-TelephonyNetworkFactory[0]( 2286): onNeedNetworkFor [NetworkRequest [ REQUEST id=232, [ Capabilities: INTERNET&NOT_RESTRICTED&TRUSTED&NOT_VCN_MANAGED Uid: 10241 RequestorUid: 10241 RequestorPkg: com.google.android.gm UnderlyingNetworks: Null] ], mPriority=0, state=UNSATISFIED, mAttachedDataNetwork=null, isMetered=false, created time=17:06:56.913, evaluation result=null] shouldApply true
08-09 17:06:56.915 D/DCT-C-0 ( 2286): DDS-DcTracker.requestNetwork for NetworkRequest [ REQUEST id=232, [ Capabilities: INTERNET&NOT_RESTRICTED&TRUSTED&NOT_VCN_MANAGED Uid: 10241 RequestorUid: 10241 RequestorPkg: com.google.android.gm UnderlyingNetworks: Null] ] found {mApnType=default mState=CONNECTED mWaitingApns={[[ApnSetting] Jio 4G, 6085, 405874, jionet, , null, , null, null, 0, supl | hipri | default | xcap, IPV4V6, IPV4V6, true, 0, false, 20, 0, 300, 0, 0, null, , false, UNKNOWN, UNKNOWN, 0, -1, -1, false] priority=1} mApnSetting={[ApnSetting] Jio 4G, 6085, 405874, jionet, , null, , null, null, 0, supl | hipri | default | xcap, IPV4V6, IPV4V6, true, 0, false, 20, 0, 300, 0, 0, null, , false, UNKNOWN, UNKNOWN, 0, -1, -1, false} mReason=connected mNeedDisconnectByDdsChange=false mDataEnabled=true}, type=NORMAL
08-09 17:06:56.915 D/DC-C-1 ( 2286): reevaluate data connection properties
08-09 17:06:56.915 D/DCT-C-0 ( 2286): onEnableApn: apnType=default, request type=NORMAL
08-09 17:06:56.915 D/DCT-C-0 ( 2286): onEnableApn: APN in CONNECTED state. Exit now.
08-09 17:06:56.941 I/am_proc_bound( 1319): [0,10718,com.samsung.android.service.peoplestripe]
08-09 17:06:56.969 I/dvm_lock_sample( 1319): [system_server,0,binder:1319_17,8,ActivityManagerService.java,15067,void com.android.server.am.ActivityManagerService.serviceDoneExecuting(android.os.IBinder, int, int, int),,0,null,1]
08-09 17:06:56.974 I/dvm_lock_sample( 1319): [system_server,1,binder:1319_1A,21,ActivityManagerService.java,15487,android.content.Intent com.android.server.am.ActivityManagerService.registerReceiverWithFeature(android.app.IApplicationThread, java.lang.String, java.lang.String, java.lang.String, android.content.IIntentReceiver, android.content.IntentFilter, java.lang.String, int, int),,0,null,4]
08-09 17:06:56.998 I/service_manager_stats( 1319): [110,107,5011]
08-09 17:06:57.016 I/am_uid_running( 1319): 10118
08-09 17:06:57.018 I/am_kill ( 1319): [0,9057,com.google.android.webview:webview_service,999,empty #33]
08-09 17:06:57.028 I/am_proc_start( 1319): [0,10769,10118,com.samsung.android.service.stplatform,broadcast,{com.samsung.android.service.stplatform/com.samsung.android.service.stplatform.receivers.SystemIntentReceiver}]
08-09 17:06:57.038 I/am_proc_died( 1319): [0,9057,com.google.android.webview:webview_service,999,19,153,3633]
08-09 17:06:57.039 I/am_uid_stopped( 1319): 10237
08-09 17:06:57.051 I/am_uid_active( 1319): 10118
08-09 17:06:57.074 I/am_proc_bound( 1319): [0,10769,com.samsung.android.service.stplatform]
08-09 17:06:57.106 I/power_partial_wake_state( 1319): [REL,2291,*job*/com.google.android.apps.tachyon/com.google.android.libraries.internal.growth.growthkit.internal.jobs.impl.GrowthKitJobService:android]
08-09 17:06:57.111 I/SemTelephonyHandlerHelper( 2286): handleMessage - message code: 92
08-09 17:06:57.114 I/power_partial_wake_state( 1319): [CHG,0,*telephony-radio*:com.android.phone]
08-09 17:06:57.114 D/RILJ ( 2286): [0476]> GET_ACTIVITY_INFO [PHONE0]
08-09 17:06:57.115 I/am_kill ( 1319): [0,9162,com.android.managedprovisioning,999,empty #33]
08-09 17:06:57.117 D/RILJ ( 2286): [0476]< GET_ACTIVITY_INFO ModemActivityInfo{ mTimestamp=55013 mSleepTimeMs=0 mIdleTimeMs=1 mActivityStatsTechSpecificInfo=[{mRat=UNKNOWN,mFrequencyRange=UNKNOWN,mTxTimeMs[]=[1491, 376, 350, 236, 10],mRxTimeMs=2551}]} [PHONE0]
08-09 17:06:57.117 I/SemTelephonyHandlerHelper( 2286): handleMessage - message code: 93
08-09 17:06:57.118 I/power_partial_wake_state( 1319): [CHG,4,*telephony-radio*:com.android.phone]
08-09 17:06:57.121 I/power_partial_wake_state( 1319): [REL,3,*telephony-radio*:com.android.phone]
08-09 17:06:57.139 I/am_proc_start( 1319): [0,10791,10236,com.android.chrome:privileged_process0,service,{com.android.chrome/org.chromium.content.app.PrivilegedProcessService0}]
08-09 17:06:57.141 I/am_proc_died( 1319): [0,9162,com.android.managedprovisioning,999,19,121,3659]
08-09 17:06:57.141 I/am_uid_stopped( 1319): 10077
08-09 17:06:57.176 D/ARGOS ( 3432): argos: argos_monitor: UFS - Mbps:1844 prev_tput:1272
08-09 17:06:57.188 I/am_proc_bound( 1319): [0,10791,com.android.chrome:privileged_process0]
08-09 17:06:57.200 I/power_partial_wake_state( 1319): [REL,10,*job*/com.google.android.googlequicksearchbox/com.google.android.apps.gsa.tasks.BackgroundTasksJobService:android]
08-09 17:06:57.207 I/am_uid_running( 1319): 10264
08-09 17:06:57.226 I/am_proc_start( 1319): [0,10817,10264,com.google.android.adservices.api,service,{com.google.android.adservices.api/com.android.adservices.measurement.MeasurementService}]
08-09 17:06:57.231 I/power_partial_wake_state( 1319): [REL,5,*job*/com.google.android.googlequicksearchbox/com.google.android.apps.gsa.tasks.BackgroundTasksJobService:android]
08-09 17:06:57.277 I/am_kill ( 1319): [0,9025,com.android.settings,999,empty #33]
08-09 17:06:57.293 I/power_partial_wake_state( 1319): [CHG,7,Icing:com.google.android.gms]
08-09 17:06:57.301 I/am_uid_running( 1319): 10042
08-09 17:06:57.308 I/am_proc_bound( 1319): [0,10817,com.google.android.adservices.api]
08-09 17:06:57.313 I/am_kill ( 1319): [0,9413,com.android.shell,999,empty #33]
08-09 17:06:57.313 I/power_partial_wake_state( 1319): [CHG,21,Icing:com.google.android.gms]
08-09 17:06:57.333 E/TelephonyManager( 4392): isDataEnabled Bindcalling pid : 4392, uid : 10227
08-09 17:06:57.338 I/am_proc_start( 1319): [0,10842,10042,com.samsung.attribution,broadcast,{com.samsung.attribution/androidx.work.impl.background.systemalarm.RescheduleReceiver}]
08-09 17:06:57.361 I/am_proc_died( 1319): [0,9413,com.android.shell,999,19,116,3671]
08-09 17:06:57.362 I/am_uid_stopped( 1319): 2000
08-09 17:06:57.379 I/am_uid_active( 1319): 10042
08-09 17:06:57.400 I/am_proc_died( 1319): [0,9025,com.android.settings,999,19,111,3675]
08-09 17:06:57.431 I/am_proc_bound( 1319): [0,10842,com.samsung.attribution]
08-09 17:06:57.441 I/power_partial_wake_state( 1319): [REL,250,*job*/com.google.android.googlequicksearchbox/com.google.android.apps.gsa.tasks.BackgroundTasksJobService:android]
08-09 17:06:57.454 D/DDS-TelephonyNetworkFactory[0]( 2286): got request NetworkRequest [ REQUEST id=235, [ Capabilities: INTERNET&NOT_RESTRICTED&TRUSTED&NOT_VCN_MANAGED Uid: 10236 RequestorUid: 10236 RequestorPkg: com.android.chrome UnderlyingNetworks: Null] ]
08-09 17:06:57.454 D/DDS-TelephonyNetworkFactory[0]( 2286): handleMessage msg={ when=0 what=3 obj=NetworkRequest [ REQUEST id=235, [ Capabilities: INTERNET&NOT_RESTRICTED&TRUSTED&NOT_VCN_MANAGED Uid: 10236 RequestorUid: 10236 RequestorPkg: com.android.chrome UnderlyingNetworks: Null] ] target=com.android.internal.telephony.data.TelephonyNetworkFactory$InternalHandler }
08-09 17:06:57.454 D/DDS-TelephonyNetworkFactory[0]( 2286): onNeedNetworkFor [NetworkRequest [ REQUEST id=235, [ Capabilities: INTERNET&NOT_RESTRICTED&TRUSTED&NOT_VCN_MANAGED Uid: 10236 RequestorUid: 10236 RequestorPkg: com.android.chrome UnderlyingNetworks: Null] ], mPriority=0, state=UNSATISFIED, mAttachedDataNetwork=null, isMetered=false, created time=17:06:57.454, evaluation result=null] shouldApply true
08-09 17:06:57.455 D/DCT-C-0 ( 2286): DDS-DcTracker.requestNetwork for NetworkRequest [ REQUEST id=235, [ Capabilities: INTERNET&NOT_RESTRICTED&TRUSTED&NOT_VCN_MANAGED Uid: 10236 RequestorUid: 10236 RequestorPkg: com.android.chrome UnderlyingNetworks: Null] ] found {mApnType=default mState=CONNECTED mWaitingApns={[[ApnSetting] Jio 4G, 6085, 405874, jionet, , null, , null, null, 0, supl | hipri | default | xcap, IPV4V6, IPV4V6, true, 0, false, 20, 0, 300, 0, 0, null, , false, UNKNOWN, UNKNOWN, 0, -1, -1, false] priority=1} mApnSetting={[ApnSetting] Jio 4G, 6085, 405874, jionet, , null, , null, null, 0, supl | hipri | default | xcap, IPV4V6, IPV4V6, true, 0, false, 20, 0, 300, 0, 0, null, , false, UNKNOWN, UNKNOWN, 0, -1, -1, false} mReason=connected mNeedDisconnectByDdsChange=false mDataEnabled=true}, type=NORMAL
08-09 17:06:57.455 D/DC-C-1 ( 2286): reevaluate data connection properties
08-09 17:06:57.455 D/DCT-C-0 ( 2286): onEnableApn: apnType=default, request type=NORMAL
08-09 17:06:57.455 D/DCT-C-0 ( 2286): onEnableApn: APN in CONNECTED state. Exit now.
08-09 17:06:57.458 I/am_uid_running( 1319): 90000
08-09 17:06:57.461 E/TelephonyManager( 4392): isDataEnabled Bindcalling pid : 4392, uid : 10227
08-09 17:06:57.462 I/power_partial_wake_state( 1319): [REL,2,*job*/com.google.android.googlequicksearchbox/com.google.android.apps.gsa.tasks.BackgroundTasksJobService:android]
08-09 17:06:57.577 I/am_pss ( 1319): [4285,10369,com.innowireless.xcal.mobile5,291255296,280993792,3849216,367058944,0,2,26]
08-09 17:06:57.603 I/power_partial_wake_state( 1319): [REL,61,IntentOp:.auth.frp.FrpUpdateIntentOperation:com.google.android.gms]
08-09 17:06:57.654 I/notification_cancel( 1319): [10224,4545,com.google.android.gms,1,com.google.android.gms.update.control.NotificationControl,0,0,1088,8,NULL]
08-09 17:06:57.657 I/am_kill ( 1319): [0,3076,com.samsung.android.mdecservice,965,empty #33]
08-09 17:06:57.686 I/power_partial_wake_state( 1319): [REL,18,IntentOp:.update.execution.InstallationIntentOperation:com.google.android.gms]
08-09 17:06:57.690 I/power_partial_wake_state( 1319): [REL,5202,*job*/com.google.android.apps.messaging/com.google.android.libraries.internal.growth.growthkit.internal.jobs.impl.GrowthKitJobService:android]
08-09 17:06:57.705 I/power_partial_wake_state( 1319): [REL,10,*job*/com.google.android.googlequicksearchbox/com.google.android.apps.gsa.tasks.BackgroundTasksJobService:android]
08-09 17:06:57.709 I/am_kill ( 1319): [0,9482,com.android.systemui:edgelighting,999,empty #33]
08-09 17:06:57.710 I/am_kill ( 1319): [0,7147,com.samsung.android.app.contacts,999,empty #34]
08-09 17:06:57.718 I/am_uid_running( 1319): 10071
08-09 17:06:57.719 I/am_kill ( 1319): [0,9372,com.android.vending:background,999,empty #33]
08-09 17:06:57.720 D/DDS-TelephonyNetworkFactory[0]( 2286): got request NetworkRequest [ REQUEST id=238, [ Capabilities: INTERNET&NOT_RESTRICTED&TRUSTED&NOT_VCN_MANAGED Uid: 10042 RequestorUid: 1000 RequestorPkg: android UnderlyingNetworks: Null] ]
08-09 17:06:57.720 D/DDS-TelephonyNetworkFactory[0]( 2286): handleMessage msg={ when=0 what=3 obj=NetworkRequest [ REQUEST id=238, [ Capabilities: INTERNET&NOT_RESTRICTED&TRUSTED&NOT_VCN_MANAGED Uid: 10042 RequestorUid: 1000 RequestorPkg: android UnderlyingNetworks: Null] ] target=com.android.internal.telephony.data.TelephonyNetworkFactory$InternalHandler }
08-09 17:06:57.721 D/DDS-TelephonyNetworkFactory[0]( 2286): onNeedNetworkFor [NetworkRequest [ REQUEST id=238, [ Capabilities: INTERNET&NOT_RESTRICTED&TRUSTED&NOT_VCN_MANAGED Uid: 10042 RequestorUid: 1000 RequestorPkg: android UnderlyingNetworks: Null] ], mPriority=0, state=UNSATISFIED, mAttachedDataNetwork=null, isMetered=false, created time=17:06:57.719, evaluation result=null] shouldApply true
08-09 17:06:57.721 D/DCT-C-0 ( 2286): DDS-DcTracker.requestNetwork for NetworkRequest [ REQUEST id=238, [ Capabilities: INTERNET&NOT_RESTRICTED&TRUSTED&NOT_VCN_MANAGED Uid: 10042 RequestorUid: 1000 RequestorPkg: android UnderlyingNetworks: Null] ] found {mApnType=default mState=CONNECTED mWaitingApns={[[ApnSetting] Jio 4G, 6085, 405874, jionet, , null, , null, null, 0, supl | hipri | default | xcap, IPV4V6, IPV4V6, true, 0, false, 20, 0, 300, 0, 0, null, , false, UNKNOWN, UNKNOWN, 0, -1, -1, false] priority=1} mApnSetting={[ApnSetting] Jio 4G, 6085, 405874, jionet, , null, , null, null, 0, supl | hipri | default | xcap, IPV4V6, IPV4V6, true, 0, false, 20, 0, 300, 0, 0, null, , false, UNKNOWN, UNKNOWN, 0, -1, -1, false} mReason=connected mNeedDisconnectByDdsChange=false mDataEnabled=true}, type=NORMAL
08-09 17:06:57.721 D/DC-C-1 ( 2286): reevaluate data connection properties
08-09 17:06:57.721 D/DCT-C-0 ( 2286): onEnableApn: apnType=default, request type=NORMAL
08-09 17:06:57.721 D/DCT-C-0 ( 2286): onEnableApn: APN in CONNECTED state. Exit now.
08-09 17:06:57.740 I/am_kill ( 1319): [0,9884,com.google.android.tts,975,empty #33]
08-09 17:06:57.781 I/am_proc_start( 1319): [0,10922,90000,com.android.chrome:sandboxed_process0:org.chromium.content.app.SandboxedProcessService0:0,,{com.android.chrome/org.chromium.content.app.SandboxedProcessService0:0}]
08-09 17:06:57.786 I/dvm_lock_sample( 1319): [system_server,0,jobscheduler.bg,12,ActivityManagerService.java,19246,void com.android.server.am.ActivityManagerService$LocalService.updateDeviceIdleTempAllowlist(int[], int, boolean, long, int, int, java.lang.String, int),,0,null,2]
08-09 17:06:57.787 I/power_partial_wake_state( 1319): [REL,3184,Calendar notification wake:1:com.samsung.android.calendar]
08-09 17:06:57.820 I/am_proc_died( 1319): [0,3076,com.samsung.android.mdecservice,965,19,156,3662]
08-09 17:06:57.825 I/am_uid_active( 1319): 10071
08-09 17:06:57.832 D/DDS-TelephonyNetworkFactory[0]( 2286): handleMessage msg={ when=0 what=4 obj=NetworkRequest [ REQUEST id=188, [ Capabilities: INTERNET&NOT_RESTRICTED&TRUSTED&NOT_VCN_MANAGED Uid: 10225 RequestorUid: 10225 RequestorPkg: com.android.vending UnderlyingNetworks: Null] ] target=com.android.internal.telephony.data.TelephonyNetworkFactory$InternalHandler }
08-09 17:06:57.832 D/DDS-TelephonyNetworkFactory[0]( 2286): onReleaseNetworkFor [NetworkRequest [ REQUEST id=188, [ Capabilities: INTERNET&NOT_RESTRICTED&TRUSTED&NOT_VCN_MANAGED Uid: 10225 RequestorUid: 10225 RequestorPkg: com.android.vending UnderlyingNetworks: Null] ], mPriority=0, state=UNSATISFIED, mAttachedDataNetwork=null, isMetered=false, created time=17:06:57.832, evaluation result=null] applied true
08-09 17:06:57.833 D/DCT-C-0 ( 2286): DDS-DcTracker.releaseNetwork for NetworkRequest [ REQUEST id=188, [ Capabilities: INTERNET&NOT_RESTRICTED&TRUSTED&NOT_VCN_MANAGED Uid: 10225 RequestorUid: 10225 RequestorPkg: com.android.vending UnderlyingNetworks: Null] ] found {mApnType=default mState=CONNECTED mWaitingApns={[[ApnSetting] Jio 4G, 6085, 405874, jionet, , null, , null, null, 0, supl | hipri | default | xcap, IPV4V6, IPV4V6, true, 0, false, 20, 0, 300, 0, 0, null, , false, UNKNOWN, UNKNOWN, 0, -1, -1, false] priority=1} mApnSetting={[ApnSetting] Jio 4G, 6085, 405874, jionet, , null, , null, null, 0, supl | hipri | default | xcap, IPV4V6, IPV4V6, true, 0, false, 20, 0, 300, 0, 0, null, , false, UNKNOWN, UNKNOWN, 0, -1, -1, false} mReason=connected mNeedDisconnectByDdsChange=false mDataEnabled=true}, type=NORMAL
08-09 17:06:57.833 D/DC-C-1 ( 2286): reevaluate data connection properties
08-09 17:06:57.834 I/power_partial_wake_state( 1319): [REL,520,Icing:com.google.android.gms]
08-09 17:06:57.845 I/power_partial_wake_state( 1319): [REL,384,*job*/com.google.android.googlequicksearchbox/com.google.android.apps.gsa.tasks.BackgroundTasksJobService:android]
08-09 17:06:57.852 I/am_proc_bound( 1319): [0,10922,com.android.chrome:sandboxed_process0:org.chromium.content.app.SandboxedProcessService0:0]
08-09 17:06:57.853 D/DDS-TelephonyNetworkFactory[0]( 2286): handleMessage msg={ when=0 what=4 obj=NetworkRequest [ REQUEST id=229, [ Capabilities: INTERNET&NOT_RESTRICTED&TRUSTED&NOT_VCN_MANAGED Uid: 10249 RequestorUid: 10249 RequestorPkg: com.samsung.android.mfi UnderlyingNetworks: Null] ] target=com.android.internal.telephony.data.TelephonyNetworkFactory$InternalHandler }
08-09 17:06:57.853 D/DDS-TelephonyNetworkFactory[0]( 2286): onReleaseNetworkFor [NetworkRequest [ REQUEST id=229, [ Capabilities: INTERNET&NOT_RESTRICTED&TRUSTED&NOT_VCN_MANAGED Uid: 10249 RequestorUid: 10249 RequestorPkg: com.samsung.android.mfi UnderlyingNetworks: Null] ], mPriority=0, state=UNSATISFIED, mAttachedDataNetwork=null, isMetered=false, created time=17:06:57.853, evaluation result=null] applied true
08-09 17:06:57.853 D/DCT-C-0 ( 2286): DDS-DcTracker.releaseNetwork for NetworkRequest [ REQUEST id=229, [ Capabilities: INTERNET&NOT_RESTRICTED&TRUSTED&NOT_VCN_MANAGED Uid: 10249 RequestorUid: 10249 RequestorPkg: com.samsung.android.mfi UnderlyingNetworks: Null] ] found {mApnType=default mState=CONNECTED mWaitingApns={[[ApnSetting] Jio 4G, 6085, 405874, jionet, , null, , null, null, 0, supl | hipri | default | xcap, IPV4V6, IPV4V6, true, 0, false, 20, 0, 300, 0, 0, null, , false, UNKNOWN, UNKNOWN, 0, -1, -1, false] priority=1} mApnSetting={[ApnSetting] Jio 4G, 6085, 405874, jionet, , null, , null, null, 0, supl | hipri | default | xcap, IPV4V6, IPV4V6, true, 0, false, 20, 0, 300, 0, 0, null, , false, UNKNOWN, UNKNOWN, 0, -1, -1, false} mReason=connected mNeedDisconnectByDdsChange=false mDataEnabled=true}, type=NORMAL
08-09 17:06:57.854 D/DC-C-1 ( 2286): reevaluate data connection properties
08-09 17:06:57.854 I/power_partial_wake_state( 1319): [REL,1691,*job*/com.samsung.android.mfi/androidx.work.impl.background.systemjob.SystemJobService:android]
08-09 17:06:57.863 I/service_manager_slow( 1319): [10,application_policy]
08-09 17:06:57.863 D/DDS-TelephonyNetworkFactory[0]( 2286): got request NetworkRequest [ REQUEST id=240, [ Capabilities: INTERNET&NOT_RESTRICTED&TRUSTED&NOT_VCN_MANAGED Uid: 10227 RequestorUid: 10227 RequestorPkg: com.google.android.googlequicksearchbox UnderlyingNetworks: Null] ]
08-09 17:06:57.864 D/DDS-TelephonyNetworkFactory[0]( 2286): handleMessage msg={ when=0 what=3 obj=NetworkRequest [ REQUEST id=240, [ Capabilities: INTERNET&NOT_RESTRICTED&TRUSTED&NOT_VCN_MANAGED Uid: 10227 RequestorUid: 10227 RequestorPkg: com.google.android.googlequicksearchbox UnderlyingNetworks: Null] ] target=com.android.internal.telephony.data.TelephonyNetworkFactory$InternalHandler }
08-09 17:06:57.864 D/DDS-TelephonyNetworkFactory[0]( 2286): onNeedNetworkFor [NetworkRequest [ REQUEST id=240, [ Capabilities: INTERNET&NOT_RESTRICTED&TRUSTED&NOT_VCN_MANAGED Uid: 10227 RequestorUid: 10227 RequestorPkg: com.google.android.googlequicksearchbox UnderlyingNetworks: Null] ], mPriority=0, state=UNSATISFIED, mAttachedDataNetwork=null, isMetered=false, created time=17:06:57.864, evaluation result=null] shouldApply true
08-09 17:06:57.864 D/DCT-C-0 ( 2286): DDS-DcTracker.requestNetwork for NetworkRequest [ REQUEST id=240, [ Capabilities: INTERNET&NOT_RESTRICTED&TRUSTED&NOT_VCN_MANAGED Uid: 10227 RequestorUid: 10227 RequestorPkg: com.google.android.googlequicksearchbox UnderlyingNetworks: Null] ] found {mApnType=default mState=CONNECTED mWaitingApns={[[ApnSetting] Jio 4G, 6085, 405874, jionet, , null, , null, null, 0, supl | hipri | default | xcap, IPV4V6, IPV4V6, true, 0, false, 20, 0, 300, 0, 0, null, , false, UNKNOWN, UNKNOWN, 0, -1, -1, false] priority=1} mApnSetting={[ApnSetting] Jio 4G, 6085, 405874, jionet, , null, , null, null, 0, supl | hipri | default | xcap, IPV4V6, IPV4V6, true, 0, false, 20, 0, 300, 0, 0, null, , false, UNKNOWN, UNKNOWN, 0, -1, -1, false} mReason=connected mNeedDisconnectByDdsChange=false mDataEnabled=true}, type=NORMAL
08-09 17:06:57.864 D/DC-C-1 ( 2286): reevaluate data connection properties
08-09 17:06:57.865 D/DCT-C-0 ( 2286): onEnableApn: apnType=default, request type=NORMAL
08-09 17:06:57.865 D/DCT-C-0 ( 2286): onEnableApn: APN in CONNECTED state. Exit now.
08-09 17:06:57.878 I/am_proc_died( 1319): [0,9372,com.android.vending:background,999,19,161,3664]
08-09 17:06:57.879 I/am_schedule_service_restart( 1319): [0,com.android.vending/com.google.android.finsky.ipcservers.background.BackgroundGrpcServerAndroidService,1000]
08-09 17:06:57.883 I/dvm_lock_sample( 1319): [system_server,1,binder:1319_14,10,ActivityManagerService.java,10944,java.util.List com.android.server.am.ActivityManagerService.getRunningAppProcesses(),OomAdjuster.java,542,boolean com.android.server.am.OomAdjuster.updateOomAdjLocked(com.android.server.am.ProcessRecord, java.lang.String),2]
08-09 17:06:57.885 I/am_unschedule_service_restart( 1319): [0,com.android.vending/com.google.android.finsky.ipcservers.background.BackgroundGrpcServerAndroidService,0,bring down]
08-09 17:06:57.886 I/am_proc_died( 1319): [0,7147,com.samsung.android.app.contacts,999,19,160,3664]
08-09 17:06:57.886 I/am_uid_stopped( 1319): 10099
08-09 17:06:57.901 D/SmsApplication( 2286): onPackageChanged: run
08-09 17:06:57.907 I/am_proc_start( 1319): [0,10936,10071,com.samsung.klmsagent,broadcast,{com.samsung.klmsagent/com.samsung.klmsagent.listner.SystemIntentReceiver}]
08-09 17:06:57.913 I/dvm_lock_sample( 1319): [system_server,0,binder:1319_A,126,ActivityManagerService.java,15067,void com.android.server.am.ActivityManagerService.serviceDoneExecuting(android.os.IBinder, int, int, int),,0,null,25]
08-09 17:06:57.917 I/am_proc_bound( 1319): [0,10936,com.samsung.klmsagent]
08-09 17:06:57.922 I/am_proc_died( 1319): [0,9482,com.android.systemui:edgelighting,999,19,165,3666]
08-09 17:06:57.929 I/am_proc_died( 1319): [0,9884,com.google.android.tts,975,19,164,3666]
08-09 17:06:57.929 I/am_uid_stopped( 1319): 10233
08-09 17:06:57.956 D/SmsApplication( 2286): onPackageChanged: end
08-09 17:06:57.957 I/dvm_lock_sample( 1319): [system_server,0,jobscheduler.bg,28,ActivityManagerService.java,16958,int com.android.server.am.ActivityManagerService.broadcastIntentWithFeature(android.app.IApplicationThread, java.lang.String, android.content.Intent, java.lang.String, android.content.IIntentReceiver, int, java.lang.String, android.os.Bundle, java.lang.String[], java.lang.String[], java.lang.String[], int, android.os.Bundle, boolean, boolean, int),,0,null,5]
08-09 17:06:57.973 I/dvm_lock_sample( 1319): [system_server,1,ActivityManager,26,BroadcastQueue.java,1393,void com.android.server.am.BroadcastQueue.processNextBroadcast(boolean),,0,null,5]
08-09 17:06:58.002 D/SmsApplication( 2286): onPackageChanged: run
08-09 17:06:58.010 I/power_partial_wake_state( 1319): [REL,73,IntentOp:.common.broadcast.BackgroundBroadcastReceiverSupport$PersistentReceiverIntentOperation:com.google.android.gms]
08-09 17:06:58.011 I/power_partial_wake_state( 1319): [REL,49,*job*/com.google.android.googlequicksearchbox/com.google.android.apps.gsa.tasks.BackgroundTasksJobService:android]
08-09 17:06:58.011 I/dvm_lock_sample( 1319): [system_server,1,binder:1319_14,32,ActivityManagerService.java,15487,android.content.Intent com.android.server.am.ActivityManagerService.registerReceiverWithFeature(android.app.IApplicationThread, java.lang.String, java.lang.String, java.lang.String, android.content.IIntentReceiver, android.content.IntentFilter, java.lang.String, int, int),,0,null,6]
08-09 17:06:58.012 I/dvm_lock_sample( 1319): [system_server,1,binder:1319_16,92,JobServiceContext.java,699,void com.android.server.job.JobServiceContext.doCallback(com.android.server.job.JobServiceContext$JobCallback, boolean, java.lang.String),-,378,boolean com.android.server.job.JobServiceContext.executeRunnableJob(com.android.server.job.controllers.JobStatus, int),18]
08-09 17:06:58.021 I/power_partial_wake_state( 1319): [CHG,2,Icing:com.google.android.gms]
08-09 17:06:58.023 I/power_partial_wake_state( 1319): [REL,11,*job*/com.facebook.appmanager/com.facebook.oxygen.common.jobqueue.JobQueueService:android]
08-09 17:06:58.024 I/power_partial_wake_state( 1319): [CHG,3,Icing:com.google.android.gms]
08-09 17:06:58.085 E/PhoneSubInfoController( 2286): getImei phone is null for Subscription:5
08-09 17:06:58.098 I/power_partial_wake_state( 1319): [REL,72,nearby:ENWearableDeviceManager:com.google.android.gms]
08-09 17:06:58.115 I/power_partial_wake_state( 1319): [REL,60,IntentOp:.common.broadcast.BackgroundBroadcastReceiverSupport$PersistentReceiverIntentOperation:com.google.android.gms]
08-09 17:06:58.119 I/power_partial_wake_state( 1319): [CHG,95,Icing:com.google.android.gms]
08-09 17:06:58.142 I/power_partial_wake_state( 1319): [REL,447,*job*/com.google.android.googlequicksearchbox/com.google.android.apps.gsa.tasks.BackgroundTasksJobService:android]
08-09 17:06:58.143 I/notification_cancel( 1319): [10224,3758,com.google.android.gms,56933,NULL,0,0,1088,8,NULL]
08-09 17:06:58.147 I/notification_cancel( 1319): [10224,3758,com.google.android.gms,56932,NULL,0,0,1088,8,NULL]
08-09 17:06:58.149 I/notification_cancel( 1319): [10224,3758,com.google.android.gms,56935,NULL,0,0,1088,8,NULL]
08-09 17:06:58.149 I/notification_cancel( 1319): [10224,3758,com.google.android.gms,115357,NULL,0,0,1088,8,NULL]
08-09 17:06:58.151 I/notification_cancel( 1319): [10224,3758,com.google.android.gms,115356,NULL,0,0,1088,8,NULL]
08-09 17:06:58.152 I/notification_cancel( 1319): [10224,3758,com.google.android.gms,115358,NULL,0,0,1088,8,NULL]
08-09 17:06:58.153 D/SmsApplication( 2286): onPackageChanged: end
08-09 17:06:58.153 D/SmsApplication( 2286): onPackageChanged: run
08-09 17:06:58.157 I/power_partial_wake_state( 1319): [REL,195,*job*/com.google.android.googlequicksearchbox/com.google.android.apps.gsa.tasks.BackgroundTasksJobService:android]
08-09 17:06:58.167 I/power_partial_wake_state( 1319): [REL,98,IntentOp:.common.broadcast.BackgroundBroadcastReceiverSupport$PersistentReceiverIntentOperation:com.google.android.gms]
08-09 17:06:58.172 I/notification_cancel( 1319): [10224,3758,com.google.android.gms,1,phone-hub-connected-tag,0,0,1088,8,NULL]
08-09 17:06:58.176 I/power_partial_wake_state( 1319): [REL,164,*job*/com.facebook.appmanager/com.facebook.oxygen.common.jobqueue.JobQueueService:android]
08-09 17:06:58.185 D/ARGOS ( 3432): argos: argos_monitor: UFS - Mbps:766 prev_tput:1844
08-09 17:06:58.190 I/power_partial_wake_state( 1319): [CHG,72,Icing:com.google.android.gms]
08-09 17:06:58.207 I/am_kill ( 1319): [0,8813,com.google.android.apps.carrier.carrierwifi,975,empty #33]
08-09 17:06:58.208 I/am_kill ( 1319): [0,9147,com.android.vending,975,empty #34]
08-09 17:06:58.210 I/dvm_lock_sample( 4545): [com.google.android.gms,0,[com.google.android.gms.chimera.container.intentoperation.GmsIntentOperationChimeraService-Executor] processing com.google.android.gms.ads.AdMobInitIntentOperation for action android.intent.action.BOOT_COMPLETED,5,ActivityThread.java,7998,android.content.IContentProvider android.app.ActivityThread.acquireExistingProvider(android.content.Context, java.lang.String, int, boolean),-,8109,boolean android.app.ActivityThread.releaseProvider(android.content.IContentProvider, boolean),1]
08-09 17:06:58.221 D/SmsApplication( 2286): onPackageChanged: end
08-09 17:06:58.233 I/power_partial_wake_state( 1319): [REL,2,nearby:ENWearableDeviceManager:com.google.android.gms]
08-09 17:06:58.248 D/DDS-TelephonyNetworkFactory[0]( 2286): handleMessage msg={ when=0 what=4 obj=NetworkRequest [ REQUEST id=199, [ Capabilities: INTERNET&NOT_RESTRICTED&TRUSTED&NOT_VCN_MANAGED Uid: 10213 RequestorUid: 10213 RequestorPkg: com.google.android.apps.carrier.carrierwifi UnderlyingNetworks: Null] ] target=com.android.internal.telephony.data.TelephonyNetworkFactory$InternalHandler }
08-09 17:06:58.248 D/DDS-TelephonyNetworkFactory[0]( 2286): onReleaseNetworkFor [NetworkRequest [ REQUEST id=199, [ Capabilities: INTERNET&NOT_RESTRICTED&TRUSTED&NOT_VCN_MANAGED Uid: 10213 RequestorUid: 10213 RequestorPkg: com.google.android.apps.carrier.carrierwifi UnderlyingNetworks: Null] ], mPriority=0, state=UNSATISFIED, mAttachedDataNetwork=null, isMetered=false, created time=17:06:58.248, evaluation result=null] applied true
08-09 17:06:58.248 D/DCT-C-0 ( 2286): DDS-DcTracker.releaseNetwork for NetworkRequest [ REQUEST id=199, [ Capabilities: INTERNET&NOT_RESTRICTED&TRUSTED&NOT_VCN_MANAGED Uid: 10213 RequestorUid: 10213 RequestorPkg: com.google.android.apps.carrier.carrierwifi UnderlyingNetworks: Null] ] found {mApnType=default mState=CONNECTED mWaitingApns={[[ApnSetting] Jio 4G, 6085, 405874, jionet, , null, , null, null, 0, supl | hipri | default | xcap, IPV4V6, IPV4V6, true, 0, false, 20, 0, 300, 0, 0, null, , false, UNKNOWN, UNKNOWN, 0, -1, -1, false] priority=1} mApnSetting={[ApnSetting] Jio 4G, 6085, 405874, jionet, , null, , null, null, 0, supl | hipri | default | xcap, IPV4V6, IPV4V6, true, 0, false, 20, 0, 300, 0, 0, null, , false, UNKNOWN, UNKNOWN, 0, -1, -1, false} mReason=connected mNeedDisconnectByDdsChange=false mDataEnabled=true}, type=NORMAL
08-09 17:06:58.248 D/DC-C-1 ( 2286): reevaluate data connection properties
08-09 17:06:58.252 I/am_proc_died( 1319): [0,8813,com.google.android.apps.carrier.carrierwifi,975,19,139,3681]
08-09 17:06:58.253 I/am_uid_stopped( 1319): 10213
08-09 17:06:58.253 I/notification_cancel( 1319): [10224,3758,com.google.android.gms,56933,NULL,0,0,1088,8,NULL]
08-09 17:06:58.288 I/power_partial_wake_state( 1319): [CHG,97,Icing:com.google.android.gms]
08-09 17:06:58.296 I/notification_cancel( 1319): [10224,3758,com.google.android.gms,56932,NULL,0,0,1088,8,NULL]
08-09 17:06:58.300 I/power_partial_wake_state( 1319): [REL,3,*job*/com.google.android.googlequicksearchbox/com.google.android.libraries.notifications.entrypoints.scheduled.ScheduledTaskService:android]
08-09 17:06:58.303 I/power_partial_wake_state( 1319): [CHG,15,Icing:com.google.android.gms]
08-09 17:06:58.330 I/power_partial_wake_state( 1319): [REL,27,Icing:com.google.android.gms]
08-09 17:06:58.332 I/notification_cancel( 1319): [10224,4545,com.google.android.gms,1,UncertifiedNotificationChimeraService,0,0,1088,8,NULL]
08-09 17:06:58.336 I/notification_cancel( 1319): [10224,3758,com.google.android.gms,56935,NULL,0,0,1088,8,NULL]
08-09 17:06:58.337 I/notification_cancel( 1319): [10224,3758,com.google.android.gms,115357,NULL,0,0,1088,8,NULL]
08-09 17:06:58.339 I/notification_cancel( 1319): [10224,3758,com.google.android.gms,115356,NULL,0,0,1088,8,NULL]
08-09 17:06:58.339 I/notification_cancel( 1319): [10224,3758,com.google.android.gms,115358,NULL,0,0,1088,8,NULL]
08-09 17:06:58.354 I/dvm_lock_sample( 4392): [com.google.android.googlequickse,0,Cookies thread0,402,Runtime.java,-1,void java.lang.Runtime.loadLibrary0(java.lang.ClassLoader, java.lang.Class, java.lang.String),-,1079,void java.lang.Runtime.loadLibrary0(java.lang.ClassLoader, java.lang.Class, java.lang.String),80]
08-09 17:06:58.360 D/DDS-TelephonyNetworkFactory[0]( 2286): handleMessage msg={ when=0 what=4 obj=NetworkRequest [ REQUEST id=175, [ Capabilities: INTERNET&NOT_RESTRICTED&TRUSTED&NOT_VCN_MANAGED Uid: 10225 RequestorUid: 10225 RequestorPkg: com.android.vending UnderlyingNetworks: Null] ] target=com.android.internal.telephony.data.TelephonyNetworkFactory$InternalHandler }
08-09 17:06:58.360 D/DDS-TelephonyNetworkFactory[0]( 2286): onReleaseNetworkFor [NetworkRequest [ REQUEST id=175, [ Capabilities: INTERNET&NOT_RESTRICTED&TRUSTED&NOT_VCN_MANAGED Uid: 10225 RequestorUid: 10225 RequestorPkg: com.android.vending UnderlyingNetworks: Null] ], mPriority=0, state=UNSATISFIED, mAttachedDataNetwork=null, isMetered=false, created time=17:06:58.360, evaluation result=null] applied true
08-09 17:06:58.360 D/DCT-C-0 ( 2286): DDS-DcTracker.releaseNetwork for NetworkRequest [ REQUEST id=175, [ Capabilities: INTERNET&NOT_RESTRICTED&TRUSTED&NOT_VCN_MANAGED Uid: 10225 RequestorUid: 10225 RequestorPkg: com.android.vending UnderlyingNetworks: Null] ] found {mApnType=default mState=CONNECTED mWaitingApns={[[ApnSetting] Jio 4G, 6085, 405874, jionet, , null, , null, null, 0, supl | hipri | default | xcap, IPV4V6, IPV4V6, true, 0, false, 20, 0, 300, 0, 0, null, , false, UNKNOWN, UNKNOWN, 0, -1, -1, false] priority=1} mApnSetting={[ApnSetting] Jio 4G, 6085, 405874, jionet, , null, , null, null, 0, supl | hipri | default | xcap, IPV4V6, IPV4V6, true, 0, false, 20, 0, 300, 0, 0, null, , false, UNKNOWN, UNKNOWN, 0, -1, -1, false} mReason=connected mNeedDisconnectByDdsChange=false mDataEnabled=true}, type=NORMAL
08-09 17:06:58.360 D/DC-C-1 ( 2286): reevaluate data connection properties
08-09 17:06:58.363 I/am_proc_died( 1319): [0,9147,com.android.vending,975,19,148,3689]
08-09 17:06:58.364 I/am_uid_stopped( 1319): 10225
