08-09 17:06:17.696 E/RILD ( 1413): SetDevDataFormat(): dl_minimum_padding is 0
08-09 17:06:17.696 E/RILD ( 1413): SetDevDataFormat(): rmnet_flags is -2147483535
08-09 17:06:17.696 E/RILD ( 1413): SetDevDataFormat():call RmnetChangeEmbeddedLinks
08-09 17:06:17.696 E/RILD ( 1413): RmnetChangeEmbeddedLinks(): Start
08-09 17:06:17.697 E/RILD ( 1413): RmnetChangeEmbeddedLinks(): rtrmnet changed vnd 0 with flag -1543503759
08-09 17:06:17.697 E/RILD ( 1413): RmnetChangeEmbeddedLinks(): rtrmnet changed vnd 1 with flag -1543503759
08-09 17:06:17.697 E/RILD ( 1413): RmnetChangeEmbeddedLinks(): rtrmnet changed vnd 2 with flag -1543503759
08-09 17:06:17.697 E/RILD ( 1413): RmnetChangeEmbeddedLinks(): rtrmnet changed vnd 3 with flag -1543503759
08-09 17:06:17.697 E/RILD ( 1413): RmnetChangeEmbeddedLinks(): rtrmnet changed vnd 4 with flag -1543503759
08-09 17:06:17.697 E/RILD ( 1413): RmnetChangeEmbeddedLinks(): rtrmnet changed vnd 5 with flag -1543503759
08-09 17:06:17.697 E/RILD ( 1413): RmnetChangeEmbeddedLinks(): rtrmnet changed vnd 6 with flag -1543503759
08-09 17:06:17.697 E/RILD ( 1413): RmnetChangeEmbeddedLinks(): rtrmnet changed vnd 7 with flag -1543503759
08-09 17:06:17.697 E/RILD ( 1413): RmnetChangeEmbeddedLinks(): rtrmnet changed vnd 8 with flag -1543503759
08-09 17:06:17.697 E/RILD2 ( 1413): QmiService::Init() : qmi_client_init_instance(0x714b37cb10) return(0).
08-09 17:06:17.697 E/RILD ( 1413): RmnetChangeEmbeddedLinks(): rtrmnet changed vnd 9 with flag -1543503759
08-09 17:06:17.697 E/RILD ( 1413): RmnetChangeEmbeddedLinks(): rtrmnet changed vnd 10 with flag -1543503759
08-09 17:06:17.697 E/RILD ( 1413): RmnetChangeEmbeddedLinks(): End
08-09 17:06:17.697 E/RILD2 ( 1413): Init() : QMI serive(17) is initialized.
08-09 17:06:17.697 E/RILD ( 1413): Run(): nlmsg_type = 16
08-09 17:06:17.697 E/RILD2 ( 1413): Run(): nlmsg_type = 16
08-09 17:06:17.697 E/RILD ( 1413): GetExtendedFeatures = 0x00000007
08-09 17:06:17.697 E/RILD2 ( 1413): Run(): nlmsg_type = 16
08-09 17:06:17.697 E/RILD ( 1413): Run(): nlmsg_type = 16
08-09 17:06:17.698 E/RILD2 ( 1413): QmiService::Init() : qmi_client_init_instance(0x714b37c780) return(0).
08-09 17:06:17.698 E/RILD2 ( 1413): Init() : QMI serive(18) is initialized.
08-09 17:06:17.699 E/RILD2 ( 1413): QmiService::Init() : qmi_client_init_instance(0x714b37c900) return(0).
08-09 17:06:17.699 E/RILD2 ( 1413): Init() : QMI serive(19) is initialized.
08-09 17:06:17.699 E/RILD2 ( 1413): Initialized QMI service objects.
08-09 17:06:17.702 E/RILD2 ( 1413): UpdateVoiceRte: [CS] 1x reg [0], gsm reg [2], wcdma reg [2], lte reg [2], hdr reg [0], Td reg [0], 5G reg [2]
08-09 17:06:17.702 E/RILD2 ( 1413): UpdateVoiceRte: mVoiceRte(0), Confidence(4), mReportedLteSmsStatus(0)
08-09 17:06:17.702 E/RILD2 ( 1413): SetDataRteRegStatus: [PS] 1x reg [0], gsm reg [2], wcdma reg [2], lte reg [2], hdr reg [0], Td reg [0], nr5g reg [2] pref_data_tech(0), radio_tech_flag(0)
08-09 17:06:17.702 E/RILD2 ( 1413): UpdateDataRte: mDataRte(0), Confidence(4)
08-09 17:06:17.702 E/RILD2 ( 1413): UpdateImsRte: mImsRte(0), Confidence(4)
08-09 17:06:17.709 E/RILD2 ( 1413): UpdateVoiceRte: [CS] 1x reg [0], gsm reg [2], wcdma reg [2], lte reg [2], hdr reg [0], Td reg [0], 5G reg [2]
08-09 17:06:17.709 E/RILD2 ( 1413): UpdateVoiceRte: mVoiceRte(0), Confidence(4), mReportedLteSmsStatus(0)
08-09 17:06:17.709 E/RILD2 ( 1413): SetDataRteRegStatus: [PS] 1x reg [0], gsm reg [2], wcdma reg [2], lte reg [2], hdr reg [0], Td reg [0], nr5g reg [2] pref_data_tech(0), radio_tech_flag(0)
08-09 17:06:17.709 E/RILD2 ( 1413): UpdateDataRte: mDataRte(0), Confidence(4)
08-09 17:06:17.709 E/RILD2 ( 1413): UpdateImsRte: mImsRte(0), Confidence(4)
08-09 17:06:17.710 E/RILD2 ( 1413): RxWmsBindSubscription: [ONLINE] Online booting for WMS
08-09 17:06:17.710 E/RILClient( 879): Connect_RILD_Internal: Connecting failed. Connection refused(111)
08-09 17:06:17.711 E/RILD2 ( 1413): Transaction error(-17).
08-09 17:06:17.711 E/RILD2 ( 1413): InitWdsContextTable: mContextInited = 1, mWdsServiceStarted = 1, dpm_inited = 1
08-09 17:06:17.711 E/RILD2 ( 1413): InitDfcFlowState: mDfcFlowInited = 1, mWdsServiceStarted = 1, dpm_inited = 1
08-09 17:06:17.718 E/RILD ( 1413): ProcessWdaSetQmapSettings(): Setting QMAP settings ibfc=0, qmap_dfc_valid=1, qmap_dfc=1
08-09 17:06:17.720 E/RILD ( 1413): ProcessWdaReleaseQmiClient(): qmi_client_release of qmi_clnt_hndl returned 0
08-09 17:06:17.720 E/RILD ( 1413): Init(): SetQmapSettings success
08-09 17:06:17.720 E/RILD ( 1413): UpdateDataFormat():
08-09 17:06:17.721 E/RILD ( 1413): ProcessWdaGetDataFormat(): Modem returns [qos_format_valid:qos_format][1:0]
08-09 17:06:17.721 E/RILD ( 1413): ProcessWdaGetDataFormat(): Modem returns [link_prot_valid:link_prot][1:2]
08-09 17:06:17.721 E/RILD ( 1413): ProcessWdaGetDataFormat(): Modem returns [ul_data_aggregation_protocol_valid:ul_data_aggregation_protocol][1:9]
08-09 17:06:17.721 E/RILD ( 1413): ProcessWdaGetDataFormat(): Modem returns [dl_data_aggregation_protocol_valid:dl_data_aggregation_protocol][1:9]
08-09 17:06:17.721 E/RILD ( 1413): ProcessWdaGetDataFormat(): Modem returns [ndp_signature_valid:ndp_signature][1:0]
08-09 17:06:17.721 E/RILD ( 1413): ProcessWdaGetDataFormat(): Modem returns [dl_data_aggregation_max_datagrams_valid:dl_data_aggregation_max_datagrams][1:63]
08-09 17:06:17.721 E/RILD ( 1413): ProcessWdaGetDataFormat(): Modem returns [dl_data_aggregation_max_size_valid:dl_data_aggregation_max_size][1:63]
08-09 17:06:17.721 E/RILD ( 1413): ProcessWdaGetDataFormat(): Modem returns [ul_data_aggregation_max_datagrams_valid:ul_data_aggregation_max_datagrams][1:32]
08-09 17:06:17.721 E/RILD ( 1413): ProcessWdaGetDataFormat(): Modem returns [ul_data_aggregation_max_size_valid:ul_data_aggregation_max_size][1:16384]
08-09 17:06:17.721 E/RILD ( 1413): ProcessWdaGetDataFormat(): Modem returns [qos_header_format_valid:qos_header_format][0:0]
08-09 17:06:17.721 E/RILD ( 1413): ProcessWdaGetDataFormat(): Modem returns [dl_minimum_padding_valid:dl_minimum_padding][1:0]
08-09 17:06:17.721 E/RILD ( 1413): ProcessWdaGetDataFormat(): Modem returns [flow_control_valid:flow_control][1:1]
08-09 17:06:17.721 E/RILD ( 1413): ProcessWdaGetDataFormat(): Modem returns [coalescing_info_valid:tcp_coalescing:udp_coalescing][1:1:1]
08-09 17:06:17.721 E/RILD ( 1413): ProcessWdaReleaseQmiClient(): qmi_client_release of qmi_clnt_hndl returned 0
08-09 17:06:17.721 E/RILD ( 1413): UpdateDataFormat(): From modem: agg_count=32, agg_size=16384
08-09 17:06:17.721 E/RILD ( 1413): UpdateDataFormat(): From local config: agg_count=32, agg_size=16384
08-09 17:06:17.721 E/RILD ( 1413): UpdateDataFormat(): Using agg values: agg_count=32, agg_size=16384
08-09 17:06:17.721 E/RILD ( 1413): RmnetUpdateEmbeddedUlAgg(): Start
08-09 17:06:17.721 E/RILD ( 1413): RmnetUpdateEmbeddedUlAgg(): Updated UL agg params: agg_size=16384, agg_count=32, agg_time=1000000agg_features=0x01
08-09 17:06:17.723 E/RILD ( 1413): RmnetUpdateEmbeddedUlAgg(): Success on set uplink aggregation params.
08-09 17:06:17.723 E/RILD ( 1413): RmnetUpdateEmbeddedUlAgg(): End
08-09 17:06:17.723 E/RILD ( 1413): GetExtendedFeatures = 0x00000007
08-09 17:06:17.724 E/RILD ( 1413): Run(): nlmsg_type = 16
08-09 17:06:17.724 E/RILD2 ( 1413): Run(): nlmsg_type = 16
08-09 17:06:17.724 E/RILD ( 1413): Run(): nlmsg_type = 16
08-09 17:06:17.724 E/RILD2 ( 1413): Run(): nlmsg_type = 16
08-09 17:06:17.724 E/RILD2 ( 1413): Run(): nlmsg_type = 16
08-09 17:06:17.724 E/RILD ( 1413): Run(): nlmsg_type = 16
08-09 17:06:17.724 E/RILD2 ( 1413): Run(): nlmsg_type = 16
08-09 17:06:17.724 E/RILD2 ( 1413): Run(): nlmsg_type = 16
08-09 17:06:17.724 E/RILD2 ( 1413): Run(): nlmsg_type = 16
08-09 17:06:17.724 E/RILD ( 1413): Run(): nlmsg_type = 16
08-09 17:06:17.724 E/RILD ( 1413): Run(): nlmsg_type = 16
08-09 17:06:17.724 E/RILD ( 1413): Run(): nlmsg_type = 16
08-09 17:06:17.724 E/RILD ( 1413): Run(): nlmsg_type = 16
08-09 17:06:17.724 E/RILD ( 1413): Run(): nlmsg_type = 16
08-09 17:06:17.724 E/RILD ( 1413): Run(): nlmsg_type = 16
08-09 17:06:17.725 E/RILD ( 1413): Run(): nlmsg_type = 16
08-09 17:06:17.725 E/RILD ( 1413): Run(): nlmsg_type = 16
08-09 17:06:17.725 E/RILD ( 1413): Run(): nlmsg_type = 16
08-09 17:06:17.725 E/RILD2 ( 1413): Run(): nlmsg_type = 16
08-09 17:06:17.725 E/RILD2 ( 1413): Run(): nlmsg_type = 16
08-09 17:06:17.725 E/RILD2 ( 1413): Run(): nlmsg_type = 16
08-09 17:06:17.725 E/RILD2 ( 1413): Run(): nlmsg_type = 16
08-09 17:06:17.725 E/RILD2 ( 1413): Run(): nlmsg_type = 16
08-09 17:06:17.725 E/RILD2 ( 1413): Run(): nlmsg_type = 16
08-09 17:06:17.725 E/RILD2 ( 1413): Run(): nlmsg_type = 16
08-09 17:06:17.725 E/RILD ( 1413): Run(): nlmsg_type = 16
08-09 17:06:17.725 E/RILD ( 1413): Run(): nlmsg_type = 16
08-09 17:06:17.726 E/RILD ( 1413): Run(): nlmsg_type = 16
08-09 17:06:17.726 E/RILD ( 1413): Run(): nlmsg_type = 16
08-09 17:06:17.726 E/RILD ( 1413): Run(): nlmsg_type = 16
08-09 17:06:17.726 E/RILD ( 1413): Run(): nlmsg_type = 16
08-09 17:06:17.726 E/RILD ( 1413): Run(): nlmsg_type = 16
08-09 17:06:17.726 E/RILD ( 1413): Run(): nlmsg_type = 16
08-09 17:06:17.726 E/RILD ( 1413): Run(): nlmsg_type = 16
08-09 17:06:17.726 E/RILD ( 1413): Run(): nlmsg_type = 16
08-09 17:06:17.726 E/RILD ( 1413): Run(): nlmsg_type = 16
08-09 17:06:17.726 E/RILD2 ( 1413): Run(): nlmsg_type = 16
08-09 17:06:17.726 E/RILD2 ( 1413): Run(): nlmsg_type = 16
08-09 17:06:17.726 E/RILD2 ( 1413): Run(): nlmsg_type = 16
08-09 17:06:17.727 E/RILD2 ( 1413): RxGetUimStatusChange: card status validity is false, ignore this indi
08-09 17:06:17.727 E/RILD2 ( 1413): Run(): nlmsg_type = 16
08-09 17:06:17.727 E/RILD2 ( 1413): Run(): nlmsg_type = 16
08-09 17:06:17.727 E/RILD2 ( 1413): Run(): nlmsg_type = 16
08-09 17:06:17.727 E/RILD2 ( 1413): Run(): nlmsg_type = 16
08-09 17:06:17.727 E/RILD2 ( 1413): Run(): nlmsg_type = 16
08-09 17:06:17.727 E/RILD2 ( 1413): Run(): nlmsg_type = 16
08-09 17:06:17.727 E/RILD2 ( 1413): Run(): nlmsg_type = 16
08-09 17:06:17.727 E/RILD2 ( 1413): Run(): nlmsg_type = 16
08-09 17:06:17.727 E/RILD2 ( 1413): Run(): nlmsg_type = 16
08-09 17:06:17.727 E/RILD2 ( 1413): Run(): nlmsg_type = 16
08-09 17:06:17.727 E/RILD2 ( 1413): Run(): nlmsg_type = 16
08-09 17:06:17.727 E/RILD2 ( 1413): Run(): nlmsg_type = 16
08-09 17:06:17.727 E/RILD2 ( 1413): Run(): nlmsg_type = 16
08-09 17:06:17.727 E/RILD2 ( 1413): Run(): nlmsg_type = 16
08-09 17:06:17.727 E/RILD2 ( 1413): Run(): nlmsg_type = 16
08-09 17:06:17.727 E/RILD2 ( 1413): Run(): nlmsg_type = 16
08-09 17:06:17.727 E/RILD2 ( 1413): Run(): nlmsg_type = 16
08-09 17:06:17.727 E/RILD2 ( 1413): Run(): nlmsg_type = 16
08-09 17:06:17.728 E/RILD ( 1413): Run(): nlmsg_type = 16
08-09 17:06:17.728 E/RILD ( 1413): Run(): nlmsg_type = 16
08-09 17:06:17.728 E/RILD ( 1413): Run(): nlmsg_type = 16
08-09 17:06:17.728 E/RILD ( 1413): Run(): nlmsg_type = 16
08-09 17:06:17.728 E/RILD ( 1413): Run(): nlmsg_type = 16
08-09 17:06:17.728 E/RILD ( 1413): Run(): nlmsg_type = 16
08-09 17:06:17.728 E/RILD ( 1413): Run(): nlmsg_type = 16
08-09 17:06:17.728 E/RILD ( 1413): Run(): nlmsg_type = 16
08-09 17:06:17.728 E/RILD ( 1413): Run(): nlmsg_type = 16
08-09 17:06:17.728 E/RILD ( 1413): Run(): nlmsg_type = 16
08-09 17:06:17.728 E/RILD ( 1413): Run(): nlmsg_type = 16
08-09 17:06:17.728 E/RILD ( 1413): Run(): nlmsg_type = 16
08-09 17:06:17.728 E/RILD ( 1413): Run(): nlmsg_type = 16
08-09 17:06:17.728 E/RILD ( 1413): Run(): nlmsg_type = 16
08-09 17:06:17.728 E/RILD ( 1413): Run(): nlmsg_type = 16
08-09 17:06:17.728 E/RILD ( 1413): Run(): nlmsg_type = 16
08-09 17:06:17.728 E/RILD ( 1413): Run(): nlmsg_type = 16
08-09 17:06:17.728 E/RILD ( 1413): Run(): nlmsg_type = 16
08-09 17:06:17.728 E/RILD ( 1413): Run(): nlmsg_type = 16
08-09 17:06:17.728 E/RILD ( 1413): Run(): nlmsg_type = 16
08-09 17:06:17.729 E/RILD2 ( 1413): Run(): nlmsg_type = 16
08-09 17:06:17.729 E/RILD2 ( 1413): Run(): nlmsg_type = 16
08-09 17:06:17.729 E/RILD2 ( 1413): Run(): nlmsg_type = 16
08-09 17:06:17.729 E/RILD2 ( 1413): Run(): nlmsg_type = 16
08-09 17:06:17.729 E/RILD2 ( 1413): Run(): nlmsg_type = 16
08-09 17:06:17.729 E/RILD2 ( 1413): Run(): nlmsg_type = 16
08-09 17:06:17.729 E/RILD2 ( 1413): Run(): nlmsg_type = 16
08-09 17:06:17.729 E/RILD2 ( 1413): Run(): nlmsg_type = 16
08-09 17:06:17.729 E/RILD2 ( 1413): Run(): nlmsg_type = 16
08-09 17:06:17.729 E/RILD2 ( 1413): Run(): nlmsg_type = 16
08-09 17:06:17.729 E/RILD ( 1413): Run(): nlmsg_type = 16
08-09 17:06:17.729 E/RILD ( 1413): Run(): nlmsg_type = 16
08-09 17:06:17.729 E/RILD2 ( 1413): Run(): nlmsg_type = 16
08-09 17:06:17.729 E/RILD2 ( 1413): Run(): nlmsg_type = 16
08-09 17:06:17.729 E/RILD2 ( 1413): Run(): nlmsg_type = 16
08-09 17:06:17.730 E/RILD2 ( 1413): Run(): nlmsg_type = 16
08-09 17:06:17.730 E/RILD ( 1413): Run(): nlmsg_type = 16
08-09 17:06:17.730 E/RILD ( 1413): Run(): nlmsg_type = 16
08-09 17:06:17.730 E/RILD ( 1413): Run(): nlmsg_type = 16
08-09 17:06:17.730 E/RILD2 ( 1413): Run(): nlmsg_type = 16
08-09 17:06:17.730 E/RILD2 ( 1413): Run(): nlmsg_type = 16
08-09 17:06:17.730 E/RILD ( 1413): Run(): nlmsg_type = 16
08-09 17:06:17.730 E/RILD ( 1413): Run(): nlmsg_type = 16
08-09 17:06:17.730 E/RILD ( 1413): Run(): nlmsg_type = 16
08-09 17:06:17.730 E/RILD ( 1413): Run(): nlmsg_type = 16
08-09 17:06:17.730 E/RILD2 ( 1413): Run(): nlmsg_type = 16
08-09 17:06:17.730 E/RILD2 ( 1413): Run(): nlmsg_type = 16
08-09 17:06:17.731 E/RILD ( 1413): Run(): nlmsg_type = 16
08-09 17:06:17.731 E/RILD2 ( 1413): Run(): nlmsg_type = 16
08-09 17:06:17.731 E/RILD ( 1413): Run(): nlmsg_type = 16
08-09 17:06:17.731 E/RILD2 ( 1413): Run(): nlmsg_type = 16
08-09 17:06:17.731 E/RILD ( 1413): Run(): nlmsg_type = 16
08-09 17:06:17.731 E/RILD2 ( 1413): Run(): nlmsg_type = 16
08-09 17:06:17.731 E/RILD2 ( 1413): SetDataRteRegStatus: [PS] 1x reg [0], gsm reg [2], wcdma reg [2], lte reg [2], hdr reg [0], Td reg [0], nr5g reg [2] pref_data_tech(0), radio_tech_flag(2)
08-09 17:06:17.731 E/RILD2 ( 1413): UpdateDataRte: mDataRte(0), Confidence(4)
08-09 17:06:17.731 E/RILD ( 1413): Getting Epid for device rmnet_ipa0
08-09 17:06:17.731 E/RILD ( 1413): Complete InitPhysicalTrans for device rmnet_ipa0
08-09 17:06:17.732 E/RILD2 ( 1413): Run(): nlmsg_type = 16
08-09 17:06:17.732 E/RILD2 ( 1413): Run(): nlmsg_type = 16
08-09 17:06:17.733 E/RILD ( 1413): Run(): nlmsg_type = 16
08-09 17:06:17.733 E/RILD ( 1413): Run(): nlmsg_type = 16
08-09 17:06:17.733 E/RILD ( 1413): ProcessWdaReleaseQmiClient(): qmi_client_release of qmi_clnt_hndl returned 0
08-09 17:06:17.733 E/RILD ( 1413): InitWdsGlobalPort() : port = rmnet0
08-09 17:06:17.734 E/RILD2 ( 1413): IpcOverQmiChannel::Open() : qmi_client_init_instance(0x714f261178) return(0).
08-09 17:06:17.734 E/RILD2 ( 1413): create Thread[IOQAR2]
08-09 17:06:17.734 E/RILD2 ( 1413): create Thread[ICR2]
08-09 17:06:17.735 E/RILD ( 1413): InitWdsGlobalPort() : QMI WDS Initialized
08-09 17:06:17.735 E/RILD ( 1413): InitDfcFlowState: mDfcFlowInited = 0, mWdsServiceStarted = 1, dpm_inited = 1
08-09 17:06:17.735 E/RILD ( 1413): InitDfcFlowState() : nr_fusion_target = 0
08-09 17:06:17.735 E/RILD ( 1413): RmnetFlowStateUp(): Start: 0x0
08-09 17:06:17.735 E/RILD ( 1413): RmnetFlowStateUp(): phys_net_dev = rmnet_ipa0, iface = rmnet_data0, ep_type = 4, epid = 1, flags = 52, index = 0
08-09 17:06:17.735 E/RILD ( 1413): RmnetFlowStateUp(): Success to rtrmnet rtrmnet flow state up
08-09 17:06:17.735 E/RILD ( 1413): RmnetFlowStateUp(): End
08-09 17:06:17.736 E/RILD ( 1413): QmiService::Init() : qmi_client_init_instance(0x714b37cb68) return(0).
08-09 17:06:17.737 E/RILD ( 1413): Init() : QMI serive(6) is initialized.
08-09 17:06:17.737 E/RILD ( 1413): QmiService::Init() : qmi_client_init_instance(0x714f262d50) return(0).
08-09 17:06:17.737 E/RILD ( 1413): Init() : QMI serive(7) is initialized.
08-09 17:06:17.738 E/RILD2 ( 1413): create Thread[HAR2]
08-09 17:06:17.738 E/RILD ( 1413): QmiService::Init() : qmi_client_init_instance(0x714f262cf8) return(0).
08-09 17:06:17.738 E/RILD ( 1413): Init() : QMI serive(8) is initialized.
08-09 17:06:17.738 E/RILD2 ( 1413): create Thread[ICR2]
08-09 17:06:17.739 E/RILD ( 1413): QmiService::Init() : qmi_client_init_instance(0x714b37cd38) return(0).
08-09 17:06:17.739 E/RILD ( 1413): Init() : QMI serive(9) is initialized.
08-09 17:06:17.739 E/RILD ( 1413): QmiService::Init() : qmi_client_init_instance(0x714f261178) return(0).
08-09 17:06:17.739 E/RILD ( 1413): Init() : QMI serive(10) is initialized.
08-09 17:06:17.740 E/RILD2 ( 1413): create Thread[HAR2]
08-09 17:06:17.740 E/RILD2 ( 1413): create Thread[ICR2]
08-09 17:06:17.740 E/RILD ( 1413): QmiService::Init() : qmi_client_init_instance(0x714b37cef8) return(0).
08-09 17:06:17.741 E/RILC ( 1413): vendorConfigurationChanged: mSehRadioIndication == NULL
08-09 17:06:17.741 E/RILD2 ( 1413): ProcessSingleIpcMessageReceived() - IpcHistoryRecord has no message
08-09 17:06:17.741 E/RILD2 ( 1413): OnCreateDataCallList: mDca->callList didn't initialized
08-09 17:06:17.741 E/RILD2 ( 1413): create Thread[OCR2]
08-09 17:06:17.741 D/RILC ( 1413): registerService: starting vendor::samsung::hardware::radio::bridge::ISehBridge slot2
08-09 17:06:17.741 E/RILD2 ( 1413): OnCreateDataCallList: mEpdgDca->callList didn't initialized
08-09 17:06:17.742 E/RILD2 ( 1413): update prop from cp sim count
08-09 17:06:17.742 E/RILD ( 1413): Init() : QMI serive(11) is initialized.
08-09 17:06:17.743 E/RILD ( 1413): QmiService::Init() : qmi_client_init_instance(0x714f262ca0) return(0).
08-09 17:06:17.743 E/RILD ( 1413): Init() : QMI serive(12) is initialized.
08-09 17:06:17.744 E/RILD ( 1413): QmiService::Init() : qmi_client_init_instance(0x714b37cb10) return(0).
08-09 17:06:17.744 E/RILD ( 1413): Init() : QMI serive(17) is initialized.
08-09 17:06:17.746 E/RILD ( 1413): QmiService::Init() : qmi_client_init_instance(0x714b37c780) return(0).
08-09 17:06:17.746 E/RILD ( 1413): Init() : QMI serive(18) is initialized.
08-09 17:06:17.747 E/RILC ( 1413): radioStateChangedInd: radioService[1]->mRadioIndication == NULL
08-09 17:06:17.748 E/RILD ( 1413): QmiService::Init() : qmi_client_init_instance(0x714b37c900) return(0).
08-09 17:06:17.748 E/RILD ( 1413): Init() : QMI serive(19) is initialized.
08-09 17:06:17.748 E/RILD ( 1413): Initialized QMI service objects.
08-09 17:06:17.748 E/RILD2 ( 1413): OnRadioCapabilityUpdateNoti - Make RadioCapability
08-09 17:06:17.750 E/RILD2 ( 1413): OnRadioStateChanged: RADIO_OFF : mIsDeviceReadyNotiNeed = NOT_CONNECTED
08-09 17:06:17.750 E/RILD ( 1413): UpdateVoiceRte: [CS] 1x reg [0], gsm reg [2], wcdma reg [2], lte reg [2], hdr reg [0], Td reg [0], 5G reg [2]
08-09 17:06:17.750 E/RILD ( 1413): UpdateVoiceRte: mVoiceRte(0), Confidence(4), mReportedLteSmsStatus(0)
08-09 17:06:17.750 E/RILD ( 1413): SetDataRteRegStatus: [PS] 1x reg [0], gsm reg [2], wcdma reg [2], lte reg [2], hdr reg [0], Td reg [0], nr5g reg [2] pref_data_tech(0), radio_tech_flag(0)
08-09 17:06:17.750 E/RILD ( 1413): UpdateDataRte: mDataRte(0), Confidence(4)
08-09 17:06:17.750 E/RILD ( 1413): UpdateImsRte: mImsRte(0), Confidence(4)
08-09 17:06:17.751 E/RILC ( 1413): radioStateChangedInd: radioService[1]->mRadioIndication == NULL
08-09 17:06:17.752 E/RILC ( 1413): vendorConfigurationChanged: mSehRadioIndication == NULL
08-09 17:06:17.753 E/RILD2 ( 1413): OnIfaceEvent: [sqos] Call state is disconnected (0)
08-09 17:06:17.753 E/RILD2 ( 1413): OnIfaceEvent: [sqos] Call state is disconnected (0)
08-09 17:06:17.753 E/RILD2 ( 1413): OnIfaceEvent: [sqos] Call state is disconnected (0)
08-09 17:06:17.753 E/RILD2 ( 1413): OnIfaceEvent: [sqos] Call state is disconnected (0)
08-09 17:06:17.753 E/RILD2 ( 1413): OnIfaceEvent: [sqos] Call state is disconnected (0)
08-09 17:06:17.753 E/RILD2 ( 1413): OnIfaceEvent: [sqos] Call state is disconnected (0)
08-09 17:06:17.753 E/RILD2 ( 1413): OnIfaceEvent: [sqos] Call state is disconnected (0)
08-09 17:06:17.753 E/RILD2 ( 1413): OnIfaceEvent: [sqos] Call state is disconnected (0)
08-09 17:06:17.753 E/RILD2 ( 1413): OnIfaceEvent: [sqos] Call state is disconnected (0)
08-09 17:06:17.753 E/RILD2 ( 1413): OnIfaceEvent: [sqos] Call state is disconnected (0)
08-09 17:06:17.753 E/RILD2 ( 1413): OnIfaceEvent: [sqos] Call state is disconnected (0)
08-09 17:06:17.753 E/RILD2 ( 1413): OnIfaceEvent: [sqos] Call state is disconnected (0)
08-09 17:06:17.753 E/RILD2 ( 1413): OnIfaceEvent: [sqos] Call state is disconnected (0)
08-09 17:06:17.753 E/RILD2 ( 1413): OnIfaceEvent: [sqos] Call state is disconnected (0)
08-09 17:06:17.753 E/RILD2 ( 1413): OnIfaceEvent: [sqos] Call state is disconnected (0)
08-09 17:06:17.753 E/RILD2 ( 1413): OnIfaceEvent: [sqos] Call state is disconnected (0)
08-09 17:06:17.753 E/RILD2 ( 1413): OnIfaceEvent: [sqos] Call state is disconnected (0)
08-09 17:06:17.753 E/RILD2 ( 1413): OnIfaceEvent: [sqos] Call state is disconnected (0)
08-09 17:06:17.753 E/RILD2 ( 1413): OnIfaceEvent: [sqos] Call state is disconnected (0)
08-09 17:06:17.753 E/RILD2 ( 1413): OnIfaceEvent: [sqos] Call state is disconnected (0)
08-09 17:06:17.753 E/RILD2 ( 1413): OnIfaceEvent: [sqos] Call state is disconnected (0)
08-09 17:06:17.753 E/RILD2 ( 1413): OnIfaceEvent: [sqos] Call state is disconnected (0)
08-09 17:06:17.753 E/RILD2 ( 1413): OnIfaceEvent: [sqos] Call state is disconnected (0)
08-09 17:06:17.753 E/RILD2 ( 1413): OnIfaceEvent: [sqos] Call state is disconnected (0)
08-09 17:06:17.753 E/RILD2 ( 1413): OnIfaceEvent: [sqos] Call state is disconnected (0)
08-09 17:06:17.756 E/RILD ( 1413): UpdateVoiceRte: [CS] 1x reg [0], gsm reg [2], wcdma reg [2], lte reg [2], hdr reg [0], Td reg [0], 5G reg [2]
08-09 17:06:17.756 E/RILD ( 1413): UpdateVoiceRte: mVoiceRte(0), Confidence(4), mReportedLteSmsStatus(0)
08-09 17:06:17.756 E/RILD ( 1413): SetDataRteRegStatus: [PS] 1x reg [0], gsm reg [2], wcdma reg [2], lte reg [2], hdr reg [0], Td reg [0], nr5g reg [2] pref_data_tech(0), radio_tech_flag(0)
08-09 17:06:17.756 E/RILD ( 1413): UpdateDataRte: mDataRte(0), Confidence(4)
08-09 17:06:17.756 E/RILD ( 1413): UpdateImsRte: mImsRte(0), Confidence(4)
08-09 17:06:17.756 E/RILD ( 1413): RxWmsBindSubscription: [ONLINE] Online booting for WMS
08-09 17:06:17.757 E/RILD ( 1413): Transaction error(-17).
08-09 17:06:17.757 E/RILD ( 1413): InitWdsContextTable: mContextInited = 1, mWdsServiceStarted = 1, dpm_inited = 1
08-09 17:06:17.757 E/RILD ( 1413): InitDfcFlowState: mDfcFlowInited = 1, mWdsServiceStarted = 1, dpm_inited = 1
08-09 17:06:17.761 E/RILClient( 879): Connect_RILD_Internal: Connecting failed. Connection refused(111)
08-09 17:06:17.770 E/RILD2 ( 1413): RxGetUimStatusChange: card status validity is false, ignore this indi
08-09 17:06:17.773 E/RILD ( 1413): SetDataRteRegStatus: [PS] 1x reg [0], gsm reg [2], wcdma reg [2], lte reg [2], hdr reg [0], Td reg [0], nr5g reg [2] pref_data_tech(0), radio_tech_flag(2)
08-09 17:06:17.773 E/RILD ( 1413): UpdateDataRte: mDataRte(0), Confidence(4)
08-09 17:06:17.774 E/RILD ( 1413): IpcOverQmiChannel::Open() : qmi_client_init_instance(0x714f261178) return(0).
08-09 17:06:17.775 E/RILD ( 1413): create Thread[IOQAR]
08-09 17:06:17.775 E/RILD ( 1413): create Thread[SINR]
08-09 17:06:17.775 E/RILD ( 1413): create Thread[ICR]
08-09 17:06:17.777 E/RILD ( 1413): create Thread[HAR]
08-09 17:06:17.777 E/RILD ( 1413): ProcessSingleIpcMessageReceived() - IpcHistoryRecord has no message
08-09 17:06:17.777 E/RILD ( 1413): create Thread[ICR]
08-09 17:06:17.778 E/RILD ( 1413): create Thread[HAR]
08-09 17:06:17.778 E/RILD ( 1413): create Thread[ICR]
08-09 17:06:17.778 E/RILD ( 1413): OnCreateDataCallList: mDca->callList didn't initialized
08-09 17:06:17.778 E/RILD ( 1413): create Thread[OCR]
08-09 17:06:17.778 D/RILC ( 1413): registerService: starting vendor::samsung::hardware::radio::bridge::ISehBridge slot1
08-09 17:06:17.778 E/RILD ( 1413): OnCreateDataCallList: mEpdgDca->callList didn't initialized
08-09 17:06:17.787 E/RILD ( 1413): update prop from cp sim count
08-09 17:06:17.788 E/RILC ( 1413): radioStateChangedInd: radioService[0]->mRadioIndication == NULL
08-09 17:06:17.789 E/RILC ( 1413): vendorConfigurationChanged: mSehRadioIndication == NULL
08-09 17:06:17.789 E/RILD ( 1413): OnRadioCapabilityUpdateNoti - Make RadioCapability
08-09 17:06:17.792 E/RILD ( 1413): OnRadioStateChanged: RADIO_OFF : mIsDeviceReadyNotiNeed = NOT_CONNECTED
08-09 17:06:17.793 E/RILC ( 1413): radioStateChangedInd: radioService[0]->mRadioIndication == NULL
08-09 17:06:17.793 E/RILC ( 1413): simStatusChangedInd: radioService[0]->mRadioIndication == NULL
08-09 17:06:17.796 E/Multi-Client( 2002): **Multi-Client Started slot count : 2 **
08-09 17:06:17.798 E/Multi-Client( 2002): getSehRadioBridgeProxy: slot1
08-09 17:06:17.798 E/RILD ( 1413): TxQueryFacility: Wrong lock type: 15
08-09 17:06:17.799 E/Multi-Client( 2002): OemClientReceiver started
08-09 17:06:17.800 E/Multi-Client2( 2002): getSehRadioBridgeProxy: slot2
08-09 17:06:17.800 E/Multi-Client2( 2002): OemClientReceiver started
08-09 17:06:17.800 E/Multi-Client( 2002): Multi-Client Init starting sleep loop
08-09 17:06:17.811 D/RILClient( 879): Connect_RILD_Internal: socket allocated 6
08-09 17:06:17.811 D/RILClient( 879): Connect_RILD_Internal: Success to connect
08-09 17:06:17.811 E/RILD ( 1413): OemClient::ProcessBuffer() from[8], token[1], datalen[24]
08-09 17:06:17.811 E/RILD ( 1413): OemClient::ProcessBuffer() from[8], token[2], datalen[24]
08-09 17:06:17.811 E/RILD ( 1413): Oem OnRequestComplete:(8)
08-09 17:06:17.812 E/RILD ( 1413): Oem OnRequestComplete:(8)
08-09 17:06:17.818 I/boot_progress_pms_scan_end( 1319): Finished scanning system apps. Time: 991 ms, packageCount: 377 , timePerPackage: 2 , cached: 458
08-09 17:06:17.818 I/boot_progress_pms_data_scan_start( 1319): 14941
08-09 17:06:17.887 E/RILD ( 1413): HalIoChannel::Write: mSehChannelImpl->mSehChannelCallback == null [imsd]
08-09 17:06:17.887 E/RILD ( 1413): IO channel write error.
08-09 17:06:17.887 E/RILD ( 1413): Can't send SSAC info to IMS
08-09 17:06:18.004 D/ATD ( 1495): IsConnectedToAirCmdService() : false
08-09 17:06:18.004 D/ATD ( 1495): ConnectToUart()
08-09 17:06:18.004 D/ATD ( 1495): Transport file name: /dev/ttyHS8
08-09 17:06:18.014 D/ATD ( 1495): connect to local socket fd : 11, bardrate: 115200
08-09 17:06:18.014 D/ATD ( 1495): InitSocketMessageHandler(): UART, id(3), fd(11)
08-09 17:06:18.014 D/ATD ( 1495): ConnectToRil()
08-09 17:06:18.015 D/ATD ( 1495): try to connect RIL
08-09 17:06:18.015 D/RILClient( 1495): Connect_RILD_Internal: socket allocated 12
08-09 17:06:18.015 D/Multi-Client( 2002): new oem client connection=9
08-09 17:06:18.015 D/RILClient( 1495): Connect_RILD_Internal: Success to connect
08-09 17:06:18.015 D/ATD ( 1495): connection success RIL
08-09 17:06:18.015 D/ATD ( 1495): Send Msg [ATD > RIL] 4 bytes <>
08-09 17:06:18.015 D/ATD ( 1495): IsConnectedToAirCmdService() : false
08-09 17:06:18.015 D/Multi-Client( 2002): OemClient::ProcessBuffer() from [3], token[1], datalen[4]
08-09 17:06:18.015 D/ATD ( 1495): Send Msg [ATD > UART] 15 bytes <(\r)(\n)+UART READY(\r)(\n)>
08-09 17:06:18.015 D/ATD ( 1495): startConnectToDdexeThread()
08-09 17:06:18.016 D/ATD ( 1495): startAtdCheckThread()
08-09 17:06:18.016 D/ATD ( 1495): ConnectToDDEXE()
08-09 17:06:18.016 D/ATD ( 1495): ListenFD()
08-09 17:06:18.016 D/ATD ( 1495): InitSocketMessageHandler(): DiagApp, id(2), fd(17)
08-09 17:06:18.016 D/Multi-Client( 2002): Oem OnRequestComplete:(3)
08-09 17:06:18.016 D/ATD ( 1495): checkAtdStatus()
08-09 17:06:18.016 D/ATD ( 1495): InitSocketMessageHandler(): DDEXE, id(7), fd(18)
08-09 17:06:18.016 D/ATD ( 1495): ListenFD() connected to ddexe dummy, 5
08-09 17:06:18.017 D/ATD ( 1495): Read attached_dev : USB
08-09 17:06:18.017 E/ATD ( 1495): stop sec_diag_uart_log
08-09 17:06:18.018 D/ATD ( 1495): Send Msg [DiagApp > ATD] 0 bytes <>
08-09 17:06:18.018 D/ATD ( 1495): SocketRemove() : DiagApp
08-09 17:06:18.018 D/ATD ( 1495): InitSocketMessageHandler(): (null), id(2), fd(-1)
08-09 17:06:18.023 E/ATD ( 1495): stop at_distributor
08-09 17:06:18.024 E/Multi-Client( 2002): OemClient::Process(): EOS. oem client(9), errno:11
08-09 17:06:18.101 E/RILD2 ( 1413): RxGetUimStatusChange: card status validity is false, ignore this indi
08-09 17:06:18.102 I/pm_critical_info( 1319): Failed to parse /data/overlays/currentstyle/reapply: No packages found in split
08-09 17:06:18.102 I/pm_critical_info( 1319): Deleting invalid package at /data/overlays/currentstyle/reapply
08-09 17:06:18.154 I/boot_progress_pms_scan_end( 1319): Finished scanning non-system apps. Time: 336 ms, packageCount: 139 , timePerPackage: 2 , cached: 132
08-09 17:06:18.164 I/boot_progress_pms_scan_end( 1319): 15287
08-09 17:06:18.179 D/RILClient( 878): Connect_RILD_Internal: socket allocated 6
08-09 17:06:18.179 D/RILClient( 878): Connect_RILD_Internal: Success to connect
08-09 17:06:18.179 E/RILD ( 1413): OemClient::ProcessBuffer() from[9], token[1], datalen[24]
08-09 17:06:18.179 E/RILD ( 1413): Oem OnRequestComplete:(9)
08-09 17:06:18.376 I/commit_sys_config_file( 1319): [package-user-0,10]
08-09 17:06:18.376 I/commit_sys_config_file( 1319): [package,48]
08-09 17:06:18.376 I/boot_progress_pms_ready( 1319): 15499
08-09 17:06:18.458 I/am_uid_running( 1319): 1000
08-09 17:06:18.460 I/am_uid_active( 1319): 1000
08-09 17:06:18.501 E/RILD ( 1413): BuildUnsolicited: IPC message 20. truncated.
08-09 17:06:18.501 E/RILC ( 1413): unsupported OEM unsolicated response code 11084
08-09 17:06:18.501 D/RILClient( 878): processUnsolicited(): resp_id (11084), len(20)
08-09 17:06:18.501 D/RILClient( 878): processUnsolicited(): unsol_func resp_id (11084), len(20)
08-09 17:06:18.501 E/Multi-Client( 2002): OnUnsolicitedResponse: No Registered Clients
08-09 17:06:18.502 D/RILClient( 879): processUnsolicited(): resp_id (11084), len(20)
08-09 17:06:18.513 E/RILC ( 1413): vendorConfigurationChanged: mSehRadioIndication == NULL
08-09 17:06:18.597 E/RILD2 ( 1413): RxGetUimStatusChange: card status validity is false, ignore this indi
08-09 17:06:18.598 E/RILC ( 1413): simStatusChangedInd: radioService[0]->mRadioIndication == NULL
08-09 17:06:18.604 E/RILC ( 1413): cdmaPrlChangedInd: radioService[1]->mRadioIndication == NULL
08-09 17:06:18.700 E/RILD ( 1413): OemClient::ProcessBuffer() from[9], token[1], datalen[100]
08-09 17:06:18.714 E/RILD ( 1413): UpdateVoiceRte: [CS] 1x reg [0], gsm reg [2], wcdma reg [2], lte reg [2], hdr reg [0], Td reg [0], 5G reg [2]
08-09 17:06:18.714 E/RILD ( 1413): UpdateVoiceRte: mVoiceRte(0), Confidence(4), mReportedLteSmsStatus(0)
08-09 17:06:18.714 E/RILD ( 1413): SetDataRteRegStatus: [PS] 1x reg [0], gsm reg [2], wcdma reg [2], lte reg [2], hdr reg [0], Td reg [0], nr5g reg [2] pref_data_tech(0), radio_tech_flag(2)
08-09 17:06:18.714 E/RILD ( 1413): UpdateDataRte: mDataRte(0), Confidence(4)
08-09 17:06:18.714 E/RILD ( 1413): UpdateImsRte: mImsRte(0), Confidence(4)
08-09 17:06:18.714 E/RILD ( 1413): Oem OnRequestComplete:(9)
08-09 17:06:18.715 E/RILC ( 1413): cdmaPrlChangedInd: radioService[0]->mRadioIndication == NULL
08-09 17:06:18.715 E/RILD ( 1413): QMI_WMS_GET_SMSC_ADDRESS_RESP received with error 52
08-09 17:06:18.715 E/RILC ( 1413): networkStateChangedInd: radioService[0]->mRadioIndication == NULL
08-09 17:06:18.715 E/RILD ( 1413): OnGetSmscAddressDone: failed. (7)
08-09 17:06:18.717 E/RILD ( 1413): BuildUnsolicited: IPC message 128. truncated.
08-09 17:06:18.717 E/RILC ( 1413): unsupported OEM unsolicated response code 11084
08-09 17:06:18.718 E/Multi-Client( 2002): OnUnsolicitedResponse: No Registered Clients
08-09 17:06:18.718 D/RILClient( 878): processUnsolicited(): resp_id (11084), len(128)
08-09 17:06:18.718 D/RILClient( 878): processUnsolicited(): unsol_func resp_id (11084), len(128)
08-09 17:06:18.718 D/RILClient( 879): processUnsolicited(): resp_id (11084), len(128)
08-09 17:06:18.884 E/RILD2 ( 1413): RxGetUimStatusChange: card status validity is false, ignore this indi
08-09 17:06:18.885 E/RILC ( 1413): simStatusChangedInd: radioService[0]->mRadioIndication == NULL
08-09 17:06:18.885 E/RILD ( 1413): QMI_WMS_GET_SMSC_ADDRESS_RESP received with error 52
08-09 17:06:18.885 E/RILD ( 1413): OnGetSmscAddressDone: failed. (7)
08-09 17:06:18.968 E/RILD ( 1413): OemClient::ProcessBuffer() from[9], token[1], datalen[108]
08-09 17:06:18.968 E/RILD ( 1413): Oem OnRequestComplete:(9)
08-09 17:06:18.970 E/RILD ( 1413): BuildUnsolicited: IPC message 20. truncated.
08-09 17:06:18.970 E/RILC ( 1413): unsupported OEM unsolicated response code 11084
08-09 17:06:18.970 D/RILClient( 878): processUnsolicited(): resp_id (11084), len(20)
08-09 17:06:18.970 D/RILClient( 878): processUnsolicited(): unsol_func resp_id (11084), len(20)
08-09 17:06:18.970 D/RILClient( 879): processUnsolicited(): resp_id (11084), len(20)
08-09 17:06:18.970 E/Multi-Client( 2002): OnUnsolicitedResponse: No Registered Clients
08-09 17:06:19.162 E/RILD ( 1413): OemClient::ProcessBuffer() from[9], token[1], datalen[100]
08-09 17:06:19.163 E/RILD ( 1413): Oem OnRequestComplete:(9)
08-09 17:06:19.166 E/RILD ( 1413): BuildUnsolicited: IPC message 128. truncated.
08-09 17:06:19.166 E/RILC ( 1413): unsupported OEM unsolicated response code 11084
08-09 17:06:19.166 E/Multi-Client( 2002): OnUnsolicitedResponse: No Registered Clients
08-09 17:06:19.166 D/RILClient( 879): processUnsolicited(): resp_id (11084), len(128)
08-09 17:06:19.166 D/RILClient( 878): processUnsolicited(): resp_id (11084), len(128)
08-09 17:06:19.166 D/RILClient( 878): processUnsolicited(): unsol_func resp_id (11084), len(128)
08-09 17:06:19.385 E/RILD ( 1413): Transaction error(-17).
08-09 17:06:19.386 E/RILC ( 1413): subscriptionStatusChangedInd: radioService[0]->mRadioIndication == NULL
08-09 17:06:19.409 E/RILD ( 1413): OemClient::ProcessBuffer() from[9], token[1], datalen[360]
08-09 17:06:19.409 E/RILD ( 1413): Oem OnRequestComplete:(9)
08-09 17:06:19.445 E/RILD ( 1413): Transaction error(-17).
08-09 17:06:19.573 E/RILD ( 1413): Run(): nlmsg_type = 16
08-09 17:06:19.573 E/RILD2 ( 1413): Run(): nlmsg_type = 16
08-09 17:06:19.574 E/RILD ( 1413): Run(): nlmsg_type = 16
08-09 17:06:19.574 E/RILD2 ( 1413): Run(): nlmsg_type = 16
08-09 17:06:19.575 E/RILD2 ( 1413): Run(): nlmsg_type = 16
08-09 17:06:19.575 E/RILD ( 1413): Run(): nlmsg_type = 16
08-09 17:06:19.576 E/RILD2 ( 1413): Run(): nlmsg_type = 16
08-09 17:06:19.576 E/RILD ( 1413): Run(): nlmsg_type = 16
08-09 17:06:19.602 I/commit_sys_config_file( 1319): [overlays,8]
08-09 17:06:19.651 I/battery_status( 1319): [2,2,1,2,Li-ion]
08-09 17:06:19.651 I/battery_level( 1319): [99,4274,321]
08-09 17:06:19.914 E/RILD ( 1413): QmiWdsGlobalIndCallback: payloadLen(9600), ind_buf_len(8)
08-09 17:06:19.915 E/RILD ( 1413): QmiWdsGlobalIndCallback: payloadLen(9600), ind_buf_len(8)
08-09 17:06:19.915 E/RILD ( 1413): UpdateVoiceRte: [CS] 1x reg [0], gsm reg [2], wcdma reg [2], lte reg [0], hdr reg [0], Td reg [0], 5G reg [2]
08-09 17:06:19.915 E/RILD ( 1413): UpdateVoiceRte: mVoiceRte(0), Confidence(4), mReportedLteSmsStatus(0)
08-09 17:06:19.915 E/RILD ( 1413): SetDataRteRegStatus: [PS] 1x reg [0], gsm reg [2], wcdma reg [2], lte reg [12], hdr reg [0], Td reg [0], nr5g reg [2] pref_data_tech(0), radio_tech_flag(2)
08-09 17:06:19.915 E/RILD ( 1413): UpdateDataRte: mDataRte(5), Confidence(2)
08-09 17:06:19.915 E/RILD ( 1413): UpdateImsRte: mImsRte(0), Confidence(4)
08-09 17:06:19.915 E/RILD ( 1413): UpdateVoiceRte: [CS] 1x reg [0], gsm reg [2], wcdma reg [2], lte reg [0], hdr reg [0], Td reg [0], 5G reg [2]
08-09 17:06:19.915 E/RILD ( 1413): UpdateVoiceRte: mVoiceRte(0), Confidence(4), mReportedLteSmsStatus(0)
08-09 17:06:19.915 E/RILD ( 1413): SetDataRteRegStatus: [PS] 1x reg [0], gsm reg [2], wcdma reg [2], lte reg [12], hdr reg [0], Td reg [0], nr5g reg [2] pref_data_tech(0), radio_tech_flag(2)
08-09 17:06:19.915 E/RILD ( 1413): UpdateDataRte: mDataRte(5), Confidence(2)
08-09 17:06:19.915 E/RILD ( 1413): UpdateImsRte: mImsRte(0), Confidence(4)
08-09 17:06:19.917 E/RILD ( 1413): RxGetRfBandInfo:
08-09 17:06:19.918 E/RILD ( 1413): RxGetRfBandInfo:
08-09 17:06:19.919 E/RILD ( 1413): QmiWdsGlobalIndCallback: payloadLen(9600), ind_buf_len(8)
08-09 17:06:19.922 E/RILD ( 1413): Serving cell rsrp: -969. rsrq: -199. rssi: -631. srxlev: 31. signal Strength: 25
08-09 17:06:19.922 E/RILD ( 1413): RxGetRfBandInfo:
08-09 17:06:19.922 E/RILD ( 1413): Serving cell rsrp: -969. rsrq: -199. rssi: -631. srxlev: 31. signal Strength: 25
08-09 17:06:19.922 E/RILD ( 1413): RxGetRfBandInfo:
08-09 17:06:19.923 E/RILD ( 1413): Serving cell rsrp: -969. rsrq: -199. rssi: -631. srxlev: 31. signal Strength: 25
08-09 17:06:19.962 E/RILD ( 1413): ProcessSingleIpcMessageReceived() - There is no IpcHistoryRecord
08-09 17:06:19.985 I/am_wtf ( 1319): [0,1319,system_server,-1,SystemServiceRegistry,Failed to get custom frequency manager service.]
08-09 17:06:20.084 I/am_wtf ( 1319): [0,1319,system_server,-1,SystemServiceRegistry,Unknown manager requested: semcustomdump]
08-09 17:06:20.124 I/wm_task_created( 1319): [1,-1]
08-09 17:06:20.125 I/wm_task_windowing_mode_changed( 1319): [1,0,1]
08-09 17:06:20.130 I/sysui_multi_action( 1319): [757,1594,758,4,759,1,806,NULL]
08-09 17:06:20.156 E/RILC ( 1413): cdmaSubscriptionSourceChangedInd: radioService[0]->mRadioIndication == NULL
08-09 17:06:20.156 E/RILC ( 1413): cdmaSubscriptionSourceChangedInd: radioService[1]->mRadioIndication == NULL
08-09 17:06:20.156 E/RILC ( 1413): cdmaSubscriptionSourceChangedInd: radioService[0]->mRadioIndication == NULL
08-09 17:06:20.156 E/RILD2 ( 1413): SIM CARD ERROR cause : 3
08-09 17:06:20.156 E/RILD2 ( 1413): Invalid appState for setting overal PinState.
08-09 17:06:20.156 E/RILD2 ( 1413): SIM CARD ERROR cause : 3
08-09 17:06:20.156 E/RILD2 ( 1413): Invalid appState for setting overal PinState.
08-09 17:06:20.157 E/RILD2 ( 1413): Invalid appState for updateRetryCounts.
08-09 17:06:20.157 E/RILC ( 1413): simStatusChangedInd: radioService[1]->mRadioIndication == NULL
08-09 17:06:20.157 E/RILC ( 1413): cdmaSubscriptionSourceChangedInd: radioService[1]->mRadioIndication == NULL
08-09 17:06:20.234 W/SubscriptionManager( 926): Failed to recompute cache key for cache_key.telephony.get_default_sms_sub_id
08-09 17:06:20.246 I/am_wtf ( 1319): [0,1319,system_server,-1,SystemServiceRegistry,Unknown manager requested: desktopmode]
08-09 17:06:20.260 I/configuration_changed( 1319): 536894968
08-09 17:06:20.262 I/sysui_multi_action( 1319): [757,1659,758,4,759,1,1660,0]
08-09 17:06:20.334 I/configuration_changed( 1319): 8
08-09 17:06:20.337 I/dvm_lock_sample( 1319): [system_server,1,android.anim,54,WindowAnimator.java,103,void com.android.server.wm.WindowAnimator.lambda$new$1(long),WindowManagerService.java,5476,android.content.res.Configuration com.android.server.wm.WindowManagerService.computeNewConfiguration(int),10]
08-09 17:06:20.360 I/am_wtf ( 1319): [0,1319,system_server,-1,SystemServiceRegistry,Unknown manager requested: desktopmode]
08-09 17:06:20.400 E/RILD ( 1413): QmiWdsGlobalIndCallback: payloadLen(9600), ind_buf_len(8)
08-09 17:06:20.401 E/RILD ( 1413): QmiWdsGlobalIndCallback: payloadLen(9600), ind_buf_len(8)
08-09 17:06:20.402 E/RILD ( 1413): QmiWdsGlobalIndCallback: payloadLen(9600), ind_buf_len(8)
08-09 17:06:20.403 E/RILD ( 1413): ProcessSingleIpcMessageReceived() - There is no IpcHistoryRecord
08-09 17:06:20.407 E/RILD ( 1413): UpdateVoiceRte: [CS] 1x reg [0], gsm reg [2], wcdma reg [2], lte reg [1], hdr reg [0], Td reg [0], 5G reg [2]
08-09 17:06:20.407 E/RILD ( 1413): UpdateVoiceRte: mVoiceRte(5), Confidence(1), mReportedLteSmsStatus(1)
08-09 17:06:20.407 E/RILD ( 1413): SetDataRteRegStatus: [PS] 1x reg [0], gsm reg [2], wcdma reg [2], lte reg [1], hdr reg [0], Td reg [0], nr5g reg [2] pref_data_tech(0), radio_tech_flag(2)
08-09 17:06:20.407 E/RILD ( 1413): SetDataRteRegStatus: [FINAL-PS] 1x reg [0], gsm reg [2], wcdma reg [2], lte reg [12], hdr reg [0], Td reg[0], nr5g reg [2]
08-09 17:06:20.407 E/RILD ( 1413): UpdateDataRte: mDataRte(5), Confidence(2)
08-09 17:06:20.407 E/RILD ( 1413): UpdateImsRte: mImsRte(0), Confidence(4)
08-09 17:06:20.407 E/RILD ( 1413): UpdateVoiceRte: [CS] 1x reg [0], gsm reg [2], wcdma reg [2], lte reg [1], hdr reg [0], Td reg [0], 5G reg [2]
08-09 17:06:20.407 E/RILD ( 1413): UpdateVoiceRte: mVoiceRte(5), Confidence(1), mReportedLteSmsStatus(1)
08-09 17:06:20.407 E/RILD ( 1413): SetDataRteRegStatus: [PS] 1x reg [0], gsm reg [2], wcdma reg [2], lte reg [1], hdr reg [0], Td reg [0], nr5g reg [2] pref_data_tech(0), radio_tech_flag(2)
08-09 17:06:20.407 E/RILD ( 1413): SetDataRteRegStatus: [FINAL-PS] 1x reg [0], gsm reg [2], wcdma reg [2], lte reg [12], hdr reg [0], Td reg[0], nr5g reg [2]
08-09 17:06:20.407 E/RILD ( 1413): UpdateDataRte: mDataRte(5), Confidence(2)
08-09 17:06:20.407 E/RILD ( 1413): UpdateImsRte: mImsRte(0), Confidence(4)
08-09 17:06:20.408 E/RILD ( 1413): UpdateVoiceRte: [CS] 1x reg [0], gsm reg [2], wcdma reg [2], lte reg [1], hdr reg [0], Td reg [0], 5G reg [2]
08-09 17:06:20.409 E/RILD ( 1413): UpdateVoiceRte: mVoiceRte(5), Confidence(1), mReportedLteSmsStatus(4)
08-09 17:06:20.409 E/RILD ( 1413): SetDataRteRegStatus: [PS] 1x reg [0], gsm reg [2], wcdma reg [2], lte reg [1], hdr reg [0], Td reg [0], nr5g reg [2] pref_data_tech(0), radio_tech_flag(2)
08-09 17:06:20.409 E/RILD ( 1413): SetDataRteRegStatus: [FINAL-PS] 1x reg [0], gsm reg [2], wcdma reg [2], lte reg [12], hdr reg [0], Td reg[0], nr5g reg [2]
08-09 17:06:20.409 E/RILD ( 1413): UpdateDataRte: mDataRte(5), Confidence(2)
08-09 17:06:20.409 E/RILD ( 1413): UpdateImsRte: mImsRte(0), Confidence(4)
08-09 17:06:20.409 E/RILC ( 1413): vendorConfigurationChanged: mSehRadioIndication == NULL
08-09 17:06:20.410 E/RILD ( 1413): RxGetRfBandInfo:
08-09 17:06:20.410 E/RILD ( 1413): Serving cell rsrp: -799. rsrq: -149. rssi: -511. srxlev: 0. signal Strength: 31
08-09 17:06:20.410 E/RILD ( 1413): RxGetRfBandInfo:
08-09 17:06:20.410 E/RILD ( 1413): RxGetRfBandInfo:
08-09 17:06:20.423 E/RILD ( 1413): QmiWdsGlobalIndCallback: payloadLen(9600), ind_buf_len(8)
08-09 17:06:20.428 E/RILD ( 1413): NITZ: 23/8/9 11:36:19 (Zone:22, DST: 0)
08-09 17:06:20.428 I/commit_sys_config_file( 1319): [settings-0-0,9]
08-09 17:06:20.429 E/RILC ( 1413): nitzTimeReceivedInd: radioService[0]->mRadioIndication == NULL
08-09 17:06:20.459 I/am_wtf ( 1319): [0,1319,system_server,-1,SystemServiceRegistry,Unknown manager requested: desktopmode]
08-09 17:06:20.526 E/RILD ( 1413): QmiWdsGlobalIndCallback: payloadLen(9600), ind_buf_len(8)
08-09 17:06:20.526 E/RILD ( 1413): QmiWdsGlobalIndCallback: payloadLen(9600), ind_buf_len(8)
08-09 17:06:20.526 E/RILD ( 1413): QmiWdsGlobalIndCallback: payloadLen(9600), ind_buf_len(8)
08-09 17:06:20.527 E/RILD ( 1413): QmiWdsGlobalIndCallback: payloadLen(9600), ind_buf_len(8)
08-09 17:06:20.529 E/RILD ( 1413): RxGetRfBandInfo:
08-09 17:06:20.529 E/RILD ( 1413): Serving cell rsrp: -800. rsrq: -150. rssi: -522. srxlev: 0. signal Strength: 31
08-09 17:06:20.529 E/RILD ( 1413): SetDataRteRegStatus: [PS] 1x reg [0], gsm reg [2], wcdma reg [2], lte reg [1], hdr reg [0], Td reg [0], nr5g reg [2] pref_data_tech(6), radio_tech_flag(1)
08-09 17:06:20.529 E/RILD ( 1413): UpdateDataRte: mDataRte(5), Confidence(1)
08-09 17:06:20.761 D/TelephonyRegistry( 1319): listen oscl: mHasNotifySubscriptionInfoChangedOccurred==false no callback
08-09 17:06:20.904 E/RILD ( 1413): IpcRxSimEonsInfo, eons_type(1), eons_total_num(22), eons_len(8)
08-09 17:06:20.904 E/RILD ( 1413): IpcRxSimEonsInfo, eons_type(2), eons_total_num(1), eons_len(40)
08-09 17:06:20.904 E/RILD ( 1413): IpcRxSimEonsInfo, eons_type(3), eons_total_num(22), eons_len(10)
08-09 17:06:20.970 I/am_wtf ( 1319): [0,1319,system_server,-1,SystemServiceRegistry,Unknown manager requested: desktopmode]
08-09 17:06:21.006 I/storage_state( 1319): [41217664-9172-527a-b3d5-edabb50a7d69,0,0,88597495808,112449253376]
08-09 17:06:21.135 I/stream_devices_changed( 1319): [4,0,2]
08-09 17:06:21.135 I/stream_devices_changed( 1319): [6,0,1]
08-09 17:06:21.136 I/stream_devices_changed( 1319): [7,0,2]
08-09 17:06:21.136 I/stream_devices_changed( 1319): [3,0,2]
08-09 17:06:21.137 I/stream_devices_changed( 1319): [5,0,2]
08-09 17:06:21.138 I/stream_devices_changed( 1319): [2,0,2]
08-09 17:06:21.139 I/stream_devices_changed( 1319): [1,0,2]
08-09 17:06:21.139 I/stream_devices_changed( 1319): [0,0,1]
08-09 17:06:21.140 I/stream_devices_changed( 1319): [11,0,2]
08-09 17:06:21.236 I/commit_sys_config_file( 1319): [notification-policy,6]
08-09 17:06:21.330 I/service_manager_stats( 1319): [1710,183,5001]
08-09 17:06:21.557 D/TelephonyRegistry( 1319): listen oscl: mHasNotifySubscriptionInfoChangedOccurred==false no callback
08-09 17:06:21.561 E/TelephonyManager( 1319): isDataEnabled Bindcalling pid : 1319, uid : 1000
08-09 17:06:21.562 D/TelephonyManager( 1319): getAllCellInfo - caller PID: 1319, UID: 1000, TID: 1319
08-09 17:06:21.729 I/configuration_changed( 1319): 512
08-09 17:06:21.776 I/am_uid_running( 1319): 5013
08-09 17:06:21.818 E/RILD ( 1413): Run(): nlmsg_type = 16
08-09 17:06:21.818 E/RILD2 ( 1413): Run(): nlmsg_type = 16
08-09 17:06:21.866 I/commit_sys_config_file( 1319): [package-session,3]
08-09 17:06:22.008 I/dm_change_refresh_rate_mode( 1319): [android.os.BinderProxy@7009a86,2]
08-09 17:06:22.017 I/liblog ( 1319): 9
08-09 17:06:22.018 I/dm_change_allowed_configs( 1319): defaultConfig=0 primaryRefreshRateRange=[120 120] appRequestRefreshRateRange=[120 120]
08-09 17:06:22.031 I/commit_sys_config_file( 1319): [notification-policy,801]
08-09 17:06:22.042 I/boot_progress_ams_state( 1319): [0,-1,0,systemReady,NULL]
08-09 17:06:22.083 I/boot_progress_ams_ready( 1319): 19206
08-09 17:06:22.092 I/configuration_changed( 1319): 268435716
08-09 17:06:22.106 I/am_uid_running( 1319): 1001
08-09 17:06:22.112 I/thermal_changed( 1319): [AP,0,40.700001,0,0]
08-09 17:06:22.112 I/thermal_changed( 1319): [BAT,2,32.099998,0,0]
08-09 17:06:22.112 I/thermal_changed( 1319): [PA,5,63.099998,0,0]
08-09 17:06:22.112 I/thermal_changed( 1319): [SKIN,3,44.599998,3,0]
08-09 17:06:22.112 I/thermal_changed( 1319): [SUBBAT,2,0.000000,0,0]
08-09 17:06:22.112 I/thermal_changed( 1319): [USB,4,0.000000,0,0]
08-09 17:06:22.114 I/am_proc_start( 1319): [0,2286,1001,com.android.phone,added application,com.android.phone]
08-09 17:06:22.134 I/commit_sys_config_file( 1319): [log-files,2]
08-09 17:06:22.143 I/commit_sys_config_file( 1319): [log-files,12]
08-09 17:06:22.146 I/am_proc_bound( 1319): [0,2286,com.android.phone]
08-09 17:06:22.148 I/commit_sys_config_file( 1319): [log-files,16]
08-09 17:06:22.150 I/commit_sys_config_file( 1319): [log-files,18]
08-09 17:06:22.154 I/commit_sys_config_file( 1319): [log-files,22]
08-09 17:06:22.154 I/am_uid_active( 1319): 1001
08-09 17:06:22.156 I/commit_sys_config_file( 1319): [log-files,24]
08-09 17:06:22.162 I/commit_sys_config_file( 1319): [log-files,30]
08-09 17:06:22.165 I/commit_sys_config_file( 1319): [log-files,33]
08-09 17:06:22.167 I/commit_sys_config_file( 1319): [log-files,36]
08-09 17:06:22.169 I/commit_sys_config_file( 1319): [log-files,37]
08-09 17:06:22.175 I/commit_sys_config_file( 1319): [log-files,43]
08-09 17:06:22.177 I/commit_sys_config_file( 1319): [log-files,45]
08-09 17:06:22.187 I/commit_sys_config_file( 1319): [log-files,55]
08-09 17:06:22.190 I/commit_sys_config_file( 1319): [log-files,58]
08-09 17:06:22.199 I/commit_sys_config_file( 1319): [log-files,68]
08-09 17:06:22.203 I/commit_sys_config_file( 1319): [log-files,71]
08-09 17:06:22.252 I/commit_sys_config_file( 1319): [log-files,120]
08-09 17:06:22.255 I/commit_sys_config_file( 1319): [log-files,123]
08-09 17:06:22.342 D/TelephonyRegistry( 1319): listen oscl: mHasNotifySubscriptionInfoChangedOccurred==false no callback
08-09 17:06:22.376 I/am_uid_running( 1319): 10039
08-09 17:06:22.385 I/am_proc_start( 1319): [0,2306,10039,com.android.systemui,service,{com.android.systemui/com.android.systemui.ImageWallpaper}]
08-09 17:06:22.438 I/am_proc_bound( 1319): [0,2306,com.android.systemui]
08-09 17:06:22.443 I/am_uid_active( 1319): 10039
08-09 17:06:22.469 I/thermal_changed( 1319): [SKIN,3,35.400002,0,3]
08-09 17:06:22.505 D/TelephonyRegistry( 1319): listen oscl: mHasNotifySubscriptionInfoChangedOccurred==false no callback
08-09 17:06:22.708 I/dvm_lock_sample( 1319): [system_server,0,AudioService,336,AccessibilityManagerService.java,1339,long com.android.server.accessibility.AccessibilityManagerService.addClient(android.view.accessibility.IAccessibilityManagerClient, int),-,4879,java.util.ArrayList com.android.server.accessibility.AccessibilityManagerService$AccessibilityDisplayListener.getValidDisplayList(),67]
08-09 17:06:22.709 I/dvm_lock_sample( 1319): [system_server,1,binder:1319_4,135,AccessibilityManagerService.java,1339,long com.android.server.accessibility.AccessibilityManagerService.addClient(android.view.accessibility.IAccessibilityManagerClient, int),-,4879,java.util.ArrayList com.android.server.accessibility.AccessibilityManagerService$AccessibilityDisplayListener.getValidDisplayList(),27]
08-09 17:06:22.736 I/sysui_multi_action( 1319): [757,856,758,2,806,android,857,AudioCore_Notification,858,4]
08-09 17:06:22.777 I/commit_sys_config_file( 1319): [package-user-0,8]
08-09 17:06:22.777 I/commit_sys_config_file( 1319): [package,42]
08-09 17:06:22.777 I/dvm_lock_sample( 1319): [system_server,0,android.fg,42,PackageManagerService.java,1349,com.android.server.pm.Computer com.android.server.pm.PackageManagerService.snapshotComputer(),LegacyPermissionSettings.java,150,void com.android.server.pm.permission.LegacyPermissionSettings.writePermissionTrees(android.util.TypedXmlSerializer),8]
08-09 17:06:22.778 I/sysui_multi_action( 1319): [757,856,758,1,806,android,857,AudioCore_Notification,858,4]
08-09 17:06:22.781 D/TelephonyComponentFactory( 2286): validated paths: null
08-09 17:06:22.781 D/TelephonyComponentFactory( 2286): Total components injected: 0
08-09 17:06:22.781 D/TDC ( 2286): updateOrInsert: inserting: Modem { uuid=modem, state=0, rilModel=0, rat={}, maxActiveVoiceCall=1, maxActiveDataCall=1, maxStandby=1 }
08-09 17:06:22.781 D/TDC ( 2286): updateOrInsert: inserting: Sim { uuid=sim, modemUuid=modem, state=0 }
