08-09 17:06:27.043 D/DCT-C-0 ( 2286): DDS-DcTracker.requestNetwork for NetworkRequest [ REQUEST id=72, [ Capabilities: INTERNET&NOT_RESTRICTED&TRUSTED&NOT_VCN_MANAGED Uid: 10368 RequestorUid: 1000 RequestorPkg: android UnderlyingNetworks: Null] ] found {mApnType=default mState=IDLE mWaitingApns={[] priority=1} mApnSetting={null} mReason=radioTurnedOff mNeedDisconnectByDdsChange=false mDataEnabled=false}, type=NORMAL
08-09 17:06:27.043 D/DDS-TelephonyNetworkFactory[0]( 2286): onActivePhoneSwitch: applied: false, shouldApply: true
08-09 17:06:27.043 D/DDS-TelephonyNetworkFactory[0]( 2286): onActivePhoneSwitch: Requesting network request [NetworkRequest [ REQUEST id=49, [ Capabilities: INTERNET&NOT_RESTRICTED&TRUSTED&NOT_VCN_MANAGED Uid: 10172 RequestorUid: 1000 RequestorPkg: android UnderlyingNetworks: Null] ], mPriority=0, state=UNSATISFIED, mAttachedDataNetwork=null, isMetered=false, created time=17:06:27.024, evaluation result=null]
08-09 17:06:27.043 D/DCT-C-0 ( 2286): DDS-DcTracker.requestNetwork for NetworkRequest [ REQUEST id=49, [ Capabilities: INTERNET&NOT_RESTRICTED&TRUSTED&NOT_VCN_MANAGED Uid: 10172 RequestorUid: 1000 RequestorPkg: android UnderlyingNetworks: Null] ] found {mApnType=default mState=IDLE mWaitingApns={[] priority=1} mApnSetting={null} mReason=radioTurnedOff mNeedDisconnectByDdsChange=false mDataEnabled=false}, type=NORMAL
08-09 17:06:27.043 D/DDS-TelephonyNetworkFactory[0]( 2286): onActivePhoneSwitch: applied: false, shouldApply: true
08-09 17:06:27.043 D/DDS-TelephonyNetworkFactory[0]( 2286): onActivePhoneSwitch: Requesting network request [NetworkRequest [ REQUEST id=103, [ Capabilities: INTERNET&NOT_RESTRICTED&TRUSTED&NOT_VCN_MANAGED Uid: 1000 RequestorUid: 1000 RequestorPkg: com.sec.imsservice UnderlyingNetworks: Null] ], mPriority=0, state=UNSATISFIED, mAttachedDataNetwork=null, isMetered=false, created time=17:06:27.026, evaluation result=null]
08-09 17:06:27.043 D/DCT-C-0 ( 2286): DDS-DcTracker.requestNetwork for NetworkRequest [ REQUEST id=103, [ Capabilities: INTERNET&NOT_RESTRICTED&TRUSTED&NOT_VCN_MANAGED Uid: 1000 RequestorUid: 1000 RequestorPkg: com.sec.imsservice UnderlyingNetworks: Null] ] found {mApnType=default mState=IDLE mWaitingApns={[] priority=1} mApnSetting={null} mReason=radioTurnedOff mNeedDisconnectByDdsChange=false mDataEnabled=false}, type=NORMAL
08-09 17:06:27.043 D/DDS-TelephonyNetworkFactory[0]( 2286): onActivePhoneSwitch: applied: false, shouldApply: true
08-09 17:06:27.043 D/DDS-TelephonyNetworkFactory[0]( 2286): onActivePhoneSwitch: Requesting network request [NetworkRequest [ REQUEST id=78, [ Capabilities: INTERNET&NOT_RESTRICTED&TRUSTED&NOT_VCN_MANAGED Uid: 1000 RequestorUid: 1000 RequestorPkg: android UnderlyingNetworks: Null] ], mPriority=0, state=UNSATISFIED, mAttachedDataNetwork=null, isMetered=false, created time=17:06:27.018, evaluation result=null]
08-09 17:06:27.043 D/DCT-C-0 ( 2286): DDS-DcTracker.requestNetwork for NetworkRequest [ REQUEST id=78, [ Capabilities: INTERNET&NOT_RESTRICTED&TRUSTED&NOT_VCN_MANAGED Uid: 1000 RequestorUid: 1000 RequestorPkg: android UnderlyingNetworks: Null] ] found {mApnType=default mState=IDLE mWaitingApns={[] priority=1} mApnSetting={null} mReason=radioTurnedOff mNeedDisconnectByDdsChange=false mDataEnabled=false}, type=NORMAL
08-09 17:06:27.044 D/DDS-TelephonyNetworkFactory[0]( 2286): onActivePhoneSwitch: applied: false, shouldApply: true
08-09 17:06:27.044 D/DDS-TelephonyNetworkFactory[0]( 2286): onActivePhoneSwitch: Requesting network request [NetworkRequest [ REQUEST id=47, [ Capabilities: INTERNET&NOT_RESTRICTED&TRUSTED&NOT_VCN_MANAGED Uid: 10225 RequestorUid: 1000 RequestorPkg: android UnderlyingNetworks: Null] ], mPriority=0, state=UNSATISFIED, mAttachedDataNetwork=null, isMetered=false, created time=17:06:27.017, evaluation result=null]
08-09 17:06:27.044 D/DCT-C-0 ( 2286): DDS-DcTracker.requestNetwork for NetworkRequest [ REQUEST id=47, [ Capabilities: INTERNET&NOT_RESTRICTED&TRUSTED&NOT_VCN_MANAGED Uid: 10225 RequestorUid: 1000 RequestorPkg: android UnderlyingNetworks: Null] ] found {mApnType=default mState=IDLE mWaitingApns={[] priority=1} mApnSetting={null} mReason=radioTurnedOff mNeedDisconnectByDdsChange=false mDataEnabled=false}, type=NORMAL
08-09 17:06:27.044 D/DDS-TelephonyNetworkFactory[0]( 2286): onActivePhoneSwitch: applied: false, shouldApply: true
08-09 17:06:27.044 D/DDS-TelephonyNetworkFactory[0]( 2286): onActivePhoneSwitch: Requesting network request [NetworkRequest [ REQUEST id=27, [ Capabilities: INTERNET&NOT_RESTRICTED&TRUSTED&NOT_VCN_MANAGED Uid: 10358 RequestorUid: 1000 RequestorPkg: android UnderlyingNetworks: Null] ], mPriority=0, state=UNSATISFIED, mAttachedDataNetwork=null, isMetered=false, created time=17:06:27.008, evaluation result=null]
08-09 17:06:27.044 D/DCT-C-0 ( 2286): DDS-DcTracker.requestNetwork for NetworkRequest [ REQUEST id=27, [ Capabilities: INTERNET&NOT_RESTRICTED&TRUSTED&NOT_VCN_MANAGED Uid: 10358 RequestorUid: 1000 RequestorPkg: android UnderlyingNetworks: Null] ] found {mApnType=default mState=IDLE mWaitingApns={[] priority=1} mApnSetting={null} mReason=radioTurnedOff mNeedDisconnectByDdsChange=false mDataEnabled=false}, type=NORMAL
08-09 17:06:27.044 D/DDS-TelephonyNetworkFactory[0]( 2286): onActivePhoneSwitch: applied: false, shouldApply: true
08-09 17:06:27.044 D/DDS-TelephonyNetworkFactory[0]( 2286): onActivePhoneSwitch: Requesting network request [NetworkRequest [ REQUEST id=93, [ Capabilities: INTERNET&NOT_RESTRICTED&TRUSTED&NOT_VCN_MANAGED Uid: 10039 RequestorUid: 10039 RequestorPkg: com.android.systemui UnderlyingNetworks: Null] ], mPriority=0, state=UNSATISFIED, mAttachedDataNetwork=null, isMetered=false, created time=17:06:27.008, evaluation result=null]
08-09 17:06:27.044 D/DCT-C-0 ( 2286): DDS-DcTracker.requestNetwork for NetworkRequest [ REQUEST id=93, [ Capabilities: INTERNET&NOT_RESTRICTED&TRUSTED&NOT_VCN_MANAGED Uid: 10039 RequestorUid: 10039 RequestorPkg: com.android.systemui UnderlyingNetworks: Null] ] found {mApnType=default mState=IDLE mWaitingApns={[] priority=1} mApnSetting={null} mReason=radioTurnedOff mNeedDisconnectByDdsChange=false mDataEnabled=false}, type=NORMAL
08-09 17:06:27.044 D/DDS-TelephonyNetworkFactory[0]( 2286): onActivePhoneSwitch: applied: false, shouldApply: true
08-09 17:06:27.045 I/notification_enqueue( 1319): [10039,2306,com.android.systemui,1001,NULL,-1,Notification(channel=fbe_channel_id shortcut=null contentView=null vibrate=null sound=null defaults=0x0 flags=0x2 color=0x00000000 vis=PRIVATE semFlags=0x0 semPriority=0 semMissedCount=0),0,NULL]
08-09 17:06:27.045 D/DDS-TelephonyNetworkFactory[0]( 2286): onActivePhoneSwitch: Requesting network request [NetworkRequest [ REQUEST id=85, [ Capabilities: INTERNET&NOT_RESTRICTED&TRUSTED&NOT_VCN_MANAGED Uid: 1073 RequestorUid: 1073 RequestorPkg: com.google.android.networkstack UnderlyingNetworks: Null] ], mPriority=0, state=UNSATISFIED, mAttachedDataNetwork=null, isMetered=false, created time=17:06:27.009, evaluation result=null]
08-09 17:06:27.045 D/DCT-C-0 ( 2286): DDS-DcTracker.requestNetwork for NetworkRequest [ REQUEST id=85, [ Capabilities: INTERNET&NOT_RESTRICTED&TRUSTED&NOT_VCN_MANAGED Uid: 1073 RequestorUid: 1073 RequestorPkg: com.google.android.networkstack UnderlyingNetworks: Null] ] found {mApnType=default mState=IDLE mWaitingApns={[] priority=1} mApnSetting={null} mReason=radioTurnedOff mNeedDisconnectByDdsChange=false mDataEnabled=false}, type=NORMAL
08-09 17:06:27.045 D/DDS-TelephonyNetworkFactory[0]( 2286): onActivePhoneSwitch: applied: false, shouldApply: true
08-09 17:06:27.045 D/DDS-TelephonyNetworkFactory[0]( 2286): onActivePhoneSwitch: Requesting network request [NetworkRequest [ REQUEST id=95, [ Capabilities: INTERNET&NOT_RESTRICTED&TRUSTED&NOT_VCN_MANAGED Uid: 10039 RequestorUid: 10039 RequestorPkg: com.android.systemui UnderlyingNetworks: Null] ], mPriority=0, state=UNSATISFIED, mAttachedDataNetwork=null, isMetered=false, created time=17:06:27.018, evaluation result=null]
08-09 17:06:27.045 D/DCT-C-0 ( 2286): DDS-DcTracker.requestNetwork for NetworkRequest [ REQUEST id=95, [ Capabilities: INTERNET&NOT_RESTRICTED&TRUSTED&NOT_VCN_MANAGED Uid: 10039 RequestorUid: 10039 RequestorPkg: com.android.systemui UnderlyingNetworks: Null] ] found {mApnType=default mState=IDLE mWaitingApns={[] priority=1} mApnSetting={null} mReason=radioTurnedOff mNeedDisconnectByDdsChange=false mDataEnabled=false}, type=NORMAL
08-09 17:06:27.045 D/DDS-TelephonyNetworkFactory[0]( 2286): onActivePhoneSwitch: applied: false, shouldApply: true
08-09 17:06:27.045 D/DDS-TelephonyNetworkFactory[0]( 2286): onActivePhoneSwitch: Requesting network request [NetworkRequest [ REQUEST id=60, [ Capabilities: INTERNET&NOT_RESTRICTED&TRUSTED&NOT_VCN_MANAGED Uid: 10098 RequestorUid: 1000 RequestorPkg: android UnderlyingNetworks: Null] ], mPriority=0, state=UNSATISFIED, mAttachedDataNetwork=null, isMetered=false, created time=17:06:27.018, evaluation result=null]
08-09 17:06:27.045 D/DCT-C-0 ( 2286): DDS-DcTracker.requestNetwork for NetworkRequest [ REQUEST id=60, [ Capabilities: INTERNET&NOT_RESTRICTED&TRUSTED&NOT_VCN_MANAGED Uid: 10098 RequestorUid: 1000 RequestorPkg: android UnderlyingNetworks: Null] ] found {mApnType=default mState=IDLE mWaitingApns={[] priority=1} mApnSetting={null} mReason=radioTurnedOff mNeedDisconnectByDdsChange=false mDataEnabled=false}, type=NORMAL
08-09 17:06:27.045 D/DDS-TelephonyNetworkFactory[0]( 2286): onActivePhoneSwitch: applied: false, shouldApply: true
08-09 17:06:27.045 D/DDS-TelephonyNetworkFactory[0]( 2286): onActivePhoneSwitch: Requesting network request [NetworkRequest [ REQUEST id=39, [ Capabilities: INTERNET&NOT_RESTRICTED&TRUSTED&NOT_VCN_MANAGED Uid: 10242 RequestorUid: 1000 RequestorPkg: android UnderlyingNetworks: Null] ], mPriority=0, state=UNSATISFIED, mAttachedDataNetwork=null, isMetered=false, created time=17:06:27.020, evaluation result=null]
08-09 17:06:27.045 D/DCT-C-0 ( 2286): DDS-DcTracker.requestNetwork for NetworkRequest [ REQUEST id=39, [ Capabilities: INTERNET&NOT_RESTRICTED&TRUSTED&NOT_VCN_MANAGED Uid: 10242 RequestorUid: 1000 RequestorPkg: android UnderlyingNetworks: Null] ] found {mApnType=default mState=IDLE mWaitingApns={[] priority=1} mApnSetting={null} mReason=radioTurnedOff mNeedDisconnectByDdsChange=false mDataEnabled=false}, type=NORMAL
08-09 17:06:27.045 D/DDS-TelephonyNetworkFactory[0]( 2286): onActivePhoneSwitch: applied: false, shouldApply: true
08-09 17:06:27.046 D/DDS-TelephonyNetworkFactory[0]( 2286): onActivePhoneSwitch: Requesting network request [NetworkRequest [ REQUEST id=62, [ Capabilities: INTERNET&NOT_RESTRICTED&TRUSTED&NOT_VCN_MANAGED Uid: 10096 RequestorUid: 1000 RequestorPkg: android UnderlyingNetworks: Null] ], mPriority=0, state=UNSATISFIED, mAttachedDataNetwork=null, isMetered=false, created time=17:06:27.019, evaluation result=null]
08-09 17:06:27.046 D/DCT-C-0 ( 2286): DDS-DcTracker.requestNetwork for NetworkRequest [ REQUEST id=62, [ Capabilities: INTERNET&NOT_RESTRICTED&TRUSTED&NOT_VCN_MANAGED Uid: 10096 RequestorUid: 1000 RequestorPkg: android UnderlyingNetworks: Null] ] found {mApnType=default mState=IDLE mWaitingApns={[] priority=1} mApnSetting={null} mReason=radioTurnedOff mNeedDisconnectByDdsChange=false mDataEnabled=false}, type=NORMAL
08-09 17:06:27.046 D/DDS-TelephonyNetworkFactory[0]( 2286): onActivePhoneSwitch: applied: false, shouldApply: true
08-09 17:06:27.046 D/DDS-TelephonyNetworkFactory[0]( 2286): onActivePhoneSwitch: Requesting network request [NetworkRequest [ REQUEST id=66, [ Capabilities: INTERNET&NOT_RESTRICTED&TRUSTED&NOT_VCN_MANAGED Uid: 10062 RequestorUid: 1000 RequestorPkg: android UnderlyingNetworks: Null] ], mPriority=0, state=UNSATISFIED, mAttachedDataNetwork=null, isMetered=false, created time=17:06:27.012, evaluation result=null]
08-09 17:06:27.046 D/DCT-C-0 ( 2286): DDS-DcTracker.requestNetwork for NetworkRequest [ REQUEST id=66, [ Capabilities: INTERNET&NOT_RESTRICTED&TRUSTED&NOT_VCN_MANAGED Uid: 10062 RequestorUid: 1000 RequestorPkg: android UnderlyingNetworks: Null] ] found {mApnType=default mState=IDLE mWaitingApns={[] priority=1} mApnSetting={null} mReason=radioTurnedOff mNeedDisconnectByDdsChange=false mDataEnabled=false}, type=NORMAL
08-09 17:06:27.046 D/DDS-TelephonyNetworkFactory[0]( 2286): onActivePhoneSwitch: applied: false, shouldApply: true
08-09 17:06:27.046 D/DDS-TelephonyNetworkFactory[0]( 2286): onActivePhoneSwitch: Requesting network request [NetworkRequest [ REQUEST id=12, [ Capabilities: INTERNET&NOT_RESTRICTED&TRUSTED&NOT_VCN_MANAGED Uid: 1000 RequestorUid: 1000 RequestorPkg: android UnderlyingNetworks: Null] ], mPriority=0, state=UNSATISFIED, mAttachedDataNetwork=null, isMetered=false, created time=17:06:27.022, evaluation result=null]
08-09 17:06:27.046 D/DCT-C-0 ( 2286): DDS-DcTracker.requestNetwork for NetworkRequest [ REQUEST id=12, [ Capabilities: INTERNET&NOT_RESTRICTED&TRUSTED&NOT_VCN_MANAGED Uid: 1000 RequestorUid: 1000 RequestorPkg: android UnderlyingNetworks: Null] ] found {mApnType=default mState=IDLE mWaitingApns={[] priority=1} mApnSetting={null} mReason=radioTurnedOff mNeedDisconnectByDdsChange=false mDataEnabled=false}, type=NORMAL
08-09 17:06:27.046 D/DDS-TelephonyNetworkFactory[0]( 2286): onActivePhoneSwitch: applied: false, shouldApply: true
08-09 17:06:27.046 D/DDS-TelephonyNetworkFactory[0]( 2286): onActivePhoneSwitch: Requesting network request [NetworkRequest [ REQUEST id=70, [ Capabilities: INTERNET&NOT_RESTRICTED&TRUSTED&NOT_VCN_MANAGED Uid: 5026 RequestorUid: 1000 RequestorPkg: android UnderlyingNetworks: Null] ], mPriority=0, state=UNSATISFIED, mAttachedDataNetwork=null, isMetered=false, created time=17:06:27.010, evaluation result=null]
08-09 17:06:27.047 D/DCT-C-0 ( 2286): DDS-DcTracker.requestNetwork for NetworkRequest [ REQUEST id=70, [ Capabilities: INTERNET&NOT_RESTRICTED&TRUSTED&NOT_VCN_MANAGED Uid: 5026 RequestorUid: 1000 RequestorPkg: android UnderlyingNetworks: Null] ] found {mApnType=default mState=IDLE mWaitingApns={[] priority=1} mApnSetting={null} mReason=radioTurnedOff mNeedDisconnectByDdsChange=false mDataEnabled=false}, type=NORMAL
08-09 17:06:27.047 D/DDS-TelephonyNetworkFactory[0]( 2286): onActivePhoneSwitch: applied: false, shouldApply: true
08-09 17:06:27.047 D/DDS-TelephonyNetworkFactory[0]( 2286): onActivePhoneSwitch: Requesting network request [NetworkRequest [ REQUEST id=58, [ Capabilities: INTERNET&NOT_RESTRICTED&TRUSTED&NOT_VCN_MANAGED Uid: 10125 RequestorUid: 1000 RequestorPkg: android UnderlyingNetworks: Null] ], mPriority=0, state=UNSATISFIED, mAttachedDataNetwork=null, isMetered=false, created time=17:06:27.012, evaluation result=null]
08-09 17:06:27.047 D/DCT-C-0 ( 2286): DDS-DcTracker.requestNetwork for NetworkRequest [ REQUEST id=58, [ Capabilities: INTERNET&NOT_RESTRICTED&TRUSTED&NOT_VCN_MANAGED Uid: 10125 RequestorUid: 1000 RequestorPkg: android UnderlyingNetworks: Null] ] found {mApnType=default mState=IDLE mWaitingApns={[] priority=1} mApnSetting={null} mReason=radioTurnedOff mNeedDisconnectByDdsChange=false mDataEnabled=false}, type=NORMAL
08-09 17:06:27.047 D/DDS-TelephonyNetworkFactory[0]( 2286): onActivePhoneSwitch: applied: false, shouldApply: true
08-09 17:06:27.047 D/DDS-TelephonyNetworkFactory[0]( 2286): onActivePhoneSwitch: Requesting network request [NetworkRequest [ REQUEST id=100, [ Capabilities: INTERNET&NOT_RESTRICTED&TRUSTED&NOT_VCN_MANAGED Uid: 1000 RequestorUid: 1000 RequestorPkg: com.sec.imsservice UnderlyingNetworks: Null] ], mPriority=0, state=UNSATISFIED, mAttachedDataNetwork=null, isMetered=false, created time=17:06:27.022, evaluation result=null]
08-09 17:06:27.047 D/DCT-C-0 ( 2286): DDS-DcTracker.requestNetwork for NetworkRequest [ REQUEST id=100, [ Capabilities: INTERNET&NOT_RESTRICTED&TRUSTED&NOT_VCN_MANAGED Uid: 1000 RequestorUid: 1000 RequestorPkg: com.sec.imsservice UnderlyingNetworks: Null] ] found {mApnType=default mState=IDLE mWaitingApns={[] priority=1} mApnSetting={null} mReason=radioTurnedOff mNeedDisconnectByDdsChange=false mDataEnabled=false}, type=NORMAL
08-09 17:06:27.047 D/DDS-TelephonyNetworkFactory[0]( 2286): onActivePhoneSwitch: applied: false, shouldApply: true
08-09 17:06:27.047 D/DDS-TelephonyNetworkFactory[0]( 2286): onActivePhoneSwitch: Requesting network request [NetworkRequest [ REQUEST id=1, [ Capabilities: INTERNET&NOT_RESTRICTED&TRUSTED&NOT_VPN&NOT_VCN_MANAGED RequestorUid: 1000 RequestorPkg: android UnderlyingNetworks: Null] ], mPriority=0, state=UNSATISFIED, mAttachedDataNetwork=null, isMetered=false, created time=17:06:27.011, evaluation result=null]
08-09 17:06:27.047 D/DCT-C-0 ( 2286): DDS-DcTracker.requestNetwork for NetworkRequest [ REQUEST id=1, [ Capabilities: INTERNET&NOT_RESTRICTED&TRUSTED&NOT_VPN&NOT_VCN_MANAGED RequestorUid: 1000 RequestorPkg: android UnderlyingNetworks: Null] ] found {mApnType=default mState=IDLE mWaitingApns={[] priority=1} mApnSetting={null} mReason=radioTurnedOff mNeedDisconnectByDdsChange=false mDataEnabled=false}, type=NORMAL
08-09 17:06:27.047 D/DDS-TelephonyNetworkFactory[0]( 2286): onActivePhoneSwitch: applied: false, shouldApply: true
08-09 17:06:27.048 D/DDS-TelephonyNetworkFactory[0]( 2286): onActivePhoneSwitch: Requesting network request [NetworkRequest [ REQUEST id=64, [ Capabilities: INTERNET&NOT_RESTRICTED&TRUSTED&NOT_VCN_MANAGED Uid: 10070 RequestorUid: 1000 RequestorPkg: android UnderlyingNetworks: Null] ], mPriority=0, state=UNSATISFIED, mAttachedDataNetwork=null, isMetered=false, created time=17:06:27.020, evaluation result=null]
08-09 17:06:27.048 D/DCT-C-0 ( 2286): DDS-DcTracker.requestNetwork for NetworkRequest [ REQUEST id=64, [ Capabilities: INTERNET&NOT_RESTRICTED&TRUSTED&NOT_VCN_MANAGED Uid: 10070 RequestorUid: 1000 RequestorPkg: android UnderlyingNetworks: Null] ] found {mApnType=default mState=IDLE mWaitingApns={[] priority=1} mApnSetting={null} mReason=radioTurnedOff mNeedDisconnectByDdsChange=false mDataEnabled=false}, type=NORMAL
08-09 17:06:27.048 D/DDS-TelephonyNetworkFactory[1]( 2286): handleMessage msg={ when=-429ms what=1 obj=android.os.AsyncResult@ac65179 target=com.android.internal.telephony.data.TelephonyNetworkFactory$InternalHandler }
08-09 17:06:27.048 D/DDS-TelephonyNetworkFactory[1]( 2286): onActivePhoneSwitch
08-09 17:06:27.048 D/DDS-TelephonyNetworkFactory[1]( 2286): onActivePhoneSwitch: applied: false, shouldApply: false
08-09 17:06:27.048 D/DDS-TelephonyNetworkFactory[1]( 2286): onActivePhoneSwitch: applied: false, shouldApply: false
08-09 17:06:27.048 D/DDS-TelephonyNetworkFactory[1]( 2286): onActivePhoneSwitch: applied: false, shouldApply: false
08-09 17:06:27.048 D/DDS-TelephonyNetworkFactory[1]( 2286): onActivePhoneSwitch: applied: false, shouldApply: false
08-09 17:06:27.048 D/DDS-TelephonyNetworkFactory[1]( 2286): onActivePhoneSwitch: applied: false, shouldApply: false
08-09 17:06:27.048 D/DDS-TelephonyNetworkFactory[1]( 2286): onActivePhoneSwitch: applied: false, shouldApply: false
08-09 17:06:27.048 D/DDS-TelephonyNetworkFactory[1]( 2286): onActivePhoneSwitch: applied: false, shouldApply: false
08-09 17:06:27.048 D/DDS-TelephonyNetworkFactory[1]( 2286): onActivePhoneSwitch: applied: false, shouldApply: false
08-09 17:06:27.048 D/DDS-TelephonyNetworkFactory[1]( 2286): onActivePhoneSwitch: applied: false, shouldApply: false
08-09 17:06:27.048 D/DDS-TelephonyNetworkFactory[1]( 2286): onActivePhoneSwitch: applied: false, shouldApply: false
08-09 17:06:27.048 D/DDS-TelephonyNetworkFactory[1]( 2286): onActivePhoneSwitch: applied: false, shouldApply: false
08-09 17:06:27.048 D/DDS-TelephonyNetworkFactory[1]( 2286): onActivePhoneSwitch: applied: false, shouldApply: false
08-09 17:06:27.048 D/DDS-TelephonyNetworkFactory[1]( 2286): onActivePhoneSwitch: applied: false, shouldApply: false
08-09 17:06:27.048 D/DDS-TelephonyNetworkFactory[1]( 2286): onActivePhoneSwitch: applied: false, shouldApply: false
08-09 17:06:27.048 D/DDS-TelephonyNetworkFactory[1]( 2286): onActivePhoneSwitch: applied: false, shouldApply: false
08-09 17:06:27.048 D/DDS-TelephonyNetworkFactory[1]( 2286): onActivePhoneSwitch: applied: false, shouldApply: false
08-09 17:06:27.048 D/DDS-TelephonyNetworkFactory[1]( 2286): onActivePhoneSwitch: applied: false, shouldApply: false
08-09 17:06:27.048 D/DDS-TelephonyNetworkFactory[1]( 2286): onActivePhoneSwitch: applied: false, shouldApply: false
08-09 17:06:27.048 D/DDS-TelephonyNetworkFactory[1]( 2286): onActivePhoneSwitch: applied: false, shouldApply: false
08-09 17:06:27.048 D/DDS-TelephonyNetworkFactory[1]( 2286): onActivePhoneSwitch: applied: false, shouldApply: false
08-09 17:06:27.048 D/DDS-TelephonyNetworkFactory[1]( 2286): onActivePhoneSwitch: applied: false, shouldApply: false
08-09 17:06:27.048 D/DDS-TelephonyNetworkFactory[1]( 2286): onActivePhoneSwitch: applied: false, shouldApply: false
08-09 17:06:27.048 D/DDS-TelephonyNetworkFactory[1]( 2286): onActivePhoneSwitch: applied: false, shouldApply: false
08-09 17:06:27.048 D/DDS-TelephonyNetworkFactory[1]( 2286): onActivePhoneSwitch: applied: false, shouldApply: false
08-09 17:06:27.049 D/DDS-TelephonyNetworkFactory[1]( 2286): onActivePhoneSwitch: applied: false, shouldApply: false
08-09 17:06:27.049 D/DDS-TelephonyNetworkFactory[1]( 2286): onActivePhoneSwitch: applied: false, shouldApply: false
08-09 17:06:27.049 D/DDS-TelephonyNetworkFactory[1]( 2286): onActivePhoneSwitch: applied: false, shouldApply: false
08-09 17:06:27.049 D/DDS-TelephonyNetworkFactory[1]( 2286): onActivePhoneSwitch: applied: false, shouldApply: false
08-09 17:06:27.049 D/RILJ ( 2286): [0176]< SIM_IO IccIoResult xx xx [PHONE0]
08-09 17:06:27.049 D/DDS-TelephonyNetworkFactory[1]( 2286): onActivePhoneSwitch: applied: false, shouldApply: false
08-09 17:06:27.049 D/DDS-TelephonyNetworkFactory[1]( 2286): onActivePhoneSwitch: applied: false, shouldApply: false
08-09 17:06:27.049 D/DDS-TelephonyNetworkFactory[1]( 2286): onActivePhoneSwitch: applied: false, shouldApply: false
08-09 17:06:27.049 D/DDS-TelephonyNetworkFactory[1]( 2286): onActivePhoneSwitch: applied: false, shouldApply: false
08-09 17:06:27.049 D/DDS-TelephonyNetworkFactory[1]( 2286): onActivePhoneSwitch: applied: false, shouldApply: false
08-09 17:06:27.049 D/DDS-TelephonyNetworkFactory[1]( 2286): onActivePhoneSwitch: applied: false, shouldApply: false
08-09 17:06:27.049 D/DDS-TelephonyNetworkFactory[1]( 2286): onActivePhoneSwitch: applied: false, shouldApply: false
08-09 17:06:27.049 D/DDS-TelephonyNetworkFactory[1]( 2286): onActivePhoneSwitch: applied: false, shouldApply: false
08-09 17:06:27.049 D/DDS-TelephonyNetworkFactory[1]( 2286): onActivePhoneSwitch: applied: false, shouldApply: false
08-09 17:06:27.049 D/DDS-TelephonyNetworkFactory[1]( 2286): onActivePhoneSwitch: applied: false, shouldApply: false
08-09 17:06:27.049 D/DDS-TelephonyNetworkFactory[1]( 2286): onActivePhoneSwitch: applied: false, shouldApply: false
08-09 17:06:27.049 E/SIMRecords( 2286): [SIMRecords-0] EVENT_GET_IMSI_DONE
08-09 17:06:27.049 D/SIMRecords( 2286): [SIMRecords-0] IMSI: mMncLength=-1
08-09 17:06:27.049 D/SIMRecords( 2286): [SIMRecords-0] IMSI: 405874[****]
08-09 17:06:27.049 D/SIMRecords( 2286): [SIMRecords-0] onRecordLoaded 23 requested: true
08-09 17:06:27.050 D/RILJ ( 2286): [0200]> iccIO: SIM_IO [PHONE0]
08-09 17:06:27.051 D/RILJ ( 2286): [0201]> iccIO: SIM_IO [PHONE0]
08-09 17:06:27.052 D/RILJ ( 2286): [0202]> iccIO: SIM_IO [PHONE0]
08-09 17:06:27.053 D/RILJ ( 2286): [0201]< SIM_IO IccIoResult xx xx [PHONE0]
08-09 17:06:27.054 D/RILJ ( 2286): [0203]> iccIO: SIM_IO [PHONE0]
08-09 17:06:27.055 D/RILJ ( 2286): [0204]> iccIO: SIM_IO [PHONE0]
08-09 17:06:27.057 D/RILJ ( 2286): [0205]> iccIO: SIM_IO [PHONE0]
08-09 17:06:27.059 D/RILJ ( 2286): [0206]> iccIO: SIM_IO [PHONE0]
08-09 17:06:27.060 D/RILJ ( 2286): [0207]> iccIO: SIM_IO [PHONE0]
08-09 17:06:27.060 D/RILJ ( 2286): [0202]< SIM_IO IccIoResult xx xx [PHONE0]
08-09 17:06:27.061 D/RILJ ( 2286): [0208]> iccIO: SIM_IO [PHONE0]
08-09 17:06:27.061 D/SIMRecords( 2286): [SIMRecords-0] [handleMessage] EVENT_GET_OEM_OPL_DONE
08-09 17:06:27.061 D/SIMRecords( 2286): [SIMRecords-0] [handleOemOPL]
08-09 17:06:27.061 D/SIMRecords( 2286): [SIMRecords-0] [handleOemOPL] count=22, length=8
08-09 17:06:27.061 D/SIMRecords( 2286): [SIMRecords-0] [inputOPL] EF_OPL contains Data(Not Null)
08-09 17:06:27.061 D/RILJ ( 2286): [0203]< SIM_IO IccIoResult xx xx [PHONE0]
08-09 17:06:27.061 I/IccUtils( 2286): [MccMncConvert] Convert Result :405857
08-09 17:06:27.061 D/SIMRecords( 2286): [SIMRecords-0] [inputOPL]Load OPL_MCCMNC[0]=405857, OPL_LAC1[0]=0, OPL_LAC2[0]=65534, OPL_INDEX[0]=1
08-09 17:06:27.061 D/SIMRecords( 2286): [SIMRecords-0] [inputOPL] EF_OPL contains Data(Not Null)
08-09 17:06:27.061 I/IccUtils( 2286): [MccMncConvert] Convert Result :405874
08-09 17:06:27.061 D/SIMRecords( 2286): [SIMRecords-0] [inputOPL]Load OPL_MCCMNC[1]=405874, OPL_LAC1[1]=0, OPL_LAC2[1]=65534, OPL_INDEX[1]=1
08-09 17:06:27.061 D/SIMRecords( 2286): [SIMRecords-0] [inputOPL] EF_OPL contains Data(Not Null)
08-09 17:06:27.061 I/IccUtils( 2286): [MccMncConvert] Convert Result :405840
08-09 17:06:27.061 D/SIMRecords( 2286): [SIMRecords-0] [inputOPL]Load OPL_MCCMNC[2]=405840, OPL_LAC1[2]=0, OPL_LAC2[2]=65534, OPL_INDEX[2]=1
08-09 17:06:27.061 D/SIMRecords( 2286): [SIMRecords-0] [inputOPL] EF_OPL contains Data(Not Null)
08-09 17:06:27.061 I/IccUtils( 2286): [MccMncConvert] Convert Result :405854
08-09 17:06:27.061 D/SIMRecords( 2286): [SIMRecords-0] [inputOPL]Load OPL_MCCMNC[3]=405854, OPL_LAC1[3]=0, OPL_LAC2[3]=65534, OPL_INDEX[3]=1
08-09 17:06:27.061 D/SIMRecords( 2286): [SIMRecords-0] [inputOPL] EF_OPL contains Data(Not Null)
08-09 17:06:27.061 I/IccUtils( 2286): [MccMncConvert] Convert Result :405855
08-09 17:06:27.061 D/SIMRecords( 2286): [SIMRecords-0] [inputOPL]Load OPL_MCCMNC[4]=405855, OPL_LAC1[4]=0, OPL_LAC2[4]=65534, OPL_INDEX[4]=1
08-09 17:06:27.061 D/SIMRecords( 2286): [SIMRecords-0] [inputOPL] EF_OPL contains Data(Not Null)
08-09 17:06:27.061 I/IccUtils( 2286): [MccMncConvert] Convert Result :405856
08-09 17:06:27.061 D/SIMRecords( 2286): [SIMRecords-0] [inputOPL]Load OPL_MCCMNC[5]=405856, OPL_LAC1[5]=0, OPL_LAC2[5]=65534, OPL_INDEX[5]=1
08-09 17:06:27.061 D/SIMRecords( 2286): [SIMRecords-0] [inputOPL] EF_OPL contains Data(Not Null)
08-09 17:06:27.061 I/IccUtils( 2286): [MccMncConvert] Convert Result :405858
08-09 17:06:27.061 D/SIMRecords( 2286): [SIMRecords-0] [inputOPL]Load OPL_MCCMNC[6]=405858, OPL_LAC1[6]=0, OPL_LAC2[6]=65534, OPL_INDEX[6]=1
08-09 17:06:27.061 D/SIMRecords( 2286): [SIMRecords-0] [inputOPL] EF_OPL contains Data(Not Null)
08-09 17:06:27.061 I/IccUtils( 2286): [MccMncConvert] Convert Result :405859
08-09 17:06:27.061 D/SIMRecords( 2286): [SIMRecords-0] [inputOPL]Load OPL_MCCMNC[7]=405859, OPL_LAC1[7]=0, OPL_LAC2[7]=65534, OPL_INDEX[7]=1
08-09 17:06:27.061 D/SIMRecords( 2286): [SIMRecords-0] [inputOPL] EF_OPL contains Data(Not Null)
08-09 17:06:27.061 I/IccUtils( 2286): [MccMncConvert] Convert Result :405860
08-09 17:06:27.061 D/SIMRecords( 2286): [SIMRecords-0] [inputOPL]Load OPL_MCCMNC[8]=405860, OPL_LAC1[8]=0, OPL_LAC2[8]=65534, OPL_INDEX[8]=1
08-09 17:06:27.061 D/SIMRecords( 2286): [SIMRecords-0] [inputOPL] EF_OPL contains Data(Not Null)
08-09 17:06:27.061 I/IccUtils( 2286): [MccMncConvert] Convert Result :405861
08-09 17:06:27.061 D/SIMRecords( 2286): [SIMRecords-0] [inputOPL]Load OPL_MCCMNC[9]=405861, OPL_LAC1[9]=0, OPL_LAC2[9]=65534, OPL_INDEX[9]=1
08-09 17:06:27.061 D/SIMRecords( 2286): [SIMRecords-0] [inputOPL] EF_OPL contains Data(Not Null)
08-09 17:06:27.061 I/IccUtils( 2286): [MccMncConvert] Convert Result :405862
08-09 17:06:27.061 D/RILJ ( 2286): [0204]< SIM_IO IccIoResult xx xx [PHONE0]
08-09 17:06:27.061 D/SIMRecords( 2286): [SIMRecords-0] [inputOPL]Load OPL_MCCMNC[10]=405862, OPL_LAC1[10]=0, OPL_LAC2[10]=65534, OPL_INDEX[10]=1
08-09 17:06:27.061 D/SIMRecords( 2286): [SIMRecords-0] [inputOPL] EF_OPL contains Data(Not Null)
08-09 17:06:27.061 I/IccUtils( 2286): [MccMncConvert] Convert Result :405863
08-09 17:06:27.062 D/SIMRecords( 2286): [SIMRecords-0] [inputOPL]Load OPL_MCCMNC[11]=405863, OPL_LAC1[11]=0, OPL_LAC2[11]=65534, OPL_INDEX[11]=1
08-09 17:06:27.062 D/SIMRecords( 2286): [SIMRecords-0] [inputOPL] EF_OPL contains Data(Not Null)
08-09 17:06:27.062 I/IccUtils( 2286): [MccMncConvert] Convert Result :405864
08-09 17:06:27.062 D/SIMRecords( 2286): [SIMRecords-0] [inputOPL]Load OPL_MCCMNC[12]=405864, OPL_LAC1[12]=0, OPL_LAC2[12]=65534, OPL_INDEX[12]=1
08-09 17:06:27.062 D/SIMRecords( 2286): [SIMRecords-0] [inputOPL] EF_OPL contains Data(Not Null)
08-09 17:06:27.062 I/IccUtils( 2286): [MccMncConvert] Convert Result :405865
08-09 17:06:27.062 D/SIMRecords( 2286): [SIMRecords-0] [inputOPL]Load OPL_MCCMNC[13]=405865, OPL_LAC1[13]=0, OPL_LAC2[13]=65534, OPL_INDEX[13]=1
08-09 17:06:27.062 D/SIMRecords( 2286): [SIMRecords-0] [inputOPL] EF_OPL contains Data(Not Null)
08-09 17:06:27.062 I/IccUtils( 2286): [MccMncConvert] Convert Result :405866
08-09 17:06:27.062 D/SIMRecords( 2286): [SIMRecords-0] [inputOPL]Load OPL_MCCMNC[14]=405866, OPL_LAC1[14]=0, OPL_LAC2[14]=65534, OPL_INDEX[14]=1
08-09 17:06:27.062 D/SIMRecords( 2286): [SIMRecords-0] [inputOPL] EF_OPL contains Data(Not Null)
08-09 17:06:27.062 I/IccUtils( 2286): [MccMncConvert] Convert Result :405867
08-09 17:06:27.062 D/RILJ ( 2286): [0205]< SIM_IO IccIoResult xx xx [PHONE0]
08-09 17:06:27.062 D/SIMRecords( 2286): [SIMRecords-0] [inputOPL]Load OPL_MCCMNC[15]=405867, OPL_LAC1[15]=0, OPL_LAC2[15]=65534, OPL_INDEX[15]=1
08-09 17:06:27.062 D/SIMRecords( 2286): [SIMRecords-0] [inputOPL] EF_OPL contains Data(Not Null)
08-09 17:06:27.062 I/IccUtils( 2286): [MccMncConvert] Convert Result :405868
08-09 17:06:27.062 D/SIMRecords( 2286): [SIMRecords-0] [inputOPL]Load OPL_MCCMNC[16]=405868, OPL_LAC1[16]=0, OPL_LAC2[16]=65534, OPL_INDEX[16]=1
08-09 17:06:27.062 D/SIMRecords( 2286): [SIMRecords-0] [inputOPL] EF_OPL contains Data(Not Null)
08-09 17:06:27.062 I/IccUtils( 2286): [MccMncConvert] Convert Result :405869
08-09 17:06:27.062 D/SIMRecords( 2286): [SIMRecords-0] [inputOPL]Load OPL_MCCMNC[17]=405869, OPL_LAC1[17]=0, OPL_LAC2[17]=65534, OPL_INDEX[17]=1
08-09 17:06:27.062 D/SIMRecords( 2286): [SIMRecords-0] [inputOPL] EF_OPL contains Data(Not Null)
08-09 17:06:27.062 I/IccUtils( 2286): [MccMncConvert] Convert Result :405870
08-09 17:06:27.062 D/RILJ ( 2286): [0206]< SIM_IO IccIoResult xx xx [PHONE0]
08-09 17:06:27.062 D/SIMRecords( 2286): [SIMRecords-0] [inputOPL]Load OPL_MCCMNC[18]=405870, OPL_LAC1[18]=0, OPL_LAC2[18]=65534, OPL_INDEX[18]=1
08-09 17:06:27.062 D/SIMRecords( 2286): [SIMRecords-0] [inputOPL] EF_OPL contains Data(Not Null)
08-09 17:06:27.062 I/IccUtils( 2286): [MccMncConvert] Convert Result :405871
08-09 17:06:27.062 D/SIMRecords( 2286): [SIMRecords-0] [inputOPL]Load OPL_MCCMNC[19]=405871, OPL_LAC1[19]=0, OPL_LAC2[19]=65534, OPL_INDEX[19]=1
08-09 17:06:27.062 D/SIMRecords( 2286): [SIMRecords-0] [inputOPL] EF_OPL contains Data(Not Null)
08-09 17:06:27.062 I/IccUtils( 2286): [MccMncConvert] Convert Result :405872
08-09 17:06:27.062 D/SIMRecords( 2286): [SIMRecords-0] [inputOPL]Load OPL_MCCMNC[20]=405872, OPL_LAC1[20]=0, OPL_LAC2[20]=65534, OPL_INDEX[20]=1
08-09 17:06:27.062 D/SIMRecords( 2286): [SIMRecords-0] [inputOPL] EF_OPL contains Data(Not Null)
08-09 17:06:27.062 I/IccUtils( 2286): [MccMncConvert] Convert Result :405873
08-09 17:06:27.062 D/SIMRecords( 2286): [SIMRecords-0] [inputOPL]Load OPL_MCCMNC[21]=405873, OPL_LAC1[21]=0, OPL_LAC2[21]=65534, OPL_INDEX[21]=1
08-09 17:06:27.062 D/SIMRecords( 2286): [SIMRecords-0] onRecordLoaded 22 requested: true
08-09 17:06:27.062 D/RILJ ( 2286): [0207]< SIM_IO IccIoResult xx xx [PHONE0]
08-09 17:06:27.062 D/RILJ ( 2286): [0208]< SIM_IO IccIoResult xx xx [PHONE0]
08-09 17:06:27.063 D/RILJ ( 2286): [0209]> iccIO: SIM_IO [PHONE0]
08-09 17:06:27.064 I/notification_cancel( 1319): [10039,2306,com.android.systemui,2131233921,noti_DoNotDisturb,-1,0,1088,8,NULL]
08-09 17:06:27.064 D/RILJ ( 2286): [0210]> iccIO: SIM_IO [PHONE0]
08-09 17:06:27.065 I/notification_cancel( 1319): [10039,2306,com.android.systemui,2131233921,noti_DoNotDisturb,-1,0,1088,8,NULL]
08-09 17:06:27.071 D/RILJ ( 2286): [0211]> iccIO: SIM_IO [PHONE0]
08-09 17:06:27.071 D/RILJ ( 2286): [0209]< SIM_IO IccIoResult xx xx [PHONE0]
08-09 17:06:27.072 D/RILJ ( 2286): [0210]< SIM_IO IccIoResult xx xx [PHONE0]
08-09 17:06:27.074 D/RILJ ( 2286): [0211]< SIM_IO IccIoResult xx xx [PHONE0]
08-09 17:06:27.074 D/RILJ ( 2286): [0212]> iccIO: SIM_IO [PHONE0]
08-09 17:06:27.074 D/SST ( 2286): [0] SubscriptionListener.onSubscriptionInfoChanged
08-09 17:06:27.074 D/SST ( 2286): [0] onSubscriptionInfoChanged - curSubId: 4, mSubId: -1, mLastChangedSubId: -1
08-09 17:06:27.074 I/GsmCdmaPhone( 2286): [0] [voicemail] mSimRecordsLoadedForVm = false, mSubsReadyForVm = true
08-09 17:06:27.074 D/DefaultPhoneNotifier( 2286): notifyPhoneState - state: 0, phoneId: 0, subId: 4
08-09 17:06:27.077 D/RILJ ( 2286): [0212]< SIM_IO IccIoResult xx xx [PHONE0]
08-09 17:06:27.078 D/DefaultPhoneNotifier( 2286): notifyServiceStateForSubId: mRegistryMgr=android.telephony.TelephonyRegistryManager@fd9bebe ss={mVoiceRegState=1(OUT_OF_SERVICE), mDataRegState=1(OUT_OF_SERVICE), mChannelNumber=-1, duplexMode()=0, mCellBandwidths=[], mOperatorAlphaLong=null, mOperatorAlphaShort=null, isManualNetworkSelection=false(automatic), getRilVoiceRadioTechnology=0(Unknown), getRilDataRadioTechnology=0(Unknown), mCssIndicator=unsupported, mNetworkId=*1, mSystemId=*1, mCdmaRoamingIndicator=-1, mCdmaDefaultRoamingIndicator=-1, VoiceRegType=0, Snap=0, MobileData=OUT_OF_SERVICE, MobileDataRoamingType=home, MobileDataRat=Unknown, PsOnly=false, FemtocellInd=0, SprDisplayRoam=false, OptRadioTech=0, MsimSubmode=0, mIsEmergencyOnly=false, isUsingCarrierAggregation=false, mArfcnRsrpBoost=0, mNetworkRegistrationInfos=[NetworkRegistrationInfo{ domain=CS transportType=WWAN registrationState=UNKNOWN roamingType=NOT_ROAMING accessNetworkTechnology=UNKNOWN rejectCause=0 emergencyEnabled=false availableServices=[] cellIdentity=null voiceSpecificInfo=null dataSpecificInfo=null nrState=**** rRplmn= isUsingCarrierAggregation=false}, NetworkRegistrationInfo{ domain=PS transportType=WWAN registrationState=UNKNOWN roamingType=NOT_ROAMING accessNetworkTechnology=UNKNOWN rejectCause=0 emergencyEnabled=false availableServices=[] cellIdentity=null voiceSpecificInfo=null dataSpecificInfo=null nrState=**** rRplmn= isUsingCarrierAggregation=false}], mNrFrequencyRange=0, mOperatorAlphaLongRaw=null, mOperatorAlphaShortRaw=null, mIsDataRoamingFromRegistration=false, mIsIwlanPreferred=false} sender=Handler (com.android.internal.telephony.SemGsmCdmaPhone) {ad4027c} phondId=0 subId=4
08-09 17:06:27.079 D/RILJ ( 2286): [0199]< SIM_IO IccIoResult xx xx [PHONE0]
08-09 17:06:27.091 E/Phone ( 2286): [0] Usage Setting is Supported but Preferred Setting Unknown!
08-09 17:06:27.094 D/SST ( 2286): [0] getCarrierNameDisplayBitmask - SHOW_PLMN (No ServiceProviderName)
08-09 17:06:27.094 D/SST ( 2286): [0] getStringForRejectCause - isEmergencyOnly: false, isRadioOn: true, mSS.getState: 1, RejectCode: 0, plmn: No service
08-09 17:06:27.094 D/SST ( 2286): [0] updateSpnDisplay: radio is on but out of service, set plmn='No service'
08-09 17:06:27.094 D/SST ( 2286): [0] updateSpnDisplay: rawSpn = , wfcVoiceSpnFormat = null, wfcDataSpnFormat = null
08-09 17:06:27.095 W/TelephonyRegistry( 1319): Pid 2286 has exceeded half the number of permissible registered listeners. Now at 31
08-09 17:06:27.097 D/SemCarrierIdentifier( 2286): (0) SubscriptionListener.onSubscriptionInfoChanged subId from: -1 to: 4
08-09 17:06:27.097 D/DataEnabledSettings( 2286): [0]onSubscriptionsChanged subId: -1 to: 4
08-09 17:06:27.098 D/RILJ ( 2286): [0200]< SIM_IO IccIoResult xx xx [PHONE0]
08-09 17:06:27.099 I/power_partial_wake_state( 1319): [CHG,470,*telephony-radio*:com.android.phone]
08-09 17:06:27.100 I/power_partial_wake_state( 1319): [REL,1,*telephony-radio*:com.android.phone]
08-09 17:06:27.103 W/TelephonyRegistry( 1319): Pid 2286 has exceeded half the number of permissible registered listeners. Now at 32
08-09 17:06:27.111 D/SST-SEM ( 2286): [0] onSubscriptionInfoChanged - subId: 4
08-09 17:06:27.111 D/SST-SEM ( 2286): [0] checkAndNotifyRilConnected - Online booting. Notify RIL and Telephony are READY
08-09 17:06:27.114 I/power_partial_wake_state( 1319): [CHG,1,*telephony-sem-radio*:com.android.phone]
08-09 17:06:27.114 D/SEM_RILJ( 2286): [0213]> OEM_HOOK_RAW[0B18000500] [PHONE0]
08-09 17:06:27.115 D/SST-SEM ( 2286): [0] notifyRilConnected: 1691580987111
08-09 17:06:27.115 D/SST ( 2286): [1] SubscriptionListener.onSubscriptionInfoChanged
08-09 17:06:27.115 D/SST-SEM ( 2286): [1] onSubscriptionInfoChanged - subId: -1
08-09 17:06:27.115 D/ImsStateCallbackController( 2286): [0, MMTEL] setSubId changed subId=4
08-09 17:06:27.115 D/ImsProvisioningController( 2286): MmTelFeatureListener[1] subId is not changed
08-09 17:06:27.115 D/ImsProvisioningController( 2286): RcsFeatureListener[1] subId is not changed
08-09 17:06:27.115 D/ImsStateCallbackController( 2286): [0, RCS] setSubId changed subId=4
08-09 17:06:27.115 D/ImsProvisioningController( 2286): ProvisioningCallbackManager[0] ProvisioningCallbackManager clear
08-09 17:06:27.115 D/ImsProvisioningController( 2286): ProvisioningCallbackManager[1] subId is not changed
08-09 17:06:27.116 W/TelephonyRegistry( 1319): Pid 2286 has exceeded half the number of permissible registered listeners. Now at 33
08-09 17:06:27.117 D/SEM_RILJ( 2286): [UNSL]< UNSOL_OEM_EXECUTE [PHONE0]
08-09 17:06:27.117 D/SEM_RILJ( 2286): execute cmd0: AM cmd1: broadcast -a com.sec.intent.action.SARDEVICE_CP -f 268435456 --es cmd on --es device 1 --es option NONE --ei slot 0 [PHONE0]
08-09 17:06:27.118 D/GsmCdmaPhone( 2286): [0] fail to get full ICCID from IccRecords, try to get ICCID from UiccPort
08-09 17:06:27.119 D/SEM_RILJ( 2286): [0213]< OEM_HOOK_RAW [B@5ef08ca [PHONE0]
08-09 17:06:27.120 I/power_partial_wake_state( 1319): [CHG,6,*telephony-sem-radio*:com.android.phone]
08-09 17:06:27.120 I/power_partial_wake_state( 1319): [REL,0,*telephony-sem-radio*:com.android.phone]
08-09 17:06:27.121 D/GsmCdmaPhone( 2286): [0] fail to get full ICCID from IccRecords, try to get ICCID from UiccPort
08-09 17:06:27.130 I/commit_sys_config_file( 1319): [settings-0-0,6]
08-09 17:06:27.131 D/Phone ( 2286): getImsRegistrationTechnology =-1
08-09 17:06:27.176 I/power_partial_wake_state( 1319): [REL,132,prevent full-screen wakelock in EnqueueNotificationRunnable:android]
08-09 17:06:27.177 I/notification_enqueue( 1319): [10039,2306,com.android.systemui,2131428972,charging_state,-1,Notification(channel=CHR shortcut=null contentView=null vibrate=null sound=null defaults=0x0 flags=0xa color=0xff5075a1 category=sys groupKey=CHARGING vis=PUBLIC semFlags=0x0 semPriority=0 semMissedCount=0),0,NULL]
08-09 17:06:27.178 I/notification_cancel( 1319): [10039,2306,com.android.systemui,2131428972,battery_swelling,-1,0,1088,8,NULL]
08-09 17:06:27.182 D/ImsManagerIM [0]( 2286): ImsService not up yet - timeout waiting for connection.
08-09 17:06:27.192 D/SubscriptionController( 2286): [phoneAccountIsRegistered]
08-09 17:06:27.192 D/SubscriptionController( 2286): [phoneAccountIsRegistered] subId: 4, defaultVoiceSubId: 4
08-09 17:06:27.192 D/SubscriptionController( 2286): [setDefaultPhoneAccount] subId: 4, current phoneAccountHandle=ComponentInfo{com.android.phone/com.android.services.telephony.TelephonyConnectionService}, 4, UserHandle{0}
08-09 17:06:27.192 D/SubscriptionController( 2286): [setDefaultPhoneAccount] default phoneAccountHandle not changed.
08-09 17:06:27.199 I/notification_cancel( 1319): [1002,2609,com.android.bluetooth,-1000004,NULL,0,0,1088,8,NULL]
08-09 17:06:27.222 I/notification_cancel( 1319): [10039,2306,com.android.systemui,4660,Flashlight,-1,0,1088,8,NULL]
08-09 17:06:27.244 D/ImsManagerIM [0]( 2286): ImsService not up yet - timeout waiting for connection.
08-09 17:06:27.251 I/sysui_multi_action( 1319): [757,1501,758,1,793,251,794,0,795,251,796,1001,806,com.android.systemui,857,fbe_channel_id,858,2,947,0,1500,0]
08-09 17:06:27.251 I/sysui_multi_action( 1319): [757,804,799,note_interruptive,801,0,802,1]
08-09 17:06:27.252 I/power_partial_wake_state( 1319): [CHG,0,*telephony-radio*:com.android.phone]
08-09 17:06:27.254 D/RILJ ( 2286): [0214]> iccIO: SIM_IO [PHONE0]
08-09 17:06:27.254 D/UiccHqmController( 2286): Intent : android.intent.action.SIM_STATE_CHANGED
08-09 17:06:27.254 D/UiccHqmController( 2286): feature : 0
08-09 17:06:27.254 D/SST-SEM ( 2286): [0] onReceive - action: android.intent.action.SIM_STATE_CHANGED
08-09 17:06:27.255 D/SemEmergencyNumberTracker( 2286): [0] ACTION_SIM_STATE_CHANGED - Update EmergencyNumberList when SIM state is changed. phoneId: 0, subId: 4, state: READY, simState: 5
08-09 17:06:27.255 D/SemEmergencyNumberTracker( 2286): [0] updateEmergencyNumberListVendorDatabaseAndNotify
08-09 17:06:27.255 D/SemEmergencyNumberTracker( 2286): [0] cacheVendorEmergencyDatabase - withSim: true, operator: , simOperator:
08-09 17:06:27.255 D/SemEmergencyNumberTracker( 2286): [0] cacheVendorEmergencyDatabase - ecclistFromDatabase: 112,911
08-09 17:06:27.256 I/notification_cancel( 1319): [1002,2609,com.android.bluetooth,-1000007,NULL,0,0,1088,8,NULL]
08-09 17:06:27.257 D/EmergencyNumberTracker( 2286): found sim in slotId: 0 subid: 4
08-09 17:06:27.257 E/EmergencyNumberTracker( 2286): getEmergencyNumberListFromEccListDatabaseAndTest: radio indication is unavailable in 1.4 HAL.
08-09 17:06:27.258 D/EmergencyNumberTracker( 2286): found sim in slotId: 0 subid: 4
08-09 17:06:27.258 E/EmergencyNumberTracker( 2286): getEmergencyNumberListFromEccListDatabaseAndTest: radio indication is unavailable in 1.4 HAL.
08-09 17:06:27.258 D/RILJ ( 2286): [0214]< SIM_IO IccIoResult xx xx [PHONE0]
08-09 17:06:27.258 I/power_partial_wake_state( 1319): [CHG,6,*telephony-radio*:com.android.phone]
08-09 17:06:27.258 I/notification_cancel( 1319): [1002,2609,com.android.bluetooth,-1000005,NULL,0,0,1088,8,NULL]
08-09 17:06:27.258 I/power_partial_wake_state( 1319): [REL,1,*telephony-radio*:com.android.phone]
08-09 17:06:27.258 D/SemEmergencyNumberTracker( 2286): [0] notifyEmergencyNumberList(): notified. VDB: 2, DB: 0, RADIO: 0, HIGH: 0, ALL: 112/0(oD), 911/0(oD)
08-09 17:06:27.259 D/SST-SEM ( 2286): [1] onReceive - action: android.intent.action.SIM_STATE_CHANGED
08-09 17:06:27.261 D/DCT-C-0 ( 2286): Intent.getAction() : android.telephony.action.SIM_CARD_STATE_CHANGED
08-09 17:06:27.261 D/DCT-C-1 ( 2286): Intent.getAction() : android.telephony.action.SIM_CARD_STATE_CHANGED
08-09 17:06:27.261 I/GsmCdmaPhone( 2286): [0] processIccRecordEvents: EVENT_CFI
08-09 17:06:27.261 D/Phone ( 2286): getCallForwardingIndicatorFromSharedPref: for subId 4= 0. serviceClass: 0x1
08-09 17:06:27.261 D/DefaultPhoneNotifier( 2286): notifyCallForwardingChanged: subId=4, isCFActive=false
08-09 17:06:27.261 D/Phone ( 2286): getCallForwardingIndicatorFromSharedPref: for subId 4= 0. serviceClass: 0x1
08-09 17:06:27.262 I/notification_cancel( 1319): [1002,2609,com.android.bluetooth,-1000008,NULL,0,0,1088,8,NULL]
08-09 17:06:27.266 D/SST ( 2286): [0] pollState: modemTriggered=false, radioState=1
08-09 17:06:27.266 I/notification_cancel( 1319): [1002,2609,com.android.bluetooth,-1000006,NULL,0,0,1088,8,NULL]
08-09 17:06:27.268 I/power_partial_wake_state( 1319): [CHG,1,*telephony-radio*:com.android.phone]
08-09 17:06:27.269 D/RILJ ( 2286): [0215]> OPERATOR [PHONE0]
08-09 17:06:27.270 D/RILJ ( 2286): [0216]> QUERY_NETWORK_SELECTION_MODE [PHONE0]
08-09 17:06:27.270 D/RILJ ( 2286): [0215]< OPERATOR [PHONE0]
08-09 17:06:27.270 D/RILJ ( 2286): [0218]> iccIO: SIM_IO [PHONE0]
08-09 17:06:27.272 D/RILJ ( 2286): [0217]> DATA_REGISTRATION_STATE [PHONE0]
08-09 17:06:27.272 D/RILJ ( 2286): getDataRegistrationState: overrideHalVersion=null [PHONE0]
08-09 17:06:27.273 D/RILJ ( 2286): [0219]> iccIO: SIM_IO [PHONE0]
08-09 17:06:27.273 D/SST ( 2286): [0] SubscriptionListener.onSubscriptionInfoChanged
08-09 17:06:27.273 D/SST-SEM ( 2286): [0] onSubscriptionInfoChanged - subId: 4
08-09 17:06:27.273 D/GsmCdmaPhone( 2286): [0] fail to get full ICCID from IccRecords, try to get ICCID from UiccPort
08-09 17:06:27.273 D/ImsProvisioningController( 2286): MmTelFeatureListener[0] subId is not changed
08-09 17:06:27.273 D/ImsProvisioningController( 2286): MmTelFeatureListener[1] subId is not changed
08-09 17:06:27.273 D/ImsProvisioningController( 2286): RcsFeatureListener[0] subId is not changed
08-09 17:06:27.273 D/ImsProvisioningController( 2286): RcsFeatureListener[1] subId is not changed
08-09 17:06:27.273 D/ImsProvisioningController( 2286): ProvisioningCallbackManager[0] subId is not changed
08-09 17:06:27.273 D/ImsProvisioningController( 2286): ProvisioningCallbackManager[1] subId is not changed
08-09 17:06:27.274 D/RILJ ( 2286): [0216]< QUERY_NETWORK_SELECTION_MODE {0} [PHONE0]
08-09 17:06:27.274 D/RILJ ( 2286): [0218]< SIM_IO IccIoResult xx xx [PHONE0]
08-09 17:06:27.274 E/RILD ( 1413): HalIoChannel::Write: mSehChannelImpl->mSehChannelCallback == null [epdgd]
08-09 17:06:27.274 E/RILD ( 1413): IO channel write error.
08-09 17:06:27.274 E/RILD ( 1413): DataNetRegStateHandler - Can't read ePDG state
08-09 17:06:27.274 E/RILD ( 1413): DataNetRegStateHandler - Delete message
08-09 17:06:27.275 D/RILJ ( 2286): [0220]> VOICE_REGISTRATION_STATE [PHONE0]
08-09 17:06:27.275 D/RILJ ( 2286): getVoiceRegistrationState: overrideHalVersion=null [PHONE0]
08-09 17:06:27.275 E/RILD ( 1413): Serving cell rsrp: -797. rsrq: -150. rssi: -507. srxlev: 0. signal Strength: 31
08-09 17:06:27.276 D/SST ( 2286): [1] SubscriptionListener.onSubscriptionInfoChanged
08-09 17:06:27.276 D/SST-SEM ( 2286): [1] onSubscriptionInfoChanged - subId: -1
08-09 17:06:27.276 D/RILJ ( 2286): [0219]< SIM_IO IccIoResult xx xx [PHONE0]
08-09 17:06:27.277 D/RILJ ( 2286): [0221]> iccIO: SIM_IO [PHONE0]
08-09 17:06:27.277 D/RILJ ( 2286): [0217]< DATA_REGISTRATION_STATE {.regState = REG_HOME, .rat = LTE, .reasonForDenial = NONE, .cellIdentity = {.lte = {.base = {.base = {.mcc = 405, .mnc = 874, .ci = , .pci = , .tac = , .earfcn = 2525}, .operatorNames = {.alphaLong = JIO 4G, .alphaShort = JIO 4G}, .bandwidth = -1}, .additionalPlmns = [], .optionalCsgInfo = {.noinit = {}}, .bands = [5]}}, .registeredPlmn = 405874, .accessTechnologySpecificInfo = {.eutranInfo = {.lteVopsInfo = {.isVopsSupported = true, .isEmcBearerSupported = true}, .nrIndicators = {.isEndcAvailable = false, .isDcNrRestricted = false, .isNrAvailable = false}}}} [PHONE0]
08-09 17:06:27.277 D/MultiSimSettingController( 2286): onAllSubscriptionsLoaded: mSubInfoInitialized=false
08-09 17:06:27.277 D/NRM-C-0 ( 2286): onRequestNetworkRegistrationInfoComplete result: 0, info: NetworkRegistrationInfo{ domain=PS transportType=WWAN registrationState=HOME roamingType=NOT_ROAMING accessNetworkTechnology=LTE rejectCause=0 emergencyEnabled=false availableServices=[DATA] cellIdentity=CellIdentityLte:{ mCi=7***33 mPci=275 mTac=*3 mEarfcn=2525 mBands=[5] mBandwidth=2147483647 mMcc=405 mMnc=874 mAlphaLong=JIO 4G mAlphaShort=JIO 4G mAdditionalPlmns={} mCsgInfo=null} voiceSpecificInfo=null dataSpecificInfo=android.telephony.DataSpecificRegistrationInfo :{ maxDataCalls = 16 isDcNrRestricted = false isNrAvailable = false isEnDcAvailable = false LteVopsSupportInfo : mVopsSupport = 2 mEmcBearerSupport = 2 } nrState=**** rRplmn=405874 isUsingCarrierAggregation=false}
08-09 17:06:27.277 D/MultiSimSettingController( 2286): Carrier config subId 4 is not loaded.
08-09 17:06:27.278 E/RILD ( 1413): Serving cell rsrp: -797. rsrq: -150. rssi: -507. srxlev: 0. signal Strength: 31
08-09 17:06:27.278 D/MultiSimSettingController( 2286): isReadyToReevaluate: subInfoInitialized=true, carrierConfigsLoaded=false
08-09 17:06:27.278 D/MultiSimSettingController( 2286): updateDefaults
08-09 17:06:27.278 D/MultiSimSettingController( 2286): Carrier config subId 4 is not loaded.
08-09 17:06:27.278 D/MultiSimSettingController( 2286): isReadyToReevaluate: subInfoInitialized=true, carrierConfigsLoaded=false
08-09 17:06:27.279 D/MultiSimSettingController( 2286): [updateDefaults]: type_to_set_preferred_slot :0
08-09 17:06:27.279 D/SEM_RILJ( 2286): [UNSL]< UNSOL_EXTENDED_REGISTRATION_STATE {.isValid = true, .snapshotStatus = 0, .unprocessedDataRegState = REG_HOME, .unprocessedDataRat = 14, .mobileOptionalRat = 0, .imsEmergencyCallBarring = 2, .unprocessedVoiceRegState = REG_HOME, .isPsOnlyReg = false} [PHONE0]
08-09 17:06:27.280 D/NRM-C-0 ( 2286): onRequestNetworkRegistrationInfoComplete result: 0, info: NetworkRegistrationInfo{ domain=CS transportType=WWAN registrationState=HOME roamingType=NOT_ROAMING accessNetworkTechnology=LTE rejectCause=0 emergencyEnabled=false availableServices=[VOICE,SMS,VIDEO] cellIdentity=CellIdentityLte:{ mCi=7***33 mPci=275 mTac=*3 mEarfcn=2525 mBands=[5] mBandwidth=2147483647 mMcc=405 mMnc=874 mAlphaLong=JIO 4G mAlphaShort=JIO 4G mAdditionalPlmns={} mCsgInfo=null} voiceSpecificInfo=VoiceSpecificRegistrationInfo { mCssSupported=false mRoamingIndicator=0 mSystemIsInPrl=0 mDefaultRoamingIndicator=0} dataSpecificInfo=null nrState=**** rRplmn=405874 isUsingCarrierAggregation=false}
08-09 17:06:27.280 D/RILJ ( 2286): [0220]< VOICE_REGISTRATION_STATE {.regState = REG_HOME, .rat = LTE, .reasonForDenial = NONE, .cellIdentity = {.lte = {.base = {.base = {.mcc = 405, .mnc = 874, .ci = , .pci = , .tac = , .earfcn = 2525}, .operatorNames = {.alphaLong = JIO 4G, .alphaShort = JIO 4G}, .bandwidth = -1}, .additionalPlmns = [], .optionalCsgInfo = {.noinit = {}}, .bands = [5]}}, .registeredPlmn = 405874, .accessTechnologySpecificInfo = {.cdmaInfo = {.cssSupported = false, .roamingIndicator = 0, .systemIsInPrl = NOT_IN_PRL, .defaultRoamingIndicator = 0}}} [PHONE0]
08-09 17:06:27.281 D/MultiSimSettingController( 2286): [updateDefaultValues] change: 6
08-09 17:06:27.281 D/MultiSimSettingController( 2286): [updateDefaultValues] to only primary sub 4
08-09 17:06:27.281 D/SubscriptionController( 2286): [setDefaultDataSubId] called by com.android.internal.telephony.MultiSimSettingController
